+ COMMAND=start + start + for KEYSTONE_WSGI_SCRIPT in keystone-wsgi-public ++ type -p keystone-wsgi-public + cp -a /var/lib/openstack/bin/keystone-wsgi-public /var/www/cgi-bin/keystone/ + '[' -f /etc/apache2/envvars ']' + source /etc/apache2/envvars ++ unset HOME ++ '[' '' '!=' '' ']' ++ SUFFIX= ++ export APACHE_RUN_USER=www-data ++ APACHE_RUN_USER=www-data ++ export APACHE_RUN_GROUP=www-data ++ APACHE_RUN_GROUP=www-data ++ export APACHE_PID_FILE=/var/run/apache2/apache2.pid ++ APACHE_PID_FILE=/var/run/apache2/apache2.pid ++ export APACHE_RUN_DIR=/var/run/apache2 ++ APACHE_RUN_DIR=/var/run/apache2 ++ export APACHE_LOCK_DIR=/var/lock/apache2 ++ APACHE_LOCK_DIR=/var/lock/apache2 ++ export APACHE_LOG_DIR=/var/log/apache2 ++ APACHE_LOG_DIR=/var/log/apache2 ++ export LANG=C ++ LANG=C ++ export LANG + '[' -f /var/run/apache2/apache2.pid ']' + exec apache2 -DFOREGROUND AH00558: apache2: Could not reliably determine the server's fully qualified domain name, using 10.0.0.2. Set the 'ServerName' directive globally to suppress this message AH00558: apache2: Could not reliably determine the server's fully qualified domain name, using 10.0.0.2. Set the 'ServerName' directive globally to suppress this message
[Thu Apr 16 16:38:21.039685 2026] [mpm_event:notice] [pid 1:tid 139931557009280] AH00489: Apache/2.4.58 (Ubuntu) mod_wsgi/5.0.0 Python/3.12 configured -- resuming normal operations
[Thu Apr 16 16:38:21.039838 2026] [core:notice] [pid 1:tid 139931557009280] AH00094: Command line: 'apache2 -D FOREGROUND'
[Thu Apr 16 16:39:20.750479 2026] [wsgi:error] [pid 12:tid 139930920236736] /var/lib/openstack/lib/python3.12/site-packages/oslo_utils/importutils.py:77: EventletDeprecationWarning:
[Thu Apr 16 16:39:20.750584 2026] [wsgi:error] [pid 12:tid 139930920236736] Eventlet is deprecated. It is currently being maintained in bugfix mode, and
[Thu Apr 16 16:39:20.750596 2026] [wsgi:error] [pid 12:tid 139930920236736] we strongly recommend against using it for new projects.
[Thu Apr 16 16:39:20.750606 2026] [wsgi:error] [pid 12:tid 139930920236736]
[Thu Apr 16 16:39:20.750621 2026] [wsgi:error] [pid 12:tid 139930920236736] If you are already using Eventlet, we recommend migrating to a different
[Thu Apr 16 16:39:20.750631 2026] [wsgi:error] [pid 12:tid 139930920236736] framework. For more detail see
[Thu Apr 16 16:39:20.750642 2026] [wsgi:error] [pid 12:tid 139930920236736] https://eventlet.readthedocs.io/en/latest/asyncio/migration.html
[Thu Apr 16 16:39:20.750652 2026] [wsgi:error] [pid 12:tid 139930920236736]
[Thu Apr 16 16:39:20.750661 2026] [wsgi:error] [pid 12:tid 139930920236736] __import__(import_str)
[Thu Apr 16 16:39:20.750935 2026] [wsgi:error] [pid 11:tid 139930920236736] /var/lib/openstack/lib/python3.12/site-packages/oslo_utils/importutils.py:77: EventletDeprecationWarning:
[Thu Apr 16 16:39:20.750980 2026] [wsgi:error] [pid 11:tid 139930920236736] Eventlet is deprecated. It is currently being maintained in bugfix mode, and
[Thu Apr 16 16:39:20.750982 2026] [wsgi:error] [pid 11:tid 139930920236736] we strongly recommend against using it for new projects.
[Thu Apr 16 16:39:20.750983 2026] [wsgi:error] [pid 11:tid 139930920236736]
[Thu Apr 16 16:39:20.750984 2026] [wsgi:error] [pid 11:tid 139930920236736] If you are already using Eventlet, we recommend migrating to a different
[Thu Apr 16 16:39:20.750986 2026] [wsgi:error] [pid 11:tid 139930920236736] framework. For more detail see
[Thu Apr 16 16:39:20.750987 2026] [wsgi:error] [pid 11:tid 139930920236736] https://eventlet.readthedocs.io/en/latest/asyncio/migration.html
[Thu Apr 16 16:39:20.750988 2026] [wsgi:error] [pid 11:tid 139930920236736]
[Thu Apr 16 16:39:20.750989 2026] [wsgi:error] [pid 11:tid 139930920236736] __import__(import_str) 10.0.0.179 - - [16/Apr/2026:16:39:19 +0000] "GET /v3/ HTTP/1.1" 200 248 10.0.0.179 - - [16/Apr/2026:16:39:19 +0000] "GET /v3/ HTTP/1.1" 200 248
[Thu Apr 16 16:39:33.580832 2026] [wsgi:error] [pid 9:tid 139930920236736] /var/lib/openstack/lib/python3.12/site-packages/oslo_utils/importutils.py:77: EventletDeprecationWarning:
[Thu Apr 16 16:39:33.580877 2026] [wsgi:error] [pid 9:tid 139930920236736] Eventlet is deprecated. It is currently being maintained in bugfix mode, and
[Thu Apr 16 16:39:33.580879 2026] [wsgi:error] [pid 9:tid 139930920236736] we strongly recommend against using it for new projects.
[Thu Apr 16 16:39:33.580880 2026] [wsgi:error] [pid 9:tid 139930920236736]
[Thu Apr 16 16:39:33.580881 2026] [wsgi:error] [pid 9:tid 139930920236736] If you are already using Eventlet, we recommend migrating to a different
[Thu Apr 16 16:39:33.580883 2026] [wsgi:error] [pid 9:tid 139930920236736] framework. For more detail see
[Thu Apr 16 16:39:33.580884 2026] [wsgi:error] [pid 9:tid 139930920236736] https://eventlet.readthedocs.io/en/latest/asyncio/migration.html
[Thu Apr 16 16:39:33.580885 2026] [wsgi:error] [pid 9:tid 139930920236736]
[Thu Apr 16 16:39:33.580886 2026] [wsgi:error] [pid 9:tid 139930920236736] __import__(import_str) 10.0.0.191 - - [16/Apr/2026:16:39:32 +0000] "GET / HTTP/1.1" 300 295
[Thu Apr 16 16:39:38.808111 2026] [wsgi:error] [pid 10:tid 139930920236736] /var/lib/openstack/lib/python3.12/site-packages/oslo_utils/importutils.py:77: EventletDeprecationWarning:
[Thu Apr 16 16:39:38.808152 2026] [wsgi:error] [pid 10:tid 139930920236736] Eventlet is deprecated. It is currently being maintained in bugfix mode, and
[Thu Apr 16 16:39:38.808155 2026] [wsgi:error] [pid 10:tid 139930920236736] we strongly recommend against using it for new projects.
[Thu Apr 16 16:39:38.808156 2026] [wsgi:error] [pid 10:tid 139930920236736]
[Thu Apr 16 16:39:38.808157 2026] [wsgi:error] [pid 10:tid 139930920236736] If you are already using Eventlet, we recommend migrating to a different
[Thu Apr 16 16:39:38.808158 2026] [wsgi:error] [pid 10:tid 139930920236736] framework. For more detail see
[Thu Apr 16 16:39:38.808159 2026] [wsgi:error] [pid 10:tid 139930920236736] https://eventlet.readthedocs.io/en/latest/asyncio/migration.html
[Thu Apr 16 16:39:38.808160 2026] [wsgi:error] [pid 10:tid 139930920236736]
[Thu Apr 16 16:39:38.808161 2026] [wsgi:error] [pid 10:tid 139930920236736] __import__(import_str)
[Thu Apr 16 16:39:43.307459 2026] [wsgi:error] [pid 10:tid 139930920236736] [remote 10.0.0.191:49606] 2026-04-16 16:39:43.305 10 WARNING keystone.identity.core [None req-b51ac0c7-5086-4634-a3b4-77b972843b3d - - - - - -] Invalid domain name (atmosphere) found in config file name: keystone.exception.DomainNotFound: Could not find domain: atmosphere.
[Thu Apr 16 16:39:43.354190 2026] [wsgi:error] [pid 10:tid 139930920236736] [remote 10.0.0.191:49606] 2026-04-16 16:39:43.353 10 WARNING keystone.common.password_hashing [None req-b51ac0c7-5086-4634-a3b4-77b972843b3d - - - - - -] Truncating password to algorithm specific maximum length 72 characters.
[Thu Apr 16 16:39:43.633632 2026] [wsgi:error] [pid 10:tid 139930920236736] [remote 10.0.0.191:49606] 2026-04-16 16:39:43.633 10 WARNING keystone.common.fernet_utils [None req-b51ac0c7-5086-4634-a3b4-77b972843b3d - - - - - -] key_repository is world readable: /etc/keystone/fernet-keys/ 10.0.0.191 - - [16/Apr/2026:16:39:37 +0000] "POST /v3/auth/tokens HTTP/1.1" 201 1359
[Thu Apr 16 16:39:43.953682 2026] [wsgi:error] [pid 12:tid 139930920236736] [remote 10.0.0.191:49606] 2026-04-16 16:39:43.950 12 WARNING keystone.identity.core [None req-0b2bb287-bda1-41ac-8d22-8f802ca75b08 - - - - - -] Invalid domain name (atmosphere) found in config file name: keystone.exception.DomainNotFound: Could not find domain: atmosphere. 10.0.0.191 - - [16/Apr/2026:16:39:43 +0000] "POST /v3/domains HTTP/1.1" 201 261 10.0.0.125 - - [16/Apr/2026:16:39:55 +0000] "GET / HTTP/1.1" 300 295
[Thu Apr 16 16:39:55.349657 2026] [wsgi:error] [pid 9:tid 139930920236736] [remote 10.0.0.125:39138] 2026-04-16 16:39:55.348 9 WARNING keystone.common.password_hashing [None req-7dc20e5f-0a6c-4719-842a-6503981fb225 - - - - - -] Truncating password to algorithm specific maximum length 72 characters.
[Thu Apr 16 16:39:55.630334 2026] [wsgi:error] [pid 9:tid 139930920236736] [remote 10.0.0.125:39138] 2026-04-16 16:39:55.629 9 WARNING keystone.common.fernet_utils [None req-7dc20e5f-0a6c-4719-842a-6503981fb225 - - - - - -] key_repository is world readable: /etc/keystone/fernet-keys/ 10.0.0.125 - - [16/Apr/2026:16:39:55 +0000] "POST /v3/auth/tokens HTTP/1.1" 201 1359 10.0.0.125 - - [16/Apr/2026:16:39:55 +0000] "GET /v3/roles/admin HTTP/1.1" 404 83
[Thu Apr 16 16:39:55.850802 2026] [wsgi:error] [pid 12:tid 139930920236736] [remote 10.0.0.125:39138] 2026-04-16 16:39:55.850 12 WARNING keystone.common.rbac_enforcer.enforcer [None req-bc0c4928-b0ad-4bb0-9ad8-9ecde496e401 c0730c16bdd8428bbcd48411d38e1523 785cfdad2c354651aeab166b1a9791e2 - - default default] Deprecated policy rules found. Use oslopolicy-policy-generator and oslopolicy-policy-upgrade to detect and resolve deprecated policies in your configuration. 10.0.0.125 - - [16/Apr/2026:16:39:55 +0000] "GET /v3/roles?name=admin HTTP/1.1" 200 389
[Thu Apr 16 16:39:56.230217 2026] [wsgi:error] [pid 11:tid 139930920236736] [remote 10.0.0.125:39138] 2026-04-16 16:39:56.229 11 WARNING keystone.common.rbac_enforcer.enforcer [None req-ea50881e-d6c8-4ce5-af54-bd07b840aaa1 c0730c16bdd8428bbcd48411d38e1523 785cfdad2c354651aeab166b1a9791e2 - - default default] Deprecated policy rules found. Use oslopolicy-policy-generator and oslopolicy-policy-upgrade to detect and resolve deprecated policies in your configuration. 10.0.0.125 - - [16/Apr/2026:16:39:55 +0000] "GET /v3/users/admin-RegionOne HTTP/1.1" 404 93
[Thu Apr 16 16:39:56.367503 2026] [wsgi:error] [pid 9:tid 139930920236736] [remote 10.0.0.125:39138] 2026-04-16 16:39:56.367 9 WARNING keystone.common.rbac_enforcer.enforcer [None req-3f8c17fb-38d9-48d3-89ce-0f7e05051f13 c0730c16bdd8428bbcd48411d38e1523 785cfdad2c354651aeab166b1a9791e2 - - default default] Deprecated policy rules found. Use oslopolicy-policy-generator and oslopolicy-policy-upgrade to detect and resolve deprecated policies in your configuration. 10.0.0.125 - - [16/Apr/2026:16:39:56 +0000] "GET /v3/users?name=admin-RegionOne HTTP/1.1" 200 422
[Thu Apr 16 16:39:56.548006 2026] [wsgi:error] [pid 10:tid 139930920236736] [remote 10.0.0.125:39138] 2026-04-16 16:39:56.547 10 WARNING keystone.common.rbac_enforcer.enforcer [None req-f030a27a-d975-4a20-9299-a4463698e865 c0730c16bdd8428bbcd48411d38e1523 785cfdad2c354651aeab166b1a9791e2 - - default default] Deprecated policy rules found. Use oslopolicy-policy-generator and oslopolicy-policy-upgrade to detect and resolve deprecated policies in your configuration. 10.0.0.125 - - [16/Apr/2026:16:39:56 +0000] "GET /v3/domains/default HTTP/1.1" 200 224 10.0.0.125 - - [16/Apr/2026:16:39:56 +0000] "PUT /v3/domains/default/users/c0730c16bdd8428bbcd48411d38e1523/roles/ae6ee83cefa84d4fb42f1561d0051d7b HTTP/1.1" 204 - 10.0.0.179 - - [16/Apr/2026:16:40:06 +0000] "GET / HTTP/1.1" 300 280 10.0.0.179 - - [16/Apr/2026:16:40:07 +0000] "GET /v3 HTTP/1.1" 200 265
[Thu Apr 16 16:40:07.920446 2026] [wsgi:error] [pid 10:tid 139930920236736] [remote 10.0.0.179:40042] 2026-04-16 16:40:07.920 10 WARNING keystone.common.password_hashing [None req-7c37f445-c219-461e-b250-c1cfb20e3eae - - - - - -] Truncating password to algorithm specific maximum length 72 characters.
[Thu Apr 16 16:40:08.192889 2026] [wsgi:error] [pid 10:tid 139930920236736] [remote 10.0.0.179:40042] 2026-04-16 16:40:08.192 10 WARNING keystone.common.fernet_utils [None req-7c37f445-c219-461e-b250-c1cfb20e3eae - - - - - -] key_repository is world readable: /etc/keystone/fernet-keys/ 10.0.0.179 - - [16/Apr/2026:16:40:07 +0000] "POST /v3/auth/tokens HTTP/1.1" 201 1359 10.0.0.179 - - [16/Apr/2026:16:40:08 +0000] "GET / HTTP/1.1" 300 280 10.0.0.179 - - [16/Apr/2026:16:40:08 +0000] "GET /v3/domains/atmosphere HTTP/1.1" 404 90 10.0.0.179 - - [16/Apr/2026:16:40:08 +0000] "GET /v3/domains?name=atmosphere HTTP/1.1" 200 368 10.0.0.179 - - [16/Apr/2026:16:40:08 +0000] "GET /v3/domains/40ba0179be954b1495e25fd69fc30505 HTTP/1.1" 200 246 10.0.0.179 - - [16/Apr/2026:16:40:09 +0000] "GET /v3 HTTP/1.1" 200 265
[Thu Apr 16 16:40:09.309615 2026] [wsgi:error] [pid 11:tid 139930920236736] [remote 10.0.0.179:40050] 2026-04-16 16:40:09.309 11 WARNING keystone.common.password_hashing [None req-f7f255c7-f002-484b-8ba2-33b54ecd2d88 - - - - - -] Truncating password to algorithm specific maximum length 72 characters.
[Thu Apr 16 16:40:09.584063 2026] [wsgi:error] [pid 11:tid 139930920236736] [remote 10.0.0.179:40050] 2026-04-16 16:40:09.583 11 WARNING keystone.common.fernet_utils [None req-f7f255c7-f002-484b-8ba2-33b54ecd2d88 - - - - - -] key_repository is world readable: /etc/keystone/fernet-keys/ 10.0.0.179 - - [16/Apr/2026:16:40:09 +0000] "POST /v3/auth/tokens HTTP/1.1" 201 1359 10.0.0.179 - - [16/Apr/2026:16:40:09 +0000] "GET / HTTP/1.1" 300 280 10.0.0.179 - - [16/Apr/2026:16:40:09 +0000] "GET /v3/OS-FEDERATION/identity_providers/atmosphere HTTP/1.1" 404 101 10.0.0.179 - - [16/Apr/2026:16:40:09 +0000] "GET /v3/OS-FEDERATION/identity_providers HTTP/1.1" 200 155 10.0.0.179 - - [16/Apr/2026:16:40:09 +0000] "PUT /v3/OS-FEDERATION/identity_providers/atmosphere HTTP/1.1" 201 340 10.0.0.179 - - [16/Apr/2026:16:40:10 +0000] "GET /v3 HTTP/1.1" 200 265
[Thu Apr 16 16:40:10.386953 2026] [wsgi:error] [pid 10:tid 139930920236736] [remote 10.0.0.179:40050] 2026-04-16 16:40:10.386 10 WARNING keystone.common.password_hashing [None req-74d6ce39-83af-4a3d-9327-21ca7466bdda - - - - - -] Truncating password to algorithm specific maximum length 72 characters.
[Thu Apr 16 16:40:10.653792 2026] [wsgi:error] [pid 10:tid 139930920236736] [remote 10.0.0.179:40050] 2026-04-16 16:40:10.653 10 WARNING keystone.common.fernet_utils [None req-74d6ce39-83af-4a3d-9327-21ca7466bdda - - - - - -] key_repository is world readable: /etc/keystone/fernet-keys/ 10.0.0.179 - - [16/Apr/2026:16:40:10 +0000] "POST /v3/auth/tokens HTTP/1.1" 201 1359 10.0.0.179 - - [16/Apr/2026:16:40:10 +0000] "GET / HTTP/1.1" 300 280 10.0.0.179 - - [16/Apr/2026:16:40:10 +0000] "GET /v3/OS-FEDERATION/mappings/atmosphere-openid HTTP/1.1" 404 98 10.0.0.179 - - [16/Apr/2026:16:40:10 +0000] "GET /v3/OS-FEDERATION/mappings HTTP/1.1" 200 135 10.0.0.179 - - [16/Apr/2026:16:40:10 +0000] "PUT /v3/OS-FEDERATION/mappings/atmosphere-openid HTTP/1.1" 201 356 10.0.0.179 - - [16/Apr/2026:16:40:11 +0000] "GET /v3 HTTP/1.1" 200 265
[Thu Apr 16 16:40:11.450420 2026] [wsgi:error] [pid 11:tid 139930920236736] [remote 10.0.0.179:40042] 2026-04-16 16:40:11.450 11 WARNING keystone.common.password_hashing [None req-eea5b691-5516-41ff-9b7b-91af5a2b70cc - - - - - -] Truncating password to algorithm specific maximum length 72 characters.
[Thu Apr 16 16:40:11.720404 2026] [wsgi:error] [pid 11:tid 139930920236736] [remote 10.0.0.179:40042] 2026-04-16 16:40:11.720 11 WARNING keystone.common.fernet_utils [None req-eea5b691-5516-41ff-9b7b-91af5a2b70cc - - - - - -] key_repository is world readable: /etc/keystone/fernet-keys/ 10.0.0.179 - - [16/Apr/2026:16:40:11 +0000] "POST /v3/auth/tokens HTTP/1.1" 201 1359 10.0.0.179 - - [16/Apr/2026:16:40:11 +0000] "GET / HTTP/1.1" 300 280 10.0.0.179 - - [16/Apr/2026:16:40:11 +0000] "GET /v3/OS-FEDERATION/identity_providers/atmosphere/protocols/openid?idp_id=atmosphere HTTP/1.1" 404 131 10.0.0.179 - - [16/Apr/2026:16:40:11 +0000] "GET /v3/OS-FEDERATION/identity_providers/atmosphere/protocols HTTP/1.1" 200 167 10.0.0.179 - - [16/Apr/2026:16:40:11 +0000] "PUT /v3/OS-FEDERATION/identity_providers/atmosphere/protocols/openid HTTP/1.1" 201 222 10.0.0.179 - - [16/Apr/2026:16:40:19 +0000] "GET /v3/ HTTP/1.1" 200 248 10.0.0.179 - - [16/Apr/2026:16:40:19 +0000] "GET /v3/ HTTP/1.1" 200 248 10.0.0.179 - - [16/Apr/2026:16:41:19 +0000] "GET /v3/ HTTP/1.1" 200 248 10.0.0.179 - - [16/Apr/2026:16:41:19 +0000] "GET /v3/ HTTP/1.1" 200 248 10.0.0.123 - - [16/Apr/2026:16:41:34 +0000] "GET / HTTP/1.1" 300 295
[Thu Apr 16 16:41:34.898428 2026] [wsgi:error] [pid 9:tid 139930920236736] [remote 10.0.0.123:42606] 2026-04-16 16:41:34.898 9 WARNING keystone.common.password_hashing [None req-8cff82b5-f25c-4da7-b39d-85c4e00f09db - - - - - -] Truncating password to algorithm specific maximum length 72 characters.
[Thu Apr 16 16:41:35.172365 2026] [wsgi:error] [pid 9:tid 139930920236736] [remote 10.0.0.123:42606] 2026-04-16 16:41:35.172 9 WARNING keystone.common.fernet_utils [None req-8cff82b5-f25c-4da7-b39d-85c4e00f09db - - - - - -] key_repository is world readable: /etc/keystone/fernet-keys/ 10.0.0.123 - - [16/Apr/2026:16:41:34 +0000] "POST /v3/auth/tokens HTTP/1.1" 201 1359 10.0.0.123 - - [16/Apr/2026:16:41:35 +0000] "GET /v3/services HTTP/1.1" 200 355 10.0.0.123 - - [16/Apr/2026:16:41:38 +0000] "GET / HTTP/1.1" 300 295
[Thu Apr 16 16:41:38.621057 2026] [wsgi:error] [pid 10:tid 139930920236736] [remote 10.0.0.123:42618] 2026-04-16 16:41:38.620 10 WARNING keystone.common.password_hashing [None req-44b27f34-f33c-4b8c-a519-97364db13884 - - - - - -] Truncating password to algorithm specific maximum length 72 characters.
[Thu Apr 16 16:41:38.890949 2026] [wsgi:error] [pid 10:tid 139930920236736] [remote 10.0.0.123:42618] 2026-04-16 16:41:38.890 10 WARNING keystone.common.fernet_utils [None req-44b27f34-f33c-4b8c-a519-97364db13884 - - - - - -] key_repository is world readable: /etc/keystone/fernet-keys/ 10.0.0.123 - - [16/Apr/2026:16:41:38 +0000] "POST /v3/auth/tokens HTTP/1.1" 201 1359 10.0.0.123 - - [16/Apr/2026:16:41:38 +0000] "GET /v3/services HTTP/1.1" 200 355 10.0.0.123 - - [16/Apr/2026:16:41:42 +0000] "GET / HTTP/1.1" 300 295
[Thu Apr 16 16:41:42.353379 2026] [wsgi:error] [pid 11:tid 139930920236736] [remote 10.0.0.123:42632] 2026-04-16 16:41:42.353 11 WARNING keystone.common.password_hashing [None req-81d6587e-c359-44ee-b762-ceae3fc022ff - - - - - -] Truncating password to algorithm specific maximum length 72 characters.
[Thu Apr 16 16:41:42.624103 2026] [wsgi:error] [pid 11:tid 139930920236736] [remote 10.0.0.123:42632] 2026-04-16 16:41:42.623 11 WARNING keystone.common.fernet_utils [None req-81d6587e-c359-44ee-b762-ceae3fc022ff - - - - - -] key_repository is world readable: /etc/keystone/fernet-keys/ 10.0.0.123 - - [16/Apr/2026:16:41:42 +0000] "POST /v3/auth/tokens HTTP/1.1" 201 1359 10.0.0.123 - - [16/Apr/2026:16:41:42 +0000] "GET /v3/services HTTP/1.1" 200 355 10.0.0.123 - - [16/Apr/2026:16:41:46 +0000] "GET / HTTP/1.1" 300 295
[Thu Apr 16 16:41:46.040539 2026] [wsgi:error] [pid 12:tid 139930920236736] [remote 10.0.0.123:53482] 2026-04-16 16:41:46.039 12 WARNING keystone.common.password_hashing [None req-c1b5b4c4-86c6-4aca-b5a8-bf93d8c81e32 - - - - - -] Truncating password to algorithm specific maximum length 72 characters.
[Thu Apr 16 16:41:46.315335 2026] [wsgi:error] [pid 12:tid 139930920236736] [remote 10.0.0.123:53482] 2026-04-16 16:41:46.315 12 WARNING keystone.common.fernet_utils [None req-c1b5b4c4-86c6-4aca-b5a8-bf93d8c81e32 - - - - - -] key_repository is world readable: /etc/keystone/fernet-keys/ 10.0.0.123 - - [16/Apr/2026:16:41:46 +0000] "POST /v3/auth/tokens HTTP/1.1" 201 1359 10.0.0.123 - - [16/Apr/2026:16:41:46 +0000] "POST /v3/services HTTP/1.1" 201 296 10.0.0.207 - - [16/Apr/2026:16:41:57 +0000] "GET / HTTP/1.1" 300 295 10.0.0.207 - - [16/Apr/2026:16:41:57 +0000] "GET / HTTP/1.1" 300 295
[Thu Apr 16 16:41:57.118366 2026] [wsgi:error] [pid 9:tid 139930920236736] [remote 10.0.0.207:50522] 2026-04-16 16:41:57.118 9 WARNING keystone.common.password_hashing [None req-ff5a7e5a-8c50-4567-be8f-913b1af75444 - - - - - -] Truncating password to algorithm specific maximum length 72 characters.
[Thu Apr 16 16:41:57.127556 2026] [wsgi:error] [pid 11:tid 139930920236736] [remote 10.0.0.207:50528] 2026-04-16 16:41:57.127 11 WARNING keystone.common.password_hashing [None req-eb79c087-e932-4ed9-adab-197ee6e961cc - - - - - -] Truncating password to algorithm specific maximum length 72 characters. 10.0.0.207 - - [16/Apr/2026:16:41:57 +0000] "GET / HTTP/1.1" 300 295
[Thu Apr 16 16:41:57.317980 2026] [wsgi:error] [pid 12:tid 139930920236736] [remote 10.0.0.207:50536] 2026-04-16 16:41:57.317 12 WARNING keystone.common.password_hashing [None req-c2d2d377-6c93-4d9f-ab81-f9d103ab9b80 - - - - - -] Truncating password to algorithm specific maximum length 72 characters.
[Thu Apr 16 16:41:57.387781 2026] [wsgi:error] [pid 9:tid 139930920236736] [remote 10.0.0.207:50522] 2026-04-16 16:41:57.387 9 WARNING keystone.common.fernet_utils [None req-ff5a7e5a-8c50-4567-be8f-913b1af75444 - - - - - -] key_repository is world readable: /etc/keystone/fernet-keys/ 10.0.0.207 - - [16/Apr/2026:16:41:57 +0000] "POST /v3/auth/tokens HTTP/1.1" 201 1463
[Thu Apr 16 16:41:57.414963 2026] [wsgi:error] [pid 11:tid 139930920236736] [remote 10.0.0.207:50528] 2026-04-16 16:41:57.414 11 WARNING keystone.common.fernet_utils [None req-eb79c087-e932-4ed9-adab-197ee6e961cc - - - - - -] key_repository is world readable: /etc/keystone/fernet-keys/ 10.0.0.207 - - [16/Apr/2026:16:41:57 +0000] "POST /v3/auth/tokens HTTP/1.1" 201 1463 10.0.0.207 - - [16/Apr/2026:16:41:57 +0000] "GET /v3/services HTTP/1.1" 200 639 10.0.0.207 - - [16/Apr/2026:16:41:57 +0000] "GET /v3/services HTTP/1.1" 200 639
[Thu Apr 16 16:41:57.597233 2026] [wsgi:error] [pid 12:tid 139930920236736] [remote 10.0.0.207:50536] 2026-04-16 16:41:57.597 12 WARNING keystone.common.fernet_utils [None req-c2d2d377-6c93-4d9f-ab81-f9d103ab9b80 - - - - - -] key_repository is world readable: /etc/keystone/fernet-keys/ 10.0.0.207 - - [16/Apr/2026:16:41:57 +0000] "POST /v3/auth/tokens HTTP/1.1" 201 1463 10.0.0.207 - - [16/Apr/2026:16:41:57 +0000] "GET /v3/services HTTP/1.1" 200 639 10.0.0.207 - - [16/Apr/2026:16:41:58 +0000] "GET / HTTP/1.1" 300 295
[Thu Apr 16 16:41:58.875525 2026] [wsgi:error] [pid 9:tid 139930920236736] [remote 10.0.0.207:50548] 2026-04-16 16:41:58.875 9 WARNING keystone.common.password_hashing [None req-c411404d-c66b-4940-ade3-6a72bbeb1cc1 - - - - - -] Truncating password to algorithm specific maximum length 72 characters. 10.0.0.207 - - [16/Apr/2026:16:41:58 +0000] "GET / HTTP/1.1" 300 295
[Thu Apr 16 16:41:58.902952 2026] [wsgi:error] [pid 11:tid 139930920236736] [remote 10.0.0.207:50556] 2026-04-16 16:41:58.902 11 WARNING keystone.common.password_hashing [None req-5b46dfd8-db75-4bf5-98a8-f4541cb4f7cd - - - - - -] Truncating password to algorithm specific maximum length 72 characters. 10.0.0.207 - - [16/Apr/2026:16:41:59 +0000] "GET / HTTP/1.1" 300 295
[Thu Apr 16 16:41:59.142422 2026] [wsgi:error] [pid 12:tid 139930920236736] [remote 10.0.0.207:50568] 2026-04-16 16:41:59.142 12 WARNING keystone.common.password_hashing [None req-56454585-7509-4d8d-b2d2-117e1da3b3c8 - - - - - -] Truncating password to algorithm specific maximum length 72 characters.
[Thu Apr 16 16:41:59.157944 2026] [wsgi:error] [pid 9:tid 139930920236736] [remote 10.0.0.207:50548] 2026-04-16 16:41:59.157 9 WARNING keystone.common.fernet_utils [None req-c411404d-c66b-4940-ade3-6a72bbeb1cc1 - - - - - -] key_repository is world readable: /etc/keystone/fernet-keys/ 10.0.0.207 - - [16/Apr/2026:16:41:58 +0000] "POST /v3/auth/tokens HTTP/1.1" 201 1463
[Thu Apr 16 16:41:59.201122 2026] [wsgi:error] [pid 11:tid 139930920236736] [remote 10.0.0.207:50556] 2026-04-16 16:41:59.200 11 WARNING keystone.common.fernet_utils [None req-5b46dfd8-db75-4bf5-98a8-f4541cb4f7cd - - - - - -] key_repository is world readable: /etc/keystone/fernet-keys/ 10.0.0.207 - - [16/Apr/2026:16:41:58 +0000] "POST /v3/auth/tokens HTTP/1.1" 201 1463 10.0.0.207 - - [16/Apr/2026:16:41:59 +0000] "GET /v3/endpoints HTTP/1.1" 200 1226 10.0.0.207 - - [16/Apr/2026:16:41:59 +0000] "GET /v3/services/74a0b1507f7940eda819ffad3c76f7b3 HTTP/1.1" 200 233 10.0.0.207 - - [16/Apr/2026:16:41:59 +0000] "GET /v3/services/74a0b1507f7940eda819ffad3c76f7b3 HTTP/1.1" 200 233 10.0.0.207 - - [16/Apr/2026:16:41:59 +0000] "GET /v3/services/74a0b1507f7940eda819ffad3c76f7b3 HTTP/1.1" 200 233 10.0.0.207 - - [16/Apr/2026:16:41:59 +0000] "GET /v3/endpoints HTTP/1.1" 200 1226 10.0.0.207 - - [16/Apr/2026:16:41:59 +0000] "GET /v3/services/74a0b1507f7940eda819ffad3c76f7b3 HTTP/1.1" 200 233 10.0.0.207 - - [16/Apr/2026:16:41:59 +0000] "GET /v3/services/74a0b1507f7940eda819ffad3c76f7b3 HTTP/1.1" 200 233 10.0.0.207 - - [16/Apr/2026:16:41:59 +0000] "GET /v3/services/74a0b1507f7940eda819ffad3c76f7b3 HTTP/1.1" 200 233
[Thu Apr 16 16:41:59.421387 2026] [wsgi:error] [pid 12:tid 139930920236736] [remote 10.0.0.207:50568] 2026-04-16 16:41:59.421 12 WARNING keystone.common.fernet_utils [None req-56454585-7509-4d8d-b2d2-117e1da3b3c8 - - - - - -] key_repository is world readable: /etc/keystone/fernet-keys/ 10.0.0.207 - - [16/Apr/2026:16:41:59 +0000] "POST /v3/auth/tokens HTTP/1.1" 201 1463 10.0.0.207 - - [16/Apr/2026:16:41:59 +0000] "GET /v3/endpoints HTTP/1.1" 200 1226 10.0.0.207 - - [16/Apr/2026:16:41:59 +0000] "GET /v3/services/74a0b1507f7940eda819ffad3c76f7b3 HTTP/1.1" 200 233 10.0.0.207 - - [16/Apr/2026:16:41:59 +0000] "GET /v3/services/74a0b1507f7940eda819ffad3c76f7b3 HTTP/1.1" 200 233 10.0.0.207 - - [16/Apr/2026:16:41:59 +0000] "GET /v3/services/74a0b1507f7940eda819ffad3c76f7b3 HTTP/1.1" 200 233 10.0.0.207 - - [16/Apr/2026:16:42:00 +0000] "GET / HTTP/1.1" 300 295
[Thu Apr 16 16:42:00.646651 2026] [wsgi:error] [pid 10:tid 139930920236736] [remote 10.0.0.207:50570] 2026-04-16 16:42:00.646 10 WARNING keystone.common.password_hashing [None req-8c86978c-e857-4967-a14e-5ed0f8e9e3e5 - - - - - -] Truncating password to algorithm specific maximum length 72 characters. 10.0.0.207 - - [16/Apr/2026:16:42:00 +0000] "GET / HTTP/1.1" 300 295
[Thu Apr 16 16:42:00.682064 2026] [wsgi:error] [pid 12:tid 139930920236736] [remote 10.0.0.207:50574] 2026-04-16 16:42:00.681 12 WARNING keystone.common.password_hashing [None req-f4e86191-92bc-4da9-b4f7-e99256ade30b - - - - - -] Truncating password to algorithm specific maximum length 72 characters. 10.0.0.207 - - [16/Apr/2026:16:42:00 +0000] "GET / HTTP/1.1" 300 295
[Thu Apr 16 16:42:00.890065 2026] [wsgi:error] [pid 9:tid 139930920236736] [remote 10.0.0.207:50584] 2026-04-16 16:42:00.889 9 WARNING keystone.common.password_hashing [None req-56b3aa7d-4736-4136-97ed-7c0c85e13315 - - - - - -] Truncating password to algorithm specific maximum length 72 characters.
[Thu Apr 16 16:42:00.918704 2026] [wsgi:error] [pid 10:tid 139930920236736] [remote 10.0.0.207:50570] 2026-04-16 16:42:00.918 10 WARNING keystone.common.fernet_utils [None req-8c86978c-e857-4967-a14e-5ed0f8e9e3e5 - - - - - -] key_repository is world readable: /etc/keystone/fernet-keys/ 10.0.0.207 - - [16/Apr/2026:16:42:00 +0000] "POST /v3/auth/tokens HTTP/1.1" 201 1463
[Thu Apr 16 16:42:00.986625 2026] [wsgi:error] [pid 12:tid 139930920236736] [remote 10.0.0.207:50574] 2026-04-16 16:42:00.986 12 WARNING keystone.common.fernet_utils [None req-f4e86191-92bc-4da9-b4f7-e99256ade30b - - - - - -] key_repository is world readable: /etc/keystone/fernet-keys/ 10.0.0.207 - - [16/Apr/2026:16:42:00 +0000] "POST /v3/auth/tokens HTTP/1.1" 201 1463 10.0.0.207 - - [16/Apr/2026:16:42:01 +0000] "GET /v3/services/284b928674b847ca8bfbc88a019b1aaf HTTP/1.1" 200 296 10.0.0.207 - - [16/Apr/2026:16:42:01 +0000] "GET /v3/regions/RegionOne HTTP/1.1" 200 173 10.0.0.207 - - [16/Apr/2026:16:42:01 +0000] "GET /v3/services/284b928674b847ca8bfbc88a019b1aaf HTTP/1.1" 200 296 10.0.0.207 - - [16/Apr/2026:16:42:01 +0000] "POST /v3/endpoints HTTP/1.1" 201 383 10.0.0.207 - - [16/Apr/2026:16:42:01 +0000] "GET /v3/regions/RegionOne HTTP/1.1" 200 173
[Thu Apr 16 16:42:01.165794 2026] [wsgi:error] [pid 9:tid 139930920236736] [remote 10.0.0.207:50584] 2026-04-16 16:42:01.165 9 WARNING keystone.common.fernet_utils [None req-56b3aa7d-4736-4136-97ed-7c0c85e13315 - - - - - -] key_repository is world readable: /etc/keystone/fernet-keys/ 10.0.0.207 - - [16/Apr/2026:16:42:01 +0000] "POST /v3/endpoints HTTP/1.1" 201 380 10.0.0.207 - - [16/Apr/2026:16:42:00 +0000] "POST /v3/auth/tokens HTTP/1.1" 201 1822 10.0.0.207 - - [16/Apr/2026:16:42:01 +0000] "GET /v3/services/284b928674b847ca8bfbc88a019b1aaf HTTP/1.1" 200 296 10.0.0.207 - - [16/Apr/2026:16:42:01 +0000] "GET /v3/regions/RegionOne HTTP/1.1" 200 173 10.0.0.207 - - [16/Apr/2026:16:42:01 +0000] "POST /v3/endpoints HTTP/1.1" 201 369 10.0.0.207 - - [16/Apr/2026:16:42:02 +0000] "GET / HTTP/1.1" 300 295
[Thu Apr 16 16:42:02.435671 2026] [wsgi:error] [pid 12:tid 139930920236736] [remote 10.0.0.207:50592] 2026-04-16 16:42:02.435 12 WARNING keystone.common.password_hashing [None req-8aceea0b-e38d-4d12-b28c-ec2545607e5b - - - - - -] Truncating password to algorithm specific maximum length 72 characters. 10.0.0.207 - - [16/Apr/2026:16:42:02 +0000] "GET / HTTP/1.1" 300 295
[Thu Apr 16 16:42:02.466580 2026] [wsgi:error] [pid 11:tid 139930920236736] [remote 10.0.0.207:50598] 2026-04-16 16:42:02.466 11 WARNING keystone.common.password_hashing [None req-2375f20c-1e99-4768-b8f9-d2d4afbd3ffb - - - - - -] Truncating password to algorithm specific maximum length 72 characters. 10.0.0.207 - - [16/Apr/2026:16:42:02 +0000] "GET / HTTP/1.1" 300 295
[Thu Apr 16 16:42:02.631136 2026] [wsgi:error] [pid 10:tid 139930920236736] [remote 10.0.0.207:58506] 2026-04-16 16:42:02.630 10 WARNING keystone.common.password_hashing [None req-18ae389f-8061-4f73-a0b5-f414ea5834b8 - - - - - -] Truncating password to algorithm specific maximum length 72 characters.
[Thu Apr 16 16:42:02.710514 2026] [wsgi:error] [pid 12:tid 139930920236736] [remote 10.0.0.207:50592] 2026-04-16 16:42:02.710 12 WARNING keystone.common.fernet_utils [None req-8aceea0b-e38d-4d12-b28c-ec2545607e5b - - - - - -] key_repository is world readable: /etc/keystone/fernet-keys/ 10.0.0.207 - - [16/Apr/2026:16:42:02 +0000] "POST /v3/auth/tokens HTTP/1.1" 201 1990
[Thu Apr 16 16:42:02.758787 2026] [wsgi:error] [pid 11:tid 139930920236736] [remote 10.0.0.207:50598] 2026-04-16 16:42:02.758 11 WARNING keystone.common.fernet_utils [None req-2375f20c-1e99-4768-b8f9-d2d4afbd3ffb - - - - - -] key_repository is world readable: /etc/keystone/fernet-keys/ 10.0.0.207 - - [16/Apr/2026:16:42:02 +0000] "POST /v3/auth/tokens HTTP/1.1" 201 1990 10.0.0.207 - - [16/Apr/2026:16:42:02 +0000] "GET /v3/endpoints/e2680108e7244355967b020f723ae68f HTTP/1.1" 200 383 10.0.0.207 - - [16/Apr/2026:16:42:02 +0000] "GET /v3/services/284b928674b847ca8bfbc88a019b1aaf HTTP/1.1" 200 296 10.0.0.207 - - [16/Apr/2026:16:42:02 +0000] "GET /v3/endpoints/ef3178f061e44b1e97934a47f71d70c3 HTTP/1.1" 200 380
[Thu Apr 16 16:42:02.901215 2026] [wsgi:error] [pid 10:tid 139930920236736] [remote 10.0.0.207:58506] 2026-04-16 16:42:02.901 10 WARNING keystone.common.fernet_utils [None req-18ae389f-8061-4f73-a0b5-f414ea5834b8 - - - - - -] key_repository is world readable: /etc/keystone/fernet-keys/ 10.0.0.207 - - [16/Apr/2026:16:42:02 +0000] "POST /v3/auth/tokens HTTP/1.1" 201 1990 10.0.0.207 - - [16/Apr/2026:16:42:02 +0000] "GET /v3/services/284b928674b847ca8bfbc88a019b1aaf HTTP/1.1" 200 296 10.0.0.207 - - [16/Apr/2026:16:42:03 +0000] "GET /v3/endpoints/0c5c75d433cc4c5aae16bf52059220dd HTTP/1.1" 200 369 10.0.0.207 - - [16/Apr/2026:16:42:03 +0000] "GET /v3/services/284b928674b847ca8bfbc88a019b1aaf HTTP/1.1" 200 296 10.0.0.218 - - [16/Apr/2026:16:42:13 +0000] "GET / HTTP/1.1" 300 295
[Thu Apr 16 16:42:13.260081 2026] [wsgi:error] [pid 9:tid 139930920236736] [remote 10.0.0.218:37182] 2026-04-16 16:42:13.259 9 WARNING keystone.common.password_hashing [None req-13fe69b4-e0ff-430c-8f0d-87947bdf4ce7 - - - - - -] Truncating password to algorithm specific maximum length 72 characters.
[Thu Apr 16 16:42:13.547259 2026] [wsgi:error] [pid 9:tid 139930920236736] [remote 10.0.0.218:37182] 2026-04-16 16:42:13.547 9 WARNING keystone.common.fernet_utils [None req-13fe69b4-e0ff-430c-8f0d-87947bdf4ce7 - - - - - -] key_repository is world readable: /etc/keystone/fernet-keys/ 10.0.0.218 - - [16/Apr/2026:16:42:13 +0000] "POST /v3/auth/tokens HTTP/1.1" 201 1990 10.0.0.218 - - [16/Apr/2026:16:42:13 +0000] "POST /v3/domains HTTP/1.1" 201 284 10.0.0.218 - - [16/Apr/2026:16:42:14 +0000] "GET / HTTP/1.1" 300 295
[Thu Apr 16 16:42:14.994599 2026] [wsgi:error] [pid 10:tid 139930920236736] [remote 10.0.0.218:37190] 2026-04-16 16:42:14.994 10 WARNING keystone.common.password_hashing [None req-25f61287-b21f-40c2-9ff4-4dcb324f39e2 - - - - - -] Truncating password to algorithm specific maximum length 72 characters.
[Thu Apr 16 16:42:15.285440 2026] [wsgi:error] [pid 10:tid 139930920236736] [remote 10.0.0.218:37190] 2026-04-16 16:42:15.285 10 WARNING keystone.common.fernet_utils [None req-25f61287-b21f-40c2-9ff4-4dcb324f39e2 - - - - - -] key_repository is world readable: /etc/keystone/fernet-keys/ 10.0.0.218 - - [16/Apr/2026:16:42:14 +0000] "POST /v3/auth/tokens HTTP/1.1" 201 1990
[Thu Apr 16 16:42:15.467556 2026] [wsgi:error] [pid 9:tid 139930920236736] [remote 10.0.0.218:37190] 2026-04-16 16:42:15.453 9 ERROR keystone.server.flask.application [None req-3a14c3e9-d899-49b5-b3ab-58fc8462af17 c0730c16bdd8428bbcd48411d38e1523 785cfdad2c354651aeab166b1a9791e2 - - default default] Conflict occurred attempting to store project - it is not permitted to have two projects acting as domains with the same name: service.: keystone.exception.Conflict: Conflict occurred attempting to store project - it is not permitted to have two projects acting as domains with the same name: service.
[Thu Apr 16 16:42:15.467581 2026] [wsgi:error] [pid 9:tid 139930920236736] [remote 10.0.0.218:37190] 2026-04-16 16:42:15.453 9 ERROR keystone.server.flask.application
Traceback (most recent call last):
[Thu Apr 16 16:42:15.467583 2026] [wsgi:error] [pid 9:tid 139930920236736] [remote 10.0.0.218:37190] 2026-04-16 16:42:15.453 9 ERROR keystone.server.flask.application
File "/var/lib/openstack/lib/python3.12/site-packages/sqlalchemy/engine/base.py", line 1967, in _exec_single_context
[Thu Apr 16 16:42:15.467585 2026] [wsgi:error] [pid 9:tid 139930920236736] [remote 10.0.0.218:37190] 2026-04-16 16:42:15.453 9 ERROR keystone.server.flask.application self.dialect.do_execute(
[Thu Apr 16 16:42:15.467587 2026] [wsgi:error] [pid 9:tid 139930920236736] [remote 10.0.0.218:37190] 2026-04-16 16:42:15.453 9 ERROR keystone.server.flask.application
File "/var/lib/openstack/lib/python3.12/site-packages/sqlalchemy/engine/default.py", line 952, in do_execute
[Thu Apr 16 16:42:15.467588 2026] [wsgi:error] [pid 9:tid 139930920236736] [remote 10.0.0.218:37190] 2026-04-16 16:42:15.453 9 ERROR keystone.server.flask.application cursor.execute(statement, parameters)
[Thu Apr 16 16:42:15.467590 2026] [wsgi:error] [pid 9:tid 139930920236736] [remote 10.0.0.218:37190] 2026-04-16 16:42:15.453 9 ERROR keystone.server.flask.application
File "/var/lib/openstack/lib/python3.12/site-packages/pymysql/cursors.py", line 153, in execute
[Thu Apr 16 16:42:15.467591 2026] [wsgi:error] [pid 9:tid 139930920236736] [remote 10.0.0.218:37190] 2026-04-16 16:42:15.453 9 ERROR keystone.server.flask.application result = self._query(query)
[Thu Apr 16 16:42:15.467593 2026] [wsgi:error] [pid 9:tid 139930920236736] [remote 10.0.0.218:37190] 2026-04-16 16:42:15.453 9 ERROR keystone.server.flask.application ^^^^^^^^^^^^^^^^^^
[Thu Apr 16 16:42:15.467594 2026] [wsgi:error] [pid 9:tid 139930920236736] [remote 10.0.0.218:37190] 2026-04-16 16:42:15.453 9 ERROR keystone.server.flask.application
File "/var/lib/openstack/lib/python3.12/site-packages/pymysql/cursors.py", line 322, in _query
[Thu Apr 16 16:42:15.467596 2026] [wsgi:error] [pid 9:tid 139930920236736] [remote 10.0.0.218:37190] 2026-04-16 16:42:15.453 9 ERROR keystone.server.flask.application conn.query(q)
[Thu Apr 16 16:42:15.467597 2026] [wsgi:error] [pid 9:tid 139930920236736] [remote 10.0.0.218:37190] 2026-04-16 16:42:15.453 9 ERROR keystone.server.flask.application
File "/var/lib/openstack/lib/python3.12/site-packages/pymysql/connections.py", line 575, in query
[Thu Apr 16 16:42:15.467599 2026] [wsgi:error] [pid 9:tid 139930920236736] [remote 10.0.0.218:37190] 2026-04-16 16:42:15.453 9 ERROR keystone.server.flask.application self._affected_rows = self._read_query_result(unbuffered=unbuffered)
[Thu Apr 16 16:42:15.467600 2026] [wsgi:error] [pid 9:tid 139930920236736] [remote 10.0.0.218:37190] 2026-04-16 16:42:15.453 9 ERROR keystone.server.flask.application ^^^^^^^^^^^^^^^^^^^^^^^^^^^^^^^^^^^^^^^^^^^^^^
[Thu Apr 16 16:42:15.467602 2026] [wsgi:error] [pid 9:tid 139930920236736] [remote 10.0.0.218:37190] 2026-04-16 16:42:15.453 9 ERROR keystone.server.flask.application
File "/var/lib/openstack/lib/python3.12/site-packages/pymysql/connections.py", line 826, in _read_query_result
[Thu Apr 16 16:42:15.467603 2026] [wsgi:error] [pid 9:tid 139930920236736] [remote 10.0.0.218:37190] 2026-04-16 16:42:15.453 9 ERROR keystone.server.flask.application result.read()
[Thu Apr 16 16:42:15.467607 2026] [wsgi:error] [pid 9:tid 139930920236736] [remote 10.0.0.218:37190] 2026-04-16 16:42:15.453 9 ERROR keystone.server.flask.application
File "/var/lib/openstack/lib/python3.12/site-packages/pymysql/connections.py", line 1203, in read
[Thu Apr 16 16:42:15.467608 2026] [wsgi:error] [pid 9:tid 139930920236736] [remote 10.0.0.218:37190] 2026-04-16 16:42:15.453 9 ERROR keystone.server.flask.application first_packet = self.connection._read_packet()
[Thu Apr 16 16:42:15.467609 2026] [wsgi:error] [pid 9:tid 139930920236736] [remote 10.0.0.218:37190] 2026-04-16 16:42:15.453 9 ERROR keystone.server.flask.application ^^^^^^^^^^^^^^^^^^^^^^^^^^^^^^
[Thu Apr 16 16:42:15.467611 2026] [wsgi:error] [pid 9:tid 139930920236736] [remote 10.0.0.218:37190] 2026-04-16 16:42:15.453 9 ERROR keystone.server.flask.application
File "/var/lib/openstack/lib/python3.12/site-packages/pymysql/connections.py", line 782, in _read_packet
[Thu Apr 16 16:42:15.467612 2026] [wsgi:error] [pid 9:tid 139930920236736] [remote 10.0.0.218:37190] 2026-04-16 16:42:15.453 9 ERROR keystone.server.flask.application packet.raise_for_error()
[Thu Apr 16 16:42:15.467614 2026] [wsgi:error] [pid 9:tid 139930920236736] [remote 10.0.0.218:37190] 2026-04-16 16:42:15.453 9 ERROR keystone.server.flask.application
File "/var/lib/openstack/lib/python3.12/site-packages/pymysql/protocol.py", line 219, in raise_for_error
[Thu Apr 16 16:42:15.467615 2026] [wsgi:error] [pid 9:tid 139930920236736] [remote 10.0.0.218:37190] 2026-04-16 16:42:15.453 9 ERROR keystone.server.flask.application err.raise_mysql_exception(self._data)
[Thu Apr 16 16:42:15.467617 2026] [wsgi:error] [pid 9:tid 139930920236736] [remote 10.0.0.218:37190] 2026-04-16 16:42:15.453 9 ERROR keystone.server.flask.application
File "/var/lib/openstack/lib/python3.12/site-packages/pymysql/err.py", line 150, in raise_mysql_exception
[Thu Apr 16 16:42:15.467618 2026] [wsgi:error] [pid 9:tid 139930920236736] [remote 10.0.0.218:37190] 2026-04-16 16:42:15.453 9 ERROR keystone.server.flask.application raise errorclass(errno, errval)
[Thu Apr 16 16:42:15.467620 2026] [wsgi:error] [pid 9:tid 139930920236736] [remote 10.0.0.218:37190] 2026-04-16 16:42:15.453 9 ERROR keystone.server.flask.application pymysql.err.IntegrityError: (1062, "Duplicate entry '<>-service' for key 'project.ixu_project_name_domain_id'")
[Thu Apr 16 16:42:15.467621 2026] [wsgi:error] [pid 9:tid 139930920236736] [remote 10.0.0.218:37190] 2026-04-16 16:42:15.453 9 ERROR keystone.server.flask.application
[Thu Apr 16 16:42:15.467622 2026] [wsgi:error] [pid 9:tid 139930920236736] [remote 10.0.0.218:37190] 2026-04-16 16:42:15.453 9 ERROR keystone.server.flask.application The above exception was the direct cause of the following exception:
[Thu Apr 16 16:42:15.467624 2026] [wsgi:error] [pid 9:tid 139930920236736] [remote 10.0.0.218:37190] 2026-04-16 16:42:15.453 9 ERROR keystone.server.flask.application
[Thu Apr 16 16:42:15.467625 2026] [wsgi:error] [pid 9:tid 139930920236736] [remote 10.0.0.218:37190] 2026-04-16 16:42:15.453 9 ERROR keystone.server.flask.application
Traceback (most recent call last):
[Thu Apr 16 16:42:15.467627 2026] [wsgi:error] [pid 9:tid 139930920236736] [remote 10.0.0.218:37190] 2026-04-16 16:42:15.453 9 ERROR keystone.server.flask.application
File "/var/lib/openstack/lib/python3.12/site-packages/keystone/common/sql/core.py", line 575, in wrapper
[Thu Apr 16 16:42:15.468418 2026] [wsgi:error] [pid 9:tid 139930920236736] [remote 10.0.0.218:37190] 2026-04-16 16:42:15.453 9 ERROR keystone.server.flask.application return method(*args, **kwargs)
[Thu Apr 16 16:42:15.468425 2026] [wsgi:error] [pid 9:tid 139930920236736] [remote 10.0.0.218:37190] 2026-04-16 16:42:15.453 9 ERROR keystone.server.flask.application ^^^^^^^^^^^^^^^^^^^^^^^
[Thu Apr 16 16:42:15.468427 2026] [wsgi:error] [pid 9:tid 139930920236736] [remote 10.0.0.218:37190] 2026-04-16 16:42:15.453 9 ERROR keystone.server.flask.application
File "/var/lib/openstack/lib/python3.12/site-packages/keystone/resource/backends/sql.py", line 278, in create_project
[Thu Apr 16 16:42:15.468429 2026] [wsgi:error] [pid 9:tid 139930920236736] [remote 10.0.0.218:37190] 2026-04-16 16:42:15.453 9 ERROR keystone.server.flask.application with sql.session_for_write() as session:
[Thu Apr 16 16:42:15.468430 2026] [wsgi:error] [pid 9:tid 139930920236736] [remote 10.0.0.218:37190] 2026-04-16 16:42:15.453 9 ERROR keystone.server.flask.application
File "/usr/lib/python3.12/contextlib.py", line 144, in __exit__
[Thu Apr 16 16:42:15.468432 2026] [wsgi:error] [pid 9:tid 139930920236736] [remote 10.0.0.218:37190] 2026-04-16 16:42:15.453 9 ERROR keystone.server.flask.application next(self.gen)
[Thu Apr 16 16:42:15.468433 2026] [wsgi:error] [pid 9:tid 139930920236736] [remote 10.0.0.218:37190] 2026-04-16 16:42:15.453 9 ERROR keystone.server.flask.application
File "/var/lib/openstack/lib/python3.12/site-packages/oslo_db/sqlalchemy/enginefacade.py", line 1175, in _transaction_scope
[Thu Apr 16 16:42:15.468435 2026] [wsgi:error] [pid 9:tid 139930920236736] [remote 10.0.0.218:37190] 2026-04-16 16:42:15.453 9 ERROR keystone.server.flask.application with current._produce_block(
[Thu Apr 16 16:42:15.468436 2026] [wsgi:error] [pid 9:tid 139930920236736] [remote 10.0.0.218:37190] 2026-04-16 16:42:15.453 9 ERROR keystone.server.flask.application
File "/usr/lib/python3.12/contextlib.py", line 144, in __exit__
[Thu Apr 16 16:42:15.468437 2026] [wsgi:error] [pid 9:tid 139930920236736] [remote 10.0.0.218:37190] 2026-04-16 16:42:15.453 9 ERROR keystone.server.flask.application next(self.gen)
[Thu Apr 16 16:42:15.468439 2026] [wsgi:error] [pid 9:tid 139930920236736] [remote 10.0.0.218:37190] 2026-04-16 16:42:15.453 9 ERROR keystone.server.flask.application
File "/var/lib/openstack/lib/python3.12/site-packages/oslo_db/sqlalchemy/enginefacade.py", line 837, in _session
[Thu Apr 16 16:42:15.468440 2026] [wsgi:error] [pid 9:tid 139930920236736] [remote 10.0.0.218:37190] 2026-04-16 16:42:15.453 9 ERROR keystone.server.flask.application with excutils.save_and_reraise_exception():
[Thu Apr 16 16:42:15.468441 2026] [wsgi:error] [pid 9:tid 139930920236736] [remote 10.0.0.218:37190] 2026-04-16 16:42:15.453 9 ERROR keystone.server.flask.application
File "/var/lib/openstack/lib/python3.12/site-packages/oslo_utils/excutils.py", line 271, in __exit__
[Thu Apr 16 16:42:15.468443 2026] [wsgi:error] [pid 9:tid 139930920236736] [remote 10.0.0.218:37190] 2026-04-16 16:42:15.453 9 ERROR keystone.server.flask.application self.force_reraise()
[Thu Apr 16 16:42:15.468444 2026] [wsgi:error] [pid 9:tid 139930920236736] [remote 10.0.0.218:37190] 2026-04-16 16:42:15.453 9 ERROR keystone.server.flask.application
File "/var/lib/openstack/lib/python3.12/site-packages/oslo_utils/excutils.py", line 233, in force_reraise
[Thu Apr 16 16:42:15.468446 2026] [wsgi:error] [pid 9:tid 139930920236736] [remote 10.0.0.218:37190] 2026-04-16 16:42:15.453 9 ERROR keystone.server.flask.application raise self.value
[Thu Apr 16 16:42:15.468447 2026] [wsgi:error] [pid 9:tid 139930920236736] [remote 10.0.0.218:37190] 2026-04-16 16:42:15.453 9 ERROR keystone.server.flask.application
File "/var/lib/openstack/lib/python3.12/site-packages/oslo_db/sqlalchemy/enginefacade.py", line 835, in _session
[Thu Apr 16 16:42:15.468448 2026] [wsgi:error] [pid 9:tid 139930920236736] [remote 10.0.0.218:37190] 2026-04-16 16:42:15.453 9 ERROR keystone.server.flask.application self._end_session_transaction(self.session)
[Thu Apr 16 16:42:15.468451 2026] [wsgi:error] [pid 9:tid 139930920236736] [remote 10.0.0.218:37190] 2026-04-16 16:42:15.453 9 ERROR keystone.server.flask.application
File "/var/lib/openstack/lib/python3.12/site-packages/oslo_db/sqlalchemy/enginefacade.py", line 748, in _end_session_transaction
[Thu Apr 16 16:42:15.468452 2026] [wsgi:error] [pid 9:tid 139930920236736] [remote 10.0.0.218:37190] 2026-04-16 16:42:15.453 9 ERROR keystone.server.flask.application session.commit()
[Thu Apr 16 16:42:15.468454 2026] [wsgi:error] [pid 9:tid 139930920236736] [remote 10.0.0.218:37190] 2026-04-16 16:42:15.453 9 ERROR keystone.server.flask.application
File "/var/lib/openstack/lib/python3.12/site-packages/sqlalchemy/orm/session.py", line 2030, in commit
[Thu Apr 16 16:42:15.468455 2026] [wsgi:error] [pid 9:tid 139930920236736] [remote 10.0.0.218:37190] 2026-04-16 16:42:15.453 9 ERROR keystone.server.flask.application trans.commit(_to_root=True)
[Thu Apr 16 16:42:15.468457 2026] [wsgi:error] [pid 9:tid 139930920236736] [remote 10.0.0.218:37190] 2026-04-16 16:42:15.453 9 ERROR keystone.server.flask.application File "", line 2, in commit
[Thu Apr 16 16:42:15.468458 2026] [wsgi:error] [pid 9:tid 139930920236736] [remote 10.0.0.218:37190] 2026-04-16 16:42:15.453 9 ERROR keystone.server.flask.application
File "/var/lib/openstack/lib/python3.12/site-packages/sqlalchemy/orm/state_changes.py", line 137, in _go
[Thu Apr 16 16:42:15.468459 2026] [wsgi:error] [pid 9:tid 139930920236736] [remote 10.0.0.218:37190] 2026-04-16 16:42:15.453 9 ERROR keystone.server.flask.application ret_value = fn(self, *arg, **kw)
[Thu Apr 16 16:42:15.468461 2026] [wsgi:error] [pid 9:tid 139930920236736] [remote 10.0.0.218:37190] 2026-04-16 16:42:15.453 9 ERROR keystone.server.flask.application ^^^^^^^^^^^^^^^^^^^^
[Thu Apr 16 16:42:15.468462 2026] [wsgi:error] [pid 9:tid 139930920236736] [remote 10.0.0.218:37190] 2026-04-16 16:42:15.453 9 ERROR keystone.server.flask.application
File "/var/lib/openstack/lib/python3.12/site-packages/sqlalchemy/orm/session.py", line 1311, in commit
[Thu Apr 16 16:42:15.468464 2026] [wsgi:error] [pid 9:tid 139930920236736] [remote 10.0.0.218:37190] 2026-04-16 16:42:15.453 9 ERROR keystone.server.flask.application self._prepare_impl()
[Thu Apr 16 16:42:15.468465 2026] [wsgi:error] [pid 9:tid 139930920236736] [remote 10.0.0.218:37190] 2026-04-16 16:42:15.453 9 ERROR keystone.server.flask.application File "", line 2, in _prepare_impl
[Thu Apr 16 16:42:15.468467 2026] [wsgi:error] [pid 9:tid 139930920236736] [remote 10.0.0.218:37190] 2026-04-16 16:42:15.453 9 ERROR keystone.server.flask.application
File "/var/lib/openstack/lib/python3.12/site-packages/sqlalchemy/orm/state_changes.py", line 137, in _go
[Thu Apr 16 16:42:15.468468 2026] [wsgi:error] [pid 9:tid 139930920236736] [remote 10.0.0.218:37190] 2026-04-16 16:42:15.453 9 ERROR keystone.server.flask.application ret_value = fn(self, *arg, **kw)
[Thu Apr 16 16:42:15.468469 2026] [wsgi:error] [pid 9:tid 139930920236736] [remote 10.0.0.218:37190] 2026-04-16 16:42:15.453 9 ERROR keystone.server.flask.application ^^^^^^^^^^^^^^^^^^^^
[Thu Apr 16 16:42:15.468471 2026] [wsgi:error] [pid 9:tid 139930920236736] [remote 10.0.0.218:37190] 2026-04-16 16:42:15.453 9 ERROR keystone.server.flask.application
File "/var/lib/openstack/lib/python3.12/site-packages/sqlalchemy/orm/session.py", line 1286, in _prepare_impl
[Thu Apr 16 16:42:15.468472 2026] [wsgi:error] [pid 9:tid 139930920236736] [remote 10.0.0.218:37190] 2026-04-16 16:42:15.453 9 ERROR keystone.server.flask.application self.session.flush()
[Thu Apr 16 16:42:15.468473 2026] [wsgi:error] [pid 9:tid 139930920236736] [remote 10.0.0.218:37190] 2026-04-16 16:42:15.453 9 ERROR keystone.server.flask.application
File "/var/lib/openstack/lib/python3.12/site-packages/sqlalchemy/orm/session.py", line 4331, in flush
[Thu Apr 16 16:42:15.468475 2026] [wsgi:error] [pid 9:tid 139930920236736] [remote 10.0.0.218:37190] 2026-04-16 16:42:15.453 9 ERROR keystone.server.flask.application self._flush(objects)
[Thu Apr 16 16:42:15.468477 2026] [wsgi:error] [pid 9:tid 139930920236736] [remote 10.0.0.218:37190] 2026-04-16 16:42:15.453 9 ERROR keystone.server.flask.application
File "/var/lib/openstack/lib/python3.12/site-packages/sqlalchemy/orm/session.py", line 4466, in _flush
[Thu Apr 16 16:42:15.468478 2026] [wsgi:error] [pid 9:tid 139930920236736] [remote 10.0.0.218:37190] 2026-04-16 16:42:15.453 9 ERROR keystone.server.flask.application with util.safe_reraise():
[Thu Apr 16 16:42:15.468480 2026] [wsgi:error] [pid 9:tid 139930920236736] [remote 10.0.0.218:37190] 2026-04-16 16:42:15.453 9 ERROR keystone.server.flask.application
File "/var/lib/openstack/lib/python3.12/site-packages/sqlalchemy/util/langhelpers.py", line 121, in __exit__
[Thu Apr 16 16:42:15.468481 2026] [wsgi:error] [pid 9:tid 139930920236736] [remote 10.0.0.218:37190] 2026-04-16 16:42:15.453 9 ERROR keystone.server.flask.application raise exc_value.with_traceback(exc_tb)
[Thu Apr 16 16:42:15.468482 2026] [wsgi:error] [pid 9:tid 139930920236736] [remote 10.0.0.218:37190] 2026-04-16 16:42:15.453 9 ERROR keystone.server.flask.application
File "/var/lib/openstack/lib/python3.12/site-packages/sqlalchemy/orm/session.py", line 4427, in _flush
[Thu Apr 16 16:42:15.468484 2026] [wsgi:error] [pid 9:tid 139930920236736] [remote 10.0.0.218:37190] 2026-04-16 16:42:15.453 9 ERROR keystone.server.flask.application flush_context.execute()
[Thu Apr 16 16:42:15.468485 2026] [wsgi:error] [pid 9:tid 139930920236736] [remote 10.0.0.218:37190] 2026-04-16 16:42:15.453 9 ERROR keystone.server.flask.application
File "/var/lib/openstack/lib/python3.12/site-packages/sqlalchemy/orm/unitofwork.py", line 466, in execute
