Apr 06 17:19:25.991865 np0000163537 neutron-periodic-workers[104054]: DEBUG cotyledon.oslo_config_glue [-] ml2.tunnelled_network_rp_name = rp_tunnelled {{(pid=104054) log_opt_values /opt/stack/data/venv/lib/python3.12/site-packages/oslo_config/cfg.py:3006}}
Apr 06 17:19:25.991865 np0000163537 neutron-periodic-workers[104054]: DEBUG cotyledon.oslo_config_glue [-] ml2.type_drivers = ['local', 'flat', 'vlan', 'geneve'] {{(pid=104054) log_opt_values /opt/stack/data/venv/lib/python3.12/site-packages/oslo_config/cfg.py:3006}}
Apr 06 17:19:25.992220 np0000163537 neutron-periodic-workers[104054]: DEBUG cotyledon.oslo_config_glue [-] ml2_type_flat.flat_networks = ['public'] {{(pid=104054) log_opt_values /opt/stack/data/venv/lib/python3.12/site-packages/oslo_config/cfg.py:3006}}
Apr 06 17:19:25.992220 np0000163537 neutron-periodic-workers[104054]: DEBUG cotyledon.oslo_config_glue [-] ml2_type_geneve.max_header_size = 38 {{(pid=104054) log_opt_values /opt/stack/data/venv/lib/python3.12/site-packages/oslo_config/cfg.py:3006}}
Apr 06 17:19:25.992220 np0000163537 neutron-periodic-workers[104054]: DEBUG cotyledon.oslo_config_glue [-] ml2_type_geneve.vni_ranges = ['1:65536'] {{(pid=104054) log_opt_values /opt/stack/data/venv/lib/python3.12/site-packages/oslo_config/cfg.py:3006}}
Apr 06 17:19:25.992220 np0000163537 neutron-periodic-workers[104054]: DEBUG cotyledon.oslo_config_glue [-] ml2_type_vlan.network_vlan_ranges = ['public'] {{(pid=104054) log_opt_values /opt/stack/data/venv/lib/python3.12/site-packages/oslo_config/cfg.py:3006}}
Apr 06 17:19:25.992220 np0000163537 neutron-periodic-workers[104054]: DEBUG cotyledon.oslo_config_glue [-] network_log.burst_limit = 25 {{(pid=104054) log_opt_values /opt/stack/data/venv/lib/python3.12/site-packages/oslo_config/cfg.py:3006}}
Apr 06 17:19:25.992220 np0000163537 neutron-periodic-workers[104054]: DEBUG cotyledon.oslo_config_glue [-] network_log.local_output_log_base = None {{(pid=104054) log_opt_values /opt/stack/data/venv/lib/python3.12/site-packages/oslo_config/cfg.py:3006}}
Apr 06 17:19:25.992220 np0000163537 neutron-periodic-workers[104054]: DEBUG cotyledon.oslo_config_glue [-] network_log.rate_limit = 100 {{(pid=104054) log_opt_values /opt/stack/data/venv/lib/python3.12/site-packages/oslo_config/cfg.py:3006}}
Apr 06 17:19:25.992220 np0000163537 neutron-periodic-workers[104054]: DEBUG cotyledon.oslo_config_glue [-] database.asyncio_connection = **** {{(pid=104054) log_opt_values /opt/stack/data/venv/lib/python3.12/site-packages/oslo_config/cfg.py:3006}}
Apr 06 17:19:25.992220 np0000163537 neutron-periodic-workers[104054]: DEBUG cotyledon.oslo_config_glue [-] database.asyncio_slave_connection = **** {{(pid=104054) log_opt_values /opt/stack/data/venv/lib/python3.12/site-packages/oslo_config/cfg.py:3006}}
Apr 06 17:19:25.992545 np0000163537 neutron-periodic-workers[104054]: DEBUG cotyledon.oslo_config_glue [-] database.backend = sqlalchemy {{(pid=104054) log_opt_values /opt/stack/data/venv/lib/python3.12/site-packages/oslo_config/cfg.py:3006}}
Apr 06 17:19:25.992545 np0000163537 neutron-periodic-workers[104054]: DEBUG cotyledon.oslo_config_glue [-] database.connection = **** {{(pid=104054) log_opt_values /opt/stack/data/venv/lib/python3.12/site-packages/oslo_config/cfg.py:3006}}
Apr 06 17:19:25.992545 np0000163537 neutron-periodic-workers[104054]: DEBUG cotyledon.oslo_config_glue [-] database.connection_debug = 0 {{(pid=104054) log_opt_values /opt/stack/data/venv/lib/python3.12/site-packages/oslo_config/cfg.py:3006}}
Apr 06 17:19:25.992545 np0000163537 neutron-periodic-workers[104054]: DEBUG cotyledon.oslo_config_glue [-] database.connection_parameters = {{(pid=104054) log_opt_values /opt/stack/data/venv/lib/python3.12/site-packages/oslo_config/cfg.py:3006}}
Apr 06 17:19:25.992545 np0000163537 neutron-periodic-workers[104054]: DEBUG cotyledon.oslo_config_glue [-] database.connection_recycle_time = 3600 {{(pid=104054) log_opt_values /opt/stack/data/venv/lib/python3.12/site-packages/oslo_config/cfg.py:3006}}
Apr 06 17:19:25.992545 np0000163537 neutron-periodic-workers[104054]: DEBUG cotyledon.oslo_config_glue [-] database.connection_trace = False {{(pid=104054) log_opt_values /opt/stack/data/venv/lib/python3.12/site-packages/oslo_config/cfg.py:3006}}
Apr 06 17:19:25.992545 np0000163537 neutron-periodic-workers[104054]: DEBUG cotyledon.oslo_config_glue [-] database.db_inc_retry_interval = True {{(pid=104054) log_opt_values /opt/stack/data/venv/lib/python3.12/site-packages/oslo_config/cfg.py:3006}}
Apr 06 17:19:25.992545 np0000163537 neutron-periodic-workers[104054]: DEBUG cotyledon.oslo_config_glue [-] database.db_max_retries = 20 {{(pid=104054) log_opt_values /opt/stack/data/venv/lib/python3.12/site-packages/oslo_config/cfg.py:3006}}
Apr 06 17:19:25.992545 np0000163537 neutron-periodic-workers[104054]: DEBUG cotyledon.oslo_config_glue [-] database.db_max_retry_interval = 10 {{(pid=104054) log_opt_values /opt/stack/data/venv/lib/python3.12/site-packages/oslo_config/cfg.py:3006}}
Apr 06 17:19:25.992815 np0000163537 neutron-periodic-workers[104054]: DEBUG cotyledon.oslo_config_glue [-] database.db_retry_interval = 1 {{(pid=104054) log_opt_values /opt/stack/data/venv/lib/python3.12/site-packages/oslo_config/cfg.py:3006}}
Apr 06 17:19:25.992815 np0000163537 neutron-periodic-workers[104054]: DEBUG cotyledon.oslo_config_glue [-] database.max_overflow = 50 {{(pid=104054) log_opt_values /opt/stack/data/venv/lib/python3.12/site-packages/oslo_config/cfg.py:3006}}
Apr 06 17:19:25.992815 np0000163537 neutron-periodic-workers[104054]: DEBUG cotyledon.oslo_config_glue [-] database.max_pool_size = 5 {{(pid=104054) log_opt_values /opt/stack/data/venv/lib/python3.12/site-packages/oslo_config/cfg.py:3006}}
Apr 06 17:19:25.992815 np0000163537 neutron-periodic-workers[104054]: DEBUG cotyledon.oslo_config_glue [-] database.max_retries = 10 {{(pid=104054) log_opt_values /opt/stack/data/venv/lib/python3.12/site-packages/oslo_config/cfg.py:3006}}
Apr 06 17:19:25.992815 np0000163537 neutron-periodic-workers[104054]: DEBUG cotyledon.oslo_config_glue [-] database.mysql_sql_mode = TRADITIONAL {{(pid=104054) log_opt_values /opt/stack/data/venv/lib/python3.12/site-packages/oslo_config/cfg.py:3006}}
Apr 06 17:19:25.992815 np0000163537 neutron-periodic-workers[104054]: DEBUG cotyledon.oslo_config_glue [-] database.mysql_wsrep_sync_wait = None {{(pid=104054) log_opt_values /opt/stack/data/venv/lib/python3.12/site-packages/oslo_config/cfg.py:3006}}
Apr 06 17:19:25.992815 np0000163537 neutron-periodic-workers[104054]: DEBUG cotyledon.oslo_config_glue [-] database.pool_timeout = None {{(pid=104054) log_opt_values /opt/stack/data/venv/lib/python3.12/site-packages/oslo_config/cfg.py:3006}}
Apr 06 17:19:25.992815 np0000163537 neutron-periodic-workers[104054]: DEBUG cotyledon.oslo_config_glue [-] database.retry_interval = 10 {{(pid=104054) log_opt_values /opt/stack/data/venv/lib/python3.12/site-packages/oslo_config/cfg.py:3006}}
Apr 06 17:19:25.992815 np0000163537 neutron-periodic-workers[104054]: DEBUG cotyledon.oslo_config_glue [-] database.slave_connection = **** {{(pid=104054) log_opt_values /opt/stack/data/venv/lib/python3.12/site-packages/oslo_config/cfg.py:3006}}
Apr 06 17:19:25.993039 np0000163537 neutron-periodic-workers[104054]: DEBUG cotyledon.oslo_config_glue [-] database.sqlite_synchronous = True {{(pid=104054) log_opt_values /opt/stack/data/venv/lib/python3.12/site-packages/oslo_config/cfg.py:3006}}
Apr 06 17:19:25.993039 np0000163537 neutron-periodic-workers[104054]: DEBUG cotyledon.oslo_config_glue [-] database.synchronous_reader = True {{(pid=104054) log_opt_values /opt/stack/data/venv/lib/python3.12/site-packages/oslo_config/cfg.py:3006}}
Apr 06 17:19:25.993039 np0000163537 neutron-periodic-workers[104054]: DEBUG cotyledon.oslo_config_glue [-] database.use_db_reconnect = False {{(pid=104054) log_opt_values /opt/stack/data/venv/lib/python3.12/site-packages/oslo_config/cfg.py:3006}}
Apr 06 17:19:25.993039 np0000163537 neutron-periodic-workers[104054]: DEBUG cotyledon.oslo_config_glue [-] ovn.bfd_min_rx = 1000 {{(pid=104054) log_opt_values /opt/stack/data/venv/lib/python3.12/site-packages/oslo_config/cfg.py:3006}}
Apr 06 17:19:25.993039 np0000163537 neutron-periodic-workers[104054]: DEBUG cotyledon.oslo_config_glue [-] ovn.bfd_min_tx = 100 {{(pid=104054) log_opt_values /opt/stack/data/venv/lib/python3.12/site-packages/oslo_config/cfg.py:3006}}
Apr 06 17:19:25.993039 np0000163537 neutron-periodic-workers[104054]: DEBUG cotyledon.oslo_config_glue [-] ovn.bfd_mult = 3 {{(pid=104054) log_opt_values /opt/stack/data/venv/lib/python3.12/site-packages/oslo_config/cfg.py:3006}}
Apr 06 17:19:25.993039 np0000163537 neutron-periodic-workers[104054]: DEBUG cotyledon.oslo_config_glue [-] ovn.broadcast_arps_to_all_routers = True {{(pid=104054) log_opt_values /opt/stack/data/venv/lib/python3.12/site-packages/oslo_config/cfg.py:3006}}
Apr 06 17:19:25.993039 np0000163537 neutron-periodic-workers[104054]: DEBUG cotyledon.oslo_config_glue [-] ovn.dhcp_default_lease_time = 43200 {{(pid=104054) log_opt_values /opt/stack/data/venv/lib/python3.12/site-packages/oslo_config/cfg.py:3006}}
Apr 06 17:19:25.993039 np0000163537 neutron-periodic-workers[104054]: DEBUG cotyledon.oslo_config_glue [-] ovn.disable_ovn_dhcp_for_baremetal_ports = False {{(pid=104054) log_opt_values /opt/stack/data/venv/lib/python3.12/site-packages/oslo_config/cfg.py:3006}}
Apr 06 17:19:25.993369 np0000163537 neutron-periodic-workers[104054]: DEBUG cotyledon.oslo_config_glue [-] ovn.dns_records_ovn_owned = False {{(pid=104054) log_opt_values /opt/stack/data/venv/lib/python3.12/site-packages/oslo_config/cfg.py:3006}}
Apr 06 17:19:25.993369 np0000163537 neutron-periodic-workers[104054]: DEBUG cotyledon.oslo_config_glue [-] ovn.dns_servers = [] {{(pid=104054) log_opt_values /opt/stack/data/venv/lib/python3.12/site-packages/oslo_config/cfg.py:3006}}
Apr 06 17:19:25.993369 np0000163537 neutron-periodic-workers[104054]: DEBUG cotyledon.oslo_config_glue [-] ovn.enable_distributed_floating_ip = False {{(pid=104054) log_opt_values /opt/stack/data/venv/lib/python3.12/site-packages/oslo_config/cfg.py:3006}}
Apr 06 17:19:25.993369 np0000163537 neutron-periodic-workers[104054]: DEBUG cotyledon.oslo_config_glue [-] ovn.fdb_age_threshold = 300 {{(pid=104054) log_opt_values /opt/stack/data/venv/lib/python3.12/site-packages/oslo_config/cfg.py:3006}}
Apr 06 17:19:25.993369 np0000163537 neutron-periodic-workers[104054]: DEBUG cotyledon.oslo_config_glue [-] ovn.ha_failover_strategy = normal {{(pid=104054) log_opt_values /opt/stack/data/venv/lib/python3.12/site-packages/oslo_config/cfg.py:3006}}
Apr 06 17:19:25.993369 np0000163537 neutron-periodic-workers[104054]: DEBUG cotyledon.oslo_config_glue [-] ovn.live_migration_activation_strategy = rarp {{(pid=104054) log_opt_values /opt/stack/data/venv/lib/python3.12/site-packages/oslo_config/cfg.py:3006}}
Apr 06 17:19:25.993369 np0000163537 neutron-periodic-workers[104054]: DEBUG cotyledon.oslo_config_glue [-] ovn.localnet_learn_fdb = False {{(pid=104054) log_opt_values /opt/stack/data/venv/lib/python3.12/site-packages/oslo_config/cfg.py:3006}}
Apr 06 17:19:25.993369 np0000163537 neutron-periodic-workers[104054]: DEBUG cotyledon.oslo_config_glue [-] ovn.mac_binding_age_threshold = 300 {{(pid=104054) log_opt_values /opt/stack/data/venv/lib/python3.12/site-packages/oslo_config/cfg.py:3006}}
Apr 06 17:19:25.993369 np0000163537 neutron-periodic-workers[104054]: DEBUG cotyledon.oslo_config_glue [-] ovn.neutron_sync_mode = log {{(pid=104054) log_opt_values /opt/stack/data/venv/lib/python3.12/site-packages/oslo_config/cfg.py:3006}}
Apr 06 17:19:25.993831 np0000163537 neutron-periodic-workers[104054]: DEBUG cotyledon.oslo_config_glue [-] ovn.ovn_dhcp4_global_options = {} {{(pid=104054) log_opt_values /opt/stack/data/venv/lib/python3.12/site-packages/oslo_config/cfg.py:3006}}
Apr 06 17:19:25.993831 np0000163537 neutron-periodic-workers[104054]: DEBUG cotyledon.oslo_config_glue [-] ovn.ovn_dhcp6_global_options = {} {{(pid=104054) log_opt_values /opt/stack/data/venv/lib/python3.12/site-packages/oslo_config/cfg.py:3006}}
Apr 06 17:19:25.993831 np0000163537 neutron-periodic-workers[104054]: DEBUG cotyledon.oslo_config_glue [-] ovn.ovn_l3_scheduler = leastloaded {{(pid=104054) log_opt_values /opt/stack/data/venv/lib/python3.12/site-packages/oslo_config/cfg.py:3006}}
Apr 06 17:19:25.993831 np0000163537 neutron-periodic-workers[104054]: DEBUG cotyledon.oslo_config_glue [-] ovn.ovn_metadata_enabled = True {{(pid=104054) log_opt_values /opt/stack/data/venv/lib/python3.12/site-packages/oslo_config/cfg.py:3006}}
Apr 06 17:19:25.993831 np0000163537 neutron-periodic-workers[104054]: DEBUG cotyledon.oslo_config_glue [-] ovn.ovn_nb_ca_cert = /opt/stack/data/CA/int-ca/ca-chain.pem {{(pid=104054) log_opt_values /opt/stack/data/venv/lib/python3.12/site-packages/oslo_config/cfg.py:3006}}
Apr 06 17:19:25.993831 np0000163537 neutron-periodic-workers[104054]: DEBUG cotyledon.oslo_config_glue [-] ovn.ovn_nb_certificate = /opt/stack/data/CA/int-ca/devstack-cert.crt {{(pid=104054) log_opt_values /opt/stack/data/venv/lib/python3.12/site-packages/oslo_config/cfg.py:3006}}
Apr 06 17:19:25.993831 np0000163537 neutron-periodic-workers[104054]: DEBUG cotyledon.oslo_config_glue [-] ovn.ovn_nb_connection = ['ssl:199.204.45.129:6641'] {{(pid=104054) log_opt_values /opt/stack/data/venv/lib/python3.12/site-packages/oslo_config/cfg.py:3006}}
Apr 06 17:19:25.993831 np0000163537 neutron-periodic-workers[104054]: DEBUG cotyledon.oslo_config_glue [-] ovn.ovn_nb_private_key = /opt/stack/data/CA/int-ca/private/devstack-cert.key {{(pid=104054) log_opt_values /opt/stack/data/venv/lib/python3.12/site-packages/oslo_config/cfg.py:3006}}
Apr 06 17:19:25.994106 np0000163537 neutron-periodic-workers[104054]: DEBUG cotyledon.oslo_config_glue [-] ovn.ovn_router_indirect_snat = False {{(pid=104054) log_opt_values /opt/stack/data/venv/lib/python3.12/site-packages/oslo_config/cfg.py:3006}}
Apr 06 17:19:25.994106 np0000163537 neutron-periodic-workers[104054]: DEBUG cotyledon.oslo_config_glue [-] ovn.ovn_sb_ca_cert = /opt/stack/data/CA/int-ca/ca-chain.pem {{(pid=104054) log_opt_values /opt/stack/data/venv/lib/python3.12/site-packages/oslo_config/cfg.py:3006}}
Apr 06 17:19:25.994106 np0000163537 neutron-periodic-workers[104054]: DEBUG cotyledon.oslo_config_glue [-] ovn.ovn_sb_certificate = /opt/stack/data/CA/int-ca/devstack-cert.crt {{(pid=104054) log_opt_values /opt/stack/data/venv/lib/python3.12/site-packages/oslo_config/cfg.py:3006}}
Apr 06 17:19:25.994106 np0000163537 neutron-periodic-workers[104054]: DEBUG cotyledon.oslo_config_glue [-] ovn.ovn_sb_connection = ['ssl:199.204.45.129:6642'] {{(pid=104054) log_opt_values /opt/stack/data/venv/lib/python3.12/site-packages/oslo_config/cfg.py:3006}}
Apr 06 17:19:25.994106 np0000163537 neutron-periodic-workers[104054]: DEBUG cotyledon.oslo_config_glue [-] ovn.ovn_sb_private_key = /opt/stack/data/CA/int-ca/private/devstack-cert.key {{(pid=104054) log_opt_values /opt/stack/data/venv/lib/python3.12/site-packages/oslo_config/cfg.py:3006}}
Apr 06 17:19:25.994106 np0000163537 neutron-periodic-workers[104054]: DEBUG cotyledon.oslo_config_glue [-] ovn.ovs_create_tap = False {{(pid=104054) log_opt_values /opt/stack/data/venv/lib/python3.12/site-packages/oslo_config/cfg.py:3006}}
Apr 06 17:19:25.994106 np0000163537 neutron-periodic-workers[104054]: DEBUG cotyledon.oslo_config_glue [-] ovn.ovsdb_connection_timeout = 180 {{(pid=104054) log_opt_values /opt/stack/data/venv/lib/python3.12/site-packages/oslo_config/cfg.py:3006}}
Apr 06 17:19:25.994106 np0000163537 neutron-periodic-workers[104054]: DEBUG cotyledon.oslo_config_glue [-] ovn.ovsdb_log_level = INFO {{(pid=104054) log_opt_values /opt/stack/data/venv/lib/python3.12/site-packages/oslo_config/cfg.py:3006}}
Apr 06 17:19:25.994382 np0000163537 neutron-periodic-workers[104054]: DEBUG cotyledon.oslo_config_glue [-] ovn.ovsdb_probe_interval = 60000 {{(pid=104054) log_opt_values /opt/stack/data/venv/lib/python3.12/site-packages/oslo_config/cfg.py:3006}}
Apr 06 17:19:25.994382 np0000163537 neutron-periodic-workers[104054]: DEBUG cotyledon.oslo_config_glue [-] ovn.ovsdb_retry_max_interval = 180 {{(pid=104054) log_opt_values /opt/stack/data/venv/lib/python3.12/site-packages/oslo_config/cfg.py:3006}}
Apr 06 17:19:25.994382 np0000163537 neutron-periodic-workers[104054]: DEBUG cotyledon.oslo_config_glue [-] ovn.stateless_nat_enabled = False {{(pid=104054) log_opt_values /opt/stack/data/venv/lib/python3.12/site-packages/oslo_config/cfg.py:3006}}
Apr 06 17:19:25.994382 np0000163537 neutron-periodic-workers[104054]: DEBUG cotyledon.oslo_config_glue [-] ovn.vhost_sock_dir = /var/run/openvswitch {{(pid=104054) log_opt_values /opt/stack/data/venv/lib/python3.12/site-packages/oslo_config/cfg.py:3006}}
Apr 06 17:19:25.994382 np0000163537 neutron-periodic-workers[104054]: DEBUG cotyledon.oslo_config_glue [-] OVS.bridge_mac_table_size = 50000 {{(pid=104054) log_opt_values /opt/stack/data/venv/lib/python3.12/site-packages/oslo_config/cfg.py:3006}}
Apr 06 17:19:25.994382 np0000163537 neutron-periodic-workers[104054]: DEBUG cotyledon.oslo_config_glue [-] OVS.igmp_flood = False {{(pid=104054) log_opt_values /opt/stack/data/venv/lib/python3.12/site-packages/oslo_config/cfg.py:3006}}
Apr 06 17:19:25.994382 np0000163537 neutron-periodic-workers[104054]: DEBUG cotyledon.oslo_config_glue [-] OVS.igmp_flood_reports = True {{(pid=104054) log_opt_values /opt/stack/data/venv/lib/python3.12/site-packages/oslo_config/cfg.py:3006}}
Apr 06 17:19:25.994382 np0000163537 neutron-periodic-workers[104054]: DEBUG cotyledon.oslo_config_glue [-] OVS.igmp_flood_unregistered = False {{(pid=104054) log_opt_values /opt/stack/data/venv/lib/python3.12/site-packages/oslo_config/cfg.py:3006}}
Apr 06 17:19:25.994382 np0000163537 neutron-periodic-workers[104054]: DEBUG cotyledon.oslo_config_glue [-] OVS.igmp_snooping_enable = False {{(pid=104054) log_opt_values /opt/stack/data/venv/lib/python3.12/site-packages/oslo_config/cfg.py:3006}}
Apr 06 17:19:25.994711 np0000163537 neutron-periodic-workers[104054]: DEBUG cotyledon.oslo_config_glue [-] OVS.ovsdb_timeout = 10 {{(pid=104054) log_opt_values /opt/stack/data/venv/lib/python3.12/site-packages/oslo_config/cfg.py:3006}}
Apr 06 17:19:25.994711 np0000163537 neutron-periodic-workers[104054]: DEBUG cotyledon.oslo_config_glue [-] ovn_nb_global.fdb_removal_limit = 0 {{(pid=104054) log_opt_values /opt/stack/data/venv/lib/python3.12/site-packages/oslo_config/cfg.py:3006}}
Apr 06 17:19:25.994711 np0000163537 neutron-periodic-workers[104054]: DEBUG cotyledon.oslo_config_glue [-] ovn_nb_global.ignore_lsp_down = False {{(pid=104054) log_opt_values /opt/stack/data/venv/lib/python3.12/site-packages/oslo_config/cfg.py:3006}}
Apr 06 17:19:25.994711 np0000163537 neutron-periodic-workers[104054]: DEBUG cotyledon.oslo_config_glue [-] ovn_nb_global.mac_binding_removal_limit = 0 {{(pid=104054) log_opt_values /opt/stack/data/venv/lib/python3.12/site-packages/oslo_config/cfg.py:3006}}
Apr 06 17:19:25.994711 np0000163537 neutron-periodic-workers[104054]: DEBUG cotyledon.oslo_config_glue [-] ******************************************************************************** {{(pid=104054) log_opt_values /opt/stack/data/venv/lib/python3.12/site-packages/oslo_config/cfg.py:3013}}
Apr 06 17:19:25.994711 np0000163537 neutron-periodic-workers[104054]: DEBUG cotyledon._service_worker [-] Run service ServiceWrapper(0) [104054] {{(pid=104054) wait_forever /opt/stack/data/venv/lib/python3.12/site-packages/cotyledon/_service_worker.py:218}}
Apr 06 17:19:35.616562 np0000163537 neutron-periodic-workers[103229]: DEBUG dbcounter [-] [103229] Writing DB stats neutron:SELECT=4 {{(pid=103229) stat_writer /opt/stack/data/venv/lib/python3.12/site-packages/dbcounter.py:115}}
Apr 06 17:20:19.960086 np0000163537 neutron-periodic-workers[104032]: DEBUG oslo_db.sqlalchemy.engines [None req-75c9641e-c1c0-4bd6-80b7-7924ac04d6a1 None None] Parent process 103229 forked (104032) with an open database connection, which is being discarded and recreated. {{(pid=104032) checkout /opt/stack/data/venv/lib/python3.12/site-packages/oslo_db/sqlalchemy/engines.py:402}}
Apr 06 17:20:19.968189 np0000163537 neutron-periodic-workers[104032]: DEBUG dbcounter [-] [104032] Writer thread running {{(pid=104032) stat_writer /opt/stack/data/venv/lib/python3.12/site-packages/dbcounter.py:102}}
Apr 06 17:20:19.971090 np0000163537 neutron-periodic-workers[104032]: DEBUG neutron.db.agents_db [None req-75c9641e-c1c0-4bd6-80b7-7924ac04d6a1 None None] Agent healthcheck: found 0 active agents {{(pid=104032) agent_health_check /opt/stack/neutron/neutron/db/agents_db.py:317}}
Apr 06 17:20:19.971276 np0000163537 neutron-periodic-workers[104032]: DEBUG oslo.service.backend._threading.loopingcall [None req-75c9641e-c1c0-4bd6-80b7-7924ac04d6a1 None None] Fixed interval looping call 'neutron.plugins.ml2.plugin.AgentDbMixin.agent_health_check' sleeping for 36.98 seconds {{(pid=104032) _run_loop /opt/stack/data/venv/lib/python3.12/site-packages/oslo_service/backend/_threading/loopingcall.py:125}}
Apr 06 17:20:29.968829 np0000163537 neutron-periodic-workers[104032]: DEBUG dbcounter [-] [104032] Writing DB stats neutron:SELECT=1 {{(pid=104032) stat_writer /opt/stack/data/venv/lib/python3.12/site-packages/dbcounter.py:115}}
Apr 06 17:20:37.955720 np0000163537 neutron-periodic-workers[104024]: DEBUG dbcounter [-] [104024] Writer thread running {{(pid=104024) stat_writer /opt/stack/data/venv/lib/python3.12/site-packages/dbcounter.py:102}}
Apr 06 17:20:37.964248 np0000163537 neutron-periodic-workers[104024]: DEBUG oslo.service.backend._threading.loopingcall [None req-f00d508b-0eb7-4ff3-bc76-2908cee290b9 None None] Fixed interval looping call 'neutron.plugins.ml2.plugin.DhcpAgentSchedulerDbMixin.remove_networks_from_down_agents' sleeping for 36.98 seconds {{(pid=104024) _run_loop /opt/stack/data/venv/lib/python3.12/site-packages/oslo_service/backend/_threading/loopingcall.py:125}}
Apr 06 17:20:47.963154 np0000163537 neutron-periodic-workers[104024]: DEBUG dbcounter [-] [104024] Writing DB stats neutron:SELECT=3 {{(pid=104024) stat_writer /opt/stack/data/venv/lib/python3.12/site-packages/dbcounter.py:115}}
Apr 06 17:20:56.956399 np0000163537 neutron-periodic-workers[104032]: DEBUG neutron.db.agents_db [None req-75c9641e-c1c0-4bd6-80b7-7924ac04d6a1 None None] Agent healthcheck: found 0 active agents {{(pid=104032) agent_health_check /opt/stack/neutron/neutron/db/agents_db.py:317}}
Apr 06 17:20:56.957064 np0000163537 neutron-periodic-workers[104032]: DEBUG oslo.service.backend._threading.loopingcall [None req-75c9641e-c1c0-4bd6-80b7-7924ac04d6a1 None None] Fixed interval looping call 'neutron.plugins.ml2.plugin.AgentDbMixin.agent_health_check' sleeping for 37.00 seconds {{(pid=104032) _run_loop /opt/stack/data/venv/lib/python3.12/site-packages/oslo_service/backend/_threading/loopingcall.py:125}}
Apr 06 17:21:06.955013 np0000163537 neutron-periodic-workers[104032]: DEBUG dbcounter [-] [104032] Writing DB stats neutron:SELECT=1 {{(pid=104032) stat_writer /opt/stack/data/venv/lib/python3.12/site-packages/dbcounter.py:115}}
Apr 06 17:21:14.958518 np0000163537 neutron-periodic-workers[104024]: DEBUG oslo.service.backend._threading.loopingcall [None req-f00d508b-0eb7-4ff3-bc76-2908cee290b9 None None] Fixed interval looping call 'neutron.plugins.ml2.plugin.DhcpAgentSchedulerDbMixin.remove_networks_from_down_agents' sleeping for 36.99 seconds {{(pid=104024) _run_loop /opt/stack/data/venv/lib/python3.12/site-packages/oslo_service/backend/_threading/loopingcall.py:125}}
Apr 06 17:21:24.956685 np0000163537 neutron-periodic-workers[104024]: DEBUG dbcounter [-] [104024] Writing DB stats neutron:SELECT=3 {{(pid=104024) stat_writer /opt/stack/data/venv/lib/python3.12/site-packages/dbcounter.py:115}}
Apr 06 17:21:25.993124 np0000163537 neutron-periodic-workers[104041]: DEBUG dbcounter [-] [104041] Writer thread running {{(pid=104041) stat_writer /opt/stack/data/venv/lib/python3.12/site-packages/dbcounter.py:102}}
Apr 06 17:21:25.994941 np0000163537 neutron-periodic-workers[104041]: DEBUG oslo.service.backend._threading.loopingcall [None req-f38daa1f-de41-4a9c-b447-d5d9a802ebb3 None None] Fixed interval looping call 'neutron.db.quota.driver_nolock.DbQuotaNoLockDriver._remove_expired_reservations' sleeping for 119.98 seconds {{(pid=104041) _run_loop /opt/stack/data/venv/lib/python3.12/site-packages/oslo_service/backend/_threading/loopingcall.py:125}}
Apr 06 17:21:33.961863 np0000163537 neutron-periodic-workers[104032]: DEBUG neutron.db.agents_db [None req-75c9641e-c1c0-4bd6-80b7-7924ac04d6a1 None None] Agent healthcheck: found 0 active agents {{(pid=104032) agent_health_check /opt/stack/neutron/neutron/db/agents_db.py:317}}
Apr 06 17:21:33.962321 np0000163537 neutron-periodic-workers[104032]: DEBUG oslo.service.backend._threading.loopingcall [None req-75c9641e-c1c0-4bd6-80b7-7924ac04d6a1 None None] Fixed interval looping call 'neutron.plugins.ml2.plugin.AgentDbMixin.agent_health_check' sleeping for 36.99 seconds {{(pid=104032) _run_loop /opt/stack/data/venv/lib/python3.12/site-packages/oslo_service/backend/_threading/loopingcall.py:125}}
Apr 06 17:21:35.993749 np0000163537 neutron-periodic-workers[104041]: DEBUG dbcounter [-] [104041] Writing DB stats neutron:DELETE=1 {{(pid=104041) stat_writer /opt/stack/data/venv/lib/python3.12/site-packages/dbcounter.py:115}}
Apr 06 17:21:43.960539 np0000163537 neutron-periodic-workers[104032]: DEBUG dbcounter [-] [104032] Writing DB stats neutron:SELECT=1 {{(pid=104032) stat_writer /opt/stack/data/venv/lib/python3.12/site-packages/dbcounter.py:115}}
Apr 06 17:21:51.958238 np0000163537 neutron-periodic-workers[104024]: DEBUG oslo.service.backend._threading.loopingcall [None req-f00d508b-0eb7-4ff3-bc76-2908cee290b9 None None] Fixed interval looping call 'neutron.plugins.ml2.plugin.DhcpAgentSchedulerDbMixin.remove_networks_from_down_agents' sleeping for 36.99 seconds {{(pid=104024) _run_loop /opt/stack/data/venv/lib/python3.12/site-packages/oslo_service/backend/_threading/loopingcall.py:125}}
Apr 06 17:22:01.957090 np0000163537 neutron-periodic-workers[104024]: DEBUG dbcounter [-] [104024] Writing DB stats neutron:SELECT=3 {{(pid=104024) stat_writer /opt/stack/data/venv/lib/python3.12/site-packages/dbcounter.py:115}}
Apr 06 17:22:10.957449 np0000163537 neutron-periodic-workers[104032]: DEBUG neutron.db.agents_db [None req-75c9641e-c1c0-4bd6-80b7-7924ac04d6a1 None None] Agent healthcheck: found 0 active agents {{(pid=104032) agent_health_check /opt/stack/neutron/neutron/db/agents_db.py:317}}
Apr 06 17:22:10.958892 np0000163537 neutron-periodic-workers[104032]: DEBUG oslo.service.backend._threading.loopingcall [None req-75c9641e-c1c0-4bd6-80b7-7924ac04d6a1 None None] Fixed interval looping call 'neutron.plugins.ml2.plugin.AgentDbMixin.agent_health_check' sleeping for 36.99 seconds {{(pid=104032) _run_loop /opt/stack/data/venv/lib/python3.12/site-packages/oslo_service/backend/_threading/loopingcall.py:125}}
Apr 06 17:22:13.020424 np0000163537 neutron-periodic-workers[104054]: DEBUG dbcounter [-] [104054] Writer thread running {{(pid=104054) stat_writer /opt/stack/data/venv/lib/python3.12/site-packages/dbcounter.py:102}}
Apr 06 17:22:13.032011 np0000163537 neutron-periodic-workers[104054]: DEBUG oslo.service.backend._threading.loopingcall [None req-4bfb94b3-28b1-4ef2-a00f-032272c64005 None None] Fixed interval looping call 'neutron.services.ovn_l3.plugin.L3_NAT_dbonly_mixin._clean_garbage' sleeping for 299.96 seconds {{(pid=104054) _run_loop /opt/stack/data/venv/lib/python3.12/site-packages/oslo_service/backend/_threading/loopingcall.py:125}}
Apr 06 17:22:20.955970 np0000163537 neutron-periodic-workers[104032]: DEBUG dbcounter [-] [104032] Writing DB stats neutron:SELECT=1 {{(pid=104032) stat_writer /opt/stack/data/venv/lib/python3.12/site-packages/dbcounter.py:115}}
Apr 06 17:22:23.021214 np0000163537 neutron-periodic-workers[104054]: DEBUG dbcounter [-] [104054] Writing DB stats neutron:SELECT=1 {{(pid=104054) stat_writer /opt/stack/data/venv/lib/python3.12/site-packages/dbcounter.py:115}}
Apr 06 17:22:28.958042 np0000163537 neutron-periodic-workers[104024]: DEBUG oslo.service.backend._threading.loopingcall [None req-f00d508b-0eb7-4ff3-bc76-2908cee290b9 None None] Fixed interval looping call 'neutron.plugins.ml2.plugin.DhcpAgentSchedulerDbMixin.remove_networks_from_down_agents' sleeping for 36.99 seconds {{(pid=104024) _run_loop /opt/stack/data/venv/lib/python3.12/site-packages/oslo_service/backend/_threading/loopingcall.py:125}}
Apr 06 17:22:38.956771 np0000163537 neutron-periodic-workers[104024]: DEBUG dbcounter [-] [104024] Writing DB stats neutron:SELECT=3 {{(pid=104024) stat_writer /opt/stack/data/venv/lib/python3.12/site-packages/dbcounter.py:115}}
Apr 06 17:22:47.954052 np0000163537 neutron-periodic-workers[104032]: DEBUG neutron.db.agents_db [None req-75c9641e-c1c0-4bd6-80b7-7924ac04d6a1 None None] Agent healthcheck: found 0 active agents {{(pid=104032) agent_health_check /opt/stack/neutron/neutron/db/agents_db.py:317}}
Apr 06 17:22:47.955113 np0000163537 neutron-periodic-workers[104032]: DEBUG oslo.service.backend._threading.loopingcall [None req-75c9641e-c1c0-4bd6-80b7-7924ac04d6a1 None None] Fixed interval looping call 'neutron.plugins.ml2.plugin.AgentDbMixin.agent_health_check' sleeping for 36.99 seconds {{(pid=104032) _run_loop /opt/stack/data/venv/lib/python3.12/site-packages/oslo_service/backend/_threading/loopingcall.py:125}}
Apr 06 17:22:57.952092 np0000163537 neutron-periodic-workers[104032]: DEBUG dbcounter [-] [104032] Writing DB stats neutron:SELECT=1 {{(pid=104032) stat_writer /opt/stack/data/venv/lib/python3.12/site-packages/dbcounter.py:115}}
Apr 06 17:23:05.958174 np0000163537 neutron-periodic-workers[104024]: DEBUG oslo.service.backend._threading.loopingcall [None req-f00d508b-0eb7-4ff3-bc76-2908cee290b9 None None] Fixed interval looping call 'neutron.plugins.ml2.plugin.DhcpAgentSchedulerDbMixin.remove_networks_from_down_agents' sleeping for 36.99 seconds {{(pid=104024) _run_loop /opt/stack/data/venv/lib/python3.12/site-packages/oslo_service/backend/_threading/loopingcall.py:125}}
Apr 06 17:23:15.956895 np0000163537 neutron-periodic-workers[104024]: DEBUG dbcounter [-] [104024] Writing DB stats neutron:SELECT=3 {{(pid=104024) stat_writer /opt/stack/data/venv/lib/python3.12/site-packages/dbcounter.py:115}}
Apr 06 17:23:24.948454 np0000163537 neutron-periodic-workers[104032]: DEBUG neutron.db.agents_db [None req-75c9641e-c1c0-4bd6-80b7-7924ac04d6a1 None None] Agent healthcheck: found 0 active agents {{(pid=104032) agent_health_check /opt/stack/neutron/neutron/db/agents_db.py:317}}
Apr 06 17:23:24.948454 np0000163537 neutron-periodic-workers[104032]: DEBUG oslo.service.backend._threading.loopingcall [None req-75c9641e-c1c0-4bd6-80b7-7924ac04d6a1 None None] Fixed interval looping call 'neutron.plugins.ml2.plugin.AgentDbMixin.agent_health_check' sleeping for 37.00 seconds {{(pid=104032) _run_loop /opt/stack/data/venv/lib/python3.12/site-packages/oslo_service/backend/_threading/loopingcall.py:125}}
Apr 06 17:23:25.980993 np0000163537 neutron-periodic-workers[104041]: DEBUG oslo.service.backend._threading.loopingcall [None req-f38daa1f-de41-4a9c-b447-d5d9a802ebb3 None None] Fixed interval looping call 'neutron.db.quota.driver_nolock.DbQuotaNoLockDriver._remove_expired_reservations' sleeping for 119.99 seconds {{(pid=104041) _run_loop /opt/stack/data/venv/lib/python3.12/site-packages/oslo_service/backend/_threading/loopingcall.py:125}}
Apr 06 17:23:34.947123 np0000163537 neutron-periodic-workers[104032]: DEBUG dbcounter [-] [104032] Writing DB stats neutron:SELECT=1 {{(pid=104032) stat_writer /opt/stack/data/venv/lib/python3.12/site-packages/dbcounter.py:115}}
Apr 06 17:23:35.979681 np0000163537 neutron-periodic-workers[104041]: DEBUG dbcounter [-] [104041] Writing DB stats neutron:DELETE=1 {{(pid=104041) stat_writer /opt/stack/data/venv/lib/python3.12/site-packages/dbcounter.py:115}}
Apr 06 17:23:42.957488 np0000163537 neutron-periodic-workers[104024]: DEBUG oslo.service.backend._threading.loopingcall [None req-f00d508b-0eb7-4ff3-bc76-2908cee290b9 None None] Fixed interval looping call 'neutron.plugins.ml2.plugin.DhcpAgentSchedulerDbMixin.remove_networks_from_down_agents' sleeping for 36.99 seconds {{(pid=104024) _run_loop /opt/stack/data/venv/lib/python3.12/site-packages/oslo_service/backend/_threading/loopingcall.py:125}}
Apr 06 17:23:52.956747 np0000163537 neutron-periodic-workers[104024]: DEBUG dbcounter [-] [104024] Writing DB stats neutron:SELECT=3 {{(pid=104024) stat_writer /opt/stack/data/venv/lib/python3.12/site-packages/dbcounter.py:115}}
Apr 06 17:24:01.954060 np0000163537 neutron-periodic-workers[104032]: DEBUG neutron.db.agents_db [None req-75c9641e-c1c0-4bd6-80b7-7924ac04d6a1 None None] Agent healthcheck: found 0 active agents {{(pid=104032) agent_health_check /opt/stack/neutron/neutron/db/agents_db.py:317}}
Apr 06 17:24:01.954847 np0000163537 neutron-periodic-workers[104032]: DEBUG oslo.service.backend._threading.loopingcall [None req-75c9641e-c1c0-4bd6-80b7-7924ac04d6a1 None None] Fixed interval looping call 'neutron.plugins.ml2.plugin.AgentDbMixin.agent_health_check' sleeping for 36.99 seconds {{(pid=104032) _run_loop /opt/stack/data/venv/lib/python3.12/site-packages/oslo_service/backend/_threading/loopingcall.py:125}}
Apr 06 17:24:11.952205 np0000163537 neutron-periodic-workers[104032]: DEBUG dbcounter [-] [104032] Writing DB stats neutron:SELECT=1 {{(pid=104032) stat_writer /opt/stack/data/venv/lib/python3.12/site-packages/dbcounter.py:115}}
Apr 06 17:24:19.955735 np0000163537 neutron-periodic-workers[104024]: DEBUG oslo.service.backend._threading.loopingcall [None req-f00d508b-0eb7-4ff3-bc76-2908cee290b9 None None] Fixed interval looping call 'neutron.plugins.ml2.plugin.DhcpAgentSchedulerDbMixin.remove_networks_from_down_agents' sleeping for 36.99 seconds {{(pid=104024) _run_loop /opt/stack/data/venv/lib/python3.12/site-packages/oslo_service/backend/_threading/loopingcall.py:125}}
Apr 06 17:24:29.955080 np0000163537 neutron-periodic-workers[104024]: DEBUG dbcounter [-] [104024] Writing DB stats neutron:SELECT=3 {{(pid=104024) stat_writer /opt/stack/data/venv/lib/python3.12/site-packages/dbcounter.py:115}}
Apr 06 17:24:38.949950 np0000163537 neutron-periodic-workers[104032]: DEBUG neutron.db.agents_db [None req-75c9641e-c1c0-4bd6-80b7-7924ac04d6a1 None None] Agent healthcheck: found 0 active agents {{(pid=104032) agent_health_check /opt/stack/neutron/neutron/db/agents_db.py:317}}
Apr 06 17:24:38.950541 np0000163537 neutron-periodic-workers[104032]: DEBUG oslo.service.backend._threading.loopingcall [None req-75c9641e-c1c0-4bd6-80b7-7924ac04d6a1 None None] Fixed interval looping call 'neutron.plugins.ml2.plugin.AgentDbMixin.agent_health_check' sleeping for 36.99 seconds {{(pid=104032) _run_loop /opt/stack/data/venv/lib/python3.12/site-packages/oslo_service/backend/_threading/loopingcall.py:125}}
Apr 06 17:24:48.947976 np0000163537 neutron-periodic-workers[104032]: DEBUG dbcounter [-] [104032] Writing DB stats neutron:SELECT=1 {{(pid=104032) stat_writer /opt/stack/data/venv/lib/python3.12/site-packages/dbcounter.py:115}}
Apr 06 17:24:56.955585 np0000163537 neutron-periodic-workers[104024]: DEBUG oslo.service.backend._threading.loopingcall [None req-f00d508b-0eb7-4ff3-bc76-2908cee290b9 None None] Fixed interval looping call 'neutron.plugins.ml2.plugin.DhcpAgentSchedulerDbMixin.remove_networks_from_down_agents' sleeping for 36.99 seconds {{(pid=104024) _run_loop /opt/stack/data/venv/lib/python3.12/site-packages/oslo_service/backend/_threading/loopingcall.py:125}}
Apr 06 17:25:06.954231 np0000163537 neutron-periodic-workers[104024]: DEBUG dbcounter [-] [104024] Writing DB stats neutron:SELECT=3 {{(pid=104024) stat_writer /opt/stack/data/venv/lib/python3.12/site-packages/dbcounter.py:115}}
Apr 06 17:25:15.946203 np0000163537 neutron-periodic-workers[104032]: DEBUG neutron.db.agents_db [None req-75c9641e-c1c0-4bd6-80b7-7924ac04d6a1 None None] Agent healthcheck: found 0 active agents {{(pid=104032) agent_health_check /opt/stack/neutron/neutron/db/agents_db.py:317}}
Apr 06 17:25:15.946936 np0000163537 neutron-periodic-workers[104032]: DEBUG oslo.service.backend._threading.loopingcall [None req-75c9641e-c1c0-4bd6-80b7-7924ac04d6a1 None None] Fixed interval looping call 'neutron.plugins.ml2.plugin.AgentDbMixin.agent_health_check' sleeping for 36.99 seconds {{(pid=104032) _run_loop /opt/stack/data/venv/lib/python3.12/site-packages/oslo_service/backend/_threading/loopingcall.py:125}}
Apr 06 17:25:25.944434 np0000163537 neutron-periodic-workers[104032]: DEBUG dbcounter [-] [104032] Writing DB stats neutron:SELECT=1 {{(pid=104032) stat_writer /opt/stack/data/venv/lib/python3.12/site-packages/dbcounter.py:115}}
Apr 06 17:25:25.976732 np0000163537 neutron-periodic-workers[104041]: DEBUG oslo.service.backend._threading.loopingcall [None req-f38daa1f-de41-4a9c-b447-d5d9a802ebb3 None None] Fixed interval looping call 'neutron.db.quota.driver_nolock.DbQuotaNoLockDriver._remove_expired_reservations' sleeping for 119.99 seconds {{(pid=104041) _run_loop /opt/stack/data/venv/lib/python3.12/site-packages/oslo_service/backend/_threading/loopingcall.py:125}}
Apr 06 17:25:33.950897 np0000163537 neutron-periodic-workers[104024]: DEBUG oslo.service.backend._threading.loopingcall [None req-f00d508b-0eb7-4ff3-bc76-2908cee290b9 None None] Fixed interval looping call 'neutron.plugins.ml2.plugin.DhcpAgentSchedulerDbMixin.remove_networks_from_down_agents' sleeping for 37.00 seconds {{(pid=104024) _run_loop /opt/stack/data/venv/lib/python3.12/site-packages/oslo_service/backend/_threading/loopingcall.py:125}}
Apr 06 17:25:35.975643 np0000163537 neutron-periodic-workers[104041]: DEBUG dbcounter [-] [104041] Writing DB stats neutron:DELETE=1 {{(pid=104041) stat_writer /opt/stack/data/venv/lib/python3.12/site-packages/dbcounter.py:115}}
Apr 06 17:25:43.950555 np0000163537 neutron-periodic-workers[104024]: DEBUG dbcounter [-] [104024] Writing DB stats neutron:SELECT=3 {{(pid=104024) stat_writer /opt/stack/data/venv/lib/python3.12/site-packages/dbcounter.py:115}}
Apr 06 17:25:52.940830 np0000163537 neutron-periodic-workers[104032]: DEBUG neutron.db.agents_db [None req-75c9641e-c1c0-4bd6-80b7-7924ac04d6a1 None None] Agent healthcheck: found 0 active agents {{(pid=104032) agent_health_check /opt/stack/neutron/neutron/db/agents_db.py:317}}
Apr 06 17:25:52.941596 np0000163537 neutron-periodic-workers[104032]: DEBUG oslo.service.backend._threading.loopingcall [None req-75c9641e-c1c0-4bd6-80b7-7924ac04d6a1 None None] Fixed interval looping call 'neutron.plugins.ml2.plugin.AgentDbMixin.agent_health_check' sleeping for 37.00 seconds {{(pid=104032) _run_loop /opt/stack/data/venv/lib/python3.12/site-packages/oslo_service/backend/_threading/loopingcall.py:125}}
Apr 06 17:26:02.939687 np0000163537 neutron-periodic-workers[104032]: DEBUG dbcounter [-] [104032] Writing DB stats neutron:SELECT=1 {{(pid=104032) stat_writer /opt/stack/data/venv/lib/python3.12/site-packages/dbcounter.py:115}}
Apr 06 17:26:10.960424 np0000163537 neutron-periodic-workers[104024]: DEBUG oslo.service.backend._threading.loopingcall [None req-f00d508b-0eb7-4ff3-bc76-2908cee290b9 None None] Fixed interval looping call 'neutron.plugins.ml2.plugin.DhcpAgentSchedulerDbMixin.remove_networks_from_down_agents' sleeping for 36.99 seconds {{(pid=104024) _run_loop /opt/stack/data/venv/lib/python3.12/site-packages/oslo_service/backend/_threading/loopingcall.py:125}}
Apr 06 17:26:20.959117 np0000163537 neutron-periodic-workers[104024]: DEBUG dbcounter [-] [104024] Writing DB stats neutron:SELECT=3 {{(pid=104024) stat_writer /opt/stack/data/venv/lib/python3.12/site-packages/dbcounter.py:115}}
Apr 06 17:26:29.947760 np0000163537 neutron-periodic-workers[104032]: DEBUG neutron.db.agents_db [None req-75c9641e-c1c0-4bd6-80b7-7924ac04d6a1 None None] Agent healthcheck: found 0 active agents {{(pid=104032) agent_health_check /opt/stack/neutron/neutron/db/agents_db.py:317}}
Apr 06 17:26:29.948286 np0000163537 neutron-periodic-workers[104032]: DEBUG oslo.service.backend._threading.loopingcall [None req-75c9641e-c1c0-4bd6-80b7-7924ac04d6a1 None None] Fixed interval looping call 'neutron.plugins.ml2.plugin.AgentDbMixin.agent_health_check' sleeping for 36.99 seconds {{(pid=104032) _run_loop /opt/stack/data/venv/lib/python3.12/site-packages/oslo_service/backend/_threading/loopingcall.py:125}}
Apr 06 17:26:39.945066 np0000163537 neutron-periodic-workers[104032]: DEBUG dbcounter [-] [104032] Writing DB stats neutron:SELECT=1 {{(pid=104032) stat_writer /opt/stack/data/venv/lib/python3.12/site-packages/dbcounter.py:115}}
Apr 06 17:26:47.960565 np0000163537 neutron-periodic-workers[104024]: DEBUG oslo.service.backend._threading.loopingcall [None req-f00d508b-0eb7-4ff3-bc76-2908cee290b9 None None] Fixed interval looping call 'neutron.plugins.ml2.plugin.DhcpAgentSchedulerDbMixin.remove_networks_from_down_agents' sleeping for 36.99 seconds {{(pid=104024) _run_loop /opt/stack/data/venv/lib/python3.12/site-packages/oslo_service/backend/_threading/loopingcall.py:125}}
Apr 06 17:26:57.959213 np0000163537 neutron-periodic-workers[104024]: DEBUG dbcounter [-] [104024] Writing DB stats neutron:SELECT=3 {{(pid=104024) stat_writer /opt/stack/data/venv/lib/python3.12/site-packages/dbcounter.py:115}}
Apr 06 17:27:06.941367 np0000163537 neutron-periodic-workers[104032]: DEBUG neutron.db.agents_db [None req-75c9641e-c1c0-4bd6-80b7-7924ac04d6a1 None None] Agent healthcheck: found 0 active agents {{(pid=104032) agent_health_check /opt/stack/neutron/neutron/db/agents_db.py:317}}
Apr 06 17:27:06.941951 np0000163537 neutron-periodic-workers[104032]: DEBUG oslo.service.backend._threading.loopingcall [None req-75c9641e-c1c0-4bd6-80b7-7924ac04d6a1 None None] Fixed interval looping call 'neutron.plugins.ml2.plugin.AgentDbMixin.agent_health_check' sleeping for 37.00 seconds {{(pid=104032) _run_loop /opt/stack/data/venv/lib/python3.12/site-packages/oslo_service/backend/_threading/loopingcall.py:125}}
Apr 06 17:27:13.003297 np0000163537 neutron-periodic-workers[104054]: DEBUG oslo.service.backend._threading.loopingcall [None req-4bfb94b3-28b1-4ef2-a00f-032272c64005 None None] Fixed interval looping call 'neutron.services.ovn_l3.plugin.L3_NAT_dbonly_mixin._clean_garbage' sleeping for 299.99 seconds {{(pid=104054) _run_loop /opt/stack/data/venv/lib/python3.12/site-packages/oslo_service/backend/_threading/loopingcall.py:125}}
Apr 06 17:27:16.942242 np0000163537 neutron-periodic-workers[104032]: DEBUG dbcounter [-] [104032] Writing DB stats neutron:SELECT=1 {{(pid=104032) stat_writer /opt/stack/data/venv/lib/python3.12/site-packages/dbcounter.py:115}}
Apr 06 17:27:22.995959 np0000163537 neutron-periodic-workers[104054]: DEBUG dbcounter [-] [104054] Writing DB stats neutron:SELECT=1 {{(pid=104054) stat_writer /opt/stack/data/venv/lib/python3.12/site-packages/dbcounter.py:115}}
Apr 06 17:27:24.958567 np0000163537 neutron-periodic-workers[104024]: DEBUG oslo.service.backend._threading.loopingcall [None req-f00d508b-0eb7-4ff3-bc76-2908cee290b9 None None] Fixed interval looping call 'neutron.plugins.ml2.plugin.DhcpAgentSchedulerDbMixin.remove_networks_from_down_agents' sleeping for 36.99 seconds {{(pid=104024) _run_loop /opt/stack/data/venv/lib/python3.12/site-packages/oslo_service/backend/_threading/loopingcall.py:125}}
Apr 06 17:27:25.971772 np0000163537 neutron-periodic-workers[104041]: DEBUG oslo.service.backend._threading.loopingcall [None req-f38daa1f-de41-4a9c-b447-d5d9a802ebb3 None None] Fixed interval looping call 'neutron.db.quota.driver_nolock.DbQuotaNoLockDriver._remove_expired_reservations' sleeping for 120.00 seconds {{(pid=104041) _run_loop /opt/stack/data/venv/lib/python3.12/site-packages/oslo_service/backend/_threading/loopingcall.py:125}}
Apr 06 17:27:34.956897 np0000163537 neutron-periodic-workers[104024]: DEBUG dbcounter [-] [104024] Writing DB stats neutron:SELECT=3 {{(pid=104024) stat_writer /opt/stack/data/venv/lib/python3.12/site-packages/dbcounter.py:115}}
Apr 06 17:27:35.970383 np0000163537 neutron-periodic-workers[104041]: DEBUG dbcounter [-] [104041] Writing DB stats neutron:DELETE=1 {{(pid=104041) stat_writer /opt/stack/data/venv/lib/python3.12/site-packages/dbcounter.py:115}}
Apr 06 17:27:43.944845 np0000163537 neutron-periodic-workers[104032]: DEBUG neutron.db.agents_db [None req-75c9641e-c1c0-4bd6-80b7-7924ac04d6a1 None None] Agent healthcheck: found 0 active agents {{(pid=104032) agent_health_check /opt/stack/neutron/neutron/db/agents_db.py:317}}
Apr 06 17:27:43.945357 np0000163537 neutron-periodic-workers[104032]: DEBUG oslo.service.backend._threading.loopingcall [None req-75c9641e-c1c0-4bd6-80b7-7924ac04d6a1 None None] Fixed interval looping call 'neutron.plugins.ml2.plugin.AgentDbMixin.agent_health_check' sleeping for 37.00 seconds {{(pid=104032) _run_loop /opt/stack/data/venv/lib/python3.12/site-packages/oslo_service/backend/_threading/loopingcall.py:125}}
Apr 06 17:27:53.943908 np0000163537 neutron-periodic-workers[104032]: DEBUG dbcounter [-] [104032] Writing DB stats neutron:SELECT=1 {{(pid=104032) stat_writer /opt/stack/data/venv/lib/python3.12/site-packages/dbcounter.py:115}}
Apr 06 17:28:01.957105 np0000163537 neutron-periodic-workers[104024]: DEBUG oslo.service.backend._threading.loopingcall [None req-f00d508b-0eb7-4ff3-bc76-2908cee290b9 None None] Fixed interval looping call 'neutron.plugins.ml2.plugin.DhcpAgentSchedulerDbMixin.remove_networks_from_down_agents' sleeping for 36.99 seconds {{(pid=104024) _run_loop /opt/stack/data/venv/lib/python3.12/site-packages/oslo_service/backend/_threading/loopingcall.py:125}}
Apr 06 17:28:11.956560 np0000163537 neutron-periodic-workers[104024]: DEBUG dbcounter [-] [104024] Writing DB stats neutron:SELECT=3 {{(pid=104024) stat_writer /opt/stack/data/venv/lib/python3.12/site-packages/dbcounter.py:115}}
Apr 06 17:28:20.950448 np0000163537 neutron-periodic-workers[104032]: DEBUG neutron.db.agents_db [None req-75c9641e-c1c0-4bd6-80b7-7924ac04d6a1 None None] Agent healthcheck: found 0 active agents {{(pid=104032) agent_health_check /opt/stack/neutron/neutron/db/agents_db.py:317}}
Apr 06 17:28:20.951177 np0000163537 neutron-periodic-workers[104032]: DEBUG oslo.service.backend._threading.loopingcall [None req-75c9641e-c1c0-4bd6-80b7-7924ac04d6a1 None None] Fixed interval looping call 'neutron.plugins.ml2.plugin.AgentDbMixin.agent_health_check' sleeping for 36.99 seconds {{(pid=104032) _run_loop /opt/stack/data/venv/lib/python3.12/site-packages/oslo_service/backend/_threading/loopingcall.py:125}}
Apr 06 17:28:30.948789 np0000163537 neutron-periodic-workers[104032]: DEBUG dbcounter [-] [104032] Writing DB stats neutron:SELECT=1 {{(pid=104032) stat_writer /opt/stack/data/venv/lib/python3.12/site-packages/dbcounter.py:115}}
Apr 06 17:28:38.956435 np0000163537 neutron-periodic-workers[104024]: DEBUG oslo.service.backend._threading.loopingcall [None req-f00d508b-0eb7-4ff3-bc76-2908cee290b9 None None] Fixed interval looping call 'neutron.plugins.ml2.plugin.DhcpAgentSchedulerDbMixin.remove_networks_from_down_agents' sleeping for 36.99 seconds {{(pid=104024) _run_loop /opt/stack/data/venv/lib/python3.12/site-packages/oslo_service/backend/_threading/loopingcall.py:125}}
Apr 06 17:28:48.955445 np0000163537 neutron-periodic-workers[104024]: DEBUG dbcounter [-] [104024] Writing DB stats neutron:SELECT=3 {{(pid=104024) stat_writer /opt/stack/data/venv/lib/python3.12/site-packages/dbcounter.py:115}}
Apr 06 17:28:57.945868 np0000163537 neutron-periodic-workers[104032]: DEBUG neutron.db.agents_db [None req-75c9641e-c1c0-4bd6-80b7-7924ac04d6a1 None None] Agent healthcheck: found 0 active agents {{(pid=104032) agent_health_check /opt/stack/neutron/neutron/db/agents_db.py:317}}
Apr 06 17:28:57.946693 np0000163537 neutron-periodic-workers[104032]: DEBUG oslo.service.backend._threading.loopingcall [None req-75c9641e-c1c0-4bd6-80b7-7924ac04d6a1 None None] Fixed interval looping call 'neutron.plugins.ml2.plugin.AgentDbMixin.agent_health_check' sleeping for 36.99 seconds {{(pid=104032) _run_loop /opt/stack/data/venv/lib/python3.12/site-packages/oslo_service/backend/_threading/loopingcall.py:125}}
Apr 06 17:29:07.944178 np0000163537 neutron-periodic-workers[104032]: DEBUG dbcounter [-] [104032] Writing DB stats neutron:SELECT=1 {{(pid=104032) stat_writer /opt/stack/data/venv/lib/python3.12/site-packages/dbcounter.py:115}}
Apr 06 17:29:15.952999 np0000163537 neutron-periodic-workers[104024]: DEBUG oslo.service.backend._threading.loopingcall [None req-f00d508b-0eb7-4ff3-bc76-2908cee290b9 None None] Fixed interval looping call 'neutron.plugins.ml2.plugin.DhcpAgentSchedulerDbMixin.remove_networks_from_down_agents' sleeping for 36.99 seconds {{(pid=104024) _run_loop /opt/stack/data/venv/lib/python3.12/site-packages/oslo_service/backend/_threading/loopingcall.py:125}}
Apr 06 17:29:25.952329 np0000163537 neutron-periodic-workers[104024]: DEBUG dbcounter [-] [104024] Writing DB stats neutron:SELECT=3 {{(pid=104024) stat_writer /opt/stack/data/venv/lib/python3.12/site-packages/dbcounter.py:115}}
Apr 06 17:29:25.976609 np0000163537 neutron-periodic-workers[104041]: DEBUG oslo.service.backend._threading.loopingcall [None req-f38daa1f-de41-4a9c-b447-d5d9a802ebb3 None None] Fixed interval looping call 'neutron.db.quota.driver_nolock.DbQuotaNoLockDriver._remove_expired_reservations' sleeping for 120.00 seconds {{(pid=104041) _run_loop /opt/stack/data/venv/lib/python3.12/site-packages/oslo_service/backend/_threading/loopingcall.py:125}}
Apr 06 17:29:34.942807 np0000163537 neutron-periodic-workers[104032]: DEBUG neutron.db.agents_db [None req-75c9641e-c1c0-4bd6-80b7-7924ac04d6a1 None None] Agent healthcheck: found 0 active agents {{(pid=104032) agent_health_check /opt/stack/neutron/neutron/db/agents_db.py:317}}
