Mar 30 14:14:04.039597 np0000161226 devstack@neutron-api.service[102287]: DEBUG neutron_lib.callbacks.manager [None req-139a934d-d4e4-4c30-9492-b8c03c14f75d None None] Subscribe: > network after_update 55550000, False {{(pid=102287) subscribe /opt/stack/data/venv/lib/python3.12/site-packages/neutron_lib/callbacks/manager.py:52}}
Mar 30 14:14:04.039597 np0000161226 devstack@neutron-api.service[102287]: DEBUG neutron_lib.callbacks.manager [None req-139a934d-d4e4-4c30-9492-b8c03c14f75d None None] Subscribe: > network after_delete 55550000, False {{(pid=102287) subscribe /opt/stack/data/venv/lib/python3.12/site-packages/neutron_lib/callbacks/manager.py:52}}
Mar 30 14:14:04.039597 np0000161226 devstack@neutron-api.service[102287]: DEBUG neutron_lib.callbacks.manager [None req-139a934d-d4e4-4c30-9492-b8c03c14f75d None None] Subscribe: > security_group after_create 55550000, False {{(pid=102287) subscribe /opt/stack/data/venv/lib/python3.12/site-packages/neutron_lib/callbacks/manager.py:52}}
Mar 30 14:14:04.039721 np0000161226 devstack@neutron-api.service[102286]: DEBUG neutron.api.extensions [None req-5d4b82b5-c875-42d5-b1ef-77c6130cf23d None None] Ext name="Neutron Extra Route" alias="extraroute" description="Extra routes configuration for L3 router" updated="2013-02-01T10:00:00-00:00" {{(pid=102286) _check_extension /opt/stack/neutron/neutron/api/extensions.py:415}}
Mar 30 14:14:04.039762 np0000161226 devstack@neutron-api.service[102287]: DEBUG neutron_lib.callbacks.manager [None req-139a934d-d4e4-4c30-9492-b8c03c14f75d None None] Subscribe: > security_group after_update 55550000, False {{(pid=102287) subscribe /opt/stack/data/venv/lib/python3.12/site-packages/neutron_lib/callbacks/manager.py:52}}
Mar 30 14:14:04.039808 np0000161226 devstack@neutron-api.service[102286]: INFO neutron.api.extensions [None req-5d4b82b5-c875-42d5-b1ef-77c6130cf23d None None] Loaded extension: extraroute
Mar 30 14:14:04.039808 np0000161226 devstack@neutron-api.service[102286]: DEBUG neutron.api.extensions [None req-5d4b82b5-c875-42d5-b1ef-77c6130cf23d None None] Loading extension file: extraroute_atomic.py {{(pid=102286) _load_all_extensions_from_path /opt/stack/neutron/neutron/api/extensions.py:449}}
Mar 30 14:14:04.039895 np0000161226 devstack@neutron-api.service[102287]: DEBUG neutron_lib.callbacks.manager [None req-139a934d-d4e4-4c30-9492-b8c03c14f75d None None] Subscribe: > security_group after_delete 55550000, False {{(pid=102287) subscribe /opt/stack/data/venv/lib/python3.12/site-packages/neutron_lib/callbacks/manager.py:52}}
Mar 30 14:14:04.039895 np0000161226 devstack@neutron-api.service[102287]: DEBUG neutron_lib.callbacks.manager [None req-139a934d-d4e4-4c30-9492-b8c03c14f75d None None] Subscribe: > security_group_rule after_create 55550000, False {{(pid=102287) subscribe /opt/stack/data/venv/lib/python3.12/site-packages/neutron_lib/callbacks/manager.py:52}}
Mar 30 14:14:04.039895 np0000161226 devstack@neutron-api.service[102287]: DEBUG neutron_lib.callbacks.manager [None req-139a934d-d4e4-4c30-9492-b8c03c14f75d None None] Subscribe: > security_group_rule after_update 55550000, False {{(pid=102287) subscribe /opt/stack/data/venv/lib/python3.12/site-packages/neutron_lib/callbacks/manager.py:52}}
Mar 30 14:14:04.039895 np0000161226 devstack@neutron-api.service[102287]: DEBUG neutron_lib.callbacks.manager [None req-139a934d-d4e4-4c30-9492-b8c03c14f75d None None] Subscribe: > security_group_rule after_delete 55550000, False {{(pid=102287) subscribe /opt/stack/data/venv/lib/python3.12/site-packages/neutron_lib/callbacks/manager.py:52}}
Mar 30 14:14:04.040056 np0000161226 devstack@neutron-api.service[102287]: DEBUG neutron_lib.callbacks.manager [None req-139a934d-d4e4-4c30-9492-b8c03c14f75d None None] Subscribe: > address_group after_create 55550000, False {{(pid=102287) subscribe /opt/stack/data/venv/lib/python3.12/site-packages/neutron_lib/callbacks/manager.py:52}}
Mar 30 14:14:04.040056 np0000161226 devstack@neutron-api.service[102287]: DEBUG neutron_lib.callbacks.manager [None req-139a934d-d4e4-4c30-9492-b8c03c14f75d None None] Subscribe: > address_group after_update 55550000, False {{(pid=102287) subscribe /opt/stack/data/venv/lib/python3.12/site-packages/neutron_lib/callbacks/manager.py:52}}
Mar 30 14:14:04.040156 np0000161226 devstack@neutron-api.service[102286]: DEBUG neutron.api.extensions [None req-5d4b82b5-c875-42d5-b1ef-77c6130cf23d None None] Ext name="Atomically add/remove extra routes" alias="extraroute-atomic" description="Edit extra routes of a router on server side by atomically adding/removing extra routes" updated="2019-07-10T00:00:00+00:00" {{(pid=102286) _check_extension /opt/stack/neutron/neutron/api/extensions.py:415}}
Mar 30 14:14:04.040203 np0000161226 devstack@neutron-api.service[102287]: DEBUG neutron_lib.callbacks.manager [None req-139a934d-d4e4-4c30-9492-b8c03c14f75d None None] Subscribe: > address_group after_delete 55550000, False {{(pid=102287) subscribe /opt/stack/data/venv/lib/python3.12/site-packages/neutron_lib/callbacks/manager.py:52}}
Mar 30 14:14:04.040203 np0000161226 devstack@neutron-api.service[102287]: DEBUG neutron.plugins.ml2.ovo_rpc [None req-139a934d-d4e4-4c30-9492-b8c03c14f75d None None] ML2 OVO RPC backend initialized. {{(pid=102287) __init__ /opt/stack/neutron/neutron/plugins/ml2/ovo_rpc.py:117}}
Mar 30 14:14:04.040283 np0000161226 devstack@neutron-api.service[102286]: INFO neutron.api.extensions [None req-5d4b82b5-c875-42d5-b1ef-77c6130cf23d None None] Loaded extension: extraroute-atomic
Mar 30 14:14:04.040283 np0000161226 devstack@neutron-api.service[102286]: DEBUG neutron.api.extensions [None req-5d4b82b5-c875-42d5-b1ef-77c6130cf23d None None] Loading extension file: filter_validation.py {{(pid=102286) _load_all_extensions_from_path /opt/stack/neutron/neutron/api/extensions.py:449}}
Mar 30 14:14:04.040283 np0000161226 devstack@neutron-api.service[102286]: DEBUG neutron.api.extensions [None req-5d4b82b5-c875-42d5-b1ef-77c6130cf23d None None] Ext name="Filter parameters validation" alias="filter-validation" description="Provides validation on filter parameters." updated="2018-07-04T10:00:00-00:00" {{(pid=102286) _check_extension /opt/stack/neutron/neutron/api/extensions.py:415}}
Mar 30 14:14:04.040446 np0000161226 devstack@neutron-api.service[102287]: INFO neutron.quota [None req-139a934d-d4e4-4c30-9492-b8c03c14f75d None None] Loaded quota_driver: .
Mar 30 14:14:04.040446 np0000161226 devstack@neutron-api.service[102287]: INFO neutron.plugins.ml2.plugin [None req-139a934d-d4e4-4c30-9492-b8c03c14f75d None None] Modular L2 Plugin initialization complete
Mar 30 14:14:04.040536 np0000161226 devstack@neutron-api.service[102286]: INFO neutron.api.extensions [None req-5d4b82b5-c875-42d5-b1ef-77c6130cf23d None None] Loaded extension: filter-validation
Mar 30 14:14:04.040597 np0000161226 devstack@neutron-api.service[102287]: DEBUG neutron.manager [None req-139a934d-d4e4-4c30-9492-b8c03c14f75d None None] Loading services supported by the core plugin {{(pid=102287) _load_services_from_core_plugin /opt/stack/neutron/neutron/manager.py:170}}
Mar 30 14:14:04.040662 np0000161226 devstack@neutron-api.service[102286]: DEBUG neutron.api.extensions [None req-5d4b82b5-c875-42d5-b1ef-77c6130cf23d None None] Loading extension file: fip_pf_description.py {{(pid=102286) _load_all_extensions_from_path /opt/stack/neutron/neutron/api/extensions.py:449}}
Mar 30 14:14:04.040707 np0000161226 devstack@neutron-api.service[102287]: INFO neutron.plugins.ml2.managers [None req-139a934d-d4e4-4c30-9492-b8c03c14f75d None None] Got port-security extension from driver 'port_security'
Mar 30 14:14:04.040748 np0000161226 devstack@neutron-api.service[102286]: DEBUG neutron.api.extensions [None req-5d4b82b5-c875-42d5-b1ef-77c6130cf23d None None] Ext name="Floating IP Port Forwarding new attribute description" alias="floating-ip-port-forwarding-description" description="Add a description field to Port Forwarding rules" updated="2019-11-01T10:00:00-00:00" {{(pid=102286) _check_extension /opt/stack/neutron/neutron/api/extensions.py:415}}
Mar 30 14:14:04.040805 np0000161226 devstack@neutron-api.service[102287]: DEBUG neutron.manager [None req-139a934d-d4e4-4c30-9492-b8c03c14f75d None None] Loading service plugins: ['ovn-router', 'auto_allocate', 'tag', 'timestamp', 'network_ip_availability', 'flavors', 'revisions'] {{(pid=102287) _load_service_plugins /opt/stack/neutron/neutron/manager.py:195}}
Mar 30 14:14:04.040805 np0000161226 devstack@neutron-api.service[102287]: INFO neutron.manager [None req-139a934d-d4e4-4c30-9492-b8c03c14f75d None None] Loading Plugin: ovn-router
Mar 30 14:14:04.040887 np0000161226 devstack@neutron-api.service[102286]: INFO neutron.api.extensions [None req-5d4b82b5-c875-42d5-b1ef-77c6130cf23d None None] Extension floating-ip-port-forwarding-description not supported by any of loaded plugins
Mar 30 14:14:04.040887 np0000161226 devstack@neutron-api.service[102286]: DEBUG neutron.api.extensions [None req-5d4b82b5-c875-42d5-b1ef-77c6130cf23d None None] Loading extension file: fip_pf_detail.py {{(pid=102286) _load_all_extensions_from_path /opt/stack/neutron/neutron/api/extensions.py:449}}
Mar 30 14:14:04.040887 np0000161226 devstack@neutron-api.service[102286]: DEBUG neutron.api.extensions [None req-5d4b82b5-c875-42d5-b1ef-77c6130cf23d None None] Ext name="Floating IP port forwarding detail" alias="floating-ip-port-forwarding-detail" description="Allow list floating ip return more port forwarding data, include'id' and 'internal_port_id'" updated="2022-05-06T10:00:00-00:00" {{(pid=102286) _check_extension /opt/stack/neutron/neutron/api/extensions.py:415}}
Mar 30 14:14:04.040887 np0000161226 devstack@neutron-api.service[102286]: INFO neutron.api.extensions [None req-5d4b82b5-c875-42d5-b1ef-77c6130cf23d None None] Loaded extension: floating-ip-port-forwarding-detail
Mar 30 14:14:04.040887 np0000161226 devstack@neutron-api.service[102286]: DEBUG neutron.api.extensions [None req-5d4b82b5-c875-42d5-b1ef-77c6130cf23d None None] Loading extension file: fip_pf_port_range.py {{(pid=102286) _load_all_extensions_from_path /opt/stack/neutron/neutron/api/extensions.py:449}}
Mar 30 14:14:04.040887 np0000161226 devstack@neutron-api.service[102286]: DEBUG neutron.api.extensions [None req-5d4b82b5-c875-42d5-b1ef-77c6130cf23d None None] Ext name="Floating IP Port Forwarding support port ranges" alias="floating-ip-port-forwarding-port-ranges" description="Add support to port ranges" updated="2020-07-01T10:00:00-00:00" {{(pid=102286) _check_extension /opt/stack/neutron/neutron/api/extensions.py:415}}
Mar 30 14:14:04.040887 np0000161226 devstack@neutron-api.service[102286]: INFO neutron.api.extensions [None req-5d4b82b5-c875-42d5-b1ef-77c6130cf23d None None] Extension floating-ip-port-forwarding-port-ranges not supported by any of loaded plugins
Mar 30 14:14:04.041146 np0000161226 devstack@neutron-api.service[102286]: DEBUG neutron.api.extensions [None req-5d4b82b5-c875-42d5-b1ef-77c6130cf23d None None] Loading extension file: fip_port_details.py {{(pid=102286) _load_all_extensions_from_path /opt/stack/neutron/neutron/api/extensions.py:449}}
Mar 30 14:14:04.041146 np0000161226 devstack@neutron-api.service[102286]: DEBUG neutron.api.extensions [None req-5d4b82b5-c875-42d5-b1ef-77c6130cf23d None None] Ext name="Floating IP Port Details Extension" alias="fip-port-details" description="Add port_details attribute to Floating IP resource" updated="2018-04-09T10:00:00-00:00" {{(pid=102286) _check_extension /opt/stack/neutron/neutron/api/extensions.py:415}}
Mar 30 14:14:04.041146 np0000161226 devstack@neutron-api.service[102286]: INFO neutron.api.extensions [None req-5d4b82b5-c875-42d5-b1ef-77c6130cf23d None None] Loaded extension: fip-port-details
Mar 30 14:14:04.041146 np0000161226 devstack@neutron-api.service[102286]: DEBUG neutron.api.extensions [None req-5d4b82b5-c875-42d5-b1ef-77c6130cf23d None None] Loading extension file: flavors.py {{(pid=102286) _load_all_extensions_from_path /opt/stack/neutron/neutron/api/extensions.py:449}}
Mar 30 14:14:04.041290 np0000161226 devstack@neutron-api.service[102285]: DEBUG neutron_lib.callbacks.manager [None req-cd357103-fcbb-4666-b746-be37e888a90c None None] Subscribe: > router before_delete 55550000, False {{(pid=102285) subscribe /opt/stack/data/venv/lib/python3.12/site-packages/neutron_lib/callbacks/manager.py:52}}
Mar 30 14:14:04.041331 np0000161226 devstack@neutron-api.service[102286]: DEBUG neutron.api.extensions [None req-5d4b82b5-c875-42d5-b1ef-77c6130cf23d None None] Ext name="Neutron Service Flavors" alias="flavors" description="Flavor specification for Neutron advanced services." updated="2015-09-17T10:00:00-00:00" {{(pid=102286) _check_extension /opt/stack/neutron/neutron/api/extensions.py:415}}
Mar 30 14:14:04.041368 np0000161226 devstack@neutron-api.service[102285]: DEBUG neutron_lib.callbacks.manager [None req-cd357103-fcbb-4666-b746-be37e888a90c None None] Subscribe: port after_update 55550000, False {{(pid=102285) subscribe /opt/stack/data/venv/lib/python3.12/site-packages/neutron_lib/callbacks/manager.py:52}}
Mar 30 14:14:04.041368 np0000161226 devstack@neutron-api.service[102285]: DEBUG neutron_lib.callbacks.manager [None req-cd357103-fcbb-4666-b746-be37e888a90c None None] Subscribe: port after_delete 55550000, False {{(pid=102285) subscribe /opt/stack/data/venv/lib/python3.12/site-packages/neutron_lib/callbacks/manager.py:52}}
Mar 30 14:14:04.041368 np0000161226 devstack@neutron-api.service[102285]: DEBUG neutron_lib.callbacks.manager [None req-cd357103-fcbb-4666-b746-be37e888a90c None None] Subscribe: subnet after_update 55550000, False {{(pid=102285) subscribe /opt/stack/data/venv/lib/python3.12/site-packages/neutron_lib/callbacks/manager.py:52}}
Mar 30 14:14:04.041476 np0000161226 devstack@neutron-api.service[102286]: INFO neutron.api.extensions [None req-5d4b82b5-c875-42d5-b1ef-77c6130cf23d None None] Loaded extension: flavors
Mar 30 14:14:04.041520 np0000161226 devstack@neutron-api.service[102285]: DEBUG neutron_lib.callbacks.manager [None req-cd357103-fcbb-4666-b746-be37e888a90c None None] Subscribe: subnetpool_address_scope after_update 55550000, False {{(pid=102285) subscribe /opt/stack/data/venv/lib/python3.12/site-packages/neutron_lib/callbacks/manager.py:52}}
Mar 30 14:14:04.041565 np0000161226 devstack@neutron-api.service[102286]: DEBUG neutron.api.extensions [None req-5d4b82b5-c875-42d5-b1ef-77c6130cf23d None None] Loading extension file: floating_ip_port_forwarding.py {{(pid=102286) _load_all_extensions_from_path /opt/stack/neutron/neutron/api/extensions.py:449}}
Mar 30 14:14:04.041635 np0000161226 devstack@neutron-api.service[102285]: DEBUG neutron_lib.callbacks.manager [None req-cd357103-fcbb-4666-b746-be37e888a90c None None] Subscribe: port before_update 55550000, False {{(pid=102285) subscribe /opt/stack/data/venv/lib/python3.12/site-packages/neutron_lib/callbacks/manager.py:52}}
Mar 30 14:14:04.041635 np0000161226 devstack@neutron-api.service[102285]: DEBUG neutron_lib.callbacks.manager [None req-cd357103-fcbb-4666-b746-be37e888a90c None None] Subscribe: port after_update 55550000, False {{(pid=102285) subscribe /opt/stack/data/venv/lib/python3.12/site-packages/neutron_lib/callbacks/manager.py:52}}
Mar 30 14:14:04.041635 np0000161226 devstack@neutron-api.service[102285]: DEBUG neutron_lib.callbacks.manager [None req-cd357103-fcbb-4666-b746-be37e888a90c None None] Subscribe: > port precommit_delete 55550000, False {{(pid=102285) subscribe /opt/stack/data/venv/lib/python3.12/site-packages/neutron_lib/callbacks/manager.py:52}}
Mar 30 14:14:04.041635 np0000161226 devstack@neutron-api.service[102285]: DEBUG neutron_lib.callbacks.manager [None req-cd357103-fcbb-4666-b746-be37e888a90c None None] Subscribe: port before_update 55550000, False {{(pid=102285) subscribe /opt/stack/data/venv/lib/python3.12/site-packages/neutron_lib/callbacks/manager.py:52}}
Mar 30 14:14:04.041799 np0000161226 devstack@neutron-api.service[102286]: DEBUG neutron.api.extensions [None req-5d4b82b5-c875-42d5-b1ef-77c6130cf23d None None] Ext name="Floating IP Port Forwarding" alias="floating-ip-port-forwarding" description="Allow port forwarding from floating IP port to an internal port" updated="2018-01-19T10:00:00-00:00" {{(pid=102286) _check_extension /opt/stack/neutron/neutron/api/extensions.py:415}}
Mar 30 14:14:04.041844 np0000161226 devstack@neutron-api.service[102285]: DEBUG neutron_lib.callbacks.manager [None req-cd357103-fcbb-4666-b746-be37e888a90c None None] Subscribe: port before_delete 55550000, False {{(pid=102285) subscribe /opt/stack/data/venv/lib/python3.12/site-packages/neutron_lib/callbacks/manager.py:52}}
Mar 30 14:14:04.041844 np0000161226 devstack@neutron-api.service[102285]: DEBUG neutron_lib.callbacks.manager [None req-cd357103-fcbb-4666-b746-be37e888a90c None None] Subscribe: > router precommit_create 55550000, False {{(pid=102285) subscribe /opt/stack/data/venv/lib/python3.12/site-packages/neutron_lib/callbacks/manager.py:52}}
Mar 30 14:14:04.041844 np0000161226 devstack@neutron-api.service[102285]: DEBUG neutron_lib.callbacks.manager [None req-cd357103-fcbb-4666-b746-be37e888a90c None None] Subscribe: > router precommit_create 55550000, False {{(pid=102285) subscribe /opt/stack/data/venv/lib/python3.12/site-packages/neutron_lib/callbacks/manager.py:52}}
Mar 30 14:14:04.041961 np0000161226 devstack@neutron-api.service[102286]: INFO neutron.api.extensions [None req-5d4b82b5-c875-42d5-b1ef-77c6130cf23d None None] Extension floating-ip-port-forwarding not supported by any of loaded plugins
Mar 30 14:14:04.042011 np0000161226 devstack@neutron-api.service[102285]: DEBUG neutron_lib.callbacks.manager [None req-cd357103-fcbb-4666-b746-be37e888a90c None None] Subscribe: > router precommit_update 55550000, False {{(pid=102285) subscribe /opt/stack/data/venv/lib/python3.12/site-packages/neutron_lib/callbacks/manager.py:52}}
Mar 30 14:14:04.042062 np0000161226 devstack@neutron-api.service[102286]: DEBUG neutron.api.extensions [None req-5d4b82b5-c875-42d5-b1ef-77c6130cf23d None None] Loading extension file: floatingip_pools.py {{(pid=102286) _load_all_extensions_from_path /opt/stack/neutron/neutron/api/extensions.py:449}}
Mar 30 14:14:04.042108 np0000161226 devstack@neutron-api.service[102285]: DEBUG neutron_lib.callbacks.manager [None req-cd357103-fcbb-4666-b746-be37e888a90c None None] Subscribe: subnet after_update 55550000, False {{(pid=102285) subscribe /opt/stack/data/venv/lib/python3.12/site-packages/neutron_lib/callbacks/manager.py:52}}
Mar 30 14:14:04.042194 np0000161226 devstack@neutron-api.service[102286]: DEBUG neutron.api.extensions [None req-5d4b82b5-c875-42d5-b1ef-77c6130cf23d None None] Ext name="Floating IP Pools Extension" alias="floatingip-pools" description="Provides a floating IP pools API." updated="2018-03-21T10:00:00-00:00" {{(pid=102286) _check_extension /opt/stack/neutron/neutron/api/extensions.py:415}}
Mar 30 14:14:04.042194 np0000161226 devstack@neutron-api.service[102286]: INFO neutron.api.extensions [None req-5d4b82b5-c875-42d5-b1ef-77c6130cf23d None None] Loaded extension: floatingip-pools
Mar 30 14:14:04.042346 np0000161226 devstack@neutron-api.service[102285]: DEBUG neutron.quota.resource_registry [None req-cd357103-fcbb-4666-b746-be37e888a90c None None] Tracking information for resource: router configured {{(pid=102285) set_tracked_resource /opt/stack/neutron/neutron/quota/resource_registry.py:203}}
Mar 30 14:14:04.042428 np0000161226 devstack@neutron-api.service[102286]: DEBUG neutron.api.extensions [None req-5d4b82b5-c875-42d5-b1ef-77c6130cf23d None None] Loading extension file: ip_allocation.py {{(pid=102286) _load_all_extensions_from_path /opt/stack/neutron/neutron/api/extensions.py:449}}
Mar 30 14:14:04.042506 np0000161226 devstack@neutron-api.service[102285]: DEBUG neutron.quota.resource_registry [None req-cd357103-fcbb-4666-b746-be37e888a90c None None] Tracking information for resource: floatingip configured {{(pid=102285) set_tracked_resource /opt/stack/neutron/neutron/quota/resource_registry.py:203}}
Mar 30 14:14:04.042506 np0000161226 devstack@neutron-api.service[102285]: INFO neutron.services.ovn_l3.plugin [None req-cd357103-fcbb-4666-b746-be37e888a90c None None] Starting OVNL3RouterPlugin
Mar 30 14:14:04.042701 np0000161226 devstack@neutron-api.service[102286]: DEBUG neutron.api.extensions [None req-5d4b82b5-c875-42d5-b1ef-77c6130cf23d None None] Ext name="IP Allocation" alias="ip_allocation" description="IP allocation extension." updated="2016-06-10T23:00:00-00:00" {{(pid=102286) _check_extension /opt/stack/neutron/neutron/api/extensions.py:415}}
Mar 30 14:14:04.042786 np0000161226 devstack@neutron-api.service[102285]: DEBUG neutron_lib.callbacks.manager [None req-cd357103-fcbb-4666-b746-be37e888a90c None None] Subscribe: > port_forwarding_plugin after_init 55550000, False {{(pid=102285) subscribe /opt/stack/data/venv/lib/python3.12/site-packages/neutron_lib/callbacks/manager.py:52}}
Mar 30 14:14:04.042870 np0000161226 devstack@neutron-api.service[102286]: INFO neutron.api.extensions [None req-5d4b82b5-c875-42d5-b1ef-77c6130cf23d None None] Extension ip_allocation not supported by any of loaded plugins
Mar 30 14:14:04.042961 np0000161226 devstack@neutron-api.service[102285]: DEBUG neutron_lib.callbacks.manager [None req-cd357103-fcbb-4666-b746-be37e888a90c None None] Subscribe: > router before_create 55550100, False {{(pid=102285) subscribe /opt/stack/data/venv/lib/python3.12/site-packages/neutron_lib/callbacks/manager.py:52}}
Mar 30 14:14:04.043013 np0000161226 devstack@neutron-api.service[102286]: DEBUG neutron.api.extensions [None req-5d4b82b5-c875-42d5-b1ef-77c6130cf23d None None] Loading extension file: ip_substring_port_filtering.py {{(pid=102286) _load_all_extensions_from_path /opt/stack/neutron/neutron/api/extensions.py:449}}
Mar 30 14:14:04.043090 np0000161226 devstack@neutron-api.service[102285]: DEBUG neutron_lib.callbacks.manager [None req-cd357103-fcbb-4666-b746-be37e888a90c None None] Subscribe: > router precommit_delete 55550100, False {{(pid=102285) subscribe /opt/stack/data/venv/lib/python3.12/site-packages/neutron_lib/callbacks/manager.py:52}}
Mar 30 14:14:04.043090 np0000161226 devstack@neutron-api.service[102285]: DEBUG neutron_lib.callbacks.manager [None req-cd357103-fcbb-4666-b746-be37e888a90c None None] Subscribe: > router precommit_create 55550100, False {{(pid=102285) subscribe /opt/stack/data/venv/lib/python3.12/site-packages/neutron_lib/callbacks/manager.py:52}}
Mar 30 14:14:04.043090 np0000161226 devstack@neutron-api.service[102285]: DEBUG neutron_lib.callbacks.manager [None req-cd357103-fcbb-4666-b746-be37e888a90c None None] Subscribe: > router precommit_update 55550100, False {{(pid=102285) subscribe /opt/stack/data/venv/lib/python3.12/site-packages/neutron_lib/callbacks/manager.py:52}}
Mar 30 14:14:04.043275 np0000161226 devstack@neutron-api.service[102286]: DEBUG neutron.api.extensions [None req-5d4b82b5-c875-42d5-b1ef-77c6130cf23d None None] Ext name="IP address substring filtering" alias="ip-substring-filtering" description="Provides IP address substring filtering when listing ports" updated="2017-11-28T09:00:00-00:00" {{(pid=102286) _check_extension /opt/stack/neutron/neutron/api/extensions.py:415}}
Mar 30 14:14:04.043275 np0000161226 devstack@neutron-api.service[102286]: INFO neutron.api.extensions [None req-5d4b82b5-c875-42d5-b1ef-77c6130cf23d None None] Extension ip-substring-filtering not supported by any of loaded plugins
Mar 30 14:14:04.043275 np0000161226 devstack@neutron-api.service[102286]: DEBUG neutron.api.extensions [None req-5d4b82b5-c875-42d5-b1ef-77c6130cf23d None None] Loading extension file: l2_adjacency.py {{(pid=102286) _load_all_extensions_from_path /opt/stack/neutron/neutron/api/extensions.py:449}}
Mar 30 14:14:04.043275 np0000161226 devstack@neutron-api.service[102286]: DEBUG neutron.api.extensions [None req-5d4b82b5-c875-42d5-b1ef-77c6130cf23d None None] Ext name="L2 Adjacency" alias="l2_adjacency" description="Display L2 Adjacency for Neutron Networks." updated="2016-04-12T16:00:00-00:00" {{(pid=102286) _check_extension /opt/stack/neutron/neutron/api/extensions.py:415}}
Mar 30 14:14:04.043275 np0000161226 devstack@neutron-api.service[102286]: INFO neutron.api.extensions [None req-5d4b82b5-c875-42d5-b1ef-77c6130cf23d None None] Extension l2_adjacency not supported by any of loaded plugins
Mar 30 14:14:04.043275 np0000161226 devstack@neutron-api.service[102286]: DEBUG neutron.api.extensions [None req-5d4b82b5-c875-42d5-b1ef-77c6130cf23d None None] Loading extension file: l3.py {{(pid=102286) _load_all_extensions_from_path /opt/stack/neutron/neutron/api/extensions.py:449}}
Mar 30 14:14:04.043556 np0000161226 devstack@neutron-api.service[102286]: DEBUG neutron.api.extensions [None req-5d4b82b5-c875-42d5-b1ef-77c6130cf23d None None] Ext name="Neutron L3 Router" alias="router" description="Router abstraction for basic L3 forwarding between L2 Neutron networks and access to external networks via a NAT gateway." updated="2012-07-20T10:00:00-00:00" {{(pid=102286) _check_extension /opt/stack/neutron/neutron/api/extensions.py:415}}
Mar 30 14:14:04.043556 np0000161226 devstack@neutron-api.service[102286]: INFO neutron.api.extensions [None req-5d4b82b5-c875-42d5-b1ef-77c6130cf23d None None] Loaded extension: router
Mar 30 14:14:04.043556 np0000161226 devstack@neutron-api.service[102286]: DEBUG neutron.api.extensions [None req-5d4b82b5-c875-42d5-b1ef-77c6130cf23d None None] Loading extension file: l3_conntrack_helper.py {{(pid=102286) _load_all_extensions_from_path /opt/stack/neutron/neutron/api/extensions.py:449}}
Mar 30 14:14:04.043556 np0000161226 devstack@neutron-api.service[102286]: DEBUG neutron.api.extensions [None req-5d4b82b5-c875-42d5-b1ef-77c6130cf23d None None] Ext name="L3 Conntrack helper" alias="l3-conntrack-helper" description="Allow adding CT target rules for conntrack helper" updated="2019-04-04T10:00:00-00:00" {{(pid=102286) _check_extension /opt/stack/neutron/neutron/api/extensions.py:415}}
Mar 30 14:14:04.043556 np0000161226 devstack@neutron-api.service[102286]: INFO neutron.api.extensions [None req-5d4b82b5-c875-42d5-b1ef-77c6130cf23d None None] Extension l3-conntrack-helper not supported by any of loaded plugins
Mar 30 14:14:04.044374 np0000161226 devstack@neutron-api.service[102285]: DEBUG neutron.services.provider_configuration [None req-cd357103-fcbb-4666-b746-be37e888a90c None None] Service providers = [] {{(pid=102285) parse_service_provider_opt /opt/stack/neutron/neutron/services/provider_configuration.py:170}}
Mar 30 14:14:04.044374 np0000161226 devstack@neutron-api.service[102285]: DEBUG neutron.db.servicetype_db [None req-cd357103-fcbb-4666-b746-be37e888a90c None None] Adding provider configuration for service L3_ROUTER_NAT {{(pid=102285) add_provider_configuration /opt/stack/neutron/neutron/db/servicetype_db.py:42}}
Mar 30 14:14:04.044732 np0000161226 devstack@neutron-api.service[102286]: DEBUG neutron.api.extensions [None req-5d4b82b5-c875-42d5-b1ef-77c6130cf23d None None] Loading extension file: l3_enable_default_route_bfd.py {{(pid=102286) _load_all_extensions_from_path /opt/stack/neutron/neutron/api/extensions.py:449}}
Mar 30 14:14:04.044869 np0000161226 devstack@neutron-api.service[102287]: DEBUG neutron_lib.callbacks.manager [None req-139a934d-d4e4-4c30-9492-b8c03c14f75d None None] Subscribe: > router before_delete 55550000, False {{(pid=102287) subscribe /opt/stack/data/venv/lib/python3.12/site-packages/neutron_lib/callbacks/manager.py:52}}
Mar 30 14:14:04.044958 np0000161226 devstack@neutron-api.service[102286]: DEBUG neutron.api.extensions [None req-5d4b82b5-c875-42d5-b1ef-77c6130cf23d None None] Ext name="Enable Default Route BFD" alias="enable-default-route-bfd" description="Enables configurable BFD behavior for default routes" updated="2023-02-27T00:00:00-00:00" {{(pid=102286) _check_extension /opt/stack/neutron/neutron/api/extensions.py:415}}
Mar 30 14:14:04.045012 np0000161226 devstack@neutron-api.service[102287]: DEBUG neutron_lib.callbacks.manager [None req-139a934d-d4e4-4c30-9492-b8c03c14f75d None None] Subscribe: port after_update 55550000, False {{(pid=102287) subscribe /opt/stack/data/venv/lib/python3.12/site-packages/neutron_lib/callbacks/manager.py:52}}
Mar 30 14:14:04.045012 np0000161226 devstack@neutron-api.service[102287]: DEBUG neutron_lib.callbacks.manager [None req-139a934d-d4e4-4c30-9492-b8c03c14f75d None None] Subscribe: port after_delete 55550000, False {{(pid=102287) subscribe /opt/stack/data/venv/lib/python3.12/site-packages/neutron_lib/callbacks/manager.py:52}}
Mar 30 14:14:04.045168 np0000161226 devstack@neutron-api.service[102286]: INFO neutron.api.extensions [None req-5d4b82b5-c875-42d5-b1ef-77c6130cf23d None None] Loaded extension: enable-default-route-bfd
Mar 30 14:14:04.045210 np0000161226 devstack@neutron-api.service[102287]: DEBUG neutron_lib.callbacks.manager [None req-139a934d-d4e4-4c30-9492-b8c03c14f75d None None] Subscribe: subnet after_update 55550000, False {{(pid=102287) subscribe /opt/stack/data/venv/lib/python3.12/site-packages/neutron_lib/callbacks/manager.py:52}}
Mar 30 14:14:04.045255 np0000161226 devstack@neutron-api.service[102286]: DEBUG neutron.api.extensions [None req-5d4b82b5-c875-42d5-b1ef-77c6130cf23d None None] Loading extension file: l3_enable_default_route_ecmp.py {{(pid=102286) _load_all_extensions_from_path /opt/stack/neutron/neutron/api/extensions.py:449}}
Mar 30 14:14:04.045350 np0000161226 devstack@neutron-api.service[102287]: DEBUG neutron_lib.callbacks.manager [None req-139a934d-d4e4-4c30-9492-b8c03c14f75d None None] Subscribe: subnetpool_address_scope after_update 55550000, False {{(pid=102287) subscribe /opt/stack/data/venv/lib/python3.12/site-packages/neutron_lib/callbacks/manager.py:52}}
Mar 30 14:14:04.045350 np0000161226 devstack@neutron-api.service[102287]: DEBUG neutron_lib.callbacks.manager [None req-139a934d-d4e4-4c30-9492-b8c03c14f75d None None] Subscribe: port before_update 55550000, False {{(pid=102287) subscribe /opt/stack/data/venv/lib/python3.12/site-packages/neutron_lib/callbacks/manager.py:52}}
Mar 30 14:14:04.045350 np0000161226 devstack@neutron-api.service[102287]: DEBUG neutron_lib.callbacks.manager [None req-139a934d-d4e4-4c30-9492-b8c03c14f75d None None] Subscribe: port after_update 55550000, False {{(pid=102287) subscribe /opt/stack/data/venv/lib/python3.12/site-packages/neutron_lib/callbacks/manager.py:52}}
Mar 30 14:14:04.045515 np0000161226 devstack@neutron-api.service[102286]: DEBUG neutron.api.extensions [None req-5d4b82b5-c875-42d5-b1ef-77c6130cf23d None None] Ext name="Enable Default Route ECMP" alias="enable-default-route-ecmp" description="Enables configurable ECMP behavior for default routes" updated="2023-02-27T00:00:00-00:00" {{(pid=102286) _check_extension /opt/stack/neutron/neutron/api/extensions.py:415}}
Mar 30 14:14:04.045561 np0000161226 devstack@neutron-api.service[102287]: DEBUG neutron_lib.callbacks.manager [None req-139a934d-d4e4-4c30-9492-b8c03c14f75d None None] Subscribe: > port precommit_delete 55550000, False {{(pid=102287) subscribe /opt/stack/data/venv/lib/python3.12/site-packages/neutron_lib/callbacks/manager.py:52}}
Mar 30 14:14:04.045561 np0000161226 devstack@neutron-api.service[102287]: DEBUG neutron_lib.callbacks.manager [None req-139a934d-d4e4-4c30-9492-b8c03c14f75d None None] Subscribe: port before_update 55550000, False {{(pid=102287) subscribe /opt/stack/data/venv/lib/python3.12/site-packages/neutron_lib/callbacks/manager.py:52}}
Mar 30 14:14:04.045561 np0000161226 devstack@neutron-api.service[102287]: DEBUG neutron_lib.callbacks.manager [None req-139a934d-d4e4-4c30-9492-b8c03c14f75d None None] Subscribe: port before_delete 55550000, False {{(pid=102287) subscribe /opt/stack/data/venv/lib/python3.12/site-packages/neutron_lib/callbacks/manager.py:52}}
Mar 30 14:14:04.045716 np0000161226 devstack@neutron-api.service[102286]: INFO neutron.api.extensions [None req-5d4b82b5-c875-42d5-b1ef-77c6130cf23d None None] Loaded extension: enable-default-route-ecmp
Mar 30 14:14:04.045762 np0000161226 devstack@neutron-api.service[102287]: DEBUG neutron_lib.callbacks.manager [None req-139a934d-d4e4-4c30-9492-b8c03c14f75d None None] Subscribe: > router precommit_create 55550000, False {{(pid=102287) subscribe /opt/stack/data/venv/lib/python3.12/site-packages/neutron_lib/callbacks/manager.py:52}}
Mar 30 14:14:04.045894 np0000161226 devstack@neutron-api.service[102285]: DEBUG neutron_lib.callbacks.manager [None req-cd357103-fcbb-4666-b746-be37e888a90c None None] Subscribe: > router precommit_create 55549900, False {{(pid=102285) subscribe /opt/stack/data/venv/lib/python3.12/site-packages/neutron_lib/callbacks/manager.py:52}}
Mar 30 14:14:04.046052 np0000161226 devstack@neutron-api.service[102286]: DEBUG neutron.api.extensions [None req-5d4b82b5-c875-42d5-b1ef-77c6130cf23d None None] Loading extension file: l3_ext_gw_mode.py {{(pid=102286) _load_all_extensions_from_path /opt/stack/neutron/neutron/api/extensions.py:449}}
Mar 30 14:14:04.046161 np0000161226 devstack@neutron-api.service[102287]: DEBUG neutron_lib.callbacks.manager [None req-139a934d-d4e4-4c30-9492-b8c03c14f75d None None] Subscribe: > router precommit_create 55550000, False {{(pid=102287) subscribe /opt/stack/data/venv/lib/python3.12/site-packages/neutron_lib/callbacks/manager.py:52}}
Mar 30 14:14:04.046291 np0000161226 devstack@neutron-api.service[102285]: DEBUG neutron_lib.callbacks.manager [None req-cd357103-fcbb-4666-b746-be37e888a90c None None] Subscribe: > router_interface after_create 55550000, False {{(pid=102285) subscribe /opt/stack/data/venv/lib/python3.12/site-packages/neutron_lib/callbacks/manager.py:52}}
Mar 30 14:14:04.046337 np0000161226 devstack@neutron-api.service[102287]: DEBUG neutron_lib.callbacks.manager [None req-139a934d-d4e4-4c30-9492-b8c03c14f75d None None] Subscribe: > router precommit_update 55550000, False {{(pid=102287) subscribe /opt/stack/data/venv/lib/python3.12/site-packages/neutron_lib/callbacks/manager.py:52}}
Mar 30 14:14:04.046425 np0000161226 devstack@neutron-api.service[102285]: DEBUG neutron_lib.callbacks.manager [None req-cd357103-fcbb-4666-b746-be37e888a90c None None] Subscribe: > floatingip after_create 55550000, False {{(pid=102285) subscribe /opt/stack/data/venv/lib/python3.12/site-packages/neutron_lib/callbacks/manager.py:52}}
Mar 30 14:14:04.046481 np0000161226 devstack@neutron-api.service[102287]: DEBUG neutron_lib.callbacks.manager [None req-139a934d-d4e4-4c30-9492-b8c03c14f75d None None] Subscribe: subnet after_update 55550000, False {{(pid=102287) subscribe /opt/stack/data/venv/lib/python3.12/site-packages/neutron_lib/callbacks/manager.py:52}}
Mar 30 14:14:04.046593 np0000161226 devstack@neutron-api.service[102285]: DEBUG neutron_lib.callbacks.manager [None req-cd357103-fcbb-4666-b746-be37e888a90c None None] Subscribe: > floatingip precommit_create 55550000, False {{(pid=102285) subscribe /opt/stack/data/venv/lib/python3.12/site-packages/neutron_lib/callbacks/manager.py:52}}
Mar 30 14:14:04.046707 np0000161226 devstack@neutron-api.service[102286]: DEBUG neutron.api.extensions [None req-5d4b82b5-c875-42d5-b1ef-77c6130cf23d None None] Ext name="Neutron L3 Configurable external gateway mode" alias="ext-gw-mode" description="Extension of the router abstraction for specifying whether SNAT should occur on the external gateway" updated="2013-03-28T10:00:00-00:00" {{(pid=102286) _check_extension /opt/stack/neutron/neutron/api/extensions.py:415}}
Mar 30 14:14:04.046802 np0000161226 devstack@neutron-api.service[102285]: DEBUG neutron_lib.callbacks.manager [None req-cd357103-fcbb-4666-b746-be37e888a90c None None] Subscribe: > floatingip precommit_update 55550000, False {{(pid=102285) subscribe /opt/stack/data/venv/lib/python3.12/site-packages/neutron_lib/callbacks/manager.py:52}}
Mar 30 14:14:04.046802 np0000161226 devstack@neutron-api.service[102285]: DEBUG neutron_lib.callbacks.manager [None req-cd357103-fcbb-4666-b746-be37e888a90c None None] Subscribe: > floatingip after_delete 55550000, False {{(pid=102285) subscribe /opt/stack/data/venv/lib/python3.12/site-packages/neutron_lib/callbacks/manager.py:52}}
Mar 30 14:14:04.046900 np0000161226 devstack@neutron-api.service[102286]: INFO neutron.api.extensions [None req-5d4b82b5-c875-42d5-b1ef-77c6130cf23d None None] Loaded extension: ext-gw-mode
Mar 30 14:14:04.046990 np0000161226 devstack@neutron-api.service[102285]: DEBUG neutron_lib.callbacks.manager [None req-cd357103-fcbb-4666-b746-be37e888a90c None None] Subscribe: > floatingip after_status_update 55550000, False {{(pid=102285) subscribe /opt/stack/data/venv/lib/python3.12/site-packages/neutron_lib/callbacks/manager.py:52}}
Mar 30 14:14:04.047112 np0000161226 devstack@neutron-api.service[102286]: DEBUG neutron.api.extensions [None req-5d4b82b5-c875-42d5-b1ef-77c6130cf23d None None] Loading extension file: l3_ext_ha_mode.py {{(pid=102286) _load_all_extensions_from_path /opt/stack/neutron/neutron/api/extensions.py:449}}
Mar 30 14:14:04.047283 np0000161226 devstack@neutron-api.service[102285]: DEBUG neutron_lib.callbacks.manager [None req-cd357103-fcbb-4666-b746-be37e888a90c None None] Subscribe: > floatingip after_update 55550000, False {{(pid=102285) subscribe /opt/stack/data/venv/lib/python3.12/site-packages/neutron_lib/callbacks/manager.py:52}}
Mar 30 14:14:04.047283 np0000161226 devstack@neutron-api.service[102285]: DEBUG neutron_lib.callbacks.manager [None req-cd357103-fcbb-4666-b746-be37e888a90c None None] Subscribe: > port_forwarding after_create 55550000, False {{(pid=102285) subscribe /opt/stack/data/venv/lib/python3.12/site-packages/neutron_lib/callbacks/manager.py:52}}
Mar 30 14:14:04.047283 np0000161226 devstack@neutron-api.service[102285]: DEBUG neutron_lib.callbacks.manager [None req-cd357103-fcbb-4666-b746-be37e888a90c None None] Subscribe: > router_interface after_delete 55550000, False {{(pid=102285) subscribe /opt/stack/data/venv/lib/python3.12/site-packages/neutron_lib/callbacks/manager.py:52}}
Mar 30 14:14:04.047545 np0000161226 devstack@neutron-api.service[102286]: DEBUG neutron.api.extensions [None req-5d4b82b5-c875-42d5-b1ef-77c6130cf23d None None] Ext name="HA Router extension" alias="l3-ha" description="Adds HA capability to routers." updated="2014-04-26T00:00:00-00:00" {{(pid=102286) _check_extension /opt/stack/neutron/neutron/api/extensions.py:415}}
Mar 30 14:14:04.047796 np0000161226 devstack@neutron-api.service[102287]: DEBUG neutron.quota.resource_registry [None req-139a934d-d4e4-4c30-9492-b8c03c14f75d None None] Tracking information for resource: router configured {{(pid=102287) set_tracked_resource /opt/stack/neutron/neutron/quota/resource_registry.py:203}}
Mar 30 14:14:04.047890 np0000161226 devstack@neutron-api.service[102285]: DEBUG neutron_lib.callbacks.manager [None req-cd357103-fcbb-4666-b746-be37e888a90c None None] Subscribe: > router after_create 55550000, False {{(pid=102285) subscribe /opt/stack/data/venv/lib/python3.12/site-packages/neutron_lib/callbacks/manager.py:52}}
Mar 30 14:14:04.047999 np0000161226 devstack@neutron-api.service[102287]: DEBUG neutron.quota.resource_registry [None req-139a934d-d4e4-4c30-9492-b8c03c14f75d None None] Tracking information for resource: floatingip configured {{(pid=102287) set_tracked_resource /opt/stack/neutron/neutron/quota/resource_registry.py:203}}
Mar 30 14:14:04.048108 np0000161226 devstack@neutron-api.service[102285]: DEBUG neutron_lib.callbacks.manager [None req-cd357103-fcbb-4666-b746-be37e888a90c None None] Subscribe: > router precommit_create 55550000, False {{(pid=102285) subscribe /opt/stack/data/venv/lib/python3.12/site-packages/neutron_lib/callbacks/manager.py:52}}
Mar 30 14:14:04.048203 np0000161226 devstack@neutron-api.service[102287]: INFO neutron.services.ovn_l3.plugin [None req-139a934d-d4e4-4c30-9492-b8c03c14f75d None None] Starting OVNL3RouterPlugin
Mar 30 14:14:04.048290 np0000161226 devstack@neutron-api.service[102286]: INFO neutron.api.extensions [None req-5d4b82b5-c875-42d5-b1ef-77c6130cf23d None None] Loaded extension: l3-ha
Mar 30 14:14:04.048407 np0000161226 devstack@neutron-api.service[102285]: DEBUG neutron_lib.callbacks.manager [None req-cd357103-fcbb-4666-b746-be37e888a90c None None] Subscribe: > router after_delete 55550000, False {{(pid=102285) subscribe /opt/stack/data/venv/lib/python3.12/site-packages/neutron_lib/callbacks/manager.py:52}}
Mar 30 14:14:04.048407 np0000161226 devstack@neutron-api.service[102285]: DEBUG neutron_lib.callbacks.manager [None req-cd357103-fcbb-4666-b746-be37e888a90c None None] Subscribe: > router after_update 55550000, False {{(pid=102285) subscribe /opt/stack/data/venv/lib/python3.12/site-packages/neutron_lib/callbacks/manager.py:52}}
Mar 30 14:14:04.048501 np0000161226 devstack@neutron-api.service[102286]: DEBUG neutron.api.extensions [None req-5d4b82b5-c875-42d5-b1ef-77c6130cf23d None None] Loading extension file: l3_ext_ndp_proxy.py {{(pid=102286) _load_all_extensions_from_path /opt/stack/neutron/neutron/api/extensions.py:449}}
Mar 30 14:14:04.048656 np0000161226 devstack@neutron-api.service[102287]: DEBUG neutron_lib.callbacks.manager [None req-139a934d-d4e4-4c30-9492-b8c03c14f75d None None] Subscribe: > port_forwarding_plugin after_init 55550000, False {{(pid=102287) subscribe /opt/stack/data/venv/lib/python3.12/site-packages/neutron_lib/callbacks/manager.py:52}}
Mar 30 14:14:04.048797 np0000161226 devstack@neutron-api.service[102285]: DEBUG neutron.services.service_base [None req-cd357103-fcbb-4666-b746-be37e888a90c None None] Loaded 'neutron.services.ovn_l3.service_providers.ovn.OvnDriver' provider for service L3_ROUTER_NAT {{(pid=102285) load_drivers /opt/stack/neutron/neutron/services/service_base.py:49}}
Mar 30 14:14:04.048797 np0000161226 devstack@neutron-api.service[102285]: DEBUG neutron_lib.callbacks.manager [None req-cd357103-fcbb-4666-b746-be37e888a90c None None] Subscribe: > process after_init 55550001, True {{(pid=102285) subscribe /opt/stack/data/venv/lib/python3.12/site-packages/neutron_lib/callbacks/manager.py:52}}
Mar 30 14:14:04.048979 np0000161226 devstack@neutron-api.service[102287]: DEBUG neutron_lib.callbacks.manager [None req-139a934d-d4e4-4c30-9492-b8c03c14f75d None None] Subscribe: > router before_create 55550100, False {{(pid=102287) subscribe /opt/stack/data/venv/lib/python3.12/site-packages/neutron_lib/callbacks/manager.py:52}}
Mar 30 14:14:04.049030 np0000161226 devstack@neutron-api.service[102286]: DEBUG neutron.api.extensions [None req-5d4b82b5-c875-42d5-b1ef-77c6130cf23d None None] Ext name="Router support to enable NDP proxy" alias="l3-ext-ndp-proxy" description="Router extension to enable ndp proxy" updated="2020-08-25T00:00:00-00:00" {{(pid=102286) _check_extension /opt/stack/neutron/neutron/api/extensions.py:415}}
Mar 30 14:14:04.049146 np0000161226 devstack@neutron-api.service[102285]: DEBUG neutron.manager [None req-cd357103-fcbb-4666-b746-be37e888a90c None None] Successfully loaded L3_ROUTER_NAT plugin. Description: L3 Router Service Plugin for basic L3 forwarding using OVN {{(pid=102285) _create_and_add_service_plugin /opt/stack/neutron/neutron/manager.py:239}}
Mar 30 14:14:04.049194 np0000161226 devstack@neutron-api.service[102287]: DEBUG neutron_lib.callbacks.manager [None req-139a934d-d4e4-4c30-9492-b8c03c14f75d None None] Subscribe: > router precommit_delete 55550100, False {{(pid=102287) subscribe /opt/stack/data/venv/lib/python3.12/site-packages/neutron_lib/callbacks/manager.py:52}}
Mar 30 14:14:04.049238 np0000161226 devstack@neutron-api.service[102285]: INFO neutron.manager [None req-cd357103-fcbb-4666-b746-be37e888a90c None None] Loading Plugin: auto_allocate
Mar 30 14:14:04.049284 np0000161226 devstack@neutron-api.service[102287]: DEBUG neutron_lib.callbacks.manager [None req-139a934d-d4e4-4c30-9492-b8c03c14f75d None None] Subscribe: > router precommit_create 55550100, False {{(pid=102287) subscribe /opt/stack/data/venv/lib/python3.12/site-packages/neutron_lib/callbacks/manager.py:52}}
Mar 30 14:14:04.049330 np0000161226 devstack@neutron-api.service[102286]: INFO neutron.api.extensions [None req-5d4b82b5-c875-42d5-b1ef-77c6130cf23d None None] Extension l3-ext-ndp-proxy not supported by any of loaded plugins
Mar 30 14:14:04.049533 np0000161226 devstack@neutron-api.service[102287]: DEBUG neutron_lib.callbacks.manager [None req-139a934d-d4e4-4c30-9492-b8c03c14f75d None None] Subscribe: > router precommit_update 55550100, False {{(pid=102287) subscribe /opt/stack/data/venv/lib/python3.12/site-packages/neutron_lib/callbacks/manager.py:52}}
Mar 30 14:14:04.049731 np0000161226 devstack@neutron-api.service[102286]: DEBUG neutron.api.extensions [None req-5d4b82b5-c875-42d5-b1ef-77c6130cf23d None None] Loading extension file: l3_extra_gws.py {{(pid=102286) _load_all_extensions_from_path /opt/stack/neutron/neutron/api/extensions.py:449}}
Mar 30 14:14:04.049731 np0000161226 devstack@neutron-api.service[102286]: DEBUG neutron.api.extensions [None req-5d4b82b5-c875-42d5-b1ef-77c6130cf23d None None] Ext name="Neutron L3 External Gateway Multihoming" alias="external-gateway-multihoming" description="Allow multiple external gateway ports per router" updated="2023-01-18T00:00:00-00:00" {{(pid=102286) _check_extension /opt/stack/neutron/neutron/api/extensions.py:415}}
Mar 30 14:14:04.049731 np0000161226 devstack@neutron-api.service[102286]: INFO neutron.api.extensions [None req-5d4b82b5-c875-42d5-b1ef-77c6130cf23d None None] Loaded extension: external-gateway-multihoming
Mar 30 14:14:04.050136 np0000161226 devstack@neutron-api.service[102285]: DEBUG neutron_lib.callbacks.manager [None req-cd357103-fcbb-4666-b746-be37e888a90c None None] Subscribe: network precommit_update 55550000, False {{(pid=102285) subscribe /opt/stack/data/venv/lib/python3.12/site-packages/neutron_lib/callbacks/manager.py:52}}
Mar 30 14:14:04.050543 np0000161226 devstack@neutron-api.service[102286]: DEBUG neutron.api.extensions [None req-5d4b82b5-c875-42d5-b1ef-77c6130cf23d None None] Loading extension file: l3_flavors.py {{(pid=102286) _load_all_extensions_from_path /opt/stack/neutron/neutron/api/extensions.py:449}}
Mar 30 14:14:04.050932 np0000161226 devstack@neutron-api.service[102285]: DEBUG neutron_lib.callbacks.manager [None req-cd357103-fcbb-4666-b746-be37e888a90c None None] Subscribe: network precommit_create 55550000, False {{(pid=102285) subscribe /opt/stack/data/venv/lib/python3.12/site-packages/neutron_lib/callbacks/manager.py:52}}
Mar 30 14:14:04.051122 np0000161226 devstack@neutron-api.service[102286]: DEBUG neutron.api.extensions [None req-5d4b82b5-c875-42d5-b1ef-77c6130cf23d None None] Ext name="Router Flavor Extension" alias="l3-flavors" description="Flavor support for routers." updated="2016-05-17T00:00:00-00:00" {{(pid=102286) _check_extension /opt/stack/neutron/neutron/api/extensions.py:415}}
Mar 30 14:14:04.051307 np0000161226 devstack@neutron-api.service[102285]: DEBUG neutron.manager [None req-cd357103-fcbb-4666-b746-be37e888a90c None None] Successfully loaded auto-allocated-topology plugin. Description: Auto Allocated Topology - aka get me a network. {{(pid=102285) _create_and_add_service_plugin /opt/stack/neutron/neutron/manager.py:239}}
Mar 30 14:14:04.051307 np0000161226 devstack@neutron-api.service[102285]: INFO neutron.manager [None req-cd357103-fcbb-4666-b746-be37e888a90c None None] Loading Plugin: tag
Mar 30 14:14:04.051474 np0000161226 devstack@neutron-api.service[102286]: INFO neutron.api.extensions [None req-5d4b82b5-c875-42d5-b1ef-77c6130cf23d None None] Loaded extension: l3-flavors
Mar 30 14:14:04.051474 np0000161226 devstack@neutron-api.service[102286]: DEBUG neutron.api.extensions [None req-5d4b82b5-c875-42d5-b1ef-77c6130cf23d None None] Loading extension file: l3_ndp_proxy.py {{(pid=102286) _load_all_extensions_from_path /opt/stack/neutron/neutron/api/extensions.py:449}}
Mar 30 14:14:04.051474 np0000161226 devstack@neutron-api.service[102286]: DEBUG neutron.api.extensions [None req-5d4b82b5-c875-42d5-b1ef-77c6130cf23d None None] Ext name="name" alias="l3-ndp-proxy" description="description" updated="2021-06-29T10:00:00-00:00" {{(pid=102286) _check_extension /opt/stack/neutron/neutron/api/extensions.py:415}}
Mar 30 14:14:04.051474 np0000161226 devstack@neutron-api.service[102286]: INFO neutron.api.extensions [None req-5d4b82b5-c875-42d5-b1ef-77c6130cf23d None None] Extension l3-ndp-proxy not supported by any of loaded plugins
Mar 30 14:14:04.051474 np0000161226 devstack@neutron-api.service[102286]: DEBUG neutron.api.extensions [None req-5d4b82b5-c875-42d5-b1ef-77c6130cf23d None None] Loading extension file: l3_port_ip_change_not_allowed.py {{(pid=102286) _load_all_extensions_from_path /opt/stack/neutron/neutron/api/extensions.py:449}}
Mar 30 14:14:04.051474 np0000161226 devstack@neutron-api.service[102286]: DEBUG neutron.api.extensions [None req-5d4b82b5-c875-42d5-b1ef-77c6130cf23d None None] Ext name="Prevent L3 router ports IP address change extension" alias="l3-port-ip-change-not-allowed" description="Prevent change of IP address for some L3 router ports" updated="2018-10-09T10:00:00-00:00" {{(pid=102286) _check_extension /opt/stack/neutron/neutron/api/extensions.py:415}}
Mar 30 14:14:04.051474 np0000161226 devstack@neutron-api.service[102286]: INFO neutron.api.extensions [None req-5d4b82b5-c875-42d5-b1ef-77c6130cf23d None None] Extension l3-port-ip-change-not-allowed not supported by any of loaded plugins
Mar 30 14:14:04.051767 np0000161226 devstack@neutron-api.service[102286]: DEBUG neutron.api.extensions [None req-5d4b82b5-c875-42d5-b1ef-77c6130cf23d None None] Loading extension file: l3agentscheduler.py {{(pid=102286) _load_all_extensions_from_path /opt/stack/neutron/neutron/api/extensions.py:449}}
