Mar 30 14:14:04.523138 np0000161226 devstack@neutron-api.service[102285]: INFO neutron.plugins.ml2.drivers.ovn.mech_driver.ovsdb.impl_idl_ovn [None req-cd357103-fcbb-4666-b746-be37e888a90c None None] Getting OvsdbSbOvnIdl for WorkerService with retry
Mar 30 14:14:04.528019 np0000161226 devstack@neutron-api.service[102287]: INFO ovsdbapp.backend.ovs_idl.vlog [None req-139a934d-d4e4-4c30-9492-b8c03c14f75d None None] ssl:199.204.45.3:6642: connected
Mar 30 14:14:04.549805 np0000161226 devstack@neutron-api.service[102286]: DEBUG ovsdbapp.backend.ovs_idl [None req-5d4b82b5-c875-42d5-b1ef-77c6130cf23d None None] Created lookup_table index Chassis.name {{(pid=102286) autocreate_indices /opt/stack/data/venv/lib/python3.12/site-packages/ovsdbapp/backend/ovs_idl/__init__.py:87}}
Mar 30 14:14:04.549935 np0000161226 devstack@neutron-api.service[102286]: DEBUG ovsdbapp.backend.ovs_idl [None req-5d4b82b5-c875-42d5-b1ef-77c6130cf23d None None] Created lookup_table index Port_Binding.logical_port {{(pid=102286) autocreate_indices /opt/stack/data/venv/lib/python3.12/site-packages/ovsdbapp/backend/ovs_idl/__init__.py:87}}
Mar 30 14:14:04.550000 np0000161226 devstack@neutron-api.service[102286]: DEBUG ovsdbapp.backend.ovs_idl [None req-5d4b82b5-c875-42d5-b1ef-77c6130cf23d None None] Created schema index Chassis_Private.name {{(pid=102286) autocreate_indices /opt/stack/data/venv/lib/python3.12/site-packages/ovsdbapp/backend/ovs_idl/__init__.py:106}}
Mar 30 14:14:04.550085 np0000161226 devstack@neutron-api.service[102286]: DEBUG ovsdbapp.backend.ovs_idl [None req-5d4b82b5-c875-42d5-b1ef-77c6130cf23d None None] Created schema index Datapath_Binding.tunnel_key {{(pid=102286) autocreate_indices /opt/stack/data/venv/lib/python3.12/site-packages/ovsdbapp/backend/ovs_idl/__init__.py:106}}
Mar 30 14:14:04.553230 np0000161226 devstack@neutron-api.service[102286]: INFO ovsdbapp.backend.ovs_idl.vlog [None req-5d4b82b5-c875-42d5-b1ef-77c6130cf23d None None] ssl:199.204.45.3:6642: connecting...
Mar 30 14:14:04.553389 np0000161226 devstack@neutron-api.service[102285]: DEBUG ovsdbapp.backend.ovs_idl [None req-cd357103-fcbb-4666-b746-be37e888a90c None None] Created lookup_table index Chassis.name {{(pid=102285) autocreate_indices /opt/stack/data/venv/lib/python3.12/site-packages/ovsdbapp/backend/ovs_idl/__init__.py:87}}
Mar 30 14:14:04.553389 np0000161226 devstack@neutron-api.service[102285]: DEBUG ovsdbapp.backend.ovs_idl [None req-cd357103-fcbb-4666-b746-be37e888a90c None None] Created lookup_table index Port_Binding.logical_port {{(pid=102285) autocreate_indices /opt/stack/data/venv/lib/python3.12/site-packages/ovsdbapp/backend/ovs_idl/__init__.py:87}}
Mar 30 14:14:04.553389 np0000161226 devstack@neutron-api.service[102285]: DEBUG ovsdbapp.backend.ovs_idl [None req-cd357103-fcbb-4666-b746-be37e888a90c None None] Created schema index Chassis_Private.name {{(pid=102285) autocreate_indices /opt/stack/data/venv/lib/python3.12/site-packages/ovsdbapp/backend/ovs_idl/__init__.py:106}}
Mar 30 14:14:04.553389 np0000161226 devstack@neutron-api.service[102285]: DEBUG ovsdbapp.backend.ovs_idl [None req-cd357103-fcbb-4666-b746-be37e888a90c None None] Created schema index Datapath_Binding.tunnel_key {{(pid=102285) autocreate_indices /opt/stack/data/venv/lib/python3.12/site-packages/ovsdbapp/backend/ovs_idl/__init__.py:106}}
Mar 30 14:14:04.555560 np0000161226 devstack@neutron-api.service[102285]: INFO ovsdbapp.backend.ovs_idl.vlog [None req-cd357103-fcbb-4666-b746-be37e888a90c None None] ssl:199.204.45.3:6642: connecting...
Mar 30 14:14:04.556820 np0000161226 devstack@neutron-api.service[102286]: INFO ovsdbapp.backend.ovs_idl.vlog [None req-5d4b82b5-c875-42d5-b1ef-77c6130cf23d None None] ssl:199.204.45.3:6642: connected
Mar 30 14:14:04.560717 np0000161226 devstack@neutron-api.service[102285]: INFO ovsdbapp.backend.ovs_idl.vlog [None req-cd357103-fcbb-4666-b746-be37e888a90c None None] ssl:199.204.45.3:6642: connected
Mar 30 14:14:04.562553 np0000161226 devstack@neutron-api.service[102287]: DEBUG neutron.common.ovn.hash_ring_manager [None req-139a934d-d4e4-4c30-9492-b8c03c14f75d None None] Allow caching, nodes 4>=4 {{(pid=102287) _wait_startup_before_caching /opt/stack/neutron/neutron/common/ovn/hash_ring_manager.py:65}}
Mar 30 14:14:04.567302 np0000161226 devstack@neutron-api.service[102287]: DEBUG neutron.common.ovn.hash_ring_manager [None req-139a934d-d4e4-4c30-9492-b8c03c14f75d None None] Hash Ring loaded. 4 active nodes. 0 offline nodes {{(pid=102287) _load_hash_ring /opt/stack/neutron/neutron/common/ovn/hash_ring_manager.py:102}}
Mar 30 14:14:04.567477 np0000161226 devstack@neutron-api.service[102287]: DEBUG neutron.plugins.ml2.drivers.ovn.mech_driver.ovsdb.ovsdb_monitor [None req-139a934d-d4e4-4c30-9492-b8c03c14f75d None None] Hash Ring: Node ce07d2fe60d55461ac2ad65452530f61 (host: np0000161226) handling event "create" for row 23794e7a-2ca9-4206-b073-f9c1cc6a6529 (table: Chassis) {{(pid=102287) notify /opt/stack/neutron/neutron/plugins/ml2/drivers/ovn/mech_driver/ovsdb/ovsdb_monitor.py:912}}
Mar 30 14:14:04.568251 np0000161226 devstack@neutron-api.service[102287]: DEBUG ovsdbapp.backend.ovs_idl.event [None req-139a934d-d4e4-4c30-9492-b8c03c14f75d None None] Matched CREATE: ChassisBandwidthConfigEvent(events=('create', 'update'), table='Chassis', conditions=None, old_conditions=None), priority=20 to row=Chassis(uuid=23794e7a-2ca9-4206-b073-f9c1cc6a6529, encaps=[f97a9c85-e3d0-426c-8b6a-05173c9710bb], external_ids={}, hostname='np0000161226', name='4365e0f2-b61b-4dca-9489-156ae8eb34fd', nb_cfg=0, other_config={'ct-commit-nat-v2': 'true', 'ct-commit-to-zone': 'true', 'ct-next-zone': 'true', 'ct-no-masked-label': 'true', 'ct-state-save': 'true', 'datapath-type': 'system', 'fdb-timestamp': 'true', 'iface-types': 'afxdp,afxdp-nonpmd,bareudp,erspan,geneve,gre,gtpu,internal,ip6erspan,ip6gre,lisp,patch,srv6,stt,system,tap,vxlan', 'is-interconn': 'false', 'ls-dpg-column': 'true', 'mac-binding-timestamp': 'true', 'ovn-bridge-mappings': 'public:br-ex', 'ovn-chassis-mac-mappings': '', 'ovn-cms-options': 'enable-chassis-as-gw', 'ovn-ct-lb-related': 'true', 'ovn-enable-lflow-cache': 'true', 'ovn-limit-lflow-cache': '', 'ovn-memlimit-lflow-cache-kb': '', 'ovn-monitor-all': 'false', 'ovn-trim-limit-lflow-cache': '', 'ovn-trim-timeout-ms': '', 'ovn-trim-wmark-perc-lflow-cache': '', 'port-up-notif': 'true'}, transport_zones=[], vtep_logical_switches=[]) old= {{(pid=102287) matches /opt/stack/data/venv/lib/python3.12/site-packages/ovsdbapp/backend/ovs_idl/event.py:55}}
Mar 30 14:14:04.568733 np0000161226 devstack@neutron-api.service[102287]: DEBUG neutron.plugins.ml2.drivers.ovn.mech_driver.ovsdb.ovsdb_monitor [None req-139a934d-d4e4-4c30-9492-b8c03c14f75d None None] ChassisAgentWriteEvent : Matched Chassis_Private, create, None None {{(pid=102287) matches /opt/stack/neutron/neutron/plugins/ml2/drivers/ovn/mech_driver/ovsdb/ovsdb_monitor.py:64}}
Mar 30 14:14:04.569043 np0000161226 devstack@neutron-api.service[102287]: DEBUG neutron.plugins.ml2.drivers.ovn.mech_driver.ovsdb.ovsdb_monitor [None req-139a934d-d4e4-4c30-9492-b8c03c14f75d None None] ChassisOVNAgentWriteEvent : Matched Chassis_Private, create, None None {{(pid=102287) matches /opt/stack/neutron/neutron/plugins/ml2/drivers/ovn/mech_driver/ovsdb/ovsdb_monitor.py:64}}
Mar 30 14:14:04.570078 np0000161226 devstack@neutron-api.service[102287]: INFO neutron.plugins.ml2.drivers.ovn.mech_driver.mech_driver [None req-139a934d-d4e4-4c30-9492-b8c03c14f75d None None] WorkerService process has finished the post initialization
Mar 30 14:14:04.571273 np0000161226 devstack@neutron-api.service[102287]: WSGI app 0 (mountpoint='') ready in 8 seconds on interpreter 0x7b656d8a3668 pid: 102287 (default app)
Mar 30 14:14:04.571867 np0000161226 devstack@neutron-api.service[102287]: INFO neutron.plugins.ml2.drivers.ovn.mech_driver.ovsdb.extensions.qos [-] Starting OVNClientQosExtension
Mar 30 14:14:04.572070 np0000161226 devstack@neutron-api.service[102287]: INFO neutron.plugins.ml2.drivers.ovn.mech_driver.ovsdb.extensions.placement [-] Starting OVNClientPlacementExtension
Mar 30 14:14:04.591683 np0000161226 devstack@neutron-api.service[102286]: DEBUG neutron.common.ovn.hash_ring_manager [None req-5d4b82b5-c875-42d5-b1ef-77c6130cf23d None None] Allow caching, nodes 4>=4 {{(pid=102286) _wait_startup_before_caching /opt/stack/neutron/neutron/common/ovn/hash_ring_manager.py:65}}
Mar 30 14:14:04.593851 np0000161226 devstack@neutron-api.service[102285]: DEBUG neutron.common.ovn.hash_ring_manager [None req-cd357103-fcbb-4666-b746-be37e888a90c None None] Allow caching, nodes 4>=4 {{(pid=102285) _wait_startup_before_caching /opt/stack/neutron/neutron/common/ovn/hash_ring_manager.py:65}}
Mar 30 14:14:04.595404 np0000161226 devstack@neutron-api.service[102286]: DEBUG neutron.common.ovn.hash_ring_manager [None req-5d4b82b5-c875-42d5-b1ef-77c6130cf23d None None] Hash Ring loaded. 4 active nodes. 0 offline nodes {{(pid=102286) _load_hash_ring /opt/stack/neutron/neutron/common/ovn/hash_ring_manager.py:102}}
Mar 30 14:14:04.595630 np0000161226 devstack@neutron-api.service[102286]: DEBUG neutron.plugins.ml2.drivers.ovn.mech_driver.ovsdb.ovsdb_monitor [None req-5d4b82b5-c875-42d5-b1ef-77c6130cf23d None None] ChassisAgentWriteEvent : Matched Chassis_Private, create, None None {{(pid=102286) matches /opt/stack/neutron/neutron/plugins/ml2/drivers/ovn/mech_driver/ovsdb/ovsdb_monitor.py:64}}
Mar 30 14:14:04.596599 np0000161226 devstack@neutron-api.service[102286]: DEBUG neutron.plugins.ml2.drivers.ovn.mech_driver.ovsdb.ovsdb_monitor [None req-5d4b82b5-c875-42d5-b1ef-77c6130cf23d None None] ChassisOVNAgentWriteEvent : Matched Chassis_Private, create, None None {{(pid=102286) matches /opt/stack/neutron/neutron/plugins/ml2/drivers/ovn/mech_driver/ovsdb/ovsdb_monitor.py:64}}
Mar 30 14:14:04.596599 np0000161226 devstack@neutron-api.service[102286]: DEBUG neutron.plugins.ml2.drivers.ovn.mech_driver.ovsdb.ovsdb_monitor [None req-5d4b82b5-c875-42d5-b1ef-77c6130cf23d None None] Hash Ring: Node 3dfd9533fd815b3d809d02398fe90e68 (host: np0000161226) handling event "create" for row f97a9c85-e3d0-426c-8b6a-05173c9710bb (table: Encap) {{(pid=102286) notify /opt/stack/neutron/neutron/plugins/ml2/drivers/ovn/mech_driver/ovsdb/ovsdb_monitor.py:912}}
Mar 30 14:14:04.597763 np0000161226 devstack@neutron-api.service[102285]: DEBUG neutron.common.ovn.hash_ring_manager [None req-cd357103-fcbb-4666-b746-be37e888a90c None None] Hash Ring loaded. 4 active nodes. 0 offline nodes {{(pid=102285) _load_hash_ring /opt/stack/neutron/neutron/common/ovn/hash_ring_manager.py:102}}
Mar 30 14:14:04.597981 np0000161226 devstack@neutron-api.service[102285]: DEBUG neutron.plugins.ml2.drivers.ovn.mech_driver.ovsdb.ovsdb_monitor [None req-cd357103-fcbb-4666-b746-be37e888a90c None None] ChassisAgentWriteEvent : Matched Chassis_Private, create, None None {{(pid=102285) matches /opt/stack/neutron/neutron/plugins/ml2/drivers/ovn/mech_driver/ovsdb/ovsdb_monitor.py:64}}
Mar 30 14:14:04.598200 np0000161226 devstack@neutron-api.service[102285]: DEBUG neutron.plugins.ml2.drivers.ovn.mech_driver.ovsdb.ovsdb_monitor [None req-cd357103-fcbb-4666-b746-be37e888a90c None None] ChassisOVNAgentWriteEvent : Matched Chassis_Private, create, None None {{(pid=102285) matches /opt/stack/neutron/neutron/plugins/ml2/drivers/ovn/mech_driver/ovsdb/ovsdb_monitor.py:64}}
Mar 30 14:14:04.598275 np0000161226 devstack@neutron-api.service[102286]: INFO neutron.plugins.ml2.drivers.ovn.mech_driver.mech_driver [None req-5d4b82b5-c875-42d5-b1ef-77c6130cf23d None None] WorkerService process has finished the post initialization
Mar 30 14:14:04.599516 np0000161226 devstack@neutron-api.service[102286]: WSGI app 0 (mountpoint='') ready in 8 seconds on interpreter 0x7b656d8a3668 pid: 102286 (default app)
Mar 30 14:14:04.600879 np0000161226 devstack@neutron-api.service[102285]: INFO neutron.plugins.ml2.drivers.ovn.mech_driver.mech_driver [None req-cd357103-fcbb-4666-b746-be37e888a90c None None] WorkerService process has finished the post initialization
Mar 30 14:14:04.602420 np0000161226 devstack@neutron-api.service[102285]: WSGI app 0 (mountpoint='') ready in 8 seconds on interpreter 0x7b656d8a3668 pid: 102285 (default app)
Mar 30 14:14:06.037440 np0000161226 devstack@neutron-api.service[102285]: DEBUG neutron.plugins.ml2.drivers.ovn.mech_driver.ovsdb.ovsdb_monitor [-] Hash Ring: Node 570abee8618e5eb69fa74deabe57a554 (host: np0000161226) handling event "update" for row a3757149-261f-4ce1-b2cc-b394e847cbf7 (table: Connection) {{(pid=102285) notify /opt/stack/neutron/neutron/plugins/ml2/drivers/ovn/mech_driver/ovsdb/ovsdb_monitor.py:912}}
Mar 30 14:14:06.038519 np0000161226 devstack@neutron-api.service[102288]: DEBUG neutron.common.ovn.hash_ring_manager [-] Allow caching, nodes 4>=4 {{(pid=102288) _wait_startup_before_caching /opt/stack/neutron/neutron/common/ovn/hash_ring_manager.py:65}}
Mar 30 14:14:06.039326 np0000161226 devstack@neutron-api.service[102288]: DEBUG neutron.plugins.ml2.drivers.ovn.mech_driver.ovsdb.ovsdb_monitor [-] Hash Ring: Node 7866587940765600b27c5f69fb65eb40 (host: np0000161226) handling event "update" for row a3757149-261f-4ce1-b2cc-b394e847cbf7 (table: Connection) {{(pid=102288) notify /opt/stack/neutron/neutron/plugins/ml2/drivers/ovn/mech_driver/ovsdb/ovsdb_monitor.py:912}}
Mar 30 14:14:08.536415 np0000161226 devstack@neutron-api.service[102288]: DEBUG neutron.plugins.ml2.drivers.ovn.mech_driver.ovsdb.ovsdb_monitor [-] Hash Ring: Node 7866587940765600b27c5f69fb65eb40 (host: np0000161226) handling event "update" for row a3757149-261f-4ce1-b2cc-b394e847cbf7 (table: Connection) {{(pid=102288) notify /opt/stack/neutron/neutron/plugins/ml2/drivers/ovn/mech_driver/ovsdb/ovsdb_monitor.py:912}}
Mar 30 14:14:08.537333 np0000161226 devstack@neutron-api.service[102285]: DEBUG neutron.plugins.ml2.drivers.ovn.mech_driver.ovsdb.ovsdb_monitor [-] Hash Ring: Node 570abee8618e5eb69fa74deabe57a554 (host: np0000161226) handling event "update" for row a3757149-261f-4ce1-b2cc-b394e847cbf7 (table: Connection) {{(pid=102285) notify /opt/stack/neutron/neutron/plugins/ml2/drivers/ovn/mech_driver/ovsdb/ovsdb_monitor.py:912}}
Mar 30 14:14:09.866422 np0000161226 devstack@neutron-api.service[102288]: DEBUG neutron.api.wsgi [None req-6e6a12c7-1c4e-4f60-b4d9-b145cb93f7be admin admin] Missing Content-Type {{(pid=102288) get_content_type /opt/stack/neutron/neutron/api/wsgi.py:85}}
Mar 30 14:14:09.867071 np0000161226 devstack@neutron-api.service[102288]: DEBUG neutron.api.wsgi [None req-6e6a12c7-1c4e-4f60-b4d9-b145cb93f7be admin admin] https://199.204.45.3/networking/v2.0/extensions returned with HTTP 200 {{(pid=102288) __call__ /opt/stack/neutron/neutron/api/wsgi.py:545}}
Mar 30 14:14:09.867170 np0000161226 devstack@neutron-api.service[102288]: [pid: 102288|app: 0|req: 2/2] 199.204.45.3 () {64 vars in 1309 bytes} [Mon Mar 30 14:14:09 2026] GET /networking/v2.0/extensions => generated 15208 bytes in 302 msecs (HTTP/1.1 200) 4 headers in 159 bytes (1 switches on core 0)
Mar 30 14:14:10.258308 np0000161226 devstack@neutron-api.service[102287]: DEBUG neutron.api.v2.base [None req-9bfd1ea2-ccdb-4c76-b1bc-6a75a5ff0d6f admin admin] Request body: {'subnetpool': {'name': 'shared-default-subnetpool-v4', 'shared': True, 'default_prefixlen': 26, 'is_default': True, 'prefixes': ['10.1.0.0/20']}} {{(pid=102287) prepare_request_body /opt/stack/neutron/neutron/api/v2/base.py:729}}
Mar 30 14:14:10.452462 np0000161226 devstack@neutron-api.service[102287]: DEBUG neutron.policy [None req-9bfd1ea2-ccdb-4c76-b1bc-6a75a5ff0d6f admin admin] Loaded default policies from ['neutron'] under neutron.policies entry points {{(pid=102287) register_rules /opt/stack/neutron/neutron/policy.py:65}}
Mar 30 14:14:10.598632 np0000161226 devstack@neutron-api.service[102287]: DEBUG neutron_lib.callbacks.manager [None req-9bfd1ea2-ccdb-4c76-b1bc-6a75a5ff0d6f admin admin] Publish callbacks ['neutron.objects.securitygroup.RbacNeutronDbObjectMixin.validate_rbac_policy_change-3097975488841', 'neutron.objects.address_group.RbacNeutronDbObjectMixin.validate_rbac_policy_change-3097975463420', 'neutron.objects.network.RbacNeutronDbObjectMixin.validate_rbac_policy_change-3097975464743', 'neutron.objects.qos.policy.RbacNeutronDbObjectMixin.validate_rbac_policy_change-3097975481881', 'neutron.objects.subnetpool.RbacNeutronDbObjectMixin.validate_rbac_policy_change-3097975578359', 'neutron.objects.address_scope.RbacNeutronDbObjectMixin.validate_rbac_policy_change-3097975578541', 'neutron.plugins.ml2.plugin.External_net_db_mixin._process_ext_policy_create-15043229', 'neutron.plugins.ml2.plugin.NeutronDbPluginV2.validate_network_rbac_policy_change-15054401'] for rbac-policy (None), before_create {{(pid=102287) _notify_loop /opt/stack/data/venv/lib/python3.12/site-packages/neutron_lib/callbacks/manager.py:184}}
Mar 30 14:14:10.647510 np0000161226 devstack@neutron-api.service[102287]: DEBUG neutron_lib.callbacks.manager [None req-9bfd1ea2-ccdb-4c76-b1bc-6a75a5ff0d6f admin admin] Publish callbacks [] for subnetpool (None), before_response {{(pid=102287) _notify_loop /opt/stack/data/venv/lib/python3.12/site-packages/neutron_lib/callbacks/manager.py:184}}
Mar 30 14:14:10.647975 np0000161226 devstack@neutron-api.service[102287]: [pid: 102287|app: 0|req: 1/3] 199.204.45.3 () {68 vars in 1353 bytes} [Mon Mar 30 14:14:10 2026] POST /networking/v2.0/subnetpools => generated 533 bytes in 493 msecs (HTTP/1.1 201) 4 headers in 162 bytes (1 switches on core 0)
Mar 30 14:14:10.984129 np0000161226 devstack@neutron-api.service[102286]: DEBUG neutron.api.v2.base [None req-3b333aec-6b3f-4d45-988a-d5f339c037ce admin admin] Request body: {'subnetpool': {'name': 'shared-default-subnetpool-v6', 'shared': True, 'default_prefixlen': 64, 'is_default': True, 'prefixes': ['fdd6:b735:6c16::/56']}} {{(pid=102286) prepare_request_body /opt/stack/neutron/neutron/api/v2/base.py:729}}
Mar 30 14:14:11.154738 np0000161226 devstack@neutron-api.service[102286]: DEBUG neutron.policy [None req-3b333aec-6b3f-4d45-988a-d5f339c037ce admin admin] Loaded default policies from ['neutron'] under neutron.policies entry points {{(pid=102286) register_rules /opt/stack/neutron/neutron/policy.py:65}}
Mar 30 14:14:11.292535 np0000161226 devstack@neutron-api.service[102286]: DEBUG neutron_lib.callbacks.manager [None req-3b333aec-6b3f-4d45-988a-d5f339c037ce admin admin] Publish callbacks ['neutron.objects.securitygroup.RbacNeutronDbObjectMixin.validate_rbac_policy_change-3097975514431', 'neutron.objects.address_group.RbacNeutronDbObjectMixin.validate_rbac_policy_change-3097975356563', 'neutron.objects.network.RbacNeutronDbObjectMixin.validate_rbac_policy_change-3097975483596', 'neutron.objects.qos.policy.RbacNeutronDbObjectMixin.validate_rbac_policy_change-3097975480697', 'neutron.objects.subnetpool.RbacNeutronDbObjectMixin.validate_rbac_policy_change-3097975569603', 'neutron.objects.address_scope.RbacNeutronDbObjectMixin.validate_rbac_policy_change-3097975568993', 'neutron.plugins.ml2.plugin.External_net_db_mixin._process_ext_policy_create-15593525', 'neutron.plugins.ml2.plugin.NeutronDbPluginV2.validate_network_rbac_policy_change-15591637'] for rbac-policy (None), before_create {{(pid=102286) _notify_loop /opt/stack/data/venv/lib/python3.12/site-packages/neutron_lib/callbacks/manager.py:184}}
Mar 30 14:14:11.335056 np0000161226 devstack@neutron-api.service[102286]: DEBUG neutron_lib.callbacks.manager [None req-3b333aec-6b3f-4d45-988a-d5f339c037ce admin admin] Publish callbacks [] for subnetpool (None), before_response {{(pid=102286) _notify_loop /opt/stack/data/venv/lib/python3.12/site-packages/neutron_lib/callbacks/manager.py:184}}
Mar 30 14:14:11.335681 np0000161226 devstack@neutron-api.service[102286]: [pid: 102286|app: 0|req: 1/4] 199.204.45.3 () {68 vars in 1353 bytes} [Mon Mar 30 14:14:10 2026] POST /networking/v2.0/subnetpools => generated 543 bytes in 465 msecs (HTTP/1.1 201) 4 headers in 162 bytes (1 switches on core 0)
Mar 30 14:14:11.724750 np0000161226 devstack@neutron-api.service[102285]: DEBUG neutron.api.v2.base [None req-40ceb509-4bc5-41c4-a0d0-d9b9546a5803 admin admin] Request body: {'network': {'admin_state_up': True, 'name': 'private'}} {{(pid=102285) prepare_request_body /opt/stack/neutron/neutron/api/v2/base.py:729}}
Mar 30 14:14:11.747079 np0000161226 devstack@neutron-api.service[102285]: DEBUG neutron.pecan_wsgi.hooks.quota_enforcement [None req-40ceb509-4bc5-41c4-a0d0-d9b9546a5803 admin admin] Made reservation on behalf of 226c551454794f87b4819e3b77396ffc for: {'network': 1} {{(pid=102285) before /opt/stack/neutron/neutron/pecan_wsgi/hooks/quota_enforcement.py:66}}
Mar 30 14:14:11.921872 np0000161226 devstack@neutron-api.service[102285]: DEBUG neutron.policy [None req-40ceb509-4bc5-41c4-a0d0-d9b9546a5803 admin admin] Loaded default policies from ['neutron'] under neutron.policies entry points {{(pid=102285) register_rules /opt/stack/neutron/neutron/policy.py:65}}
Mar 30 14:14:12.023843 np0000161226 devstack@neutron-api.service[102285]: DEBUG neutron_lib.callbacks.manager [None req-40ceb509-4bc5-41c4-a0d0-d9b9546a5803 admin admin] Publish callbacks ['neutron.plugins.ml2.plugin.SecurityGroupDbMixin._ensure_default_security_group_handler-14971403'] for network (None), before_create {{(pid=102285) _notify_loop /opt/stack/data/venv/lib/python3.12/site-packages/neutron_lib/callbacks/manager.py:184}}
Mar 30 14:14:12.043763 np0000161226 devstack@neutron-api.service[102285]: DEBUG neutron_lib.callbacks.manager [None req-40ceb509-4bc5-41c4-a0d0-d9b9546a5803 admin admin] Publish callbacks [] for security_group (None), before_create {{(pid=102285) _notify_loop /opt/stack/data/venv/lib/python3.12/site-packages/neutron_lib/callbacks/manager.py:184}}
Mar 30 14:14:12.140441 np0000161226 devstack@neutron-api.service[102285]: DEBUG neutron_lib.callbacks.manager [None req-40ceb509-4bc5-41c4-a0d0-d9b9546a5803 admin admin] Publish callbacks ['neutron.plugins.ml2.drivers.ovn.mech_driver.mech_driver.OVNMechanismDriver._create_security_group_precommit-843592'] for security_group (449c8bd0-9330-42e2-a95c-f9794a200967), precommit_create {{(pid=102285) _notify_loop /opt/stack/data/venv/lib/python3.12/site-packages/neutron_lib/callbacks/manager.py:184}}
Mar 30 14:14:12.140736 np0000161226 devstack@neutron-api.service[102285]: DEBUG neutron.db.ovn_revision_numbers_db [None req-40ceb509-4bc5-41c4-a0d0-d9b9546a5803 admin admin] create_initial_revision uuid=449c8bd0-9330-42e2-a95c-f9794a200967, type=security_groups, rev=-1 {{(pid=102285) create_initial_revision /opt/stack/neutron/neutron/db/ovn_revision_numbers_db.py:98}}
Mar 30 14:14:12.142722 np0000161226 devstack@neutron-api.service[102285]: DEBUG neutron.db.ovn_revision_numbers_db [None req-40ceb509-4bc5-41c4-a0d0-d9b9546a5803 admin admin] create_initial_revision uuid=477c2a9b-31b7-4475-b2bd-a76e3964c3f1, type=security_group_rules, rev=-1 {{(pid=102285) create_initial_revision /opt/stack/neutron/neutron/db/ovn_revision_numbers_db.py:98}}
Mar 30 14:14:12.143721 np0000161226 devstack@neutron-api.service[102285]: DEBUG neutron.db.ovn_revision_numbers_db [None req-40ceb509-4bc5-41c4-a0d0-d9b9546a5803 admin admin] create_initial_revision uuid=7741487c-8df5-4264-a3e2-f98a38159318, type=security_group_rules, rev=-1 {{(pid=102285) create_initial_revision /opt/stack/neutron/neutron/db/ovn_revision_numbers_db.py:98}}
Mar 30 14:14:12.144672 np0000161226 devstack@neutron-api.service[102285]: DEBUG neutron.db.ovn_revision_numbers_db [None req-40ceb509-4bc5-41c4-a0d0-d9b9546a5803 admin admin] create_initial_revision uuid=852f574f-7c7a-4e48-a2bf-0a0c96cb4711, type=security_group_rules, rev=-1 {{(pid=102285) create_initial_revision /opt/stack/neutron/neutron/db/ovn_revision_numbers_db.py:98}}
Mar 30 14:14:12.145599 np0000161226 devstack@neutron-api.service[102285]: DEBUG neutron.db.ovn_revision_numbers_db [None req-40ceb509-4bc5-41c4-a0d0-d9b9546a5803 admin admin] create_initial_revision uuid=cc4f4677-4ef1-4d07-89fc-5eaed702caa1, type=security_group_rules, rev=-1 {{(pid=102285) create_initial_revision /opt/stack/neutron/neutron/db/ovn_revision_numbers_db.py:98}}
Mar 30 14:14:12.153295 np0000161226 devstack@neutron-api.service[102285]: DEBUG neutron_lib.callbacks.manager [None req-40ceb509-4bc5-41c4-a0d0-d9b9546a5803 admin admin] Publish callbacks ['neutron.plugins.ml2.drivers.ovn.mech_driver.mech_driver.OVNMechanismDriver._create_security_group-843574', 'neutron.plugins.ml2.ovo_rpc._ObjectChangeHandler.handle_event-4057770'] for security_group (449c8bd0-9330-42e2-a95c-f9794a200967), after_create {{(pid=102285) _notify_loop /opt/stack/data/venv/lib/python3.12/site-packages/neutron_lib/callbacks/manager.py:184}}
Mar 30 14:14:12.153405 np0000161226 devstack@neutron-api.service[102285]: INFO neutron.plugins.ml2.drivers.ovn.mech_driver.ovsdb.extensions.qos [None req-40ceb509-4bc5-41c4-a0d0-d9b9546a5803 admin admin] Starting OVNClientQosExtension
Mar 30 14:14:12.153523 np0000161226 devstack@neutron-api.service[102285]: INFO neutron.plugins.ml2.drivers.ovn.mech_driver.ovsdb.extensions.placement [None req-40ceb509-4bc5-41c4-a0d0-d9b9546a5803 admin admin] Starting OVNClientPlacementExtension
Mar 30 14:14:12.154895 np0000161226 devstack@neutron-api.service[102285]: DEBUG ovsdbapp.backend.ovs_idl.transaction [-] Running txn n=1 command(idx=0): PgAddCommand(_result=None, name=pg_449c8bd0_9330_42e2_a95c_f9794a200967, may_exist=False, columns={'acls': [], 'external_ids': {'neutron:security_group_id': '449c8bd0-9330-42e2-a95c-f9794a200967'}}) {{(pid=102285) do_commit /opt/stack/data/venv/lib/python3.12/site-packages/ovsdbapp/backend/ovs_idl/transaction.py:89}}
Mar 30 14:14:12.157233 np0000161226 devstack@neutron-api.service[102285]: DEBUG ovsdbapp.backend.ovs_idl.transaction [-] Running txn n=1 command(idx=1): PgAclAddCommand(_result=None, entity=pg_449c8bd0_9330_42e2_a95c_f9794a200967, direction=from-lport, priority=1002, match=inport == @pg_449c8bd0_9330_42e2_a95c_f9794a200967 && ip4, action=allow-related, log=False, may_exist=True, severity=[], name=[], meter=[], external_ids={'neutron:security_group_rule_id': '477c2a9b-31b7-4475-b2bd-a76e3964c3f1'}) {{(pid=102285) do_commit /opt/stack/data/venv/lib/python3.12/site-packages/ovsdbapp/backend/ovs_idl/transaction.py:89}}
Mar 30 14:14:12.157909 np0000161226 devstack@neutron-api.service[102285]: DEBUG ovsdbapp.backend.ovs_idl.transaction [-] Running txn n=1 command(idx=2): PgAclAddCommand(_result=None, entity=pg_449c8bd0_9330_42e2_a95c_f9794a200967, direction=from-lport, priority=1002, match=inport == @pg_449c8bd0_9330_42e2_a95c_f9794a200967 && ip6, action=allow-related, log=False, may_exist=True, severity=[], name=[], meter=[], external_ids={'neutron:security_group_rule_id': '7741487c-8df5-4264-a3e2-f98a38159318'}) {{(pid=102285) do_commit /opt/stack/data/venv/lib/python3.12/site-packages/ovsdbapp/backend/ovs_idl/transaction.py:89}}
Mar 30 14:14:12.158390 np0000161226 devstack@neutron-api.service[102285]: DEBUG ovsdbapp.backend.ovs_idl.transaction [-] Running txn n=1 command(idx=3): PgAclAddCommand(_result=None, entity=pg_449c8bd0_9330_42e2_a95c_f9794a200967, direction=to-lport, priority=1002, match=outport == @pg_449c8bd0_9330_42e2_a95c_f9794a200967 && ip4 && ip4.src == $pg_449c8bd0_9330_42e2_a95c_f9794a200967_ip4, action=allow-related, log=False, may_exist=True, severity=[], name=[], meter=[], external_ids={'neutron:security_group_rule_id': '852f574f-7c7a-4e48-a2bf-0a0c96cb4711'}) {{(pid=102285) do_commit /opt/stack/data/venv/lib/python3.12/site-packages/ovsdbapp/backend/ovs_idl/transaction.py:89}}
Mar 30 14:14:12.158855 np0000161226 devstack@neutron-api.service[102285]: DEBUG ovsdbapp.backend.ovs_idl.transaction [-] Running txn n=1 command(idx=4): PgAclAddCommand(_result=None, entity=pg_449c8bd0_9330_42e2_a95c_f9794a200967, direction=to-lport, priority=1002, match=outport == @pg_449c8bd0_9330_42e2_a95c_f9794a200967 && ip6 && ip6.src == $pg_449c8bd0_9330_42e2_a95c_f9794a200967_ip6, action=allow-related, log=False, may_exist=True, severity=[], name=[], meter=[], external_ids={'neutron:security_group_rule_id': 'cc4f4677-4ef1-4d07-89fc-5eaed702caa1'}) {{(pid=102285) do_commit /opt/stack/data/venv/lib/python3.12/site-packages/ovsdbapp/backend/ovs_idl/transaction.py:89}}
Mar 30 14:14:12.194484 np0000161226 devstack@neutron-api.service[102288]: DEBUG neutron.plugins.ml2.drivers.ovn.mech_driver.ovsdb.ovsdb_monitor [-] Hash Ring: Node 7866587940765600b27c5f69fb65eb40 (host: np0000161226) handling event "create" for row 1963e27d-485c-41cb-803e-f363257200e7 (table: ACL) {{(pid=102288) notify /opt/stack/neutron/neutron/plugins/ml2/drivers/ovn/mech_driver/ovsdb/ovsdb_monitor.py:912}}
Mar 30 14:14:12.194885 np0000161226 devstack@neutron-api.service[102288]: DEBUG neutron.plugins.ml2.drivers.ovn.mech_driver.ovsdb.ovsdb_monitor [-] Hash Ring: Node 7866587940765600b27c5f69fb65eb40 (host: np0000161226) handling event "create" for row 9f979310-a824-4f1e-aea2-ad35ca70ab9f (table: ACL) {{(pid=102288) notify /opt/stack/neutron/neutron/plugins/ml2/drivers/ovn/mech_driver/ovsdb/ovsdb_monitor.py:912}}
Mar 30 14:14:12.195088 np0000161226 devstack@neutron-api.service[102288]: DEBUG neutron.plugins.ml2.drivers.ovn.mech_driver.ovsdb.ovsdb_monitor [-] Hash Ring: Node 7866587940765600b27c5f69fb65eb40 (host: np0000161226) handling event "create" for row b4a0fd1c-0522-449d-ae7e-f35b5e63b365 (table: ACL) {{(pid=102288) notify /opt/stack/neutron/neutron/plugins/ml2/drivers/ovn/mech_driver/ovsdb/ovsdb_monitor.py:912}}
Mar 30 14:14:12.195337 np0000161226 devstack@neutron-api.service[102288]: DEBUG neutron.plugins.ml2.drivers.ovn.mech_driver.ovsdb.ovsdb_monitor [-] Hash Ring: Node 7866587940765600b27c5f69fb65eb40 (host: np0000161226) handling event "create" for row b8ee87ed-798a-4d17-b772-9953af0c5549 (table: ACL) {{(pid=102288) notify /opt/stack/neutron/neutron/plugins/ml2/drivers/ovn/mech_driver/ovsdb/ovsdb_monitor.py:912}}
Mar 30 14:14:12.195605 np0000161226 devstack@neutron-api.service[102288]: DEBUG neutron.plugins.ml2.drivers.ovn.mech_driver.ovsdb.ovsdb_monitor [-] Hash Ring: Node 7866587940765600b27c5f69fb65eb40 (host: np0000161226) handling event "create" for row 7583a43f-56f1-4f78-a86c-d881a30729bb (table: Port_Group) {{(pid=102288) notify /opt/stack/neutron/neutron/plugins/ml2/drivers/ovn/mech_driver/ovsdb/ovsdb_monitor.py:912}}
Mar 30 14:14:12.196826 np0000161226 devstack@neutron-api.service[102287]: DEBUG neutron.plugins.ml2.drivers.ovn.mech_driver.ovsdb.ovsdb_monitor [-] Hash Ring: Node ce07d2fe60d55461ac2ad65452530f61 (host: np0000161226) handling event "create" for row b4a0fd1c-0522-449d-ae7e-f35b5e63b365 (table: ACL) {{(pid=102287) notify /opt/stack/neutron/neutron/plugins/ml2/drivers/ovn/mech_driver/ovsdb/ovsdb_monitor.py:912}}
Mar 30 14:14:12.197112 np0000161226 devstack@neutron-api.service[102287]: DEBUG neutron.plugins.ml2.drivers.ovn.mech_driver.ovsdb.ovsdb_monitor [-] Hash Ring: Node ce07d2fe60d55461ac2ad65452530f61 (host: np0000161226) handling event "create" for row b8ee87ed-798a-4d17-b772-9953af0c5549 (table: ACL) {{(pid=102287) notify /opt/stack/neutron/neutron/plugins/ml2/drivers/ovn/mech_driver/ovsdb/ovsdb_monitor.py:912}}
Mar 30 14:14:12.216271 np0000161226 devstack@neutron-api.service[102285]: INFO neutron.db.ovn_revision_numbers_db [None req-40ceb509-4bc5-41c4-a0d0-d9b9546a5803 admin admin] Successfully bumped revision number for resource 449c8bd0-9330-42e2-a95c-f9794a200967 (type: security_groups) to 1
Mar 30 14:14:12.229550 np0000161226 devstack@neutron-api.service[102285]: INFO neutron.db.ovn_revision_numbers_db [None req-40ceb509-4bc5-41c4-a0d0-d9b9546a5803 admin admin] Successfully bumped revision number for resource 477c2a9b-31b7-4475-b2bd-a76e3964c3f1 (type: security_group_rules) to 0
Mar 30 14:14:12.241300 np0000161226 devstack@neutron-api.service[102285]: INFO neutron.db.ovn_revision_numbers_db [None req-40ceb509-4bc5-41c4-a0d0-d9b9546a5803 admin admin] Successfully bumped revision number for resource 7741487c-8df5-4264-a3e2-f98a38159318 (type: security_group_rules) to 0
Mar 30 14:14:12.254045 np0000161226 devstack@neutron-api.service[102285]: INFO neutron.db.ovn_revision_numbers_db [None req-40ceb509-4bc5-41c4-a0d0-d9b9546a5803 admin admin] Successfully bumped revision number for resource 852f574f-7c7a-4e48-a2bf-0a0c96cb4711 (type: security_group_rules) to 0
Mar 30 14:14:12.266648 np0000161226 devstack@neutron-api.service[102285]: INFO neutron.db.ovn_revision_numbers_db [None req-40ceb509-4bc5-41c4-a0d0-d9b9546a5803 admin admin] Successfully bumped revision number for resource cc4f4677-4ef1-4d07-89fc-5eaed702caa1 (type: security_group_rules) to 0
Mar 30 14:14:12.290248 np0000161226 devstack@neutron-api.service[102285]: DEBUG neutron.api.rpc.handlers.resources_rpc [None req-40ceb509-4bc5-41c4-a0d0-d9b9546a5803 admin admin] Pushing event updated for resources: {'SecurityGroup': ['ID=449c8bd0-9330-42e2-a95c-f9794a200967,revision_number=1']} {{(pid=102285) push /opt/stack/neutron/neutron/api/rpc/handlers/resources_rpc.py:237}}
Mar 30 14:14:12.298153 np0000161226 devstack@neutron-api.service[102285]: DEBUG ovsdbapp.backend.ovs_idl.transaction [-] Running txn n=1 command(idx=0): CheckLivenessCommand(_result=None) {{(pid=102285) do_commit /opt/stack/data/venv/lib/python3.12/site-packages/ovsdbapp/backend/ovs_idl/transaction.py:89}}
Mar 30 14:14:12.300618 np0000161226 devstack@neutron-api.service[102285]: DEBUG neutron.plugins.ml2.drivers.ovn.mech_driver.ovsdb.ovsdb_monitor [-] Hash Ring: Node 570abee8618e5eb69fa74deabe57a554 (host: np0000161226) handling event "update" for row 67488cfa-1632-4f30-8228-13cfb1f8eb12 (table: NB_Global) {{(pid=102285) notify /opt/stack/neutron/neutron/plugins/ml2/drivers/ovn/mech_driver/ovsdb/ovsdb_monitor.py:912}}
Mar 30 14:14:12.301807 np0000161226 devstack@neutron-api.service[102288]: DEBUG neutron.plugins.ml2.drivers.ovn.mech_driver.ovsdb.ovsdb_monitor [-] Hash Ring: Node 7866587940765600b27c5f69fb65eb40 (host: np0000161226) handling event "update" for row 67488cfa-1632-4f30-8228-13cfb1f8eb12 (table: NB_Global) {{(pid=102288) notify /opt/stack/neutron/neutron/plugins/ml2/drivers/ovn/mech_driver/ovsdb/ovsdb_monitor.py:912}}
Mar 30 14:14:12.302936 np0000161226 devstack@neutron-api.service[102285]: DEBUG neutron.api.rpc.callbacks.version_manager [None req-40ceb509-4bc5-41c4-a0d0-d9b9546a5803 admin admin] Tracked resource versions report:
Mar 30 14:14:12.302936 np0000161226 devstack@neutron-api.service[102285]: pushed versions:
Mar 30 14:14:12.302936 np0000161226 devstack@neutron-api.service[102285]: { 'AddressGroup': {'1.2'},
Mar 30 14:14:12.302936 np0000161226 devstack@neutron-api.service[102285]: 'Agent': {'1.1'},
Mar 30 14:14:12.302936 np0000161226 devstack@neutron-api.service[102285]: 'ConntrackHelper': {'1.0'},
Mar 30 14:14:12.302936 np0000161226 devstack@neutron-api.service[102285]: 'LocalIPAssociation': {'1.0'},
Mar 30 14:14:12.302936 np0000161226 devstack@neutron-api.service[102285]: 'Log': {'1.0'},
Mar 30 14:14:12.302936 np0000161226 devstack@neutron-api.service[102285]: 'NDPProxy': {'1.0'},
Mar 30 14:14:12.302936 np0000161226 devstack@neutron-api.service[102285]: 'Network': {'1.2'},
Mar 30 14:14:12.302936 np0000161226 devstack@neutron-api.service[102285]: 'Port': {'1.10'},
Mar 30 14:14:12.302936 np0000161226 devstack@neutron-api.service[102285]: 'PortForwarding': {'1.3'},
Mar 30 14:14:12.302936 np0000161226 devstack@neutron-api.service[102285]: 'QosPolicy': {'1.10'},
Mar 30 14:14:12.302936 np0000161226 devstack@neutron-api.service[102285]: 'SecurityGroup': {'1.6'},
Mar 30 14:14:12.302936 np0000161226 devstack@neutron-api.service[102285]: 'SecurityGroupRule': {'1.3'},
Mar 30 14:14:12.302936 np0000161226 devstack@neutron-api.service[102285]: 'SubPort': {'1.0'},
Mar 30 14:14:12.302936 np0000161226 devstack@neutron-api.service[102285]: 'Subnet': {'1.2'},
Mar 30 14:14:12.302936 np0000161226 devstack@neutron-api.service[102285]: 'Trunk': {'1.1'}}
Mar 30 14:14:12.302936 np0000161226 devstack@neutron-api.service[102285]: consumer versions:
Mar 30 14:14:12.302936 np0000161226 devstack@neutron-api.service[102285]: {}
Mar 30 14:14:12.302936 np0000161226 devstack@neutron-api.service[102285]: {{(pid=102285) report /opt/stack/neutron/neutron/api/rpc/callbacks/version_manager.py:183}}
Mar 30 14:14:12.305145 np0000161226 devstack@neutron-api.service[102288]: DEBUG neutron.plugins.ml2.drivers.ovn.mech_driver.ovsdb.ovsdb_monitor [-] Hash Ring: Node 7866587940765600b27c5f69fb65eb40 (host: np0000161226) handling event "update" for row 67488cfa-1632-4f30-8228-13cfb1f8eb12 (table: NB_Global) {{(pid=102288) notify /opt/stack/neutron/neutron/plugins/ml2/drivers/ovn/mech_driver/ovsdb/ovsdb_monitor.py:912}}
Mar 30 14:14:12.305145 np0000161226 devstack@neutron-api.service[102288]: DEBUG neutron.plugins.ml2.drivers.ovn.mech_driver.ovsdb.ovsdb_monitor [-] ChassisAgentWriteEvent : Matched Chassis_Private, update, None None {{(pid=102288) matches /opt/stack/neutron/neutron/plugins/ml2/drivers/ovn/mech_driver/ovsdb/ovsdb_monitor.py:64}}
Mar 30 14:14:12.306982 np0000161226 devstack@neutron-api.service[102287]: DEBUG neutron.plugins.ml2.drivers.ovn.mech_driver.ovsdb.ovsdb_monitor [-] ChassisAgentWriteEvent : Matched Chassis_Private, update, None None {{(pid=102287) matches /opt/stack/neutron/neutron/plugins/ml2/drivers/ovn/mech_driver/ovsdb/ovsdb_monitor.py:64}}
Mar 30 14:14:12.307264 np0000161226 devstack@neutron-api.service[102286]: DEBUG neutron.plugins.ml2.drivers.ovn.mech_driver.ovsdb.ovsdb_monitor [-] ChassisAgentWriteEvent : Matched Chassis_Private, update, None None {{(pid=102286) matches /opt/stack/neutron/neutron/plugins/ml2/drivers/ovn/mech_driver/ovsdb/ovsdb_monitor.py:64}}
Mar 30 14:14:12.307802 np0000161226 devstack@neutron-api.service[102285]: DEBUG neutron.plugins.ml2.drivers.ovn.mech_driver.ovsdb.ovsdb_monitor [-] Hash Ring: Node 570abee8618e5eb69fa74deabe57a554 (host: np0000161226) handling event "update" for row 67488cfa-1632-4f30-8228-13cfb1f8eb12 (table: NB_Global) {{(pid=102285) notify /opt/stack/neutron/neutron/plugins/ml2/drivers/ovn/mech_driver/ovsdb/ovsdb_monitor.py:912}}
Mar 30 14:14:12.309060 np0000161226 devstack@neutron-api.service[102288]: DEBUG neutron.plugins.ml2.drivers.ovn.mech_driver.ovsdb.ovsdb_monitor [-] Hash Ring: Node 7866587940765600b27c5f69fb65eb40 (host: np0000161226) handling event "update" for row 67488cfa-1632-4f30-8228-13cfb1f8eb12 (table: NB_Global) {{(pid=102288) notify /opt/stack/neutron/neutron/plugins/ml2/drivers/ovn/mech_driver/ovsdb/ovsdb_monitor.py:912}}
Mar 30 14:14:12.309370 np0000161226 devstack@neutron-api.service[102285]: DEBUG neutron.plugins.ml2.drivers.ovn.mech_driver.ovsdb.ovsdb_monitor [-] ChassisAgentWriteEvent : Matched Chassis_Private, update, None None {{(pid=102285) matches /opt/stack/neutron/neutron/plugins/ml2/drivers/ovn/mech_driver/ovsdb/ovsdb_monitor.py:64}}
Mar 30 14:14:12.310848 np0000161226 devstack@neutron-api.service[102288]: DEBUG neutron.plugins.ml2.drivers.ovn.mech_driver.ovsdb.ovsdb_monitor [-] Hash Ring: Node 7866587940765600b27c5f69fb65eb40 (host: np0000161226) handling event "update" for row 67488cfa-1632-4f30-8228-13cfb1f8eb12 (table: NB_Global) {{(pid=102288) notify /opt/stack/neutron/neutron/plugins/ml2/drivers/ovn/mech_driver/ovsdb/ovsdb_monitor.py:912}}
Mar 30 14:14:12.311094 np0000161226 devstack@neutron-api.service[102287]: DEBUG neutron.plugins.ml2.drivers.ovn.mech_driver.ovsdb.ovsdb_monitor [-] ChassisOVNAgentWriteEvent : Matched Chassis_Private, update, None None {{(pid=102287) matches /opt/stack/neutron/neutron/plugins/ml2/drivers/ovn/mech_driver/ovsdb/ovsdb_monitor.py:64}}
Mar 30 14:14:12.311253 np0000161226 devstack@neutron-api.service[102286]: DEBUG neutron.plugins.ml2.drivers.ovn.mech_driver.ovsdb.ovsdb_monitor [-] ChassisOVNAgentWriteEvent : Matched Chassis_Private, update, None None {{(pid=102286) matches /opt/stack/neutron/neutron/plugins/ml2/drivers/ovn/mech_driver/ovsdb/ovsdb_monitor.py:64}}
Mar 30 14:14:12.311522 np0000161226 devstack@neutron-api.service[102288]: DEBUG neutron.common.ovn.hash_ring_manager [-] Allow caching, nodes 4>=4 {{(pid=102288) _wait_startup_before_caching /opt/stack/neutron/neutron/common/ovn/hash_ring_manager.py:65}}
Mar 30 14:14:12.311728 np0000161226 devstack@neutron-api.service[102288]: DEBUG neutron.plugins.ml2.drivers.ovn.mech_driver.ovsdb.ovsdb_monitor [-] Hash Ring: Node 7866587940765600b27c5f69fb65eb40 (host: np0000161226) handling event "update" for row 72dcd8c7-24b9-4ddb-8878-ef445804f0f2 (table: Chassis_Private) {{(pid=102288) notify /opt/stack/neutron/neutron/plugins/ml2/drivers/ovn/mech_driver/ovsdb/ovsdb_monitor.py:912}}
Mar 30 14:14:12.311873 np0000161226 devstack@neutron-api.service[102285]: DEBUG neutron.plugins.ml2.drivers.ovn.mech_driver.ovsdb.ovsdb_monitor [-] ChassisOVNAgentWriteEvent : Matched Chassis_Private, update, None None {{(pid=102285) matches /opt/stack/neutron/neutron/plugins/ml2/drivers/ovn/mech_driver/ovsdb/ovsdb_monitor.py:64}}
Mar 30 14:14:12.312659 np0000161226 devstack@neutron-api.service[102288]: DEBUG neutron.plugins.ml2.drivers.ovn.mech_driver.ovsdb.ovsdb_monitor [-] ChassisOVNAgentWriteEvent : Matched Chassis_Private, update, None None {{(pid=102288) matches /opt/stack/neutron/neutron/plugins/ml2/drivers/ovn/mech_driver/ovsdb/ovsdb_monitor.py:64}}
Mar 30 14:14:12.312985 np0000161226 devstack@neutron-api.service[102288]: DEBUG neutron.plugins.ml2.drivers.ovn.mech_driver.ovsdb.ovsdb_monitor [-] Hash Ring: Node 7866587940765600b27c5f69fb65eb40 (host: np0000161226) handling event "update" for row 72dcd8c7-24b9-4ddb-8878-ef445804f0f2 (table: Chassis_Private) {{(pid=102288) notify /opt/stack/neutron/neutron/plugins/ml2/drivers/ovn/mech_driver/ovsdb/ovsdb_monitor.py:912}}
Mar 30 14:14:12.313688 np0000161226 devstack@neutron-api.service[102285]: DEBUG neutron.plugins.ml2.drivers.ovn.mech_driver.ovsdb.ovsdb_monitor [-] Hash Ring: Node 570abee8618e5eb69fa74deabe57a554 (host: np0000161226) handling event "update" for row 67488cfa-1632-4f30-8228-13cfb1f8eb12 (table: NB_Global) {{(pid=102285) notify /opt/stack/neutron/neutron/plugins/ml2/drivers/ovn/mech_driver/ovsdb/ovsdb_monitor.py:912}}
Mar 30 14:14:12.315744 np0000161226 devstack@neutron-api.service[102285]: DEBUG neutron.plugins.ml2.drivers.ovn.mech_driver.ovsdb.ovsdb_monitor [-] Hash Ring: Node 570abee8618e5eb69fa74deabe57a554 (host: np0000161226) handling event "update" for row 67488cfa-1632-4f30-8228-13cfb1f8eb12 (table: NB_Global) {{(pid=102285) notify /opt/stack/neutron/neutron/plugins/ml2/drivers/ovn/mech_driver/ovsdb/ovsdb_monitor.py:912}}
Mar 30 14:14:12.366254 np0000161226 devstack@neutron-api.service[102285]: DEBUG neutron.plugins.ml2.drivers.helpers [None req-40ceb509-4bc5-41c4-a0d0-d9b9546a5803 admin admin] geneve segment allocate from pool success with {'geneve_vni': 6117} {{(pid=102285) allocate_partially_specified_segment /opt/stack/neutron/neutron/plugins/ml2/drivers/helpers.py:142}}
Mar 30 14:14:12.378830 np0000161226 devstack@neutron-api.service[102285]: DEBUG neutron_lib.callbacks.manager [None req-40ceb509-4bc5-41c4-a0d0-d9b9546a5803 admin admin] Publish callbacks ['neutron.services.segments.db._add_segment_host_mapping_for_segment-8479715522944', 'neutron.plugins.ml2.plugin.Ml2Plugin._handle_segment_change-14729043'] for segment (bfd49509-39bb-4094-bf51-8be29ba04109), precommit_create {{(pid=102285) _notify_loop /opt/stack/data/venv/lib/python3.12/site-packages/neutron_lib/callbacks/manager.py:184}}
Mar 30 14:14:12.379038 np0000161226 devstack@neutron-api.service[102285]: INFO neutron.db.segments_db [None req-40ceb509-4bc5-41c4-a0d0-d9b9546a5803 admin admin] Added segment bfd49509-39bb-4094-bf51-8be29ba04109 of type geneve for network 6052a7e0-0513-4cdf-a579-cb0da6c91f47
Mar 30 14:14:12.421840 np0000161226 devstack@neutron-api.service[102285]: DEBUG neutron_lib.callbacks.manager [None req-40ceb509-4bc5-41c4-a0d0-d9b9546a5803 admin admin] Publish callbacks ['neutron.services.auto_allocate.db._ensure_external_network_default_value_callback-8479713534286'] for network (6052a7e0-0513-4cdf-a579-cb0da6c91f47), precommit_create {{(pid=102285) _notify_loop /opt/stack/data/venv/lib/python3.12/site-packages/neutron_lib/callbacks/manager.py:184}}
Mar 30 14:14:12.437190 np0000161226 devstack@neutron-api.service[102285]: DEBUG neutron.plugins.ml2.drivers.ovn.mech_driver.mech_driver [None req-40ceb509-4bc5-41c4-a0d0-d9b9546a5803 admin admin] Validating network segment with type geneve, segmentation ID 6117, physical network None {{(pid=102285) _validate_network_segments /opt/stack/neutron/neutron/plugins/ml2/drivers/ovn/mech_driver/mech_driver.py:631}}
Mar 30 14:14:12.437305 np0000161226 devstack@neutron-api.service[102285]: DEBUG neutron.db.ovn_revision_numbers_db [None req-40ceb509-4bc5-41c4-a0d0-d9b9546a5803 admin admin] create_initial_revision uuid=6052a7e0-0513-4cdf-a579-cb0da6c91f47, type=networks, rev=-1 {{(pid=102285) create_initial_revision /opt/stack/neutron/neutron/db/ovn_revision_numbers_db.py:98}}
Mar 30 14:14:12.457112 np0000161226 devstack@neutron-api.service[102285]: DEBUG neutron_lib.callbacks.manager [None req-40ceb509-4bc5-41c4-a0d0-d9b9546a5803 admin admin] Publish callbacks ['neutron.plugins.ml2.ovo_rpc._ObjectChangeHandler.handle_event-4057772'] for network (6052a7e0-0513-4cdf-a579-cb0da6c91f47), after_create {{(pid=102285) _notify_loop /opt/stack/data/venv/lib/python3.12/site-packages/neutron_lib/callbacks/manager.py:184}}
Mar 30 14:14:12.502105 np0000161226 devstack@neutron-api.service[102285]: DEBUG neutron.api.rpc.handlers.resources_rpc [None req-40ceb509-4bc5-41c4-a0d0-d9b9546a5803 admin admin] Pushing event updated for resources: {'Network': ['ID=6052a7e0-0513-4cdf-a579-cb0da6c91f47,revision_number=1']} {{(pid=102285) push /opt/stack/neutron/neutron/api/rpc/handlers/resources_rpc.py:237}}
Mar 30 14:14:12.510101 np0000161226 devstack@neutron-api.service[102285]: DEBUG ovsdbapp.backend.ovs_idl.transaction [-] Running txn n=1 command(idx=0): AddNetworkCommand(_result=None, network_uuid=6052a7e0-0513-4cdf-a579-cb0da6c91f47, may_exist=True, columns={'external_ids': {'neutron:network_name': 'private', 'neutron:mtu': '1372', 'neutron:revision_number': '1', 'neutron:availability_zone_hints': '', 'neutron:provnet-network-type': 'geneve'}, 'other_config': {'mcast_snoop': 'false', 'mcast_flood_unregistered': 'false', 'vlan-passthru': 'false'}}) {{(pid=102285) do_commit /opt/stack/data/venv/lib/python3.12/site-packages/ovsdbapp/backend/ovs_idl/transaction.py:89}}
Mar 30 14:14:12.510731 np0000161226 devstack@neutron-api.service[102285]: DEBUG neutron.common.ovn.utils [-] OVS persist_uuid supported=True {{(pid=102285) ovs_persist_uuid_supported /opt/stack/neutron/neutron/common/ovn/utils.py:1535}}
Mar 30 14:14:12.514808 np0000161226 devstack@neutron-api.service[102288]: DEBUG neutron.plugins.ml2.drivers.ovn.mech_driver.ovsdb.ovsdb_monitor [-] Hash Ring: Node 7866587940765600b27c5f69fb65eb40 (host: np0000161226) handling event "create" for row 6052a7e0-0513-4cdf-a579-cb0da6c91f47 (table: Logical_Switch) {{(pid=102288) notify /opt/stack/neutron/neutron/plugins/ml2/drivers/ovn/mech_driver/ovsdb/ovsdb_monitor.py:912}}
Mar 30 14:14:12.521913 np0000161226 devstack@neutron-api.service[102288]: DEBUG neutron.plugins.ml2.drivers.ovn.mech_driver.ovsdb.ovsdb_monitor [-] Hash Ring: Node 7866587940765600b27c5f69fb65eb40 (host: np0000161226) handling event "create" for row e2920e5c-6699-4901-80eb-a25ce36fe2b7 (table: Datapath_Binding) {{(pid=102288) notify /opt/stack/neutron/neutron/plugins/ml2/drivers/ovn/mech_driver/ovsdb/ovsdb_monitor.py:912}}
Mar 30 14:14:12.548845 np0000161226 devstack@neutron-api.service[102285]: INFO neutron.db.ovn_revision_numbers_db [None req-40ceb509-4bc5-41c4-a0d0-d9b9546a5803 admin admin] Successfully bumped revision number for resource 6052a7e0-0513-4cdf-a579-cb0da6c91f47 (type: networks) to 1
Mar 30 14:14:12.617508 np0000161226 devstack@neutron-api.service[102285]: DEBUG neutron_lib.callbacks.manager [None req-40ceb509-4bc5-41c4-a0d0-d9b9546a5803 admin admin] Publish callbacks ['neutron.plugins.ml2.plugin.SecurityGroupDbMixin._ensure_default_security_group_handler-14971403'] for port (None), before_create {{(pid=102285) _notify_loop /opt/stack/data/venv/lib/python3.12/site-packages/neutron_lib/callbacks/manager.py:184}}
Mar 30 14:14:12.705198 np0000161226 devstack@neutron-api.service[102285]: DEBUG neutron_lib.callbacks.manager [None req-40ceb509-4bc5-41c4-a0d0-d9b9546a5803 admin admin] Publish callbacks ['neutron.plugins.ml2.drivers.ovn.mech_driver.mech_driver.OVNMechanismDriver._validate_allowed_address_pairs-840900'] for allowed_address_pair (8d3d6228-60f5-4b4c-a912-8eb5cc73c38b), before_create {{(pid=102285) _notify_loop /opt/stack/data/venv/lib/python3.12/site-packages/neutron_lib/callbacks/manager.py:184}}
Mar 30 14:14:12.705676 np0000161226 devstack@neutron-api.service[102285]: DEBUG neutron_lib.callbacks.manager [None req-40ceb509-4bc5-41c4-a0d0-d9b9546a5803 admin admin] Publish callbacks [] for port (8d3d6228-60f5-4b4c-a912-8eb5cc73c38b), precommit_create {{(pid=102285) _notify_loop /opt/stack/data/venv/lib/python3.12/site-packages/neutron_lib/callbacks/manager.py:184}}
Mar 30 14:14:12.705840 np0000161226 devstack@neutron-api.service[102285]: DEBUG neutron.plugins.ml2.drivers.ovn.mech_driver.mech_driver [None req-40ceb509-4bc5-41c4-a0d0-d9b9546a5803 admin admin] No provisioning block for port 8d3d6228-60f5-4b4c-a912-8eb5cc73c38b since it does not have a host {{(pid=102285) _is_port_provisioning_required /opt/stack/neutron/neutron/plugins/ml2/drivers/ovn/mech_driver/mech_driver.py:884}}
Mar 30 14:14:12.705961 np0000161226 devstack@neutron-api.service[102285]: DEBUG neutron.db.ovn_revision_numbers_db [None req-40ceb509-4bc5-41c4-a0d0-d9b9546a5803 admin admin] create_initial_revision uuid=8d3d6228-60f5-4b4c-a912-8eb5cc73c38b, type=ports, rev=-1 {{(pid=102285) create_initial_revision /opt/stack/neutron/neutron/db/ovn_revision_numbers_db.py:98}}
