Apr 09 19:44:28.958885 np0000164705 nova-conductor[109350]: DEBUG cotyledon.oslo_config_glue [-] vmware.vnc_keymap = en-us {{(pid=109350) log_opt_values /opt/stack/data/venv/lib/python3.12/site-packages/oslo_config/cfg.py:3006}}
Apr 09 19:44:28.958885 np0000164705 nova-conductor[109350]: DEBUG cotyledon.oslo_config_glue [-] vmware.vnc_port = 5900 {{(pid=109350) log_opt_values /opt/stack/data/venv/lib/python3.12/site-packages/oslo_config/cfg.py:3006}}
Apr 09 19:44:28.958885 np0000164705 nova-conductor[109350]: DEBUG cotyledon.oslo_config_glue [-] vmware.vnc_port_total = 10000 {{(pid=109350) log_opt_values /opt/stack/data/venv/lib/python3.12/site-packages/oslo_config/cfg.py:3006}}
Apr 09 19:44:28.958885 np0000164705 nova-conductor[109350]: DEBUG cotyledon.oslo_config_glue [-] vnc.auth_schemes = ['none'] {{(pid=109350) log_opt_values /opt/stack/data/venv/lib/python3.12/site-packages/oslo_config/cfg.py:3006}}
Apr 09 19:44:28.959089 np0000164705 nova-conductor[109350]: DEBUG cotyledon.oslo_config_glue [-] vnc.enabled = True {{(pid=109350) log_opt_values /opt/stack/data/venv/lib/python3.12/site-packages/oslo_config/cfg.py:3006}}
Apr 09 19:44:28.959089 np0000164705 nova-conductor[109350]: DEBUG cotyledon.oslo_config_glue [-] vnc.novncproxy_base_url = http://127.0.0.1:6080/vnc_auto.html {{(pid=109350) log_opt_values /opt/stack/data/venv/lib/python3.12/site-packages/oslo_config/cfg.py:3006}}
Apr 09 19:44:28.959089 np0000164705 nova-conductor[109350]: DEBUG cotyledon.oslo_config_glue [-] vnc.novncproxy_host = 0.0.0.0 {{(pid=109350) log_opt_values /opt/stack/data/venv/lib/python3.12/site-packages/oslo_config/cfg.py:3006}}
Apr 09 19:44:28.959089 np0000164705 nova-conductor[109350]: DEBUG cotyledon.oslo_config_glue [-] vnc.novncproxy_port = 6080 {{(pid=109350) log_opt_values /opt/stack/data/venv/lib/python3.12/site-packages/oslo_config/cfg.py:3006}}
Apr 09 19:44:28.959089 np0000164705 nova-conductor[109350]: DEBUG cotyledon.oslo_config_glue [-] vnc.server_listen = 127.0.0.1 {{(pid=109350) log_opt_values /opt/stack/data/venv/lib/python3.12/site-packages/oslo_config/cfg.py:3006}}
Apr 09 19:44:28.959089 np0000164705 nova-conductor[109350]: DEBUG cotyledon.oslo_config_glue [-] vnc.server_proxyclient_address = 127.0.0.1 {{(pid=109350) log_opt_values /opt/stack/data/venv/lib/python3.12/site-packages/oslo_config/cfg.py:3006}}
Apr 09 19:44:28.959089 np0000164705 nova-conductor[109350]: DEBUG cotyledon.oslo_config_glue [-] vnc.vencrypt_ca_certs = None {{(pid=109350) log_opt_values /opt/stack/data/venv/lib/python3.12/site-packages/oslo_config/cfg.py:3006}}
Apr 09 19:44:28.959089 np0000164705 nova-conductor[109350]: DEBUG cotyledon.oslo_config_glue [-] vnc.vencrypt_client_cert = None {{(pid=109350) log_opt_values /opt/stack/data/venv/lib/python3.12/site-packages/oslo_config/cfg.py:3006}}
Apr 09 19:44:28.959089 np0000164705 nova-conductor[109350]: DEBUG cotyledon.oslo_config_glue [-] vnc.vencrypt_client_key = None {{(pid=109350) log_opt_values /opt/stack/data/venv/lib/python3.12/site-packages/oslo_config/cfg.py:3006}}
Apr 09 19:44:28.959327 np0000164705 nova-conductor[109350]: DEBUG cotyledon.oslo_config_glue [-] workarounds.disable_compute_service_check_for_ffu = False {{(pid=109350) log_opt_values /opt/stack/data/venv/lib/python3.12/site-packages/oslo_config/cfg.py:3006}}
Apr 09 19:44:28.959327 np0000164705 nova-conductor[109350]: DEBUG cotyledon.oslo_config_glue [-] workarounds.disable_deep_image_inspection = False {{(pid=109350) log_opt_values /opt/stack/data/venv/lib/python3.12/site-packages/oslo_config/cfg.py:3006}}
Apr 09 19:44:28.959327 np0000164705 nova-conductor[109350]: DEBUG cotyledon.oslo_config_glue [-] workarounds.disable_fallback_pcpu_query = False {{(pid=109350) log_opt_values /opt/stack/data/venv/lib/python3.12/site-packages/oslo_config/cfg.py:3006}}
Apr 09 19:44:28.959327 np0000164705 nova-conductor[109350]: DEBUG cotyledon.oslo_config_glue [-] workarounds.disable_group_policy_check_upcall = False {{(pid=109350) log_opt_values /opt/stack/data/venv/lib/python3.12/site-packages/oslo_config/cfg.py:3006}}
Apr 09 19:44:28.959327 np0000164705 nova-conductor[109350]: DEBUG cotyledon.oslo_config_glue [-] workarounds.disable_libvirt_livesnapshot = False {{(pid=109350) log_opt_values /opt/stack/data/venv/lib/python3.12/site-packages/oslo_config/cfg.py:3006}}
Apr 09 19:44:28.959327 np0000164705 nova-conductor[109350]: DEBUG cotyledon.oslo_config_glue [-] workarounds.disable_rootwrap = False {{(pid=109350) log_opt_values /opt/stack/data/venv/lib/python3.12/site-packages/oslo_config/cfg.py:3006}}
Apr 09 19:44:28.959327 np0000164705 nova-conductor[109350]: DEBUG cotyledon.oslo_config_glue [-] workarounds.enable_numa_live_migration = False {{(pid=109350) log_opt_values /opt/stack/data/venv/lib/python3.12/site-packages/oslo_config/cfg.py:3006}}
Apr 09 19:44:28.959327 np0000164705 nova-conductor[109350]: DEBUG cotyledon.oslo_config_glue [-] workarounds.enable_qemu_monitor_announce_self = False {{(pid=109350) log_opt_values /opt/stack/data/venv/lib/python3.12/site-packages/oslo_config/cfg.py:3006}}
Apr 09 19:44:28.959327 np0000164705 nova-conductor[109350]: DEBUG cotyledon.oslo_config_glue [-] workarounds.ensure_libvirt_rbd_instance_dir_cleanup = False {{(pid=109350) log_opt_values /opt/stack/data/venv/lib/python3.12/site-packages/oslo_config/cfg.py:3006}}
Apr 09 19:44:28.959538 np0000164705 nova-conductor[109350]: DEBUG cotyledon.oslo_config_glue [-] workarounds.handle_virt_lifecycle_events = True {{(pid=109350) log_opt_values /opt/stack/data/venv/lib/python3.12/site-packages/oslo_config/cfg.py:3006}}
Apr 09 19:44:28.959538 np0000164705 nova-conductor[109350]: DEBUG cotyledon.oslo_config_glue [-] workarounds.libvirt_disable_apic = False {{(pid=109350) log_opt_values /opt/stack/data/venv/lib/python3.12/site-packages/oslo_config/cfg.py:3006}}
Apr 09 19:44:28.959538 np0000164705 nova-conductor[109350]: DEBUG cotyledon.oslo_config_glue [-] workarounds.never_download_image_if_on_rbd = False {{(pid=109350) log_opt_values /opt/stack/data/venv/lib/python3.12/site-packages/oslo_config/cfg.py:3006}}
Apr 09 19:44:28.959538 np0000164705 nova-conductor[109350]: DEBUG cotyledon.oslo_config_glue [-] workarounds.qemu_monitor_announce_self_count = 3 {{(pid=109350) log_opt_values /opt/stack/data/venv/lib/python3.12/site-packages/oslo_config/cfg.py:3006}}
Apr 09 19:44:28.959538 np0000164705 nova-conductor[109350]: DEBUG cotyledon.oslo_config_glue [-] workarounds.qemu_monitor_announce_self_interval = 1 {{(pid=109350) log_opt_values /opt/stack/data/venv/lib/python3.12/site-packages/oslo_config/cfg.py:3006}}
Apr 09 19:44:28.959538 np0000164705 nova-conductor[109350]: DEBUG cotyledon.oslo_config_glue [-] workarounds.reserve_disk_resource_for_image_cache = False {{(pid=109350) log_opt_values /opt/stack/data/venv/lib/python3.12/site-packages/oslo_config/cfg.py:3006}}
Apr 09 19:44:28.959538 np0000164705 nova-conductor[109350]: DEBUG cotyledon.oslo_config_glue [-] workarounds.skip_cpu_compare_at_startup = False {{(pid=109350) log_opt_values /opt/stack/data/venv/lib/python3.12/site-packages/oslo_config/cfg.py:3006}}
Apr 09 19:44:28.959538 np0000164705 nova-conductor[109350]: DEBUG cotyledon.oslo_config_glue [-] workarounds.skip_cpu_compare_on_dest = False {{(pid=109350) log_opt_values /opt/stack/data/venv/lib/python3.12/site-packages/oslo_config/cfg.py:3006}}
Apr 09 19:44:28.959538 np0000164705 nova-conductor[109350]: DEBUG cotyledon.oslo_config_glue [-] workarounds.skip_hypervisor_version_check_on_lm = False {{(pid=109350) log_opt_values /opt/stack/data/venv/lib/python3.12/site-packages/oslo_config/cfg.py:3006}}
Apr 09 19:44:28.959760 np0000164705 nova-conductor[109350]: DEBUG cotyledon.oslo_config_glue [-] workarounds.skip_reserve_in_use_ironic_nodes = False {{(pid=109350) log_opt_values /opt/stack/data/venv/lib/python3.12/site-packages/oslo_config/cfg.py:3006}}
Apr 09 19:44:28.959760 np0000164705 nova-conductor[109350]: DEBUG cotyledon.oslo_config_glue [-] workarounds.unified_limits_count_pcpu_as_vcpu = False {{(pid=109350) log_opt_values /opt/stack/data/venv/lib/python3.12/site-packages/oslo_config/cfg.py:3006}}
Apr 09 19:44:28.959760 np0000164705 nova-conductor[109350]: DEBUG cotyledon.oslo_config_glue [-] workarounds.wait_for_vif_plugged_event_during_hard_reboot = [] {{(pid=109350) log_opt_values /opt/stack/data/venv/lib/python3.12/site-packages/oslo_config/cfg.py:3006}}
Apr 09 19:44:28.959760 np0000164705 nova-conductor[109350]: DEBUG cotyledon.oslo_config_glue [-] wsgi.api_paste_config = /etc/nova/api-paste.ini {{(pid=109350) log_opt_values /opt/stack/data/venv/lib/python3.12/site-packages/oslo_config/cfg.py:3006}}
Apr 09 19:44:28.959760 np0000164705 nova-conductor[109350]: DEBUG cotyledon.oslo_config_glue [-] wsgi.secure_proxy_ssl_header = None {{(pid=109350) log_opt_values /opt/stack/data/venv/lib/python3.12/site-packages/oslo_config/cfg.py:3006}}
Apr 09 19:44:28.959760 np0000164705 nova-conductor[109350]: DEBUG cotyledon.oslo_config_glue [-] zvm.ca_file = None {{(pid=109350) log_opt_values /opt/stack/data/venv/lib/python3.12/site-packages/oslo_config/cfg.py:3006}}
Apr 09 19:44:28.959760 np0000164705 nova-conductor[109350]: DEBUG cotyledon.oslo_config_glue [-] zvm.cloud_connector_url = None {{(pid=109350) log_opt_values /opt/stack/data/venv/lib/python3.12/site-packages/oslo_config/cfg.py:3006}}
Apr 09 19:44:28.959760 np0000164705 nova-conductor[109350]: DEBUG cotyledon.oslo_config_glue [-] zvm.image_tmp_path = /opt/stack/data/nova/images {{(pid=109350) log_opt_values /opt/stack/data/venv/lib/python3.12/site-packages/oslo_config/cfg.py:3006}}
Apr 09 19:44:28.959760 np0000164705 nova-conductor[109350]: DEBUG cotyledon.oslo_config_glue [-] zvm.reachable_timeout = 300 {{(pid=109350) log_opt_values /opt/stack/data/venv/lib/python3.12/site-packages/oslo_config/cfg.py:3006}}
Apr 09 19:44:28.959966 np0000164705 nova-conductor[109350]: DEBUG cotyledon.oslo_config_glue [-] oslo_versionedobjects.fatal_exception_format_errors = False {{(pid=109350) log_opt_values /opt/stack/data/venv/lib/python3.12/site-packages/oslo_config/cfg.py:3006}}
Apr 09 19:44:28.959966 np0000164705 nova-conductor[109350]: DEBUG cotyledon.oslo_config_glue [-] oslo_middleware.http_basic_auth_user_file = /etc/htpasswd {{(pid=109350) log_opt_values /opt/stack/data/venv/lib/python3.12/site-packages/oslo_config/cfg.py:3006}}
Apr 09 19:44:28.959966 np0000164705 nova-conductor[109350]: DEBUG cotyledon.oslo_config_glue [-] profiler.connection_string = messaging:// {{(pid=109350) log_opt_values /opt/stack/data/venv/lib/python3.12/site-packages/oslo_config/cfg.py:3006}}
Apr 09 19:44:28.959966 np0000164705 nova-conductor[109350]: DEBUG cotyledon.oslo_config_glue [-] profiler.enabled = False {{(pid=109350) log_opt_values /opt/stack/data/venv/lib/python3.12/site-packages/oslo_config/cfg.py:3006}}
Apr 09 19:44:28.959966 np0000164705 nova-conductor[109350]: DEBUG cotyledon.oslo_config_glue [-] profiler.es_doc_type = notification {{(pid=109350) log_opt_values /opt/stack/data/venv/lib/python3.12/site-packages/oslo_config/cfg.py:3006}}
Apr 09 19:44:28.959966 np0000164705 nova-conductor[109350]: DEBUG cotyledon.oslo_config_glue [-] profiler.es_scroll_size = 10000 {{(pid=109350) log_opt_values /opt/stack/data/venv/lib/python3.12/site-packages/oslo_config/cfg.py:3006}}
Apr 09 19:44:28.959966 np0000164705 nova-conductor[109350]: DEBUG cotyledon.oslo_config_glue [-] profiler.es_scroll_time = 2m {{(pid=109350) log_opt_values /opt/stack/data/venv/lib/python3.12/site-packages/oslo_config/cfg.py:3006}}
Apr 09 19:44:28.959966 np0000164705 nova-conductor[109350]: DEBUG cotyledon.oslo_config_glue [-] profiler.filter_error_trace = False {{(pid=109350) log_opt_values /opt/stack/data/venv/lib/python3.12/site-packages/oslo_config/cfg.py:3006}}
Apr 09 19:44:28.959966 np0000164705 nova-conductor[109350]: DEBUG cotyledon.oslo_config_glue [-] profiler.hmac_keys = **** {{(pid=109350) log_opt_values /opt/stack/data/venv/lib/python3.12/site-packages/oslo_config/cfg.py:3006}}
Apr 09 19:44:28.960187 np0000164705 nova-conductor[109350]: DEBUG cotyledon.oslo_config_glue [-] profiler.sentinel_service_name = mymaster {{(pid=109350) log_opt_values /opt/stack/data/venv/lib/python3.12/site-packages/oslo_config/cfg.py:3006}}
Apr 09 19:44:28.960187 np0000164705 nova-conductor[109350]: DEBUG cotyledon.oslo_config_glue [-] profiler.socket_timeout = 0.1 {{(pid=109350) log_opt_values /opt/stack/data/venv/lib/python3.12/site-packages/oslo_config/cfg.py:3006}}
Apr 09 19:44:28.960187 np0000164705 nova-conductor[109350]: DEBUG cotyledon.oslo_config_glue [-] profiler.trace_requests = False {{(pid=109350) log_opt_values /opt/stack/data/venv/lib/python3.12/site-packages/oslo_config/cfg.py:3006}}
Apr 09 19:44:28.960187 np0000164705 nova-conductor[109350]: DEBUG cotyledon.oslo_config_glue [-] profiler.trace_sqlalchemy = False {{(pid=109350) log_opt_values /opt/stack/data/venv/lib/python3.12/site-packages/oslo_config/cfg.py:3006}}
Apr 09 19:44:28.960187 np0000164705 nova-conductor[109350]: DEBUG cotyledon.oslo_config_glue [-] profiler_jaeger.process_tags = {} {{(pid=109350) log_opt_values /opt/stack/data/venv/lib/python3.12/site-packages/oslo_config/cfg.py:3006}}
Apr 09 19:44:28.960187 np0000164705 nova-conductor[109350]: DEBUG cotyledon.oslo_config_glue [-] profiler_jaeger.service_name_prefix = None {{(pid=109350) log_opt_values /opt/stack/data/venv/lib/python3.12/site-packages/oslo_config/cfg.py:3006}}
Apr 09 19:44:28.960187 np0000164705 nova-conductor[109350]: DEBUG cotyledon.oslo_config_glue [-] profiler_otlp.service_name_prefix = None {{(pid=109350) log_opt_values /opt/stack/data/venv/lib/python3.12/site-packages/oslo_config/cfg.py:3006}}
Apr 09 19:44:28.960187 np0000164705 nova-conductor[109350]: DEBUG cotyledon.oslo_config_glue [-] oslo_messaging_rabbit.amqp_auto_delete = False {{(pid=109350) log_opt_values /opt/stack/data/venv/lib/python3.12/site-packages/oslo_config/cfg.py:3006}}
Apr 09 19:44:28.960187 np0000164705 nova-conductor[109350]: DEBUG cotyledon.oslo_config_glue [-] oslo_messaging_rabbit.amqp_durable_queues = False {{(pid=109350) log_opt_values /opt/stack/data/venv/lib/python3.12/site-packages/oslo_config/cfg.py:3006}}
Apr 09 19:44:28.960438 np0000164705 nova-conductor[109350]: DEBUG cotyledon.oslo_config_glue [-] oslo_messaging_rabbit.conn_pool_min_size = 2 {{(pid=109350) log_opt_values /opt/stack/data/venv/lib/python3.12/site-packages/oslo_config/cfg.py:3006}}
Apr 09 19:44:28.960438 np0000164705 nova-conductor[109350]: DEBUG cotyledon.oslo_config_glue [-] oslo_messaging_rabbit.conn_pool_ttl = 1200 {{(pid=109350) log_opt_values /opt/stack/data/venv/lib/python3.12/site-packages/oslo_config/cfg.py:3006}}
Apr 09 19:44:28.960438 np0000164705 nova-conductor[109350]: DEBUG cotyledon.oslo_config_glue [-] oslo_messaging_rabbit.direct_mandatory_flag = True {{(pid=109350) log_opt_values /opt/stack/data/venv/lib/python3.12/site-packages/oslo_config/cfg.py:3006}}
Apr 09 19:44:28.960438 np0000164705 nova-conductor[109350]: DEBUG cotyledon.oslo_config_glue [-] oslo_messaging_rabbit.enable_cancel_on_failover = False {{(pid=109350) log_opt_values /opt/stack/data/venv/lib/python3.12/site-packages/oslo_config/cfg.py:3006}}
Apr 09 19:44:28.960438 np0000164705 nova-conductor[109350]: DEBUG cotyledon.oslo_config_glue [-] oslo_messaging_rabbit.heartbeat_in_pthread = False {{(pid=109350) log_opt_values /opt/stack/data/venv/lib/python3.12/site-packages/oslo_config/cfg.py:3006}}
Apr 09 19:44:28.960438 np0000164705 nova-conductor[109350]: DEBUG cotyledon.oslo_config_glue [-] oslo_messaging_rabbit.heartbeat_rate = 3 {{(pid=109350) log_opt_values /opt/stack/data/venv/lib/python3.12/site-packages/oslo_config/cfg.py:3006}}
Apr 09 19:44:28.960438 np0000164705 nova-conductor[109350]: DEBUG cotyledon.oslo_config_glue [-] oslo_messaging_rabbit.heartbeat_timeout_threshold = 60 {{(pid=109350) log_opt_values /opt/stack/data/venv/lib/python3.12/site-packages/oslo_config/cfg.py:3006}}
Apr 09 19:44:28.960438 np0000164705 nova-conductor[109350]: DEBUG cotyledon.oslo_config_glue [-] oslo_messaging_rabbit.hostname = np0000164705 {{(pid=109350) log_opt_values /opt/stack/data/venv/lib/python3.12/site-packages/oslo_config/cfg.py:3006}}
Apr 09 19:44:28.960438 np0000164705 nova-conductor[109350]: DEBUG cotyledon.oslo_config_glue [-] oslo_messaging_rabbit.kombu_compression = None {{(pid=109350) log_opt_values /opt/stack/data/venv/lib/python3.12/site-packages/oslo_config/cfg.py:3006}}
Apr 09 19:44:28.960655 np0000164705 nova-conductor[109350]: DEBUG cotyledon.oslo_config_glue [-] oslo_messaging_rabbit.kombu_failover_strategy = round-robin {{(pid=109350) log_opt_values /opt/stack/data/venv/lib/python3.12/site-packages/oslo_config/cfg.py:3006}}
Apr 09 19:44:28.960655 np0000164705 nova-conductor[109350]: DEBUG cotyledon.oslo_config_glue [-] oslo_messaging_rabbit.kombu_missing_consumer_retry_timeout = 60 {{(pid=109350) log_opt_values /opt/stack/data/venv/lib/python3.12/site-packages/oslo_config/cfg.py:3006}}
Apr 09 19:44:28.960655 np0000164705 nova-conductor[109350]: DEBUG cotyledon.oslo_config_glue [-] oslo_messaging_rabbit.kombu_reconnect_delay = 1.0 {{(pid=109350) log_opt_values /opt/stack/data/venv/lib/python3.12/site-packages/oslo_config/cfg.py:3006}}
Apr 09 19:44:28.960655 np0000164705 nova-conductor[109350]: DEBUG cotyledon.oslo_config_glue [-] oslo_messaging_rabbit.kombu_reconnect_splay = 0.0 {{(pid=109350) log_opt_values /opt/stack/data/venv/lib/python3.12/site-packages/oslo_config/cfg.py:3006}}
Apr 09 19:44:28.960655 np0000164705 nova-conductor[109350]: DEBUG cotyledon.oslo_config_glue [-] oslo_messaging_rabbit.processname = nova-conductor {{(pid=109350) log_opt_values /opt/stack/data/venv/lib/python3.12/site-packages/oslo_config/cfg.py:3006}}
Apr 09 19:44:28.960655 np0000164705 nova-conductor[109350]: DEBUG cotyledon.oslo_config_glue [-] oslo_messaging_rabbit.rabbit_ha_queues = False {{(pid=109350) log_opt_values /opt/stack/data/venv/lib/python3.12/site-packages/oslo_config/cfg.py:3006}}
Apr 09 19:44:28.960655 np0000164705 nova-conductor[109350]: DEBUG cotyledon.oslo_config_glue [-] oslo_messaging_rabbit.rabbit_interval_max = 30 {{(pid=109350) log_opt_values /opt/stack/data/venv/lib/python3.12/site-packages/oslo_config/cfg.py:3006}}
Apr 09 19:44:28.960655 np0000164705 nova-conductor[109350]: DEBUG cotyledon.oslo_config_glue [-] oslo_messaging_rabbit.rabbit_login_method = AMQPLAIN {{(pid=109350) log_opt_values /opt/stack/data/venv/lib/python3.12/site-packages/oslo_config/cfg.py:3006}}
Apr 09 19:44:28.960852 np0000164705 nova-conductor[109350]: DEBUG cotyledon.oslo_config_glue [-] oslo_messaging_rabbit.rabbit_qos_prefetch_count = 0 {{(pid=109350) log_opt_values /opt/stack/data/venv/lib/python3.12/site-packages/oslo_config/cfg.py:3006}}
Apr 09 19:44:28.960852 np0000164705 nova-conductor[109350]: DEBUG cotyledon.oslo_config_glue [-] oslo_messaging_rabbit.rabbit_quorum_delivery_limit = 0 {{(pid=109350) log_opt_values /opt/stack/data/venv/lib/python3.12/site-packages/oslo_config/cfg.py:3006}}
Apr 09 19:44:28.960852 np0000164705 nova-conductor[109350]: DEBUG cotyledon.oslo_config_glue [-] oslo_messaging_rabbit.rabbit_quorum_max_memory_bytes = 0 {{(pid=109350) log_opt_values /opt/stack/data/venv/lib/python3.12/site-packages/oslo_config/cfg.py:3006}}
Apr 09 19:44:28.960852 np0000164705 nova-conductor[109350]: DEBUG cotyledon.oslo_config_glue [-] oslo_messaging_rabbit.rabbit_quorum_max_memory_length = 0 {{(pid=109350) log_opt_values /opt/stack/data/venv/lib/python3.12/site-packages/oslo_config/cfg.py:3006}}
Apr 09 19:44:28.960852 np0000164705 nova-conductor[109350]: DEBUG cotyledon.oslo_config_glue [-] oslo_messaging_rabbit.rabbit_quorum_queue = False {{(pid=109350) log_opt_values /opt/stack/data/venv/lib/python3.12/site-packages/oslo_config/cfg.py:3006}}
Apr 09 19:44:28.960852 np0000164705 nova-conductor[109350]: DEBUG cotyledon.oslo_config_glue [-] oslo_messaging_rabbit.rabbit_retry_backoff = 2 {{(pid=109350) log_opt_values /opt/stack/data/venv/lib/python3.12/site-packages/oslo_config/cfg.py:3006}}
Apr 09 19:44:28.960852 np0000164705 nova-conductor[109350]: DEBUG cotyledon.oslo_config_glue [-] oslo_messaging_rabbit.rabbit_retry_interval = 1 {{(pid=109350) log_opt_values /opt/stack/data/venv/lib/python3.12/site-packages/oslo_config/cfg.py:3006}}
Apr 09 19:44:28.960852 np0000164705 nova-conductor[109350]: DEBUG cotyledon.oslo_config_glue [-] oslo_messaging_rabbit.rabbit_stream_fanout = False {{(pid=109350) log_opt_values /opt/stack/data/venv/lib/python3.12/site-packages/oslo_config/cfg.py:3006}}
Apr 09 19:44:28.961041 np0000164705 nova-conductor[109350]: DEBUG cotyledon.oslo_config_glue [-] oslo_messaging_rabbit.rabbit_transient_queues_ttl = 1800 {{(pid=109350) log_opt_values /opt/stack/data/venv/lib/python3.12/site-packages/oslo_config/cfg.py:3006}}
Apr 09 19:44:28.961041 np0000164705 nova-conductor[109350]: DEBUG cotyledon.oslo_config_glue [-] oslo_messaging_rabbit.rabbit_transient_quorum_queue = False {{(pid=109350) log_opt_values /opt/stack/data/venv/lib/python3.12/site-packages/oslo_config/cfg.py:3006}}
Apr 09 19:44:28.961041 np0000164705 nova-conductor[109350]: DEBUG cotyledon.oslo_config_glue [-] oslo_messaging_rabbit.rpc_conn_pool_size = 30 {{(pid=109350) log_opt_values /opt/stack/data/venv/lib/python3.12/site-packages/oslo_config/cfg.py:3006}}
Apr 09 19:44:28.961041 np0000164705 nova-conductor[109350]: DEBUG cotyledon.oslo_config_glue [-] oslo_messaging_rabbit.ssl = False {{(pid=109350) log_opt_values /opt/stack/data/venv/lib/python3.12/site-packages/oslo_config/cfg.py:3006}}
Apr 09 19:44:28.961041 np0000164705 nova-conductor[109350]: DEBUG cotyledon.oslo_config_glue [-] oslo_messaging_rabbit.ssl_ca_file = {{(pid=109350) log_opt_values /opt/stack/data/venv/lib/python3.12/site-packages/oslo_config/cfg.py:3006}}
Apr 09 19:44:28.961041 np0000164705 nova-conductor[109350]: DEBUG cotyledon.oslo_config_glue [-] oslo_messaging_rabbit.ssl_cert_file = {{(pid=109350) log_opt_values /opt/stack/data/venv/lib/python3.12/site-packages/oslo_config/cfg.py:3006}}
Apr 09 19:44:28.961041 np0000164705 nova-conductor[109350]: DEBUG cotyledon.oslo_config_glue [-] oslo_messaging_rabbit.ssl_enforce_fips_mode = False {{(pid=109350) log_opt_values /opt/stack/data/venv/lib/python3.12/site-packages/oslo_config/cfg.py:3006}}
Apr 09 19:44:28.961041 np0000164705 nova-conductor[109350]: DEBUG cotyledon.oslo_config_glue [-] oslo_messaging_rabbit.ssl_key_file = {{(pid=109350) log_opt_values /opt/stack/data/venv/lib/python3.12/site-packages/oslo_config/cfg.py:3006}}
Apr 09 19:44:28.961041 np0000164705 nova-conductor[109350]: DEBUG cotyledon.oslo_config_glue [-] oslo_messaging_rabbit.ssl_version = {{(pid=109350) log_opt_values /opt/stack/data/venv/lib/python3.12/site-packages/oslo_config/cfg.py:3006}}
Apr 09 19:44:28.961294 np0000164705 nova-conductor[109350]: DEBUG cotyledon.oslo_config_glue [-] oslo_messaging_rabbit.use_queue_manager = False {{(pid=109350) log_opt_values /opt/stack/data/venv/lib/python3.12/site-packages/oslo_config/cfg.py:3006}}
Apr 09 19:44:28.961294 np0000164705 nova-conductor[109350]: DEBUG cotyledon.oslo_config_glue [-] oslo_messaging_notifications.driver = ['messagingv2'] {{(pid=109350) log_opt_values /opt/stack/data/venv/lib/python3.12/site-packages/oslo_config/cfg.py:3006}}
Apr 09 19:44:28.961294 np0000164705 nova-conductor[109350]: DEBUG cotyledon.oslo_config_glue [-] oslo_messaging_notifications.retry = -1 {{(pid=109350) log_opt_values /opt/stack/data/venv/lib/python3.12/site-packages/oslo_config/cfg.py:3006}}
Apr 09 19:44:28.961294 np0000164705 nova-conductor[109350]: DEBUG cotyledon.oslo_config_glue [-] oslo_messaging_notifications.topics = ['notifications'] {{(pid=109350) log_opt_values /opt/stack/data/venv/lib/python3.12/site-packages/oslo_config/cfg.py:3006}}
Apr 09 19:44:28.961294 np0000164705 nova-conductor[109350]: DEBUG cotyledon.oslo_config_glue [-] oslo_messaging_notifications.transport_url = **** {{(pid=109350) log_opt_values /opt/stack/data/venv/lib/python3.12/site-packages/oslo_config/cfg.py:3006}}
Apr 09 19:44:28.961294 np0000164705 nova-conductor[109350]: DEBUG cotyledon.oslo_config_glue [-] oslo_limit.auth_section = None {{(pid=109350) log_opt_values /opt/stack/data/venv/lib/python3.12/site-packages/oslo_config/cfg.py:3006}}
Apr 09 19:44:28.961294 np0000164705 nova-conductor[109350]: DEBUG cotyledon.oslo_config_glue [-] oslo_limit.auth_type = None {{(pid=109350) log_opt_values /opt/stack/data/venv/lib/python3.12/site-packages/oslo_config/cfg.py:3006}}
Apr 09 19:44:28.961294 np0000164705 nova-conductor[109350]: DEBUG cotyledon.oslo_config_glue [-] oslo_limit.cafile = None {{(pid=109350) log_opt_values /opt/stack/data/venv/lib/python3.12/site-packages/oslo_config/cfg.py:3006}}
Apr 09 19:44:28.961294 np0000164705 nova-conductor[109350]: DEBUG cotyledon.oslo_config_glue [-] oslo_limit.certfile = None {{(pid=109350) log_opt_values /opt/stack/data/venv/lib/python3.12/site-packages/oslo_config/cfg.py:3006}}
Apr 09 19:44:28.961520 np0000164705 nova-conductor[109350]: DEBUG cotyledon.oslo_config_glue [-] oslo_limit.collect_timing = False {{(pid=109350) log_opt_values /opt/stack/data/venv/lib/python3.12/site-packages/oslo_config/cfg.py:3006}}
Apr 09 19:44:28.961520 np0000164705 nova-conductor[109350]: DEBUG cotyledon.oslo_config_glue [-] oslo_limit.connect_retries = None {{(pid=109350) log_opt_values /opt/stack/data/venv/lib/python3.12/site-packages/oslo_config/cfg.py:3006}}
Apr 09 19:44:28.961520 np0000164705 nova-conductor[109350]: DEBUG cotyledon.oslo_config_glue [-] oslo_limit.connect_retry_delay = None {{(pid=109350) log_opt_values /opt/stack/data/venv/lib/python3.12/site-packages/oslo_config/cfg.py:3006}}
Apr 09 19:44:28.961520 np0000164705 nova-conductor[109350]: DEBUG cotyledon.oslo_config_glue [-] oslo_limit.endpoint_id = None {{(pid=109350) log_opt_values /opt/stack/data/venv/lib/python3.12/site-packages/oslo_config/cfg.py:3006}}
Apr 09 19:44:28.961520 np0000164705 nova-conductor[109350]: DEBUG cotyledon.oslo_config_glue [-] oslo_limit.endpoint_interface = public {{(pid=109350) log_opt_values /opt/stack/data/venv/lib/python3.12/site-packages/oslo_config/cfg.py:3006}}
Apr 09 19:44:28.961520 np0000164705 nova-conductor[109350]: DEBUG cotyledon.oslo_config_glue [-] oslo_limit.endpoint_override = None {{(pid=109350) log_opt_values /opt/stack/data/venv/lib/python3.12/site-packages/oslo_config/cfg.py:3006}}
Apr 09 19:44:28.961520 np0000164705 nova-conductor[109350]: DEBUG cotyledon.oslo_config_glue [-] oslo_limit.endpoint_region_name = None {{(pid=109350) log_opt_values /opt/stack/data/venv/lib/python3.12/site-packages/oslo_config/cfg.py:3006}}
Apr 09 19:44:28.961520 np0000164705 nova-conductor[109350]: DEBUG cotyledon.oslo_config_glue [-] oslo_limit.endpoint_service_name = None {{(pid=109350) log_opt_values /opt/stack/data/venv/lib/python3.12/site-packages/oslo_config/cfg.py:3006}}
Apr 09 19:44:28.961520 np0000164705 nova-conductor[109350]: DEBUG cotyledon.oslo_config_glue [-] oslo_limit.endpoint_service_type = None {{(pid=109350) log_opt_values /opt/stack/data/venv/lib/python3.12/site-packages/oslo_config/cfg.py:3006}}
Apr 09 19:44:28.961883 np0000164705 nova-conductor[109350]: DEBUG cotyledon.oslo_config_glue [-] oslo_limit.insecure = False {{(pid=109350) log_opt_values /opt/stack/data/venv/lib/python3.12/site-packages/oslo_config/cfg.py:3006}}
Apr 09 19:44:28.961883 np0000164705 nova-conductor[109350]: DEBUG cotyledon.oslo_config_glue [-] oslo_limit.keyfile = None {{(pid=109350) log_opt_values /opt/stack/data/venv/lib/python3.12/site-packages/oslo_config/cfg.py:3006}}
Apr 09 19:44:28.961883 np0000164705 nova-conductor[109350]: DEBUG cotyledon.oslo_config_glue [-] oslo_limit.max_version = None {{(pid=109350) log_opt_values /opt/stack/data/venv/lib/python3.12/site-packages/oslo_config/cfg.py:3006}}
Apr 09 19:44:28.961883 np0000164705 nova-conductor[109350]: DEBUG cotyledon.oslo_config_glue [-] oslo_limit.min_version = None {{(pid=109350) log_opt_values /opt/stack/data/venv/lib/python3.12/site-packages/oslo_config/cfg.py:3006}}
Apr 09 19:44:28.961883 np0000164705 nova-conductor[109350]: DEBUG cotyledon.oslo_config_glue [-] oslo_limit.region_name = None {{(pid=109350) log_opt_values /opt/stack/data/venv/lib/python3.12/site-packages/oslo_config/cfg.py:3006}}
Apr 09 19:44:28.961883 np0000164705 nova-conductor[109350]: DEBUG cotyledon.oslo_config_glue [-] oslo_limit.retriable_status_codes = None {{(pid=109350) log_opt_values /opt/stack/data/venv/lib/python3.12/site-packages/oslo_config/cfg.py:3006}}
Apr 09 19:44:28.961883 np0000164705 nova-conductor[109350]: DEBUG cotyledon.oslo_config_glue [-] oslo_limit.service_name = None {{(pid=109350) log_opt_values /opt/stack/data/venv/lib/python3.12/site-packages/oslo_config/cfg.py:3006}}
Apr 09 19:44:28.961883 np0000164705 nova-conductor[109350]: DEBUG cotyledon.oslo_config_glue [-] oslo_limit.service_type = None {{(pid=109350) log_opt_values /opt/stack/data/venv/lib/python3.12/site-packages/oslo_config/cfg.py:3006}}
Apr 09 19:44:28.961883 np0000164705 nova-conductor[109350]: DEBUG cotyledon.oslo_config_glue [-] oslo_limit.split_loggers = False {{(pid=109350) log_opt_values /opt/stack/data/venv/lib/python3.12/site-packages/oslo_config/cfg.py:3006}}
Apr 09 19:44:28.962079 np0000164705 nova-conductor[109336]: DEBUG oslo_db.sqlalchemy.engines [None req-c3669d5c-0046-4def-8b0f-42db3af9cea7 None None] MySQL server mode set to STRICT_TRANS_TABLES,STRICT_ALL_TABLES,NO_ZERO_IN_DATE,NO_ZERO_DATE,ERROR_FOR_DIVISION_BY_ZERO,TRADITIONAL,NO_ENGINE_SUBSTITUTION {{(pid=109336) _check_effective_sql_mode /opt/stack/data/venv/lib/python3.12/site-packages/oslo_db/sqlalchemy/engines.py:325}}
Apr 09 19:44:28.962108 np0000164705 nova-conductor[109350]: DEBUG cotyledon.oslo_config_glue [-] oslo_limit.status_code_retries = None {{(pid=109350) log_opt_values /opt/stack/data/venv/lib/python3.12/site-packages/oslo_config/cfg.py:3006}}
Apr 09 19:44:28.962108 np0000164705 nova-conductor[109350]: DEBUG cotyledon.oslo_config_glue [-] oslo_limit.status_code_retry_delay = None {{(pid=109350) log_opt_values /opt/stack/data/venv/lib/python3.12/site-packages/oslo_config/cfg.py:3006}}
Apr 09 19:44:28.962108 np0000164705 nova-conductor[109350]: DEBUG cotyledon.oslo_config_glue [-] oslo_limit.timeout = None {{(pid=109350) log_opt_values /opt/stack/data/venv/lib/python3.12/site-packages/oslo_config/cfg.py:3006}}
Apr 09 19:44:28.962176 np0000164705 nova-conductor[109329]: DEBUG nova.service [None req-d1d02605-8e3d-41bb-85f2-341eceb12327 None None] Creating RPC server for service: nova-conductor on topic: conductor {{(pid=109329) start /opt/stack/nova/nova/service.py:195}}
Apr 09 19:44:28.962207 np0000164705 nova-conductor[109350]: DEBUG cotyledon.oslo_config_glue [-] oslo_limit.valid_interfaces = None {{(pid=109350) log_opt_values /opt/stack/data/venv/lib/python3.12/site-packages/oslo_config/cfg.py:3006}}
Apr 09 19:44:28.962207 np0000164705 nova-conductor[109350]: DEBUG cotyledon.oslo_config_glue [-] oslo_limit.version = None {{(pid=109350) log_opt_values /opt/stack/data/venv/lib/python3.12/site-packages/oslo_config/cfg.py:3006}}
Apr 09 19:44:28.962207 np0000164705 nova-conductor[109350]: DEBUG cotyledon.oslo_config_glue [-] oslo_reports.file_event_handler = None {{(pid=109350) log_opt_values /opt/stack/data/venv/lib/python3.12/site-packages/oslo_config/cfg.py:3006}}
Apr 09 19:44:28.962207 np0000164705 nova-conductor[109350]: DEBUG cotyledon.oslo_config_glue [-] oslo_reports.file_event_handler_interval = 1 {{(pid=109350) log_opt_values /opt/stack/data/venv/lib/python3.12/site-packages/oslo_config/cfg.py:3006}}
Apr 09 19:44:28.962207 np0000164705 nova-conductor[109350]: DEBUG cotyledon.oslo_config_glue [-] oslo_reports.log_dir = None {{(pid=109350) log_opt_values /opt/stack/data/venv/lib/python3.12/site-packages/oslo_config/cfg.py:3006}}
Apr 09 19:44:28.962207 np0000164705 nova-conductor[109350]: DEBUG cotyledon.oslo_config_glue [-] ******************************************************************************** {{(pid=109350) log_opt_values /opt/stack/data/venv/lib/python3.12/site-packages/oslo_config/cfg.py:3013}}
Apr 09 19:44:28.962207 np0000164705 nova-conductor[109350]: DEBUG cotyledon._service_worker [-] Run service ServiceWrapper(3) [109350] {{(pid=109350) wait_forever /opt/stack/data/venv/lib/python3.12/site-packages/cotyledon/_service_worker.py:218}}
Apr 09 19:44:28.962207 np0000164705 nova-conductor[109350]: INFO nova.service [-] Starting conductor node (version 33.1.0)
Apr 09 19:44:28.962803 np0000164705 nova-conductor[109344]: DEBUG oslo_db.sqlalchemy.engines [None req-4079576d-a94b-4aec-b4f3-4b7bad1a41c8 None None] MySQL server mode set to STRICT_TRANS_TABLES,STRICT_ALL_TABLES,NO_ZERO_IN_DATE,NO_ZERO_DATE,ERROR_FOR_DIVISION_BY_ZERO,TRADITIONAL,NO_ENGINE_SUBSTITUTION {{(pid=109344) _check_effective_sql_mode /opt/stack/data/venv/lib/python3.12/site-packages/oslo_db/sqlalchemy/engines.py:325}}
Apr 09 19:44:28.962834 np0000164705 nova-conductor[109350]: INFO dbcounter [None req-555faa8e-4e34-4941-892d-20c91b461fa7 None None] Registered counter for database nova_cell0
Apr 09 19:44:28.962889 np0000164705 nova-conductor[109336]: DEBUG dbcounter [-] [109336] Writer thread running {{(pid=109336) stat_writer /opt/stack/data/venv/lib/python3.12/site-packages/dbcounter.py:102}}
Apr 09 19:44:28.962889 np0000164705 nova-conductor[109336]: DEBUG nova.service [None req-c3669d5c-0046-4def-8b0f-42db3af9cea7 None None] Creating RPC server for service: nova-conductor on topic: conductor {{(pid=109336) start /opt/stack/nova/nova/service.py:195}}
Apr 09 19:44:28.962977 np0000164705 nova-conductor[109350]: DEBUG oslo_db.sqlalchemy.engines [None req-555faa8e-4e34-4941-892d-20c91b461fa7 None None] MySQL server mode set to STRICT_TRANS_TABLES,STRICT_ALL_TABLES,NO_ZERO_IN_DATE,NO_ZERO_DATE,ERROR_FOR_DIVISION_BY_ZERO,TRADITIONAL,NO_ENGINE_SUBSTITUTION {{(pid=109350) _check_effective_sql_mode /opt/stack/data/venv/lib/python3.12/site-packages/oslo_db/sqlalchemy/engines.py:325}}
Apr 09 19:44:28.963210 np0000164705 nova-conductor[109344]: DEBUG dbcounter [-] [109344] Writer thread running {{(pid=109344) stat_writer /opt/stack/data/venv/lib/python3.12/site-packages/dbcounter.py:102}}
Apr 09 19:44:28.963210 np0000164705 nova-conductor[109344]: DEBUG nova.service [None req-4079576d-a94b-4aec-b4f3-4b7bad1a41c8 None None] Creating RPC server for service: nova-conductor on topic: conductor {{(pid=109344) start /opt/stack/nova/nova/service.py:195}}
Apr 09 19:44:28.966747 np0000164705 nova-conductor[109350]: DEBUG dbcounter [-] [109350] Writer thread running {{(pid=109350) stat_writer /opt/stack/data/venv/lib/python3.12/site-packages/dbcounter.py:102}}
Apr 09 19:44:28.969473 np0000164705 nova-conductor[109350]: DEBUG nova.service [None req-555faa8e-4e34-4941-892d-20c91b461fa7 None None] Creating RPC server for service: nova-conductor on topic: conductor {{(pid=109350) start /opt/stack/nova/nova/service.py:195}}
Apr 09 19:44:28.975801 np0000164705 nova-conductor[109329]: DEBUG nova.service [None req-d1d02605-8e3d-41bb-85f2-341eceb12327 None None] Join ServiceGroup membership for this service conductor {{(pid=109329) start /opt/stack/nova/nova/service.py:221}}
Apr 09 19:44:28.976264 np0000164705 nova-conductor[109329]: DEBUG nova.servicegroup.drivers.db [None req-d1d02605-8e3d-41bb-85f2-341eceb12327 None None] DB_Driver: join new ServiceGroup member np0000164705 to the conductor group, service = {{(pid=109329) join /opt/stack/nova/nova/servicegroup/drivers/db.py:44}}
Apr 09 19:44:28.980180 np0000164705 nova-conductor[109336]: DEBUG nova.service [None req-c3669d5c-0046-4def-8b0f-42db3af9cea7 None None] Join ServiceGroup membership for this service conductor {{(pid=109336) start /opt/stack/nova/nova/service.py:221}}
Apr 09 19:44:28.980571 np0000164705 nova-conductor[109336]: DEBUG nova.servicegroup.drivers.db [None req-c3669d5c-0046-4def-8b0f-42db3af9cea7 None None] DB_Driver: join new ServiceGroup member np0000164705 to the conductor group, service = {{(pid=109336) join /opt/stack/nova/nova/servicegroup/drivers/db.py:44}}
Apr 09 19:44:28.982422 np0000164705 nova-conductor[109344]: DEBUG nova.service [None req-4079576d-a94b-4aec-b4f3-4b7bad1a41c8 None None] Join ServiceGroup membership for this service conductor {{(pid=109344) start /opt/stack/nova/nova/service.py:221}}
Apr 09 19:44:28.982678 np0000164705 nova-conductor[109344]: DEBUG nova.servicegroup.drivers.db [None req-4079576d-a94b-4aec-b4f3-4b7bad1a41c8 None None] DB_Driver: join new ServiceGroup member np0000164705 to the conductor group, service = {{(pid=109344) join /opt/stack/nova/nova/servicegroup/drivers/db.py:44}}
Apr 09 19:44:28.987572 np0000164705 nova-conductor[109350]: DEBUG nova.service [None req-555faa8e-4e34-4941-892d-20c91b461fa7 None None] Join ServiceGroup membership for this service conductor {{(pid=109350) start /opt/stack/nova/nova/service.py:221}}
Apr 09 19:44:28.987730 np0000164705 nova-conductor[109350]: DEBUG nova.servicegroup.drivers.db [None req-555faa8e-4e34-4941-892d-20c91b461fa7 None None] DB_Driver: join new ServiceGroup member np0000164705 to the conductor group, service = {{(pid=109350) join /opt/stack/nova/nova/servicegroup/drivers/db.py:44}}
Apr 09 19:44:33.998314 np0000164705 nova-conductor[109329]: DEBUG oslo.service.backend._threading.loopingcall [-] Fixed interval looping call 'nova.servicegroup.drivers.db.DbDriver._report_state' sleeping for 119.98 seconds {{(pid=109329) _run_loop /opt/stack/data/venv/lib/python3.12/site-packages/oslo_service/backend/_threading/loopingcall.py:125}}
Apr 09 19:44:33.998718 np0000164705 nova-conductor[109344]: DEBUG oslo.service.backend._threading.loopingcall [-] Fixed interval looping call 'nova.servicegroup.drivers.db.DbDriver._report_state' sleeping for 119.99 seconds {{(pid=109344) _run_loop /opt/stack/data/venv/lib/python3.12/site-packages/oslo_service/backend/_threading/loopingcall.py:125}}
Apr 09 19:44:34.000971 np0000164705 nova-conductor[109336]: DEBUG oslo.service.backend._threading.loopingcall [-] Fixed interval looping call 'nova.servicegroup.drivers.db.DbDriver._report_state' sleeping for 119.98 seconds {{(pid=109336) _run_loop /opt/stack/data/venv/lib/python3.12/site-packages/oslo_service/backend/_threading/loopingcall.py:125}}
Apr 09 19:44:34.002628 np0000164705 nova-conductor[109350]: DEBUG oslo.service.backend._threading.loopingcall [-] Fixed interval looping call 'nova.servicegroup.drivers.db.DbDriver._report_state' sleeping for 119.99 seconds {{(pid=109350) _run_loop /opt/stack/data/venv/lib/python3.12/site-packages/oslo_service/backend/_threading/loopingcall.py:125}}
Apr 09 19:44:37.601390 np0000164705 nova-conductor[108642]: DEBUG dbcounter [-] [108642] Writing DB stats nova_api:SELECT=1 {{(pid=108642) stat_writer /opt/stack/data/venv/lib/python3.12/site-packages/dbcounter.py:115}}
Apr 09 19:44:37.698960 np0000164705 nova-conductor[108642]: DEBUG dbcounter [-] [108642] Writing DB stats nova_cell0:SELECT=1 {{(pid=108642) stat_writer /opt/stack/data/venv/lib/python3.12/site-packages/dbcounter.py:115}}
Apr 09 19:44:37.705461 np0000164705 nova-conductor[108642]: DEBUG dbcounter [-] [108642] Writing DB stats nova_cell1:SELECT=1 {{(pid=108642) stat_writer /opt/stack/data/venv/lib/python3.12/site-packages/dbcounter.py:115}}
Apr 09 19:44:43.989489 np0000164705 nova-conductor[109329]: DEBUG dbcounter [-] [109329] Writing DB stats nova_cell0:SELECT=4,nova_cell0:INSERT=1,nova_cell0:UPDATE=1 {{(pid=109329) stat_writer /opt/stack/data/venv/lib/python3.12/site-packages/dbcounter.py:115}}
Apr 09 19:44:43.994803 np0000164705 nova-conductor[109344]: DEBUG dbcounter [-] [109344] Writing DB stats nova_cell0:SELECT=3 {{(pid=109344) stat_writer /opt/stack/data/venv/lib/python3.12/site-packages/dbcounter.py:115}}
Apr 09 19:44:43.999069 np0000164705 nova-conductor[109350]: DEBUG dbcounter [-] [109350] Writing DB stats nova_cell0:SELECT=3 {{(pid=109350) stat_writer /opt/stack/data/venv/lib/python3.12/site-packages/dbcounter.py:115}}
Apr 09 19:44:44.000109 np0000164705 nova-conductor[109336]: DEBUG dbcounter [-] [109336] Writing DB stats nova_cell0:SELECT=3,nova_cell0:UPDATE=1 {{(pid=109336) stat_writer /opt/stack/data/venv/lib/python3.12/site-packages/dbcounter.py:115}}
Apr 09 19:44:57.979816 np0000164705 nova-conductor[109329]: DEBUG oslo.service.backend._threading.loopingcall [None req-23ea7c6f-6799-4dbb-988f-78af548a6481 None None] Dynamic interval looping call 'nova.service.Service.periodic_tasks' sleeping for 60.00 seconds {{(pid=109329) _run_loop /opt/stack/data/venv/lib/python3.12/site-packages/oslo_service/backend/_threading/loopingcall.py:125}}
Apr 09 19:44:58.990139 np0000164705 nova-conductor[109350]: DEBUG oslo.service.backend._threading.loopingcall [None req-cb9d4d44-ee1e-4c83-acfe-7f853158af78 None None] Dynamic interval looping call 'nova.service.Service.periodic_tasks' sleeping for 60.00 seconds {{(pid=109350) _run_loop /opt/stack/data/venv/lib/python3.12/site-packages/oslo_service/backend/_threading/loopingcall.py:125}}
Apr 09 19:45:00.983996 np0000164705 nova-conductor[109336]: DEBUG oslo.service.backend._threading.loopingcall [None req-abb12d12-26fa-4307-890e-cc216353cd3b None None] Dynamic interval looping call 'nova.service.Service.periodic_tasks' sleeping for 60.00 seconds {{(pid=109336) _run_loop /opt/stack/data/venv/lib/python3.12/site-packages/oslo_service/backend/_threading/loopingcall.py:125}}
Apr 09 19:45:27.985858 np0000164705 nova-conductor[109344]: DEBUG oslo.service.backend._threading.loopingcall [None req-dd57b96d-f5c3-4c85-a232-3ca302a4360f None None] Dynamic interval looping call 'nova.service.Service.periodic_tasks' sleeping for 60.00 seconds {{(pid=109344) _run_loop /opt/stack/data/venv/lib/python3.12/site-packages/oslo_service/backend/_threading/loopingcall.py:125}}
Apr 09 19:45:57.981172 np0000164705 nova-conductor[109329]: DEBUG oslo.service.backend._threading.loopingcall [None req-23ea7c6f-6799-4dbb-988f-78af548a6481 None None] Dynamic interval looping call 'nova.service.Service.periodic_tasks' sleeping for 60.00 seconds {{(pid=109329) _run_loop /opt/stack/data/venv/lib/python3.12/site-packages/oslo_service/backend/_threading/loopingcall.py:125}}
Apr 09 19:45:58.990790 np0000164705 nova-conductor[109350]: DEBUG oslo.service.backend._threading.loopingcall [None req-cb9d4d44-ee1e-4c83-acfe-7f853158af78 None None] Dynamic interval looping call 'nova.service.Service.periodic_tasks' sleeping for 60.00 seconds {{(pid=109350) _run_loop /opt/stack/data/venv/lib/python3.12/site-packages/oslo_service/backend/_threading/loopingcall.py:125}}
Apr 09 19:46:00.984784 np0000164705 nova-conductor[109336]: DEBUG oslo.service.backend._threading.loopingcall [None req-abb12d12-26fa-4307-890e-cc216353cd3b None None] Dynamic interval looping call 'nova.service.Service.periodic_tasks' sleeping for 60.00 seconds {{(pid=109336) _run_loop /opt/stack/data/venv/lib/python3.12/site-packages/oslo_service/backend/_threading/loopingcall.py:125}}
Apr 09 19:46:27.986667 np0000164705 nova-conductor[109344]: DEBUG oslo.service.backend._threading.loopingcall [None req-dd57b96d-f5c3-4c85-a232-3ca302a4360f None None] Dynamic interval looping call 'nova.service.Service.periodic_tasks' sleeping for 60.00 seconds {{(pid=109344) _run_loop /opt/stack/data/venv/lib/python3.12/site-packages/oslo_service/backend/_threading/loopingcall.py:125}}
Apr 09 19:46:33.992237 np0000164705 nova-conductor[109329]: DEBUG oslo.service.backend._threading.loopingcall [-] Fixed interval looping call 'nova.servicegroup.drivers.db.DbDriver._report_state' sleeping for 119.98 seconds {{(pid=109329) _run_loop /opt/stack/data/venv/lib/python3.12/site-packages/oslo_service/backend/_threading/loopingcall.py:125}}
Apr 09 19:46:33.993486 np0000164705 nova-conductor[109336]: DEBUG oslo.service.backend._threading.loopingcall [-] Fixed interval looping call 'nova.servicegroup.drivers.db.DbDriver._report_state' sleeping for 119.99 seconds {{(pid=109336) _run_loop /opt/stack/data/venv/lib/python3.12/site-packages/oslo_service/backend/_threading/loopingcall.py:125}}
Apr 09 19:46:33.996548 np0000164705 nova-conductor[109344]: DEBUG oslo.service.backend._threading.loopingcall [-] Fixed interval looping call 'nova.servicegroup.drivers.db.DbDriver._report_state' sleeping for 119.99 seconds {{(pid=109344) _run_loop /opt/stack/data/venv/lib/python3.12/site-packages/oslo_service/backend/_threading/loopingcall.py:125}}
Apr 09 19:46:34.000958 np0000164705 nova-conductor[109350]: DEBUG oslo.service.backend._threading.loopingcall [-] Fixed interval looping call 'nova.servicegroup.drivers.db.DbDriver._report_state' sleeping for 119.99 seconds {{(pid=109350) _run_loop /opt/stack/data/venv/lib/python3.12/site-packages/oslo_service/backend/_threading/loopingcall.py:125}}
Apr 09 19:46:43.985189 np0000164705 nova-conductor[109329]: DEBUG dbcounter [-] [109329] Writing DB stats nova_cell0:SELECT=1,nova_cell0:UPDATE=1 {{(pid=109329) stat_writer /opt/stack/data/venv/lib/python3.12/site-packages/dbcounter.py:115}}
Apr 09 19:46:43.989341 np0000164705 nova-conductor[109336]: DEBUG dbcounter [-] [109336] Writing DB stats nova_cell0:SELECT=1,nova_cell0:UPDATE=1 {{(pid=109336) stat_writer /opt/stack/data/venv/lib/python3.12/site-packages/dbcounter.py:115}}
Apr 09 19:46:43.994191 np0000164705 nova-conductor[109344]: DEBUG dbcounter [-] [109344] Writing DB stats nova_cell0:SELECT=1 {{(pid=109344) stat_writer /opt/stack/data/venv/lib/python3.12/site-packages/dbcounter.py:115}}
Apr 09 19:46:43.999050 np0000164705 nova-conductor[109350]: DEBUG dbcounter [-] [109350] Writing DB stats nova_cell0:SELECT=1 {{(pid=109350) stat_writer /opt/stack/data/venv/lib/python3.12/site-packages/dbcounter.py:115}}
Apr 09 19:46:57.982101 np0000164705 nova-conductor[109329]: DEBUG oslo.service.backend._threading.loopingcall [None req-23ea7c6f-6799-4dbb-988f-78af548a6481 None None] Dynamic interval looping call 'nova.service.Service.periodic_tasks' sleeping for 60.00 seconds {{(pid=109329) _run_loop /opt/stack/data/venv/lib/python3.12/site-packages/oslo_service/backend/_threading/loopingcall.py:125}}
Apr 09 19:46:58.991556 np0000164705 nova-conductor[109350]: DEBUG oslo.service.backend._threading.loopingcall [None req-cb9d4d44-ee1e-4c83-acfe-7f853158af78 None None] Dynamic interval looping call 'nova.service.Service.periodic_tasks' sleeping for 60.00 seconds {{(pid=109350) _run_loop /opt/stack/data/venv/lib/python3.12/site-packages/oslo_service/backend/_threading/loopingcall.py:125}}
Apr 09 19:47:00.986033 np0000164705 nova-conductor[109336]: DEBUG oslo.service.backend._threading.loopingcall [None req-abb12d12-26fa-4307-890e-cc216353cd3b None None] Dynamic interval looping call 'nova.service.Service.periodic_tasks' sleeping for 60.00 seconds {{(pid=109336) _run_loop /opt/stack/data/venv/lib/python3.12/site-packages/oslo_service/backend/_threading/loopingcall.py:125}}
Apr 09 19:47:27.987632 np0000164705 nova-conductor[109344]: DEBUG oslo.service.backend._threading.loopingcall [None req-dd57b96d-f5c3-4c85-a232-3ca302a4360f None None] Dynamic interval looping call 'nova.service.Service.periodic_tasks' sleeping for 60.00 seconds {{(pid=109344) _run_loop /opt/stack/data/venv/lib/python3.12/site-packages/oslo_service/backend/_threading/loopingcall.py:125}}
Apr 09 19:47:57.982586 np0000164705 nova-conductor[109329]: DEBUG oslo.service.backend._threading.loopingcall [None req-23ea7c6f-6799-4dbb-988f-78af548a6481 None None] Dynamic interval looping call 'nova.service.Service.periodic_tasks' sleeping for 60.00 seconds {{(pid=109329) _run_loop /opt/stack/data/venv/lib/python3.12/site-packages/oslo_service/backend/_threading/loopingcall.py:125}}
Apr 09 19:47:58.992750 np0000164705 nova-conductor[109350]: DEBUG oslo.service.backend._threading.loopingcall [None req-cb9d4d44-ee1e-4c83-acfe-7f853158af78 None None] Dynamic interval looping call 'nova.service.Service.periodic_tasks' sleeping for 60.00 seconds {{(pid=109350) _run_loop /opt/stack/data/venv/lib/python3.12/site-packages/oslo_service/backend/_threading/loopingcall.py:125}}
Apr 09 19:48:00.986648 np0000164705 nova-conductor[109336]: DEBUG oslo.service.backend._threading.loopingcall [None req-abb12d12-26fa-4307-890e-cc216353cd3b None None] Dynamic interval looping call 'nova.service.Service.periodic_tasks' sleeping for 60.00 seconds {{(pid=109336) _run_loop /opt/stack/data/venv/lib/python3.12/site-packages/oslo_service/backend/_threading/loopingcall.py:125}}
Apr 09 19:48:27.988652 np0000164705 nova-conductor[109344]: DEBUG oslo.service.backend._threading.loopingcall [None req-dd57b96d-f5c3-4c85-a232-3ca302a4360f None None] Dynamic interval looping call 'nova.service.Service.periodic_tasks' sleeping for 60.00 seconds {{(pid=109344) _run_loop /opt/stack/data/venv/lib/python3.12/site-packages/oslo_service/backend/_threading/loopingcall.py:125}}
Apr 09 19:48:33.983450 np0000164705 nova-conductor[109329]: DEBUG oslo.service.backend._threading.loopingcall [-] Fixed interval looping call 'nova.servicegroup.drivers.db.DbDriver._report_state' sleeping for 119.99 seconds {{(pid=109329) _run_loop /opt/stack/data/venv/lib/python3.12/site-packages/oslo_service/backend/_threading/loopingcall.py:125}}
Apr 09 19:48:33.989166 np0000164705 nova-conductor[109336]: DEBUG oslo.service.backend._threading.loopingcall [-] Fixed interval looping call 'nova.servicegroup.drivers.db.DbDriver._report_state' sleeping for 119.99 seconds {{(pid=109336) _run_loop /opt/stack/data/venv/lib/python3.12/site-packages/oslo_service/backend/_threading/loopingcall.py:125}}
Apr 09 19:48:33.992656 np0000164705 nova-conductor[109344]: DEBUG oslo.service.backend._threading.loopingcall [-] Fixed interval looping call 'nova.servicegroup.drivers.db.DbDriver._report_state' sleeping for 120.00 seconds {{(pid=109344) _run_loop /opt/stack/data/venv/lib/python3.12/site-packages/oslo_service/backend/_threading/loopingcall.py:125}}
