Jun 18 05:34:21.190675 np0000181867 devstack@neutron-api.service[107561]: DEBUG neutron.plugins.ml2.drivers.ovn.mech_driver.ovsdb.maintenance [-] Touching Hash Ring node "28c5f6808c905c9fa6313827b810e63f" from periodic health check thread {{(pid=107561) touch_hash_ring_node /opt/stack/neutron/neutron/plugins/ml2/drivers/ovn/mech_driver/ovsdb/maintenance.py:1419}}
Jun 18 05:34:21.970583 np0000181867 devstack@neutron-api.service[107562]: DEBUG futurist.periodics [-] Submitting periodic callback 'neutron.plugins.ml2.drivers.ovn.mech_driver.ovsdb.maintenance.HashRingHealthCheckPeriodics.touch_hash_ring_node' {{(pid=107562) _process_scheduled /opt/stack/data/venv/lib/python3.12/site-packages/futurist/periodics.py:784}}
Jun 18 05:34:21.971262 np0000181867 devstack@neutron-api.service[107562]: DEBUG neutron.plugins.ml2.drivers.ovn.mech_driver.ovsdb.maintenance [-] Touching Hash Ring node "83f148e69ed3551a8f7d3a08a0cb150b" from periodic health check thread {{(pid=107562) touch_hash_ring_node /opt/stack/neutron/neutron/plugins/ml2/drivers/ovn/mech_driver/ovsdb/maintenance.py:1419}}
Jun 18 05:34:22.041491 np0000181867 devstack@neutron-api.service[107560]: DEBUG futurist.periodics [-] Submitting periodic callback 'neutron.plugins.ml2.drivers.ovn.mech_driver.ovsdb.maintenance.HashRingHealthCheckPeriodics.touch_hash_ring_node' {{(pid=107560) _process_scheduled /opt/stack/data/venv/lib/python3.12/site-packages/futurist/periodics.py:784}}
Jun 18 05:34:22.042044 np0000181867 devstack@neutron-api.service[107560]: DEBUG neutron.plugins.ml2.drivers.ovn.mech_driver.ovsdb.maintenance [-] Touching Hash Ring node "35b440b8b3a1529cbdc5d48ec87568f6" from periodic health check thread {{(pid=107560) touch_hash_ring_node /opt/stack/neutron/neutron/plugins/ml2/drivers/ovn/mech_driver/ovsdb/maintenance.py:1419}}
Jun 18 05:34:22.099596 np0000181867 devstack@neutron-api.service[107559]: DEBUG futurist.periodics [-] Submitting periodic callback 'neutron.plugins.ml2.drivers.ovn.mech_driver.ovsdb.maintenance.HashRingHealthCheckPeriodics.touch_hash_ring_node' {{(pid=107559) _process_scheduled /opt/stack/data/venv/lib/python3.12/site-packages/futurist/periodics.py:784}}
Jun 18 05:34:22.100370 np0000181867 devstack@neutron-api.service[107559]: DEBUG neutron.plugins.ml2.drivers.ovn.mech_driver.ovsdb.maintenance [-] Touching Hash Ring node "7e7872f81b8b5079b9544a6fea12ad7a" from periodic health check thread {{(pid=107559) touch_hash_ring_node /opt/stack/neutron/neutron/plugins/ml2/drivers/ovn/mech_driver/ovsdb/maintenance.py:1419}}
Jun 18 05:34:31.202491 np0000181867 devstack@neutron-api.service[107561]: DEBUG dbcounter [-] [107561] Writing DB stats neutron:UPDATE=1,neutron:SELECT=1 {{(pid=107561) stat_writer /opt/stack/data/venv/lib/python3.12/site-packages/dbcounter.py:115}}
Jun 18 05:34:31.984021 np0000181867 devstack@neutron-api.service[107562]: DEBUG dbcounter [-] [107562] Writing DB stats neutron:UPDATE=1,neutron:SELECT=1 {{(pid=107562) stat_writer /opt/stack/data/venv/lib/python3.12/site-packages/dbcounter.py:115}}
Jun 18 05:34:32.053225 np0000181867 devstack@neutron-api.service[107560]: DEBUG dbcounter [-] [107560] Writing DB stats neutron:UPDATE=1,neutron:SELECT=1 {{(pid=107560) stat_writer /opt/stack/data/venv/lib/python3.12/site-packages/dbcounter.py:115}}
Jun 18 05:34:32.114160 np0000181867 devstack@neutron-api.service[107559]: DEBUG dbcounter [-] [107559] Writing DB stats neutron:UPDATE=1,neutron:SELECT=1 {{(pid=107559) stat_writer /opt/stack/data/venv/lib/python3.12/site-packages/dbcounter.py:115}}
Jun 18 05:34:36.190850 np0000181867 devstack@neutron-api.service[107561]: DEBUG futurist.periodics [-] Submitting periodic callback 'neutron.plugins.ml2.drivers.ovn.mech_driver.ovsdb.maintenance.HashRingHealthCheckPeriodics.touch_hash_ring_node' {{(pid=107561) _process_scheduled /opt/stack/data/venv/lib/python3.12/site-packages/futurist/periodics.py:784}}
Jun 18 05:34:36.191544 np0000181867 devstack@neutron-api.service[107561]: DEBUG neutron.plugins.ml2.drivers.ovn.mech_driver.ovsdb.maintenance [-] Touching Hash Ring node "28c5f6808c905c9fa6313827b810e63f" from periodic health check thread {{(pid=107561) touch_hash_ring_node /opt/stack/neutron/neutron/plugins/ml2/drivers/ovn/mech_driver/ovsdb/maintenance.py:1419}}
Jun 18 05:34:36.560035 np0000181867 devstack@neutron-api.service[107562]: /opt/stack/neutron/neutron/extensions/quotasv2.py:134: UserWarning: "--check-limit" parameter is no longer needed since Epoxy (2025.1) release. By default, Neutron quota engine checks the resource usage before updating the limits
Jun 18 05:34:36.560035 np0000181867 devstack@neutron-api.service[107562]: warnings.warn('"--check-limit" parameter is no longer needed '
Jun 18 05:34:36.560667 np0000181867 devstack@neutron-api.service[107562]: DEBUG neutron.api.v2.base [None req-8c270ccf-be87-4bae-a049-4d495054c5e1 admin admin] Request body: {'quota': {'security_group': 100}} {{(pid=107562) prepare_request_body /opt/stack/neutron/neutron/api/v2/base.py:727}}
Jun 18 05:34:36.582009 np0000181867 devstack@neutron-api.service[107562]: [pid: 107562|app: 0|req: 22/88] 199.19.213.188 () {68 vars in 1449 bytes} [Thu Jun 18 05:34:36 2026] PUT /networking/v2.0/quotas/2199da42fc4443138b8435a31322752d => generated 175 bytes in 28 msecs (HTTP/1.1 200) 4 headers in 157 bytes (1 switches on core 0)
Jun 18 05:34:36.903606 np0000181867 devstack@neutron-api.service[107559]: /opt/stack/neutron/neutron/extensions/quotasv2.py:134: UserWarning: "--check-limit" parameter is no longer needed since Epoxy (2025.1) release. By default, Neutron quota engine checks the resource usage before updating the limits
Jun 18 05:34:36.903606 np0000181867 devstack@neutron-api.service[107559]: warnings.warn('"--check-limit" parameter is no longer needed '
Jun 18 05:34:36.903935 np0000181867 devstack@neutron-api.service[107559]: DEBUG neutron.api.v2.base [None req-9fb3b5e1-4a5b-48a0-ab92-d0fe04450f59 admin admin] Request body: {'quota': {'security_group_rule': 1000}} {{(pid=107559) prepare_request_body /opt/stack/neutron/neutron/api/v2/base.py:727}}
Jun 18 05:34:36.932247 np0000181867 devstack@neutron-api.service[107559]: [pid: 107559|app: 0|req: 22/89] 199.19.213.188 () {68 vars in 1449 bytes} [Thu Jun 18 05:34:36 2026] PUT /networking/v2.0/quotas/2199da42fc4443138b8435a31322752d => generated 176 bytes in 39 msecs (HTTP/1.1 200) 4 headers in 157 bytes (1 switches on core 0)
Jun 18 05:34:36.971614 np0000181867 devstack@neutron-api.service[107562]: DEBUG futurist.periodics [-] Submitting periodic callback 'neutron.plugins.ml2.drivers.ovn.mech_driver.ovsdb.maintenance.HashRingHealthCheckPeriodics.touch_hash_ring_node' {{(pid=107562) _process_scheduled /opt/stack/data/venv/lib/python3.12/site-packages/futurist/periodics.py:784}}
Jun 18 05:34:36.972332 np0000181867 devstack@neutron-api.service[107562]: DEBUG neutron.plugins.ml2.drivers.ovn.mech_driver.ovsdb.maintenance [-] Touching Hash Ring node "83f148e69ed3551a8f7d3a08a0cb150b" from periodic health check thread {{(pid=107562) touch_hash_ring_node /opt/stack/neutron/neutron/plugins/ml2/drivers/ovn/mech_driver/ovsdb/maintenance.py:1419}}
Jun 18 05:34:37.042371 np0000181867 devstack@neutron-api.service[107560]: DEBUG futurist.periodics [-] Submitting periodic callback 'neutron.plugins.ml2.drivers.ovn.mech_driver.ovsdb.maintenance.HashRingHealthCheckPeriodics.touch_hash_ring_node' {{(pid=107560) _process_scheduled /opt/stack/data/venv/lib/python3.12/site-packages/futurist/periodics.py:784}}
Jun 18 05:34:37.043028 np0000181867 devstack@neutron-api.service[107560]: DEBUG neutron.plugins.ml2.drivers.ovn.mech_driver.ovsdb.maintenance [-] Touching Hash Ring node "35b440b8b3a1529cbdc5d48ec87568f6" from periodic health check thread {{(pid=107560) touch_hash_ring_node /opt/stack/neutron/neutron/plugins/ml2/drivers/ovn/mech_driver/ovsdb/maintenance.py:1419}}
Jun 18 05:34:37.100671 np0000181867 devstack@neutron-api.service[107559]: DEBUG futurist.periodics [-] Submitting periodic callback 'neutron.plugins.ml2.drivers.ovn.mech_driver.ovsdb.maintenance.HashRingHealthCheckPeriodics.touch_hash_ring_node' {{(pid=107559) _process_scheduled /opt/stack/data/venv/lib/python3.12/site-packages/futurist/periodics.py:784}}
Jun 18 05:34:37.101641 np0000181867 devstack@neutron-api.service[107559]: DEBUG neutron.plugins.ml2.drivers.ovn.mech_driver.ovsdb.maintenance [-] Touching Hash Ring node "7e7872f81b8b5079b9544a6fea12ad7a" from periodic health check thread {{(pid=107559) touch_hash_ring_node /opt/stack/neutron/neutron/plugins/ml2/drivers/ovn/mech_driver/ovsdb/maintenance.py:1419}}
Jun 18 05:34:46.201068 np0000181867 devstack@neutron-api.service[107561]: DEBUG dbcounter [-] [107561] Writing DB stats neutron:UPDATE=1,neutron:SELECT=1 {{(pid=107561) stat_writer /opt/stack/data/venv/lib/python3.12/site-packages/dbcounter.py:115}}
Jun 18 05:34:46.983886 np0000181867 devstack@neutron-api.service[107562]: DEBUG dbcounter [-] [107562] Writing DB stats neutron:SELECT=5,neutron:INSERT=1,neutron:UPDATE=1 {{(pid=107562) stat_writer /opt/stack/data/venv/lib/python3.12/site-packages/dbcounter.py:115}}
Jun 18 05:34:47.055888 np0000181867 devstack@neutron-api.service[107560]: DEBUG dbcounter [-] [107560] Writing DB stats neutron:UPDATE=1,neutron:SELECT=1 {{(pid=107560) stat_writer /opt/stack/data/venv/lib/python3.12/site-packages/dbcounter.py:115}}
Jun 18 05:34:47.112456 np0000181867 devstack@neutron-api.service[107559]: DEBUG dbcounter [-] [107559] Writing DB stats neutron:SELECT=5,neutron:INSERT=1,neutron:UPDATE=1 {{(pid=107559) stat_writer /opt/stack/data/venv/lib/python3.12/site-packages/dbcounter.py:115}}
Jun 18 05:34:51.193050 np0000181867 devstack@neutron-api.service[107561]: DEBUG futurist.periodics [-] Submitting periodic callback 'neutron.plugins.ml2.drivers.ovn.mech_driver.ovsdb.maintenance.HashRingHealthCheckPeriodics.touch_hash_ring_node' {{(pid=107561) _process_scheduled /opt/stack/data/venv/lib/python3.12/site-packages/futurist/periodics.py:784}}
Jun 18 05:34:51.193050 np0000181867 devstack@neutron-api.service[107561]: DEBUG neutron.plugins.ml2.drivers.ovn.mech_driver.ovsdb.maintenance [-] Touching Hash Ring node "28c5f6808c905c9fa6313827b810e63f" from periodic health check thread {{(pid=107561) touch_hash_ring_node /opt/stack/neutron/neutron/plugins/ml2/drivers/ovn/mech_driver/ovsdb/maintenance.py:1419}}
Jun 18 05:34:51.812670 np0000181867 devstack@neutron-api.service[107561]: DEBUG neutron.common.ovn.hash_ring_manager [None req-04e0631a-7b85-47e5-8d20-a1a71973e886 None None] Hash Ring loaded. 4 active nodes. 0 offline nodes {{(pid=107561) _load_hash_ring /opt/stack/neutron/neutron/common/ovn/hash_ring_manager.py:110}}
Jun 18 05:34:51.815161 np0000181867 devstack@neutron-api.service[107559]: DEBUG neutron.common.ovn.hash_ring_manager [None req-7cf201dd-4548-4dae-a178-acdc178ed4d7 None None] Hash Ring loaded. 4 active nodes. 0 offline nodes {{(pid=107559) _load_hash_ring /opt/stack/neutron/neutron/common/ovn/hash_ring_manager.py:110}}
Jun 18 05:34:51.818602 np0000181867 devstack@neutron-api.service[107562]: DEBUG neutron.common.ovn.hash_ring_manager [None req-00e81ee6-5cb2-471c-8049-a17c5f44972e None None] Hash Ring loaded. 4 active nodes. 0 offline nodes {{(pid=107562) _load_hash_ring /opt/stack/neutron/neutron/common/ovn/hash_ring_manager.py:110}}
Jun 18 05:34:51.819752 np0000181867 devstack@neutron-api.service[107562]: DEBUG neutron.plugins.ml2.drivers.ovn.mech_driver.ovsdb.ovsdb_monitor [None req-00e81ee6-5cb2-471c-8049-a17c5f44972e None None] Hash Ring: Node 83f148e69ed3551a8f7d3a08a0cb150b (host: np0000181867) handling event "update" for row 5435631d-509b-43c8-b84b-c4d7188a25ee (table: Connection) {{(pid=107562) notify /opt/stack/neutron/neutron/plugins/ml2/drivers/ovn/mech_driver/ovsdb/ovsdb_monitor.py:1015}}
Jun 18 05:34:51.821440 np0000181867 devstack@neutron-api.service[107560]: DEBUG neutron.common.ovn.hash_ring_manager [None req-d8a1173c-1933-4d0d-bf3f-b0184800a3e6 None None] Hash Ring loaded. 4 active nodes. 0 offline nodes {{(pid=107560) _load_hash_ring /opt/stack/neutron/neutron/common/ovn/hash_ring_manager.py:110}}
Jun 18 05:34:51.972533 np0000181867 devstack@neutron-api.service[107562]: DEBUG futurist.periodics [-] Submitting periodic callback 'neutron.plugins.ml2.drivers.ovn.mech_driver.ovsdb.maintenance.HashRingHealthCheckPeriodics.touch_hash_ring_node' {{(pid=107562) _process_scheduled /opt/stack/data/venv/lib/python3.12/site-packages/futurist/periodics.py:784}}
Jun 18 05:34:51.974239 np0000181867 devstack@neutron-api.service[107562]: DEBUG neutron.plugins.ml2.drivers.ovn.mech_driver.ovsdb.maintenance [-] Touching Hash Ring node "83f148e69ed3551a8f7d3a08a0cb150b" from periodic health check thread {{(pid=107562) touch_hash_ring_node /opt/stack/neutron/neutron/plugins/ml2/drivers/ovn/mech_driver/ovsdb/maintenance.py:1419}}
Jun 18 05:34:52.043316 np0000181867 devstack@neutron-api.service[107560]: DEBUG futurist.periodics [-] Submitting periodic callback 'neutron.plugins.ml2.drivers.ovn.mech_driver.ovsdb.maintenance.HashRingHealthCheckPeriodics.touch_hash_ring_node' {{(pid=107560) _process_scheduled /opt/stack/data/venv/lib/python3.12/site-packages/futurist/periodics.py:784}}
Jun 18 05:34:52.044113 np0000181867 devstack@neutron-api.service[107560]: DEBUG neutron.plugins.ml2.drivers.ovn.mech_driver.ovsdb.maintenance [-] Touching Hash Ring node "35b440b8b3a1529cbdc5d48ec87568f6" from periodic health check thread {{(pid=107560) touch_hash_ring_node /opt/stack/neutron/neutron/plugins/ml2/drivers/ovn/mech_driver/ovsdb/maintenance.py:1419}}
Jun 18 05:34:52.101402 np0000181867 devstack@neutron-api.service[107559]: DEBUG futurist.periodics [-] Submitting periodic callback 'neutron.plugins.ml2.drivers.ovn.mech_driver.ovsdb.maintenance.HashRingHealthCheckPeriodics.touch_hash_ring_node' {{(pid=107559) _process_scheduled /opt/stack/data/venv/lib/python3.12/site-packages/futurist/periodics.py:784}}
Jun 18 05:34:52.102376 np0000181867 devstack@neutron-api.service[107559]: DEBUG neutron.plugins.ml2.drivers.ovn.mech_driver.ovsdb.maintenance [-] Touching Hash Ring node "7e7872f81b8b5079b9544a6fea12ad7a" from periodic health check thread {{(pid=107559) touch_hash_ring_node /opt/stack/neutron/neutron/plugins/ml2/drivers/ovn/mech_driver/ovsdb/maintenance.py:1419}}
Jun 18 05:34:52.192873 np0000181867 devstack@neutron-api.service[107561]: DEBUG neutron.pecan_wsgi.hooks.policy_enforcement [None req-ad31b5cb-6401-48d6-9e7c-cf3e5c625a38 admin admin] Attributes excluded by policy engine: ['standard_attr_id'] {{(pid=107561) _exclude_attributes_by_policy /opt/stack/neutron/neutron/pecan_wsgi/hooks/policy_enforcement.py:259}}
Jun 18 05:34:52.194369 np0000181867 devstack@neutron-api.service[107561]: [pid: 107561|app: 0|req: 24/90] 199.19.213.188 () {64 vars in 1378 bytes} [Thu Jun 18 05:34:52 2026] GET /networking/v2.0/ports?device_owner=network%3Adistributed => generated 1650 bytes in 148 msecs (HTTP/1.1 200) 4 headers in 158 bytes (1 switches on core 0)
Jun 18 05:34:54.308609 np0000181867 devstack@neutron-api.service[107562]: DEBUG neutron.plugins.ml2.drivers.ovn.mech_driver.ovsdb.ovsdb_monitor [None req-00e81ee6-5cb2-471c-8049-a17c5f44972e None None] Touching Hash Ring node "83f148e69ed3551a8f7d3a08a0cb150b" from IDL notify handler {{(pid=107562) notify /opt/stack/neutron/neutron/plugins/ml2/drivers/ovn/mech_driver/ovsdb/ovsdb_monitor.py:1007}}
Jun 18 05:34:54.319247 np0000181867 devstack@neutron-api.service[107562]: DEBUG neutron.plugins.ml2.drivers.ovn.mech_driver.ovsdb.ovsdb_monitor [None req-00e81ee6-5cb2-471c-8049-a17c5f44972e None None] Hash Ring: Node 83f148e69ed3551a8f7d3a08a0cb150b (host: np0000181867) handling event "update" for row 5435631d-509b-43c8-b84b-c4d7188a25ee (table: Connection) {{(pid=107562) notify /opt/stack/neutron/neutron/plugins/ml2/drivers/ovn/mech_driver/ovsdb/ovsdb_monitor.py:1015}}
Jun 18 05:35:02.180164 np0000181867 devstack@neutron-api.service[107560]: DEBUG dbcounter [-] [107560] Writing DB stats neutron:SELECT=3,neutron:UPDATE=1 {{(pid=107560) stat_writer /opt/stack/data/venv/lib/python3.12/site-packages/dbcounter.py:115}}
Jun 18 05:35:02.184632 np0000181867 devstack@neutron-api.service[107559]: DEBUG dbcounter [-] [107559] Writing DB stats neutron:SELECT=3,neutron:UPDATE=1 {{(pid=107559) stat_writer /opt/stack/data/venv/lib/python3.12/site-packages/dbcounter.py:115}}
Jun 18 05:35:02.188853 np0000181867 devstack@neutron-api.service[107561]: DEBUG dbcounter [-] [107561] Writing DB stats neutron:UPDATE=1,neutron:SELECT=12 {{(pid=107561) stat_writer /opt/stack/data/venv/lib/python3.12/site-packages/dbcounter.py:115}}
Jun 18 05:35:04.311586 np0000181867 devstack@neutron-api.service[107562]: DEBUG dbcounter [-] [107562] Writing DB stats neutron:SELECT=3,neutron:UPDATE=2 {{(pid=107562) stat_writer /opt/stack/data/venv/lib/python3.12/site-packages/dbcounter.py:115}}
Jun 18 05:35:05.306765 np0000181867 devstack@neutron-api.service[107560]: INFO neutron.pecan_wsgi.hooks.translation [None req-aa9d6d21-f085-42f4-8879-a9730802391c admin admin] GET failed (client error): The resource could not be found.
Jun 18 05:35:05.307775 np0000181867 devstack@neutron-api.service[107560]: [pid: 107560|app: 0|req: 23/91] 199.19.213.188 () {64 vars in 1334 bytes} [Thu Jun 18 05:35:05 2026] GET /networking/v2.0/networks/admin_net => generated 111 bytes in 13 msecs (HTTP/1.1 404) 4 headers in 164 bytes (1 switches on core 0)
Jun 18 05:35:05.339002 np0000181867 devstack@neutron-api.service[107562]: [pid: 107562|app: 0|req: 23/92] 199.19.213.188 () {64 vars in 1346 bytes} [Thu Jun 18 05:35:05 2026] GET /networking/v2.0/networks?name=admin_net => generated 15 bytes in 19 msecs (HTTP/1.1 200) 4 headers in 156 bytes (1 switches on core 0)
Jun 18 05:35:05.608570 np0000181867 devstack@neutron-api.service[107559]: DEBUG neutron.api.v2.base [None req-37dd2fd7-bea4-4f54-81f4-01dadd7fe55c admin admin] Request body: {'network': {'project_id': '599df2c0e0684b0f827e364223120f9f', 'name': 'admin_net', 'admin_state_up': True}} {{(pid=107559) prepare_request_body /opt/stack/neutron/neutron/api/v2/base.py:727}}
Jun 18 05:35:05.626516 np0000181867 devstack@neutron-api.service[107559]: DEBUG neutron.pecan_wsgi.hooks.quota_enforcement [None req-37dd2fd7-bea4-4f54-81f4-01dadd7fe55c admin admin] Made reservation on behalf of 599df2c0e0684b0f827e364223120f9f for: {'network': 1} {{(pid=107559) before /opt/stack/neutron/neutron/pecan_wsgi/hooks/quota_enforcement.py:66}}
Jun 18 05:35:05.631882 np0000181867 devstack@neutron-api.service[107559]: DEBUG neutron_lib.callbacks.manager [None req-37dd2fd7-bea4-4f54-81f4-01dadd7fe55c admin admin] Publish callbacks ['neutron.plugins.ml2.plugin.SecurityGroupDbMixin._ensure_default_security_group_handler-250245'] for network (None), before_create {{(pid=107559) _notify_loop /opt/stack/data/venv/lib/python3.12/site-packages/neutron_lib/callbacks/manager.py:184}}
Jun 18 05:35:05.639827 np0000181867 devstack@neutron-api.service[107559]: DEBUG neutron_lib.callbacks.manager [None req-37dd2fd7-bea4-4f54-81f4-01dadd7fe55c admin admin] Publish callbacks [] for security_group (None), before_create {{(pid=107559) _notify_loop /opt/stack/data/venv/lib/python3.12/site-packages/neutron_lib/callbacks/manager.py:184}}
Jun 18 05:35:05.704250 np0000181867 devstack@neutron-api.service[107559]: DEBUG neutron_lib.callbacks.manager [None req-37dd2fd7-bea4-4f54-81f4-01dadd7fe55c admin admin] Publish callbacks ['neutron.plugins.ml2.drivers.ovn.mech_driver.mech_driver.OVNMechanismDriver._create_security_group_precommit-811104'] for security_group (96f72566-9c11-4406-a3ae-d6fae0343919), precommit_create {{(pid=107559) _notify_loop /opt/stack/data/venv/lib/python3.12/site-packages/neutron_lib/callbacks/manager.py:184}}
Jun 18 05:35:05.704587 np0000181867 devstack@neutron-api.service[107559]: DEBUG neutron.db.ovn_revision_numbers_db [None req-37dd2fd7-bea4-4f54-81f4-01dadd7fe55c admin admin] create_initial_revision uuid=96f72566-9c11-4406-a3ae-d6fae0343919, type=security_groups, rev=-1 {{(pid=107559) create_initial_revision /opt/stack/neutron/neutron/db/ovn_revision_numbers_db.py:98}}
Jun 18 05:35:05.706005 np0000181867 devstack@neutron-api.service[107559]: DEBUG neutron.db.ovn_revision_numbers_db [None req-37dd2fd7-bea4-4f54-81f4-01dadd7fe55c admin admin] create_initial_revision uuid=69f63663-20bd-42b2-9a8a-b407250383a5, type=security_group_rules, rev=-1 {{(pid=107559) create_initial_revision /opt/stack/neutron/neutron/db/ovn_revision_numbers_db.py:98}}
Jun 18 05:35:05.707315 np0000181867 devstack@neutron-api.service[107559]: DEBUG neutron.db.ovn_revision_numbers_db [None req-37dd2fd7-bea4-4f54-81f4-01dadd7fe55c admin admin] create_initial_revision uuid=9e0673f5-0967-4717-8526-0dcd8e88b776, type=security_group_rules, rev=-1 {{(pid=107559) create_initial_revision /opt/stack/neutron/neutron/db/ovn_revision_numbers_db.py:98}}
Jun 18 05:35:05.708398 np0000181867 devstack@neutron-api.service[107559]: DEBUG neutron.db.ovn_revision_numbers_db [None req-37dd2fd7-bea4-4f54-81f4-01dadd7fe55c admin admin] create_initial_revision uuid=a2e9e184-86d3-44ef-aa4b-46a4aae0c369, type=security_group_rules, rev=-1 {{(pid=107559) create_initial_revision /opt/stack/neutron/neutron/db/ovn_revision_numbers_db.py:98}}
Jun 18 05:35:05.709413 np0000181867 devstack@neutron-api.service[107559]: DEBUG neutron.db.ovn_revision_numbers_db [None req-37dd2fd7-bea4-4f54-81f4-01dadd7fe55c admin admin] create_initial_revision uuid=dc1f2579-01e8-4ef2-9b02-c5d594519dfa, type=security_group_rules, rev=-1 {{(pid=107559) create_initial_revision /opt/stack/neutron/neutron/db/ovn_revision_numbers_db.py:98}}
Jun 18 05:35:05.717074 np0000181867 devstack@neutron-api.service[107559]: DEBUG neutron_lib.callbacks.manager [None req-37dd2fd7-bea4-4f54-81f4-01dadd7fe55c admin admin] Publish callbacks ['neutron.plugins.ml2.drivers.ovn.mech_driver.mech_driver.OVNMechanismDriver._create_security_group-811114', 'neutron.plugins.ml2.ovo_rpc._ObjectChangeHandler.handle_event-1641762'] for security_group (96f72566-9c11-4406-a3ae-d6fae0343919), after_create {{(pid=107559) _notify_loop /opt/stack/data/venv/lib/python3.12/site-packages/neutron_lib/callbacks/manager.py:184}}
Jun 18 05:35:05.718224 np0000181867 devstack@neutron-api.service[107559]: DEBUG ovsdbapp.backend.ovs_idl.transaction [None req-7cf201dd-4548-4dae-a178-acdc178ed4d7 None None] Running txn n=1 command(idx=0): PgAddCommand(_result=None, name=pg_96f72566_9c11_4406_a3ae_d6fae0343919, may_exist=False, columns={'acls': [], 'external_ids': {'neutron:security_group_id': '96f72566-9c11-4406-a3ae-d6fae0343919'}}) {{(pid=107559) do_commit /opt/stack/data/venv/lib/python3.12/site-packages/ovsdbapp/backend/ovs_idl/transaction.py:89}}
Jun 18 05:35:05.718940 np0000181867 devstack@neutron-api.service[107559]: DEBUG ovsdbapp.backend.ovs_idl.transaction [None req-7cf201dd-4548-4dae-a178-acdc178ed4d7 None None] Running txn n=1 command(idx=1): PgAclAddCommand(_result=None, entity=pg_96f72566_9c11_4406_a3ae_d6fae0343919, direction=from-lport, priority=1002, match=inport == @pg_96f72566_9c11_4406_a3ae_d6fae0343919 && ip6, action=allow-related, log=False, may_exist=True, severity=[], name=[], meter=[], external_ids={'neutron:security_group_rule_id': '69f63663-20bd-42b2-9a8a-b407250383a5'}) {{(pid=107559) do_commit /opt/stack/data/venv/lib/python3.12/site-packages/ovsdbapp/backend/ovs_idl/transaction.py:89}}
Jun 18 05:35:05.719656 np0000181867 devstack@neutron-api.service[107559]: DEBUG ovsdbapp.backend.ovs_idl.transaction [None req-7cf201dd-4548-4dae-a178-acdc178ed4d7 None None] Running txn n=1 command(idx=2): PgAclAddCommand(_result=None, entity=pg_96f72566_9c11_4406_a3ae_d6fae0343919, direction=to-lport, priority=1002, match=outport == @pg_96f72566_9c11_4406_a3ae_d6fae0343919 && ip4 && ip4.src == $pg_96f72566_9c11_4406_a3ae_d6fae0343919_ip4, action=allow-related, log=False, may_exist=True, severity=[], name=[], meter=[], external_ids={'neutron:security_group_rule_id': '9e0673f5-0967-4717-8526-0dcd8e88b776'}) {{(pid=107559) do_commit /opt/stack/data/venv/lib/python3.12/site-packages/ovsdbapp/backend/ovs_idl/transaction.py:89}}
Jun 18 05:35:05.720230 np0000181867 devstack@neutron-api.service[107559]: DEBUG ovsdbapp.backend.ovs_idl.transaction [None req-7cf201dd-4548-4dae-a178-acdc178ed4d7 None None] Running txn n=1 command(idx=3): PgAclAddCommand(_result=None, entity=pg_96f72566_9c11_4406_a3ae_d6fae0343919, direction=to-lport, priority=1002, match=outport == @pg_96f72566_9c11_4406_a3ae_d6fae0343919 && ip6 && ip6.src == $pg_96f72566_9c11_4406_a3ae_d6fae0343919_ip6, action=allow-related, log=False, may_exist=True, severity=[], name=[], meter=[], external_ids={'neutron:security_group_rule_id': 'a2e9e184-86d3-44ef-aa4b-46a4aae0c369'}) {{(pid=107559) do_commit /opt/stack/data/venv/lib/python3.12/site-packages/ovsdbapp/backend/ovs_idl/transaction.py:89}}
Jun 18 05:35:05.720957 np0000181867 devstack@neutron-api.service[107559]: DEBUG ovsdbapp.backend.ovs_idl.transaction [None req-7cf201dd-4548-4dae-a178-acdc178ed4d7 None None] Running txn n=1 command(idx=4): PgAclAddCommand(_result=None, entity=pg_96f72566_9c11_4406_a3ae_d6fae0343919, direction=from-lport, priority=1002, match=inport == @pg_96f72566_9c11_4406_a3ae_d6fae0343919 && ip4, action=allow-related, log=False, may_exist=True, severity=[], name=[], meter=[], external_ids={'neutron:security_group_rule_id': 'dc1f2579-01e8-4ef2-9b02-c5d594519dfa'}) {{(pid=107559) do_commit /opt/stack/data/venv/lib/python3.12/site-packages/ovsdbapp/backend/ovs_idl/transaction.py:89}}
Jun 18 05:35:05.772493 np0000181867 devstack@neutron-api.service[107561]: DEBUG neutron.plugins.ml2.drivers.ovn.mech_driver.ovsdb.ovsdb_monitor [None req-04e0631a-7b85-47e5-8d20-a1a71973e886 None None] Hash Ring: Node 28c5f6808c905c9fa6313827b810e63f (host: np0000181867) handling event "create" for row 2f2f9170-d67e-4aa0-aba6-7d20cc95a40f (table: ACL) {{(pid=107561) notify /opt/stack/neutron/neutron/plugins/ml2/drivers/ovn/mech_driver/ovsdb/ovsdb_monitor.py:1015}}
Jun 18 05:35:05.772493 np0000181867 devstack@neutron-api.service[107561]: DEBUG neutron.plugins.ml2.drivers.ovn.mech_driver.ovsdb.ovsdb_monitor [None req-04e0631a-7b85-47e5-8d20-a1a71973e886 None None] Hash Ring: Node 28c5f6808c905c9fa6313827b810e63f (host: np0000181867) handling event "create" for row b7a4e503-3193-45d0-8d37-8e92e5403186 (table: ACL) {{(pid=107561) notify /opt/stack/neutron/neutron/plugins/ml2/drivers/ovn/mech_driver/ovsdb/ovsdb_monitor.py:1015}}
Jun 18 05:35:05.773544 np0000181867 devstack@neutron-api.service[107559]: DEBUG neutron.plugins.ml2.drivers.ovn.mech_driver.ovsdb.ovsdb_monitor [None req-7cf201dd-4548-4dae-a178-acdc178ed4d7 None None] Touching Hash Ring node "7e7872f81b8b5079b9544a6fea12ad7a" from IDL notify handler {{(pid=107559) notify /opt/stack/neutron/neutron/plugins/ml2/drivers/ovn/mech_driver/ovsdb/ovsdb_monitor.py:1007}}
Jun 18 05:35:05.774100 np0000181867 devstack@neutron-api.service[107562]: DEBUG neutron.plugins.ml2.drivers.ovn.mech_driver.ovsdb.ovsdb_monitor [None req-00e81ee6-5cb2-471c-8049-a17c5f44972e None None] Touching Hash Ring node "83f148e69ed3551a8f7d3a08a0cb150b" from IDL notify handler {{(pid=107562) notify /opt/stack/neutron/neutron/plugins/ml2/drivers/ovn/mech_driver/ovsdb/ovsdb_monitor.py:1007}}
Jun 18 05:35:05.775721 np0000181867 devstack@neutron-api.service[107560]: DEBUG neutron.plugins.ml2.drivers.ovn.mech_driver.ovsdb.ovsdb_monitor [None req-d8a1173c-1933-4d0d-bf3f-b0184800a3e6 None None] Touching Hash Ring node "35b440b8b3a1529cbdc5d48ec87568f6" from IDL notify handler {{(pid=107560) notify /opt/stack/neutron/neutron/plugins/ml2/drivers/ovn/mech_driver/ovsdb/ovsdb_monitor.py:1007}}
Jun 18 05:35:05.784012 np0000181867 devstack@neutron-api.service[107562]: DEBUG neutron.plugins.ml2.drivers.ovn.mech_driver.ovsdb.ovsdb_monitor [None req-00e81ee6-5cb2-471c-8049-a17c5f44972e None None] Hash Ring: Node 83f148e69ed3551a8f7d3a08a0cb150b (host: np0000181867) handling event "create" for row e54340c7-a88d-45c4-83a3-18b7c8cabb94 (table: Port_Group) {{(pid=107562) notify /opt/stack/neutron/neutron/plugins/ml2/drivers/ovn/mech_driver/ovsdb/ovsdb_monitor.py:1015}}
Jun 18 05:35:05.787592 np0000181867 devstack@neutron-api.service[107559]: DEBUG neutron.plugins.ml2.drivers.ovn.mech_driver.ovsdb.ovsdb_monitor [None req-7cf201dd-4548-4dae-a178-acdc178ed4d7 None None] Hash Ring: Node 7e7872f81b8b5079b9544a6fea12ad7a (host: np0000181867) handling event "create" for row 2f761355-5fa5-4474-894c-4a5a569be18f (table: ACL) {{(pid=107559) notify /opt/stack/neutron/neutron/plugins/ml2/drivers/ovn/mech_driver/ovsdb/ovsdb_monitor.py:1015}}
Jun 18 05:35:05.790096 np0000181867 devstack@neutron-api.service[107560]: DEBUG neutron.plugins.ml2.drivers.ovn.mech_driver.ovsdb.ovsdb_monitor [None req-d8a1173c-1933-4d0d-bf3f-b0184800a3e6 None None] Hash Ring: Node 35b440b8b3a1529cbdc5d48ec87568f6 (host: np0000181867) handling event "create" for row b7d3204b-14f7-4c62-aa15-d225dc2d1e27 (table: ACL) {{(pid=107560) notify /opt/stack/neutron/neutron/plugins/ml2/drivers/ovn/mech_driver/ovsdb/ovsdb_monitor.py:1015}}
Jun 18 05:35:05.808752 np0000181867 devstack@neutron-api.service[107559]: INFO neutron.db.ovn_revision_numbers_db [None req-37dd2fd7-bea4-4f54-81f4-01dadd7fe55c admin admin] Successfully bumped revision number for resource 96f72566-9c11-4406-a3ae-d6fae0343919 (type: security_groups) to 1
Jun 18 05:35:05.822869 np0000181867 devstack@neutron-api.service[107559]: INFO neutron.db.ovn_revision_numbers_db [None req-37dd2fd7-bea4-4f54-81f4-01dadd7fe55c admin admin] Successfully bumped revision number for resource 69f63663-20bd-42b2-9a8a-b407250383a5 (type: security_group_rules) to 0
Jun 18 05:35:05.835945 np0000181867 devstack@neutron-api.service[107559]: INFO neutron.db.ovn_revision_numbers_db [None req-37dd2fd7-bea4-4f54-81f4-01dadd7fe55c admin admin] Successfully bumped revision number for resource 9e0673f5-0967-4717-8526-0dcd8e88b776 (type: security_group_rules) to 0
Jun 18 05:35:05.848797 np0000181867 devstack@neutron-api.service[107559]: INFO neutron.db.ovn_revision_numbers_db [None req-37dd2fd7-bea4-4f54-81f4-01dadd7fe55c admin admin] Successfully bumped revision number for resource a2e9e184-86d3-44ef-aa4b-46a4aae0c369 (type: security_group_rules) to 0
Jun 18 05:35:05.862068 np0000181867 devstack@neutron-api.service[107559]: INFO neutron.db.ovn_revision_numbers_db [None req-37dd2fd7-bea4-4f54-81f4-01dadd7fe55c admin admin] Successfully bumped revision number for resource dc1f2579-01e8-4ef2-9b02-c5d594519dfa (type: security_group_rules) to 0
Jun 18 05:35:05.887749 np0000181867 devstack@neutron-api.service[107559]: DEBUG neutron.api.rpc.handlers.resources_rpc [None req-37dd2fd7-bea4-4f54-81f4-01dadd7fe55c admin admin] Pushing event updated for resources: {'SecurityGroup': ['ID=96f72566-9c11-4406-a3ae-d6fae0343919,revision_number=1']} {{(pid=107559) push /opt/stack/neutron/neutron/api/rpc/handlers/resources_rpc.py:237}}
Jun 18 05:35:05.893723 np0000181867 devstack@neutron-api.service[107559]: DEBUG ovsdbapp.backend.ovs_idl.transaction [None req-7cf201dd-4548-4dae-a178-acdc178ed4d7 None None] Running txn n=1 command(idx=0): CheckLivenessCommand(_result=None) {{(pid=107559) do_commit /opt/stack/data/venv/lib/python3.12/site-packages/ovsdbapp/backend/ovs_idl/transaction.py:89}}
Jun 18 05:35:05.903395 np0000181867 devstack@neutron-api.service[107559]: DEBUG neutron.api.rpc.callbacks.version_manager [None req-37dd2fd7-bea4-4f54-81f4-01dadd7fe55c admin admin] Tracked resource versions report:
Jun 18 05:35:05.903395 np0000181867 devstack@neutron-api.service[107559]: pushed versions:
Jun 18 05:35:05.903395 np0000181867 devstack@neutron-api.service[107559]: { 'AddressGroup': {'1.2'},
Jun 18 05:35:05.903395 np0000181867 devstack@neutron-api.service[107559]: 'Agent': {'1.1'},
Jun 18 05:35:05.903395 np0000181867 devstack@neutron-api.service[107559]: 'ConntrackHelper': {'1.0'},
Jun 18 05:35:05.903395 np0000181867 devstack@neutron-api.service[107559]: 'LocalIPAssociation': {'1.0'},
Jun 18 05:35:05.903395 np0000181867 devstack@neutron-api.service[107559]: 'Log': {'1.0'},
Jun 18 05:35:05.903395 np0000181867 devstack@neutron-api.service[107559]: 'NDPProxy': {'1.0'},
Jun 18 05:35:05.903395 np0000181867 devstack@neutron-api.service[107559]: 'Network': {'1.3'},
Jun 18 05:35:05.903395 np0000181867 devstack@neutron-api.service[107559]: 'Port': {'1.11'},
Jun 18 05:35:05.903395 np0000181867 devstack@neutron-api.service[107559]: 'PortForwarding': {'1.3'},
Jun 18 05:35:05.903395 np0000181867 devstack@neutron-api.service[107559]: 'QosPolicy': {'1.10'},
Jun 18 05:35:05.903395 np0000181867 devstack@neutron-api.service[107559]: 'SecurityGroup': {'1.6'},
Jun 18 05:35:05.903395 np0000181867 devstack@neutron-api.service[107559]: 'SecurityGroupRule': {'1.3'},
Jun 18 05:35:05.903395 np0000181867 devstack@neutron-api.service[107559]: 'SubPort': {'1.0'},
Jun 18 05:35:05.903395 np0000181867 devstack@neutron-api.service[107559]: 'Subnet': {'1.2'},
Jun 18 05:35:05.903395 np0000181867 devstack@neutron-api.service[107559]: 'Trunk': {'1.1'}}
Jun 18 05:35:05.903395 np0000181867 devstack@neutron-api.service[107559]: consumer versions:
Jun 18 05:35:05.903395 np0000181867 devstack@neutron-api.service[107559]: { OVN Controller Gateway agent@np0000181867: {},
Jun 18 05:35:05.903395 np0000181867 devstack@neutron-api.service[107559]: OVN Neutron agent@np0000181867: {}}
Jun 18 05:35:05.903395 np0000181867 devstack@neutron-api.service[107559]: {{(pid=107559) report /opt/stack/neutron/neutron/api/rpc/callbacks/version_manager.py:183}}
Jun 18 05:35:05.904405 np0000181867 devstack@neutron-api.service[107561]: DEBUG neutron.plugins.ml2.drivers.ovn.mech_driver.ovsdb.ovsdb_monitor [None req-2a202174-9e8e-46bf-939c-acc16dcf1e5a None None] ChassisAgentWriteEvent : Matched Chassis_Private, update, None None {{(pid=107561) matches /opt/stack/neutron/neutron/plugins/ml2/drivers/ovn/mech_driver/ovsdb/ovsdb_monitor.py:64}}
Jun 18 05:35:05.905636 np0000181867 devstack@neutron-api.service[107560]: DEBUG neutron.plugins.ml2.drivers.ovn.mech_driver.ovsdb.ovsdb_monitor [None req-6f993e5e-4988-4a88-91b0-b737f1f56de2 None None] ChassisAgentWriteEvent : Matched Chassis_Private, update, None None {{(pid=107560) matches /opt/stack/neutron/neutron/plugins/ml2/drivers/ovn/mech_driver/ovsdb/ovsdb_monitor.py:64}}
Jun 18 05:35:05.911037 np0000181867 devstack@neutron-api.service[107562]: DEBUG neutron.plugins.ml2.drivers.ovn.mech_driver.ovsdb.ovsdb_monitor [None req-00e81ee6-5cb2-471c-8049-a17c5f44972e None None] Touching Hash Ring node "83f148e69ed3551a8f7d3a08a0cb150b" from IDL notify handler {{(pid=107562) notify /opt/stack/neutron/neutron/plugins/ml2/drivers/ovn/mech_driver/ovsdb/ovsdb_monitor.py:1007}}
Jun 18 05:35:05.913220 np0000181867 devstack@neutron-api.service[107561]: DEBUG neutron.common.ovn.hash_ring_manager [None req-2a202174-9e8e-46bf-939c-acc16dcf1e5a None None] Hash Ring loaded. 4 active nodes. 0 offline nodes {{(pid=107561) _load_hash_ring /opt/stack/neutron/neutron/common/ovn/hash_ring_manager.py:110}}
Jun 18 05:35:05.915354 np0000181867 devstack@neutron-api.service[107562]: DEBUG neutron.plugins.ml2.drivers.ovn.mech_driver.ovsdb.ovsdb_monitor [None req-efaf8087-84d4-48b6-990f-1c200849261d None None] ChassisAgentWriteEvent : Matched Chassis_Private, update, None None {{(pid=107562) matches /opt/stack/neutron/neutron/plugins/ml2/drivers/ovn/mech_driver/ovsdb/ovsdb_monitor.py:64}}
Jun 18 05:35:05.918966 np0000181867 devstack@neutron-api.service[107560]: DEBUG neutron.common.ovn.hash_ring_manager [None req-6f993e5e-4988-4a88-91b0-b737f1f56de2 None None] Hash Ring loaded. 4 active nodes. 0 offline nodes {{(pid=107560) _load_hash_ring /opt/stack/neutron/neutron/common/ovn/hash_ring_manager.py:110}}
Jun 18 05:35:05.919068 np0000181867 devstack@neutron-api.service[107559]: DEBUG neutron.plugins.ml2.drivers.ovn.mech_driver.ovsdb.ovsdb_monitor [None req-6e8b3bc0-286c-4d63-ba5a-19c659c3ae5d None None] ChassisAgentWriteEvent : Matched Chassis_Private, update, None None {{(pid=107559) matches /opt/stack/neutron/neutron/plugins/ml2/drivers/ovn/mech_driver/ovsdb/ovsdb_monitor.py:64}}
Jun 18 05:35:05.919407 np0000181867 devstack@neutron-api.service[107562]: DEBUG neutron.plugins.ml2.drivers.ovn.mech_driver.ovsdb.ovsdb_monitor [None req-00e81ee6-5cb2-471c-8049-a17c5f44972e None None] Hash Ring: Node 83f148e69ed3551a8f7d3a08a0cb150b (host: np0000181867) handling event "update" for row a3b47026-acd9-4a17-8246-7b8903516744 (table: NB_Global) {{(pid=107562) notify /opt/stack/neutron/neutron/plugins/ml2/drivers/ovn/mech_driver/ovsdb/ovsdb_monitor.py:1015}}
Jun 18 05:35:05.924407 np0000181867 devstack@neutron-api.service[107562]: DEBUG neutron.plugins.ml2.drivers.ovn.mech_driver.ovsdb.ovsdb_monitor [None req-00e81ee6-5cb2-471c-8049-a17c5f44972e None None] Touching Hash Ring node "83f148e69ed3551a8f7d3a08a0cb150b" from IDL notify handler {{(pid=107562) notify /opt/stack/neutron/neutron/plugins/ml2/drivers/ovn/mech_driver/ovsdb/ovsdb_monitor.py:1007}}
Jun 18 05:35:05.927668 np0000181867 devstack@neutron-api.service[107562]: DEBUG neutron.common.ovn.hash_ring_manager [None req-efaf8087-84d4-48b6-990f-1c200849261d None None] Hash Ring loaded. 4 active nodes. 0 offline nodes {{(pid=107562) _load_hash_ring /opt/stack/neutron/neutron/common/ovn/hash_ring_manager.py:110}}
Jun 18 05:35:05.928072 np0000181867 devstack@neutron-api.service[107562]: DEBUG neutron.plugins.ml2.drivers.ovn.mech_driver.ovsdb.ovsdb_monitor [None req-00e81ee6-5cb2-471c-8049-a17c5f44972e None None] Hash Ring: Node 83f148e69ed3551a8f7d3a08a0cb150b (host: np0000181867) handling event "update" for row a3b47026-acd9-4a17-8246-7b8903516744 (table: NB_Global) {{(pid=107562) notify /opt/stack/neutron/neutron/plugins/ml2/drivers/ovn/mech_driver/ovsdb/ovsdb_monitor.py:1015}}
Jun 18 05:35:05.929577 np0000181867 devstack@neutron-api.service[107562]: DEBUG neutron.plugins.ml2.drivers.ovn.mech_driver.ovsdb.ovsdb_monitor [None req-00e81ee6-5cb2-471c-8049-a17c5f44972e None None] Touching Hash Ring node "83f148e69ed3551a8f7d3a08a0cb150b" from IDL notify handler {{(pid=107562) notify /opt/stack/neutron/neutron/plugins/ml2/drivers/ovn/mech_driver/ovsdb/ovsdb_monitor.py:1007}}
Jun 18 05:35:05.932144 np0000181867 devstack@neutron-api.service[107562]: DEBUG neutron.plugins.ml2.drivers.ovn.mech_driver.ovsdb.ovsdb_monitor [None req-00e81ee6-5cb2-471c-8049-a17c5f44972e None None] Hash Ring: Node 83f148e69ed3551a8f7d3a08a0cb150b (host: np0000181867) handling event "update" for row a3b47026-acd9-4a17-8246-7b8903516744 (table: NB_Global) {{(pid=107562) notify /opt/stack/neutron/neutron/plugins/ml2/drivers/ovn/mech_driver/ovsdb/ovsdb_monitor.py:1015}}
Jun 18 05:35:05.933510 np0000181867 devstack@neutron-api.service[107562]: DEBUG neutron.plugins.ml2.drivers.ovn.mech_driver.ovsdb.ovsdb_monitor [None req-00e81ee6-5cb2-471c-8049-a17c5f44972e None None] Touching Hash Ring node "83f148e69ed3551a8f7d3a08a0cb150b" from IDL notify handler {{(pid=107562) notify /opt/stack/neutron/neutron/plugins/ml2/drivers/ovn/mech_driver/ovsdb/ovsdb_monitor.py:1007}}
Jun 18 05:35:05.935807 np0000181867 devstack@neutron-api.service[107562]: DEBUG neutron.plugins.ml2.drivers.ovn.mech_driver.ovsdb.ovsdb_monitor [None req-00e81ee6-5cb2-471c-8049-a17c5f44972e None None] Hash Ring: Node 83f148e69ed3551a8f7d3a08a0cb150b (host: np0000181867) handling event "update" for row a3b47026-acd9-4a17-8246-7b8903516744 (table: NB_Global) {{(pid=107562) notify /opt/stack/neutron/neutron/plugins/ml2/drivers/ovn/mech_driver/ovsdb/ovsdb_monitor.py:1015}}
Jun 18 05:35:05.944287 np0000181867 devstack@neutron-api.service[107559]: DEBUG neutron.common.ovn.hash_ring_manager [None req-6e8b3bc0-286c-4d63-ba5a-19c659c3ae5d None None] Hash Ring loaded. 4 active nodes. 0 offline nodes {{(pid=107559) _load_hash_ring /opt/stack/neutron/neutron/common/ovn/hash_ring_manager.py:110}}
Jun 18 05:35:05.944549 np0000181867 devstack@neutron-api.service[107559]: DEBUG neutron.plugins.ml2.drivers.ovn.mech_driver.ovsdb.ovsdb_monitor [None req-6e8b3bc0-286c-4d63-ba5a-19c659c3ae5d None None] Hash Ring: Node 7e7872f81b8b5079b9544a6fea12ad7a (host: np0000181867) handling event "update" for row 36b74f5d-f457-4619-baa3-78baa9880d2c (table: Chassis_Private) {{(pid=107559) notify /opt/stack/neutron/neutron/plugins/ml2/drivers/ovn/mech_driver/ovsdb/ovsdb_monitor.py:1015}}
Jun 18 05:35:05.966549 np0000181867 devstack@neutron-api.service[107559]: DEBUG neutron.plugins.ml2.drivers.helpers [None req-37dd2fd7-bea4-4f54-81f4-01dadd7fe55c admin admin] geneve segment allocate from pool success with {'geneve_vni': 20712} {{(pid=107559) allocate_partially_specified_segment /opt/stack/neutron/neutron/plugins/ml2/drivers/helpers.py:142}}
Jun 18 05:35:05.975911 np0000181867 devstack@neutron-api.service[107559]: DEBUG neutron_lib.callbacks.manager [None req-37dd2fd7-bea4-4f54-81f4-01dadd7fe55c admin admin] Publish callbacks ['neutron.services.segments.db._add_segment_host_mapping_for_segment-8537652296778', 'neutron.plugins.ml2.plugin.Ml2Plugin._handle_segment_change-368711'] for segment (d987859f-e4dd-41e9-9ecd-80ef59b08aad), precommit_create {{(pid=107559) _notify_loop /opt/stack/data/venv/lib/python3.12/site-packages/neutron_lib/callbacks/manager.py:184}}
Jun 18 05:35:05.976013 np0000181867 devstack@neutron-api.service[107559]: INFO neutron.db.segments_db [None req-37dd2fd7-bea4-4f54-81f4-01dadd7fe55c admin admin] Added segment d987859f-e4dd-41e9-9ecd-80ef59b08aad of type geneve for network 82986e15-81e9-422d-886c-215542ee7d9b
Jun 18 05:35:05.990405 np0000181867 devstack@neutron-api.service[107559]: DEBUG neutron_lib.callbacks.manager [None req-37dd2fd7-bea4-4f54-81f4-01dadd7fe55c admin admin] Publish callbacks ['neutron.services.auto_allocate.db._ensure_external_network_default_value_callback-8537651037888'] for network (82986e15-81e9-422d-886c-215542ee7d9b), precommit_create {{(pid=107559) _notify_loop /opt/stack/data/venv/lib/python3.12/site-packages/neutron_lib/callbacks/manager.py:184}}
Jun 18 05:35:06.001802 np0000181867 devstack@neutron-api.service[107559]: DEBUG neutron.plugins.ml2.drivers.ovn.mech_driver.mech_driver [None req-37dd2fd7-bea4-4f54-81f4-01dadd7fe55c admin admin] Validating network segment with type geneve, segmentation ID 20712, physical network None {{(pid=107559) _validate_network_segments /opt/stack/neutron/neutron/plugins/ml2/drivers/ovn/mech_driver/mech_driver.py:643}}
Jun 18 05:35:06.001933 np0000181867 devstack@neutron-api.service[107559]: DEBUG neutron.db.ovn_revision_numbers_db [None req-37dd2fd7-bea4-4f54-81f4-01dadd7fe55c admin admin] create_initial_revision uuid=82986e15-81e9-422d-886c-215542ee7d9b, type=networks, rev=-1 {{(pid=107559) create_initial_revision /opt/stack/neutron/neutron/db/ovn_revision_numbers_db.py:98}}
Jun 18 05:35:06.013700 np0000181867 devstack@neutron-api.service[107559]: DEBUG neutron_lib.callbacks.manager [None req-37dd2fd7-bea4-4f54-81f4-01dadd7fe55c admin admin] Publish callbacks ['neutron.plugins.ml2.ovo_rpc._ObjectChangeHandler.handle_event-1641791'] for network (82986e15-81e9-422d-886c-215542ee7d9b), after_create {{(pid=107559) _notify_loop /opt/stack/data/venv/lib/python3.12/site-packages/neutron_lib/callbacks/manager.py:184}}
Jun 18 05:35:06.030828 np0000181867 devstack@neutron-api.service[107559]: DEBUG neutron.api.rpc.handlers.resources_rpc [None req-37dd2fd7-bea4-4f54-81f4-01dadd7fe55c admin admin] Pushing event updated for resources: {'Network': ['ID=82986e15-81e9-422d-886c-215542ee7d9b,revision_number=1']} {{(pid=107559) push /opt/stack/neutron/neutron/api/rpc/handlers/resources_rpc.py:237}}
Jun 18 05:35:06.038456 np0000181867 devstack@neutron-api.service[107559]: DEBUG ovsdbapp.backend.ovs_idl.transaction [None req-7cf201dd-4548-4dae-a178-acdc178ed4d7 None None] Running txn n=1 command(idx=0): AddNetworkCommand(_result=None, network_uuid=82986e15-81e9-422d-886c-215542ee7d9b, may_exist=True, columns={'external_ids': {'neutron:network_name': 'admin_net', 'neutron:mtu': '1372', 'neutron:revision_number': '1', 'neutron:availability_zone_hints': '', 'neutron:provnet-network-type': 'geneve'}, 'other_config': {'mcast_snoop': 'false', 'mcast_flood_unregistered': 'false', 'vlan-passthru': 'false'}}) {{(pid=107559) do_commit /opt/stack/data/venv/lib/python3.12/site-packages/ovsdbapp/backend/ovs_idl/transaction.py:89}}
Jun 18 05:35:06.052333 np0000181867 devstack@neutron-api.service[107562]: DEBUG neutron.plugins.ml2.drivers.ovn.mech_driver.ovsdb.ovsdb_monitor [None req-efaf8087-84d4-48b6-990f-1c200849261d None None] Hash Ring: Node 83f148e69ed3551a8f7d3a08a0cb150b (host: np0000181867) handling event "create" for row 7274423c-a546-4f88-8d6e-2d4dbecd49d5 (table: Datapath_Binding) {{(pid=107562) notify /opt/stack/neutron/neutron/plugins/ml2/drivers/ovn/mech_driver/ovsdb/ovsdb_monitor.py:1015}}
Jun 18 05:35:06.052560 np0000181867 devstack@neutron-api.service[107560]: DEBUG neutron.plugins.ml2.drivers.ovn.mech_driver.ovsdb.ovsdb_monitor [None req-d8a1173c-1933-4d0d-bf3f-b0184800a3e6 None None] Touching Hash Ring node "35b440b8b3a1529cbdc5d48ec87568f6" from IDL notify handler {{(pid=107560) notify /opt/stack/neutron/neutron/plugins/ml2/drivers/ovn/mech_driver/ovsdb/ovsdb_monitor.py:1007}}
Jun 18 05:35:06.054412 np0000181867 devstack@neutron-api.service[107560]: DEBUG neutron.plugins.ml2.drivers.ovn.mech_driver.ovsdb.ovsdb_monitor [None req-d8a1173c-1933-4d0d-bf3f-b0184800a3e6 None None] Hash Ring: Node 35b440b8b3a1529cbdc5d48ec87568f6 (host: np0000181867) handling event "create" for row 82986e15-81e9-422d-886c-215542ee7d9b (table: Logical_Switch) {{(pid=107560) notify /opt/stack/neutron/neutron/plugins/ml2/drivers/ovn/mech_driver/ovsdb/ovsdb_monitor.py:1015}}
Jun 18 05:35:06.070132 np0000181867 devstack@neutron-api.service[107559]: INFO neutron.db.ovn_revision_numbers_db [None req-37dd2fd7-bea4-4f54-81f4-01dadd7fe55c admin admin] Successfully bumped revision number for resource 82986e15-81e9-422d-886c-215542ee7d9b (type: networks) to 1
Jun 18 05:35:06.084949 np0000181867 devstack@neutron-api.service[107559]: DEBUG neutron_lib.callbacks.manager [None req-37dd2fd7-bea4-4f54-81f4-01dadd7fe55c admin admin] Publish callbacks ['neutron.plugins.ml2.plugin.SecurityGroupDbMixin._ensure_default_security_group_handler-250245'] for port (None), before_create {{(pid=107559) _notify_loop /opt/stack/data/venv/lib/python3.12/site-packages/neutron_lib/callbacks/manager.py:184}}
Jun 18 05:35:06.161756 np0000181867 devstack@neutron-api.service[107559]: DEBUG neutron_lib.callbacks.manager [None req-37dd2fd7-bea4-4f54-81f4-01dadd7fe55c admin admin] Publish callbacks ['neutron.plugins.ml2.drivers.ovn.mech_driver.mech_driver.OVNMechanismDriver._validate_allowed_address_pairs-811032'] for allowed_address_pair (3ce2bd82-7fd4-4047-acc7-acf17bfb2240), before_create {{(pid=107559) _notify_loop /opt/stack/data/venv/lib/python3.12/site-packages/neutron_lib/callbacks/manager.py:184}}
Jun 18 05:35:06.162387 np0000181867 devstack@neutron-api.service[107559]: DEBUG neutron_lib.callbacks.manager [None req-37dd2fd7-bea4-4f54-81f4-01dadd7fe55c admin admin] Publish callbacks [] for port (3ce2bd82-7fd4-4047-acc7-acf17bfb2240), precommit_create {{(pid=107559) _notify_loop /opt/stack/data/venv/lib/python3.12/site-packages/neutron_lib/callbacks/manager.py:184}}
Jun 18 05:35:06.162602 np0000181867 devstack@neutron-api.service[107559]: DEBUG neutron.plugins.ml2.drivers.ovn.mech_driver.mech_driver [None req-37dd2fd7-bea4-4f54-81f4-01dadd7fe55c admin admin] No provisioning block for port 3ce2bd82-7fd4-4047-acc7-acf17bfb2240 since it does not have a host {{(pid=107559) _is_port_provisioning_required /opt/stack/neutron/neutron/plugins/ml2/drivers/ovn/mech_driver/mech_driver.py:896}}
Jun 18 05:35:06.162756 np0000181867 devstack@neutron-api.service[107559]: DEBUG neutron.db.ovn_revision_numbers_db [None req-37dd2fd7-bea4-4f54-81f4-01dadd7fe55c admin admin] create_initial_revision uuid=3ce2bd82-7fd4-4047-acc7-acf17bfb2240, type=ports, rev=-1 {{(pid=107559) create_initial_revision /opt/stack/neutron/neutron/db/ovn_revision_numbers_db.py:98}}
Jun 18 05:35:06.192850 np0000181867 devstack@neutron-api.service[107561]: DEBUG futurist.periodics [-] Submitting periodic callback 'neutron.plugins.ml2.drivers.ovn.mech_driver.ovsdb.maintenance.HashRingHealthCheckPeriodics.touch_hash_ring_node' {{(pid=107561) _process_scheduled /opt/stack/data/venv/lib/python3.12/site-packages/futurist/periodics.py:784}}
Jun 18 05:35:06.193848 np0000181867 devstack@neutron-api.service[107561]: DEBUG neutron.plugins.ml2.drivers.ovn.mech_driver.ovsdb.maintenance [-] Touching Hash Ring node "28c5f6808c905c9fa6313827b810e63f" from periodic health check thread {{(pid=107561) touch_hash_ring_node /opt/stack/neutron/neutron/plugins/ml2/drivers/ovn/mech_driver/ovsdb/maintenance.py:1419}}
Jun 18 05:35:06.195180 np0000181867 devstack@neutron-api.service[107559]: DEBUG neutron_lib.callbacks.manager [None req-37dd2fd7-bea4-4f54-81f4-01dadd7fe55c admin admin] Publish callbacks ['neutron.plugins.ml2.ovo_rpc._ObjectChangeHandler.handle_event-1641768'] for port (3ce2bd82-7fd4-4047-acc7-acf17bfb2240), after_create {{(pid=107559) _notify_loop /opt/stack/data/venv/lib/python3.12/site-packages/neutron_lib/callbacks/manager.py:184}}
Jun 18 05:35:06.227410 np0000181867 devstack@neutron-api.service[107559]: DEBUG neutron.api.rpc.handlers.resources_rpc [None req-37dd2fd7-bea4-4f54-81f4-01dadd7fe55c admin admin] Pushing event updated for resources: {'Port': ['ID=3ce2bd82-7fd4-4047-acc7-acf17bfb2240,revision_number=1']} {{(pid=107559) push /opt/stack/neutron/neutron/api/rpc/handlers/resources_rpc.py:237}}
Jun 18 05:35:06.233856 np0000181867 devstack@neutron-api.service[107559]: DEBUG neutron.plugins.ml2.drivers.ovn.mech_driver.ovsdb.commands [None req-37dd2fd7-bea4-4f54-81f4-01dadd7fe55c admin admin] Converting tag [] to a tag_request {{(pid=107559) _tag_column_to_tag_request /opt/stack/neutron/neutron/plugins/ml2/drivers/ovn/mech_driver/ovsdb/commands.py:205}}
