Apr 21 15:02:41.160071 np0000168766 neutron-periodic-workers[106141]: DEBUG cotyledon.oslo_config_glue [-] ml2.overlay_ip_version = 4 {{(pid=106141) log_opt_values /opt/stack/data/venv/lib/python3.12/site-packages/oslo_config/cfg.py:3006}}
Apr 21 15:02:41.160117 np0000168766 neutron-periodic-workers[106141]: DEBUG cotyledon.oslo_config_glue [-] ml2.path_mtu = 0 {{(pid=106141) log_opt_values /opt/stack/data/venv/lib/python3.12/site-packages/oslo_config/cfg.py:3006}}
Apr 21 15:02:41.160154 np0000168766 neutron-periodic-workers[106141]: DEBUG cotyledon.oslo_config_glue [-] ml2.physical_network_mtus = {} {{(pid=106141) log_opt_values /opt/stack/data/venv/lib/python3.12/site-packages/oslo_config/cfg.py:3006}}
Apr 21 15:02:41.160202 np0000168766 neutron-periodic-workers[106141]: DEBUG cotyledon.oslo_config_glue [-] ml2.project_network_types = ['geneve'] {{(pid=106141) log_opt_values /opt/stack/data/venv/lib/python3.12/site-packages/oslo_config/cfg.py:3006}}
Apr 21 15:02:41.160248 np0000168766 neutron-periodic-workers[106141]: DEBUG cotyledon.oslo_config_glue [-] ml2.tunnelled_network_rp_name = rp_tunnelled {{(pid=106141) log_opt_values /opt/stack/data/venv/lib/python3.12/site-packages/oslo_config/cfg.py:3006}}
Apr 21 15:02:41.160297 np0000168766 neutron-periodic-workers[106141]: DEBUG cotyledon.oslo_config_glue [-] ml2.type_drivers = ['local', 'flat', 'vlan', 'geneve'] {{(pid=106141) log_opt_values /opt/stack/data/venv/lib/python3.12/site-packages/oslo_config/cfg.py:3006}}
Apr 21 15:02:41.160355 np0000168766 neutron-periodic-workers[106141]: DEBUG cotyledon.oslo_config_glue [-] ml2_type_flat.flat_networks = ['public'] {{(pid=106141) log_opt_values /opt/stack/data/venv/lib/python3.12/site-packages/oslo_config/cfg.py:3006}}
Apr 21 15:02:41.160407 np0000168766 neutron-periodic-workers[106141]: DEBUG cotyledon.oslo_config_glue [-] ml2_type_geneve.max_header_size = 38 {{(pid=106141) log_opt_values /opt/stack/data/venv/lib/python3.12/site-packages/oslo_config/cfg.py:3006}}
Apr 21 15:02:41.160471 np0000168766 neutron-periodic-workers[106141]: DEBUG cotyledon.oslo_config_glue [-] ml2_type_geneve.vni_ranges = ['1:65536'] {{(pid=106141) log_opt_values /opt/stack/data/venv/lib/python3.12/site-packages/oslo_config/cfg.py:3006}}
Apr 21 15:02:41.160524 np0000168766 neutron-periodic-workers[106141]: DEBUG cotyledon.oslo_config_glue [-] ml2_type_vlan.network_vlan_ranges = ['public'] {{(pid=106141) log_opt_values /opt/stack/data/venv/lib/python3.12/site-packages/oslo_config/cfg.py:3006}}
Apr 21 15:02:41.160593 np0000168766 neutron-periodic-workers[106141]: DEBUG cotyledon.oslo_config_glue [-] network_log.burst_limit = 25 {{(pid=106141) log_opt_values /opt/stack/data/venv/lib/python3.12/site-packages/oslo_config/cfg.py:3006}}
Apr 21 15:02:41.160633 np0000168766 neutron-periodic-workers[106141]: DEBUG cotyledon.oslo_config_glue [-] network_log.local_output_log_base = None {{(pid=106141) log_opt_values /opt/stack/data/venv/lib/python3.12/site-packages/oslo_config/cfg.py:3006}}
Apr 21 15:02:41.160668 np0000168766 neutron-periodic-workers[106141]: DEBUG cotyledon.oslo_config_glue [-] network_log.rate_limit = 100 {{(pid=106141) log_opt_values /opt/stack/data/venv/lib/python3.12/site-packages/oslo_config/cfg.py:3006}}
Apr 21 15:02:41.160729 np0000168766 neutron-periodic-workers[106141]: DEBUG cotyledon.oslo_config_glue [-] database.asyncio_connection = **** {{(pid=106141) log_opt_values /opt/stack/data/venv/lib/python3.12/site-packages/oslo_config/cfg.py:3006}}
Apr 21 15:02:41.160760 np0000168766 neutron-periodic-workers[106141]: DEBUG cotyledon.oslo_config_glue [-] database.asyncio_slave_connection = **** {{(pid=106141) log_opt_values /opt/stack/data/venv/lib/python3.12/site-packages/oslo_config/cfg.py:3006}}
Apr 21 15:02:41.160811 np0000168766 neutron-periodic-workers[106141]: DEBUG cotyledon.oslo_config_glue [-] database.backend = sqlalchemy {{(pid=106141) log_opt_values /opt/stack/data/venv/lib/python3.12/site-packages/oslo_config/cfg.py:3006}}
Apr 21 15:02:41.160851 np0000168766 neutron-periodic-workers[106141]: DEBUG cotyledon.oslo_config_glue [-] database.connection = **** {{(pid=106141) log_opt_values /opt/stack/data/venv/lib/python3.12/site-packages/oslo_config/cfg.py:3006}}
Apr 21 15:02:41.160893 np0000168766 neutron-periodic-workers[106141]: DEBUG cotyledon.oslo_config_glue [-] database.connection_debug = 0 {{(pid=106141) log_opt_values /opt/stack/data/venv/lib/python3.12/site-packages/oslo_config/cfg.py:3006}}
Apr 21 15:02:41.160923 np0000168766 neutron-periodic-workers[106141]: DEBUG cotyledon.oslo_config_glue [-] database.connection_parameters = {{(pid=106141) log_opt_values /opt/stack/data/venv/lib/python3.12/site-packages/oslo_config/cfg.py:3006}}
Apr 21 15:02:41.160977 np0000168766 neutron-periodic-workers[106141]: DEBUG cotyledon.oslo_config_glue [-] database.connection_recycle_time = 3600 {{(pid=106141) log_opt_values /opt/stack/data/venv/lib/python3.12/site-packages/oslo_config/cfg.py:3006}}
Apr 21 15:02:41.161017 np0000168766 neutron-periodic-workers[106141]: DEBUG cotyledon.oslo_config_glue [-] database.connection_trace = False {{(pid=106141) log_opt_values /opt/stack/data/venv/lib/python3.12/site-packages/oslo_config/cfg.py:3006}}
Apr 21 15:02:41.161060 np0000168766 neutron-periodic-workers[106141]: DEBUG cotyledon.oslo_config_glue [-] database.db_inc_retry_interval = True {{(pid=106141) log_opt_values /opt/stack/data/venv/lib/python3.12/site-packages/oslo_config/cfg.py:3006}}
Apr 21 15:02:41.161090 np0000168766 neutron-periodic-workers[106141]: DEBUG cotyledon.oslo_config_glue [-] database.db_max_retries = 20 {{(pid=106141) log_opt_values /opt/stack/data/venv/lib/python3.12/site-packages/oslo_config/cfg.py:3006}}
Apr 21 15:02:41.161142 np0000168766 neutron-periodic-workers[106141]: DEBUG cotyledon.oslo_config_glue [-] database.db_max_retry_interval = 10 {{(pid=106141) log_opt_values /opt/stack/data/venv/lib/python3.12/site-packages/oslo_config/cfg.py:3006}}
Apr 21 15:02:41.161173 np0000168766 neutron-periodic-workers[106141]: DEBUG cotyledon.oslo_config_glue [-] database.db_retry_interval = 1 {{(pid=106141) log_opt_values /opt/stack/data/venv/lib/python3.12/site-packages/oslo_config/cfg.py:3006}}
Apr 21 15:02:41.161207 np0000168766 neutron-periodic-workers[106141]: DEBUG cotyledon.oslo_config_glue [-] database.max_overflow = 50 {{(pid=106141) log_opt_values /opt/stack/data/venv/lib/python3.12/site-packages/oslo_config/cfg.py:3006}}
Apr 21 15:02:41.161240 np0000168766 neutron-periodic-workers[106141]: DEBUG cotyledon.oslo_config_glue [-] database.max_pool_size = 5 {{(pid=106141) log_opt_values /opt/stack/data/venv/lib/python3.12/site-packages/oslo_config/cfg.py:3006}}
Apr 21 15:02:41.161272 np0000168766 neutron-periodic-workers[106141]: DEBUG cotyledon.oslo_config_glue [-] database.max_retries = 10 {{(pid=106141) log_opt_values /opt/stack/data/venv/lib/python3.12/site-packages/oslo_config/cfg.py:3006}}
Apr 21 15:02:41.161320 np0000168766 neutron-periodic-workers[106141]: DEBUG cotyledon.oslo_config_glue [-] database.mysql_sql_mode = TRADITIONAL {{(pid=106141) log_opt_values /opt/stack/data/venv/lib/python3.12/site-packages/oslo_config/cfg.py:3006}}
Apr 21 15:02:41.161355 np0000168766 neutron-periodic-workers[106141]: DEBUG cotyledon.oslo_config_glue [-] database.mysql_wsrep_sync_wait = None {{(pid=106141) log_opt_values /opt/stack/data/venv/lib/python3.12/site-packages/oslo_config/cfg.py:3006}}
Apr 21 15:02:41.161403 np0000168766 neutron-periodic-workers[106141]: DEBUG cotyledon.oslo_config_glue [-] database.pool_timeout = None {{(pid=106141) log_opt_values /opt/stack/data/venv/lib/python3.12/site-packages/oslo_config/cfg.py:3006}}
Apr 21 15:02:41.161448 np0000168766 neutron-periodic-workers[106141]: DEBUG cotyledon.oslo_config_glue [-] database.retry_interval = 10 {{(pid=106141) log_opt_values /opt/stack/data/venv/lib/python3.12/site-packages/oslo_config/cfg.py:3006}}
Apr 21 15:02:41.161493 np0000168766 neutron-periodic-workers[106141]: DEBUG cotyledon.oslo_config_glue [-] database.slave_connection = **** {{(pid=106141) log_opt_values /opt/stack/data/venv/lib/python3.12/site-packages/oslo_config/cfg.py:3006}}
Apr 21 15:02:41.161527 np0000168766 neutron-periodic-workers[106141]: DEBUG cotyledon.oslo_config_glue [-] database.sqlite_synchronous = True {{(pid=106141) log_opt_values /opt/stack/data/venv/lib/python3.12/site-packages/oslo_config/cfg.py:3006}}
Apr 21 15:02:41.161572 np0000168766 neutron-periodic-workers[106141]: DEBUG cotyledon.oslo_config_glue [-] database.synchronous_reader = True {{(pid=106141) log_opt_values /opt/stack/data/venv/lib/python3.12/site-packages/oslo_config/cfg.py:3006}}
Apr 21 15:02:41.161602 np0000168766 neutron-periodic-workers[106141]: DEBUG cotyledon.oslo_config_glue [-] database.use_db_reconnect = False {{(pid=106141) log_opt_values /opt/stack/data/venv/lib/python3.12/site-packages/oslo_config/cfg.py:3006}}
Apr 21 15:02:41.161672 np0000168766 neutron-periodic-workers[106141]: DEBUG cotyledon.oslo_config_glue [-] ovn.bfd_min_rx = 1000 {{(pid=106141) log_opt_values /opt/stack/data/venv/lib/python3.12/site-packages/oslo_config/cfg.py:3006}}
Apr 21 15:02:41.161703 np0000168766 neutron-periodic-workers[106141]: DEBUG cotyledon.oslo_config_glue [-] ovn.bfd_min_tx = 100 {{(pid=106141) log_opt_values /opt/stack/data/venv/lib/python3.12/site-packages/oslo_config/cfg.py:3006}}
Apr 21 15:02:41.161751 np0000168766 neutron-periodic-workers[106141]: DEBUG cotyledon.oslo_config_glue [-] ovn.bfd_mult = 3 {{(pid=106141) log_opt_values /opt/stack/data/venv/lib/python3.12/site-packages/oslo_config/cfg.py:3006}}
Apr 21 15:02:41.161783 np0000168766 neutron-periodic-workers[106141]: DEBUG cotyledon.oslo_config_glue [-] ovn.broadcast_arps_to_all_routers = True {{(pid=106141) log_opt_values /opt/stack/data/venv/lib/python3.12/site-packages/oslo_config/cfg.py:3006}}
Apr 21 15:02:41.161827 np0000168766 neutron-periodic-workers[106141]: DEBUG cotyledon.oslo_config_glue [-] ovn.dhcp_default_lease_time = 43200 {{(pid=106141) log_opt_values /opt/stack/data/venv/lib/python3.12/site-packages/oslo_config/cfg.py:3006}}
Apr 21 15:02:41.161869 np0000168766 neutron-periodic-workers[106141]: DEBUG cotyledon.oslo_config_glue [-] ovn.disable_ovn_dhcp_for_baremetal_ports = False {{(pid=106141) log_opt_values /opt/stack/data/venv/lib/python3.12/site-packages/oslo_config/cfg.py:3006}}
Apr 21 15:02:41.161904 np0000168766 neutron-periodic-workers[106141]: DEBUG cotyledon.oslo_config_glue [-] ovn.dns_records_ovn_owned = False {{(pid=106141) log_opt_values /opt/stack/data/venv/lib/python3.12/site-packages/oslo_config/cfg.py:3006}}
Apr 21 15:02:41.161950 np0000168766 neutron-periodic-workers[106141]: DEBUG cotyledon.oslo_config_glue [-] ovn.dns_servers = [] {{(pid=106141) log_opt_values /opt/stack/data/venv/lib/python3.12/site-packages/oslo_config/cfg.py:3006}}
Apr 21 15:02:41.161981 np0000168766 neutron-periodic-workers[106141]: DEBUG cotyledon.oslo_config_glue [-] ovn.enable_distributed_floating_ip = False {{(pid=106141) log_opt_values /opt/stack/data/venv/lib/python3.12/site-packages/oslo_config/cfg.py:3006}}
Apr 21 15:02:41.162015 np0000168766 neutron-periodic-workers[106141]: DEBUG cotyledon.oslo_config_glue [-] ovn.fdb_age_threshold = 300 {{(pid=106141) log_opt_values /opt/stack/data/venv/lib/python3.12/site-packages/oslo_config/cfg.py:3006}}
Apr 21 15:02:41.162062 np0000168766 neutron-periodic-workers[106141]: DEBUG cotyledon.oslo_config_glue [-] ovn.ha_failover_strategy = normal {{(pid=106141) log_opt_values /opt/stack/data/venv/lib/python3.12/site-packages/oslo_config/cfg.py:3006}}
Apr 21 15:02:41.162093 np0000168766 neutron-periodic-workers[106141]: DEBUG cotyledon.oslo_config_glue [-] ovn.live_migration_activation_strategy = rarp {{(pid=106141) log_opt_values /opt/stack/data/venv/lib/python3.12/site-packages/oslo_config/cfg.py:3006}}
Apr 21 15:02:41.162139 np0000168766 neutron-periodic-workers[106141]: DEBUG cotyledon.oslo_config_glue [-] ovn.localnet_learn_fdb = False {{(pid=106141) log_opt_values /opt/stack/data/venv/lib/python3.12/site-packages/oslo_config/cfg.py:3006}}
Apr 21 15:02:41.162170 np0000168766 neutron-periodic-workers[106141]: DEBUG cotyledon.oslo_config_glue [-] ovn.mac_binding_age_threshold = 300 {{(pid=106141) log_opt_values /opt/stack/data/venv/lib/python3.12/site-packages/oslo_config/cfg.py:3006}}
Apr 21 15:02:41.162224 np0000168766 neutron-periodic-workers[106141]: DEBUG cotyledon.oslo_config_glue [-] ovn.neutron_sync_mode = log {{(pid=106141) log_opt_values /opt/stack/data/venv/lib/python3.12/site-packages/oslo_config/cfg.py:3006}}
Apr 21 15:02:41.162259 np0000168766 neutron-periodic-workers[106141]: DEBUG cotyledon.oslo_config_glue [-] ovn.ovn_dhcp4_global_options = {} {{(pid=106141) log_opt_values /opt/stack/data/venv/lib/python3.12/site-packages/oslo_config/cfg.py:3006}}
Apr 21 15:02:41.162292 np0000168766 neutron-periodic-workers[106141]: DEBUG cotyledon.oslo_config_glue [-] ovn.ovn_dhcp6_global_options = {} {{(pid=106141) log_opt_values /opt/stack/data/venv/lib/python3.12/site-packages/oslo_config/cfg.py:3006}}
Apr 21 15:02:41.162346 np0000168766 neutron-periodic-workers[106141]: DEBUG cotyledon.oslo_config_glue [-] ovn.ovn_l3_scheduler = leastloaded {{(pid=106141) log_opt_values /opt/stack/data/venv/lib/python3.12/site-packages/oslo_config/cfg.py:3006}}
Apr 21 15:02:41.162395 np0000168766 neutron-periodic-workers[106141]: DEBUG cotyledon.oslo_config_glue [-] ovn.ovn_metadata_enabled = True {{(pid=106141) log_opt_values /opt/stack/data/venv/lib/python3.12/site-packages/oslo_config/cfg.py:3006}}
Apr 21 15:02:41.162448 np0000168766 neutron-periodic-workers[106141]: DEBUG cotyledon.oslo_config_glue [-] ovn.ovn_nb_ca_cert = /opt/stack/data/CA/int-ca/ca-chain.pem {{(pid=106141) log_opt_values /opt/stack/data/venv/lib/python3.12/site-packages/oslo_config/cfg.py:3006}}
Apr 21 15:02:41.162490 np0000168766 neutron-periodic-workers[106141]: DEBUG cotyledon.oslo_config_glue [-] ovn.ovn_nb_certificate = /opt/stack/data/CA/int-ca/devstack-cert.crt {{(pid=106141) log_opt_values /opt/stack/data/venv/lib/python3.12/site-packages/oslo_config/cfg.py:3006}}
Apr 21 15:02:41.162534 np0000168766 neutron-periodic-workers[106141]: DEBUG cotyledon.oslo_config_glue [-] ovn.ovn_nb_connection = ['ssl:199.204.45.49:6641'] {{(pid=106141) log_opt_values /opt/stack/data/venv/lib/python3.12/site-packages/oslo_config/cfg.py:3006}}
Apr 21 15:02:41.162566 np0000168766 neutron-periodic-workers[106141]: DEBUG cotyledon.oslo_config_glue [-] ovn.ovn_nb_private_key = /opt/stack/data/CA/int-ca/private/devstack-cert.key {{(pid=106141) log_opt_values /opt/stack/data/venv/lib/python3.12/site-packages/oslo_config/cfg.py:3006}}
Apr 21 15:02:41.162620 np0000168766 neutron-periodic-workers[106141]: DEBUG cotyledon.oslo_config_glue [-] ovn.ovn_router_indirect_snat = False {{(pid=106141) log_opt_values /opt/stack/data/venv/lib/python3.12/site-packages/oslo_config/cfg.py:3006}}
Apr 21 15:02:41.162652 np0000168766 neutron-periodic-workers[106141]: DEBUG cotyledon.oslo_config_glue [-] ovn.ovn_sb_ca_cert = /opt/stack/data/CA/int-ca/ca-chain.pem {{(pid=106141) log_opt_values /opt/stack/data/venv/lib/python3.12/site-packages/oslo_config/cfg.py:3006}}
Apr 21 15:02:41.162681 np0000168766 neutron-periodic-workers[106141]: DEBUG cotyledon.oslo_config_glue [-] ovn.ovn_sb_certificate = /opt/stack/data/CA/int-ca/devstack-cert.crt {{(pid=106141) log_opt_values /opt/stack/data/venv/lib/python3.12/site-packages/oslo_config/cfg.py:3006}}
Apr 21 15:02:41.162726 np0000168766 neutron-periodic-workers[106141]: DEBUG cotyledon.oslo_config_glue [-] ovn.ovn_sb_connection = ['ssl:199.204.45.49:6642'] {{(pid=106141) log_opt_values /opt/stack/data/venv/lib/python3.12/site-packages/oslo_config/cfg.py:3006}}
Apr 21 15:02:41.162756 np0000168766 neutron-periodic-workers[106141]: DEBUG cotyledon.oslo_config_glue [-] ovn.ovn_sb_private_key = /opt/stack/data/CA/int-ca/private/devstack-cert.key {{(pid=106141) log_opt_values /opt/stack/data/venv/lib/python3.12/site-packages/oslo_config/cfg.py:3006}}
Apr 21 15:02:41.162803 np0000168766 neutron-periodic-workers[106141]: DEBUG cotyledon.oslo_config_glue [-] ovn.ovs_create_tap = False {{(pid=106141) log_opt_values /opt/stack/data/venv/lib/python3.12/site-packages/oslo_config/cfg.py:3006}}
Apr 21 15:02:41.162833 np0000168766 neutron-periodic-workers[106141]: DEBUG cotyledon.oslo_config_glue [-] ovn.ovsdb_connection_timeout = 180 {{(pid=106141) log_opt_values /opt/stack/data/venv/lib/python3.12/site-packages/oslo_config/cfg.py:3006}}
Apr 21 15:02:41.162885 np0000168766 neutron-periodic-workers[106141]: DEBUG cotyledon.oslo_config_glue [-] ovn.ovsdb_log_level = INFO {{(pid=106141) log_opt_values /opt/stack/data/venv/lib/python3.12/site-packages/oslo_config/cfg.py:3006}}
Apr 21 15:02:41.162917 np0000168766 neutron-periodic-workers[106141]: DEBUG cotyledon.oslo_config_glue [-] ovn.ovsdb_probe_interval = 60000 {{(pid=106141) log_opt_values /opt/stack/data/venv/lib/python3.12/site-packages/oslo_config/cfg.py:3006}}
Apr 21 15:02:41.162951 np0000168766 neutron-periodic-workers[106141]: DEBUG cotyledon.oslo_config_glue [-] ovn.ovsdb_retry_max_interval = 180 {{(pid=106141) log_opt_values /opt/stack/data/venv/lib/python3.12/site-packages/oslo_config/cfg.py:3006}}
Apr 21 15:02:41.163000 np0000168766 neutron-periodic-workers[106141]: DEBUG cotyledon.oslo_config_glue [-] ovn.stateless_nat_enabled = False {{(pid=106141) log_opt_values /opt/stack/data/venv/lib/python3.12/site-packages/oslo_config/cfg.py:3006}}
Apr 21 15:02:41.163042 np0000168766 neutron-periodic-workers[106141]: DEBUG cotyledon.oslo_config_glue [-] ovn.vhost_sock_dir = /var/run/openvswitch {{(pid=106141) log_opt_values /opt/stack/data/venv/lib/python3.12/site-packages/oslo_config/cfg.py:3006}}
Apr 21 15:02:41.163102 np0000168766 neutron-periodic-workers[106141]: DEBUG cotyledon.oslo_config_glue [-] OVS.bridge_mac_table_size = 50000 {{(pid=106141) log_opt_values /opt/stack/data/venv/lib/python3.12/site-packages/oslo_config/cfg.py:3006}}
Apr 21 15:02:41.163153 np0000168766 neutron-periodic-workers[106141]: DEBUG cotyledon.oslo_config_glue [-] OVS.igmp_flood = False {{(pid=106141) log_opt_values /opt/stack/data/venv/lib/python3.12/site-packages/oslo_config/cfg.py:3006}}
Apr 21 15:02:41.163199 np0000168766 neutron-periodic-workers[106141]: DEBUG cotyledon.oslo_config_glue [-] OVS.igmp_flood_reports = True {{(pid=106141) log_opt_values /opt/stack/data/venv/lib/python3.12/site-packages/oslo_config/cfg.py:3006}}
Apr 21 15:02:41.163248 np0000168766 neutron-periodic-workers[106141]: DEBUG cotyledon.oslo_config_glue [-] OVS.igmp_flood_unregistered = False {{(pid=106141) log_opt_values /opt/stack/data/venv/lib/python3.12/site-packages/oslo_config/cfg.py:3006}}
Apr 21 15:02:41.163283 np0000168766 neutron-periodic-workers[106141]: DEBUG cotyledon.oslo_config_glue [-] OVS.igmp_snooping_enable = False {{(pid=106141) log_opt_values /opt/stack/data/venv/lib/python3.12/site-packages/oslo_config/cfg.py:3006}}
Apr 21 15:02:41.163325 np0000168766 neutron-periodic-workers[106141]: DEBUG cotyledon.oslo_config_glue [-] OVS.ovsdb_timeout = 10 {{(pid=106141) log_opt_values /opt/stack/data/venv/lib/python3.12/site-packages/oslo_config/cfg.py:3006}}
Apr 21 15:02:41.163361 np0000168766 neutron-periodic-workers[106141]: DEBUG cotyledon.oslo_config_glue [-] ovn_nb_global.fdb_removal_limit = 0 {{(pid=106141) log_opt_values /opt/stack/data/venv/lib/python3.12/site-packages/oslo_config/cfg.py:3006}}
Apr 21 15:02:41.163408 np0000168766 neutron-periodic-workers[106141]: DEBUG cotyledon.oslo_config_glue [-] ovn_nb_global.ignore_lsp_down = False {{(pid=106141) log_opt_values /opt/stack/data/venv/lib/python3.12/site-packages/oslo_config/cfg.py:3006}}
Apr 21 15:02:41.163469 np0000168766 neutron-periodic-workers[106141]: DEBUG cotyledon.oslo_config_glue [-] ovn_nb_global.mac_binding_removal_limit = 0 {{(pid=106141) log_opt_values /opt/stack/data/venv/lib/python3.12/site-packages/oslo_config/cfg.py:3006}}
Apr 21 15:02:41.163507 np0000168766 neutron-periodic-workers[106141]: DEBUG cotyledon.oslo_config_glue [-] ******************************************************************************** {{(pid=106141) log_opt_values /opt/stack/data/venv/lib/python3.12/site-packages/oslo_config/cfg.py:3013}}
Apr 21 15:02:41.163646 np0000168766 neutron-periodic-workers[106141]: DEBUG cotyledon._service_worker [-] Run service ServiceWrapper(0) [106141] {{(pid=106141) wait_forever /opt/stack/data/venv/lib/python3.12/site-packages/cotyledon/_service_worker.py:218}}
Apr 21 15:02:50.798855 np0000168766 neutron-periodic-workers[105350]: DEBUG dbcounter [-] [105350] Writing DB stats neutron:SELECT=4 {{(pid=105350) stat_writer /opt/stack/data/venv/lib/python3.12/site-packages/dbcounter.py:115}}
Apr 21 15:03:39.151190 np0000168766 neutron-periodic-workers[106126]: DEBUG oslo_db.sqlalchemy.engines [None req-b8a7ac21-7911-435a-9dce-2fcf2fc25921 None None] Parent process 105350 forked (106126) with an open database connection, which is being discarded and recreated. {{(pid=106126) checkout /opt/stack/data/venv/lib/python3.12/site-packages/oslo_db/sqlalchemy/engines.py:402}}
Apr 21 15:03:39.158555 np0000168766 neutron-periodic-workers[106126]: DEBUG dbcounter [-] [106126] Writer thread running {{(pid=106126) stat_writer /opt/stack/data/venv/lib/python3.12/site-packages/dbcounter.py:102}}
Apr 21 15:03:39.166475 np0000168766 neutron-periodic-workers[106126]: DEBUG oslo.service.backend._threading.loopingcall [None req-b8a7ac21-7911-435a-9dce-2fcf2fc25921 None None] Fixed interval looping call 'neutron.plugins.ml2.plugin.DhcpAgentSchedulerDbMixin.remove_networks_from_down_agents' sleeping for 36.98 seconds {{(pid=106126) _run_loop /opt/stack/data/venv/lib/python3.12/site-packages/oslo_service/backend/_threading/loopingcall.py:125}}
Apr 21 15:03:49.165920 np0000168766 neutron-periodic-workers[106126]: DEBUG dbcounter [-] [106126] Writing DB stats neutron:SELECT=3 {{(pid=106126) stat_writer /opt/stack/data/venv/lib/python3.12/site-packages/dbcounter.py:115}}
Apr 21 15:03:51.171130 np0000168766 neutron-periodic-workers[106132]: DEBUG dbcounter [-] [106132] Writer thread running {{(pid=106132) stat_writer /opt/stack/data/venv/lib/python3.12/site-packages/dbcounter.py:102}}
Apr 21 15:03:51.175325 np0000168766 neutron-periodic-workers[106132]: DEBUG neutron.db.agents_db [None req-803ecd28-9286-4b06-90e8-5de1df53cb2a None None] Agent healthcheck: found 0 active agents {{(pid=106132) agent_health_check /opt/stack/neutron/neutron/db/agents_db.py:317}}
Apr 21 15:03:51.175580 np0000168766 neutron-periodic-workers[106132]: DEBUG oslo.service.backend._threading.loopingcall [None req-803ecd28-9286-4b06-90e8-5de1df53cb2a None None] Fixed interval looping call 'neutron.plugins.ml2.plugin.AgentDbMixin.agent_health_check' sleeping for 36.97 seconds {{(pid=106132) _run_loop /opt/stack/data/venv/lib/python3.12/site-packages/oslo_service/backend/_threading/loopingcall.py:125}}
Apr 21 15:04:01.172150 np0000168766 neutron-periodic-workers[106132]: DEBUG dbcounter [-] [106132] Writing DB stats neutron:SELECT=1 {{(pid=106132) stat_writer /opt/stack/data/venv/lib/python3.12/site-packages/dbcounter.py:115}}
Apr 21 15:04:13.164906 np0000168766 neutron-periodic-workers[106119]: DEBUG dbcounter [-] [106119] Writer thread running {{(pid=106119) stat_writer /opt/stack/data/venv/lib/python3.12/site-packages/dbcounter.py:102}}
Apr 21 15:04:13.173563 np0000168766 neutron-periodic-workers[106119]: DEBUG oslo.service.backend._threading.loopingcall [None req-5ff06d8a-7d0a-4ad8-912e-306691556d00 None None] Fixed interval looping call 'neutron.services.ovn_l3.plugin.L3_NAT_dbonly_mixin._clean_garbage' sleeping for 299.96 seconds {{(pid=106119) _run_loop /opt/stack/data/venv/lib/python3.12/site-packages/oslo_service/backend/_threading/loopingcall.py:125}}
Apr 21 15:04:16.156849 np0000168766 neutron-periodic-workers[106126]: DEBUG oslo.service.backend._threading.loopingcall [None req-b8a7ac21-7911-435a-9dce-2fcf2fc25921 None None] Fixed interval looping call 'neutron.plugins.ml2.plugin.DhcpAgentSchedulerDbMixin.remove_networks_from_down_agents' sleeping for 36.99 seconds {{(pid=106126) _run_loop /opt/stack/data/venv/lib/python3.12/site-packages/oslo_service/backend/_threading/loopingcall.py:125}}
Apr 21 15:04:23.165674 np0000168766 neutron-periodic-workers[106119]: DEBUG dbcounter [-] [106119] Writing DB stats neutron:SELECT=1 {{(pid=106119) stat_writer /opt/stack/data/venv/lib/python3.12/site-packages/dbcounter.py:115}}
Apr 21 15:04:26.155433 np0000168766 neutron-periodic-workers[106126]: DEBUG dbcounter [-] [106126] Writing DB stats neutron:SELECT=3 {{(pid=106126) stat_writer /opt/stack/data/venv/lib/python3.12/site-packages/dbcounter.py:115}}
Apr 21 15:04:28.151673 np0000168766 neutron-periodic-workers[106132]: DEBUG neutron.db.agents_db [None req-803ecd28-9286-4b06-90e8-5de1df53cb2a None None] Agent healthcheck: found 0 active agents {{(pid=106132) agent_health_check /opt/stack/neutron/neutron/db/agents_db.py:317}}
Apr 21 15:04:28.152473 np0000168766 neutron-periodic-workers[106132]: DEBUG oslo.service.backend._threading.loopingcall [None req-803ecd28-9286-4b06-90e8-5de1df53cb2a None None] Fixed interval looping call 'neutron.plugins.ml2.plugin.AgentDbMixin.agent_health_check' sleeping for 36.99 seconds {{(pid=106132) _run_loop /opt/stack/data/venv/lib/python3.12/site-packages/oslo_service/backend/_threading/loopingcall.py:125}}
Apr 21 15:04:38.149768 np0000168766 neutron-periodic-workers[106132]: DEBUG dbcounter [-] [106132] Writing DB stats neutron:SELECT=1 {{(pid=106132) stat_writer /opt/stack/data/venv/lib/python3.12/site-packages/dbcounter.py:115}}
Apr 21 15:04:41.180641 np0000168766 neutron-periodic-workers[106141]: DEBUG dbcounter [-] [106141] Writer thread running {{(pid=106141) stat_writer /opt/stack/data/venv/lib/python3.12/site-packages/dbcounter.py:102}}
Apr 21 15:04:41.182441 np0000168766 neutron-periodic-workers[106141]: DEBUG oslo.service.backend._threading.loopingcall [None req-dadee0e0-2175-46ca-ba83-0398859130c7 None None] Fixed interval looping call 'neutron.db.quota.driver_nolock.DbQuotaNoLockDriver._remove_expired_reservations' sleeping for 119.98 seconds {{(pid=106141) _run_loop /opt/stack/data/venv/lib/python3.12/site-packages/oslo_service/backend/_threading/loopingcall.py:125}}
Apr 21 15:04:51.181291 np0000168766 neutron-periodic-workers[106141]: DEBUG dbcounter [-] [106141] Writing DB stats neutron:DELETE=1 {{(pid=106141) stat_writer /opt/stack/data/venv/lib/python3.12/site-packages/dbcounter.py:115}}
Apr 21 15:04:53.155739 np0000168766 neutron-periodic-workers[106126]: DEBUG oslo.service.backend._threading.loopingcall [None req-b8a7ac21-7911-435a-9dce-2fcf2fc25921 None None] Fixed interval looping call 'neutron.plugins.ml2.plugin.DhcpAgentSchedulerDbMixin.remove_networks_from_down_agents' sleeping for 36.99 seconds {{(pid=106126) _run_loop /opt/stack/data/venv/lib/python3.12/site-packages/oslo_service/backend/_threading/loopingcall.py:125}}
Apr 21 15:05:03.155554 np0000168766 neutron-periodic-workers[106126]: DEBUG dbcounter [-] [106126] Writing DB stats neutron:SELECT=3 {{(pid=106126) stat_writer /opt/stack/data/venv/lib/python3.12/site-packages/dbcounter.py:115}}
Apr 21 15:05:05.148541 np0000168766 neutron-periodic-workers[106132]: DEBUG neutron.db.agents_db [None req-803ecd28-9286-4b06-90e8-5de1df53cb2a None None] Agent healthcheck: found 0 active agents {{(pid=106132) agent_health_check /opt/stack/neutron/neutron/db/agents_db.py:317}}
Apr 21 15:05:05.148937 np0000168766 neutron-periodic-workers[106132]: DEBUG oslo.service.backend._threading.loopingcall [None req-803ecd28-9286-4b06-90e8-5de1df53cb2a None None] Fixed interval looping call 'neutron.plugins.ml2.plugin.AgentDbMixin.agent_health_check' sleeping for 36.99 seconds {{(pid=106132) _run_loop /opt/stack/data/venv/lib/python3.12/site-packages/oslo_service/backend/_threading/loopingcall.py:125}}
Apr 21 15:05:15.145892 np0000168766 neutron-periodic-workers[106132]: DEBUG dbcounter [-] [106132] Writing DB stats neutron:SELECT=1 {{(pid=106132) stat_writer /opt/stack/data/venv/lib/python3.12/site-packages/dbcounter.py:115}}
Apr 21 15:05:30.155748 np0000168766 neutron-periodic-workers[106126]: DEBUG oslo.service.backend._threading.loopingcall [None req-b8a7ac21-7911-435a-9dce-2fcf2fc25921 None None] Fixed interval looping call 'neutron.plugins.ml2.plugin.DhcpAgentSchedulerDbMixin.remove_networks_from_down_agents' sleeping for 36.99 seconds {{(pid=106126) _run_loop /opt/stack/data/venv/lib/python3.12/site-packages/oslo_service/backend/_threading/loopingcall.py:125}}
Apr 21 15:05:40.154004 np0000168766 neutron-periodic-workers[106126]: DEBUG dbcounter [-] [106126] Writing DB stats neutron:SELECT=3 {{(pid=106126) stat_writer /opt/stack/data/venv/lib/python3.12/site-packages/dbcounter.py:115}}
Apr 21 15:05:42.146420 np0000168766 neutron-periodic-workers[106132]: DEBUG neutron.db.agents_db [None req-803ecd28-9286-4b06-90e8-5de1df53cb2a None None] Agent healthcheck: found 0 active agents {{(pid=106132) agent_health_check /opt/stack/neutron/neutron/db/agents_db.py:317}}
Apr 21 15:05:42.147089 np0000168766 neutron-periodic-workers[106132]: DEBUG oslo.service.backend._threading.loopingcall [None req-803ecd28-9286-4b06-90e8-5de1df53cb2a None None] Fixed interval looping call 'neutron.plugins.ml2.plugin.AgentDbMixin.agent_health_check' sleeping for 36.99 seconds {{(pid=106132) _run_loop /opt/stack/data/venv/lib/python3.12/site-packages/oslo_service/backend/_threading/loopingcall.py:125}}
Apr 21 15:05:52.144087 np0000168766 neutron-periodic-workers[106132]: DEBUG dbcounter [-] [106132] Writing DB stats neutron:SELECT=1 {{(pid=106132) stat_writer /opt/stack/data/venv/lib/python3.12/site-packages/dbcounter.py:115}}
Apr 21 15:06:07.156996 np0000168766 neutron-periodic-workers[106126]: DEBUG oslo.service.backend._threading.loopingcall [None req-b8a7ac21-7911-435a-9dce-2fcf2fc25921 None None] Fixed interval looping call 'neutron.plugins.ml2.plugin.DhcpAgentSchedulerDbMixin.remove_networks_from_down_agents' sleeping for 36.99 seconds {{(pid=106126) _run_loop /opt/stack/data/venv/lib/python3.12/site-packages/oslo_service/backend/_threading/loopingcall.py:125}}
Apr 21 15:06:17.155262 np0000168766 neutron-periodic-workers[106126]: DEBUG dbcounter [-] [106126] Writing DB stats neutron:SELECT=3 {{(pid=106126) stat_writer /opt/stack/data/venv/lib/python3.12/site-packages/dbcounter.py:115}}
Apr 21 15:06:19.141343 np0000168766 neutron-periodic-workers[106132]: DEBUG neutron.db.agents_db [None req-803ecd28-9286-4b06-90e8-5de1df53cb2a None None] Agent healthcheck: found 0 active agents {{(pid=106132) agent_health_check /opt/stack/neutron/neutron/db/agents_db.py:317}}
Apr 21 15:06:19.142016 np0000168766 neutron-periodic-workers[106132]: DEBUG oslo.service.backend._threading.loopingcall [None req-803ecd28-9286-4b06-90e8-5de1df53cb2a None None] Fixed interval looping call 'neutron.plugins.ml2.plugin.AgentDbMixin.agent_health_check' sleeping for 37.00 seconds {{(pid=106132) _run_loop /opt/stack/data/venv/lib/python3.12/site-packages/oslo_service/backend/_threading/loopingcall.py:125}}
Apr 21 15:06:29.140281 np0000168766 neutron-periodic-workers[106132]: DEBUG dbcounter [-] [106132] Writing DB stats neutron:SELECT=1 {{(pid=106132) stat_writer /opt/stack/data/venv/lib/python3.12/site-packages/dbcounter.py:115}}
Apr 21 15:06:41.170173 np0000168766 neutron-periodic-workers[106141]: DEBUG oslo.service.backend._threading.loopingcall [None req-dadee0e0-2175-46ca-ba83-0398859130c7 None None] Fixed interval looping call 'neutron.db.quota.driver_nolock.DbQuotaNoLockDriver._remove_expired_reservations' sleeping for 120.00 seconds {{(pid=106141) _run_loop /opt/stack/data/venv/lib/python3.12/site-packages/oslo_service/backend/_threading/loopingcall.py:125}}
Apr 21 15:06:44.158398 np0000168766 neutron-periodic-workers[106126]: DEBUG oslo.service.backend._threading.loopingcall [None req-b8a7ac21-7911-435a-9dce-2fcf2fc25921 None None] Fixed interval looping call 'neutron.plugins.ml2.plugin.DhcpAgentSchedulerDbMixin.remove_networks_from_down_agents' sleeping for 36.99 seconds {{(pid=106126) _run_loop /opt/stack/data/venv/lib/python3.12/site-packages/oslo_service/backend/_threading/loopingcall.py:125}}
Apr 21 15:06:51.168849 np0000168766 neutron-periodic-workers[106141]: DEBUG dbcounter [-] [106141] Writing DB stats neutron:DELETE=1 {{(pid=106141) stat_writer /opt/stack/data/venv/lib/python3.12/site-packages/dbcounter.py:115}}
Apr 21 15:06:54.156676 np0000168766 neutron-periodic-workers[106126]: DEBUG dbcounter [-] [106126] Writing DB stats neutron:SELECT=3 {{(pid=106126) stat_writer /opt/stack/data/venv/lib/python3.12/site-packages/dbcounter.py:115}}
Apr 21 15:06:56.146863 np0000168766 neutron-periodic-workers[106132]: DEBUG neutron.db.agents_db [None req-803ecd28-9286-4b06-90e8-5de1df53cb2a None None] Agent healthcheck: found 0 active agents {{(pid=106132) agent_health_check /opt/stack/neutron/neutron/db/agents_db.py:317}}
Apr 21 15:06:56.147483 np0000168766 neutron-periodic-workers[106132]: DEBUG oslo.service.backend._threading.loopingcall [None req-803ecd28-9286-4b06-90e8-5de1df53cb2a None None] Fixed interval looping call 'neutron.plugins.ml2.plugin.AgentDbMixin.agent_health_check' sleeping for 36.99 seconds {{(pid=106132) _run_loop /opt/stack/data/venv/lib/python3.12/site-packages/oslo_service/backend/_threading/loopingcall.py:125}}
Apr 21 15:07:06.145260 np0000168766 neutron-periodic-workers[106132]: DEBUG dbcounter [-] [106132] Writing DB stats neutron:SELECT=1 {{(pid=106132) stat_writer /opt/stack/data/venv/lib/python3.12/site-packages/dbcounter.py:115}}
Apr 21 15:07:21.156365 np0000168766 neutron-periodic-workers[106126]: DEBUG oslo.service.backend._threading.loopingcall [None req-b8a7ac21-7911-435a-9dce-2fcf2fc25921 None None] Fixed interval looping call 'neutron.plugins.ml2.plugin.DhcpAgentSchedulerDbMixin.remove_networks_from_down_agents' sleeping for 36.99 seconds {{(pid=106126) _run_loop /opt/stack/data/venv/lib/python3.12/site-packages/oslo_service/backend/_threading/loopingcall.py:125}}
Apr 21 15:07:31.155680 np0000168766 neutron-periodic-workers[106126]: DEBUG dbcounter [-] [106126] Writing DB stats neutron:SELECT=3 {{(pid=106126) stat_writer /opt/stack/data/venv/lib/python3.12/site-packages/dbcounter.py:115}}
Apr 21 15:07:33.142698 np0000168766 neutron-periodic-workers[106132]: DEBUG neutron.db.agents_db [None req-803ecd28-9286-4b06-90e8-5de1df53cb2a None None] Agent healthcheck: found 0 active agents {{(pid=106132) agent_health_check /opt/stack/neutron/neutron/db/agents_db.py:317}}
Apr 21 15:07:33.143297 np0000168766 neutron-periodic-workers[106132]: DEBUG oslo.service.backend._threading.loopingcall [None req-803ecd28-9286-4b06-90e8-5de1df53cb2a None None] Fixed interval looping call 'neutron.plugins.ml2.plugin.AgentDbMixin.agent_health_check' sleeping for 36.99 seconds {{(pid=106132) _run_loop /opt/stack/data/venv/lib/python3.12/site-packages/oslo_service/backend/_threading/loopingcall.py:125}}
Apr 21 15:07:43.140830 np0000168766 neutron-periodic-workers[106132]: DEBUG dbcounter [-] [106132] Writing DB stats neutron:SELECT=1 {{(pid=106132) stat_writer /opt/stack/data/venv/lib/python3.12/site-packages/dbcounter.py:115}}
Apr 21 15:07:58.155106 np0000168766 neutron-periodic-workers[106126]: DEBUG oslo.service.backend._threading.loopingcall [None req-b8a7ac21-7911-435a-9dce-2fcf2fc25921 None None] Fixed interval looping call 'neutron.plugins.ml2.plugin.DhcpAgentSchedulerDbMixin.remove_networks_from_down_agents' sleeping for 36.99 seconds {{(pid=106126) _run_loop /opt/stack/data/venv/lib/python3.12/site-packages/oslo_service/backend/_threading/loopingcall.py:125}}
Apr 21 15:08:08.154253 np0000168766 neutron-periodic-workers[106126]: DEBUG dbcounter [-] [106126] Writing DB stats neutron:SELECT=3 {{(pid=106126) stat_writer /opt/stack/data/venv/lib/python3.12/site-packages/dbcounter.py:115}}
Apr 21 15:08:10.137778 np0000168766 neutron-periodic-workers[106132]: DEBUG neutron.db.agents_db [None req-803ecd28-9286-4b06-90e8-5de1df53cb2a None None] Agent healthcheck: found 0 active agents {{(pid=106132) agent_health_check /opt/stack/neutron/neutron/db/agents_db.py:317}}
Apr 21 15:08:10.138099 np0000168766 neutron-periodic-workers[106132]: DEBUG oslo.service.backend._threading.loopingcall [None req-803ecd28-9286-4b06-90e8-5de1df53cb2a None None] Fixed interval looping call 'neutron.plugins.ml2.plugin.AgentDbMixin.agent_health_check' sleeping for 37.00 seconds {{(pid=106132) _run_loop /opt/stack/data/venv/lib/python3.12/site-packages/oslo_service/backend/_threading/loopingcall.py:125}}
Apr 21 15:08:20.137164 np0000168766 neutron-periodic-workers[106132]: DEBUG dbcounter [-] [106132] Writing DB stats neutron:SELECT=1 {{(pid=106132) stat_writer /opt/stack/data/venv/lib/python3.12/site-packages/dbcounter.py:115}}
Apr 21 15:08:35.153780 np0000168766 neutron-periodic-workers[106126]: DEBUG oslo.service.backend._threading.loopingcall [None req-b8a7ac21-7911-435a-9dce-2fcf2fc25921 None None] Fixed interval looping call 'neutron.plugins.ml2.plugin.DhcpAgentSchedulerDbMixin.remove_networks_from_down_agents' sleeping for 36.99 seconds {{(pid=106126) _run_loop /opt/stack/data/venv/lib/python3.12/site-packages/oslo_service/backend/_threading/loopingcall.py:125}}
Apr 21 15:08:41.173105 np0000168766 neutron-periodic-workers[106141]: DEBUG oslo.service.backend._threading.loopingcall [None req-dadee0e0-2175-46ca-ba83-0398859130c7 None None] Fixed interval looping call 'neutron.db.quota.driver_nolock.DbQuotaNoLockDriver._remove_expired_reservations' sleeping for 120.00 seconds {{(pid=106141) _run_loop /opt/stack/data/venv/lib/python3.12/site-packages/oslo_service/backend/_threading/loopingcall.py:125}}
Apr 21 15:08:45.152760 np0000168766 neutron-periodic-workers[106126]: DEBUG dbcounter [-] [106126] Writing DB stats neutron:SELECT=3 {{(pid=106126) stat_writer /opt/stack/data/venv/lib/python3.12/site-packages/dbcounter.py:115}}
Apr 21 15:08:47.142398 np0000168766 neutron-periodic-workers[106132]: DEBUG neutron.db.agents_db [None req-803ecd28-9286-4b06-90e8-5de1df53cb2a None None] Agent healthcheck: found 0 active agents {{(pid=106132) agent_health_check /opt/stack/neutron/neutron/db/agents_db.py:317}}
Apr 21 15:08:47.143054 np0000168766 neutron-periodic-workers[106132]: DEBUG oslo.service.backend._threading.loopingcall [None req-803ecd28-9286-4b06-90e8-5de1df53cb2a None None] Fixed interval looping call 'neutron.plugins.ml2.plugin.AgentDbMixin.agent_health_check' sleeping for 37.00 seconds {{(pid=106132) _run_loop /opt/stack/data/venv/lib/python3.12/site-packages/oslo_service/backend/_threading/loopingcall.py:125}}
Apr 21 15:08:51.172670 np0000168766 neutron-periodic-workers[106141]: DEBUG dbcounter [-] [106141] Writing DB stats neutron:DELETE=1 {{(pid=106141) stat_writer /opt/stack/data/venv/lib/python3.12/site-packages/dbcounter.py:115}}
Apr 21 15:08:57.141030 np0000168766 neutron-periodic-workers[106132]: DEBUG dbcounter [-] [106132] Writing DB stats neutron:SELECT=1 {{(pid=106132) stat_writer /opt/stack/data/venv/lib/python3.12/site-packages/dbcounter.py:115}}
Apr 21 15:09:12.152954 np0000168766 neutron-periodic-workers[106126]: DEBUG oslo.service.backend._threading.loopingcall [None req-b8a7ac21-7911-435a-9dce-2fcf2fc25921 None None] Fixed interval looping call 'neutron.plugins.ml2.plugin.DhcpAgentSchedulerDbMixin.remove_networks_from_down_agents' sleeping for 36.99 seconds {{(pid=106126) _run_loop /opt/stack/data/venv/lib/python3.12/site-packages/oslo_service/backend/_threading/loopingcall.py:125}}
Apr 21 15:09:13.143322 np0000168766 neutron-periodic-workers[106119]: DEBUG oslo.service.backend._threading.loopingcall [None req-5ff06d8a-7d0a-4ad8-912e-306691556d00 None None] Fixed interval looping call 'neutron.services.ovn_l3.plugin.L3_NAT_dbonly_mixin._clean_garbage' sleeping for 299.99 seconds {{(pid=106119) _run_loop /opt/stack/data/venv/lib/python3.12/site-packages/oslo_service/backend/_threading/loopingcall.py:125}}
Apr 21 15:09:22.151637 np0000168766 neutron-periodic-workers[106126]: DEBUG dbcounter [-] [106126] Writing DB stats neutron:SELECT=3 {{(pid=106126) stat_writer /opt/stack/data/venv/lib/python3.12/site-packages/dbcounter.py:115}}
Apr 21 15:09:23.137393 np0000168766 neutron-periodic-workers[106119]: DEBUG dbcounter [-] [106119] Writing DB stats neutron:SELECT=1 {{(pid=106119) stat_writer /opt/stack/data/venv/lib/python3.12/site-packages/dbcounter.py:115}}
Apr 21 15:09:24.148114 np0000168766 neutron-periodic-workers[106132]: DEBUG neutron.db.agents_db [None req-803ecd28-9286-4b06-90e8-5de1df53cb2a None None] Agent healthcheck: found 0 active agents {{(pid=106132) agent_health_check /opt/stack/neutron/neutron/db/agents_db.py:317}}
Apr 21 15:09:24.148938 np0000168766 neutron-periodic-workers[106132]: DEBUG oslo.service.backend._threading.loopingcall [None req-803ecd28-9286-4b06-90e8-5de1df53cb2a None None] Fixed interval looping call 'neutron.plugins.ml2.plugin.AgentDbMixin.agent_health_check' sleeping for 36.99 seconds {{(pid=106132) _run_loop /opt/stack/data/venv/lib/python3.12/site-packages/oslo_service/backend/_threading/loopingcall.py:125}}
Apr 21 15:09:34.147138 np0000168766 neutron-periodic-workers[106132]: DEBUG dbcounter [-] [106132] Writing DB stats neutron:SELECT=1 {{(pid=106132) stat_writer /opt/stack/data/venv/lib/python3.12/site-packages/dbcounter.py:115}}
Apr 21 15:09:49.154293 np0000168766 neutron-periodic-workers[106126]: DEBUG oslo.service.backend._threading.loopingcall [None req-b8a7ac21-7911-435a-9dce-2fcf2fc25921 None None] Fixed interval looping call 'neutron.plugins.ml2.plugin.DhcpAgentSchedulerDbMixin.remove_networks_from_down_agents' sleeping for 36.99 seconds {{(pid=106126) _run_loop /opt/stack/data/venv/lib/python3.12/site-packages/oslo_service/backend/_threading/loopingcall.py:125}}
Apr 21 15:09:59.153704 np0000168766 neutron-periodic-workers[106126]: DEBUG dbcounter [-] [106126] Writing DB stats neutron:SELECT=3 {{(pid=106126) stat_writer /opt/stack/data/venv/lib/python3.12/site-packages/dbcounter.py:115}}
Apr 21 15:10:01.142115 np0000168766 neutron-periodic-workers[106132]: DEBUG neutron.db.agents_db [None req-803ecd28-9286-4b06-90e8-5de1df53cb2a None None] Agent healthcheck: found 0 active agents {{(pid=106132) agent_health_check /opt/stack/neutron/neutron/db/agents_db.py:317}}
Apr 21 15:10:01.142650 np0000168766 neutron-periodic-workers[106132]: DEBUG oslo.service.backend._threading.loopingcall [None req-803ecd28-9286-4b06-90e8-5de1df53cb2a None None] Fixed interval looping call 'neutron.plugins.ml2.plugin.AgentDbMixin.agent_health_check' sleeping for 37.00 seconds {{(pid=106132) _run_loop /opt/stack/data/venv/lib/python3.12/site-packages/oslo_service/backend/_threading/loopingcall.py:125}}
Apr 21 15:10:11.141319 np0000168766 neutron-periodic-workers[106132]: DEBUG dbcounter [-] [106132] Writing DB stats neutron:SELECT=1 {{(pid=106132) stat_writer /opt/stack/data/venv/lib/python3.12/site-packages/dbcounter.py:115}}
Apr 21 15:10:26.154497 np0000168766 neutron-periodic-workers[106126]: DEBUG oslo.service.backend._threading.loopingcall [None req-b8a7ac21-7911-435a-9dce-2fcf2fc25921 None None] Fixed interval looping call 'neutron.plugins.ml2.plugin.DhcpAgentSchedulerDbMixin.remove_networks_from_down_agents' sleeping for 36.99 seconds {{(pid=106126) _run_loop /opt/stack/data/venv/lib/python3.12/site-packages/oslo_service/backend/_threading/loopingcall.py:125}}
Apr 21 15:10:36.152484 np0000168766 neutron-periodic-workers[106126]: DEBUG dbcounter [-] [106126] Writing DB stats neutron:SELECT=3 {{(pid=106126) stat_writer /opt/stack/data/venv/lib/python3.12/site-packages/dbcounter.py:115}}
Apr 21 15:10:38.145494 np0000168766 neutron-periodic-workers[106132]: DEBUG neutron.db.agents_db [None req-803ecd28-9286-4b06-90e8-5de1df53cb2a None None] Agent healthcheck: found 0 active agents {{(pid=106132) agent_health_check /opt/stack/neutron/neutron/db/agents_db.py:317}}
Apr 21 15:10:38.146058 np0000168766 neutron-periodic-workers[106132]: DEBUG oslo.service.backend._threading.loopingcall [None req-803ecd28-9286-4b06-90e8-5de1df53cb2a None None] Fixed interval looping call 'neutron.plugins.ml2.plugin.AgentDbMixin.agent_health_check' sleeping for 37.00 seconds {{(pid=106132) _run_loop /opt/stack/data/venv/lib/python3.12/site-packages/oslo_service/backend/_threading/loopingcall.py:125}}
Apr 21 15:10:41.178230 np0000168766 neutron-periodic-workers[106141]: DEBUG oslo.service.backend._threading.loopingcall [None req-dadee0e0-2175-46ca-ba83-0398859130c7 None None] Fixed interval looping call 'neutron.db.quota.driver_nolock.DbQuotaNoLockDriver._remove_expired_reservations' sleeping for 120.00 seconds {{(pid=106141) _run_loop /opt/stack/data/venv/lib/python3.12/site-packages/oslo_service/backend/_threading/loopingcall.py:125}}
Apr 21 15:10:48.144628 np0000168766 neutron-periodic-workers[106132]: DEBUG dbcounter [-] [106132] Writing DB stats neutron:SELECT=1 {{(pid=106132) stat_writer /opt/stack/data/venv/lib/python3.12/site-packages/dbcounter.py:115}}
Apr 21 15:10:51.176988 np0000168766 neutron-periodic-workers[106141]: DEBUG dbcounter [-] [106141] Writing DB stats neutron:DELETE=1 {{(pid=106141) stat_writer /opt/stack/data/venv/lib/python3.12/site-packages/dbcounter.py:115}}
Apr 21 15:11:03.152891 np0000168766 neutron-periodic-workers[106126]: DEBUG oslo.service.backend._threading.loopingcall [None req-b8a7ac21-7911-435a-9dce-2fcf2fc25921 None None] Fixed interval looping call 'neutron.plugins.ml2.plugin.DhcpAgentSchedulerDbMixin.remove_networks_from_down_agents' sleeping for 36.99 seconds {{(pid=106126) _run_loop /opt/stack/data/venv/lib/python3.12/site-packages/oslo_service/backend/_threading/loopingcall.py:125}}
Apr 21 15:11:13.152452 np0000168766 neutron-periodic-workers[106126]: DEBUG dbcounter [-] [106126] Writing DB stats neutron:SELECT=3 {{(pid=106126) stat_writer /opt/stack/data/venv/lib/python3.12/site-packages/dbcounter.py:115}}
Apr 21 15:11:15.150326 np0000168766 neutron-periodic-workers[106132]: DEBUG neutron.db.agents_db [None req-803ecd28-9286-4b06-90e8-5de1df53cb2a None None] Agent healthcheck: found 0 active agents {{(pid=106132) agent_health_check /opt/stack/neutron/neutron/db/agents_db.py:317}}
Apr 21 15:11:15.150326 np0000168766 neutron-periodic-workers[106132]: DEBUG oslo.service.backend._threading.loopingcall [None req-803ecd28-9286-4b06-90e8-5de1df53cb2a None None] Fixed interval looping call 'neutron.plugins.ml2.plugin.AgentDbMixin.agent_health_check' sleeping for 37.00 seconds {{(pid=106132) _run_loop /opt/stack/data/venv/lib/python3.12/site-packages/oslo_service/backend/_threading/loopingcall.py:125}}
Apr 21 15:11:25.148769 np0000168766 neutron-periodic-workers[106132]: DEBUG dbcounter [-] [106132] Writing DB stats neutron:SELECT=1 {{(pid=106132) stat_writer /opt/stack/data/venv/lib/python3.12/site-packages/dbcounter.py:115}}
Apr 21 15:11:40.153592 np0000168766 neutron-periodic-workers[106126]: DEBUG oslo.service.backend._threading.loopingcall [None req-b8a7ac21-7911-435a-9dce-2fcf2fc25921 None None] Fixed interval looping call 'neutron.plugins.ml2.plugin.DhcpAgentSchedulerDbMixin.remove_networks_from_down_agents' sleeping for 36.99 seconds {{(pid=106126) _run_loop /opt/stack/data/venv/lib/python3.12/site-packages/oslo_service/backend/_threading/loopingcall.py:125}}
Apr 21 15:11:50.152043 np0000168766 neutron-periodic-workers[106126]: DEBUG dbcounter [-] [106126] Writing DB stats neutron:SELECT=3 {{(pid=106126) stat_writer /opt/stack/data/venv/lib/python3.12/site-packages/dbcounter.py:115}}
Apr 21 15:11:52.155846 np0000168766 neutron-periodic-workers[106132]: DEBUG neutron.db.agents_db [None req-803ecd28-9286-4b06-90e8-5de1df53cb2a None None] Agent healthcheck: found 0 active agents {{(pid=106132) agent_health_check /opt/stack/neutron/neutron/db/agents_db.py:317}}
Apr 21 15:11:52.156706 np0000168766 neutron-periodic-workers[106132]: DEBUG oslo.service.backend._threading.loopingcall [None req-803ecd28-9286-4b06-90e8-5de1df53cb2a None None] Fixed interval looping call 'neutron.plugins.ml2.plugin.AgentDbMixin.agent_health_check' sleeping for 36.99 seconds {{(pid=106132) _run_loop /opt/stack/data/venv/lib/python3.12/site-packages/oslo_service/backend/_threading/loopingcall.py:125}}
Apr 21 15:12:02.154101 np0000168766 neutron-periodic-workers[106132]: DEBUG dbcounter [-] [106132] Writing DB stats neutron:SELECT=1 {{(pid=106132) stat_writer /opt/stack/data/venv/lib/python3.12/site-packages/dbcounter.py:115}}
Apr 21 15:12:17.150141 np0000168766 neutron-periodic-workers[106126]: DEBUG oslo.service.backend._threading.loopingcall [None req-b8a7ac21-7911-435a-9dce-2fcf2fc25921 None None] Fixed interval looping call 'neutron.plugins.ml2.plugin.DhcpAgentSchedulerDbMixin.remove_networks_from_down_agents' sleeping for 36.99 seconds {{(pid=106126) _run_loop /opt/stack/data/venv/lib/python3.12/site-packages/oslo_service/backend/_threading/loopingcall.py:125}}
Apr 21 15:12:27.150283 np0000168766 neutron-periodic-workers[106126]: DEBUG dbcounter [-] [106126] Writing DB stats neutron:SELECT=3 {{(pid=106126) stat_writer /opt/stack/data/venv/lib/python3.12/site-packages/dbcounter.py:115}}
Apr 21 15:12:29.152073 np0000168766 neutron-periodic-workers[106132]: DEBUG neutron.db.agents_db [None req-803ecd28-9286-4b06-90e8-5de1df53cb2a None None] Agent healthcheck: found 0 active agents {{(pid=106132) agent_health_check /opt/stack/neutron/neutron/db/agents_db.py:317}}
Apr 21 15:12:29.152831 np0000168766 neutron-periodic-workers[106132]: DEBUG oslo.service.backend._threading.loopingcall [None req-803ecd28-9286-4b06-90e8-5de1df53cb2a None None] Fixed interval looping call 'neutron.plugins.ml2.plugin.AgentDbMixin.agent_health_check' sleeping for 36.99 seconds {{(pid=106132) _run_loop /opt/stack/data/venv/lib/python3.12/site-packages/oslo_service/backend/_threading/loopingcall.py:125}}
