Apr 25 16:26:59.443158 np0000170207 nova-conductor[112009]: DEBUG cotyledon.oslo_config_glue [-] vmware.vnc_keymap = en-us {{(pid=112009) log_opt_values /opt/stack/data/venv/lib/python3.12/site-packages/oslo_config/cfg.py:3006}}
Apr 25 16:26:59.443158 np0000170207 nova-conductor[112009]: DEBUG cotyledon.oslo_config_glue [-] vmware.vnc_port = 5900 {{(pid=112009) log_opt_values /opt/stack/data/venv/lib/python3.12/site-packages/oslo_config/cfg.py:3006}}
Apr 25 16:26:59.443158 np0000170207 nova-conductor[112009]: DEBUG cotyledon.oslo_config_glue [-] vmware.vnc_port_total = 10000 {{(pid=112009) log_opt_values /opt/stack/data/venv/lib/python3.12/site-packages/oslo_config/cfg.py:3006}}
Apr 25 16:26:59.443431 np0000170207 nova-conductor[112009]: DEBUG cotyledon.oslo_config_glue [-] vnc.auth_schemes = ['none'] {{(pid=112009) log_opt_values /opt/stack/data/venv/lib/python3.12/site-packages/oslo_config/cfg.py:3006}}
Apr 25 16:26:59.443431 np0000170207 nova-conductor[112009]: DEBUG cotyledon.oslo_config_glue [-] vnc.enabled = True {{(pid=112009) log_opt_values /opt/stack/data/venv/lib/python3.12/site-packages/oslo_config/cfg.py:3006}}
Apr 25 16:26:59.443431 np0000170207 nova-conductor[112009]: DEBUG cotyledon.oslo_config_glue [-] vnc.novncproxy_base_url = http://127.0.0.1:6080/vnc_auto.html {{(pid=112009) log_opt_values /opt/stack/data/venv/lib/python3.12/site-packages/oslo_config/cfg.py:3006}}
Apr 25 16:26:59.443431 np0000170207 nova-conductor[112009]: DEBUG cotyledon.oslo_config_glue [-] vnc.novncproxy_host = 0.0.0.0 {{(pid=112009) log_opt_values /opt/stack/data/venv/lib/python3.12/site-packages/oslo_config/cfg.py:3006}}
Apr 25 16:26:59.443431 np0000170207 nova-conductor[112009]: DEBUG cotyledon.oslo_config_glue [-] vnc.novncproxy_port = 6080 {{(pid=112009) log_opt_values /opt/stack/data/venv/lib/python3.12/site-packages/oslo_config/cfg.py:3006}}
Apr 25 16:26:59.443431 np0000170207 nova-conductor[112009]: DEBUG cotyledon.oslo_config_glue [-] vnc.server_listen = 127.0.0.1 {{(pid=112009) log_opt_values /opt/stack/data/venv/lib/python3.12/site-packages/oslo_config/cfg.py:3006}}
Apr 25 16:26:59.443431 np0000170207 nova-conductor[112009]: DEBUG cotyledon.oslo_config_glue [-] vnc.server_proxyclient_address = 127.0.0.1 {{(pid=112009) log_opt_values /opt/stack/data/venv/lib/python3.12/site-packages/oslo_config/cfg.py:3006}}
Apr 25 16:26:59.443431 np0000170207 nova-conductor[112009]: DEBUG cotyledon.oslo_config_glue [-] vnc.vencrypt_ca_certs = None {{(pid=112009) log_opt_values /opt/stack/data/venv/lib/python3.12/site-packages/oslo_config/cfg.py:3006}}
Apr 25 16:26:59.443431 np0000170207 nova-conductor[112009]: DEBUG cotyledon.oslo_config_glue [-] vnc.vencrypt_client_cert = None {{(pid=112009) log_opt_values /opt/stack/data/venv/lib/python3.12/site-packages/oslo_config/cfg.py:3006}}
Apr 25 16:26:59.443634 np0000170207 nova-conductor[112009]: DEBUG cotyledon.oslo_config_glue [-] vnc.vencrypt_client_key = None {{(pid=112009) log_opt_values /opt/stack/data/venv/lib/python3.12/site-packages/oslo_config/cfg.py:3006}}
Apr 25 16:26:59.443634 np0000170207 nova-conductor[112009]: DEBUG cotyledon.oslo_config_glue [-] workarounds.disable_compute_service_check_for_ffu = False {{(pid=112009) log_opt_values /opt/stack/data/venv/lib/python3.12/site-packages/oslo_config/cfg.py:3006}}
Apr 25 16:26:59.443634 np0000170207 nova-conductor[112009]: DEBUG cotyledon.oslo_config_glue [-] workarounds.disable_deep_image_inspection = False {{(pid=112009) log_opt_values /opt/stack/data/venv/lib/python3.12/site-packages/oslo_config/cfg.py:3006}}
Apr 25 16:26:59.443634 np0000170207 nova-conductor[112009]: DEBUG cotyledon.oslo_config_glue [-] workarounds.disable_fallback_pcpu_query = False {{(pid=112009) log_opt_values /opt/stack/data/venv/lib/python3.12/site-packages/oslo_config/cfg.py:3006}}
Apr 25 16:26:59.443634 np0000170207 nova-conductor[112009]: DEBUG cotyledon.oslo_config_glue [-] workarounds.disable_group_policy_check_upcall = False {{(pid=112009) log_opt_values /opt/stack/data/venv/lib/python3.12/site-packages/oslo_config/cfg.py:3006}}
Apr 25 16:26:59.443634 np0000170207 nova-conductor[112009]: DEBUG cotyledon.oslo_config_glue [-] workarounds.disable_libvirt_livesnapshot = False {{(pid=112009) log_opt_values /opt/stack/data/venv/lib/python3.12/site-packages/oslo_config/cfg.py:3006}}
Apr 25 16:26:59.443634 np0000170207 nova-conductor[112009]: DEBUG cotyledon.oslo_config_glue [-] workarounds.disable_rootwrap = False {{(pid=112009) log_opt_values /opt/stack/data/venv/lib/python3.12/site-packages/oslo_config/cfg.py:3006}}
Apr 25 16:26:59.443634 np0000170207 nova-conductor[112009]: DEBUG cotyledon.oslo_config_glue [-] workarounds.enable_numa_live_migration = False {{(pid=112009) log_opt_values /opt/stack/data/venv/lib/python3.12/site-packages/oslo_config/cfg.py:3006}}
Apr 25 16:26:59.443634 np0000170207 nova-conductor[112009]: DEBUG cotyledon.oslo_config_glue [-] workarounds.enable_qemu_monitor_announce_self = False {{(pid=112009) log_opt_values /opt/stack/data/venv/lib/python3.12/site-packages/oslo_config/cfg.py:3006}}
Apr 25 16:26:59.443837 np0000170207 nova-conductor[112009]: DEBUG cotyledon.oslo_config_glue [-] workarounds.ensure_libvirt_rbd_instance_dir_cleanup = False {{(pid=112009) log_opt_values /opt/stack/data/venv/lib/python3.12/site-packages/oslo_config/cfg.py:3006}}
Apr 25 16:26:59.443837 np0000170207 nova-conductor[112009]: DEBUG cotyledon.oslo_config_glue [-] workarounds.handle_virt_lifecycle_events = True {{(pid=112009) log_opt_values /opt/stack/data/venv/lib/python3.12/site-packages/oslo_config/cfg.py:3006}}
Apr 25 16:26:59.443837 np0000170207 nova-conductor[112009]: DEBUG cotyledon.oslo_config_glue [-] workarounds.libvirt_disable_apic = False {{(pid=112009) log_opt_values /opt/stack/data/venv/lib/python3.12/site-packages/oslo_config/cfg.py:3006}}
Apr 25 16:26:59.443837 np0000170207 nova-conductor[112009]: DEBUG cotyledon.oslo_config_glue [-] workarounds.never_download_image_if_on_rbd = False {{(pid=112009) log_opt_values /opt/stack/data/venv/lib/python3.12/site-packages/oslo_config/cfg.py:3006}}
Apr 25 16:26:59.443837 np0000170207 nova-conductor[112009]: DEBUG cotyledon.oslo_config_glue [-] workarounds.qemu_monitor_announce_self_count = 3 {{(pid=112009) log_opt_values /opt/stack/data/venv/lib/python3.12/site-packages/oslo_config/cfg.py:3006}}
Apr 25 16:26:59.443837 np0000170207 nova-conductor[112009]: DEBUG cotyledon.oslo_config_glue [-] workarounds.qemu_monitor_announce_self_interval = 1 {{(pid=112009) log_opt_values /opt/stack/data/venv/lib/python3.12/site-packages/oslo_config/cfg.py:3006}}
Apr 25 16:26:59.443837 np0000170207 nova-conductor[112009]: DEBUG cotyledon.oslo_config_glue [-] workarounds.reserve_disk_resource_for_image_cache = False {{(pid=112009) log_opt_values /opt/stack/data/venv/lib/python3.12/site-packages/oslo_config/cfg.py:3006}}
Apr 25 16:26:59.443837 np0000170207 nova-conductor[112009]: DEBUG cotyledon.oslo_config_glue [-] workarounds.skip_cpu_compare_at_startup = False {{(pid=112009) log_opt_values /opt/stack/data/venv/lib/python3.12/site-packages/oslo_config/cfg.py:3006}}
Apr 25 16:26:59.443837 np0000170207 nova-conductor[112009]: DEBUG cotyledon.oslo_config_glue [-] workarounds.skip_cpu_compare_on_dest = False {{(pid=112009) log_opt_values /opt/stack/data/venv/lib/python3.12/site-packages/oslo_config/cfg.py:3006}}
Apr 25 16:26:59.444038 np0000170207 nova-conductor[112009]: DEBUG cotyledon.oslo_config_glue [-] workarounds.skip_hypervisor_version_check_on_lm = False {{(pid=112009) log_opt_values /opt/stack/data/venv/lib/python3.12/site-packages/oslo_config/cfg.py:3006}}
Apr 25 16:26:59.444038 np0000170207 nova-conductor[112009]: DEBUG cotyledon.oslo_config_glue [-] workarounds.skip_reserve_in_use_ironic_nodes = False {{(pid=112009) log_opt_values /opt/stack/data/venv/lib/python3.12/site-packages/oslo_config/cfg.py:3006}}
Apr 25 16:26:59.444038 np0000170207 nova-conductor[112009]: DEBUG cotyledon.oslo_config_glue [-] workarounds.unified_limits_count_pcpu_as_vcpu = False {{(pid=112009) log_opt_values /opt/stack/data/venv/lib/python3.12/site-packages/oslo_config/cfg.py:3006}}
Apr 25 16:26:59.444038 np0000170207 nova-conductor[112009]: DEBUG cotyledon.oslo_config_glue [-] workarounds.wait_for_vif_plugged_event_during_hard_reboot = [] {{(pid=112009) log_opt_values /opt/stack/data/venv/lib/python3.12/site-packages/oslo_config/cfg.py:3006}}
Apr 25 16:26:59.444038 np0000170207 nova-conductor[112009]: DEBUG cotyledon.oslo_config_glue [-] wsgi.api_paste_config = /etc/nova/api-paste.ini {{(pid=112009) log_opt_values /opt/stack/data/venv/lib/python3.12/site-packages/oslo_config/cfg.py:3006}}
Apr 25 16:26:59.444038 np0000170207 nova-conductor[112009]: DEBUG cotyledon.oslo_config_glue [-] wsgi.secure_proxy_ssl_header = None {{(pid=112009) log_opt_values /opt/stack/data/venv/lib/python3.12/site-packages/oslo_config/cfg.py:3006}}
Apr 25 16:26:59.444038 np0000170207 nova-conductor[112009]: DEBUG cotyledon.oslo_config_glue [-] zvm.ca_file = None {{(pid=112009) log_opt_values /opt/stack/data/venv/lib/python3.12/site-packages/oslo_config/cfg.py:3006}}
Apr 25 16:26:59.444038 np0000170207 nova-conductor[112009]: DEBUG cotyledon.oslo_config_glue [-] zvm.cloud_connector_url = None {{(pid=112009) log_opt_values /opt/stack/data/venv/lib/python3.12/site-packages/oslo_config/cfg.py:3006}}
Apr 25 16:26:59.444038 np0000170207 nova-conductor[112009]: DEBUG cotyledon.oslo_config_glue [-] zvm.image_tmp_path = /opt/stack/data/nova/images {{(pid=112009) log_opt_values /opt/stack/data/venv/lib/python3.12/site-packages/oslo_config/cfg.py:3006}}
Apr 25 16:26:59.444532 np0000170207 nova-conductor[112009]: DEBUG cotyledon.oslo_config_glue [-] zvm.reachable_timeout = 300 {{(pid=112009) log_opt_values /opt/stack/data/venv/lib/python3.12/site-packages/oslo_config/cfg.py:3006}}
Apr 25 16:26:59.444532 np0000170207 nova-conductor[112009]: DEBUG cotyledon.oslo_config_glue [-] oslo_versionedobjects.fatal_exception_format_errors = False {{(pid=112009) log_opt_values /opt/stack/data/venv/lib/python3.12/site-packages/oslo_config/cfg.py:3006}}
Apr 25 16:26:59.444532 np0000170207 nova-conductor[112009]: DEBUG cotyledon.oslo_config_glue [-] oslo_middleware.http_basic_auth_user_file = /etc/htpasswd {{(pid=112009) log_opt_values /opt/stack/data/venv/lib/python3.12/site-packages/oslo_config/cfg.py:3006}}
Apr 25 16:26:59.444532 np0000170207 nova-conductor[112009]: DEBUG cotyledon.oslo_config_glue [-] profiler.connection_string = messaging:// {{(pid=112009) log_opt_values /opt/stack/data/venv/lib/python3.12/site-packages/oslo_config/cfg.py:3006}}
Apr 25 16:26:59.444532 np0000170207 nova-conductor[112009]: DEBUG cotyledon.oslo_config_glue [-] profiler.enabled = False {{(pid=112009) log_opt_values /opt/stack/data/venv/lib/python3.12/site-packages/oslo_config/cfg.py:3006}}
Apr 25 16:26:59.444532 np0000170207 nova-conductor[112009]: DEBUG cotyledon.oslo_config_glue [-] profiler.es_doc_type = notification {{(pid=112009) log_opt_values /opt/stack/data/venv/lib/python3.12/site-packages/oslo_config/cfg.py:3006}}
Apr 25 16:26:59.444532 np0000170207 nova-conductor[112009]: DEBUG cotyledon.oslo_config_glue [-] profiler.es_scroll_size = 10000 {{(pid=112009) log_opt_values /opt/stack/data/venv/lib/python3.12/site-packages/oslo_config/cfg.py:3006}}
Apr 25 16:26:59.444532 np0000170207 nova-conductor[112009]: DEBUG cotyledon.oslo_config_glue [-] profiler.es_scroll_time = 2m {{(pid=112009) log_opt_values /opt/stack/data/venv/lib/python3.12/site-packages/oslo_config/cfg.py:3006}}
Apr 25 16:26:59.444532 np0000170207 nova-conductor[112009]: DEBUG cotyledon.oslo_config_glue [-] profiler.filter_error_trace = False {{(pid=112009) log_opt_values /opt/stack/data/venv/lib/python3.12/site-packages/oslo_config/cfg.py:3006}}
Apr 25 16:26:59.444757 np0000170207 nova-conductor[112009]: DEBUG cotyledon.oslo_config_glue [-] profiler.hmac_keys = **** {{(pid=112009) log_opt_values /opt/stack/data/venv/lib/python3.12/site-packages/oslo_config/cfg.py:3006}}
Apr 25 16:26:59.444757 np0000170207 nova-conductor[112009]: DEBUG cotyledon.oslo_config_glue [-] profiler.sentinel_service_name = mymaster {{(pid=112009) log_opt_values /opt/stack/data/venv/lib/python3.12/site-packages/oslo_config/cfg.py:3006}}
Apr 25 16:26:59.444757 np0000170207 nova-conductor[112009]: DEBUG cotyledon.oslo_config_glue [-] profiler.socket_timeout = 0.1 {{(pid=112009) log_opt_values /opt/stack/data/venv/lib/python3.12/site-packages/oslo_config/cfg.py:3006}}
Apr 25 16:26:59.444757 np0000170207 nova-conductor[112009]: DEBUG cotyledon.oslo_config_glue [-] profiler.trace_requests = False {{(pid=112009) log_opt_values /opt/stack/data/venv/lib/python3.12/site-packages/oslo_config/cfg.py:3006}}
Apr 25 16:26:59.444757 np0000170207 nova-conductor[112009]: DEBUG cotyledon.oslo_config_glue [-] profiler.trace_sqlalchemy = False {{(pid=112009) log_opt_values /opt/stack/data/venv/lib/python3.12/site-packages/oslo_config/cfg.py:3006}}
Apr 25 16:26:59.444757 np0000170207 nova-conductor[112009]: DEBUG cotyledon.oslo_config_glue [-] profiler_jaeger.process_tags = {} {{(pid=112009) log_opt_values /opt/stack/data/venv/lib/python3.12/site-packages/oslo_config/cfg.py:3006}}
Apr 25 16:26:59.444757 np0000170207 nova-conductor[112009]: DEBUG cotyledon.oslo_config_glue [-] profiler_jaeger.service_name_prefix = None {{(pid=112009) log_opt_values /opt/stack/data/venv/lib/python3.12/site-packages/oslo_config/cfg.py:3006}}
Apr 25 16:26:59.444757 np0000170207 nova-conductor[112009]: DEBUG cotyledon.oslo_config_glue [-] profiler_otlp.service_name_prefix = None {{(pid=112009) log_opt_values /opt/stack/data/venv/lib/python3.12/site-packages/oslo_config/cfg.py:3006}}
Apr 25 16:26:59.444757 np0000170207 nova-conductor[112009]: DEBUG cotyledon.oslo_config_glue [-] oslo_messaging_rabbit.amqp_auto_delete = False {{(pid=112009) log_opt_values /opt/stack/data/venv/lib/python3.12/site-packages/oslo_config/cfg.py:3006}}
Apr 25 16:26:59.444973 np0000170207 nova-conductor[112009]: DEBUG cotyledon.oslo_config_glue [-] oslo_messaging_rabbit.amqp_durable_queues = False {{(pid=112009) log_opt_values /opt/stack/data/venv/lib/python3.12/site-packages/oslo_config/cfg.py:3006}}
Apr 25 16:26:59.444973 np0000170207 nova-conductor[112009]: DEBUG cotyledon.oslo_config_glue [-] oslo_messaging_rabbit.conn_pool_min_size = 2 {{(pid=112009) log_opt_values /opt/stack/data/venv/lib/python3.12/site-packages/oslo_config/cfg.py:3006}}
Apr 25 16:26:59.444973 np0000170207 nova-conductor[112009]: DEBUG cotyledon.oslo_config_glue [-] oslo_messaging_rabbit.conn_pool_ttl = 1200 {{(pid=112009) log_opt_values /opt/stack/data/venv/lib/python3.12/site-packages/oslo_config/cfg.py:3006}}
Apr 25 16:26:59.444973 np0000170207 nova-conductor[112009]: DEBUG cotyledon.oslo_config_glue [-] oslo_messaging_rabbit.direct_mandatory_flag = True {{(pid=112009) log_opt_values /opt/stack/data/venv/lib/python3.12/site-packages/oslo_config/cfg.py:3006}}
Apr 25 16:26:59.444973 np0000170207 nova-conductor[112009]: DEBUG cotyledon.oslo_config_glue [-] oslo_messaging_rabbit.enable_cancel_on_failover = False {{(pid=112009) log_opt_values /opt/stack/data/venv/lib/python3.12/site-packages/oslo_config/cfg.py:3006}}
Apr 25 16:26:59.444973 np0000170207 nova-conductor[112009]: DEBUG cotyledon.oslo_config_glue [-] oslo_messaging_rabbit.heartbeat_in_pthread = False {{(pid=112009) log_opt_values /opt/stack/data/venv/lib/python3.12/site-packages/oslo_config/cfg.py:3006}}
Apr 25 16:26:59.444973 np0000170207 nova-conductor[112009]: DEBUG cotyledon.oslo_config_glue [-] oslo_messaging_rabbit.heartbeat_rate = 3 {{(pid=112009) log_opt_values /opt/stack/data/venv/lib/python3.12/site-packages/oslo_config/cfg.py:3006}}
Apr 25 16:26:59.444973 np0000170207 nova-conductor[112009]: DEBUG cotyledon.oslo_config_glue [-] oslo_messaging_rabbit.heartbeat_timeout_threshold = 60 {{(pid=112009) log_opt_values /opt/stack/data/venv/lib/python3.12/site-packages/oslo_config/cfg.py:3006}}
Apr 25 16:26:59.444973 np0000170207 nova-conductor[112009]: DEBUG cotyledon.oslo_config_glue [-] oslo_messaging_rabbit.hostname = np0000170207 {{(pid=112009) log_opt_values /opt/stack/data/venv/lib/python3.12/site-packages/oslo_config/cfg.py:3006}}
Apr 25 16:26:59.445187 np0000170207 nova-conductor[112009]: DEBUG cotyledon.oslo_config_glue [-] oslo_messaging_rabbit.kombu_compression = None {{(pid=112009) log_opt_values /opt/stack/data/venv/lib/python3.12/site-packages/oslo_config/cfg.py:3006}}
Apr 25 16:26:59.445187 np0000170207 nova-conductor[112009]: DEBUG cotyledon.oslo_config_glue [-] oslo_messaging_rabbit.kombu_failover_strategy = round-robin {{(pid=112009) log_opt_values /opt/stack/data/venv/lib/python3.12/site-packages/oslo_config/cfg.py:3006}}
Apr 25 16:26:59.445187 np0000170207 nova-conductor[112009]: DEBUG cotyledon.oslo_config_glue [-] oslo_messaging_rabbit.kombu_missing_consumer_retry_timeout = 60 {{(pid=112009) log_opt_values /opt/stack/data/venv/lib/python3.12/site-packages/oslo_config/cfg.py:3006}}
Apr 25 16:26:59.445187 np0000170207 nova-conductor[112009]: DEBUG cotyledon.oslo_config_glue [-] oslo_messaging_rabbit.kombu_reconnect_delay = 1.0 {{(pid=112009) log_opt_values /opt/stack/data/venv/lib/python3.12/site-packages/oslo_config/cfg.py:3006}}
Apr 25 16:26:59.445187 np0000170207 nova-conductor[112009]: DEBUG cotyledon.oslo_config_glue [-] oslo_messaging_rabbit.kombu_reconnect_splay = 0.0 {{(pid=112009) log_opt_values /opt/stack/data/venv/lib/python3.12/site-packages/oslo_config/cfg.py:3006}}
Apr 25 16:26:59.445187 np0000170207 nova-conductor[112009]: DEBUG cotyledon.oslo_config_glue [-] oslo_messaging_rabbit.processname = nova-conductor {{(pid=112009) log_opt_values /opt/stack/data/venv/lib/python3.12/site-packages/oslo_config/cfg.py:3006}}
Apr 25 16:26:59.445187 np0000170207 nova-conductor[112009]: DEBUG cotyledon.oslo_config_glue [-] oslo_messaging_rabbit.rabbit_ha_queues = False {{(pid=112009) log_opt_values /opt/stack/data/venv/lib/python3.12/site-packages/oslo_config/cfg.py:3006}}
Apr 25 16:26:59.445187 np0000170207 nova-conductor[112009]: DEBUG cotyledon.oslo_config_glue [-] oslo_messaging_rabbit.rabbit_interval_max = 30 {{(pid=112009) log_opt_values /opt/stack/data/venv/lib/python3.12/site-packages/oslo_config/cfg.py:3006}}
Apr 25 16:26:59.445377 np0000170207 nova-conductor[112009]: DEBUG cotyledon.oslo_config_glue [-] oslo_messaging_rabbit.rabbit_login_method = AMQPLAIN {{(pid=112009) log_opt_values /opt/stack/data/venv/lib/python3.12/site-packages/oslo_config/cfg.py:3006}}
Apr 25 16:26:59.445377 np0000170207 nova-conductor[112009]: DEBUG cotyledon.oslo_config_glue [-] oslo_messaging_rabbit.rabbit_qos_prefetch_count = 0 {{(pid=112009) log_opt_values /opt/stack/data/venv/lib/python3.12/site-packages/oslo_config/cfg.py:3006}}
Apr 25 16:26:59.445377 np0000170207 nova-conductor[112009]: DEBUG cotyledon.oslo_config_glue [-] oslo_messaging_rabbit.rabbit_quorum_delivery_limit = 0 {{(pid=112009) log_opt_values /opt/stack/data/venv/lib/python3.12/site-packages/oslo_config/cfg.py:3006}}
Apr 25 16:26:59.445377 np0000170207 nova-conductor[112009]: DEBUG cotyledon.oslo_config_glue [-] oslo_messaging_rabbit.rabbit_quorum_max_memory_bytes = 0 {{(pid=112009) log_opt_values /opt/stack/data/venv/lib/python3.12/site-packages/oslo_config/cfg.py:3006}}
Apr 25 16:26:59.445377 np0000170207 nova-conductor[112009]: DEBUG cotyledon.oslo_config_glue [-] oslo_messaging_rabbit.rabbit_quorum_max_memory_length = 0 {{(pid=112009) log_opt_values /opt/stack/data/venv/lib/python3.12/site-packages/oslo_config/cfg.py:3006}}
Apr 25 16:26:59.445377 np0000170207 nova-conductor[112009]: DEBUG cotyledon.oslo_config_glue [-] oslo_messaging_rabbit.rabbit_quorum_queue = False {{(pid=112009) log_opt_values /opt/stack/data/venv/lib/python3.12/site-packages/oslo_config/cfg.py:3006}}
Apr 25 16:26:59.445377 np0000170207 nova-conductor[112009]: DEBUG cotyledon.oslo_config_glue [-] oslo_messaging_rabbit.rabbit_retry_backoff = 2 {{(pid=112009) log_opt_values /opt/stack/data/venv/lib/python3.12/site-packages/oslo_config/cfg.py:3006}}
Apr 25 16:26:59.445377 np0000170207 nova-conductor[112009]: DEBUG cotyledon.oslo_config_glue [-] oslo_messaging_rabbit.rabbit_retry_interval = 1 {{(pid=112009) log_opt_values /opt/stack/data/venv/lib/python3.12/site-packages/oslo_config/cfg.py:3006}}
Apr 25 16:26:59.445557 np0000170207 nova-conductor[112009]: DEBUG cotyledon.oslo_config_glue [-] oslo_messaging_rabbit.rabbit_stream_fanout = False {{(pid=112009) log_opt_values /opt/stack/data/venv/lib/python3.12/site-packages/oslo_config/cfg.py:3006}}
Apr 25 16:26:59.445557 np0000170207 nova-conductor[112009]: DEBUG cotyledon.oslo_config_glue [-] oslo_messaging_rabbit.rabbit_transient_queues_ttl = 1800 {{(pid=112009) log_opt_values /opt/stack/data/venv/lib/python3.12/site-packages/oslo_config/cfg.py:3006}}
Apr 25 16:26:59.445557 np0000170207 nova-conductor[112009]: DEBUG cotyledon.oslo_config_glue [-] oslo_messaging_rabbit.rabbit_transient_quorum_queue = False {{(pid=112009) log_opt_values /opt/stack/data/venv/lib/python3.12/site-packages/oslo_config/cfg.py:3006}}
Apr 25 16:26:59.445557 np0000170207 nova-conductor[112009]: DEBUG cotyledon.oslo_config_glue [-] oslo_messaging_rabbit.rpc_conn_pool_size = 30 {{(pid=112009) log_opt_values /opt/stack/data/venv/lib/python3.12/site-packages/oslo_config/cfg.py:3006}}
Apr 25 16:26:59.445557 np0000170207 nova-conductor[112009]: DEBUG cotyledon.oslo_config_glue [-] oslo_messaging_rabbit.ssl = False {{(pid=112009) log_opt_values /opt/stack/data/venv/lib/python3.12/site-packages/oslo_config/cfg.py:3006}}
Apr 25 16:26:59.445557 np0000170207 nova-conductor[112009]: DEBUG cotyledon.oslo_config_glue [-] oslo_messaging_rabbit.ssl_ca_file = {{(pid=112009) log_opt_values /opt/stack/data/venv/lib/python3.12/site-packages/oslo_config/cfg.py:3006}}
Apr 25 16:26:59.445557 np0000170207 nova-conductor[112009]: DEBUG cotyledon.oslo_config_glue [-] oslo_messaging_rabbit.ssl_cert_file = {{(pid=112009) log_opt_values /opt/stack/data/venv/lib/python3.12/site-packages/oslo_config/cfg.py:3006}}
Apr 25 16:26:59.445557 np0000170207 nova-conductor[112009]: DEBUG cotyledon.oslo_config_glue [-] oslo_messaging_rabbit.ssl_enforce_fips_mode = False {{(pid=112009) log_opt_values /opt/stack/data/venv/lib/python3.12/site-packages/oslo_config/cfg.py:3006}}
Apr 25 16:26:59.445557 np0000170207 nova-conductor[112009]: DEBUG cotyledon.oslo_config_glue [-] oslo_messaging_rabbit.ssl_key_file = {{(pid=112009) log_opt_values /opt/stack/data/venv/lib/python3.12/site-packages/oslo_config/cfg.py:3006}}
Apr 25 16:26:59.445741 np0000170207 nova-conductor[112009]: DEBUG cotyledon.oslo_config_glue [-] oslo_messaging_rabbit.ssl_version = {{(pid=112009) log_opt_values /opt/stack/data/venv/lib/python3.12/site-packages/oslo_config/cfg.py:3006}}
Apr 25 16:26:59.445741 np0000170207 nova-conductor[112009]: DEBUG cotyledon.oslo_config_glue [-] oslo_messaging_rabbit.use_queue_manager = False {{(pid=112009) log_opt_values /opt/stack/data/venv/lib/python3.12/site-packages/oslo_config/cfg.py:3006}}
Apr 25 16:26:59.445741 np0000170207 nova-conductor[112009]: DEBUG cotyledon.oslo_config_glue [-] oslo_messaging_notifications.driver = ['messagingv2'] {{(pid=112009) log_opt_values /opt/stack/data/venv/lib/python3.12/site-packages/oslo_config/cfg.py:3006}}
Apr 25 16:26:59.445741 np0000170207 nova-conductor[112009]: DEBUG cotyledon.oslo_config_glue [-] oslo_messaging_notifications.retry = -1 {{(pid=112009) log_opt_values /opt/stack/data/venv/lib/python3.12/site-packages/oslo_config/cfg.py:3006}}
Apr 25 16:26:59.445741 np0000170207 nova-conductor[112009]: DEBUG cotyledon.oslo_config_glue [-] oslo_messaging_notifications.topics = ['notifications'] {{(pid=112009) log_opt_values /opt/stack/data/venv/lib/python3.12/site-packages/oslo_config/cfg.py:3006}}
Apr 25 16:26:59.445741 np0000170207 nova-conductor[112009]: DEBUG cotyledon.oslo_config_glue [-] oslo_messaging_notifications.transport_url = **** {{(pid=112009) log_opt_values /opt/stack/data/venv/lib/python3.12/site-packages/oslo_config/cfg.py:3006}}
Apr 25 16:26:59.445741 np0000170207 nova-conductor[112009]: DEBUG cotyledon.oslo_config_glue [-] oslo_limit.auth_section = None {{(pid=112009) log_opt_values /opt/stack/data/venv/lib/python3.12/site-packages/oslo_config/cfg.py:3006}}
Apr 25 16:26:59.445741 np0000170207 nova-conductor[112009]: DEBUG cotyledon.oslo_config_glue [-] oslo_limit.auth_type = None {{(pid=112009) log_opt_values /opt/stack/data/venv/lib/python3.12/site-packages/oslo_config/cfg.py:3006}}
Apr 25 16:26:59.445741 np0000170207 nova-conductor[112009]: DEBUG cotyledon.oslo_config_glue [-] oslo_limit.cafile = None {{(pid=112009) log_opt_values /opt/stack/data/venv/lib/python3.12/site-packages/oslo_config/cfg.py:3006}}
Apr 25 16:26:59.445949 np0000170207 nova-conductor[112009]: DEBUG cotyledon.oslo_config_glue [-] oslo_limit.certfile = None {{(pid=112009) log_opt_values /opt/stack/data/venv/lib/python3.12/site-packages/oslo_config/cfg.py:3006}}
Apr 25 16:26:59.445949 np0000170207 nova-conductor[112009]: DEBUG cotyledon.oslo_config_glue [-] oslo_limit.collect_timing = False {{(pid=112009) log_opt_values /opt/stack/data/venv/lib/python3.12/site-packages/oslo_config/cfg.py:3006}}
Apr 25 16:26:59.445949 np0000170207 nova-conductor[112009]: DEBUG cotyledon.oslo_config_glue [-] oslo_limit.connect_retries = None {{(pid=112009) log_opt_values /opt/stack/data/venv/lib/python3.12/site-packages/oslo_config/cfg.py:3006}}
Apr 25 16:26:59.445949 np0000170207 nova-conductor[112009]: DEBUG cotyledon.oslo_config_glue [-] oslo_limit.connect_retry_delay = None {{(pid=112009) log_opt_values /opt/stack/data/venv/lib/python3.12/site-packages/oslo_config/cfg.py:3006}}
Apr 25 16:26:59.445949 np0000170207 nova-conductor[112009]: DEBUG cotyledon.oslo_config_glue [-] oslo_limit.endpoint_id = None {{(pid=112009) log_opt_values /opt/stack/data/venv/lib/python3.12/site-packages/oslo_config/cfg.py:3006}}
Apr 25 16:26:59.445949 np0000170207 nova-conductor[112009]: DEBUG cotyledon.oslo_config_glue [-] oslo_limit.endpoint_interface = public {{(pid=112009) log_opt_values /opt/stack/data/venv/lib/python3.12/site-packages/oslo_config/cfg.py:3006}}
Apr 25 16:26:59.445949 np0000170207 nova-conductor[112009]: DEBUG cotyledon.oslo_config_glue [-] oslo_limit.endpoint_override = None {{(pid=112009) log_opt_values /opt/stack/data/venv/lib/python3.12/site-packages/oslo_config/cfg.py:3006}}
Apr 25 16:26:59.445949 np0000170207 nova-conductor[112009]: DEBUG cotyledon.oslo_config_glue [-] oslo_limit.endpoint_region_name = None {{(pid=112009) log_opt_values /opt/stack/data/venv/lib/python3.12/site-packages/oslo_config/cfg.py:3006}}
Apr 25 16:26:59.445949 np0000170207 nova-conductor[112009]: DEBUG cotyledon.oslo_config_glue [-] oslo_limit.endpoint_service_name = None {{(pid=112009) log_opt_values /opt/stack/data/venv/lib/python3.12/site-packages/oslo_config/cfg.py:3006}}
Apr 25 16:26:59.446134 np0000170207 nova-conductor[112009]: DEBUG cotyledon.oslo_config_glue [-] oslo_limit.endpoint_service_type = None {{(pid=112009) log_opt_values /opt/stack/data/venv/lib/python3.12/site-packages/oslo_config/cfg.py:3006}}
Apr 25 16:26:59.446134 np0000170207 nova-conductor[112009]: DEBUG cotyledon.oslo_config_glue [-] oslo_limit.insecure = False {{(pid=112009) log_opt_values /opt/stack/data/venv/lib/python3.12/site-packages/oslo_config/cfg.py:3006}}
Apr 25 16:26:59.446134 np0000170207 nova-conductor[112009]: DEBUG cotyledon.oslo_config_glue [-] oslo_limit.keyfile = None {{(pid=112009) log_opt_values /opt/stack/data/venv/lib/python3.12/site-packages/oslo_config/cfg.py:3006}}
Apr 25 16:26:59.446134 np0000170207 nova-conductor[112009]: DEBUG cotyledon.oslo_config_glue [-] oslo_limit.max_version = None {{(pid=112009) log_opt_values /opt/stack/data/venv/lib/python3.12/site-packages/oslo_config/cfg.py:3006}}
Apr 25 16:26:59.446134 np0000170207 nova-conductor[112009]: DEBUG cotyledon.oslo_config_glue [-] oslo_limit.min_version = None {{(pid=112009) log_opt_values /opt/stack/data/venv/lib/python3.12/site-packages/oslo_config/cfg.py:3006}}
Apr 25 16:26:59.446134 np0000170207 nova-conductor[112009]: DEBUG cotyledon.oslo_config_glue [-] oslo_limit.region_name = None {{(pid=112009) log_opt_values /opt/stack/data/venv/lib/python3.12/site-packages/oslo_config/cfg.py:3006}}
Apr 25 16:26:59.446134 np0000170207 nova-conductor[112009]: DEBUG cotyledon.oslo_config_glue [-] oslo_limit.retriable_status_codes = None {{(pid=112009) log_opt_values /opt/stack/data/venv/lib/python3.12/site-packages/oslo_config/cfg.py:3006}}
Apr 25 16:26:59.446282 np0000170207 nova-conductor[112002]: DEBUG oslo_db.sqlalchemy.engines [None req-af3cc78d-96bf-437a-a5ea-e464e83f4ce6 None None] MySQL server mode set to STRICT_TRANS_TABLES,STRICT_ALL_TABLES,NO_ZERO_IN_DATE,NO_ZERO_DATE,ERROR_FOR_DIVISION_BY_ZERO,TRADITIONAL,NO_ENGINE_SUBSTITUTION {{(pid=112002) _check_effective_sql_mode /opt/stack/data/venv/lib/python3.12/site-packages/oslo_db/sqlalchemy/engines.py:325}}
Apr 25 16:26:59.446309 np0000170207 nova-conductor[112009]: DEBUG cotyledon.oslo_config_glue [-] oslo_limit.service_name = None {{(pid=112009) log_opt_values /opt/stack/data/venv/lib/python3.12/site-packages/oslo_config/cfg.py:3006}}
Apr 25 16:26:59.446309 np0000170207 nova-conductor[112009]: DEBUG cotyledon.oslo_config_glue [-] oslo_limit.service_type = None {{(pid=112009) log_opt_values /opt/stack/data/venv/lib/python3.12/site-packages/oslo_config/cfg.py:3006}}
Apr 25 16:26:59.446309 np0000170207 nova-conductor[112009]: DEBUG cotyledon.oslo_config_glue [-] oslo_limit.split_loggers = False {{(pid=112009) log_opt_values /opt/stack/data/venv/lib/python3.12/site-packages/oslo_config/cfg.py:3006}}
Apr 25 16:26:59.446309 np0000170207 nova-conductor[112009]: DEBUG cotyledon.oslo_config_glue [-] oslo_limit.status_code_retries = None {{(pid=112009) log_opt_values /opt/stack/data/venv/lib/python3.12/site-packages/oslo_config/cfg.py:3006}}
Apr 25 16:26:59.446309 np0000170207 nova-conductor[112009]: DEBUG cotyledon.oslo_config_glue [-] oslo_limit.status_code_retry_delay = None {{(pid=112009) log_opt_values /opt/stack/data/venv/lib/python3.12/site-packages/oslo_config/cfg.py:3006}}
Apr 25 16:26:59.446309 np0000170207 nova-conductor[112009]: DEBUG cotyledon.oslo_config_glue [-] oslo_limit.timeout = None {{(pid=112009) log_opt_values /opt/stack/data/venv/lib/python3.12/site-packages/oslo_config/cfg.py:3006}}
Apr 25 16:26:59.446309 np0000170207 nova-conductor[112009]: DEBUG cotyledon.oslo_config_glue [-] oslo_limit.valid_interfaces = None {{(pid=112009) log_opt_values /opt/stack/data/venv/lib/python3.12/site-packages/oslo_config/cfg.py:3006}}
Apr 25 16:26:59.446309 np0000170207 nova-conductor[112009]: DEBUG cotyledon.oslo_config_glue [-] oslo_limit.version = None {{(pid=112009) log_opt_values /opt/stack/data/venv/lib/python3.12/site-packages/oslo_config/cfg.py:3006}}
Apr 25 16:26:59.446309 np0000170207 nova-conductor[112009]: DEBUG cotyledon.oslo_config_glue [-] oslo_reports.file_event_handler = None {{(pid=112009) log_opt_values /opt/stack/data/venv/lib/python3.12/site-packages/oslo_config/cfg.py:3006}}
Apr 25 16:26:59.446490 np0000170207 nova-conductor[112009]: DEBUG cotyledon.oslo_config_glue [-] oslo_reports.file_event_handler_interval = 1 {{(pid=112009) log_opt_values /opt/stack/data/venv/lib/python3.12/site-packages/oslo_config/cfg.py:3006}}
Apr 25 16:26:59.446490 np0000170207 nova-conductor[112009]: DEBUG cotyledon.oslo_config_glue [-] oslo_reports.log_dir = None {{(pid=112009) log_opt_values /opt/stack/data/venv/lib/python3.12/site-packages/oslo_config/cfg.py:3006}}
Apr 25 16:26:59.446490 np0000170207 nova-conductor[112009]: DEBUG cotyledon.oslo_config_glue [-] ******************************************************************************** {{(pid=112009) log_opt_values /opt/stack/data/venv/lib/python3.12/site-packages/oslo_config/cfg.py:3013}}
Apr 25 16:26:59.446490 np0000170207 nova-conductor[112009]: DEBUG cotyledon._service_worker [-] Run service ServiceWrapper(3) [112009] {{(pid=112009) wait_forever /opt/stack/data/venv/lib/python3.12/site-packages/cotyledon/_service_worker.py:218}}
Apr 25 16:26:59.446490 np0000170207 nova-conductor[112009]: INFO nova.service [-] Starting conductor node (version 33.1.0)
Apr 25 16:26:59.446593 np0000170207 nova-conductor[111992]: DEBUG dbcounter [-] [111992] Writer thread running {{(pid=111992) stat_writer /opt/stack/data/venv/lib/python3.12/site-packages/dbcounter.py:102}}
Apr 25 16:26:59.446622 np0000170207 nova-conductor[112009]: INFO dbcounter [None req-b4c5102b-3b00-414a-be6f-d1f5135fc4d4 None None] Registered counter for database nova_cell0
Apr 25 16:26:59.446645 np0000170207 nova-conductor[111985]: DEBUG nova.service [None req-0b4c00df-2ecd-405f-a3da-a12353f84e66 None None] Creating RPC server for service: nova-conductor on topic: conductor {{(pid=111985) start /opt/stack/nova/nova/service.py:195}}
Apr 25 16:26:59.446670 np0000170207 nova-conductor[112002]: DEBUG dbcounter [-] [112002] Writer thread running {{(pid=112002) stat_writer /opt/stack/data/venv/lib/python3.12/site-packages/dbcounter.py:102}}
Apr 25 16:26:59.446670 np0000170207 nova-conductor[112002]: DEBUG nova.service [None req-af3cc78d-96bf-437a-a5ea-e464e83f4ce6 None None] Creating RPC server for service: nova-conductor on topic: conductor {{(pid=112002) start /opt/stack/nova/nova/service.py:195}}
Apr 25 16:26:59.448364 np0000170207 nova-conductor[112009]: DEBUG oslo_db.sqlalchemy.engines [None req-b4c5102b-3b00-414a-be6f-d1f5135fc4d4 None None] MySQL server mode set to STRICT_TRANS_TABLES,STRICT_ALL_TABLES,NO_ZERO_IN_DATE,NO_ZERO_DATE,ERROR_FOR_DIVISION_BY_ZERO,TRADITIONAL,NO_ENGINE_SUBSTITUTION {{(pid=112009) _check_effective_sql_mode /opt/stack/data/venv/lib/python3.12/site-packages/oslo_db/sqlalchemy/engines.py:325}}
Apr 25 16:26:59.449823 np0000170207 nova-conductor[111992]: DEBUG nova.service [None req-296b5501-194c-40d1-af9e-dbdf4b0cdac3 None None] Creating RPC server for service: nova-conductor on topic: conductor {{(pid=111992) start /opt/stack/nova/nova/service.py:195}}
Apr 25 16:26:59.461129 np0000170207 nova-conductor[112009]: DEBUG dbcounter [-] [112009] Writer thread running {{(pid=112009) stat_writer /opt/stack/data/venv/lib/python3.12/site-packages/dbcounter.py:102}}
Apr 25 16:26:59.464563 np0000170207 nova-conductor[112009]: DEBUG nova.service [None req-b4c5102b-3b00-414a-be6f-d1f5135fc4d4 None None] Creating RPC server for service: nova-conductor on topic: conductor {{(pid=112009) start /opt/stack/nova/nova/service.py:195}}
Apr 25 16:26:59.473210 np0000170207 nova-conductor[111985]: DEBUG nova.service [None req-0b4c00df-2ecd-405f-a3da-a12353f84e66 None None] Join ServiceGroup membership for this service conductor {{(pid=111985) start /opt/stack/nova/nova/service.py:221}}
Apr 25 16:26:59.473958 np0000170207 nova-conductor[111985]: DEBUG nova.servicegroup.drivers.db [None req-0b4c00df-2ecd-405f-a3da-a12353f84e66 None None] DB_Driver: join new ServiceGroup member np0000170207 to the conductor group, service = {{(pid=111985) join /opt/stack/nova/nova/servicegroup/drivers/db.py:44}}
Apr 25 16:26:59.474013 np0000170207 nova-conductor[112002]: DEBUG nova.service [None req-af3cc78d-96bf-437a-a5ea-e464e83f4ce6 None None] Join ServiceGroup membership for this service conductor {{(pid=112002) start /opt/stack/nova/nova/service.py:221}}
Apr 25 16:26:59.474395 np0000170207 nova-conductor[112002]: DEBUG nova.servicegroup.drivers.db [None req-af3cc78d-96bf-437a-a5ea-e464e83f4ce6 None None] DB_Driver: join new ServiceGroup member np0000170207 to the conductor group, service = {{(pid=112002) join /opt/stack/nova/nova/servicegroup/drivers/db.py:44}}
Apr 25 16:26:59.477196 np0000170207 nova-conductor[111992]: DEBUG nova.service [None req-296b5501-194c-40d1-af9e-dbdf4b0cdac3 None None] Join ServiceGroup membership for this service conductor {{(pid=111992) start /opt/stack/nova/nova/service.py:221}}
Apr 25 16:26:59.477451 np0000170207 nova-conductor[111992]: DEBUG nova.servicegroup.drivers.db [None req-296b5501-194c-40d1-af9e-dbdf4b0cdac3 None None] DB_Driver: join new ServiceGroup member np0000170207 to the conductor group, service = {{(pid=111992) join /opt/stack/nova/nova/servicegroup/drivers/db.py:44}}
Apr 25 16:26:59.481955 np0000170207 nova-conductor[112009]: DEBUG nova.service [None req-b4c5102b-3b00-414a-be6f-d1f5135fc4d4 None None] Join ServiceGroup membership for this service conductor {{(pid=112009) start /opt/stack/nova/nova/service.py:221}}
Apr 25 16:26:59.482394 np0000170207 nova-conductor[112009]: DEBUG nova.servicegroup.drivers.db [None req-b4c5102b-3b00-414a-be6f-d1f5135fc4d4 None None] DB_Driver: join new ServiceGroup member np0000170207 to the conductor group, service = {{(pid=112009) join /opt/stack/nova/nova/servicegroup/drivers/db.py:44}}
Apr 25 16:27:04.500130 np0000170207 nova-conductor[112002]: DEBUG oslo.service.backend._threading.loopingcall [-] Fixed interval looping call 'nova.servicegroup.drivers.db.DbDriver._report_state' sleeping for 119.98 seconds {{(pid=112002) _run_loop /opt/stack/data/venv/lib/python3.12/site-packages/oslo_service/backend/_threading/loopingcall.py:125}}
Apr 25 16:27:04.501320 np0000170207 nova-conductor[111985]: DEBUG oslo.service.backend._threading.loopingcall [-] Fixed interval looping call 'nova.servicegroup.drivers.db.DbDriver._report_state' sleeping for 119.98 seconds {{(pid=111985) _run_loop /opt/stack/data/venv/lib/python3.12/site-packages/oslo_service/backend/_threading/loopingcall.py:125}}
Apr 25 16:27:04.501768 np0000170207 nova-conductor[111992]: DEBUG oslo.service.backend._threading.loopingcall [-] Fixed interval looping call 'nova.servicegroup.drivers.db.DbDriver._report_state' sleeping for 119.98 seconds {{(pid=111992) _run_loop /opt/stack/data/venv/lib/python3.12/site-packages/oslo_service/backend/_threading/loopingcall.py:125}}
Apr 25 16:27:04.502463 np0000170207 nova-conductor[112009]: DEBUG oslo.service.backend._threading.loopingcall [-] Fixed interval looping call 'nova.servicegroup.drivers.db.DbDriver._report_state' sleeping for 119.99 seconds {{(pid=112009) _run_loop /opt/stack/data/venv/lib/python3.12/site-packages/oslo_service/backend/_threading/loopingcall.py:125}}
Apr 25 16:27:08.069360 np0000170207 nova-conductor[111217]: DEBUG dbcounter [-] [111217] Writing DB stats nova_api:SELECT=1 {{(pid=111217) stat_writer /opt/stack/data/venv/lib/python3.12/site-packages/dbcounter.py:115}}
Apr 25 16:27:08.178548 np0000170207 nova-conductor[111217]: DEBUG dbcounter [-] [111217] Writing DB stats nova_cell0:SELECT=1 {{(pid=111217) stat_writer /opt/stack/data/venv/lib/python3.12/site-packages/dbcounter.py:115}}
Apr 25 16:27:08.180062 np0000170207 nova-conductor[111217]: DEBUG dbcounter [-] [111217] Writing DB stats nova_cell1:SELECT=1 {{(pid=111217) stat_writer /opt/stack/data/venv/lib/python3.12/site-packages/dbcounter.py:115}}
Apr 25 16:27:13.482649 np0000170207 nova-conductor[111985]: DEBUG oslo.service.backend._threading.loopingcall [None req-8753586f-d929-4b85-8589-bd9d7899445b None None] Dynamic interval looping call 'nova.service.Service.periodic_tasks' sleeping for 60.00 seconds {{(pid=111985) _run_loop /opt/stack/data/venv/lib/python3.12/site-packages/oslo_service/backend/_threading/loopingcall.py:125}}
Apr 25 16:27:14.490858 np0000170207 nova-conductor[112002]: DEBUG dbcounter [-] [112002] Writing DB stats nova_cell0:SELECT=3,nova_cell0:UPDATE=1 {{(pid=112002) stat_writer /opt/stack/data/venv/lib/python3.12/site-packages/dbcounter.py:115}}
Apr 25 16:27:14.491514 np0000170207 nova-conductor[111992]: DEBUG dbcounter [-] [111992] Writing DB stats nova_cell0:SELECT=4,nova_cell0:INSERT=1,nova_cell0:UPDATE=1 {{(pid=111992) stat_writer /opt/stack/data/venv/lib/python3.12/site-packages/dbcounter.py:115}}
Apr 25 16:27:14.496708 np0000170207 nova-conductor[111985]: DEBUG dbcounter [-] [111985] Writing DB stats nova_cell0:SELECT=4,nova_cell0:INSERT=1,nova_cell0:UPDATE=1 {{(pid=111985) stat_writer /opt/stack/data/venv/lib/python3.12/site-packages/dbcounter.py:115}}
Apr 25 16:27:14.500379 np0000170207 nova-conductor[112009]: DEBUG dbcounter [-] [112009] Writing DB stats nova_cell0:SELECT=3,nova_cell0:UPDATE=1 {{(pid=112009) stat_writer /opt/stack/data/venv/lib/python3.12/site-packages/dbcounter.py:115}}
Apr 25 16:27:15.480958 np0000170207 nova-conductor[111992]: DEBUG oslo.service.backend._threading.loopingcall [None req-eb231060-3056-4445-bd8b-9645de170978 None None] Dynamic interval looping call 'nova.service.Service.periodic_tasks' sleeping for 60.00 seconds {{(pid=111992) _run_loop /opt/stack/data/venv/lib/python3.12/site-packages/oslo_service/backend/_threading/loopingcall.py:125}}
Apr 25 16:27:20.476816 np0000170207 nova-conductor[112002]: DEBUG oslo.service.backend._threading.loopingcall [None req-21b8d11b-14e4-41f3-8298-9cfe40066752 None None] Dynamic interval looping call 'nova.service.Service.periodic_tasks' sleeping for 60.00 seconds {{(pid=112002) _run_loop /opt/stack/data/venv/lib/python3.12/site-packages/oslo_service/backend/_threading/loopingcall.py:125}}
Apr 25 16:27:30.488697 np0000170207 nova-conductor[112009]: DEBUG oslo.service.backend._threading.loopingcall [None req-a679949c-2a61-4dbe-b36d-31f3c3147734 None None] Dynamic interval looping call 'nova.service.Service.periodic_tasks' sleeping for 60.00 seconds {{(pid=112009) _run_loop /opt/stack/data/venv/lib/python3.12/site-packages/oslo_service/backend/_threading/loopingcall.py:125}}
Apr 25 16:28:13.483637 np0000170207 nova-conductor[111985]: DEBUG oslo.service.backend._threading.loopingcall [None req-8753586f-d929-4b85-8589-bd9d7899445b None None] Dynamic interval looping call 'nova.service.Service.periodic_tasks' sleeping for 60.00 seconds {{(pid=111985) _run_loop /opt/stack/data/venv/lib/python3.12/site-packages/oslo_service/backend/_threading/loopingcall.py:125}}
Apr 25 16:28:15.481878 np0000170207 nova-conductor[111992]: DEBUG oslo.service.backend._threading.loopingcall [None req-eb231060-3056-4445-bd8b-9645de170978 None None] Dynamic interval looping call 'nova.service.Service.periodic_tasks' sleeping for 60.00 seconds {{(pid=111992) _run_loop /opt/stack/data/venv/lib/python3.12/site-packages/oslo_service/backend/_threading/loopingcall.py:125}}
Apr 25 16:28:20.477696 np0000170207 nova-conductor[112002]: DEBUG oslo.service.backend._threading.loopingcall [None req-21b8d11b-14e4-41f3-8298-9cfe40066752 None None] Dynamic interval looping call 'nova.service.Service.periodic_tasks' sleeping for 60.00 seconds {{(pid=112002) _run_loop /opt/stack/data/venv/lib/python3.12/site-packages/oslo_service/backend/_threading/loopingcall.py:125}}
Apr 25 16:28:30.489697 np0000170207 nova-conductor[112009]: DEBUG oslo.service.backend._threading.loopingcall [None req-a679949c-2a61-4dbe-b36d-31f3c3147734 None None] Dynamic interval looping call 'nova.service.Service.periodic_tasks' sleeping for 60.00 seconds {{(pid=112009) _run_loop /opt/stack/data/venv/lib/python3.12/site-packages/oslo_service/backend/_threading/loopingcall.py:125}}
Apr 25 16:29:04.491346 np0000170207 nova-conductor[112002]: DEBUG oslo.service.backend._threading.loopingcall [-] Fixed interval looping call 'nova.servicegroup.drivers.db.DbDriver._report_state' sleeping for 119.99 seconds {{(pid=112002) _run_loop /opt/stack/data/venv/lib/python3.12/site-packages/oslo_service/backend/_threading/loopingcall.py:125}}
Apr 25 16:29:04.491795 np0000170207 nova-conductor[111992]: DEBUG oslo.service.backend._threading.loopingcall [-] Fixed interval looping call 'nova.servicegroup.drivers.db.DbDriver._report_state' sleeping for 119.99 seconds {{(pid=111992) _run_loop /opt/stack/data/venv/lib/python3.12/site-packages/oslo_service/backend/_threading/loopingcall.py:125}}
Apr 25 16:29:04.492122 np0000170207 nova-conductor[111985]: DEBUG oslo.service.backend._threading.loopingcall [-] Fixed interval looping call 'nova.servicegroup.drivers.db.DbDriver._report_state' sleeping for 119.99 seconds {{(pid=111985) _run_loop /opt/stack/data/venv/lib/python3.12/site-packages/oslo_service/backend/_threading/loopingcall.py:125}}
Apr 25 16:29:04.499420 np0000170207 nova-conductor[112009]: DEBUG oslo.service.backend._threading.loopingcall [-] Fixed interval looping call 'nova.servicegroup.drivers.db.DbDriver._report_state' sleeping for 119.99 seconds {{(pid=112009) _run_loop /opt/stack/data/venv/lib/python3.12/site-packages/oslo_service/backend/_threading/loopingcall.py:125}}
Apr 25 16:29:13.484280 np0000170207 nova-conductor[111985]: DEBUG oslo.service.backend._threading.loopingcall [None req-8753586f-d929-4b85-8589-bd9d7899445b None None] Dynamic interval looping call 'nova.service.Service.periodic_tasks' sleeping for 60.00 seconds {{(pid=111985) _run_loop /opt/stack/data/venv/lib/python3.12/site-packages/oslo_service/backend/_threading/loopingcall.py:125}}
Apr 25 16:29:14.484178 np0000170207 nova-conductor[112002]: DEBUG dbcounter [-] [112002] Writing DB stats nova_cell0:SELECT=1,nova_cell0:UPDATE=1 {{(pid=112002) stat_writer /opt/stack/data/venv/lib/python3.12/site-packages/dbcounter.py:115}}
Apr 25 16:29:14.486286 np0000170207 nova-conductor[111992]: DEBUG dbcounter [-] [111992] Writing DB stats nova_cell0:SELECT=1,nova_cell0:UPDATE=1 {{(pid=111992) stat_writer /opt/stack/data/venv/lib/python3.12/site-packages/dbcounter.py:115}}
Apr 25 16:29:14.486492 np0000170207 nova-conductor[111985]: DEBUG dbcounter [-] [111985] Writing DB stats nova_cell0:SELECT=1,nova_cell0:UPDATE=1 {{(pid=111985) stat_writer /opt/stack/data/venv/lib/python3.12/site-packages/dbcounter.py:115}}
Apr 25 16:29:14.496184 np0000170207 nova-conductor[112009]: DEBUG dbcounter [-] [112009] Writing DB stats nova_cell0:SELECT=1 {{(pid=112009) stat_writer /opt/stack/data/venv/lib/python3.12/site-packages/dbcounter.py:115}}
Apr 25 16:29:15.482739 np0000170207 nova-conductor[111992]: DEBUG oslo.service.backend._threading.loopingcall [None req-eb231060-3056-4445-bd8b-9645de170978 None None] Dynamic interval looping call 'nova.service.Service.periodic_tasks' sleeping for 60.00 seconds {{(pid=111992) _run_loop /opt/stack/data/venv/lib/python3.12/site-packages/oslo_service/backend/_threading/loopingcall.py:125}}
Apr 25 16:29:20.478783 np0000170207 nova-conductor[112002]: DEBUG oslo.service.backend._threading.loopingcall [None req-21b8d11b-14e4-41f3-8298-9cfe40066752 None None] Dynamic interval looping call 'nova.service.Service.periodic_tasks' sleeping for 60.00 seconds {{(pid=112002) _run_loop /opt/stack/data/venv/lib/python3.12/site-packages/oslo_service/backend/_threading/loopingcall.py:125}}
Apr 25 16:29:30.490446 np0000170207 nova-conductor[112009]: DEBUG oslo.service.backend._threading.loopingcall [None req-a679949c-2a61-4dbe-b36d-31f3c3147734 None None] Dynamic interval looping call 'nova.service.Service.periodic_tasks' sleeping for 60.00 seconds {{(pid=112009) _run_loop /opt/stack/data/venv/lib/python3.12/site-packages/oslo_service/backend/_threading/loopingcall.py:125}}
Apr 25 16:30:13.485047 np0000170207 nova-conductor[111985]: DEBUG oslo.service.backend._threading.loopingcall [None req-8753586f-d929-4b85-8589-bd9d7899445b None None] Dynamic interval looping call 'nova.service.Service.periodic_tasks' sleeping for 60.00 seconds {{(pid=111985) _run_loop /opt/stack/data/venv/lib/python3.12/site-packages/oslo_service/backend/_threading/loopingcall.py:125}}
Apr 25 16:30:15.483770 np0000170207 nova-conductor[111992]: DEBUG oslo.service.backend._threading.loopingcall [None req-eb231060-3056-4445-bd8b-9645de170978 None None] Dynamic interval looping call 'nova.service.Service.periodic_tasks' sleeping for 60.00 seconds {{(pid=111992) _run_loop /opt/stack/data/venv/lib/python3.12/site-packages/oslo_service/backend/_threading/loopingcall.py:125}}
Apr 25 16:30:20.479405 np0000170207 nova-conductor[112002]: DEBUG oslo.service.backend._threading.loopingcall [None req-21b8d11b-14e4-41f3-8298-9cfe40066752 None None] Dynamic interval looping call 'nova.service.Service.periodic_tasks' sleeping for 60.00 seconds {{(pid=112002) _run_loop /opt/stack/data/venv/lib/python3.12/site-packages/oslo_service/backend/_threading/loopingcall.py:125}}
Apr 25 16:30:30.491307 np0000170207 nova-conductor[112009]: DEBUG oslo.service.backend._threading.loopingcall [None req-a679949c-2a61-4dbe-b36d-31f3c3147734 None None] Dynamic interval looping call 'nova.service.Service.periodic_tasks' sleeping for 60.00 seconds {{(pid=112009) _run_loop /opt/stack/data/venv/lib/python3.12/site-packages/oslo_service/backend/_threading/loopingcall.py:125}}
Apr 25 16:31:04.651903 np0000170207 nova-conductor[111985]: DEBUG oslo.service.backend._threading.loopingcall [-] Fixed interval looping call 'nova.servicegroup.drivers.db.DbDriver._report_state' sleeping for 119.83 seconds {{(pid=111985) _run_loop /opt/stack/data/venv/lib/python3.12/site-packages/oslo_service/backend/_threading/loopingcall.py:125}}
Apr 25 16:31:04.652903 np0000170207 nova-conductor[112002]: DEBUG oslo.service.backend._threading.loopingcall [-] Fixed interval looping call 'nova.servicegroup.drivers.db.DbDriver._report_state' sleeping for 119.83 seconds {{(pid=112002) _run_loop /opt/stack/data/venv/lib/python3.12/site-packages/oslo_service/backend/_threading/loopingcall.py:125}}
Apr 25 16:31:04.654015 np0000170207 nova-conductor[111992]: DEBUG oslo.service.backend._threading.loopingcall [-] Fixed interval looping call 'nova.servicegroup.drivers.db.DbDriver._report_state' sleeping for 119.83 seconds {{(pid=111992) _run_loop /opt/stack/data/venv/lib/python3.12/site-packages/oslo_service/backend/_threading/loopingcall.py:125}}
Apr 25 16:31:04.655249 np0000170207 nova-conductor[112009]: DEBUG oslo.service.backend._threading.loopingcall [-] Fixed interval looping call 'nova.servicegroup.drivers.db.DbDriver._report_state' sleeping for 119.83 seconds {{(pid=112009) _run_loop /opt/stack/data/venv/lib/python3.12/site-packages/oslo_service/backend/_threading/loopingcall.py:125}}
