Apr 25 16:26:50.646354 np0000170207 systemd[1]: Starting devstack@n-api-meta.service - Devstack devstack@n-api-meta.service...
Apr 25 16:26:50.655978 np0000170207 devstack@n-api-meta.service[109729]: [uWSGI] getting INI configuration from /etc/nova/nova-metadata-uwsgi.ini
Apr 25 16:26:50.656973 np0000170207 devstack@n-api-meta.service[109729]: open("./http_plugin.so"): No such file or directory [core/utils.c line 3709]
Apr 25 16:26:50.656973 np0000170207 devstack@n-api-meta.service[109729]: !!! UNABLE to load uWSGI plugin: ./http_plugin.so: cannot open shared object file: No such file or directory !!!
Apr 25 16:26:50.656973 np0000170207 devstack@n-api-meta.service[109729]: open("./python3_plugin.so"): No such file or directory [core/utils.c line 3709]
Apr 25 16:26:50.656973 np0000170207 devstack@n-api-meta.service[109729]: !!! UNABLE to load uWSGI plugin: ./python3_plugin.so: cannot open shared object file: No such file or directory !!!
Apr 25 16:26:50.656973 np0000170207 devstack@n-api-meta.service[109729]: *** Starting uWSGI 2.0.31 (64bit) on [Sat Apr 25 16:26:50 2026] ***
Apr 25 16:26:50.656973 np0000170207 devstack@n-api-meta.service[109729]: compiled with version: 13.3.0 on 25 April 2026 16:14:02
Apr 25 16:26:50.656973 np0000170207 devstack@n-api-meta.service[109729]: os: Linux-6.8.0-110-generic #110-Ubuntu SMP PREEMPT_DYNAMIC Thu Mar 19 15:09:20 UTC 2026
Apr 25 16:26:50.656973 np0000170207 devstack@n-api-meta.service[109729]: nodename: np0000170207
Apr 25 16:26:50.656973 np0000170207 devstack@n-api-meta.service[109729]: machine: x86_64
Apr 25 16:26:50.656973 np0000170207 devstack@n-api-meta.service[109729]: clock source: unix
Apr 25 16:26:50.656973 np0000170207 devstack@n-api-meta.service[109729]: pcre jit disabled
Apr 25 16:26:50.656973 np0000170207 devstack@n-api-meta.service[109729]: detected number of CPU cores: 16
Apr 25 16:26:50.656973 np0000170207 devstack@n-api-meta.service[109729]: current working directory: /
Apr 25 16:26:50.656973 np0000170207 devstack@n-api-meta.service[109729]: detected binary path: /opt/stack/data/venv/bin/uwsgi
Apr 25 16:26:50.656973 np0000170207 devstack@n-api-meta.service[109729]: your processes number limit is 256917
Apr 25 16:26:50.656973 np0000170207 devstack@n-api-meta.service[109729]: your memory page size is 4096 bytes
Apr 25 16:26:50.656973 np0000170207 devstack@n-api-meta.service[109729]: detected max file descriptor number: 2048
Apr 25 16:26:50.656973 np0000170207 devstack@n-api-meta.service[109729]: lock engine: pthread robust mutexes
Apr 25 16:26:50.656973 np0000170207 devstack@n-api-meta.service[109729]: thunder lock: enabled
Apr 25 16:26:50.656973 np0000170207 devstack@n-api-meta.service[109729]: uWSGI http bound on 0.0.0.0:8775 fd 5
Apr 25 16:26:50.656973 np0000170207 devstack@n-api-meta.service[109729]: uwsgi socket 0 bound to TCP address 127.0.0.1:34515 (port auto-assigned) fd 4
Apr 25 16:26:50.656973 np0000170207 devstack@n-api-meta.service[109729]: Python version: 3.12.3 (main, Mar 23 2026, 19:04:32) [GCC 13.3.0]
Apr 25 16:26:50.656973 np0000170207 devstack@n-api-meta.service[109729]: PEP 405 virtualenv detected: /opt/stack/data/venv
Apr 25 16:26:50.656973 np0000170207 devstack@n-api-meta.service[109729]: Set PythonHome to /opt/stack/data/venv
Apr 25 16:26:50.696902 np0000170207 devstack@n-api-meta.service[109729]: Python main interpreter initialized at 0x7b01f0aa3668
Apr 25 16:26:50.696902 np0000170207 devstack@n-api-meta.service[109729]: python threads support enabled
Apr 25 16:26:50.696902 np0000170207 devstack@n-api-meta.service[109729]: your server socket listen backlog is limited to 100 connections
Apr 25 16:26:50.696902 np0000170207 devstack@n-api-meta.service[109729]: your mercy for graceful operations on workers is 80 seconds
Apr 25 16:26:50.697502 np0000170207 devstack@n-api-meta.service[109729]: mapped 671795 bytes (656 KB) for 4 cores
Apr 25 16:26:50.697658 np0000170207 devstack@n-api-meta.service[109729]: *** Operational MODE: preforking ***
Apr 25 16:26:50.698067 np0000170207 devstack@n-api-meta.service[109729]: *** uWSGI is running in multiple interpreter mode ***
Apr 25 16:26:50.698067 np0000170207 devstack@n-api-meta.service[109729]: spawned uWSGI master process (pid: 109729)
Apr 25 16:26:50.698257 np0000170207 systemd[1]: Started devstack@n-api-meta.service - Devstack devstack@n-api-meta.service.
Apr 25 16:26:50.698828 np0000170207 devstack@n-api-meta.service[109729]: spawned uWSGI worker 1 (pid: 109730, cores: 1)
Apr 25 16:26:50.699459 np0000170207 devstack@n-api-meta.service[109729]: spawned uWSGI worker 2 (pid: 109731, cores: 1)
Apr 25 16:26:50.699878 np0000170207 devstack@n-api-meta.service[109729]: spawned uWSGI worker 3 (pid: 109732, cores: 1)
Apr 25 16:26:50.700355 np0000170207 devstack@n-api-meta.service[109729]: spawned uWSGI worker 4 (pid: 109733, cores: 1)
Apr 25 16:26:50.700802 np0000170207 devstack@n-api-meta.service[109729]: spawned uWSGI http 1 (pid: 109734)
Apr 25 16:26:50.700802 np0000170207 devstack@n-api-meta.service[109729]: running "unix_signal:15 gracefully_kill_them_all" (master-start)...
Apr 25 16:26:51.016092 np0000170207 devstack@n-api-meta.service[109733]: /opt/stack/data/venv/lib/python3.12/site-packages/oslo_concurrency/lockutils.py:41: EventletDeprecationWarning:
Apr 25 16:26:51.016092 np0000170207 devstack@n-api-meta.service[109733]: Eventlet is deprecated. It is currently being maintained in bugfix mode, and
Apr 25 16:26:51.016092 np0000170207 devstack@n-api-meta.service[109733]: we strongly recommend against using it for new projects.
Apr 25 16:26:51.016092 np0000170207 devstack@n-api-meta.service[109733]: If you are already using Eventlet, we recommend migrating to a different
Apr 25 16:26:51.016092 np0000170207 devstack@n-api-meta.service[109733]: framework. For more detail see
Apr 25 16:26:51.016092 np0000170207 devstack@n-api-meta.service[109733]: https://eventlet.readthedocs.io/en/latest/asyncio/migration.html
Apr 25 16:26:51.016092 np0000170207 devstack@n-api-meta.service[109733]: import eventlet
Apr 25 16:26:51.027981 np0000170207 devstack@n-api-meta.service[109730]: /opt/stack/data/venv/lib/python3.12/site-packages/oslo_concurrency/lockutils.py:41: EventletDeprecationWarning:
Apr 25 16:26:51.027981 np0000170207 devstack@n-api-meta.service[109730]: Eventlet is deprecated. It is currently being maintained in bugfix mode, and
Apr 25 16:26:51.027981 np0000170207 devstack@n-api-meta.service[109730]: we strongly recommend against using it for new projects.
Apr 25 16:26:51.027981 np0000170207 devstack@n-api-meta.service[109730]: If you are already using Eventlet, we recommend migrating to a different
Apr 25 16:26:51.027981 np0000170207 devstack@n-api-meta.service[109730]: framework. For more detail see
Apr 25 16:26:51.027981 np0000170207 devstack@n-api-meta.service[109730]: https://eventlet.readthedocs.io/en/latest/asyncio/migration.html
Apr 25 16:26:51.027981 np0000170207 devstack@n-api-meta.service[109730]: import eventlet
Apr 25 16:26:51.042838 np0000170207 devstack@n-api-meta.service[109732]: /opt/stack/data/venv/lib/python3.12/site-packages/oslo_concurrency/lockutils.py:41: EventletDeprecationWarning:
Apr 25 16:26:51.042838 np0000170207 devstack@n-api-meta.service[109732]: Eventlet is deprecated. It is currently being maintained in bugfix mode, and
Apr 25 16:26:51.042838 np0000170207 devstack@n-api-meta.service[109732]: we strongly recommend against using it for new projects.
Apr 25 16:26:51.042838 np0000170207 devstack@n-api-meta.service[109732]: If you are already using Eventlet, we recommend migrating to a different
Apr 25 16:26:51.042838 np0000170207 devstack@n-api-meta.service[109732]: framework. For more detail see
Apr 25 16:26:51.042838 np0000170207 devstack@n-api-meta.service[109732]: https://eventlet.readthedocs.io/en/latest/asyncio/migration.html
Apr 25 16:26:51.042838 np0000170207 devstack@n-api-meta.service[109732]: import eventlet
Apr 25 16:26:51.047024 np0000170207 devstack@n-api-meta.service[109731]: /opt/stack/data/venv/lib/python3.12/site-packages/oslo_concurrency/lockutils.py:41: EventletDeprecationWarning:
Apr 25 16:26:51.047024 np0000170207 devstack@n-api-meta.service[109731]: Eventlet is deprecated. It is currently being maintained in bugfix mode, and
Apr 25 16:26:51.047024 np0000170207 devstack@n-api-meta.service[109731]: we strongly recommend against using it for new projects.
Apr 25 16:26:51.047024 np0000170207 devstack@n-api-meta.service[109731]: If you are already using Eventlet, we recommend migrating to a different
Apr 25 16:26:51.047024 np0000170207 devstack@n-api-meta.service[109731]: framework. For more detail see
Apr 25 16:26:51.047024 np0000170207 devstack@n-api-meta.service[109731]: https://eventlet.readthedocs.io/en/latest/asyncio/migration.html
Apr 25 16:26:51.047024 np0000170207 devstack@n-api-meta.service[109731]: import eventlet
Apr 25 16:26:51.061888 np0000170207 devstack@n-api-meta.service[109733]: Service is starting with native threading. This is currently experimental. Do not use it in production without first testing it in pre-production.
Apr 25 16:26:51.081656 np0000170207 devstack@n-api-meta.service[109730]: Service is starting with native threading. This is currently experimental. Do not use it in production without first testing it in pre-production.
Apr 25 16:26:51.095121 np0000170207 devstack@n-api-meta.service[109732]: Service is starting with native threading. This is currently experimental. Do not use it in production without first testing it in pre-production.
Apr 25 16:26:51.098208 np0000170207 devstack@n-api-meta.service[109731]: Service is starting with native threading. This is currently experimental. Do not use it in production without first testing it in pre-production.
Apr 25 16:26:52.494433 np0000170207 devstack@n-api-meta.service[109733]: INFO dbcounter [None req-7e3f0cb1-c873-4940-bb5c-8af915a0ea59 None None] Registered counter for database nova_api
Apr 25 16:26:52.507565 np0000170207 devstack@n-api-meta.service[109733]: DEBUG oslo_db.sqlalchemy.engines [None req-7e3f0cb1-c873-4940-bb5c-8af915a0ea59 None None] MySQL server mode set to STRICT_TRANS_TABLES,STRICT_ALL_TABLES,NO_ZERO_IN_DATE,NO_ZERO_DATE,ERROR_FOR_DIVISION_BY_ZERO,TRADITIONAL,NO_ENGINE_SUBSTITUTION {{(pid=109733) _check_effective_sql_mode /opt/stack/data/venv/lib/python3.12/site-packages/oslo_db/sqlalchemy/engines.py:325}}
Apr 25 16:26:52.527569 np0000170207 devstack@n-api-meta.service[109730]: INFO dbcounter [None req-359baafd-4b45-4aea-8aa9-bdff87e1304f None None] Registered counter for database nova_api
Apr 25 16:26:52.540473 np0000170207 devstack@n-api-meta.service[109733]: DEBUG dbcounter [-] [109733] Writer thread running {{(pid=109733) stat_writer /opt/stack/data/venv/lib/python3.12/site-packages/dbcounter.py:102}}
Apr 25 16:26:52.542218 np0000170207 devstack@n-api-meta.service[109730]: DEBUG oslo_db.sqlalchemy.engines [None req-359baafd-4b45-4aea-8aa9-bdff87e1304f None None] MySQL server mode set to STRICT_TRANS_TABLES,STRICT_ALL_TABLES,NO_ZERO_IN_DATE,NO_ZERO_DATE,ERROR_FOR_DIVISION_BY_ZERO,TRADITIONAL,NO_ENGINE_SUBSTITUTION {{(pid=109730) _check_effective_sql_mode /opt/stack/data/venv/lib/python3.12/site-packages/oslo_db/sqlalchemy/engines.py:325}}
Apr 25 16:26:52.543067 np0000170207 devstack@n-api-meta.service[109733]: DEBUG nova.context [None req-7e3f0cb1-c873-4940-bb5c-8af915a0ea59 None None] Found 2 cells: 00000000-0000-0000-0000-000000000000(cell0),6d99af69-fd64-402a-8985-676f9ca2b8ad(cell1) {{(pid=109733) load_cells /opt/stack/nova/nova/context.py:509}}
Apr 25 16:26:52.543296 np0000170207 devstack@n-api-meta.service[109733]: INFO nova.utils [None req-7e3f0cb1-c873-4940-bb5c-8af915a0ea59 None None] The cell worker thread pool MainProcess.cell_worker is initialized
Apr 25 16:26:52.545113 np0000170207 devstack@n-api-meta.service[109733]: DEBUG oslo_concurrency.lockutils [None req-7e3f0cb1-c873-4940-bb5c-8af915a0ea59 None None] Acquiring lock "00000000-0000-0000-0000-000000000000" by "nova.context.set_target_cell..get_or_set_cached_cell_and_set_connections" {{(pid=109733) inner /opt/stack/data/venv/lib/python3.12/site-packages/oslo_concurrency/lockutils.py:506}}
Apr 25 16:26:52.545243 np0000170207 devstack@n-api-meta.service[109733]: DEBUG oslo_concurrency.lockutils [None req-7e3f0cb1-c873-4940-bb5c-8af915a0ea59 None None] Lock "00000000-0000-0000-0000-000000000000" acquired by "nova.context.set_target_cell..get_or_set_cached_cell_and_set_connections" :: waited 0.000s {{(pid=109733) inner /opt/stack/data/venv/lib/python3.12/site-packages/oslo_concurrency/lockutils.py:519}}
Apr 25 16:26:52.545586 np0000170207 devstack@n-api-meta.service[109733]: DEBUG oslo_concurrency.lockutils [None req-7e3f0cb1-c873-4940-bb5c-8af915a0ea59 None None] Lock "00000000-0000-0000-0000-000000000000" "released" by "nova.context.set_target_cell..get_or_set_cached_cell_and_set_connections" :: held 0.000s {{(pid=109733) inner /opt/stack/data/venv/lib/python3.12/site-packages/oslo_concurrency/lockutils.py:538}}
Apr 25 16:26:52.546476 np0000170207 devstack@n-api-meta.service[109733]: DEBUG oslo_concurrency.lockutils [None req-7e3f0cb1-c873-4940-bb5c-8af915a0ea59 None None] Acquiring lock "6d99af69-fd64-402a-8985-676f9ca2b8ad" by "nova.context.set_target_cell..get_or_set_cached_cell_and_set_connections" {{(pid=109733) inner /opt/stack/data/venv/lib/python3.12/site-packages/oslo_concurrency/lockutils.py:506}}
Apr 25 16:26:52.546591 np0000170207 devstack@n-api-meta.service[109733]: DEBUG oslo_concurrency.lockutils [None req-7e3f0cb1-c873-4940-bb5c-8af915a0ea59 None None] Lock "6d99af69-fd64-402a-8985-676f9ca2b8ad" acquired by "nova.context.set_target_cell..get_or_set_cached_cell_and_set_connections" :: waited 0.000s {{(pid=109733) inner /opt/stack/data/venv/lib/python3.12/site-packages/oslo_concurrency/lockutils.py:519}}
Apr 25 16:26:52.547434 np0000170207 devstack@n-api-meta.service[109733]: DEBUG oslo_concurrency.lockutils [None req-7e3f0cb1-c873-4940-bb5c-8af915a0ea59 None None] Lock "6d99af69-fd64-402a-8985-676f9ca2b8ad" "released" by "nova.context.set_target_cell..get_or_set_cached_cell_and_set_connections" :: held 0.001s {{(pid=109733) inner /opt/stack/data/venv/lib/python3.12/site-packages/oslo_concurrency/lockutils.py:538}}
Apr 25 16:26:52.550980 np0000170207 devstack@n-api-meta.service[109733]: INFO dbcounter [None req-7e3f0cb1-c873-4940-bb5c-8af915a0ea59 None None] Registered counter for database nova_cell0
Apr 25 16:26:52.557754 np0000170207 devstack@n-api-meta.service[109733]: INFO dbcounter [None req-7e3f0cb1-c873-4940-bb5c-8af915a0ea59 None None] Registered counter for database nova_cell1
Apr 25 16:26:52.569660 np0000170207 devstack@n-api-meta.service[109733]: DEBUG oslo_db.sqlalchemy.engines [None req-7e3f0cb1-c873-4940-bb5c-8af915a0ea59 None None] MySQL server mode set to STRICT_TRANS_TABLES,STRICT_ALL_TABLES,NO_ZERO_IN_DATE,NO_ZERO_DATE,ERROR_FOR_DIVISION_BY_ZERO,TRADITIONAL,NO_ENGINE_SUBSTITUTION {{(pid=109733) _check_effective_sql_mode /opt/stack/data/venv/lib/python3.12/site-packages/oslo_db/sqlalchemy/engines.py:325}}
Apr 25 16:26:52.577796 np0000170207 devstack@n-api-meta.service[109733]: DEBUG oslo_db.sqlalchemy.engines [None req-7e3f0cb1-c873-4940-bb5c-8af915a0ea59 None None] MySQL server mode set to STRICT_TRANS_TABLES,STRICT_ALL_TABLES,NO_ZERO_IN_DATE,NO_ZERO_DATE,ERROR_FOR_DIVISION_BY_ZERO,TRADITIONAL,NO_ENGINE_SUBSTITUTION {{(pid=109733) _check_effective_sql_mode /opt/stack/data/venv/lib/python3.12/site-packages/oslo_db/sqlalchemy/engines.py:325}}
Apr 25 16:26:52.577905 np0000170207 devstack@n-api-meta.service[109730]: DEBUG dbcounter [-] [109730] Writer thread running {{(pid=109730) stat_writer /opt/stack/data/venv/lib/python3.12/site-packages/dbcounter.py:102}}
Apr 25 16:26:52.579138 np0000170207 devstack@n-api-meta.service[109731]: INFO dbcounter [None req-884f9407-c751-4b54-a04e-53c4f47fbd4c None None] Registered counter for database nova_api
Apr 25 16:26:52.580530 np0000170207 devstack@n-api-meta.service[109730]: DEBUG nova.context [None req-359baafd-4b45-4aea-8aa9-bdff87e1304f None None] Found 2 cells: 00000000-0000-0000-0000-000000000000(cell0),6d99af69-fd64-402a-8985-676f9ca2b8ad(cell1) {{(pid=109730) load_cells /opt/stack/nova/nova/context.py:509}}
Apr 25 16:26:52.580816 np0000170207 devstack@n-api-meta.service[109730]: INFO nova.utils [None req-359baafd-4b45-4aea-8aa9-bdff87e1304f None None] The cell worker thread pool MainProcess.cell_worker is initialized
Apr 25 16:26:52.582683 np0000170207 devstack@n-api-meta.service[109730]: DEBUG oslo_concurrency.lockutils [None req-359baafd-4b45-4aea-8aa9-bdff87e1304f None None] Acquiring lock "00000000-0000-0000-0000-000000000000" by "nova.context.set_target_cell..get_or_set_cached_cell_and_set_connections" {{(pid=109730) inner /opt/stack/data/venv/lib/python3.12/site-packages/oslo_concurrency/lockutils.py:506}}
Apr 25 16:26:52.582853 np0000170207 devstack@n-api-meta.service[109730]: DEBUG oslo_concurrency.lockutils [None req-359baafd-4b45-4aea-8aa9-bdff87e1304f None None] Lock "00000000-0000-0000-0000-000000000000" acquired by "nova.context.set_target_cell..get_or_set_cached_cell_and_set_connections" :: waited 0.000s {{(pid=109730) inner /opt/stack/data/venv/lib/python3.12/site-packages/oslo_concurrency/lockutils.py:519}}
Apr 25 16:26:52.583215 np0000170207 devstack@n-api-meta.service[109730]: DEBUG oslo_concurrency.lockutils [None req-359baafd-4b45-4aea-8aa9-bdff87e1304f None None] Lock "00000000-0000-0000-0000-000000000000" "released" by "nova.context.set_target_cell..get_or_set_cached_cell_and_set_connections" :: held 0.000s {{(pid=109730) inner /opt/stack/data/venv/lib/python3.12/site-packages/oslo_concurrency/lockutils.py:538}}
Apr 25 16:26:52.583895 np0000170207 devstack@n-api-meta.service[109730]: DEBUG oslo_concurrency.lockutils [None req-359baafd-4b45-4aea-8aa9-bdff87e1304f None None] Acquiring lock "6d99af69-fd64-402a-8985-676f9ca2b8ad" by "nova.context.set_target_cell..get_or_set_cached_cell_and_set_connections" {{(pid=109730) inner /opt/stack/data/venv/lib/python3.12/site-packages/oslo_concurrency/lockutils.py:506}}
Apr 25 16:26:52.584088 np0000170207 devstack@n-api-meta.service[109730]: DEBUG oslo_concurrency.lockutils [None req-359baafd-4b45-4aea-8aa9-bdff87e1304f None None] Lock "6d99af69-fd64-402a-8985-676f9ca2b8ad" acquired by "nova.context.set_target_cell..get_or_set_cached_cell_and_set_connections" :: waited 0.000s {{(pid=109730) inner /opt/stack/data/venv/lib/python3.12/site-packages/oslo_concurrency/lockutils.py:519}}
Apr 25 16:26:52.587159 np0000170207 devstack@n-api-meta.service[109732]: INFO dbcounter [None req-41e4a84f-3c0a-4fb9-9454-fb8403a43eba None None] Registered counter for database nova_api
Apr 25 16:26:52.587566 np0000170207 devstack@n-api-meta.service[109730]: INFO dbcounter [None req-359baafd-4b45-4aea-8aa9-bdff87e1304f None None] Registered counter for database nova_cell0
Apr 25 16:26:52.589212 np0000170207 devstack@n-api-meta.service[109730]: DEBUG oslo_concurrency.lockutils [None req-359baafd-4b45-4aea-8aa9-bdff87e1304f None None] Lock "6d99af69-fd64-402a-8985-676f9ca2b8ad" "released" by "nova.context.set_target_cell..get_or_set_cached_cell_and_set_connections" :: held 0.003s {{(pid=109730) inner /opt/stack/data/venv/lib/python3.12/site-packages/oslo_concurrency/lockutils.py:538}}
Apr 25 16:26:52.593062 np0000170207 devstack@n-api-meta.service[109730]: INFO dbcounter [None req-359baafd-4b45-4aea-8aa9-bdff87e1304f None None] Registered counter for database nova_cell1
Apr 25 16:26:52.595534 np0000170207 devstack@n-api-meta.service[109731]: DEBUG oslo_db.sqlalchemy.engines [None req-884f9407-c751-4b54-a04e-53c4f47fbd4c None None] MySQL server mode set to STRICT_TRANS_TABLES,STRICT_ALL_TABLES,NO_ZERO_IN_DATE,NO_ZERO_DATE,ERROR_FOR_DIVISION_BY_ZERO,TRADITIONAL,NO_ENGINE_SUBSTITUTION {{(pid=109731) _check_effective_sql_mode /opt/stack/data/venv/lib/python3.12/site-packages/oslo_db/sqlalchemy/engines.py:325}}
Apr 25 16:26:52.604300 np0000170207 devstack@n-api-meta.service[109730]: DEBUG oslo_db.sqlalchemy.engines [None req-359baafd-4b45-4aea-8aa9-bdff87e1304f None None] MySQL server mode set to STRICT_TRANS_TABLES,STRICT_ALL_TABLES,NO_ZERO_IN_DATE,NO_ZERO_DATE,ERROR_FOR_DIVISION_BY_ZERO,TRADITIONAL,NO_ENGINE_SUBSTITUTION {{(pid=109730) _check_effective_sql_mode /opt/stack/data/venv/lib/python3.12/site-packages/oslo_db/sqlalchemy/engines.py:325}}
Apr 25 16:26:52.608368 np0000170207 devstack@n-api-meta.service[109730]: DEBUG oslo_db.sqlalchemy.engines [None req-359baafd-4b45-4aea-8aa9-bdff87e1304f None None] MySQL server mode set to STRICT_TRANS_TABLES,STRICT_ALL_TABLES,NO_ZERO_IN_DATE,NO_ZERO_DATE,ERROR_FOR_DIVISION_BY_ZERO,TRADITIONAL,NO_ENGINE_SUBSTITUTION {{(pid=109730) _check_effective_sql_mode /opt/stack/data/venv/lib/python3.12/site-packages/oslo_db/sqlalchemy/engines.py:325}}
Apr 25 16:26:52.613161 np0000170207 devstack@n-api-meta.service[109732]: DEBUG oslo_db.sqlalchemy.engines [None req-41e4a84f-3c0a-4fb9-9454-fb8403a43eba None None] MySQL server mode set to STRICT_TRANS_TABLES,STRICT_ALL_TABLES,NO_ZERO_IN_DATE,NO_ZERO_DATE,ERROR_FOR_DIVISION_BY_ZERO,TRADITIONAL,NO_ENGINE_SUBSTITUTION {{(pid=109732) _check_effective_sql_mode /opt/stack/data/venv/lib/python3.12/site-packages/oslo_db/sqlalchemy/engines.py:325}}
Apr 25 16:26:52.629580 np0000170207 devstack@n-api-meta.service[109731]: DEBUG dbcounter [-] [109731] Writer thread running {{(pid=109731) stat_writer /opt/stack/data/venv/lib/python3.12/site-packages/dbcounter.py:102}}
Apr 25 16:26:52.632154 np0000170207 devstack@n-api-meta.service[109731]: DEBUG nova.context [None req-884f9407-c751-4b54-a04e-53c4f47fbd4c None None] Found 2 cells: 00000000-0000-0000-0000-000000000000(cell0),6d99af69-fd64-402a-8985-676f9ca2b8ad(cell1) {{(pid=109731) load_cells /opt/stack/nova/nova/context.py:509}}
Apr 25 16:26:52.632438 np0000170207 devstack@n-api-meta.service[109731]: INFO nova.utils [None req-884f9407-c751-4b54-a04e-53c4f47fbd4c None None] The cell worker thread pool MainProcess.cell_worker is initialized
Apr 25 16:26:52.634245 np0000170207 devstack@n-api-meta.service[109731]: DEBUG oslo_concurrency.lockutils [None req-884f9407-c751-4b54-a04e-53c4f47fbd4c None None] Acquiring lock "00000000-0000-0000-0000-000000000000" by "nova.context.set_target_cell..get_or_set_cached_cell_and_set_connections" {{(pid=109731) inner /opt/stack/data/venv/lib/python3.12/site-packages/oslo_concurrency/lockutils.py:506}}
Apr 25 16:26:52.634385 np0000170207 devstack@n-api-meta.service[109731]: DEBUG oslo_concurrency.lockutils [None req-884f9407-c751-4b54-a04e-53c4f47fbd4c None None] Lock "00000000-0000-0000-0000-000000000000" acquired by "nova.context.set_target_cell..get_or_set_cached_cell_and_set_connections" :: waited 0.000s {{(pid=109731) inner /opt/stack/data/venv/lib/python3.12/site-packages/oslo_concurrency/lockutils.py:519}}
Apr 25 16:26:52.634771 np0000170207 devstack@n-api-meta.service[109731]: DEBUG oslo_concurrency.lockutils [None req-884f9407-c751-4b54-a04e-53c4f47fbd4c None None] Lock "00000000-0000-0000-0000-000000000000" "released" by "nova.context.set_target_cell..get_or_set_cached_cell_and_set_connections" :: held 0.000s {{(pid=109731) inner /opt/stack/data/venv/lib/python3.12/site-packages/oslo_concurrency/lockutils.py:538}}
Apr 25 16:26:52.635591 np0000170207 devstack@n-api-meta.service[109731]: DEBUG oslo_concurrency.lockutils [None req-884f9407-c751-4b54-a04e-53c4f47fbd4c None None] Acquiring lock "6d99af69-fd64-402a-8985-676f9ca2b8ad" by "nova.context.set_target_cell..get_or_set_cached_cell_and_set_connections" {{(pid=109731) inner /opt/stack/data/venv/lib/python3.12/site-packages/oslo_concurrency/lockutils.py:506}}
Apr 25 16:26:52.635740 np0000170207 devstack@n-api-meta.service[109731]: DEBUG oslo_concurrency.lockutils [None req-884f9407-c751-4b54-a04e-53c4f47fbd4c None None] Lock "6d99af69-fd64-402a-8985-676f9ca2b8ad" acquired by "nova.context.set_target_cell..get_or_set_cached_cell_and_set_connections" :: waited 0.000s {{(pid=109731) inner /opt/stack/data/venv/lib/python3.12/site-packages/oslo_concurrency/lockutils.py:519}}
Apr 25 16:26:52.636597 np0000170207 devstack@n-api-meta.service[109731]: DEBUG oslo_concurrency.lockutils [None req-884f9407-c751-4b54-a04e-53c4f47fbd4c None None] Lock "6d99af69-fd64-402a-8985-676f9ca2b8ad" "released" by "nova.context.set_target_cell..get_or_set_cached_cell_and_set_connections" :: held 0.001s {{(pid=109731) inner /opt/stack/data/venv/lib/python3.12/site-packages/oslo_concurrency/lockutils.py:538}}
Apr 25 16:26:52.639614 np0000170207 devstack@n-api-meta.service[109731]: INFO dbcounter [None req-884f9407-c751-4b54-a04e-53c4f47fbd4c None None] Registered counter for database nova_cell0
Apr 25 16:26:52.644144 np0000170207 devstack@n-api-meta.service[109731]: INFO dbcounter [None req-884f9407-c751-4b54-a04e-53c4f47fbd4c None None] Registered counter for database nova_cell1
Apr 25 16:26:52.650401 np0000170207 devstack@n-api-meta.service[109732]: DEBUG dbcounter [-] [109732] Writer thread running {{(pid=109732) stat_writer /opt/stack/data/venv/lib/python3.12/site-packages/dbcounter.py:102}}
Apr 25 16:26:52.652586 np0000170207 devstack@n-api-meta.service[109732]: DEBUG nova.context [None req-41e4a84f-3c0a-4fb9-9454-fb8403a43eba None None] Found 2 cells: 00000000-0000-0000-0000-000000000000(cell0),6d99af69-fd64-402a-8985-676f9ca2b8ad(cell1) {{(pid=109732) load_cells /opt/stack/nova/nova/context.py:509}}
Apr 25 16:26:52.652841 np0000170207 devstack@n-api-meta.service[109732]: INFO nova.utils [None req-41e4a84f-3c0a-4fb9-9454-fb8403a43eba None None] The cell worker thread pool MainProcess.cell_worker is initialized
Apr 25 16:26:52.653618 np0000170207 devstack@n-api-meta.service[109731]: DEBUG oslo_db.sqlalchemy.engines [None req-884f9407-c751-4b54-a04e-53c4f47fbd4c None None] MySQL server mode set to STRICT_TRANS_TABLES,STRICT_ALL_TABLES,NO_ZERO_IN_DATE,NO_ZERO_DATE,ERROR_FOR_DIVISION_BY_ZERO,TRADITIONAL,NO_ENGINE_SUBSTITUTION {{(pid=109731) _check_effective_sql_mode /opt/stack/data/venv/lib/python3.12/site-packages/oslo_db/sqlalchemy/engines.py:325}}
Apr 25 16:26:52.654951 np0000170207 devstack@n-api-meta.service[109732]: DEBUG oslo_concurrency.lockutils [None req-41e4a84f-3c0a-4fb9-9454-fb8403a43eba None None] Acquiring lock "00000000-0000-0000-0000-000000000000" by "nova.context.set_target_cell..get_or_set_cached_cell_and_set_connections" {{(pid=109732) inner /opt/stack/data/venv/lib/python3.12/site-packages/oslo_concurrency/lockutils.py:506}}
Apr 25 16:26:52.655067 np0000170207 devstack@n-api-meta.service[109732]: DEBUG oslo_concurrency.lockutils [None req-41e4a84f-3c0a-4fb9-9454-fb8403a43eba None None] Lock "00000000-0000-0000-0000-000000000000" acquired by "nova.context.set_target_cell..get_or_set_cached_cell_and_set_connections" :: waited 0.000s {{(pid=109732) inner /opt/stack/data/venv/lib/python3.12/site-packages/oslo_concurrency/lockutils.py:519}}
Apr 25 16:26:52.655390 np0000170207 devstack@n-api-meta.service[109732]: DEBUG oslo_concurrency.lockutils [None req-41e4a84f-3c0a-4fb9-9454-fb8403a43eba None None] Lock "00000000-0000-0000-0000-000000000000" "released" by "nova.context.set_target_cell..get_or_set_cached_cell_and_set_connections" :: held 0.000s {{(pid=109732) inner /opt/stack/data/venv/lib/python3.12/site-packages/oslo_concurrency/lockutils.py:538}}
Apr 25 16:26:52.656221 np0000170207 devstack@n-api-meta.service[109732]: DEBUG oslo_concurrency.lockutils [None req-41e4a84f-3c0a-4fb9-9454-fb8403a43eba None None] Acquiring lock "6d99af69-fd64-402a-8985-676f9ca2b8ad" by "nova.context.set_target_cell..get_or_set_cached_cell_and_set_connections" {{(pid=109732) inner /opt/stack/data/venv/lib/python3.12/site-packages/oslo_concurrency/lockutils.py:506}}
Apr 25 16:26:52.656322 np0000170207 devstack@n-api-meta.service[109731]: DEBUG oslo_db.sqlalchemy.engines [None req-884f9407-c751-4b54-a04e-53c4f47fbd4c None None] MySQL server mode set to STRICT_TRANS_TABLES,STRICT_ALL_TABLES,NO_ZERO_IN_DATE,NO_ZERO_DATE,ERROR_FOR_DIVISION_BY_ZERO,TRADITIONAL,NO_ENGINE_SUBSTITUTION {{(pid=109731) _check_effective_sql_mode /opt/stack/data/venv/lib/python3.12/site-packages/oslo_db/sqlalchemy/engines.py:325}}
Apr 25 16:26:52.656389 np0000170207 devstack@n-api-meta.service[109732]: DEBUG oslo_concurrency.lockutils [None req-41e4a84f-3c0a-4fb9-9454-fb8403a43eba None None] Lock "6d99af69-fd64-402a-8985-676f9ca2b8ad" acquired by "nova.context.set_target_cell..get_or_set_cached_cell_and_set_connections" :: waited 0.000s {{(pid=109732) inner /opt/stack/data/venv/lib/python3.12/site-packages/oslo_concurrency/lockutils.py:519}}
Apr 25 16:26:52.657190 np0000170207 devstack@n-api-meta.service[109732]: DEBUG oslo_concurrency.lockutils [None req-41e4a84f-3c0a-4fb9-9454-fb8403a43eba None None] Lock "6d99af69-fd64-402a-8985-676f9ca2b8ad" "released" by "nova.context.set_target_cell..get_or_set_cached_cell_and_set_connections" :: held 0.001s {{(pid=109732) inner /opt/stack/data/venv/lib/python3.12/site-packages/oslo_concurrency/lockutils.py:538}}
Apr 25 16:26:52.659679 np0000170207 devstack@n-api-meta.service[109732]: INFO dbcounter [None req-41e4a84f-3c0a-4fb9-9454-fb8403a43eba None None] Registered counter for database nova_cell0
Apr 25 16:26:52.663823 np0000170207 devstack@n-api-meta.service[109732]: INFO dbcounter [None req-41e4a84f-3c0a-4fb9-9454-fb8403a43eba None None] Registered counter for database nova_cell1
Apr 25 16:26:52.671711 np0000170207 devstack@n-api-meta.service[109732]: DEBUG oslo_db.sqlalchemy.engines [None req-41e4a84f-3c0a-4fb9-9454-fb8403a43eba None None] MySQL server mode set to STRICT_TRANS_TABLES,STRICT_ALL_TABLES,NO_ZERO_IN_DATE,NO_ZERO_DATE,ERROR_FOR_DIVISION_BY_ZERO,TRADITIONAL,NO_ENGINE_SUBSTITUTION {{(pid=109732) _check_effective_sql_mode /opt/stack/data/venv/lib/python3.12/site-packages/oslo_db/sqlalchemy/engines.py:325}}
Apr 25 16:26:52.677295 np0000170207 devstack@n-api-meta.service[109733]: DEBUG dbcounter [-] [109733] Writer thread running {{(pid=109733) stat_writer /opt/stack/data/venv/lib/python3.12/site-packages/dbcounter.py:102}}
Apr 25 16:26:52.678188 np0000170207 devstack@n-api-meta.service[109733]: DEBUG dbcounter [-] [109733] Writer thread running {{(pid=109733) stat_writer /opt/stack/data/venv/lib/python3.12/site-packages/dbcounter.py:102}}
Apr 25 16:26:52.678847 np0000170207 devstack@n-api-meta.service[109732]: DEBUG oslo_db.sqlalchemy.engines [None req-41e4a84f-3c0a-4fb9-9454-fb8403a43eba None None] MySQL server mode set to STRICT_TRANS_TABLES,STRICT_ALL_TABLES,NO_ZERO_IN_DATE,NO_ZERO_DATE,ERROR_FOR_DIVISION_BY_ZERO,TRADITIONAL,NO_ENGINE_SUBSTITUTION {{(pid=109732) _check_effective_sql_mode /opt/stack/data/venv/lib/python3.12/site-packages/oslo_db/sqlalchemy/engines.py:325}}
Apr 25 16:26:52.682549 np0000170207 devstack@n-api-meta.service[109733]: INFO dbcounter [None req-7e3f0cb1-c873-4940-bb5c-8af915a0ea59 None None] Registered counter for database nova_cell0
Apr 25 16:26:52.691981 np0000170207 devstack@n-api-meta.service[109733]: DEBUG oslo_db.sqlalchemy.engines [None req-7e3f0cb1-c873-4940-bb5c-8af915a0ea59 None None] MySQL server mode set to STRICT_TRANS_TABLES,STRICT_ALL_TABLES,NO_ZERO_IN_DATE,NO_ZERO_DATE,ERROR_FOR_DIVISION_BY_ZERO,TRADITIONAL,NO_ENGINE_SUBSTITUTION {{(pid=109733) _check_effective_sql_mode /opt/stack/data/venv/lib/python3.12/site-packages/oslo_db/sqlalchemy/engines.py:325}}
Apr 25 16:26:52.697995 np0000170207 devstack@n-api-meta.service[109733]: DEBUG dbcounter [-] [109733] Writer thread running {{(pid=109733) stat_writer /opt/stack/data/venv/lib/python3.12/site-packages/dbcounter.py:102}}
Apr 25 16:26:52.714751 np0000170207 devstack@n-api-meta.service[109730]: DEBUG dbcounter [-] [109730] Writer thread running {{(pid=109730) stat_writer /opt/stack/data/venv/lib/python3.12/site-packages/dbcounter.py:102}}
Apr 25 16:26:52.716392 np0000170207 devstack@n-api-meta.service[109730]: DEBUG dbcounter [-] [109730] Writer thread running {{(pid=109730) stat_writer /opt/stack/data/venv/lib/python3.12/site-packages/dbcounter.py:102}}
Apr 25 16:26:52.720704 np0000170207 devstack@n-api-meta.service[109730]: INFO dbcounter [None req-359baafd-4b45-4aea-8aa9-bdff87e1304f None None] Registered counter for database nova_cell0
Apr 25 16:26:52.731940 np0000170207 devstack@n-api-meta.service[109730]: DEBUG oslo_db.sqlalchemy.engines [None req-359baafd-4b45-4aea-8aa9-bdff87e1304f None None] MySQL server mode set to STRICT_TRANS_TABLES,STRICT_ALL_TABLES,NO_ZERO_IN_DATE,NO_ZERO_DATE,ERROR_FOR_DIVISION_BY_ZERO,TRADITIONAL,NO_ENGINE_SUBSTITUTION {{(pid=109730) _check_effective_sql_mode /opt/stack/data/venv/lib/python3.12/site-packages/oslo_db/sqlalchemy/engines.py:325}}
Apr 25 16:26:52.742567 np0000170207 devstack@n-api-meta.service[109730]: DEBUG dbcounter [-] [109730] Writer thread running {{(pid=109730) stat_writer /opt/stack/data/venv/lib/python3.12/site-packages/dbcounter.py:102}}
Apr 25 16:26:52.757453 np0000170207 devstack@n-api-meta.service[109733]: WARNING nova.api.metadata.handler [None req-7e3f0cb1-c873-4940-bb5c-8af915a0ea59 None None] metadata_proxy_shared_secret is not configured, the metadata information returned by the proxy cannot be trusted
Apr 25 16:26:52.760722 np0000170207 devstack@n-api-meta.service[109733]: DEBUG nova.api.openstack.wsgi_app [None req-7e3f0cb1-c873-4940-bb5c-8af915a0ea59 None None] ******************************************************************************** {{(pid=109733) log_opt_values /opt/stack/data/venv/lib/python3.12/site-packages/oslo_config/cfg.py:2979}}
Apr 25 16:26:52.760938 np0000170207 devstack@n-api-meta.service[109733]: DEBUG nova.api.openstack.wsgi_app [None req-7e3f0cb1-c873-4940-bb5c-8af915a0ea59 None None] Configuration options gathered from: {{(pid=109733) log_opt_values /opt/stack/data/venv/lib/python3.12/site-packages/oslo_config/cfg.py:2980}}
Apr 25 16:26:52.761150 np0000170207 devstack@n-api-meta.service[109733]: DEBUG nova.api.openstack.wsgi_app [None req-7e3f0cb1-c873-4940-bb5c-8af915a0ea59 None None] command line args: [] {{(pid=109733) log_opt_values /opt/stack/data/venv/lib/python3.12/site-packages/oslo_config/cfg.py:2981}}
Apr 25 16:26:52.761380 np0000170207 devstack@n-api-meta.service[109733]: DEBUG nova.api.openstack.wsgi_app [None req-7e3f0cb1-c873-4940-bb5c-8af915a0ea59 None None] config files: ['/etc/nova/api-paste.ini', '/etc/nova/nova.conf'] {{(pid=109733) log_opt_values /opt/stack/data/venv/lib/python3.12/site-packages/oslo_config/cfg.py:2982}}
Apr 25 16:26:52.761644 np0000170207 devstack@n-api-meta.service[109733]: DEBUG nova.api.openstack.wsgi_app [None req-7e3f0cb1-c873-4940-bb5c-8af915a0ea59 None None] ================================================================================ {{(pid=109733) log_opt_values /opt/stack/data/venv/lib/python3.12/site-packages/oslo_config/cfg.py:2987}}
Apr 25 16:26:52.761894 np0000170207 devstack@n-api-meta.service[109733]: DEBUG nova.api.openstack.wsgi_app [None req-7e3f0cb1-c873-4940-bb5c-8af915a0ea59 None None] allow_resize_to_same_host = True {{(pid=109733) log_opt_values /opt/stack/data/venv/lib/python3.12/site-packages/oslo_config/cfg.py:2995}}
Apr 25 16:26:52.762147 np0000170207 devstack@n-api-meta.service[109733]: DEBUG nova.api.openstack.wsgi_app [None req-7e3f0cb1-c873-4940-bb5c-8af915a0ea59 None None] arq_binding_timeout = 300 {{(pid=109733) log_opt_values /opt/stack/data/venv/lib/python3.12/site-packages/oslo_config/cfg.py:2995}}
Apr 25 16:26:52.762357 np0000170207 devstack@n-api-meta.service[109733]: DEBUG nova.api.openstack.wsgi_app [None req-7e3f0cb1-c873-4940-bb5c-8af915a0ea59 None None] block_device_allocate_retries = 60 {{(pid=109733) log_opt_values /opt/stack/data/venv/lib/python3.12/site-packages/oslo_config/cfg.py:2995}}
Apr 25 16:26:52.762563 np0000170207 devstack@n-api-meta.service[109733]: DEBUG nova.api.openstack.wsgi_app [None req-7e3f0cb1-c873-4940-bb5c-8af915a0ea59 None None] block_device_allocate_retries_interval = 3 {{(pid=109733) log_opt_values /opt/stack/data/venv/lib/python3.12/site-packages/oslo_config/cfg.py:2995}}
Apr 25 16:26:52.762797 np0000170207 devstack@n-api-meta.service[109733]: DEBUG nova.api.openstack.wsgi_app [None req-7e3f0cb1-c873-4940-bb5c-8af915a0ea59 None None] cell_worker_thread_pool_size = 5 {{(pid=109733) log_opt_values /opt/stack/data/venv/lib/python3.12/site-packages/oslo_config/cfg.py:2995}}
Apr 25 16:26:52.763054 np0000170207 devstack@n-api-meta.service[109733]: DEBUG nova.api.openstack.wsgi_app [None req-7e3f0cb1-c873-4940-bb5c-8af915a0ea59 None None] cert = self.pem {{(pid=109733) log_opt_values /opt/stack/data/venv/lib/python3.12/site-packages/oslo_config/cfg.py:2995}}
Apr 25 16:26:52.763267 np0000170207 devstack@n-api-meta.service[109731]: DEBUG dbcounter [-] [109731] Writer thread running {{(pid=109731) stat_writer /opt/stack/data/venv/lib/python3.12/site-packages/dbcounter.py:102}}
Apr 25 16:26:52.763349 np0000170207 devstack@n-api-meta.service[109733]: DEBUG nova.api.openstack.wsgi_app [None req-7e3f0cb1-c873-4940-bb5c-8af915a0ea59 None None] compute_driver = libvirt.LibvirtDriver {{(pid=109733) log_opt_values /opt/stack/data/venv/lib/python3.12/site-packages/oslo_config/cfg.py:2995}}
Apr 25 16:26:52.763548 np0000170207 devstack@n-api-meta.service[109733]: DEBUG nova.api.openstack.wsgi_app [None req-7e3f0cb1-c873-4940-bb5c-8af915a0ea59 None None] compute_monitors = [] {{(pid=109733) log_opt_values /opt/stack/data/venv/lib/python3.12/site-packages/oslo_config/cfg.py:2995}}
Apr 25 16:26:52.763753 np0000170207 devstack@n-api-meta.service[109733]: DEBUG nova.api.openstack.wsgi_app [None req-7e3f0cb1-c873-4940-bb5c-8af915a0ea59 None None] config_dir = [] {{(pid=109733) log_opt_values /opt/stack/data/venv/lib/python3.12/site-packages/oslo_config/cfg.py:2995}}
Apr 25 16:26:52.763996 np0000170207 devstack@n-api-meta.service[109733]: DEBUG nova.api.openstack.wsgi_app [None req-7e3f0cb1-c873-4940-bb5c-8af915a0ea59 None None] config_drive_format = iso9660 {{(pid=109733) log_opt_values /opt/stack/data/venv/lib/python3.12/site-packages/oslo_config/cfg.py:2995}}
Apr 25 16:26:52.764143 np0000170207 devstack@n-api-meta.service[109731]: DEBUG dbcounter [-] [109731] Writer thread running {{(pid=109731) stat_writer /opt/stack/data/venv/lib/python3.12/site-packages/dbcounter.py:102}}
Apr 25 16:26:52.764251 np0000170207 devstack@n-api-meta.service[109733]: DEBUG nova.api.openstack.wsgi_app [None req-7e3f0cb1-c873-4940-bb5c-8af915a0ea59 None None] config_file = ['/etc/nova/api-paste.ini', '/etc/nova/nova.conf'] {{(pid=109733) log_opt_values /opt/stack/data/venv/lib/python3.12/site-packages/oslo_config/cfg.py:2995}}
Apr 25 16:26:52.764449 np0000170207 devstack@n-api-meta.service[109733]: DEBUG nova.api.openstack.wsgi_app [None req-7e3f0cb1-c873-4940-bb5c-8af915a0ea59 None None] config_source = [] {{(pid=109733) log_opt_values /opt/stack/data/venv/lib/python3.12/site-packages/oslo_config/cfg.py:2995}}
Apr 25 16:26:52.764663 np0000170207 devstack@n-api-meta.service[109733]: DEBUG nova.api.openstack.wsgi_app [None req-7e3f0cb1-c873-4940-bb5c-8af915a0ea59 None None] console_host = np0000170207 {{(pid=109733) log_opt_values /opt/stack/data/venv/lib/python3.12/site-packages/oslo_config/cfg.py:2995}}
Apr 25 16:26:52.764865 np0000170207 devstack@n-api-meta.service[109733]: DEBUG nova.api.openstack.wsgi_app [None req-7e3f0cb1-c873-4940-bb5c-8af915a0ea59 None None] control_exchange = nova {{(pid=109733) log_opt_values /opt/stack/data/venv/lib/python3.12/site-packages/oslo_config/cfg.py:2995}}
Apr 25 16:26:52.765087 np0000170207 devstack@n-api-meta.service[109733]: DEBUG nova.api.openstack.wsgi_app [None req-7e3f0cb1-c873-4940-bb5c-8af915a0ea59 None None] cpu_allocation_ratio = None {{(pid=109733) log_opt_values /opt/stack/data/venv/lib/python3.12/site-packages/oslo_config/cfg.py:2995}}
Apr 25 16:26:52.765284 np0000170207 devstack@n-api-meta.service[109733]: DEBUG nova.api.openstack.wsgi_app [None req-7e3f0cb1-c873-4940-bb5c-8af915a0ea59 None None] daemon = False {{(pid=109733) log_opt_values /opt/stack/data/venv/lib/python3.12/site-packages/oslo_config/cfg.py:2995}}
Apr 25 16:26:52.765484 np0000170207 devstack@n-api-meta.service[109733]: DEBUG nova.api.openstack.wsgi_app [None req-7e3f0cb1-c873-4940-bb5c-8af915a0ea59 None None] debug = True {{(pid=109733) log_opt_values /opt/stack/data/venv/lib/python3.12/site-packages/oslo_config/cfg.py:2995}}
Apr 25 16:26:52.765678 np0000170207 devstack@n-api-meta.service[109733]: DEBUG nova.api.openstack.wsgi_app [None req-7e3f0cb1-c873-4940-bb5c-8af915a0ea59 None None] default_access_ip_network_name = None {{(pid=109733) log_opt_values /opt/stack/data/venv/lib/python3.12/site-packages/oslo_config/cfg.py:2995}}
Apr 25 16:26:52.765877 np0000170207 devstack@n-api-meta.service[109733]: DEBUG nova.api.openstack.wsgi_app [None req-7e3f0cb1-c873-4940-bb5c-8af915a0ea59 None None] default_availability_zone = nova {{(pid=109733) log_opt_values /opt/stack/data/venv/lib/python3.12/site-packages/oslo_config/cfg.py:2995}}
Apr 25 16:26:52.766118 np0000170207 devstack@n-api-meta.service[109733]: DEBUG nova.api.openstack.wsgi_app [None req-7e3f0cb1-c873-4940-bb5c-8af915a0ea59 None None] default_ephemeral_format = ext4 {{(pid=109733) log_opt_values /opt/stack/data/venv/lib/python3.12/site-packages/oslo_config/cfg.py:2995}}
Apr 25 16:26:52.766335 np0000170207 devstack@n-api-meta.service[109733]: DEBUG nova.api.openstack.wsgi_app [None req-7e3f0cb1-c873-4940-bb5c-8af915a0ea59 None None] default_green_pool_size = 1000 {{(pid=109733) log_opt_values /opt/stack/data/venv/lib/python3.12/site-packages/oslo_config/cfg.py:2995}}
Apr 25 16:26:52.766656 np0000170207 devstack@n-api-meta.service[109733]: DEBUG nova.api.openstack.wsgi_app [None req-7e3f0cb1-c873-4940-bb5c-8af915a0ea59 None None] default_log_levels = ['amqp=WARN', 'boto=WARN', 'sqlalchemy=WARN', 'suds=INFO', 'oslo.messaging=INFO', 'oslo_messaging=INFO', 'iso8601=WARN', 'requests.packages.urllib3.connectionpool=WARN', 'urllib3.connectionpool=WARN', 'websocket=WARN', 'requests.packages.urllib3.util.retry=WARN', 'urllib3.util.retry=WARN', 'keystonemiddleware=WARN', 'routes.middleware=WARN', 'stevedore=WARN', 'taskflow=WARN', 'keystoneauth=WARN', 'oslo.cache=INFO', 'oslo_policy=INFO', 'dogpile.core.dogpile=INFO', 'glanceclient=WARN', 'oslo.privsep.daemon=INFO'] {{(pid=109733) log_opt_values /opt/stack/data/venv/lib/python3.12/site-packages/oslo_config/cfg.py:2995}}
Apr 25 16:26:52.766939 np0000170207 devstack@n-api-meta.service[109733]: DEBUG nova.api.openstack.wsgi_app [None req-7e3f0cb1-c873-4940-bb5c-8af915a0ea59 None None] default_schedule_zone = None {{(pid=109733) log_opt_values /opt/stack/data/venv/lib/python3.12/site-packages/oslo_config/cfg.py:2995}}
Apr 25 16:26:52.767178 np0000170207 devstack@n-api-meta.service[109733]: DEBUG nova.api.openstack.wsgi_app [None req-7e3f0cb1-c873-4940-bb5c-8af915a0ea59 None None] default_thread_pool_size = 10 {{(pid=109733) log_opt_values /opt/stack/data/venv/lib/python3.12/site-packages/oslo_config/cfg.py:2995}}
Apr 25 16:26:52.767428 np0000170207 devstack@n-api-meta.service[109733]: DEBUG nova.api.openstack.wsgi_app [None req-7e3f0cb1-c873-4940-bb5c-8af915a0ea59 None None] disk_allocation_ratio = None {{(pid=109733) log_opt_values /opt/stack/data/venv/lib/python3.12/site-packages/oslo_config/cfg.py:2995}}
Apr 25 16:26:52.767639 np0000170207 devstack@n-api-meta.service[109733]: DEBUG nova.api.openstack.wsgi_app [None req-7e3f0cb1-c873-4940-bb5c-8af915a0ea59 None None] enable_new_services = True {{(pid=109733) log_opt_values /opt/stack/data/venv/lib/python3.12/site-packages/oslo_config/cfg.py:2995}}
Apr 25 16:26:52.767840 np0000170207 devstack@n-api-meta.service[109733]: DEBUG nova.api.openstack.wsgi_app [None req-7e3f0cb1-c873-4940-bb5c-8af915a0ea59 None None] flat_injected = False {{(pid=109733) log_opt_values /opt/stack/data/venv/lib/python3.12/site-packages/oslo_config/cfg.py:2995}}
Apr 25 16:26:52.768057 np0000170207 devstack@n-api-meta.service[109733]: DEBUG nova.api.openstack.wsgi_app [None req-7e3f0cb1-c873-4940-bb5c-8af915a0ea59 None None] force_config_drive = False {{(pid=109733) log_opt_values /opt/stack/data/venv/lib/python3.12/site-packages/oslo_config/cfg.py:2995}}
Apr 25 16:26:52.768272 np0000170207 devstack@n-api-meta.service[109733]: DEBUG nova.api.openstack.wsgi_app [None req-7e3f0cb1-c873-4940-bb5c-8af915a0ea59 None None] force_raw_images = True {{(pid=109733) log_opt_values /opt/stack/data/venv/lib/python3.12/site-packages/oslo_config/cfg.py:2995}}
Apr 25 16:26:52.768482 np0000170207 devstack@n-api-meta.service[109733]: DEBUG nova.api.openstack.wsgi_app [None req-7e3f0cb1-c873-4940-bb5c-8af915a0ea59 None None] graceful_shutdown_timeout = 5 {{(pid=109733) log_opt_values /opt/stack/data/venv/lib/python3.12/site-packages/oslo_config/cfg.py:2995}}
Apr 25 16:26:52.768667 np0000170207 devstack@n-api-meta.service[109731]: INFO dbcounter [None req-884f9407-c751-4b54-a04e-53c4f47fbd4c None None] Registered counter for database nova_cell0
Apr 25 16:26:52.768754 np0000170207 devstack@n-api-meta.service[109733]: DEBUG nova.api.openstack.wsgi_app [None req-7e3f0cb1-c873-4940-bb5c-8af915a0ea59 None None] heal_instance_info_cache_interval = -1 {{(pid=109733) log_opt_values /opt/stack/data/venv/lib/python3.12/site-packages/oslo_config/cfg.py:2995}}
Apr 25 16:26:52.769020 np0000170207 devstack@n-api-meta.service[109733]: DEBUG nova.api.openstack.wsgi_app [None req-7e3f0cb1-c873-4940-bb5c-8af915a0ea59 None None] host = np0000170207 {{(pid=109733) log_opt_values /opt/stack/data/venv/lib/python3.12/site-packages/oslo_config/cfg.py:2995}}
Apr 25 16:26:52.769243 np0000170207 devstack@n-api-meta.service[109733]: DEBUG nova.api.openstack.wsgi_app [None req-7e3f0cb1-c873-4940-bb5c-8af915a0ea59 None None] initial_cpu_allocation_ratio = 4.0 {{(pid=109733) log_opt_values /opt/stack/data/venv/lib/python3.12/site-packages/oslo_config/cfg.py:2995}}
Apr 25 16:26:52.769445 np0000170207 devstack@n-api-meta.service[109733]: DEBUG nova.api.openstack.wsgi_app [None req-7e3f0cb1-c873-4940-bb5c-8af915a0ea59 None None] initial_disk_allocation_ratio = 1.0 {{(pid=109733) log_opt_values /opt/stack/data/venv/lib/python3.12/site-packages/oslo_config/cfg.py:2995}}
Apr 25 16:26:52.769655 np0000170207 devstack@n-api-meta.service[109733]: DEBUG nova.api.openstack.wsgi_app [None req-7e3f0cb1-c873-4940-bb5c-8af915a0ea59 None None] initial_ram_allocation_ratio = 1.0 {{(pid=109733) log_opt_values /opt/stack/data/venv/lib/python3.12/site-packages/oslo_config/cfg.py:2995}}
Apr 25 16:26:52.769906 np0000170207 devstack@n-api-meta.service[109733]: DEBUG nova.api.openstack.wsgi_app [None req-7e3f0cb1-c873-4940-bb5c-8af915a0ea59 None None] injected_network_template = /opt/stack/nova/nova/virt/interfaces.template {{(pid=109733) log_opt_values /opt/stack/data/venv/lib/python3.12/site-packages/oslo_config/cfg.py:2995}}
Apr 25 16:26:52.770247 np0000170207 devstack@n-api-meta.service[109733]: DEBUG nova.api.openstack.wsgi_app [None req-7e3f0cb1-c873-4940-bb5c-8af915a0ea59 None None] instance_build_timeout = 0 {{(pid=109733) log_opt_values /opt/stack/data/venv/lib/python3.12/site-packages/oslo_config/cfg.py:2995}}
Apr 25 16:26:52.770482 np0000170207 devstack@n-api-meta.service[109733]: DEBUG nova.api.openstack.wsgi_app [None req-7e3f0cb1-c873-4940-bb5c-8af915a0ea59 None None] instance_delete_interval = 300 {{(pid=109733) log_opt_values /opt/stack/data/venv/lib/python3.12/site-packages/oslo_config/cfg.py:2995}}
Apr 25 16:26:52.770709 np0000170207 devstack@n-api-meta.service[109733]: DEBUG nova.api.openstack.wsgi_app [None req-7e3f0cb1-c873-4940-bb5c-8af915a0ea59 None None] instance_format = [instance: %(uuid)s] {{(pid=109733) log_opt_values /opt/stack/data/venv/lib/python3.12/site-packages/oslo_config/cfg.py:2995}}
Apr 25 16:26:52.770946 np0000170207 devstack@n-api-meta.service[109733]: DEBUG nova.api.openstack.wsgi_app [None req-7e3f0cb1-c873-4940-bb5c-8af915a0ea59 None None] instance_name_template = instance-%08x {{(pid=109733) log_opt_values /opt/stack/data/venv/lib/python3.12/site-packages/oslo_config/cfg.py:2995}}
Apr 25 16:26:52.771153 np0000170207 devstack@n-api-meta.service[109733]: DEBUG nova.api.openstack.wsgi_app [None req-7e3f0cb1-c873-4940-bb5c-8af915a0ea59 None None] instance_usage_audit = False {{(pid=109733) log_opt_values /opt/stack/data/venv/lib/python3.12/site-packages/oslo_config/cfg.py:2995}}
Apr 25 16:26:52.771366 np0000170207 devstack@n-api-meta.service[109733]: DEBUG nova.api.openstack.wsgi_app [None req-7e3f0cb1-c873-4940-bb5c-8af915a0ea59 None None] instance_usage_audit_period = month {{(pid=109733) log_opt_values /opt/stack/data/venv/lib/python3.12/site-packages/oslo_config/cfg.py:2995}}
Apr 25 16:26:52.771580 np0000170207 devstack@n-api-meta.service[109733]: DEBUG nova.api.openstack.wsgi_app [None req-7e3f0cb1-c873-4940-bb5c-8af915a0ea59 None None] instance_uuid_format = [instance: %(uuid)s] {{(pid=109733) log_opt_values /opt/stack/data/venv/lib/python3.12/site-packages/oslo_config/cfg.py:2995}}
Apr 25 16:26:52.771789 np0000170207 devstack@n-api-meta.service[109733]: DEBUG nova.api.openstack.wsgi_app [None req-7e3f0cb1-c873-4940-bb5c-8af915a0ea59 None None] instances_path = /opt/stack/data/nova/instances {{(pid=109733) log_opt_values /opt/stack/data/venv/lib/python3.12/site-packages/oslo_config/cfg.py:2995}}
Apr 25 16:26:52.772027 np0000170207 devstack@n-api-meta.service[109733]: DEBUG nova.api.openstack.wsgi_app [None req-7e3f0cb1-c873-4940-bb5c-8af915a0ea59 None None] internal_service_availability_zone = internal {{(pid=109733) log_opt_values /opt/stack/data/venv/lib/python3.12/site-packages/oslo_config/cfg.py:2995}}
Apr 25 16:26:52.772239 np0000170207 devstack@n-api-meta.service[109733]: DEBUG nova.api.openstack.wsgi_app [None req-7e3f0cb1-c873-4940-bb5c-8af915a0ea59 None None] key = None {{(pid=109733) log_opt_values /opt/stack/data/venv/lib/python3.12/site-packages/oslo_config/cfg.py:2995}}
