Jun 29 04:25:03.490003 np0000183323 devstack@neutron-api.service[103546]: DEBUG ovsdbapp.backend.ovs_idl [None req-831492ad-8b79-4739-a601-661db6f36bfe None None] Created schema index Copp.name {{(pid=103546) autocreate_indices /opt/stack/data/venv/lib/python3.12/site-packages/ovsdbapp/backend/ovs_idl/__init__.py:106}}
Jun 29 04:25:03.490096 np0000183323 devstack@neutron-api.service[103546]: DEBUG ovsdbapp.backend.ovs_idl [None req-831492ad-8b79-4739-a601-661db6f36bfe None None] Created schema index Meter.name {{(pid=103546) autocreate_indices /opt/stack/data/venv/lib/python3.12/site-packages/ovsdbapp/backend/ovs_idl/__init__.py:106}}
Jun 29 04:25:03.490185 np0000183323 devstack@neutron-api.service[103546]: DEBUG ovsdbapp.backend.ovs_idl [None req-831492ad-8b79-4739-a601-661db6f36bfe None None] Created schema index Load_Balancer_Group.name {{(pid=103546) autocreate_indices /opt/stack/data/venv/lib/python3.12/site-packages/ovsdbapp/backend/ovs_idl/__init__.py:106}}
Jun 29 04:25:03.490277 np0000183323 devstack@neutron-api.service[103546]: DEBUG ovsdbapp.backend.ovs_idl [None req-831492ad-8b79-4739-a601-661db6f36bfe None None] Created schema index HA_Chassis_Group.name {{(pid=103546) autocreate_indices /opt/stack/data/venv/lib/python3.12/site-packages/ovsdbapp/backend/ovs_idl/__init__.py:106}}
Jun 29 04:25:03.490367 np0000183323 devstack@neutron-api.service[103546]: DEBUG ovsdbapp.backend.ovs_idl [None req-831492ad-8b79-4739-a601-661db6f36bfe None None] Created schema index Address_Set.name {{(pid=103546) autocreate_indices /opt/stack/data/venv/lib/python3.12/site-packages/ovsdbapp/backend/ovs_idl/__init__.py:106}}
Jun 29 04:25:03.490465 np0000183323 devstack@neutron-api.service[103546]: DEBUG ovsdbapp.backend.ovs_idl [None req-831492ad-8b79-4739-a601-661db6f36bfe None None] Created schema index Connection.target {{(pid=103546) autocreate_indices /opt/stack/data/venv/lib/python3.12/site-packages/ovsdbapp/backend/ovs_idl/__init__.py:106}}
Jun 29 04:25:03.490557 np0000183323 devstack@neutron-api.service[103546]: DEBUG ovsdbapp.backend.ovs_idl [None req-831492ad-8b79-4739-a601-661db6f36bfe None None] Created schema index Gateway_Chassis.name {{(pid=103546) autocreate_indices /opt/stack/data/venv/lib/python3.12/site-packages/ovsdbapp/backend/ovs_idl/__init__.py:106}}
Jun 29 04:25:03.490680 np0000183323 devstack@neutron-api.service[103546]: DEBUG ovsdbapp.backend.ovs_idl [None req-831492ad-8b79-4739-a601-661db6f36bfe None None] Created schema index Mirror.name {{(pid=103546) autocreate_indices /opt/stack/data/venv/lib/python3.12/site-packages/ovsdbapp/backend/ovs_idl/__init__.py:106}}
Jun 29 04:25:03.490785 np0000183323 devstack@neutron-api.service[103546]: DEBUG ovsdbapp.backend.ovs_idl [None req-831492ad-8b79-4739-a601-661db6f36bfe None None] Created schema index Chassis_Template_Var.chassis {{(pid=103546) autocreate_indices /opt/stack/data/venv/lib/python3.12/site-packages/ovsdbapp/backend/ovs_idl/__init__.py:106}}
Jun 29 04:25:03.490961 np0000183323 devstack@neutron-api.service[103546]: DEBUG ovsdbapp.backend.ovs_idl [None req-831492ad-8b79-4739-a601-661db6f36bfe None None] Created schema index Logical_Router_Port.name {{(pid=103546) autocreate_indices /opt/stack/data/venv/lib/python3.12/site-packages/ovsdbapp/backend/ovs_idl/__init__.py:106}}
Jun 29 04:25:03.491054 np0000183323 devstack@neutron-api.service[103546]: DEBUG ovsdbapp.backend.ovs_idl [None req-831492ad-8b79-4739-a601-661db6f36bfe None None] Created schema index Port_Group.name {{(pid=103546) autocreate_indices /opt/stack/data/venv/lib/python3.12/site-packages/ovsdbapp/backend/ovs_idl/__init__.py:106}}
Jun 29 04:25:03.491143 np0000183323 devstack@neutron-api.service[103546]: DEBUG ovsdbapp.backend.ovs_idl [None req-831492ad-8b79-4739-a601-661db6f36bfe None None] Created schema index Logical_Switch_Port.name {{(pid=103546) autocreate_indices /opt/stack/data/venv/lib/python3.12/site-packages/ovsdbapp/backend/ovs_idl/__init__.py:106}}
Jun 29 04:25:03.493633 np0000183323 devstack@neutron-api.service[103546]: INFO ovsdbapp.backend.ovs_idl.vlog [None req-831492ad-8b79-4739-a601-661db6f36bfe None None] ssl:199.204.45.223:6641: connecting...
Jun 29 04:25:03.498687 np0000183323 devstack@neutron-api.service[103546]: INFO ovsdbapp.backend.ovs_idl.vlog [None req-831492ad-8b79-4739-a601-661db6f36bfe None None] ssl:199.204.45.223:6641: connected
Jun 29 04:25:03.527890 np0000183323 devstack@neutron-api.service[103546]: DEBUG neutron.common.ovn.hash_ring_manager [None req-831492ad-8b79-4739-a601-661db6f36bfe None None] Disallow caching, nodes 1<4 {{(pid=103546) _wait_startup_before_caching /opt/stack/neutron/neutron/common/ovn/hash_ring_manager.py:79}}
Jun 29 04:25:03.533016 np0000183323 devstack@neutron-api.service[103546]: DEBUG neutron.common.ovn.hash_ring_manager [None req-831492ad-8b79-4739-a601-661db6f36bfe None None] Hash Ring loaded. 1 active nodes. 0 offline nodes {{(pid=103546) _load_hash_ring /opt/stack/neutron/neutron/common/ovn/hash_ring_manager.py:110}}
Jun 29 04:25:03.533178 np0000183323 devstack@neutron-api.service[103546]: DEBUG neutron.plugins.ml2.drivers.ovn.mech_driver.ovsdb.ovsdb_monitor [None req-831492ad-8b79-4739-a601-661db6f36bfe None None] Hash Ring: Node acae09fc3fff5449a559ee76b7039e4e (host: np0000183323) handling event "create" for row 7416c7e9-4e07-438a-b182-8b6df645b85b (table: ACL) {{(pid=103546) notify /opt/stack/neutron/neutron/plugins/ml2/drivers/ovn/mech_driver/ovsdb/ovsdb_monitor.py:1015}}
Jun 29 04:25:03.538917 np0000183323 devstack@neutron-api.service[103546]: DEBUG neutron.common.ovn.hash_ring_manager [None req-831492ad-8b79-4739-a601-661db6f36bfe None None] Hash Ring loaded. 1 active nodes. 0 offline nodes {{(pid=103546) _load_hash_ring /opt/stack/neutron/neutron/common/ovn/hash_ring_manager.py:110}}
Jun 29 04:25:03.539062 np0000183323 devstack@neutron-api.service[103546]: DEBUG neutron.plugins.ml2.drivers.ovn.mech_driver.ovsdb.ovsdb_monitor [None req-831492ad-8b79-4739-a601-661db6f36bfe None None] Hash Ring: Node acae09fc3fff5449a559ee76b7039e4e (host: np0000183323) handling event "create" for row 9278accc-5df3-48e9-aa0b-a4f7b18aa502 (table: ACL) {{(pid=103546) notify /opt/stack/neutron/neutron/plugins/ml2/drivers/ovn/mech_driver/ovsdb/ovsdb_monitor.py:1015}}
Jun 29 04:25:03.545267 np0000183323 devstack@neutron-api.service[103546]: DEBUG neutron.common.ovn.hash_ring_manager [None req-831492ad-8b79-4739-a601-661db6f36bfe None None] Hash Ring loaded. 1 active nodes. 0 offline nodes {{(pid=103546) _load_hash_ring /opt/stack/neutron/neutron/common/ovn/hash_ring_manager.py:110}}
Jun 29 04:25:03.545446 np0000183323 devstack@neutron-api.service[103546]: DEBUG neutron.plugins.ml2.drivers.ovn.mech_driver.ovsdb.ovsdb_monitor [None req-831492ad-8b79-4739-a601-661db6f36bfe None None] Hash Ring: Node acae09fc3fff5449a559ee76b7039e4e (host: np0000183323) handling event "create" for row 85cb5bad-54b5-424d-9c86-816191c1db36 (table: Connection) {{(pid=103546) notify /opt/stack/neutron/neutron/plugins/ml2/drivers/ovn/mech_driver/ovsdb/ovsdb_monitor.py:1015}}
Jun 29 04:25:03.550921 np0000183323 devstack@neutron-api.service[103546]: DEBUG neutron.common.ovn.hash_ring_manager [None req-831492ad-8b79-4739-a601-661db6f36bfe None None] Hash Ring loaded. 1 active nodes. 0 offline nodes {{(pid=103546) _load_hash_ring /opt/stack/neutron/neutron/common/ovn/hash_ring_manager.py:110}}
Jun 29 04:25:03.551050 np0000183323 devstack@neutron-api.service[103546]: DEBUG neutron.plugins.ml2.drivers.ovn.mech_driver.ovsdb.ovsdb_monitor [None req-831492ad-8b79-4739-a601-661db6f36bfe None None] Hash Ring: Node acae09fc3fff5449a559ee76b7039e4e (host: np0000183323) handling event "create" for row 11474ae2-3e8d-4c2d-ab14-f2796f129a7a (table: NB_Global) {{(pid=103546) notify /opt/stack/neutron/neutron/plugins/ml2/drivers/ovn/mech_driver/ovsdb/ovsdb_monitor.py:1015}}
Jun 29 04:25:03.555949 np0000183323 devstack@neutron-api.service[103546]: DEBUG neutron.common.ovn.hash_ring_manager [None req-831492ad-8b79-4739-a601-661db6f36bfe None None] Hash Ring loaded. 1 active nodes. 0 offline nodes {{(pid=103546) _load_hash_ring /opt/stack/neutron/neutron/common/ovn/hash_ring_manager.py:110}}
Jun 29 04:25:03.556071 np0000183323 devstack@neutron-api.service[103546]: DEBUG neutron.plugins.ml2.drivers.ovn.mech_driver.ovsdb.ovsdb_monitor [None req-831492ad-8b79-4739-a601-661db6f36bfe None None] Hash Ring: Node acae09fc3fff5449a559ee76b7039e4e (host: np0000183323) handling event "create" for row 18f5bcb9-366f-410f-a58d-33565ff8aa3d (table: Port_Group) {{(pid=103546) notify /opt/stack/neutron/neutron/plugins/ml2/drivers/ovn/mech_driver/ovsdb/ovsdb_monitor.py:1015}}
Jun 29 04:25:03.561126 np0000183323 devstack@neutron-api.service[103546]: DEBUG neutron.common.ovn.hash_ring_manager [None req-831492ad-8b79-4739-a601-661db6f36bfe None None] Hash Ring loaded. 1 active nodes. 0 offline nodes {{(pid=103546) _load_hash_ring /opt/stack/neutron/neutron/common/ovn/hash_ring_manager.py:110}}
Jun 29 04:25:03.561259 np0000183323 devstack@neutron-api.service[103546]: DEBUG neutron.plugins.ml2.drivers.ovn.mech_driver.ovsdb.ovsdb_monitor [None req-831492ad-8b79-4739-a601-661db6f36bfe None None] Hash Ring: Node acae09fc3fff5449a559ee76b7039e4e (host: np0000183323) handling event "create" for row 0d7d822b-1287-45a0-993e-4d2207c9e942 (table: SSL) {{(pid=103546) notify /opt/stack/neutron/neutron/plugins/ml2/drivers/ovn/mech_driver/ovsdb/ovsdb_monitor.py:1015}}
Jun 29 04:25:03.562552 np0000183323 devstack@neutron-api.service[103546]: INFO neutron.plugins.ml2.drivers.ovn.mech_driver.ovsdb.impl_idl_ovn [None req-831492ad-8b79-4739-a601-661db6f36bfe None None] Getting OvsdbSbOvnIdl for WorkerService with retry
Jun 29 04:25:03.591110 np0000183323 devstack@neutron-api.service[103546]: DEBUG ovsdbapp.backend.ovs_idl [None req-831492ad-8b79-4739-a601-661db6f36bfe None None] Created lookup_table index Chassis.name {{(pid=103546) autocreate_indices /opt/stack/data/venv/lib/python3.12/site-packages/ovsdbapp/backend/ovs_idl/__init__.py:87}}
Jun 29 04:25:03.591227 np0000183323 devstack@neutron-api.service[103546]: DEBUG ovsdbapp.backend.ovs_idl [None req-831492ad-8b79-4739-a601-661db6f36bfe None None] Created lookup_table index Port_Binding.logical_port {{(pid=103546) autocreate_indices /opt/stack/data/venv/lib/python3.12/site-packages/ovsdbapp/backend/ovs_idl/__init__.py:87}}
Jun 29 04:25:03.591318 np0000183323 devstack@neutron-api.service[103546]: DEBUG ovsdbapp.backend.ovs_idl [None req-831492ad-8b79-4739-a601-661db6f36bfe None None] Created schema index Chassis_Private.name {{(pid=103546) autocreate_indices /opt/stack/data/venv/lib/python3.12/site-packages/ovsdbapp/backend/ovs_idl/__init__.py:106}}
Jun 29 04:25:03.591382 np0000183323 devstack@neutron-api.service[103546]: DEBUG ovsdbapp.backend.ovs_idl [None req-831492ad-8b79-4739-a601-661db6f36bfe None None] Created schema index Datapath_Binding.tunnel_key {{(pid=103546) autocreate_indices /opt/stack/data/venv/lib/python3.12/site-packages/ovsdbapp/backend/ovs_idl/__init__.py:106}}
Jun 29 04:25:03.593246 np0000183323 devstack@neutron-api.service[103546]: INFO ovsdbapp.backend.ovs_idl.vlog [None req-831492ad-8b79-4739-a601-661db6f36bfe None None] ssl:199.204.45.223:6642: connecting...
Jun 29 04:25:03.597018 np0000183323 devstack@neutron-api.service[103546]: INFO ovsdbapp.backend.ovs_idl.vlog [None req-831492ad-8b79-4739-a601-661db6f36bfe None None] ssl:199.204.45.223:6642: connected
Jun 29 04:25:03.621326 np0000183323 devstack@neutron-api.service[103546]: DEBUG neutron.common.ovn.hash_ring_manager [None req-831492ad-8b79-4739-a601-661db6f36bfe None None] Disallow caching, nodes 1<4 {{(pid=103546) _wait_startup_before_caching /opt/stack/neutron/neutron/common/ovn/hash_ring_manager.py:79}}
Jun 29 04:25:03.625278 np0000183323 devstack@neutron-api.service[103546]: DEBUG neutron.common.ovn.hash_ring_manager [None req-831492ad-8b79-4739-a601-661db6f36bfe None None] Hash Ring loaded. 1 active nodes. 0 offline nodes {{(pid=103546) _load_hash_ring /opt/stack/neutron/neutron/common/ovn/hash_ring_manager.py:110}}
Jun 29 04:25:03.625396 np0000183323 devstack@neutron-api.service[103546]: DEBUG neutron.plugins.ml2.drivers.ovn.mech_driver.ovsdb.ovsdb_monitor [None req-831492ad-8b79-4739-a601-661db6f36bfe None None] Hash Ring: Node acae09fc3fff5449a559ee76b7039e4e (host: np0000183323) handling event "create" for row fa53bb55-e2a7-4d77-a4bb-28beea60ae32 (table: Chassis) {{(pid=103546) notify /opt/stack/neutron/neutron/plugins/ml2/drivers/ovn/mech_driver/ovsdb/ovsdb_monitor.py:1015}}
Jun 29 04:25:03.627920 np0000183323 devstack@neutron-api.service[103546]: DEBUG ovsdbapp.backend.ovs_idl.event [None req-831492ad-8b79-4739-a601-661db6f36bfe None None] Matched CREATE: ChassisBandwidthConfigEvent(events=('create', 'update'), table='Chassis', conditions=None, old_conditions=None), priority=20 to row=Chassis(uuid=fa53bb55-e2a7-4d77-a4bb-28beea60ae32, encaps=[90efd020-0f01-41c6-9975-146d0c27b373], external_ids={}, hostname='np0000183323', name='32273e8b-8e10-41b4-b165-46338deb5970', nb_cfg=0, other_config={'ct-commit-nat-v2': 'true', 'ct-commit-to-zone': 'true', 'ct-next-zone': 'true', 'ct-no-masked-label': 'true', 'ct-state-save': 'true', 'datapath-type': 'system', 'fdb-timestamp': 'true', 'iface-types': 'afxdp,afxdp-nonpmd,bareudp,erspan,geneve,gre,gtpu,internal,ip6erspan,ip6gre,lisp,patch,srv6,stt,system,tap,vxlan', 'is-interconn': 'false', 'ls-dpg-column': 'true', 'mac-binding-timestamp': 'true', 'ovn-bridge-mappings': 'public:br-ex', 'ovn-chassis-mac-mappings': '', 'ovn-cms-options': 'enable-chassis-as-gw', 'ovn-ct-lb-related': 'true', 'ovn-enable-lflow-cache': 'true', 'ovn-limit-lflow-cache': '', 'ovn-memlimit-lflow-cache-kb': '', 'ovn-monitor-all': 'false', 'ovn-trim-limit-lflow-cache': '', 'ovn-trim-timeout-ms': '', 'ovn-trim-wmark-perc-lflow-cache': '', 'port-up-notif': 'true'}, transport_zones=[], vtep_logical_switches=[]) old= {{(pid=103546) matches /opt/stack/data/venv/lib/python3.12/site-packages/ovsdbapp/backend/ovs_idl/event.py:55}}
Jun 29 04:25:03.627920 np0000183323 devstack@neutron-api.service[103546]: DEBUG neutron.plugins.ml2.drivers.ovn.mech_driver.ovsdb.ovsdb_monitor [None req-831492ad-8b79-4739-a601-661db6f36bfe None None] ChassisOVNAgentWriteEvent : Matched Chassis_Private, create, None None {{(pid=103546) matches /opt/stack/neutron/neutron/plugins/ml2/drivers/ovn/mech_driver/ovsdb/ovsdb_monitor.py:64}}
Jun 29 04:25:03.628323 np0000183323 devstack@neutron-api.service[103546]: DEBUG neutron.plugins.ml2.drivers.ovn.mech_driver.ovsdb.ovsdb_monitor [None req-831492ad-8b79-4739-a601-661db6f36bfe None None] ChassisAgentWriteEvent : Matched Chassis_Private, create, None None {{(pid=103546) matches /opt/stack/neutron/neutron/plugins/ml2/drivers/ovn/mech_driver/ovsdb/ovsdb_monitor.py:64}}
Jun 29 04:25:03.634077 np0000183323 devstack@neutron-api.service[103546]: DEBUG neutron.common.ovn.hash_ring_manager [None req-831492ad-8b79-4739-a601-661db6f36bfe None None] Hash Ring loaded. 1 active nodes. 0 offline nodes {{(pid=103546) _load_hash_ring /opt/stack/neutron/neutron/common/ovn/hash_ring_manager.py:110}}
Jun 29 04:25:03.634257 np0000183323 devstack@neutron-api.service[103546]: DEBUG neutron.plugins.ml2.drivers.ovn.mech_driver.ovsdb.ovsdb_monitor [None req-831492ad-8b79-4739-a601-661db6f36bfe None None] Hash Ring: Node acae09fc3fff5449a559ee76b7039e4e (host: np0000183323) handling event "create" for row 01d58e69-e5a9-41ec-beb0-6398d2e8610d (table: Chassis_Private) {{(pid=103546) notify /opt/stack/neutron/neutron/plugins/ml2/drivers/ovn/mech_driver/ovsdb/ovsdb_monitor.py:1015}}
Jun 29 04:25:03.641209 np0000183323 devstack@neutron-api.service[103546]: DEBUG neutron.common.ovn.hash_ring_manager [None req-831492ad-8b79-4739-a601-661db6f36bfe None None] Hash Ring loaded. 1 active nodes. 0 offline nodes {{(pid=103546) _load_hash_ring /opt/stack/neutron/neutron/common/ovn/hash_ring_manager.py:110}}
Jun 29 04:25:03.641388 np0000183323 devstack@neutron-api.service[103546]: DEBUG neutron.plugins.ml2.drivers.ovn.mech_driver.ovsdb.ovsdb_monitor [None req-831492ad-8b79-4739-a601-661db6f36bfe None None] Hash Ring: Node acae09fc3fff5449a559ee76b7039e4e (host: np0000183323) handling event "create" for row 90efd020-0f01-41c6-9975-146d0c27b373 (table: Encap) {{(pid=103546) notify /opt/stack/neutron/neutron/plugins/ml2/drivers/ovn/mech_driver/ovsdb/ovsdb_monitor.py:1015}}
Jun 29 04:25:03.642489 np0000183323 devstack@neutron-api.service[103546]: INFO neutron.plugins.ml2.drivers.ovn.mech_driver.mech_driver [None req-831492ad-8b79-4739-a601-661db6f36bfe None None] WorkerService process has finished the post initialization
Jun 29 04:25:03.642901 np0000183323 devstack@neutron-api.service[103546]: DEBUG oslo_concurrency.processutils [None req-831492ad-8b79-4739-a601-661db6f36bfe None None] Running cmd (subprocess): ovsdb-client transact ssl:199.204.45.223:6641 --timeout 180 -p /opt/stack/data/CA/int-ca/private/devstack-cert.key -c /opt/stack/data/CA/int-ca/devstack-cert.crt -C /opt/stack/data/CA/int-ca/ca-chain.pem ["OVN_Northbound", {"op": "wait", "timeout": 0, "table": "Port_Group", "where": [["name", "==", "pvlan_pg_drop"]], "until": "==", "rows": []}, {"op": "insert", "table": "ACL", "row": {"action": "drop", "direction": "to-lport", "match": "outport == @pvlan_pg_drop && ip", "priority": 1010}, "uuid-name": "pvlandroptoport"}, {"op": "insert", "table": "ACL", "row": {"action": "drop", "direction": "from-lport", "match": "inport == @pvlan_pg_drop && ip", "priority": 1010}, "uuid-name": "pvlandropfromport"}, {"op": "insert", "table": "Port_Group", "row": {"name": "pvlan_pg_drop", "acls": ["set", [["named-uuid", "pvlandroptoport"], ["named-uuid", "pvlandropfromport"]]]}}] {{(pid=103546) execute /opt/stack/data/venv/lib/python3.12/site-packages/oslo_concurrency/processutils.py:440}}
Jun 29 04:25:03.643908 np0000183323 devstack@neutron-api.service[103546]: INFO neutron.plugins.ml2.drivers.ovn.mech_driver.ovsdb.extensions.qos [-] Starting OVNClientQosExtension
Jun 29 04:25:03.644224 np0000183323 devstack@neutron-api.service[103546]: INFO neutron.plugins.ml2.drivers.ovn.mech_driver.ovsdb.extensions.placement [-] Starting OVNClientPlacementExtension
Jun 29 04:25:03.685009 np0000183323 devstack@neutron-api.service[103544]: INFO neutron.plugins.ml2.managers [None req-813a96dd-aaed-499d-8936-0753382cef0e None None] Initializing driver for type 'local'
Jun 29 04:25:03.685115 np0000183323 devstack@neutron-api.service[103544]: INFO neutron.plugins.ml2.managers [None req-813a96dd-aaed-499d-8936-0753382cef0e None None] Initializing driver for type 'vlan'
Jun 29 04:25:03.685361 np0000183323 devstack@neutron-api.service[103546]: DEBUG oslo_concurrency.processutils [None req-831492ad-8b79-4739-a601-661db6f36bfe None None] CMD "ovsdb-client transact ssl:199.204.45.223:6641 --timeout 180 -p /opt/stack/data/CA/int-ca/private/devstack-cert.key -c /opt/stack/data/CA/int-ca/devstack-cert.crt -C /opt/stack/data/CA/int-ca/ca-chain.pem ["OVN_Northbound", {"op": "wait", "timeout": 0, "table": "Port_Group", "where": [["name", "==", "pvlan_pg_drop"]], "until": "==", "rows": []}, {"op": "insert", "table": "ACL", "row": {"action": "drop", "direction": "to-lport", "match": "outport == @pvlan_pg_drop && ip", "priority": 1010}, "uuid-name": "pvlandroptoport"}, {"op": "insert", "table": "ACL", "row": {"action": "drop", "direction": "from-lport", "match": "inport == @pvlan_pg_drop && ip", "priority": 1010}, "uuid-name": "pvlandropfromport"}, {"op": "insert", "table": "Port_Group", "row": {"name": "pvlan_pg_drop", "acls": ["set", [["named-uuid", "pvlandroptoport"], ["named-uuid", "pvlandropfromport"]]]}}]" returned: 0 in 0.042s {{(pid=103546) execute /opt/stack/data/venv/lib/python3.12/site-packages/oslo_concurrency/processutils.py:468}}
Jun 29 04:25:03.689972 np0000183323 devstack@neutron-api.service[103547]: INFO neutron.plugins.ml2.managers [None req-b959fbf2-0fcd-4ff8-a90b-027508daad0c None None] Initializing driver for type 'local'
Jun 29 04:25:03.690205 np0000183323 devstack@neutron-api.service[103547]: INFO neutron.plugins.ml2.managers [None req-b959fbf2-0fcd-4ff8-a90b-027508daad0c None None] Initializing driver for type 'vlan'
Jun 29 04:25:03.691040 np0000183323 devstack@neutron-api.service[103546]: WSGI app 0 (mountpoint='') ready in 6 seconds on interpreter 0x73cd210a3668 pid: 103546 (default app)
Jun 29 04:25:03.698073 np0000183323 devstack@neutron-api.service[103545]: INFO neutron.plugins.ml2.managers [None req-55c82857-a454-4409-ae89-75d9aac2ce13 None None] Initializing driver for type 'local'
Jun 29 04:25:03.699245 np0000183323 devstack@neutron-api.service[103545]: INFO neutron.plugins.ml2.managers [None req-55c82857-a454-4409-ae89-75d9aac2ce13 None None] Initializing driver for type 'vlan'
Jun 29 04:25:03.699302 np0000183323 devstack@neutron-api.service[103546]: DEBUG neutron.common.ovn.hash_ring_manager [-] Hash Ring loaded. 1 active nodes. 0 offline nodes {{(pid=103546) _load_hash_ring /opt/stack/neutron/neutron/common/ovn/hash_ring_manager.py:110}}
Jun 29 04:25:03.699302 np0000183323 devstack@neutron-api.service[103546]: DEBUG neutron.plugins.ml2.drivers.ovn.mech_driver.ovsdb.ovsdb_monitor [-] Hash Ring: Node acae09fc3fff5449a559ee76b7039e4e (host: np0000183323) handling event "create" for row 06d33248-777f-427d-91a7-9d2dc6559cc2 (table: ACL) {{(pid=103546) notify /opt/stack/neutron/neutron/plugins/ml2/drivers/ovn/mech_driver/ovsdb/ovsdb_monitor.py:1015}}
Jun 29 04:25:03.705767 np0000183323 devstack@neutron-api.service[103546]: DEBUG neutron.common.ovn.hash_ring_manager [-] Hash Ring loaded. 1 active nodes. 0 offline nodes {{(pid=103546) _load_hash_ring /opt/stack/neutron/neutron/common/ovn/hash_ring_manager.py:110}}
Jun 29 04:25:03.705938 np0000183323 devstack@neutron-api.service[103546]: DEBUG neutron.plugins.ml2.drivers.ovn.mech_driver.ovsdb.ovsdb_monitor [-] Hash Ring: Node acae09fc3fff5449a559ee76b7039e4e (host: np0000183323) handling event "create" for row 488ae152-85c8-4504-975d-04fc4ff6fab1 (table: ACL) {{(pid=103546) notify /opt/stack/neutron/neutron/plugins/ml2/drivers/ovn/mech_driver/ovsdb/ovsdb_monitor.py:1015}}
Jun 29 04:25:03.712893 np0000183323 devstack@neutron-api.service[103546]: DEBUG neutron.common.ovn.hash_ring_manager [-] Hash Ring loaded. 1 active nodes. 0 offline nodes {{(pid=103546) _load_hash_ring /opt/stack/neutron/neutron/common/ovn/hash_ring_manager.py:110}}
Jun 29 04:25:03.713003 np0000183323 devstack@neutron-api.service[103546]: DEBUG neutron.plugins.ml2.drivers.ovn.mech_driver.ovsdb.ovsdb_monitor [-] Hash Ring: Node acae09fc3fff5449a559ee76b7039e4e (host: np0000183323) handling event "create" for row 3b897bbd-655b-40ea-afc4-01c57c5ce795 (table: Port_Group) {{(pid=103546) notify /opt/stack/neutron/neutron/plugins/ml2/drivers/ovn/mech_driver/ovsdb/ovsdb_monitor.py:1015}}
Jun 29 04:25:03.841825 np0000183323 devstack@neutron-api.service[103544]: INFO neutron.plugins.ml2.drivers.type_vlan [None req-813a96dd-aaed-499d-8936-0753382cef0e None None] VlanTypeDriver initialization complete
Jun 29 04:25:03.841989 np0000183323 devstack@neutron-api.service[103544]: INFO neutron.plugins.ml2.managers [None req-813a96dd-aaed-499d-8936-0753382cef0e None None] Initializing extension driver 'port_security'
Jun 29 04:25:03.842085 np0000183323 devstack@neutron-api.service[103544]: INFO neutron.plugins.ml2.extensions.port_security [None req-813a96dd-aaed-499d-8936-0753382cef0e None None] PortSecurityExtensionDriver initialization complete
Jun 29 04:25:03.842162 np0000183323 devstack@neutron-api.service[103544]: INFO neutron.plugins.ml2.managers [None req-813a96dd-aaed-499d-8936-0753382cef0e None None] Initializing extension driver 'qos'
Jun 29 04:25:03.842274 np0000183323 devstack@neutron-api.service[103544]: DEBUG neutron.plugins.ml2.extensions.qos [None req-813a96dd-aaed-499d-8936-0753382cef0e None None] QosExtensionDriver initialization complete {{(pid=103544) initialize /opt/stack/neutron/neutron/plugins/ml2/extensions/qos.py:31}}
Jun 29 04:25:03.842358 np0000183323 devstack@neutron-api.service[103544]: INFO neutron.plugins.ml2.managers [None req-813a96dd-aaed-499d-8936-0753382cef0e None None] Initializing mechanism driver 'ovn'
Jun 29 04:25:03.842456 np0000183323 devstack@neutron-api.service[103544]: INFO neutron.plugins.ml2.drivers.ovn.mech_driver.mech_driver [None req-813a96dd-aaed-499d-8936-0753382cef0e None None] Starting OVNMechanismDriver
Jun 29 04:25:03.844039 np0000183323 devstack@neutron-api.service[103544]: DEBUG neutron_lib.callbacks.manager [None req-813a96dd-aaed-499d-8936-0753382cef0e None None] Subscribe: > process before_spawn 55550000, False {{(pid=103544) subscribe /opt/stack/data/venv/lib/python3.12/site-packages/neutron_lib/callbacks/manager.py:52}}
Jun 29 04:25:03.844168 np0000183323 devstack@neutron-api.service[103544]: DEBUG neutron_lib.callbacks.manager [None req-813a96dd-aaed-499d-8936-0753382cef0e None None] Subscribe: > process after_init 55550000, True {{(pid=103544) subscribe /opt/stack/data/venv/lib/python3.12/site-packages/neutron_lib/callbacks/manager.py:52}}
Jun 29 04:25:03.844274 np0000183323 devstack@neutron-api.service[103544]: DEBUG neutron_lib.callbacks.manager [None req-813a96dd-aaed-499d-8936-0753382cef0e None None] Subscribe: > segment after_create 55550000, False {{(pid=103544) subscribe /opt/stack/data/venv/lib/python3.12/site-packages/neutron_lib/callbacks/manager.py:52}}
Jun 29 04:25:03.844388 np0000183323 devstack@neutron-api.service[103544]: DEBUG neutron_lib.callbacks.manager [None req-813a96dd-aaed-499d-8936-0753382cef0e None None] Subscribe: > segment after_create 55550000, False {{(pid=103544) subscribe /opt/stack/data/venv/lib/python3.12/site-packages/neutron_lib/callbacks/manager.py:52}}
Jun 29 04:25:03.844519 np0000183323 devstack@neutron-api.service[103544]: DEBUG neutron_lib.callbacks.manager [None req-813a96dd-aaed-499d-8936-0753382cef0e None None] Subscribe: > segment after_delete 55550000, False {{(pid=103544) subscribe /opt/stack/data/venv/lib/python3.12/site-packages/neutron_lib/callbacks/manager.py:52}}
Jun 29 04:25:03.844614 np0000183323 devstack@neutron-api.service[103544]: DEBUG neutron_lib.callbacks.manager [None req-813a96dd-aaed-499d-8936-0753382cef0e None None] Subscribe: > allowed_address_pair before_create 55550000, False {{(pid=103544) subscribe /opt/stack/data/venv/lib/python3.12/site-packages/neutron_lib/callbacks/manager.py:52}}
Jun 29 04:25:03.844715 np0000183323 devstack@neutron-api.service[103544]: DEBUG neutron_lib.callbacks.manager [None req-813a96dd-aaed-499d-8936-0753382cef0e None None] Subscribe: > security_group precommit_create 55550000, False {{(pid=103544) subscribe /opt/stack/data/venv/lib/python3.12/site-packages/neutron_lib/callbacks/manager.py:52}}
Jun 29 04:25:03.844839 np0000183323 devstack@neutron-api.service[103544]: DEBUG neutron_lib.callbacks.manager [None req-813a96dd-aaed-499d-8936-0753382cef0e None None] Subscribe: > security_group after_update 55550000, False {{(pid=103544) subscribe /opt/stack/data/venv/lib/python3.12/site-packages/neutron_lib/callbacks/manager.py:52}}
Jun 29 04:25:03.844999 np0000183323 devstack@neutron-api.service[103544]: DEBUG neutron_lib.callbacks.manager [None req-813a96dd-aaed-499d-8936-0753382cef0e None None] Subscribe: > security_group after_create 55550000, False {{(pid=103544) subscribe /opt/stack/data/venv/lib/python3.12/site-packages/neutron_lib/callbacks/manager.py:52}}
Jun 29 04:25:03.845084 np0000183323 devstack@neutron-api.service[103544]: DEBUG neutron_lib.callbacks.manager [None req-813a96dd-aaed-499d-8936-0753382cef0e None None] Subscribe: > security_group precommit_delete 55550000, False {{(pid=103544) subscribe /opt/stack/data/venv/lib/python3.12/site-packages/neutron_lib/callbacks/manager.py:52}}
Jun 29 04:25:03.845162 np0000183323 devstack@neutron-api.service[103544]: DEBUG neutron_lib.callbacks.manager [None req-813a96dd-aaed-499d-8936-0753382cef0e None None] Subscribe: > security_group after_delete 55550000, False {{(pid=103544) subscribe /opt/stack/data/venv/lib/python3.12/site-packages/neutron_lib/callbacks/manager.py:52}}
Jun 29 04:25:03.845289 np0000183323 devstack@neutron-api.service[103544]: DEBUG neutron_lib.callbacks.manager [None req-813a96dd-aaed-499d-8936-0753382cef0e None None] Subscribe: > security_group_rule precommit_create 55550000, False {{(pid=103544) subscribe /opt/stack/data/venv/lib/python3.12/site-packages/neutron_lib/callbacks/manager.py:52}}
Jun 29 04:25:03.845317 np0000183323 devstack@neutron-api.service[103544]: DEBUG neutron_lib.callbacks.manager [None req-813a96dd-aaed-499d-8936-0753382cef0e None None] Subscribe: > security_group_rule after_create 55550000, False {{(pid=103544) subscribe /opt/stack/data/venv/lib/python3.12/site-packages/neutron_lib/callbacks/manager.py:52}}
Jun 29 04:25:03.845426 np0000183323 devstack@neutron-api.service[103544]: DEBUG neutron_lib.callbacks.manager [None req-813a96dd-aaed-499d-8936-0753382cef0e None None] Subscribe: > security_group_rule before_delete 55550000, False {{(pid=103544) subscribe /opt/stack/data/venv/lib/python3.12/site-packages/neutron_lib/callbacks/manager.py:52}}
Jun 29 04:25:03.845558 np0000183323 devstack@neutron-api.service[103544]: DEBUG neutron_lib.callbacks.manager [None req-813a96dd-aaed-499d-8936-0753382cef0e None None] Subscribe: > address_group after_create 55550000, False {{(pid=103544) subscribe /opt/stack/data/venv/lib/python3.12/site-packages/neutron_lib/callbacks/manager.py:52}}
Jun 29 04:25:03.845623 np0000183323 devstack@neutron-api.service[103544]: DEBUG neutron_lib.callbacks.manager [None req-813a96dd-aaed-499d-8936-0753382cef0e None None] Subscribe: > address_group after_update 55550000, False {{(pid=103544) subscribe /opt/stack/data/venv/lib/python3.12/site-packages/neutron_lib/callbacks/manager.py:52}}
Jun 29 04:25:03.845743 np0000183323 devstack@neutron-api.service[103544]: DEBUG neutron_lib.callbacks.manager [None req-813a96dd-aaed-499d-8936-0753382cef0e None None] Subscribe: > address_group after_delete 55550000, False {{(pid=103544) subscribe /opt/stack/data/venv/lib/python3.12/site-packages/neutron_lib/callbacks/manager.py:52}}
Jun 29 04:25:03.845949 np0000183323 devstack@neutron-api.service[103544]: DEBUG neutron_lib.callbacks.manager [None req-813a96dd-aaed-499d-8936-0753382cef0e None None] Subscribe: > qos_plugin after_init 55550000, False {{(pid=103544) subscribe /opt/stack/data/venv/lib/python3.12/site-packages/neutron_lib/callbacks/manager.py:52}}
Jun 29 04:25:03.846166 np0000183323 devstack@neutron-api.service[103544]: DEBUG neutron_lib.callbacks.manager [None req-813a96dd-aaed-499d-8936-0753382cef0e None None] Subscribe: > trunk_plugin after_init 55550000, False {{(pid=103544) subscribe /opt/stack/data/venv/lib/python3.12/site-packages/neutron_lib/callbacks/manager.py:52}}
Jun 29 04:25:03.846346 np0000183323 devstack@neutron-api.service[103544]: DEBUG neutron_lib.callbacks.manager [None req-813a96dd-aaed-499d-8936-0753382cef0e None None] Subscribe: > logging-plugin after_init 55550000, False {{(pid=103544) subscribe /opt/stack/data/venv/lib/python3.12/site-packages/neutron_lib/callbacks/manager.py:52}}
Jun 29 04:25:03.846775 np0000183323 devstack@neutron-api.service[103544]: INFO neutron.services.logapi.drivers.ovn.driver [None req-813a96dd-aaed-499d-8936-0753382cef0e None None] OVN logging driver registered
Jun 29 04:25:03.846896 np0000183323 devstack@neutron-api.service[103544]: DEBUG neutron_lib.callbacks.manager [None req-813a96dd-aaed-499d-8936-0753382cef0e None None] Subscribe: ._register_pvlan_driver at 0x73cd18a17380> pvlan_plugin before_spawn 55550000, False {{(pid=103544) subscribe /opt/stack/data/venv/lib/python3.12/site-packages/neutron_lib/callbacks/manager.py:52}}
Jun 29 04:25:03.847003 np0000183323 devstack@neutron-api.service[103544]: DEBUG neutron_lib.callbacks.manager [None req-813a96dd-aaed-499d-8936-0753382cef0e None None] Subscribe: process after_init 55550000, False {{(pid=103544) subscribe /opt/stack/data/venv/lib/python3.12/site-packages/neutron_lib/callbacks/manager.py:52}}
Jun 29 04:25:03.848445 np0000183323 devstack@neutron-api.service[103544]: DEBUG neutron.plugins.ml2.plugin [None req-813a96dd-aaed-499d-8936-0753382cef0e None None] neutron.plugins.ml2.plugin.Ml2Plugin method _start_rpc_notifiers called with arguments () {} {{(pid=103544) wrapper /opt/stack/data/venv/lib/python3.12/site-packages/oslo_log/helpers.py:77}}
Jun 29 04:25:03.848595 np0000183323 devstack@neutron-api.service[103545]: INFO neutron.plugins.ml2.drivers.type_vlan [None req-55c82857-a454-4409-ae89-75d9aac2ce13 None None] VlanTypeDriver initialization complete
Jun 29 04:25:03.848718 np0000183323 devstack@neutron-api.service[103545]: INFO neutron.plugins.ml2.managers [None req-55c82857-a454-4409-ae89-75d9aac2ce13 None None] Initializing extension driver 'port_security'
Jun 29 04:25:03.848750 np0000183323 devstack@neutron-api.service[103544]: DEBUG neutron_lib.callbacks.manager [None req-813a96dd-aaed-499d-8936-0753382cef0e None None] Subscribe: > port after_create 55550000, False {{(pid=103544) subscribe /opt/stack/data/venv/lib/python3.12/site-packages/neutron_lib/callbacks/manager.py:52}}
Jun 29 04:25:03.848815 np0000183323 devstack@neutron-api.service[103545]: INFO neutron.plugins.ml2.extensions.port_security [None req-55c82857-a454-4409-ae89-75d9aac2ce13 None None] PortSecurityExtensionDriver initialization complete
Jun 29 04:25:03.848904 np0000183323 devstack@neutron-api.service[103544]: DEBUG neutron_lib.callbacks.manager [None req-813a96dd-aaed-499d-8936-0753382cef0e None None] Subscribe: > port after_update 55550000, False {{(pid=103544) subscribe /opt/stack/data/venv/lib/python3.12/site-packages/neutron_lib/callbacks/manager.py:52}}
Jun 29 04:25:03.848937 np0000183323 devstack@neutron-api.service[103545]: INFO neutron.plugins.ml2.managers [None req-55c82857-a454-4409-ae89-75d9aac2ce13 None None] Initializing extension driver 'qos'
Jun 29 04:25:03.848962 np0000183323 devstack@neutron-api.service[103544]: DEBUG neutron_lib.callbacks.manager [None req-813a96dd-aaed-499d-8936-0753382cef0e None None] Subscribe: > port after_delete 55550000, False {{(pid=103544) subscribe /opt/stack/data/venv/lib/python3.12/site-packages/neutron_lib/callbacks/manager.py:52}}
Jun 29 04:25:03.849033 np0000183323 devstack@neutron-api.service[103545]: DEBUG neutron.plugins.ml2.extensions.qos [None req-55c82857-a454-4409-ae89-75d9aac2ce13 None None] QosExtensionDriver initialization complete {{(pid=103545) initialize /opt/stack/neutron/neutron/plugins/ml2/extensions/qos.py:31}}
Jun 29 04:25:03.849070 np0000183323 devstack@neutron-api.service[103544]: DEBUG neutron_lib.callbacks.manager [None req-813a96dd-aaed-499d-8936-0753382cef0e None None] Subscribe: > subnet after_create 55550000, False {{(pid=103544) subscribe /opt/stack/data/venv/lib/python3.12/site-packages/neutron_lib/callbacks/manager.py:52}}
Jun 29 04:25:03.849128 np0000183323 devstack@neutron-api.service[103545]: INFO neutron.plugins.ml2.managers [None req-55c82857-a454-4409-ae89-75d9aac2ce13 None None] Initializing mechanism driver 'ovn'
Jun 29 04:25:03.849154 np0000183323 devstack@neutron-api.service[103544]: DEBUG neutron_lib.callbacks.manager [None req-813a96dd-aaed-499d-8936-0753382cef0e None None] Subscribe: > subnet after_update 55550000, False {{(pid=103544) subscribe /opt/stack/data/venv/lib/python3.12/site-packages/neutron_lib/callbacks/manager.py:52}}
Jun 29 04:25:03.849205 np0000183323 devstack@neutron-api.service[103545]: INFO neutron.plugins.ml2.drivers.ovn.mech_driver.mech_driver [None req-55c82857-a454-4409-ae89-75d9aac2ce13 None None] Starting OVNMechanismDriver
Jun 29 04:25:03.849260 np0000183323 devstack@neutron-api.service[103544]: DEBUG neutron_lib.callbacks.manager [None req-813a96dd-aaed-499d-8936-0753382cef0e None None] Subscribe: > subnet after_delete 55550000, False {{(pid=103544) subscribe /opt/stack/data/venv/lib/python3.12/site-packages/neutron_lib/callbacks/manager.py:52}}
Jun 29 04:25:03.849351 np0000183323 devstack@neutron-api.service[103544]: DEBUG neutron_lib.callbacks.manager [None req-813a96dd-aaed-499d-8936-0753382cef0e None None] Subscribe: > network after_create 55550000, False {{(pid=103544) subscribe /opt/stack/data/venv/lib/python3.12/site-packages/neutron_lib/callbacks/manager.py:52}}
Jun 29 04:25:03.849457 np0000183323 devstack@neutron-api.service[103544]: DEBUG neutron_lib.callbacks.manager [None req-813a96dd-aaed-499d-8936-0753382cef0e None None] Subscribe: > network after_update 55550000, False {{(pid=103544) subscribe /opt/stack/data/venv/lib/python3.12/site-packages/neutron_lib/callbacks/manager.py:52}}
Jun 29 04:25:03.849542 np0000183323 devstack@neutron-api.service[103544]: DEBUG neutron_lib.callbacks.manager [None req-813a96dd-aaed-499d-8936-0753382cef0e None None] Subscribe: > network after_delete 55550000, False {{(pid=103544) subscribe /opt/stack/data/venv/lib/python3.12/site-packages/neutron_lib/callbacks/manager.py:52}}
Jun 29 04:25:03.849638 np0000183323 devstack@neutron-api.service[103544]: DEBUG neutron_lib.callbacks.manager [None req-813a96dd-aaed-499d-8936-0753382cef0e None None] Subscribe: > security_group after_create 55550000, False {{(pid=103544) subscribe /opt/stack/data/venv/lib/python3.12/site-packages/neutron_lib/callbacks/manager.py:52}}
Jun 29 04:25:03.849735 np0000183323 devstack@neutron-api.service[103544]: DEBUG neutron_lib.callbacks.manager [None req-813a96dd-aaed-499d-8936-0753382cef0e None None] Subscribe: > security_group after_update 55550000, False {{(pid=103544) subscribe /opt/stack/data/venv/lib/python3.12/site-packages/neutron_lib/callbacks/manager.py:52}}
Jun 29 04:25:03.849831 np0000183323 devstack@neutron-api.service[103544]: DEBUG neutron_lib.callbacks.manager [None req-813a96dd-aaed-499d-8936-0753382cef0e None None] Subscribe: > security_group after_delete 55550000, False {{(pid=103544) subscribe /opt/stack/data/venv/lib/python3.12/site-packages/neutron_lib/callbacks/manager.py:52}}
Jun 29 04:25:03.849950 np0000183323 devstack@neutron-api.service[103544]: DEBUG neutron_lib.callbacks.manager [None req-813a96dd-aaed-499d-8936-0753382cef0e None None] Subscribe: > security_group_rule after_create 55550000, False {{(pid=103544) subscribe /opt/stack/data/venv/lib/python3.12/site-packages/neutron_lib/callbacks/manager.py:52}}
Jun 29 04:25:03.850049 np0000183323 devstack@neutron-api.service[103544]: DEBUG neutron_lib.callbacks.manager [None req-813a96dd-aaed-499d-8936-0753382cef0e None None] Subscribe: > security_group_rule after_update 55550000, False {{(pid=103544) subscribe /opt/stack/data/venv/lib/python3.12/site-packages/neutron_lib/callbacks/manager.py:52}}
Jun 29 04:25:03.850148 np0000183323 devstack@neutron-api.service[103544]: DEBUG neutron_lib.callbacks.manager [None req-813a96dd-aaed-499d-8936-0753382cef0e None None] Subscribe: > security_group_rule after_delete 55550000, False {{(pid=103544) subscribe /opt/stack/data/venv/lib/python3.12/site-packages/neutron_lib/callbacks/manager.py:52}}
Jun 29 04:25:03.850244 np0000183323 devstack@neutron-api.service[103544]: DEBUG neutron_lib.callbacks.manager [None req-813a96dd-aaed-499d-8936-0753382cef0e None None] Subscribe: > address_group after_create 55550000, False {{(pid=103544) subscribe /opt/stack/data/venv/lib/python3.12/site-packages/neutron_lib/callbacks/manager.py:52}}
Jun 29 04:25:03.850343 np0000183323 devstack@neutron-api.service[103544]: DEBUG neutron_lib.callbacks.manager [None req-813a96dd-aaed-499d-8936-0753382cef0e None None] Subscribe: > address_group after_update 55550000, False {{(pid=103544) subscribe /opt/stack/data/venv/lib/python3.12/site-packages/neutron_lib/callbacks/manager.py:52}}
Jun 29 04:25:03.850438 np0000183323 devstack@neutron-api.service[103544]: DEBUG neutron_lib.callbacks.manager [None req-813a96dd-aaed-499d-8936-0753382cef0e None None] Subscribe: > address_group after_delete 55550000, False {{(pid=103544) subscribe /opt/stack/data/venv/lib/python3.12/site-packages/neutron_lib/callbacks/manager.py:52}}
Jun 29 04:25:03.850536 np0000183323 devstack@neutron-api.service[103544]: DEBUG neutron.plugins.ml2.ovo_rpc [None req-813a96dd-aaed-499d-8936-0753382cef0e None None] ML2 OVO RPC backend initialized. {{(pid=103544) __init__ /opt/stack/neutron/neutron/plugins/ml2/ovo_rpc.py:117}}
Jun 29 04:25:03.850740 np0000183323 devstack@neutron-api.service[103545]: DEBUG neutron_lib.callbacks.manager [None req-55c82857-a454-4409-ae89-75d9aac2ce13 None None] Subscribe: > process before_spawn 55550000, False {{(pid=103545) subscribe /opt/stack/data/venv/lib/python3.12/site-packages/neutron_lib/callbacks/manager.py:52}}
Jun 29 04:25:03.850859 np0000183323 devstack@neutron-api.service[103545]: DEBUG neutron_lib.callbacks.manager [None req-55c82857-a454-4409-ae89-75d9aac2ce13 None None] Subscribe: > process after_init 55550000, True {{(pid=103545) subscribe /opt/stack/data/venv/lib/python3.12/site-packages/neutron_lib/callbacks/manager.py:52}}
Jun 29 04:25:03.850973 np0000183323 devstack@neutron-api.service[103545]: DEBUG neutron_lib.callbacks.manager [None req-55c82857-a454-4409-ae89-75d9aac2ce13 None None] Subscribe: > segment after_create 55550000, False {{(pid=103545) subscribe /opt/stack/data/venv/lib/python3.12/site-packages/neutron_lib/callbacks/manager.py:52}}
Jun 29 04:25:03.851102 np0000183323 devstack@neutron-api.service[103545]: DEBUG neutron_lib.callbacks.manager [None req-55c82857-a454-4409-ae89-75d9aac2ce13 None None] Subscribe: > segment after_create 55550000, False {{(pid=103545) subscribe /opt/stack/data/venv/lib/python3.12/site-packages/neutron_lib/callbacks/manager.py:52}}
Jun 29 04:25:03.851167 np0000183323 devstack@neutron-api.service[103545]: DEBUG neutron_lib.callbacks.manager [None req-55c82857-a454-4409-ae89-75d9aac2ce13 None None] Subscribe: > segment after_delete 55550000, False {{(pid=103545) subscribe /opt/stack/data/venv/lib/python3.12/site-packages/neutron_lib/callbacks/manager.py:52}}
Jun 29 04:25:03.851268 np0000183323 devstack@neutron-api.service[103545]: DEBUG neutron_lib.callbacks.manager [None req-55c82857-a454-4409-ae89-75d9aac2ce13 None None] Subscribe: > allowed_address_pair before_create 55550000, False {{(pid=103545) subscribe /opt/stack/data/venv/lib/python3.12/site-packages/neutron_lib/callbacks/manager.py:52}}
Jun 29 04:25:03.851310 np0000183323 devstack@neutron-api.service[103544]: INFO neutron.quota [None req-813a96dd-aaed-499d-8936-0753382cef0e None None] Loaded quota_driver: .
Jun 29 04:25:03.851380 np0000183323 devstack@neutron-api.service[103545]: DEBUG neutron_lib.callbacks.manager [None req-55c82857-a454-4409-ae89-75d9aac2ce13 None None] Subscribe: > security_group precommit_create 55550000, False {{(pid=103545) subscribe /opt/stack/data/venv/lib/python3.12/site-packages/neutron_lib/callbacks/manager.py:52}}
Jun 29 04:25:03.851408 np0000183323 devstack@neutron-api.service[103544]: INFO neutron.plugins.ml2.plugin [None req-813a96dd-aaed-499d-8936-0753382cef0e None None] Modular L2 Plugin initialization complete
Jun 29 04:25:03.851475 np0000183323 devstack@neutron-api.service[103545]: DEBUG neutron_lib.callbacks.manager [None req-55c82857-a454-4409-ae89-75d9aac2ce13 None None] Subscribe: > security_group after_update 55550000, False {{(pid=103545) subscribe /opt/stack/data/venv/lib/python3.12/site-packages/neutron_lib/callbacks/manager.py:52}}
Jun 29 04:25:03.851539 np0000183323 devstack@neutron-api.service[103544]: DEBUG neutron.manager [None req-813a96dd-aaed-499d-8936-0753382cef0e None None] Loading services supported by the core plugin {{(pid=103544) _load_services_from_core_plugin /opt/stack/neutron/neutron/manager.py:167}}
Jun 29 04:25:03.851602 np0000183323 devstack@neutron-api.service[103545]: DEBUG neutron_lib.callbacks.manager [None req-55c82857-a454-4409-ae89-75d9aac2ce13 None None] Subscribe: > security_group after_create 55550000, False {{(pid=103545) subscribe /opt/stack/data/venv/lib/python3.12/site-packages/neutron_lib/callbacks/manager.py:52}}
Jun 29 04:25:03.851642 np0000183323 devstack@neutron-api.service[103544]: INFO neutron.plugins.ml2.managers [None req-813a96dd-aaed-499d-8936-0753382cef0e None None] Got port-security extension from driver 'port_security'
Jun 29 04:25:03.851666 np0000183323 devstack@neutron-api.service[103545]: DEBUG neutron_lib.callbacks.manager [None req-55c82857-a454-4409-ae89-75d9aac2ce13 None None] Subscribe: > security_group precommit_delete 55550000, False {{(pid=103545) subscribe /opt/stack/data/venv/lib/python3.12/site-packages/neutron_lib/callbacks/manager.py:52}}
Jun 29 04:25:03.851800 np0000183323 devstack@neutron-api.service[103545]: DEBUG neutron_lib.callbacks.manager [None req-55c82857-a454-4409-ae89-75d9aac2ce13 None None] Subscribe: > security_group after_delete 55550000, False {{(pid=103545) subscribe /opt/stack/data/venv/lib/python3.12/site-packages/neutron_lib/callbacks/manager.py:52}}
Jun 29 04:25:03.851872 np0000183323 devstack@neutron-api.service[103544]: DEBUG neutron.manager [None req-813a96dd-aaed-499d-8936-0753382cef0e None None] Loading service plugins: ['ovn-router', 'auto_allocate', 'tag', 'timestamp', 'network_ip_availability', 'flavors', 'revisions'] {{(pid=103544) _load_service_plugins /opt/stack/neutron/neutron/manager.py:192}}
Jun 29 04:25:03.851916 np0000183323 devstack@neutron-api.service[103545]: DEBUG neutron_lib.callbacks.manager [None req-55c82857-a454-4409-ae89-75d9aac2ce13 None None] Subscribe: > security_group_rule precommit_create 55550000, False {{(pid=103545) subscribe /opt/stack/data/venv/lib/python3.12/site-packages/neutron_lib/callbacks/manager.py:52}}
Jun 29 04:25:03.851979 np0000183323 devstack@neutron-api.service[103544]: INFO neutron.manager [None req-813a96dd-aaed-499d-8936-0753382cef0e None None] Loading Plugin: ovn-router
Jun 29 04:25:03.852005 np0000183323 devstack@neutron-api.service[103545]: DEBUG neutron_lib.callbacks.manager [None req-55c82857-a454-4409-ae89-75d9aac2ce13 None None] Subscribe: > security_group_rule after_create 55550000, False {{(pid=103545) subscribe /opt/stack/data/venv/lib/python3.12/site-packages/neutron_lib/callbacks/manager.py:52}}
Jun 29 04:25:03.852087 np0000183323 devstack@neutron-api.service[103545]: DEBUG neutron_lib.callbacks.manager [None req-55c82857-a454-4409-ae89-75d9aac2ce13 None None] Subscribe: > security_group_rule before_delete 55550000, False {{(pid=103545) subscribe /opt/stack/data/venv/lib/python3.12/site-packages/neutron_lib/callbacks/manager.py:52}}
Jun 29 04:25:03.852188 np0000183323 devstack@neutron-api.service[103545]: DEBUG neutron_lib.callbacks.manager [None req-55c82857-a454-4409-ae89-75d9aac2ce13 None None] Subscribe: > address_group after_create 55550000, False {{(pid=103545) subscribe /opt/stack/data/venv/lib/python3.12/site-packages/neutron_lib/callbacks/manager.py:52}}
Jun 29 04:25:03.852292 np0000183323 devstack@neutron-api.service[103545]: DEBUG neutron_lib.callbacks.manager [None req-55c82857-a454-4409-ae89-75d9aac2ce13 None None] Subscribe: > address_group after_update 55550000, False {{(pid=103545) subscribe /opt/stack/data/venv/lib/python3.12/site-packages/neutron_lib/callbacks/manager.py:52}}
Jun 29 04:25:03.852425 np0000183323 devstack@neutron-api.service[103545]: DEBUG neutron_lib.callbacks.manager [None req-55c82857-a454-4409-ae89-75d9aac2ce13 None None] Subscribe: > address_group after_delete 55550000, False {{(pid=103545) subscribe /opt/stack/data/venv/lib/python3.12/site-packages/neutron_lib/callbacks/manager.py:52}}
Jun 29 04:25:03.852599 np0000183323 devstack@neutron-api.service[103545]: DEBUG neutron_lib.callbacks.manager [None req-55c82857-a454-4409-ae89-75d9aac2ce13 None None] Subscribe: > qos_plugin after_init 55550000, False {{(pid=103545) subscribe /opt/stack/data/venv/lib/python3.12/site-packages/neutron_lib/callbacks/manager.py:52}}
Jun 29 04:25:03.852767 np0000183323 devstack@neutron-api.service[103545]: DEBUG neutron_lib.callbacks.manager [None req-55c82857-a454-4409-ae89-75d9aac2ce13 None None] Subscribe: > trunk_plugin after_init 55550000, False {{(pid=103545) subscribe /opt/stack/data/venv/lib/python3.12/site-packages/neutron_lib/callbacks/manager.py:52}}
Jun 29 04:25:03.852994 np0000183323 devstack@neutron-api.service[103545]: DEBUG neutron_lib.callbacks.manager [None req-55c82857-a454-4409-ae89-75d9aac2ce13 None None] Subscribe: > logging-plugin after_init 55550000, False {{(pid=103545) subscribe /opt/stack/data/venv/lib/python3.12/site-packages/neutron_lib/callbacks/manager.py:52}}
Jun 29 04:25:03.853410 np0000183323 devstack@neutron-api.service[103545]: INFO neutron.services.logapi.drivers.ovn.driver [None req-55c82857-a454-4409-ae89-75d9aac2ce13 None None] OVN logging driver registered
Jun 29 04:25:03.853512 np0000183323 devstack@neutron-api.service[103545]: DEBUG neutron_lib.callbacks.manager [None req-55c82857-a454-4409-ae89-75d9aac2ce13 None None] Subscribe: ._register_pvlan_driver at 0x73cd18a0ac00> pvlan_plugin before_spawn 55550000, False {{(pid=103545) subscribe /opt/stack/data/venv/lib/python3.12/site-packages/neutron_lib/callbacks/manager.py:52}}
Jun 29 04:25:03.853615 np0000183323 devstack@neutron-api.service[103545]: DEBUG neutron_lib.callbacks.manager [None req-55c82857-a454-4409-ae89-75d9aac2ce13 None None] Subscribe: process after_init 55550000, False {{(pid=103545) subscribe /opt/stack/data/venv/lib/python3.12/site-packages/neutron_lib/callbacks/manager.py:52}}
Jun 29 04:25:03.855123 np0000183323 devstack@neutron-api.service[103545]: DEBUG neutron.plugins.ml2.plugin [None req-55c82857-a454-4409-ae89-75d9aac2ce13 None None] neutron.plugins.ml2.plugin.Ml2Plugin method _start_rpc_notifiers called with arguments () {} {{(pid=103545) wrapper /opt/stack/data/venv/lib/python3.12/site-packages/oslo_log/helpers.py:77}}
