Jun 29 04:25:36.166204 np0000183323 systemd[1]: Starting devstack@n-api-meta.service - Devstack devstack@n-api-meta.service...
Jun 29 04:25:36.172553 np0000183323 devstack@n-api-meta.service[108747]: [uWSGI] getting INI configuration from /etc/nova/nova-metadata-uwsgi.ini
Jun 29 04:25:36.174934 np0000183323 devstack@n-api-meta.service[108747]: *** Starting uWSGI 2.0.24-debian (64bit) on [Mon Jun 29 04:25:36 2026] ***
Jun 29 04:25:36.174934 np0000183323 devstack@n-api-meta.service[108747]: compiled with version: 13.2.0 on 17 April 2024 16:23:48
Jun 29 04:25:36.174934 np0000183323 devstack@n-api-meta.service[108747]: os: Linux-6.8.0-124-generic #124-Ubuntu SMP PREEMPT_DYNAMIC Tue May 26 13:00:45 UTC 2026
Jun 29 04:25:36.174934 np0000183323 devstack@n-api-meta.service[108747]: nodename: np0000183323
Jun 29 04:25:36.174934 np0000183323 devstack@n-api-meta.service[108747]: machine: x86_64
Jun 29 04:25:36.174934 np0000183323 devstack@n-api-meta.service[108747]: clock source: unix
Jun 29 04:25:36.174934 np0000183323 devstack@n-api-meta.service[108747]: pcre jit disabled
Jun 29 04:25:36.174934 np0000183323 devstack@n-api-meta.service[108747]: detected number of CPU cores: 16
Jun 29 04:25:36.174934 np0000183323 devstack@n-api-meta.service[108747]: current working directory: /
Jun 29 04:25:36.174934 np0000183323 devstack@n-api-meta.service[108747]: detected binary path: /usr/bin/uwsgi-core
Jun 29 04:25:36.174934 np0000183323 devstack@n-api-meta.service[108747]: your processes number limit is 256917
Jun 29 04:25:36.174934 np0000183323 devstack@n-api-meta.service[108747]: your memory page size is 4096 bytes
Jun 29 04:25:36.174934 np0000183323 devstack@n-api-meta.service[108747]: detected max file descriptor number: 2048
Jun 29 04:25:36.174934 np0000183323 devstack@n-api-meta.service[108747]: lock engine: pthread robust mutexes
Jun 29 04:25:36.175722 np0000183323 devstack@n-api-meta.service[108747]: thunder lock: enabled
Jun 29 04:25:36.175722 np0000183323 devstack@n-api-meta.service[108747]: uWSGI http bound on 0.0.0.0:8775 fd 5
Jun 29 04:25:36.175722 np0000183323 devstack@n-api-meta.service[108747]: uwsgi socket 0 bound to TCP address 127.0.0.1:38705 (port auto-assigned) fd 4
Jun 29 04:25:36.175722 np0000183323 devstack@n-api-meta.service[108747]: Python version: 3.12.3 (main, Mar 23 2026, 19:04:32) [GCC 13.3.0]
Jun 29 04:25:36.175722 np0000183323 devstack@n-api-meta.service[108747]: PEP 405 virtualenv detected: /opt/stack/data/venv
Jun 29 04:25:36.175722 np0000183323 devstack@n-api-meta.service[108747]: Set PythonHome to /opt/stack/data/venv
Jun 29 04:25:36.209625 np0000183323 devstack@n-api-meta.service[108747]: Python main interpreter initialized at 0x78e8cd8a3668
Jun 29 04:25:36.209625 np0000183323 devstack@n-api-meta.service[108747]: python threads support enabled
Jun 29 04:25:36.209625 np0000183323 devstack@n-api-meta.service[108747]: your server socket listen backlog is limited to 100 connections
Jun 29 04:25:36.209625 np0000183323 devstack@n-api-meta.service[108747]: your mercy for graceful operations on workers is 80 seconds
Jun 29 04:25:36.210206 np0000183323 devstack@n-api-meta.service[108747]: mapped 671795 bytes (656 KB) for 4 cores
Jun 29 04:25:36.210378 np0000183323 devstack@n-api-meta.service[108747]: *** Operational MODE: preforking ***
Jun 29 04:25:36.210485 np0000183323 devstack@n-api-meta.service[108747]: *** uWSGI is running in multiple interpreter mode ***
Jun 29 04:25:36.210485 np0000183323 devstack@n-api-meta.service[108747]: spawned uWSGI master process (pid: 108747)
Jun 29 04:25:36.210676 np0000183323 systemd[1]: Started devstack@n-api-meta.service - Devstack devstack@n-api-meta.service.
Jun 29 04:25:36.211238 np0000183323 devstack@n-api-meta.service[108747]: spawned uWSGI worker 1 (pid: 108748, cores: 1)
Jun 29 04:25:36.211934 np0000183323 devstack@n-api-meta.service[108747]: spawned uWSGI worker 2 (pid: 108749, cores: 1)
Jun 29 04:25:36.212420 np0000183323 devstack@n-api-meta.service[108747]: spawned uWSGI worker 3 (pid: 108750, cores: 1)
Jun 29 04:25:36.212931 np0000183323 devstack@n-api-meta.service[108747]: spawned uWSGI worker 4 (pid: 108751, cores: 1)
Jun 29 04:25:36.213452 np0000183323 devstack@n-api-meta.service[108747]: spawned uWSGI http 1 (pid: 108752)
Jun 29 04:25:36.213452 np0000183323 devstack@n-api-meta.service[108747]: running "unix_signal:15 gracefully_kill_them_all" (master-start)...
Jun 29 04:25:37.834879 np0000183323 devstack@n-api-meta.service[108750]: INFO dbcounter [None req-186e0574-4ad2-422a-af9e-ea00e13722c3 None None] Registered counter for database nova_api
Jun 29 04:25:37.879709 np0000183323 devstack@n-api-meta.service[108749]: INFO dbcounter [None req-6ca60ec1-598d-4b11-a0b5-85343564b6ef None None] Registered counter for database nova_api
Jun 29 04:25:37.880572 np0000183323 devstack@n-api-meta.service[108750]: DEBUG oslo_db.sqlalchemy.engines [None req-186e0574-4ad2-422a-af9e-ea00e13722c3 None None] MySQL server mode set to STRICT_TRANS_TABLES,STRICT_ALL_TABLES,NO_ZERO_IN_DATE,NO_ZERO_DATE,ERROR_FOR_DIVISION_BY_ZERO,TRADITIONAL,NO_ENGINE_SUBSTITUTION {{(pid=108750) _check_effective_sql_mode /opt/stack/data/venv/lib/python3.12/site-packages/oslo_db/sqlalchemy/engines.py:325}}
Jun 29 04:25:37.897941 np0000183323 devstack@n-api-meta.service[108748]: INFO dbcounter [None req-25c7b478-5761-4bac-905a-5d71bff7966f None None] Registered counter for database nova_api
Jun 29 04:25:37.913500 np0000183323 devstack@n-api-meta.service[108750]: DEBUG dbcounter [-] [108750] Writer thread running {{(pid=108750) stat_writer /opt/stack/data/venv/lib/python3.12/site-packages/dbcounter.py:102}}
Jun 29 04:25:37.915789 np0000183323 devstack@n-api-meta.service[108750]: DEBUG nova.context [None req-186e0574-4ad2-422a-af9e-ea00e13722c3 None None] Found 2 cells: 00000000-0000-0000-0000-000000000000(cell0),6448525b-9ff7-4ba2-8295-0f3737ea9aa9(cell1) {{(pid=108750) load_cells /opt/stack/nova/nova/context.py:509}}
Jun 29 04:25:37.916071 np0000183323 devstack@n-api-meta.service[108750]: INFO nova.utils [None req-186e0574-4ad2-422a-af9e-ea00e13722c3 None None] The cell worker thread pool MainProcess.cell_worker is initialized
Jun 29 04:25:37.917750 np0000183323 devstack@n-api-meta.service[108750]: DEBUG oslo_concurrency.lockutils [None req-186e0574-4ad2-422a-af9e-ea00e13722c3 None None] Acquiring lock "00000000-0000-0000-0000-000000000000" by "nova.context.set_target_cell..get_or_set_cached_cell_and_set_connections" {{(pid=108750) inner /opt/stack/data/venv/lib/python3.12/site-packages/oslo_concurrency/lockutils.py:511}}
Jun 29 04:25:37.917954 np0000183323 devstack@n-api-meta.service[108750]: DEBUG oslo_concurrency.lockutils [None req-186e0574-4ad2-422a-af9e-ea00e13722c3 None None] Lock "00000000-0000-0000-0000-000000000000" acquired by "nova.context.set_target_cell..get_or_set_cached_cell_and_set_connections" :: waited 0.000s {{(pid=108750) inner /opt/stack/data/venv/lib/python3.12/site-packages/oslo_concurrency/lockutils.py:524}}
Jun 29 04:25:37.918320 np0000183323 devstack@n-api-meta.service[108750]: DEBUG oslo_concurrency.lockutils [None req-186e0574-4ad2-422a-af9e-ea00e13722c3 None None] Lock "00000000-0000-0000-0000-000000000000" "released" by "nova.context.set_target_cell..get_or_set_cached_cell_and_set_connections" :: held 0.000s {{(pid=108750) inner /opt/stack/data/venv/lib/python3.12/site-packages/oslo_concurrency/lockutils.py:543}}
Jun 29 04:25:37.919186 np0000183323 devstack@n-api-meta.service[108750]: DEBUG oslo_concurrency.lockutils [None req-186e0574-4ad2-422a-af9e-ea00e13722c3 None None] Acquiring lock "6448525b-9ff7-4ba2-8295-0f3737ea9aa9" by "nova.context.set_target_cell..get_or_set_cached_cell_and_set_connections" {{(pid=108750) inner /opt/stack/data/venv/lib/python3.12/site-packages/oslo_concurrency/lockutils.py:511}}
Jun 29 04:25:37.919186 np0000183323 devstack@n-api-meta.service[108750]: DEBUG oslo_concurrency.lockutils [None req-186e0574-4ad2-422a-af9e-ea00e13722c3 None None] Lock "6448525b-9ff7-4ba2-8295-0f3737ea9aa9" acquired by "nova.context.set_target_cell..get_or_set_cached_cell_and_set_connections" :: waited 0.000s {{(pid=108750) inner /opt/stack/data/venv/lib/python3.12/site-packages/oslo_concurrency/lockutils.py:524}}
Jun 29 04:25:37.920095 np0000183323 devstack@n-api-meta.service[108750]: DEBUG oslo_concurrency.lockutils [None req-186e0574-4ad2-422a-af9e-ea00e13722c3 None None] Lock "6448525b-9ff7-4ba2-8295-0f3737ea9aa9" "released" by "nova.context.set_target_cell..get_or_set_cached_cell_and_set_connections" :: held 0.001s {{(pid=108750) inner /opt/stack/data/venv/lib/python3.12/site-packages/oslo_concurrency/lockutils.py:543}}
Jun 29 04:25:37.923442 np0000183323 devstack@n-api-meta.service[108750]: INFO dbcounter [None req-186e0574-4ad2-422a-af9e-ea00e13722c3 None None] Registered counter for database nova_cell0
Jun 29 04:25:37.924891 np0000183323 devstack@n-api-meta.service[108749]: DEBUG oslo_db.sqlalchemy.engines [None req-6ca60ec1-598d-4b11-a0b5-85343564b6ef None None] MySQL server mode set to STRICT_TRANS_TABLES,STRICT_ALL_TABLES,NO_ZERO_IN_DATE,NO_ZERO_DATE,ERROR_FOR_DIVISION_BY_ZERO,TRADITIONAL,NO_ENGINE_SUBSTITUTION {{(pid=108749) _check_effective_sql_mode /opt/stack/data/venv/lib/python3.12/site-packages/oslo_db/sqlalchemy/engines.py:325}}
Jun 29 04:25:37.929968 np0000183323 devstack@n-api-meta.service[108750]: INFO dbcounter [None req-186e0574-4ad2-422a-af9e-ea00e13722c3 None None] Registered counter for database nova_cell1
Jun 29 04:25:37.942415 np0000183323 devstack@n-api-meta.service[108748]: DEBUG oslo_db.sqlalchemy.engines [None req-25c7b478-5761-4bac-905a-5d71bff7966f None None] MySQL server mode set to STRICT_TRANS_TABLES,STRICT_ALL_TABLES,NO_ZERO_IN_DATE,NO_ZERO_DATE,ERROR_FOR_DIVISION_BY_ZERO,TRADITIONAL,NO_ENGINE_SUBSTITUTION {{(pid=108748) _check_effective_sql_mode /opt/stack/data/venv/lib/python3.12/site-packages/oslo_db/sqlalchemy/engines.py:325}}
Jun 29 04:25:37.958218 np0000183323 devstack@n-api-meta.service[108749]: DEBUG dbcounter [-] [108749] Writer thread running {{(pid=108749) stat_writer /opt/stack/data/venv/lib/python3.12/site-packages/dbcounter.py:102}}
Jun 29 04:25:37.960841 np0000183323 devstack@n-api-meta.service[108749]: DEBUG nova.context [None req-6ca60ec1-598d-4b11-a0b5-85343564b6ef None None] Found 2 cells: 00000000-0000-0000-0000-000000000000(cell0),6448525b-9ff7-4ba2-8295-0f3737ea9aa9(cell1) {{(pid=108749) load_cells /opt/stack/nova/nova/context.py:509}}
Jun 29 04:25:37.961134 np0000183323 devstack@n-api-meta.service[108749]: INFO nova.utils [None req-6ca60ec1-598d-4b11-a0b5-85343564b6ef None None] The cell worker thread pool MainProcess.cell_worker is initialized
Jun 29 04:25:37.963008 np0000183323 devstack@n-api-meta.service[108749]: DEBUG oslo_concurrency.lockutils [None req-6ca60ec1-598d-4b11-a0b5-85343564b6ef None None] Acquiring lock "00000000-0000-0000-0000-000000000000" by "nova.context.set_target_cell..get_or_set_cached_cell_and_set_connections" {{(pid=108749) inner /opt/stack/data/venv/lib/python3.12/site-packages/oslo_concurrency/lockutils.py:511}}
Jun 29 04:25:37.963183 np0000183323 devstack@n-api-meta.service[108749]: DEBUG oslo_concurrency.lockutils [None req-6ca60ec1-598d-4b11-a0b5-85343564b6ef None None] Lock "00000000-0000-0000-0000-000000000000" acquired by "nova.context.set_target_cell..get_or_set_cached_cell_and_set_connections" :: waited 0.000s {{(pid=108749) inner /opt/stack/data/venv/lib/python3.12/site-packages/oslo_concurrency/lockutils.py:524}}
Jun 29 04:25:37.963559 np0000183323 devstack@n-api-meta.service[108749]: DEBUG oslo_concurrency.lockutils [None req-6ca60ec1-598d-4b11-a0b5-85343564b6ef None None] Lock "00000000-0000-0000-0000-000000000000" "released" by "nova.context.set_target_cell..get_or_set_cached_cell_and_set_connections" :: held 0.000s {{(pid=108749) inner /opt/stack/data/venv/lib/python3.12/site-packages/oslo_concurrency/lockutils.py:543}}
Jun 29 04:25:37.964343 np0000183323 devstack@n-api-meta.service[108749]: DEBUG oslo_concurrency.lockutils [None req-6ca60ec1-598d-4b11-a0b5-85343564b6ef None None] Acquiring lock "6448525b-9ff7-4ba2-8295-0f3737ea9aa9" by "nova.context.set_target_cell..get_or_set_cached_cell_and_set_connections" {{(pid=108749) inner /opt/stack/data/venv/lib/python3.12/site-packages/oslo_concurrency/lockutils.py:511}}
Jun 29 04:25:37.964486 np0000183323 devstack@n-api-meta.service[108749]: DEBUG oslo_concurrency.lockutils [None req-6ca60ec1-598d-4b11-a0b5-85343564b6ef None None] Lock "6448525b-9ff7-4ba2-8295-0f3737ea9aa9" acquired by "nova.context.set_target_cell..get_or_set_cached_cell_and_set_connections" :: waited 0.000s {{(pid=108749) inner /opt/stack/data/venv/lib/python3.12/site-packages/oslo_concurrency/lockutils.py:524}}
Jun 29 04:25:37.965390 np0000183323 devstack@n-api-meta.service[108749]: DEBUG oslo_concurrency.lockutils [None req-6ca60ec1-598d-4b11-a0b5-85343564b6ef None None] Lock "6448525b-9ff7-4ba2-8295-0f3737ea9aa9" "released" by "nova.context.set_target_cell..get_or_set_cached_cell_and_set_connections" :: held 0.001s {{(pid=108749) inner /opt/stack/data/venv/lib/python3.12/site-packages/oslo_concurrency/lockutils.py:543}}
Jun 29 04:25:37.968666 np0000183323 devstack@n-api-meta.service[108749]: INFO dbcounter [None req-6ca60ec1-598d-4b11-a0b5-85343564b6ef None None] Registered counter for database nova_cell0
Jun 29 04:25:37.974314 np0000183323 devstack@n-api-meta.service[108748]: DEBUG dbcounter [-] [108748] Writer thread running {{(pid=108748) stat_writer /opt/stack/data/venv/lib/python3.12/site-packages/dbcounter.py:102}}
Jun 29 04:25:37.975408 np0000183323 devstack@n-api-meta.service[108749]: INFO dbcounter [None req-6ca60ec1-598d-4b11-a0b5-85343564b6ef None None] Registered counter for database nova_cell1
Jun 29 04:25:37.976782 np0000183323 devstack@n-api-meta.service[108748]: DEBUG nova.context [None req-25c7b478-5761-4bac-905a-5d71bff7966f None None] Found 2 cells: 00000000-0000-0000-0000-000000000000(cell0),6448525b-9ff7-4ba2-8295-0f3737ea9aa9(cell1) {{(pid=108748) load_cells /opt/stack/nova/nova/context.py:509}}
Jun 29 04:25:37.977013 np0000183323 devstack@n-api-meta.service[108748]: INFO nova.utils [None req-25c7b478-5761-4bac-905a-5d71bff7966f None None] The cell worker thread pool MainProcess.cell_worker is initialized
Jun 29 04:25:37.978864 np0000183323 devstack@n-api-meta.service[108748]: DEBUG oslo_concurrency.lockutils [None req-25c7b478-5761-4bac-905a-5d71bff7966f None None] Acquiring lock "00000000-0000-0000-0000-000000000000" by "nova.context.set_target_cell..get_or_set_cached_cell_and_set_connections" {{(pid=108748) inner /opt/stack/data/venv/lib/python3.12/site-packages/oslo_concurrency/lockutils.py:511}}
Jun 29 04:25:37.978995 np0000183323 devstack@n-api-meta.service[108748]: DEBUG oslo_concurrency.lockutils [None req-25c7b478-5761-4bac-905a-5d71bff7966f None None] Lock "00000000-0000-0000-0000-000000000000" acquired by "nova.context.set_target_cell..get_or_set_cached_cell_and_set_connections" :: waited 0.000s {{(pid=108748) inner /opt/stack/data/venv/lib/python3.12/site-packages/oslo_concurrency/lockutils.py:524}}
Jun 29 04:25:37.979387 np0000183323 devstack@n-api-meta.service[108748]: DEBUG oslo_concurrency.lockutils [None req-25c7b478-5761-4bac-905a-5d71bff7966f None None] Lock "00000000-0000-0000-0000-000000000000" "released" by "nova.context.set_target_cell..get_or_set_cached_cell_and_set_connections" :: held 0.000s {{(pid=108748) inner /opt/stack/data/venv/lib/python3.12/site-packages/oslo_concurrency/lockutils.py:543}}
Jun 29 04:25:37.980059 np0000183323 devstack@n-api-meta.service[108748]: DEBUG oslo_concurrency.lockutils [None req-25c7b478-5761-4bac-905a-5d71bff7966f None None] Acquiring lock "6448525b-9ff7-4ba2-8295-0f3737ea9aa9" by "nova.context.set_target_cell..get_or_set_cached_cell_and_set_connections" {{(pid=108748) inner /opt/stack/data/venv/lib/python3.12/site-packages/oslo_concurrency/lockutils.py:511}}
Jun 29 04:25:37.980214 np0000183323 devstack@n-api-meta.service[108748]: DEBUG oslo_concurrency.lockutils [None req-25c7b478-5761-4bac-905a-5d71bff7966f None None] Lock "6448525b-9ff7-4ba2-8295-0f3737ea9aa9" acquired by "nova.context.set_target_cell..get_or_set_cached_cell_and_set_connections" :: waited 0.000s {{(pid=108748) inner /opt/stack/data/venv/lib/python3.12/site-packages/oslo_concurrency/lockutils.py:524}}
Jun 29 04:25:37.981071 np0000183323 devstack@n-api-meta.service[108748]: DEBUG oslo_concurrency.lockutils [None req-25c7b478-5761-4bac-905a-5d71bff7966f None None] Lock "6448525b-9ff7-4ba2-8295-0f3737ea9aa9" "released" by "nova.context.set_target_cell..get_or_set_cached_cell_and_set_connections" :: held 0.001s {{(pid=108748) inner /opt/stack/data/venv/lib/python3.12/site-packages/oslo_concurrency/lockutils.py:543}}
Jun 29 04:25:37.982597 np0000183323 devstack@n-api-meta.service[108750]: DEBUG oslo_db.sqlalchemy.engines [None req-186e0574-4ad2-422a-af9e-ea00e13722c3 None None] MySQL server mode set to STRICT_TRANS_TABLES,STRICT_ALL_TABLES,NO_ZERO_IN_DATE,NO_ZERO_DATE,ERROR_FOR_DIVISION_BY_ZERO,TRADITIONAL,NO_ENGINE_SUBSTITUTION {{(pid=108750) _check_effective_sql_mode /opt/stack/data/venv/lib/python3.12/site-packages/oslo_db/sqlalchemy/engines.py:325}}
Jun 29 04:25:37.984370 np0000183323 devstack@n-api-meta.service[108748]: INFO dbcounter [None req-25c7b478-5761-4bac-905a-5d71bff7966f None None] Registered counter for database nova_cell0
Jun 29 04:25:37.987586 np0000183323 devstack@n-api-meta.service[108750]: DEBUG oslo_db.sqlalchemy.engines [None req-186e0574-4ad2-422a-af9e-ea00e13722c3 None None] MySQL server mode set to STRICT_TRANS_TABLES,STRICT_ALL_TABLES,NO_ZERO_IN_DATE,NO_ZERO_DATE,ERROR_FOR_DIVISION_BY_ZERO,TRADITIONAL,NO_ENGINE_SUBSTITUTION {{(pid=108750) _check_effective_sql_mode /opt/stack/data/venv/lib/python3.12/site-packages/oslo_db/sqlalchemy/engines.py:325}}
Jun 29 04:25:37.991233 np0000183323 devstack@n-api-meta.service[108748]: INFO dbcounter [None req-25c7b478-5761-4bac-905a-5d71bff7966f None None] Registered counter for database nova_cell1
Jun 29 04:25:38.040939 np0000183323 devstack@n-api-meta.service[108748]: DEBUG oslo_db.sqlalchemy.engines [None req-25c7b478-5761-4bac-905a-5d71bff7966f None None] MySQL server mode set to STRICT_TRANS_TABLES,STRICT_ALL_TABLES,NO_ZERO_IN_DATE,NO_ZERO_DATE,ERROR_FOR_DIVISION_BY_ZERO,TRADITIONAL,NO_ENGINE_SUBSTITUTION {{(pid=108748) _check_effective_sql_mode /opt/stack/data/venv/lib/python3.12/site-packages/oslo_db/sqlalchemy/engines.py:325}}
Jun 29 04:25:38.047651 np0000183323 devstack@n-api-meta.service[108749]: DEBUG oslo_db.sqlalchemy.engines [None req-6ca60ec1-598d-4b11-a0b5-85343564b6ef None None] MySQL server mode set to STRICT_TRANS_TABLES,STRICT_ALL_TABLES,NO_ZERO_IN_DATE,NO_ZERO_DATE,ERROR_FOR_DIVISION_BY_ZERO,TRADITIONAL,NO_ENGINE_SUBSTITUTION {{(pid=108749) _check_effective_sql_mode /opt/stack/data/venv/lib/python3.12/site-packages/oslo_db/sqlalchemy/engines.py:325}}
Jun 29 04:25:38.050787 np0000183323 devstack@n-api-meta.service[108751]: INFO dbcounter [None req-e2b9cee6-f4ec-42d9-9c23-13c9d6b471da None None] Registered counter for database nova_api
Jun 29 04:25:38.051516 np0000183323 devstack@n-api-meta.service[108749]: DEBUG oslo_db.sqlalchemy.engines [None req-6ca60ec1-598d-4b11-a0b5-85343564b6ef None None] MySQL server mode set to STRICT_TRANS_TABLES,STRICT_ALL_TABLES,NO_ZERO_IN_DATE,NO_ZERO_DATE,ERROR_FOR_DIVISION_BY_ZERO,TRADITIONAL,NO_ENGINE_SUBSTITUTION {{(pid=108749) _check_effective_sql_mode /opt/stack/data/venv/lib/python3.12/site-packages/oslo_db/sqlalchemy/engines.py:325}}
Jun 29 04:25:38.073701 np0000183323 devstack@n-api-meta.service[108750]: DEBUG dbcounter [-] [108750] Writer thread running {{(pid=108750) stat_writer /opt/stack/data/venv/lib/python3.12/site-packages/dbcounter.py:102}}
Jun 29 04:25:38.080589 np0000183323 devstack@n-api-meta.service[108750]: DEBUG dbcounter [-] [108750] Writer thread running {{(pid=108750) stat_writer /opt/stack/data/venv/lib/python3.12/site-packages/dbcounter.py:102}}
Jun 29 04:25:38.083711 np0000183323 devstack@n-api-meta.service[108748]: DEBUG oslo_db.sqlalchemy.engines [None req-25c7b478-5761-4bac-905a-5d71bff7966f None None] MySQL server mode set to STRICT_TRANS_TABLES,STRICT_ALL_TABLES,NO_ZERO_IN_DATE,NO_ZERO_DATE,ERROR_FOR_DIVISION_BY_ZERO,TRADITIONAL,NO_ENGINE_SUBSTITUTION {{(pid=108748) _check_effective_sql_mode /opt/stack/data/venv/lib/python3.12/site-packages/oslo_db/sqlalchemy/engines.py:325}}
Jun 29 04:25:38.088872 np0000183323 devstack@n-api-meta.service[108750]: INFO dbcounter [None req-186e0574-4ad2-422a-af9e-ea00e13722c3 None None] Registered counter for database nova_cell0
Jun 29 04:25:38.097739 np0000183323 devstack@n-api-meta.service[108751]: DEBUG oslo_db.sqlalchemy.engines [None req-e2b9cee6-f4ec-42d9-9c23-13c9d6b471da None None] MySQL server mode set to STRICT_TRANS_TABLES,STRICT_ALL_TABLES,NO_ZERO_IN_DATE,NO_ZERO_DATE,ERROR_FOR_DIVISION_BY_ZERO,TRADITIONAL,NO_ENGINE_SUBSTITUTION {{(pid=108751) _check_effective_sql_mode /opt/stack/data/venv/lib/python3.12/site-packages/oslo_db/sqlalchemy/engines.py:325}}
Jun 29 04:25:38.132196 np0000183323 devstack@n-api-meta.service[108751]: DEBUG dbcounter [-] [108751] Writer thread running {{(pid=108751) stat_writer /opt/stack/data/venv/lib/python3.12/site-packages/dbcounter.py:102}}
Jun 29 04:25:38.132742 np0000183323 devstack@n-api-meta.service[108750]: DEBUG oslo_db.sqlalchemy.engines [None req-186e0574-4ad2-422a-af9e-ea00e13722c3 None None] MySQL server mode set to STRICT_TRANS_TABLES,STRICT_ALL_TABLES,NO_ZERO_IN_DATE,NO_ZERO_DATE,ERROR_FOR_DIVISION_BY_ZERO,TRADITIONAL,NO_ENGINE_SUBSTITUTION {{(pid=108750) _check_effective_sql_mode /opt/stack/data/venv/lib/python3.12/site-packages/oslo_db/sqlalchemy/engines.py:325}}
Jun 29 04:25:38.134940 np0000183323 devstack@n-api-meta.service[108748]: DEBUG dbcounter [-] [108748] Writer thread running {{(pid=108748) stat_writer /opt/stack/data/venv/lib/python3.12/site-packages/dbcounter.py:102}}
Jun 29 04:25:38.135060 np0000183323 devstack@n-api-meta.service[108751]: DEBUG nova.context [None req-e2b9cee6-f4ec-42d9-9c23-13c9d6b471da None None] Found 2 cells: 00000000-0000-0000-0000-000000000000(cell0),6448525b-9ff7-4ba2-8295-0f3737ea9aa9(cell1) {{(pid=108751) load_cells /opt/stack/nova/nova/context.py:509}}
Jun 29 04:25:38.136394 np0000183323 devstack@n-api-meta.service[108751]: INFO nova.utils [None req-e2b9cee6-f4ec-42d9-9c23-13c9d6b471da None None] The cell worker thread pool MainProcess.cell_worker is initialized
Jun 29 04:25:38.138094 np0000183323 devstack@n-api-meta.service[108751]: DEBUG oslo_concurrency.lockutils [None req-e2b9cee6-f4ec-42d9-9c23-13c9d6b471da None None] Acquiring lock "00000000-0000-0000-0000-000000000000" by "nova.context.set_target_cell..get_or_set_cached_cell_and_set_connections" {{(pid=108751) inner /opt/stack/data/venv/lib/python3.12/site-packages/oslo_concurrency/lockutils.py:511}}
Jun 29 04:25:38.138362 np0000183323 devstack@n-api-meta.service[108751]: DEBUG oslo_concurrency.lockutils [None req-e2b9cee6-f4ec-42d9-9c23-13c9d6b471da None None] Lock "00000000-0000-0000-0000-000000000000" acquired by "nova.context.set_target_cell..get_or_set_cached_cell_and_set_connections" :: waited 0.000s {{(pid=108751) inner /opt/stack/data/venv/lib/python3.12/site-packages/oslo_concurrency/lockutils.py:524}}
Jun 29 04:25:38.138894 np0000183323 devstack@n-api-meta.service[108751]: DEBUG oslo_concurrency.lockutils [None req-e2b9cee6-f4ec-42d9-9c23-13c9d6b471da None None] Lock "00000000-0000-0000-0000-000000000000" "released" by "nova.context.set_target_cell..get_or_set_cached_cell_and_set_connections" :: held 0.001s {{(pid=108751) inner /opt/stack/data/venv/lib/python3.12/site-packages/oslo_concurrency/lockutils.py:543}}
Jun 29 04:25:38.139886 np0000183323 devstack@n-api-meta.service[108751]: DEBUG oslo_concurrency.lockutils [None req-e2b9cee6-f4ec-42d9-9c23-13c9d6b471da None None] Acquiring lock "6448525b-9ff7-4ba2-8295-0f3737ea9aa9" by "nova.context.set_target_cell..get_or_set_cached_cell_and_set_connections" {{(pid=108751) inner /opt/stack/data/venv/lib/python3.12/site-packages/oslo_concurrency/lockutils.py:511}}
Jun 29 04:25:38.140093 np0000183323 devstack@n-api-meta.service[108751]: DEBUG oslo_concurrency.lockutils [None req-e2b9cee6-f4ec-42d9-9c23-13c9d6b471da None None] Lock "6448525b-9ff7-4ba2-8295-0f3737ea9aa9" acquired by "nova.context.set_target_cell..get_or_set_cached_cell_and_set_connections" :: waited 0.000s {{(pid=108751) inner /opt/stack/data/venv/lib/python3.12/site-packages/oslo_concurrency/lockutils.py:524}}
Jun 29 04:25:38.141515 np0000183323 devstack@n-api-meta.service[108751]: DEBUG oslo_concurrency.lockutils [None req-e2b9cee6-f4ec-42d9-9c23-13c9d6b471da None None] Lock "6448525b-9ff7-4ba2-8295-0f3737ea9aa9" "released" by "nova.context.set_target_cell..get_or_set_cached_cell_and_set_connections" :: held 0.001s {{(pid=108751) inner /opt/stack/data/venv/lib/python3.12/site-packages/oslo_concurrency/lockutils.py:543}}
Jun 29 04:25:38.142019 np0000183323 devstack@n-api-meta.service[108750]: DEBUG dbcounter [-] [108750] Writer thread running {{(pid=108750) stat_writer /opt/stack/data/venv/lib/python3.12/site-packages/dbcounter.py:102}}
Jun 29 04:25:38.143675 np0000183323 devstack@n-api-meta.service[108748]: DEBUG dbcounter [-] [108748] Writer thread running {{(pid=108748) stat_writer /opt/stack/data/venv/lib/python3.12/site-packages/dbcounter.py:102}}
Jun 29 04:25:38.145205 np0000183323 devstack@n-api-meta.service[108751]: INFO dbcounter [None req-e2b9cee6-f4ec-42d9-9c23-13c9d6b471da None None] Registered counter for database nova_cell0
Jun 29 04:25:38.147055 np0000183323 devstack@n-api-meta.service[108749]: DEBUG dbcounter [-] [108749] Writer thread running {{(pid=108749) stat_writer /opt/stack/data/venv/lib/python3.12/site-packages/dbcounter.py:102}}
Jun 29 04:25:38.148797 np0000183323 devstack@n-api-meta.service[108748]: INFO dbcounter [None req-25c7b478-5761-4bac-905a-5d71bff7966f None None] Registered counter for database nova_cell0
Jun 29 04:25:38.151388 np0000183323 devstack@n-api-meta.service[108751]: INFO dbcounter [None req-e2b9cee6-f4ec-42d9-9c23-13c9d6b471da None None] Registered counter for database nova_cell1
Jun 29 04:25:38.155602 np0000183323 devstack@n-api-meta.service[108749]: DEBUG dbcounter [-] [108749] Writer thread running {{(pid=108749) stat_writer /opt/stack/data/venv/lib/python3.12/site-packages/dbcounter.py:102}}
Jun 29 04:25:38.160882 np0000183323 devstack@n-api-meta.service[108749]: INFO dbcounter [None req-6ca60ec1-598d-4b11-a0b5-85343564b6ef None None] Registered counter for database nova_cell0
Jun 29 04:25:38.188578 np0000183323 devstack@n-api-meta.service[108748]: DEBUG oslo_db.sqlalchemy.engines [None req-25c7b478-5761-4bac-905a-5d71bff7966f None None] MySQL server mode set to STRICT_TRANS_TABLES,STRICT_ALL_TABLES,NO_ZERO_IN_DATE,NO_ZERO_DATE,ERROR_FOR_DIVISION_BY_ZERO,TRADITIONAL,NO_ENGINE_SUBSTITUTION {{(pid=108748) _check_effective_sql_mode /opt/stack/data/venv/lib/python3.12/site-packages/oslo_db/sqlalchemy/engines.py:325}}
Jun 29 04:25:38.196121 np0000183323 devstack@n-api-meta.service[108750]: WARNING nova.api.metadata.handler [None req-186e0574-4ad2-422a-af9e-ea00e13722c3 None None] metadata_proxy_shared_secret is not configured, the metadata information returned by the proxy cannot be trusted
Jun 29 04:25:38.198619 np0000183323 devstack@n-api-meta.service[108750]: DEBUG nova.api.openstack.wsgi_app [None req-186e0574-4ad2-422a-af9e-ea00e13722c3 None None] ******************************************************************************** {{(pid=108750) log_opt_values /opt/stack/data/venv/lib/python3.12/site-packages/oslo_config/cfg.py:3226}}
Jun 29 04:25:38.198724 np0000183323 devstack@n-api-meta.service[108750]: DEBUG nova.api.openstack.wsgi_app [None req-186e0574-4ad2-422a-af9e-ea00e13722c3 None None] Configuration options gathered from: {{(pid=108750) log_opt_values /opt/stack/data/venv/lib/python3.12/site-packages/oslo_config/cfg.py:3227}}
Jun 29 04:25:38.198843 np0000183323 devstack@n-api-meta.service[108750]: DEBUG nova.api.openstack.wsgi_app [None req-186e0574-4ad2-422a-af9e-ea00e13722c3 None None] command line args: [] {{(pid=108750) log_opt_values /opt/stack/data/venv/lib/python3.12/site-packages/oslo_config/cfg.py:3228}}
Jun 29 04:25:38.199028 np0000183323 devstack@n-api-meta.service[108750]: DEBUG nova.api.openstack.wsgi_app [None req-186e0574-4ad2-422a-af9e-ea00e13722c3 None None] config files: ['/etc/nova/api-paste.ini', '/etc/nova/nova.conf'] {{(pid=108750) log_opt_values /opt/stack/data/venv/lib/python3.12/site-packages/oslo_config/cfg.py:3229}}
Jun 29 04:25:38.199111 np0000183323 devstack@n-api-meta.service[108750]: DEBUG nova.api.openstack.wsgi_app [None req-186e0574-4ad2-422a-af9e-ea00e13722c3 None None] ================================================================================ {{(pid=108750) log_opt_values /opt/stack/data/venv/lib/python3.12/site-packages/oslo_config/cfg.py:3234}}
Jun 29 04:25:38.199291 np0000183323 devstack@n-api-meta.service[108750]: DEBUG nova.api.openstack.wsgi_app [None req-186e0574-4ad2-422a-af9e-ea00e13722c3 None None] allow_resize_to_same_host = True {{(pid=108750) log_opt_values /opt/stack/data/venv/lib/python3.12/site-packages/oslo_config/cfg.py:3242}}
Jun 29 04:25:38.199420 np0000183323 devstack@n-api-meta.service[108750]: DEBUG nova.api.openstack.wsgi_app [None req-186e0574-4ad2-422a-af9e-ea00e13722c3 None None] arq_binding_timeout = 300 {{(pid=108750) log_opt_values /opt/stack/data/venv/lib/python3.12/site-packages/oslo_config/cfg.py:3242}}
Jun 29 04:25:38.199493 np0000183323 devstack@n-api-meta.service[108748]: DEBUG dbcounter [-] [108748] Writer thread running {{(pid=108748) stat_writer /opt/stack/data/venv/lib/python3.12/site-packages/dbcounter.py:102}}
Jun 29 04:25:38.199542 np0000183323 devstack@n-api-meta.service[108750]: DEBUG nova.api.openstack.wsgi_app [None req-186e0574-4ad2-422a-af9e-ea00e13722c3 None None] block_device_allocate_retries = 60 {{(pid=108750) log_opt_values /opt/stack/data/venv/lib/python3.12/site-packages/oslo_config/cfg.py:3242}}
Jun 29 04:25:38.200136 np0000183323 devstack@n-api-meta.service[108750]: DEBUG nova.api.openstack.wsgi_app [None req-186e0574-4ad2-422a-af9e-ea00e13722c3 None None] block_device_allocate_retries_interval = 3 {{(pid=108750) log_opt_values /opt/stack/data/venv/lib/python3.12/site-packages/oslo_config/cfg.py:3242}}
Jun 29 04:25:38.200136 np0000183323 devstack@n-api-meta.service[108750]: DEBUG nova.api.openstack.wsgi_app [None req-186e0574-4ad2-422a-af9e-ea00e13722c3 None None] cell_worker_thread_pool_size = 5 {{(pid=108750) log_opt_values /opt/stack/data/venv/lib/python3.12/site-packages/oslo_config/cfg.py:3242}}
Jun 29 04:25:38.200136 np0000183323 devstack@n-api-meta.service[108750]: DEBUG nova.api.openstack.wsgi_app [None req-186e0574-4ad2-422a-af9e-ea00e13722c3 None None] cert = self.pem {{(pid=108750) log_opt_values /opt/stack/data/venv/lib/python3.12/site-packages/oslo_config/cfg.py:3242}}
Jun 29 04:25:38.200136 np0000183323 devstack@n-api-meta.service[108750]: DEBUG nova.api.openstack.wsgi_app [None req-186e0574-4ad2-422a-af9e-ea00e13722c3 None None] compute_driver = libvirt.LibvirtDriver {{(pid=108750) log_opt_values /opt/stack/data/venv/lib/python3.12/site-packages/oslo_config/cfg.py:3242}}
Jun 29 04:25:38.200332 np0000183323 devstack@n-api-meta.service[108750]: DEBUG nova.api.openstack.wsgi_app [None req-186e0574-4ad2-422a-af9e-ea00e13722c3 None None] compute_monitors = [] {{(pid=108750) log_opt_values /opt/stack/data/venv/lib/python3.12/site-packages/oslo_config/cfg.py:3242}}
Jun 29 04:25:38.200332 np0000183323 devstack@n-api-meta.service[108750]: DEBUG nova.api.openstack.wsgi_app [None req-186e0574-4ad2-422a-af9e-ea00e13722c3 None None] config_dir = [] {{(pid=108750) log_opt_values /opt/stack/data/venv/lib/python3.12/site-packages/oslo_config/cfg.py:3242}}
Jun 29 04:25:38.200475 np0000183323 devstack@n-api-meta.service[108750]: DEBUG nova.api.openstack.wsgi_app [None req-186e0574-4ad2-422a-af9e-ea00e13722c3 None None] config_drive_format = iso9660 {{(pid=108750) log_opt_values /opt/stack/data/venv/lib/python3.12/site-packages/oslo_config/cfg.py:3242}}
Jun 29 04:25:38.200576 np0000183323 devstack@n-api-meta.service[108750]: DEBUG nova.api.openstack.wsgi_app [None req-186e0574-4ad2-422a-af9e-ea00e13722c3 None None] config_file = ['/etc/nova/api-paste.ini', '/etc/nova/nova.conf'] {{(pid=108750) log_opt_values /opt/stack/data/venv/lib/python3.12/site-packages/oslo_config/cfg.py:3242}}
Jun 29 04:25:38.200704 np0000183323 devstack@n-api-meta.service[108750]: DEBUG nova.api.openstack.wsgi_app [None req-186e0574-4ad2-422a-af9e-ea00e13722c3 None None] config_source = [] {{(pid=108750) log_opt_values /opt/stack/data/venv/lib/python3.12/site-packages/oslo_config/cfg.py:3242}}
Jun 29 04:25:38.200995 np0000183323 devstack@n-api-meta.service[108750]: DEBUG nova.api.openstack.wsgi_app [None req-186e0574-4ad2-422a-af9e-ea00e13722c3 None None] console_host = np0000183323 {{(pid=108750) log_opt_values /opt/stack/data/venv/lib/python3.12/site-packages/oslo_config/cfg.py:3242}}
Jun 29 04:25:38.201082 np0000183323 devstack@n-api-meta.service[108750]: DEBUG nova.api.openstack.wsgi_app [None req-186e0574-4ad2-422a-af9e-ea00e13722c3 None None] control_exchange = nova {{(pid=108750) log_opt_values /opt/stack/data/venv/lib/python3.12/site-packages/oslo_config/cfg.py:3242}}
Jun 29 04:25:38.201149 np0000183323 devstack@n-api-meta.service[108750]: DEBUG nova.api.openstack.wsgi_app [None req-186e0574-4ad2-422a-af9e-ea00e13722c3 None None] cpu_allocation_ratio = None {{(pid=108750) log_opt_values /opt/stack/data/venv/lib/python3.12/site-packages/oslo_config/cfg.py:3242}}
Jun 29 04:25:38.201272 np0000183323 devstack@n-api-meta.service[108750]: DEBUG nova.api.openstack.wsgi_app [None req-186e0574-4ad2-422a-af9e-ea00e13722c3 None None] daemon = False {{(pid=108750) log_opt_values /opt/stack/data/venv/lib/python3.12/site-packages/oslo_config/cfg.py:3242}}
Jun 29 04:25:38.201402 np0000183323 devstack@n-api-meta.service[108750]: DEBUG nova.api.openstack.wsgi_app [None req-186e0574-4ad2-422a-af9e-ea00e13722c3 None None] debug = True {{(pid=108750) log_opt_values /opt/stack/data/venv/lib/python3.12/site-packages/oslo_config/cfg.py:3242}}
Jun 29 04:25:38.201552 np0000183323 devstack@n-api-meta.service[108750]: DEBUG nova.api.openstack.wsgi_app [None req-186e0574-4ad2-422a-af9e-ea00e13722c3 None None] default_access_ip_network_name = None {{(pid=108750) log_opt_values /opt/stack/data/venv/lib/python3.12/site-packages/oslo_config/cfg.py:3242}}
Jun 29 04:25:38.201659 np0000183323 devstack@n-api-meta.service[108750]: DEBUG nova.api.openstack.wsgi_app [None req-186e0574-4ad2-422a-af9e-ea00e13722c3 None None] default_availability_zone = nova {{(pid=108750) log_opt_values /opt/stack/data/venv/lib/python3.12/site-packages/oslo_config/cfg.py:3242}}
Jun 29 04:25:38.201789 np0000183323 devstack@n-api-meta.service[108750]: DEBUG nova.api.openstack.wsgi_app [None req-186e0574-4ad2-422a-af9e-ea00e13722c3 None None] default_ephemeral_format = ext4 {{(pid=108750) log_opt_values /opt/stack/data/venv/lib/python3.12/site-packages/oslo_config/cfg.py:3242}}
Jun 29 04:25:38.201940 np0000183323 devstack@n-api-meta.service[108750]: DEBUG nova.api.openstack.wsgi_app [None req-186e0574-4ad2-422a-af9e-ea00e13722c3 None None] default_green_pool_size = 1000 {{(pid=108750) log_opt_values /opt/stack/data/venv/lib/python3.12/site-packages/oslo_config/cfg.py:3242}}
Jun 29 04:25:38.202150 np0000183323 devstack@n-api-meta.service[108750]: DEBUG nova.api.openstack.wsgi_app [None req-186e0574-4ad2-422a-af9e-ea00e13722c3 None None] default_log_levels = ['amqp=WARN', 'boto=WARN', 'sqlalchemy=WARN', 'suds=INFO', 'oslo.messaging=INFO', 'oslo_messaging=INFO', 'iso8601=WARN', 'requests.packages.urllib3.connectionpool=WARN', 'urllib3.connectionpool=WARN', 'websocket=WARN', 'requests.packages.urllib3.util.retry=WARN', 'urllib3.util.retry=WARN', 'keystonemiddleware=WARN', 'routes.middleware=WARN', 'stevedore=WARN', 'taskflow=WARN', 'keystoneauth=WARN', 'oslo.cache=INFO', 'oslo_policy=INFO', 'dogpile.core.dogpile=INFO', 'glanceclient=WARN', 'oslo.privsep.daemon=INFO'] {{(pid=108750) log_opt_values /opt/stack/data/venv/lib/python3.12/site-packages/oslo_config/cfg.py:3242}}
Jun 29 04:25:38.202303 np0000183323 devstack@n-api-meta.service[108750]: DEBUG nova.api.openstack.wsgi_app [None req-186e0574-4ad2-422a-af9e-ea00e13722c3 None None] default_schedule_zone = None {{(pid=108750) log_opt_values /opt/stack/data/venv/lib/python3.12/site-packages/oslo_config/cfg.py:3242}}
Jun 29 04:25:38.202411 np0000183323 devstack@n-api-meta.service[108750]: DEBUG nova.api.openstack.wsgi_app [None req-186e0574-4ad2-422a-af9e-ea00e13722c3 None None] default_thread_pool_size = 10 {{(pid=108750) log_opt_values /opt/stack/data/venv/lib/python3.12/site-packages/oslo_config/cfg.py:3242}}
Jun 29 04:25:38.202533 np0000183323 devstack@n-api-meta.service[108750]: DEBUG nova.api.openstack.wsgi_app [None req-186e0574-4ad2-422a-af9e-ea00e13722c3 None None] disk_allocation_ratio = None {{(pid=108750) log_opt_values /opt/stack/data/venv/lib/python3.12/site-packages/oslo_config/cfg.py:3242}}
Jun 29 04:25:38.202657 np0000183323 devstack@n-api-meta.service[108750]: DEBUG nova.api.openstack.wsgi_app [None req-186e0574-4ad2-422a-af9e-ea00e13722c3 None None] enable_new_services = True {{(pid=108750) log_opt_values /opt/stack/data/venv/lib/python3.12/site-packages/oslo_config/cfg.py:3242}}
Jun 29 04:25:38.202782 np0000183323 devstack@n-api-meta.service[108750]: DEBUG nova.api.openstack.wsgi_app [None req-186e0574-4ad2-422a-af9e-ea00e13722c3 None None] flat_injected = False {{(pid=108750) log_opt_values /opt/stack/data/venv/lib/python3.12/site-packages/oslo_config/cfg.py:3242}}
Jun 29 04:25:38.202939 np0000183323 devstack@n-api-meta.service[108750]: DEBUG nova.api.openstack.wsgi_app [None req-186e0574-4ad2-422a-af9e-ea00e13722c3 None None] force_config_drive = False {{(pid=108750) log_opt_values /opt/stack/data/venv/lib/python3.12/site-packages/oslo_config/cfg.py:3242}}
Jun 29 04:25:38.203052 np0000183323 devstack@n-api-meta.service[108750]: DEBUG nova.api.openstack.wsgi_app [None req-186e0574-4ad2-422a-af9e-ea00e13722c3 None None] force_raw_images = True {{(pid=108750) log_opt_values /opt/stack/data/venv/lib/python3.12/site-packages/oslo_config/cfg.py:3242}}
Jun 29 04:25:38.203195 np0000183323 devstack@n-api-meta.service[108750]: DEBUG nova.api.openstack.wsgi_app [None req-186e0574-4ad2-422a-af9e-ea00e13722c3 None None] graceful_shutdown_timeout = 5 {{(pid=108750) log_opt_values /opt/stack/data/venv/lib/python3.12/site-packages/oslo_config/cfg.py:3242}}
Jun 29 04:25:38.203293 np0000183323 devstack@n-api-meta.service[108749]: DEBUG oslo_db.sqlalchemy.engines [None req-6ca60ec1-598d-4b11-a0b5-85343564b6ef None None] MySQL server mode set to STRICT_TRANS_TABLES,STRICT_ALL_TABLES,NO_ZERO_IN_DATE,NO_ZERO_DATE,ERROR_FOR_DIVISION_BY_ZERO,TRADITIONAL,NO_ENGINE_SUBSTITUTION {{(pid=108749) _check_effective_sql_mode /opt/stack/data/venv/lib/python3.12/site-packages/oslo_db/sqlalchemy/engines.py:325}}
Jun 29 04:25:38.203347 np0000183323 devstack@n-api-meta.service[108750]: DEBUG nova.api.openstack.wsgi_app [None req-186e0574-4ad2-422a-af9e-ea00e13722c3 None None] heal_instance_info_cache_interval = -1 {{(pid=108750) log_opt_values /opt/stack/data/venv/lib/python3.12/site-packages/oslo_config/cfg.py:3242}}
Jun 29 04:25:38.203504 np0000183323 devstack@n-api-meta.service[108750]: DEBUG nova.api.openstack.wsgi_app [None req-186e0574-4ad2-422a-af9e-ea00e13722c3 None None] host = np0000183323 {{(pid=108750) log_opt_values /opt/stack/data/venv/lib/python3.12/site-packages/oslo_config/cfg.py:3242}}
Jun 29 04:25:38.203639 np0000183323 devstack@n-api-meta.service[108750]: DEBUG nova.api.openstack.wsgi_app [None req-186e0574-4ad2-422a-af9e-ea00e13722c3 None None] initial_cpu_allocation_ratio = 4.0 {{(pid=108750) log_opt_values /opt/stack/data/venv/lib/python3.12/site-packages/oslo_config/cfg.py:3242}}
Jun 29 04:25:38.203769 np0000183323 devstack@n-api-meta.service[108750]: DEBUG nova.api.openstack.wsgi_app [None req-186e0574-4ad2-422a-af9e-ea00e13722c3 None None] initial_disk_allocation_ratio = 1.0 {{(pid=108750) log_opt_values /opt/stack/data/venv/lib/python3.12/site-packages/oslo_config/cfg.py:3242}}
Jun 29 04:25:38.203916 np0000183323 devstack@n-api-meta.service[108750]: DEBUG nova.api.openstack.wsgi_app [None req-186e0574-4ad2-422a-af9e-ea00e13722c3 None None] initial_ram_allocation_ratio = 1.0 {{(pid=108750) log_opt_values /opt/stack/data/venv/lib/python3.12/site-packages/oslo_config/cfg.py:3242}}
Jun 29 04:25:38.204094 np0000183323 devstack@n-api-meta.service[108750]: DEBUG nova.api.openstack.wsgi_app [None req-186e0574-4ad2-422a-af9e-ea00e13722c3 None None] injected_network_template = /opt/stack/nova/nova/virt/interfaces.template {{(pid=108750) log_opt_values /opt/stack/data/venv/lib/python3.12/site-packages/oslo_config/cfg.py:3242}}
Jun 29 04:25:38.204221 np0000183323 devstack@n-api-meta.service[108750]: DEBUG nova.api.openstack.wsgi_app [None req-186e0574-4ad2-422a-af9e-ea00e13722c3 None None] instance_build_timeout = 0 {{(pid=108750) log_opt_values /opt/stack/data/venv/lib/python3.12/site-packages/oslo_config/cfg.py:3242}}
Jun 29 04:25:38.204347 np0000183323 devstack@n-api-meta.service[108750]: DEBUG nova.api.openstack.wsgi_app [None req-186e0574-4ad2-422a-af9e-ea00e13722c3 None None] instance_delete_interval = 300 {{(pid=108750) log_opt_values /opt/stack/data/venv/lib/python3.12/site-packages/oslo_config/cfg.py:3242}}
Jun 29 04:25:38.204478 np0000183323 devstack@n-api-meta.service[108750]: DEBUG nova.api.openstack.wsgi_app [None req-186e0574-4ad2-422a-af9e-ea00e13722c3 None None] instance_format = [instance: %(uuid)s] {{(pid=108750) log_opt_values /opt/stack/data/venv/lib/python3.12/site-packages/oslo_config/cfg.py:3242}}
Jun 29 04:25:38.204607 np0000183323 devstack@n-api-meta.service[108750]: DEBUG nova.api.openstack.wsgi_app [None req-186e0574-4ad2-422a-af9e-ea00e13722c3 None None] instance_name_template = instance-%08x {{(pid=108750) log_opt_values /opt/stack/data/venv/lib/python3.12/site-packages/oslo_config/cfg.py:3242}}
Jun 29 04:25:38.204732 np0000183323 devstack@n-api-meta.service[108750]: DEBUG nova.api.openstack.wsgi_app [None req-186e0574-4ad2-422a-af9e-ea00e13722c3 None None] instance_usage_audit = False {{(pid=108750) log_opt_values /opt/stack/data/venv/lib/python3.12/site-packages/oslo_config/cfg.py:3242}}
Jun 29 04:25:38.204881 np0000183323 devstack@n-api-meta.service[108750]: DEBUG nova.api.openstack.wsgi_app [None req-186e0574-4ad2-422a-af9e-ea00e13722c3 None None] instance_usage_audit_period = month {{(pid=108750) log_opt_values /opt/stack/data/venv/lib/python3.12/site-packages/oslo_config/cfg.py:3242}}
Jun 29 04:25:38.205011 np0000183323 devstack@n-api-meta.service[108750]: DEBUG nova.api.openstack.wsgi_app [None req-186e0574-4ad2-422a-af9e-ea00e13722c3 None None] instance_uuid_format = [instance: %(uuid)s] {{(pid=108750) log_opt_values /opt/stack/data/venv/lib/python3.12/site-packages/oslo_config/cfg.py:3242}}
Jun 29 04:25:38.205141 np0000183323 devstack@n-api-meta.service[108750]: DEBUG nova.api.openstack.wsgi_app [None req-186e0574-4ad2-422a-af9e-ea00e13722c3 None None] instances_path = /opt/stack/data/nova/instances {{(pid=108750) log_opt_values /opt/stack/data/venv/lib/python3.12/site-packages/oslo_config/cfg.py:3242}}
Jun 29 04:25:38.205271 np0000183323 devstack@n-api-meta.service[108750]: DEBUG nova.api.openstack.wsgi_app [None req-186e0574-4ad2-422a-af9e-ea00e13722c3 None None] internal_service_availability_zone = internal {{(pid=108750) log_opt_values /opt/stack/data/venv/lib/python3.12/site-packages/oslo_config/cfg.py:3242}}
Jun 29 04:25:38.205395 np0000183323 devstack@n-api-meta.service[108750]: DEBUG nova.api.openstack.wsgi_app [None req-186e0574-4ad2-422a-af9e-ea00e13722c3 None None] key = None {{(pid=108750) log_opt_values /opt/stack/data/venv/lib/python3.12/site-packages/oslo_config/cfg.py:3242}}
Jun 29 04:25:38.205521 np0000183323 devstack@n-api-meta.service[108750]: DEBUG nova.api.openstack.wsgi_app [None req-186e0574-4ad2-422a-af9e-ea00e13722c3 None None] live_migration_retry_count = 30 {{(pid=108750) log_opt_values /opt/stack/data/venv/lib/python3.12/site-packages/oslo_config/cfg.py:3242}}
Jun 29 04:25:38.205655 np0000183323 devstack@n-api-meta.service[108750]: DEBUG nova.api.openstack.wsgi_app [None req-186e0574-4ad2-422a-af9e-ea00e13722c3 None None] log_color = False {{(pid=108750) log_opt_values /opt/stack/data/venv/lib/python3.12/site-packages/oslo_config/cfg.py:3242}}
Jun 29 04:25:38.205786 np0000183323 devstack@n-api-meta.service[108750]: DEBUG nova.api.openstack.wsgi_app [None req-186e0574-4ad2-422a-af9e-ea00e13722c3 None None] log_config_append = None {{(pid=108750) log_opt_values /opt/stack/data/venv/lib/python3.12/site-packages/oslo_config/cfg.py:3242}}
Jun 29 04:25:38.205939 np0000183323 devstack@n-api-meta.service[108750]: DEBUG nova.api.openstack.wsgi_app [None req-186e0574-4ad2-422a-af9e-ea00e13722c3 None None] log_date_format = %Y-%m-%d %H:%M:%S {{(pid=108750) log_opt_values /opt/stack/data/venv/lib/python3.12/site-packages/oslo_config/cfg.py:3242}}
Jun 29 04:25:38.206067 np0000183323 devstack@n-api-meta.service[108750]: DEBUG nova.api.openstack.wsgi_app [None req-186e0574-4ad2-422a-af9e-ea00e13722c3 None None] log_dir = None {{(pid=108750) log_opt_values /opt/stack/data/venv/lib/python3.12/site-packages/oslo_config/cfg.py:3242}}
Jun 29 04:25:38.206191 np0000183323 devstack@n-api-meta.service[108750]: DEBUG nova.api.openstack.wsgi_app [None req-186e0574-4ad2-422a-af9e-ea00e13722c3 None None] log_file = None {{(pid=108750) log_opt_values /opt/stack/data/venv/lib/python3.12/site-packages/oslo_config/cfg.py:3242}}
Jun 29 04:25:38.206321 np0000183323 devstack@n-api-meta.service[108750]: DEBUG nova.api.openstack.wsgi_app [None req-186e0574-4ad2-422a-af9e-ea00e13722c3 None None] log_options = True {{(pid=108750) log_opt_values /opt/stack/data/venv/lib/python3.12/site-packages/oslo_config/cfg.py:3242}}
Jun 29 04:25:38.206448 np0000183323 devstack@n-api-meta.service[108750]: DEBUG nova.api.openstack.wsgi_app [None req-186e0574-4ad2-422a-af9e-ea00e13722c3 None None] log_rotate_interval = 1 {{(pid=108750) log_opt_values /opt/stack/data/venv/lib/python3.12/site-packages/oslo_config/cfg.py:3242}}
Jun 29 04:25:38.206582 np0000183323 devstack@n-api-meta.service[108750]: DEBUG nova.api.openstack.wsgi_app [None req-186e0574-4ad2-422a-af9e-ea00e13722c3 None None] log_rotate_interval_type = days {{(pid=108750) log_opt_values /opt/stack/data/venv/lib/python3.12/site-packages/oslo_config/cfg.py:3242}}
Jun 29 04:25:38.206717 np0000183323 devstack@n-api-meta.service[108750]: DEBUG nova.api.openstack.wsgi_app [None req-186e0574-4ad2-422a-af9e-ea00e13722c3 None None] log_rotation_type = none {{(pid=108750) log_opt_values /opt/stack/data/venv/lib/python3.12/site-packages/oslo_config/cfg.py:3242}}
Jun 29 04:25:38.206821 np0000183323 devstack@n-api-meta.service[108750]: DEBUG nova.api.openstack.wsgi_app [None req-186e0574-4ad2-422a-af9e-ea00e13722c3 None None] logging_context_format_string = %(color)s%(levelname)s %(name)s [%(global_request_id)s %(request_id)s %(project_name)s %(user_name)s%(color)s] %(instance)s%(color)s%(message)s {{(pid=108750) log_opt_values /opt/stack/data/venv/lib/python3.12/site-packages/oslo_config/cfg.py:3242}}
Jun 29 04:25:38.206942 np0000183323 devstack@n-api-meta.service[108750]: DEBUG nova.api.openstack.wsgi_app [None req-186e0574-4ad2-422a-af9e-ea00e13722c3 None None] logging_debug_format_suffix = {{(pid=%(process)d) %(funcName)s %(pathname)s:%(lineno)d}} {{(pid=108750) log_opt_values /opt/stack/data/venv/lib/python3.12/site-packages/oslo_config/cfg.py:3242}}
Jun 29 04:25:38.207074 np0000183323 devstack@n-api-meta.service[108750]: DEBUG nova.api.openstack.wsgi_app [None req-186e0574-4ad2-422a-af9e-ea00e13722c3 None None] logging_default_format_string = %(color)s%(levelname)s %(name)s [-%(color)s] %(instance)s%(color)s%(message)s {{(pid=108750) log_opt_values /opt/stack/data/venv/lib/python3.12/site-packages/oslo_config/cfg.py:3242}}
Jun 29 04:25:38.207213 np0000183323 devstack@n-api-meta.service[108750]: DEBUG nova.api.openstack.wsgi_app [None req-186e0574-4ad2-422a-af9e-ea00e13722c3 None None] logging_exception_prefix = ERROR %(name)s %(instance)s {{(pid=108750) log_opt_values /opt/stack/data/venv/lib/python3.12/site-packages/oslo_config/cfg.py:3242}}
Jun 29 04:25:38.207302 np0000183323 devstack@n-api-meta.service[108750]: DEBUG nova.api.openstack.wsgi_app [None req-186e0574-4ad2-422a-af9e-ea00e13722c3 None None] logging_user_identity_format = %(user)s %(project)s %(domain)s %(system_scope)s %(user_domain)s %(project_domain)s {{(pid=108750) log_opt_values /opt/stack/data/venv/lib/python3.12/site-packages/oslo_config/cfg.py:3242}}
Jun 29 04:25:38.207438 np0000183323 devstack@n-api-meta.service[108750]: DEBUG nova.api.openstack.wsgi_app [None req-186e0574-4ad2-422a-af9e-ea00e13722c3 None None] long_rpc_timeout = 1800 {{(pid=108750) log_opt_values /opt/stack/data/venv/lib/python3.12/site-packages/oslo_config/cfg.py:3242}}
Jun 29 04:25:38.207565 np0000183323 devstack@n-api-meta.service[108750]: DEBUG nova.api.openstack.wsgi_app [None req-186e0574-4ad2-422a-af9e-ea00e13722c3 None None] manager_shutdown_timeout = 160 {{(pid=108750) log_opt_values /opt/stack/data/venv/lib/python3.12/site-packages/oslo_config/cfg.py:3242}}
Jun 29 04:25:38.207679 np0000183323 devstack@n-api-meta.service[108750]: DEBUG nova.api.openstack.wsgi_app [None req-186e0574-4ad2-422a-af9e-ea00e13722c3 None None] max_concurrent_builds = 10 {{(pid=108750) log_opt_values /opt/stack/data/venv/lib/python3.12/site-packages/oslo_config/cfg.py:3242}}
