2026-07-09 18:08:51.411 8 INFO neutron.api.v2.resource [None req-41c2278d-79ea-4f06-be62-4daf1f0ce290 e78cce187f1a4a80bffa2a31c3a74fa7 fdd0e51660624af9949a4ac3d5284a3b - - default default] delete failed (client error): The resource could not be found. [pid: 8|app: 0|req: 641/1288] 10.0.0.251 () {32 vars in 731 bytes} [Thu Jul 9 18:08:51 2026] DELETE /v2.0/floatingips/07061c2b-76d4-4da5-8764-b3f8c0104fc3 => generated 144 bytes in 24 msecs (HTTP/1.1 404) 4 headers in 164 bytes (1 switches on core 0)
2026-07-09 18:08:51.481 7 INFO neutron.db.ovn_revision_numbers_db [None req-ee9b8a82-3f45-4750-bbda-69b561a9403b 83ca7f7540574c3eb8543519573d9a53 0f7741b30d414f93bd6a1b5d57b8ff6b - - default default] Successfully bumped revision number for resource f140a24c-1ca0-4e8c-b689-72ef7888f7a9 (type: security_groups) to 1
2026-07-09 18:08:51.493 7 INFO neutron.db.ovn_revision_numbers_db [None req-ee9b8a82-3f45-4750-bbda-69b561a9403b 83ca7f7540574c3eb8543519573d9a53 0f7741b30d414f93bd6a1b5d57b8ff6b - - default default] Successfully bumped revision number for resource 033960de-7164-454f-8770-cd533e7798e8 (type: security_group_rules) to 0
2026-07-09 18:08:51.507 7 INFO neutron.db.ovn_revision_numbers_db [None req-ee9b8a82-3f45-4750-bbda-69b561a9403b 83ca7f7540574c3eb8543519573d9a53 0f7741b30d414f93bd6a1b5d57b8ff6b - - default default] Successfully bumped revision number for resource b33b3248-4ca2-4f33-afc6-52eb232e620e (type: security_group_rules) to 0
2026-07-09 18:08:51.520 7 INFO neutron.db.ovn_revision_numbers_db [None req-ee9b8a82-3f45-4750-bbda-69b561a9403b 83ca7f7540574c3eb8543519573d9a53 0f7741b30d414f93bd6a1b5d57b8ff6b - - default default] Successfully bumped revision number for resource b66a42ca-c930-4ef7-bd19-dfdaabeff742 (type: security_group_rules) to 0
2026-07-09 18:08:51.534 7 INFO neutron.db.ovn_revision_numbers_db [None req-ee9b8a82-3f45-4750-bbda-69b561a9403b 83ca7f7540574c3eb8543519573d9a53 0f7741b30d414f93bd6a1b5d57b8ff6b - - default default] Successfully bumped revision number for resource e3fbdf26-3325-490f-86a1-2c16054d021b (type: security_group_rules) to 0 [pid: 7|app: 0|req: 648/1289] 10.0.0.251 () {32 vars in 773 bytes} [Thu Jul 9 18:08:51 2026] GET /v2.0/security-groups?tenant_id=e4c401d878d8478c816ff3e576211b7b&name=default => generated 2925 bytes in 256 msecs (HTTP/1.1 200) 4 headers in 158 bytes (1 switches on core 0)
2026-07-09 18:08:51.614 8 INFO neutron_taas.services.taas.taas_plugin [None req-b8d31e2a-de62-436c-82a4-c1640cd33c21 e78cce187f1a4a80bffa2a31c3a74fa7 fdd0e51660624af9949a4ac3d5284a3b - - default default] TaaS: Handle Delete Port: f65ca117-627d-4494-87de-2b624c9011b0
2026-07-09 18:08:51.617 8 INFO neutron_taas.services.taas.tap_mirror_plugin [None req-b8d31e2a-de62-436c-82a4-c1640cd33c21 e78cce187f1a4a80bffa2a31c3a74fa7 fdd0e51660624af9949a4ac3d5284a3b - - default default] Tap Mirror: Handle Delete Port: f65ca117-627d-4494-87de-2b624c9011b0 [pid: 7|app: 0|req: 649/1290] 10.0.0.251 () {32 vars in 739 bytes} [Thu Jul 9 18:08:51 2026] DELETE /v2.0/security-groups/f140a24c-1ca0-4e8c-b689-72ef7888f7a9 => generated 0 bytes in 231 msecs (HTTP/1.1 204) 2 headers in 112 bytes (1 switches on core 0) [pid: 8|app: 0|req: 642/1291] 10.0.0.251 () {32 vars in 719 bytes} [Thu Jul 9 18:08:51 2026] DELETE /v2.0/ports/f65ca117-627d-4494-87de-2b624c9011b0 => generated 0 bytes in 466 msecs (HTTP/1.1 204) 3 headers in 131 bytes (1 switches on core 0)
2026-07-09 18:08:52.065 7 INFO neutron_taas.services.taas.taas_plugin [None req-eb4cc06a-e4df-407d-afbe-c4c620051cdc e78cce187f1a4a80bffa2a31c3a74fa7 fdd0e51660624af9949a4ac3d5284a3b - - default default] TaaS: Handle Delete Port: 0f3b650b-6520-4cf4-a1d0-03a828bed677
2026-07-09 18:08:52.068 7 INFO neutron_taas.services.taas.tap_mirror_plugin [None req-eb4cc06a-e4df-407d-afbe-c4c620051cdc e78cce187f1a4a80bffa2a31c3a74fa7 fdd0e51660624af9949a4ac3d5284a3b - - default default] Tap Mirror: Handle Delete Port: 0f3b650b-6520-4cf4-a1d0-03a828bed677 [pid: 7|app: 0|req: 650/1292] 10.0.0.251 () {32 vars in 719 bytes} [Thu Jul 9 18:08:51 2026] DELETE /v2.0/ports/0f3b650b-6520-4cf4-a1d0-03a828bed677 => generated 0 bytes in 356 msecs (HTTP/1.1 204) 3 headers in 131 bytes (1 switches on core 0) [pid: 8|app: 0|req: 643/1293] 10.0.0.251 () {32 vars in 735 bytes} [Thu Jul 9 18:08:52 2026] GET /v2.0/ports?device_id=e08fa75a-12f6-4153-9d57-a7ad8860eb40 => generated 946 bytes in 42 msecs (HTTP/1.1 200) 4 headers in 157 bytes (1 switches on core 0)
2026-07-09 18:08:52.590 7 INFO neutron_taas.services.taas.taas_plugin [None req-7dfd5473-af07-462b-acd6-d8d4a7211131 e78cce187f1a4a80bffa2a31c3a74fa7 fdd0e51660624af9949a4ac3d5284a3b - - default default] TaaS: Handle Delete Port: f3934867-f160-4931-9666-f5c6667043a5
2026-07-09 18:08:52.596 7 INFO neutron_taas.services.taas.tap_mirror_plugin [None req-7dfd5473-af07-462b-acd6-d8d4a7211131 e78cce187f1a4a80bffa2a31c3a74fa7 fdd0e51660624af9949a4ac3d5284a3b - - default default] Tap Mirror: Handle Delete Port: f3934867-f160-4931-9666-f5c6667043a5
2026-07-09 18:08:52.715 8 INFO neutron.db.ovn_revision_numbers_db [None req-d7ec9e5c-c80d-42be-ac82-3140ae36169a 83ca7f7540574c3eb8543519573d9a53 0f7741b30d414f93bd6a1b5d57b8ff6b - - default default] Successfully bumped revision number for resource 17bd532b-50fd-4feb-8590-38a285b24e77 (type: security_groups) to 1
2026-07-09 18:08:52.728 8 INFO neutron.db.ovn_revision_numbers_db [None req-d7ec9e5c-c80d-42be-ac82-3140ae36169a 83ca7f7540574c3eb8543519573d9a53 0f7741b30d414f93bd6a1b5d57b8ff6b - - default default] Successfully bumped revision number for resource 1cc66366-d335-45c0-8774-3027183dba36 (type: security_group_rules) to 0
2026-07-09 18:08:52.741 8 INFO neutron.db.ovn_revision_numbers_db [None req-d7ec9e5c-c80d-42be-ac82-3140ae36169a 83ca7f7540574c3eb8543519573d9a53 0f7741b30d414f93bd6a1b5d57b8ff6b - - default default] Successfully bumped revision number for resource 34befa76-6715-4268-b68c-6c92bf7260d9 (type: security_group_rules) to 0
2026-07-09 18:08:52.760 8 INFO neutron.db.ovn_revision_numbers_db [None req-d7ec9e5c-c80d-42be-ac82-3140ae36169a 83ca7f7540574c3eb8543519573d9a53 0f7741b30d414f93bd6a1b5d57b8ff6b - - default default] Successfully bumped revision number for resource 91b389b3-bcaa-4514-82f6-545a2fe208fe (type: security_group_rules) to 0
2026-07-09 18:08:52.776 8 INFO neutron.db.ovn_revision_numbers_db [None req-d7ec9e5c-c80d-42be-ac82-3140ae36169a 83ca7f7540574c3eb8543519573d9a53 0f7741b30d414f93bd6a1b5d57b8ff6b - - default default] Successfully bumped revision number for resource dadf1127-518d-4645-8fb6-dbac7a5bec21 (type: security_group_rules) to 0
2026-07-09 18:08:52.870 8 INFO neutron.db.segments_db [None req-d7ec9e5c-c80d-42be-ac82-3140ae36169a 83ca7f7540574c3eb8543519573d9a53 0f7741b30d414f93bd6a1b5d57b8ff6b - - default default] Added segment 750ab0f1-7dab-44aa-8377-54d849c6c81a of type geneve for network d204615b-11f9-48dc-993a-b106a2cec797
2026-07-09 18:08:52.986 8 INFO neutron.db.ovn_revision_numbers_db [None req-d7ec9e5c-c80d-42be-ac82-3140ae36169a 83ca7f7540574c3eb8543519573d9a53 0f7741b30d414f93bd6a1b5d57b8ff6b - - default default] Successfully bumped revision number for resource d204615b-11f9-48dc-993a-b106a2cec797 (type: networks) to 1
2026-07-09 18:08:53.144 8 WARNING neutron.scheduler.dhcp_agent_scheduler [None req-d7ec9e5c-c80d-42be-ac82-3140ae36169a 83ca7f7540574c3eb8543519573d9a53 0f7741b30d414f93bd6a1b5d57b8ff6b - - default default] No more DHCP agents
2026-07-09 18:08:53.146 8 WARNING neutron.api.rpc.agentnotifiers.dhcp_rpc_agent_api [None req-d7ec9e5c-c80d-42be-ac82-3140ae36169a 83ca7f7540574c3eb8543519573d9a53 0f7741b30d414f93bd6a1b5d57b8ff6b - - default default] Unable to schedule network d204615b-11f9-48dc-993a-b106a2cec797: no agents available; will retry on subsequent port and subnet creation events.
2026-07-09 18:08:53.206 8 INFO neutron.plugins.ml2.drivers.ovn.mech_driver.mech_driver [None req-c1f6ee70-cafd-42f1-a01f-16c9ba7e6bd5 - - - - - -] OVN reports status down for port: 17cd828b-8470-4eff-b4e9-c51b451a36d2 [pid: 7|app: 0|req: 651/1294] 10.0.0.251 () {34 vars in 788 bytes} [Thu Jul 9 18:08:52 2026] PUT /v2.0/routers/e08fa75a-12f6-4153-9d57-a7ad8860eb40/remove_router_interface => generated 309 bytes in 937 msecs (HTTP/1.1 200) 4 headers in 157 bytes (1 switches on core 0) /var/lib/openstack/lib/python3.12/site-packages/pycadf/identifier.py:70: UserWarning: Invalid uuid: neutron. To ensure interoperability, identifiers should be a valid uuid. warnings.warn(('Invalid uuid: %s. To ensure interoperability, '
2026-07-09 18:08:53.282 8 INFO neutron.db.ovn_revision_numbers_db [None req-d7ec9e5c-c80d-42be-ac82-3140ae36169a 83ca7f7540574c3eb8543519573d9a53 0f7741b30d414f93bd6a1b5d57b8ff6b - - default default] Successfully bumped revision number for resource 17cd828b-8470-4eff-b4e9-c51b451a36d2 (type: ports) to 1 [pid: 8|app: 0|req: 644/1295] 10.0.0.251 () {34 vars in 670 bytes} [Thu Jul 9 18:08:52 2026] POST /v2.0/networks => generated 748 bytes in 942 msecs (HTTP/1.1 201) 4 headers in 162 bytes (1 switches on core 0)
2026-07-09 18:08:53.500 8 WARNING neutron.scheduler.dhcp_agent_scheduler [None req-fc4141af-dd0c-450f-be95-b597a92cd5a6 83ca7f7540574c3eb8543519573d9a53 0f7741b30d414f93bd6a1b5d57b8ff6b - - default default] No more DHCP agents
2026-07-09 18:08:53.502 8 WARNING neutron.api.rpc.agentnotifiers.dhcp_rpc_agent_api [None req-fc4141af-dd0c-450f-be95-b597a92cd5a6 83ca7f7540574c3eb8543519573d9a53 0f7741b30d414f93bd6a1b5d57b8ff6b - - default default] Unable to schedule network d204615b-11f9-48dc-993a-b106a2cec797: no agents available; will retry on subsequent port and subnet creation events.
2026-07-09 18:08:53.598 7 INFO neutron_taas.services.taas.taas_plugin [None req-c7e9a0ab-1649-4d24-a9be-f106745d90a9 e78cce187f1a4a80bffa2a31c3a74fa7 fdd0e51660624af9949a4ac3d5284a3b - - default default] TaaS: Handle Delete Port: de85ae5c-500a-4609-9123-2e03ab40e51b
2026-07-09 18:08:53.602 7 INFO neutron_taas.services.taas.tap_mirror_plugin [None req-c7e9a0ab-1649-4d24-a9be-f106745d90a9 e78cce187f1a4a80bffa2a31c3a74fa7 fdd0e51660624af9949a4ac3d5284a3b - - default default] Tap Mirror: Handle Delete Port: de85ae5c-500a-4609-9123-2e03ab40e51b [pid: 7|app: 0|req: 652/1296] 10.0.0.251 () {32 vars in 723 bytes} [Thu Jul 9 18:08:53 2026] DELETE /v2.0/routers/e08fa75a-12f6-4153-9d57-a7ad8860eb40 => generated 0 bytes in 779 msecs (HTTP/1.1 204) 2 headers in 112 bytes (1 switches on core 0)
2026-07-09 18:08:54.033 8 INFO neutron.db.ovn_revision_numbers_db [None req-91d1e5bd-7cff-4d37-839a-26659f12f105 - - - - - -] Successfully bumped revision number for resource 17cd828b-8470-4eff-b4e9-c51b451a36d2 (type: ports) to 2
2026-07-09 18:08:54.072 8 INFO neutron.db.ovn_revision_numbers_db [None req-91d1e5bd-7cff-4d37-839a-26659f12f105 - - - - - -] Successfully bumped revision number for resource 5f4a3269-dcb7-4053-80fb-a97ce5e2e901 (type: subnets) to 0 [pid: 8|app: 0|req: 645/1297] 10.0.0.251 () {34 vars in 668 bytes} [Thu Jul 9 18:08:53 2026] POST /v2.0/subnets => generated 692 bytes in 752 msecs (HTTP/1.1 201) 4 headers in 162 bytes (1 switches on core 0) [pid: 8|app: 0|req: 646/1298] 10.0.0.251 () {32 vars in 723 bytes} [Thu Jul 9 18:08:54 2026] DELETE /v2.0/subnets/98a5fde7-9ada-4d74-a0d5-30e0274c4092 => generated 0 bytes in 124 msecs (HTTP/1.1 204) 3 headers in 131 bytes (1 switches on core 0)
2026-07-09 18:08:54.318 7 INFO neutron.db.ovn_revision_numbers_db [None req-abf60086-ac2e-4f1d-80a2-d0555fa7f29b 83ca7f7540574c3eb8543519573d9a53 0f7741b30d414f93bd6a1b5d57b8ff6b - - default default] Successfully bumped revision number for resource 04267d88-0fe6-4b31-9148-857e09ea3519 (type: security_groups) to 1
2026-07-09 18:08:54.330 7 INFO neutron.db.ovn_revision_numbers_db [None req-abf60086-ac2e-4f1d-80a2-d0555fa7f29b 83ca7f7540574c3eb8543519573d9a53 0f7741b30d414f93bd6a1b5d57b8ff6b - - default default] Successfully bumped revision number for resource 5343a28d-976a-4d52-be1f-4c42abd6bbee (type: security_group_rules) to 0
2026-07-09 18:08:54.342 7 INFO neutron.db.ovn_revision_numbers_db [None req-abf60086-ac2e-4f1d-80a2-d0555fa7f29b 83ca7f7540574c3eb8543519573d9a53 0f7741b30d414f93bd6a1b5d57b8ff6b - - default default] Successfully bumped revision number for resource 5969c4a9-20bf-49b0-ba66-19fb57e5f077 (type: security_group_rules) to 0
2026-07-09 18:08:54.355 7 INFO neutron.db.ovn_revision_numbers_db [None req-abf60086-ac2e-4f1d-80a2-d0555fa7f29b 83ca7f7540574c3eb8543519573d9a53 0f7741b30d414f93bd6a1b5d57b8ff6b - - default default] Successfully bumped revision number for resource 8b96b6fb-c8bd-4296-8676-e567f69e96a3 (type: security_group_rules) to 0
2026-07-09 18:08:54.366 7 INFO neutron.db.ovn_revision_numbers_db [None req-abf60086-ac2e-4f1d-80a2-d0555fa7f29b 83ca7f7540574c3eb8543519573d9a53 0f7741b30d414f93bd6a1b5d57b8ff6b - - default default] Successfully bumped revision number for resource c4467f73-4826-4d6c-bc37-6bdfaec9b460 (type: security_group_rules) to 0 [pid: 7|app: 0|req: 653/1299] 10.0.0.251 () {32 vars in 773 bytes} [Thu Jul 9 18:08:54 2026] GET /v2.0/security-groups?tenant_id=a0c3531f101a4cabaf77d6d81bc51d84&name=default => generated 2925 bytes in 381 msecs (HTTP/1.1 200) 4 headers in 158 bytes (1 switches on core 0)
2026-07-09 18:08:54.597 7 INFO neutron.db.ovn_revision_numbers_db [None req-9b9df936-60f8-4aa6-aa72-41f76e3fbfb8 83ca7f7540574c3eb8543519573d9a53 0f7741b30d414f93bd6a1b5d57b8ff6b - - default default] Successfully bumped revision number for resource e9398a8b-5238-4991-b126-f7692b314077 (type: security_groups) to 1
2026-07-09 18:08:54.609 7 INFO neutron.db.ovn_revision_numbers_db [None req-9b9df936-60f8-4aa6-aa72-41f76e3fbfb8 83ca7f7540574c3eb8543519573d9a53 0f7741b30d414f93bd6a1b5d57b8ff6b - - default default] Successfully bumped revision number for resource 1af77c9f-8d91-4639-9bef-429bf354e001 (type: security_group_rules) to 0
2026-07-09 18:08:54.624 7 INFO neutron.db.ovn_revision_numbers_db [None req-9b9df936-60f8-4aa6-aa72-41f76e3fbfb8 83ca7f7540574c3eb8543519573d9a53 0f7741b30d414f93bd6a1b5d57b8ff6b - - default default] Successfully bumped revision number for resource 2f14c32b-23b3-44d4-b300-80949697f8b2 (type: security_group_rules) to 0
2026-07-09 18:08:54.636 7 INFO neutron.db.ovn_revision_numbers_db [None req-9b9df936-60f8-4aa6-aa72-41f76e3fbfb8 83ca7f7540574c3eb8543519573d9a53 0f7741b30d414f93bd6a1b5d57b8ff6b - - default default] Successfully bumped revision number for resource 5b5d0af5-9571-4f68-9c9e-c1649976a63f (type: security_group_rules) to 0
2026-07-09 18:08:54.646 8 WARNING neutron.scheduler.dhcp_agent_scheduler [None req-d2105edd-74cb-4cf9-9cde-26137f6b5f52 83ca7f7540574c3eb8543519573d9a53 0f7741b30d414f93bd6a1b5d57b8ff6b - - default default] No more DHCP agents
2026-07-09 18:08:54.648 7 INFO neutron.db.ovn_revision_numbers_db [None req-9b9df936-60f8-4aa6-aa72-41f76e3fbfb8 83ca7f7540574c3eb8543519573d9a53 0f7741b30d414f93bd6a1b5d57b8ff6b - - default default] Successfully bumped revision number for resource ea1a9378-5467-4462-b3ec-ee6abebbed87 (type: security_group_rules) to 0
2026-07-09 18:08:54.648 8 WARNING neutron.api.rpc.agentnotifiers.dhcp_rpc_agent_api [None req-d2105edd-74cb-4cf9-9cde-26137f6b5f52 83ca7f7540574c3eb8543519573d9a53 0f7741b30d414f93bd6a1b5d57b8ff6b - - default default] Unable to schedule network 3ffecaaf-78d3-4c43-a947-2d20f4fd0b90: no agents available; will retry on subsequent port and subnet creation events. [pid: 7|app: 0|req: 654/1300] 10.0.0.251 () {32 vars in 773 bytes} [Thu Jul 9 18:08:54 2026] GET /v2.0/security-groups?tenant_id=ef7c9d14b78344aa97be5c4edb73cb4e&name=default => generated 2925 bytes in 281 msecs (HTTP/1.1 200) 4 headers in 158 bytes (1 switches on core 0)
2026-07-09 18:08:54.785 7 INFO neutron.plugins.ml2.drivers.ovn.mech_driver.mech_driver [None req-da70ac58-81f6-446a-ba4b-7dc394b009fc - - - - - -] OVN reports status down for port: 99c86ce5-576a-4443-8f4e-cdc3eb2971ef
2026-07-09 18:08:54.794 8 INFO neutron.db.ovn_revision_numbers_db [None req-d2105edd-74cb-4cf9-9cde-26137f6b5f52 83ca7f7540574c3eb8543519573d9a53 0f7741b30d414f93bd6a1b5d57b8ff6b - - default default] Successfully bumped revision number for resource 99c86ce5-576a-4443-8f4e-cdc3eb2971ef (type: ports) to 1
2026-07-09 18:08:54.892 7 INFO neutron_taas.services.taas.taas_plugin [None req-fe51060f-c5a4-489f-90e8-330f5f298437 e78cce187f1a4a80bffa2a31c3a74fa7 fdd0e51660624af9949a4ac3d5284a3b - - default default] TaaS: Handle Delete Port: b302d3a4-c99c-4b56-ad29-5049807340a1
2026-07-09 18:08:54.905 7 INFO neutron_taas.services.taas.tap_mirror_plugin [None req-fe51060f-c5a4-489f-90e8-330f5f298437 e78cce187f1a4a80bffa2a31c3a74fa7 fdd0e51660624af9949a4ac3d5284a3b - - default default] Tap Mirror: Handle Delete Port: b302d3a4-c99c-4b56-ad29-5049807340a1
2026-07-09 18:08:55.147 7 INFO neutron.services.segments.plugin [-] Segment 0ef50989-5b63-4d80-9f98-fbd6345b9f69 resource provider aggregate not found
2026-07-09 18:08:55.151 7 INFO neutron.services.segments.plugin [-] Segment 0ef50989-5b63-4d80-9f98-fbd6345b9f69 resource provider aggregate not found
2026-07-09 18:08:55.176 7 INFO neutron.services.segments.plugin [-] Client error retrieving segment 0ef50989-5b63-4d80-9f98-fbd6345b9f69 resource provider; error: Placement Client Error (4xx): {"errors": [{"status": 404, "title": "Not Found", "detail": "The resource could not be found.\n\n No resource provider with uuid 0ef50989-5b63-4d80-9f98-fbd6345b9f69 found for delete ", "request_id": "req-a091ae40-52ab-4513-a761-65efba2dd014"}]}
2026-07-09 18:08:55.183 7 INFO neutron.services.segments.plugin [-] Client error retrieving segment 0ef50989-5b63-4d80-9f98-fbd6345b9f69 resource provider; error: Placement Client Error (4xx): {"errors": [{"status": 404, "title": "Not Found", "detail": "The resource could not be found.\n\n No resource provider with uuid 0ef50989-5b63-4d80-9f98-fbd6345b9f69 found for delete ", "request_id": "req-34cbb08c-f409-4690-8c14-af02ddf15be4"}]} [pid: 7|app: 0|req: 655/1301] 10.0.0.251 () {32 vars in 725 bytes} [Thu Jul 9 18:08:54 2026] DELETE /v2.0/networks/8ef284e1-be27-4fb2-8cd7-5479933f0315 => generated 0 bytes in 539 msecs (HTTP/1.1 204) 3 headers in 131 bytes (1 switches on core 0) [pid: 7|app: 0|req: 656/1302] 10.0.0.251 () {32 vars in 739 bytes} [Thu Jul 9 18:08:55 2026] DELETE /v2.0/security-groups/04267d88-0fe6-4b31-9148-857e09ea3519 => generated 0 bytes in 287 msecs (HTTP/1.1 204) 2 headers in 112 bytes (1 switches on core 0)
2026-07-09 18:08:55.588 8 INFO neutron.plugins.ml2.drivers.ovn.mech_driver.ovsdb.commands [None req-07182ef0-a7e6-476c-b944-16349464c9f4 - - - - - -] Schedule LRP lrp-99c86ce5-576a-4443-8f4e-cdc3eb2971ef on gateway 7dc3af77-d898-472f-ba32-f65e7dd058fb with priority 1
2026-07-09 18:08:55.630 8 INFO neutron.plugins.ml2.drivers.ovn.mech_driver.ovsdb.ovsdb_monitor [None req-7695ee24-6697-41a2-bc5b-9b635adce650 - - - - - -] Router 8efcbd54-11ce-4ee0-ae88-06ba3bc20171 is bound to host instance
2026-07-09 18:08:55.695 7 INFO neutron.plugins.ml2.drivers.ovn.mech_driver.mech_driver [None req-da70ac58-81f6-446a-ba4b-7dc394b009fc - - - - - -] OVN reports status up for port: 99c86ce5-576a-4443-8f4e-cdc3eb2971ef
2026-07-09 18:08:55.713 7 INFO neutron.plugins.ml2.plugin [None req-da70ac58-81f6-446a-ba4b-7dc394b009fc - - - - - -] Attempt 1 to provision port 99c86ce5-576a-4443-8f4e-cdc3eb2971ef
2026-07-09 18:08:55.715 8 INFO neutron.db.ovn_revision_numbers_db [None req-d2105edd-74cb-4cf9-9cde-26137f6b5f52 83ca7f7540574c3eb8543519573d9a53 0f7741b30d414f93bd6a1b5d57b8ff6b - - default default] Successfully bumped revision number for resource 99c86ce5-576a-4443-8f4e-cdc3eb2971ef (type: router_ports) to 1 [pid: 7|app: 0|req: 657/1303] 10.0.0.251 () {32 vars in 739 bytes} [Thu Jul 9 18:08:55 2026] DELETE /v2.0/security-groups/e9398a8b-5238-4991-b126-f7692b314077 => generated 0 bytes in 372 msecs (HTTP/1.1 204) 2 headers in 112 bytes (1 switches on core 0)
2026-07-09 18:08:55.893 8 INFO neutron.db.ovn_revision_numbers_db [None req-d2105edd-74cb-4cf9-9cde-26137f6b5f52 83ca7f7540574c3eb8543519573d9a53 0f7741b30d414f93bd6a1b5d57b8ff6b - - default default] Successfully bumped revision number for resource 8efcbd54-11ce-4ee0-ae88-06ba3bc20171 (type: routers) to 2 [pid: 8|app: 0|req: 647/1304] 10.0.0.251 () {34 vars in 668 bytes} [Thu Jul 9 18:08:54 2026] POST /v2.0/routers => generated 970 bytes in 1730 msecs (HTTP/1.1 201) 4 headers in 162 bytes (1 switches on core 0)
2026-07-09 18:08:56.053 7 INFO neutron.db.ovn_revision_numbers_db [None req-2de4619a-4158-4900-aebb-2af205d38fd8 83ca7f7540574c3eb8543519573d9a53 0f7741b30d414f93bd6a1b5d57b8ff6b - - default default] Successfully bumped revision number for resource 2cbe27e3-8497-41e2-ba55-7263024e8f83 (type: security_groups) to 1
2026-07-09 18:08:56.076 7 INFO neutron.db.ovn_revision_numbers_db [None req-2de4619a-4158-4900-aebb-2af205d38fd8 83ca7f7540574c3eb8543519573d9a53 0f7741b30d414f93bd6a1b5d57b8ff6b - - default default] Successfully bumped revision number for resource 14db74bc-ab89-4150-99fc-cbc2ac4164c8 (type: security_group_rules) to 0
2026-07-09 18:08:56.092 7 INFO neutron.db.ovn_revision_numbers_db [None req-2de4619a-4158-4900-aebb-2af205d38fd8 83ca7f7540574c3eb8543519573d9a53 0f7741b30d414f93bd6a1b5d57b8ff6b - - default default] Successfully bumped revision number for resource 4e4e8cf6-2155-4207-8527-ce0d9d1d85b6 (type: security_group_rules) to 0
2026-07-09 18:08:56.104 7 INFO neutron.db.ovn_revision_numbers_db [None req-2de4619a-4158-4900-aebb-2af205d38fd8 83ca7f7540574c3eb8543519573d9a53 0f7741b30d414f93bd6a1b5d57b8ff6b - - default default] Successfully bumped revision number for resource 59886edc-a351-4bb4-9072-131479d715a6 (type: security_group_rules) to 0
2026-07-09 18:08:56.121 7 INFO neutron.db.ovn_revision_numbers_db [None req-2de4619a-4158-4900-aebb-2af205d38fd8 83ca7f7540574c3eb8543519573d9a53 0f7741b30d414f93bd6a1b5d57b8ff6b - - default default] Successfully bumped revision number for resource cc59ec70-bb3b-4178-b6c3-847033d851da (type: security_group_rules) to 0 [pid: 7|app: 0|req: 658/1305] 10.0.0.251 () {32 vars in 773 bytes} [Thu Jul 9 18:08:55 2026] GET /v2.0/security-groups?tenant_id=8728df6c9d764290993b66246bc6b378&name=default => generated 2925 bytes in 283 msecs (HTTP/1.1 200) 4 headers in 158 bytes (1 switches on core 0) [pid: 8|app: 0|req: 648/1306] 10.0.0.251 () {32 vars in 773 bytes} [Thu Jul 9 18:08:55 2026] GET /v2.0/security-groups?tenant_id=fdd0e51660624af9949a4ac3d5284a3b&name=default => generated 2925 bytes in 302 msecs (HTTP/1.1 200) 4 headers in 158 bytes (1 switches on core 0) [pid: 8|app: 0|req: 649/1307] 10.0.0.251 () {32 vars in 739 bytes} [Thu Jul 9 18:08:56 2026] DELETE /v2.0/security-groups/2cbe27e3-8497-41e2-ba55-7263024e8f83 => generated 0 bytes in 395 msecs (HTTP/1.1 204) 2 headers in 112 bytes (1 switches on core 0)
2026-07-09 18:08:56.710 7 WARNING neutron.scheduler.dhcp_agent_scheduler [None req-34a85c7e-fac9-44ac-bcd7-39a86e995a3e 83ca7f7540574c3eb8543519573d9a53 0f7741b30d414f93bd6a1b5d57b8ff6b - - default default] No more DHCP agents
2026-07-09 18:08:56.712 7 WARNING neutron.api.rpc.agentnotifiers.dhcp_rpc_agent_api [None req-34a85c7e-fac9-44ac-bcd7-39a86e995a3e 83ca7f7540574c3eb8543519573d9a53 0f7741b30d414f93bd6a1b5d57b8ff6b - - default default] Unable to schedule network d204615b-11f9-48dc-993a-b106a2cec797: no agents available; will retry on subsequent port and subnet creation events.
2026-07-09 18:08:56.890 7 INFO neutron.db.ovn_revision_numbers_db [None req-34a85c7e-fac9-44ac-bcd7-39a86e995a3e 83ca7f7540574c3eb8543519573d9a53 0f7741b30d414f93bd6a1b5d57b8ff6b - - default default] Successfully bumped revision number for resource 048e16c1-2540-499d-8a0d-48350732a661 (type: ports) to 1 [pid: 8|app: 0|req: 650/1308] 10.0.0.251 () {32 vars in 739 bytes} [Thu Jul 9 18:08:56 2026] DELETE /v2.0/security-groups/e3479be0-bca1-49a8-8c62-e9da3569d518 => generated 0 bytes in 495 msecs (HTTP/1.1 204) 2 headers in 112 bytes (1 switches on core 0)
2026-07-09 18:08:57.153 8 INFO neutron.db.ovn_revision_numbers_db [None req-942e816e-45cf-4341-883f-53d6ab2bb504 - - - - - -] Successfully bumped revision number for resource 99c86ce5-576a-4443-8f4e-cdc3eb2971ef (type: ports) to 4
2026-07-09 18:08:57.499 8 INFO neutron.db.ovn_revision_numbers_db [None req-942e816e-45cf-4341-883f-53d6ab2bb504 - - - - - -] Successfully bumped revision number for resource 99c86ce5-576a-4443-8f4e-cdc3eb2971ef (type: ports) to 5
2026-07-09 18:08:57.644 7 WARNING neutron.scheduler.dhcp_agent_scheduler [None req-34a85c7e-fac9-44ac-bcd7-39a86e995a3e 83ca7f7540574c3eb8543519573d9a53 0f7741b30d414f93bd6a1b5d57b8ff6b - - default default] No more DHCP agents
2026-07-09 18:08:57.647 7 WARNING neutron.api.rpc.agentnotifiers.dhcp_rpc_agent_api [None req-34a85c7e-fac9-44ac-bcd7-39a86e995a3e 83ca7f7540574c3eb8543519573d9a53 0f7741b30d414f93bd6a1b5d57b8ff6b - - default default] Unable to schedule network d204615b-11f9-48dc-993a-b106a2cec797: no agents available; will retry on subsequent port and subnet creation events.
2026-07-09 18:08:57.979 7 INFO neutron.plugins.ml2.drivers.ovn.mech_driver.mech_driver [None req-da70ac58-81f6-446a-ba4b-7dc394b009fc - - - - - -] OVN reports status down for port: 048e16c1-2540-499d-8a0d-48350732a661
2026-07-09 18:08:58.028 8 INFO neutron.db.ovn_revision_numbers_db [None req-8e029557-d19f-4d1e-82a5-361c474e3d43 ae53708a0f704068882aca3c4515d50f 0e5db2337b484941824c086a9c60b7c3 - - default default] Successfully bumped revision number for resource 153f2b36-e72a-4393-9c20-81d22f054845 (type: security_groups) to 1
2026-07-09 18:08:58.042 8 INFO neutron.db.ovn_revision_numbers_db [None req-8e029557-d19f-4d1e-82a5-361c474e3d43 ae53708a0f704068882aca3c4515d50f 0e5db2337b484941824c086a9c60b7c3 - - default default] Successfully bumped revision number for resource 4d294cc7-0961-49b6-b97c-3881c2c4d147 (type: security_group_rules) to 0
2026-07-09 18:08:58.051 8 INFO neutron.db.ovn_revision_numbers_db [None req-8e029557-d19f-4d1e-82a5-361c474e3d43 ae53708a0f704068882aca3c4515d50f 0e5db2337b484941824c086a9c60b7c3 - - default default] Successfully bumped revision number for resource 65d559f6-b07e-4c52-8b84-c16ef652c3ef (type: security_group_rules) to 0
2026-07-09 18:08:58.065 8 INFO neutron.db.ovn_revision_numbers_db [None req-8e029557-d19f-4d1e-82a5-361c474e3d43 ae53708a0f704068882aca3c4515d50f 0e5db2337b484941824c086a9c60b7c3 - - default default] Successfully bumped revision number for resource a9290e98-cf37-49df-8b80-2d682cd38b12 (type: security_group_rules) to 0
2026-07-09 18:08:58.077 8 INFO neutron.db.ovn_revision_numbers_db [None req-8e029557-d19f-4d1e-82a5-361c474e3d43 ae53708a0f704068882aca3c4515d50f 0e5db2337b484941824c086a9c60b7c3 - - default default] Successfully bumped revision number for resource bac13bde-102f-4a6e-9d8e-6a423b453fc5 (type: security_group_rules) to 0
2026-07-09 18:08:58.114 7 WARNING neutron.plugins.ml2.drivers.ovn.mech_driver.ovsdb.ovn_client [None req-da70ac58-81f6-446a-ba4b-7dc394b009fc - - - - - -] Logical_Switch_Port 048e16c1-2540-499d-8a0d-48350732a661 host information not removed, the port state is up
2026-07-09 18:08:58.115 7 INFO neutron.plugins.ml2.drivers.ovn.mech_driver.mech_driver [None req-da70ac58-81f6-446a-ba4b-7dc394b009fc - - - - - -] OVN reports status up for port: 048e16c1-2540-499d-8a0d-48350732a661
2026-07-09 18:08:58.144 8 INFO neutron.db.segments_db [None req-8e029557-d19f-4d1e-82a5-361c474e3d43 ae53708a0f704068882aca3c4515d50f 0e5db2337b484941824c086a9c60b7c3 - - default default] Added segment e0ca2a5c-1f37-4fbc-8b0b-b508f29605c8 of type geneve for network 7e9a29d2-e87e-4baa-b9c2-0b6a75fa8d37
2026-07-09 18:08:58.145 7 INFO neutron.plugins.ml2.plugin [None req-da70ac58-81f6-446a-ba4b-7dc394b009fc - - - - - -] Attempt 1 to provision port 048e16c1-2540-499d-8a0d-48350732a661
2026-07-09 18:08:58.258 8 INFO neutron.db.ovn_revision_numbers_db [None req-8e029557-d19f-4d1e-82a5-361c474e3d43 ae53708a0f704068882aca3c4515d50f 0e5db2337b484941824c086a9c60b7c3 - - default default] Successfully bumped revision number for resource 7e9a29d2-e87e-4baa-b9c2-0b6a75fa8d37 (type: networks) to 1
2026-07-09 18:08:58.429 8 WARNING neutron.scheduler.dhcp_agent_scheduler [None req-8e029557-d19f-4d1e-82a5-361c474e3d43 ae53708a0f704068882aca3c4515d50f 0e5db2337b484941824c086a9c60b7c3 - - default default] No more DHCP agents
2026-07-09 18:08:58.430 8 WARNING neutron.api.rpc.agentnotifiers.dhcp_rpc_agent_api [None req-8e029557-d19f-4d1e-82a5-361c474e3d43 ae53708a0f704068882aca3c4515d50f 0e5db2337b484941824c086a9c60b7c3 - - default default] Unable to schedule network 7e9a29d2-e87e-4baa-b9c2-0b6a75fa8d37: no agents available; will retry on subsequent port and subnet creation events.
2026-07-09 18:08:58.433 7 INFO neutron.db.ovn_revision_numbers_db [None req-34a85c7e-fac9-44ac-bcd7-39a86e995a3e 83ca7f7540574c3eb8543519573d9a53 0f7741b30d414f93bd6a1b5d57b8ff6b - - default default] Successfully bumped revision number for resource 048e16c1-2540-499d-8a0d-48350732a661 (type: router_ports) to 1 [pid: 7|app: 0|req: 659/1309] 10.0.0.251 () {34 vars in 782 bytes} [Thu Jul 9 18:08:56 2026] PUT /v2.0/routers/8efcbd54-11ce-4ee0-ae88-06ba3bc20171/add_router_interface => generated 309 bytes in 2282 msecs (HTTP/1.1 200) 4 headers in 157 bytes (1 switches on core 0)
2026-07-09 18:08:58.506 8 INFO neutron.db.ovn_revision_numbers_db [None req-8e029557-d19f-4d1e-82a5-361c474e3d43 ae53708a0f704068882aca3c4515d50f 0e5db2337b484941824c086a9c60b7c3 - - default default] Successfully bumped revision number for resource 9eb7feba-4b1e-40b9-894f-4f2079691b2a (type: ports) to 1 [pid: 8|app: 0|req: 651/1310] 10.0.0.251 () {34 vars in 669 bytes} [Thu Jul 9 18:08:57 2026] POST /v2.0/networks => generated 630 bytes in 777 msecs (HTTP/1.1 201) 4 headers in 162 bytes (1 switches on core 0)
2026-07-09 18:08:58.718 7 INFO neutron.db.segments_db [None req-26e38fd7-ceb4-49ac-903d-fe6a1fb3cf04 ae53708a0f704068882aca3c4515d50f 0e5db2337b484941824c086a9c60b7c3 - - default default] Added segment f25079df-51b1-4e43-8b14-3c61c80a9ef2 of type geneve for network 79904465-1b8a-420e-984d-30f649061d15
2026-07-09 18:08:58.907 7 INFO neutron.db.ovn_revision_numbers_db [None req-da70ac58-81f6-446a-ba4b-7dc394b009fc - - - - - -] Successfully bumped revision number for resource 048e16c1-2540-499d-8a0d-48350732a661 (type: ports) to 2
2026-07-09 18:08:58.980 7 INFO neutron.db.ovn_revision_numbers_db [None req-26e38fd7-ceb4-49ac-903d-fe6a1fb3cf04 ae53708a0f704068882aca3c4515d50f 0e5db2337b484941824c086a9c60b7c3 - - default default] Successfully bumped revision number for resource 79904465-1b8a-420e-984d-30f649061d15 (type: networks) to 1
2026-07-09 18:08:59.179 7 WARNING neutron.scheduler.dhcp_agent_scheduler [None req-26e38fd7-ceb4-49ac-903d-fe6a1fb3cf04 ae53708a0f704068882aca3c4515d50f 0e5db2337b484941824c086a9c60b7c3 - - default default] No more DHCP agents
2026-07-09 18:08:59.180 7 WARNING neutron.api.rpc.agentnotifiers.dhcp_rpc_agent_api [None req-26e38fd7-ceb4-49ac-903d-fe6a1fb3cf04 ae53708a0f704068882aca3c4515d50f 0e5db2337b484941824c086a9c60b7c3 - - default default] Unable to schedule network 79904465-1b8a-420e-984d-30f649061d15: no agents available; will retry on subsequent port and subnet creation events.
2026-07-09 18:08:59.261 7 INFO neutron.db.ovn_revision_numbers_db [None req-26e38fd7-ceb4-49ac-903d-fe6a1fb3cf04 ae53708a0f704068882aca3c4515d50f 0e5db2337b484941824c086a9c60b7c3 - - default default] Successfully bumped revision number for resource ccc062e3-1629-409d-83b5-479e3d64d373 (type: ports) to 1 [pid: 7|app: 0|req: 660/1311] 10.0.0.251 () {34 vars in 669 bytes} [Thu Jul 9 18:08:58 2026] POST /v2.0/networks => generated 630 bytes in 732 msecs (HTTP/1.1 201) 4 headers in 162 bytes (1 switches on core 0) [pid: 7|app: 0|req: 661/1312] 10.0.0.5 () {34 vars in 979 bytes} [Thu Jul 9 18:08:59 2026] GET /v2.0/networks?id=d204615b-11f9-48dc-993a-b106a2cec797 => generated 677 bytes in 39 msecs (HTTP/1.1 200) 4 headers in 157 bytes (1 switches on core 0) [pid: 7|app: 0|req: 662/1313] 10.0.0.5 () {34 vars in 962 bytes} [Thu Jul 9 18:08:59 2026] GET /v2.0/quotas/b1b3b689ca924d6dbf43425a50cbd478 => generated 292 bytes in 13 msecs (HTTP/1.1 200) 4 headers in 157 bytes (1 switches on core 0)
2026-07-09 18:08:59.473 8 WARNING neutron.scheduler.dhcp_agent_scheduler [None req-8139b37d-8dd9-4a9f-89ae-bbe29f3d7070 ae53708a0f704068882aca3c4515d50f 0e5db2337b484941824c086a9c60b7c3 - - default default] No more DHCP agents
2026-07-09 18:08:59.475 8 WARNING neutron.api.rpc.agentnotifiers.dhcp_rpc_agent_api [None req-8139b37d-8dd9-4a9f-89ae-bbe29f3d7070 ae53708a0f704068882aca3c4515d50f 0e5db2337b484941824c086a9c60b7c3 - - default default] Unable to schedule network 7e9a29d2-e87e-4baa-b9c2-0b6a75fa8d37: no agents available; will retry on subsequent port and subnet creation events. [pid: 7|app: 0|req: 663/1314] 10.0.0.5 () {34 vars in 999 bytes} [Thu Jul 9 18:08:59 2026] GET /v2.0/ports?tenant_id=b1b3b689ca924d6dbf43425a50cbd478&fields=id => generated 103 bytes in 85 msecs (HTTP/1.1 200) 4 headers in 157 bytes (1 switches on core 0) [pid: 7|app: 0|req: 664/1315] 10.0.0.5 () {34 vars in 1005 bytes} [Thu Jul 9 18:08:59 2026] GET /v2.0/networks/d204615b-11f9-48dc-993a-b106a2cec797?fields=segments => generated 14 bytes in 35 msecs (HTTP/1.1 200) 4 headers in 156 bytes (1 switches on core 0) [pid: 7|app: 0|req: 665/1316] 10.0.0.5 () {34 vars in 1105 bytes} [Thu Jul 9 18:08:59 2026] GET /v2.0/networks/d204615b-11f9-48dc-993a-b106a2cec797?fields=provider%3Aphysical_network&fields=provider%3Anetwork_type => generated 79 bytes in 46 msecs (HTTP/1.1 200) 4 headers in 156 bytes (1 switches on core 0) [pid: 7|app: 0|req: 666/1317] 10.0.0.5 () {34 vars in 987 bytes} [Thu Jul 9 18:08:59 2026] GET /v2.0/ports?device_id=cbd51688-64b5-4a94-a6d2-54431dccdd87 => generated 12 bytes in 25 msecs (HTTP/1.1 200) 4 headers in 156 bytes (1 switches on core 0)
2026-07-09 18:08:59.980 8 INFO neutron.db.ovn_revision_numbers_db [None req-54ad07bc-cd1b-4d1a-964b-17391e2614c6 - - - - - -] Successfully bumped revision number for resource 9eb7feba-4b1e-40b9-894f-4f2079691b2a (type: ports) to 2
2026-07-09 18:09:00.012 8 INFO neutron.db.ovn_revision_numbers_db [None req-54ad07bc-cd1b-4d1a-964b-17391e2614c6 - - - - - -] Successfully bumped revision number for resource 89ab254e-bae6-4400-88a8-baf9231cad0d (type: subnets) to 0 [pid: 8|app: 0|req: 652/1318] 10.0.0.251 () {34 vars in 668 bytes} [Thu Jul 9 18:08:59 2026] POST /v2.0/subnets => generated 626 bytes in 747 msecs (HTTP/1.1 201) 4 headers in 162 bytes (1 switches on core 0)
2026-07-09 18:09:00.232 7 WARNING neutron.scheduler.dhcp_agent_scheduler [None req-fc5ffdda-4b3b-438d-8875-d9c1da477a1d ae53708a0f704068882aca3c4515d50f 0e5db2337b484941824c086a9c60b7c3 - - default default] No more DHCP agents
2026-07-09 18:09:00.233 7 WARNING neutron.api.rpc.agentnotifiers.dhcp_rpc_agent_api [None req-fc5ffdda-4b3b-438d-8875-d9c1da477a1d ae53708a0f704068882aca3c4515d50f 0e5db2337b484941824c086a9c60b7c3 - - default default] Unable to schedule network 79904465-1b8a-420e-984d-30f649061d15: no agents available; will retry on subsequent port and subnet creation events.
2026-07-09 18:09:00.692 7 INFO neutron.db.ovn_revision_numbers_db [None req-4b065d03-9589-46c5-834f-6e2641cb0a56 - - - - - -] Successfully bumped revision number for resource ccc062e3-1629-409d-83b5-479e3d64d373 (type: ports) to 2
2026-07-09 18:09:00.719 7 INFO neutron.db.ovn_revision_numbers_db [None req-4b065d03-9589-46c5-834f-6e2641cb0a56 - - - - - -] Successfully bumped revision number for resource d581d401-1116-4ee6-a12d-23b10ee48a3b (type: subnets) to 0 [pid: 7|app: 0|req: 667/1319] 10.0.0.251 () {34 vars in 668 bytes} [Thu Jul 9 18:09:00 2026] POST /v2.0/subnets => generated 626 bytes in 694 msecs (HTTP/1.1 201) 4 headers in 162 bytes (1 switches on core 0) [pid: 7|app: 0|req: 668/1320] 10.0.0.5 () {34 vars in 987 bytes} [Thu Jul 9 18:09:00 2026] GET /v2.0/ports?device_id=cbd51688-64b5-4a94-a6d2-54431dccdd87 => generated 12 bytes in 22 msecs (HTTP/1.1 200) 4 headers in 156 bytes (1 switches on core 0)
2026-07-09 18:09:00.872 8 INFO neutron.db.ovn_revision_numbers_db [None req-f04130cf-ab16-42d2-a293-e1599c06a424 ae53708a0f704068882aca3c4515d50f 0e5db2337b484941824c086a9c60b7c3 - - default default] Successfully bumped revision number for resource 4ddaf50f-e752-4f53-b878-a317c7e913b8 (type: routers) to 1 [pid: 8|app: 0|req: 653/1321] 10.0.0.251 () {34 vars in 668 bytes} [Thu Jul 9 18:09:00 2026] POST /v2.0/routers => generated 603 bytes in 159 msecs (HTTP/1.1 201) 4 headers in 162 bytes (1 switches on core 0)
2026-07-09 18:09:01.191 7 INFO neutron.db.ovn_revision_numbers_db [None req-b75a4fb2-f07f-42ec-96cb-dc0e1369d1c6 83ca7f7540574c3eb8543519573d9a53 0f7741b30d414f93bd6a1b5d57b8ff6b - - default default] Successfully bumped revision number for resource a96637a8-3f35-481d-a59c-b757af3cf449 (type: security_groups) to 1
2026-07-09 18:09:01.216 7 INFO neutron.db.ovn_revision_numbers_db [None req-b75a4fb2-f07f-42ec-96cb-dc0e1369d1c6 83ca7f7540574c3eb8543519573d9a53 0f7741b30d414f93bd6a1b5d57b8ff6b - - default default] Successfully bumped revision number for resource 7ec69a95-ff0f-4f0b-a242-45c52bcbdb99 (type: security_group_rules) to 0
2026-07-09 18:09:01.233 7 INFO neutron.db.ovn_revision_numbers_db [None req-b75a4fb2-f07f-42ec-96cb-dc0e1369d1c6 83ca7f7540574c3eb8543519573d9a53 0f7741b30d414f93bd6a1b5d57b8ff6b - - default default] Successfully bumped revision number for resource 918b755e-e14c-40d5-ac42-14b75374820c (type: security_group_rules) to 0
2026-07-09 18:09:01.258 7 INFO neutron.db.ovn_revision_numbers_db [None req-b75a4fb2-f07f-42ec-96cb-dc0e1369d1c6 83ca7f7540574c3eb8543519573d9a53 0f7741b30d414f93bd6a1b5d57b8ff6b - - default default] Successfully bumped revision number for resource 9ebf5b55-7aff-4e1b-bb96-510fbac4a3f3 (type: security_group_rules) to 0
2026-07-09 18:09:01.284 7 INFO neutron.db.ovn_revision_numbers_db [None req-b75a4fb2-f07f-42ec-96cb-dc0e1369d1c6 83ca7f7540574c3eb8543519573d9a53 0f7741b30d414f93bd6a1b5d57b8ff6b - - default default] Successfully bumped revision number for resource a0d670b3-0bdb-4c7a-bbcd-9551ff328d9e (type: security_group_rules) to 0
2026-07-09 18:09:01.331 8 WARNING neutron.scheduler.dhcp_agent_scheduler [None req-b93954fc-d23f-4b3f-a17b-bc941e327158 ae53708a0f704068882aca3c4515d50f 0e5db2337b484941824c086a9c60b7c3 - - default default] No more DHCP agents
2026-07-09 18:09:01.332 8 WARNING neutron.api.rpc.agentnotifiers.dhcp_rpc_agent_api [None req-b93954fc-d23f-4b3f-a17b-bc941e327158 ae53708a0f704068882aca3c4515d50f 0e5db2337b484941824c086a9c60b7c3 - - default default] Unable to schedule network 7e9a29d2-e87e-4baa-b9c2-0b6a75fa8d37: no agents available; will retry on subsequent port and subnet creation events. [pid: 7|app: 0|req: 669/1322] 10.0.0.251 () {32 vars in 773 bytes} [Thu Jul 9 18:09:00 2026] GET /v2.0/security-groups?tenant_id=23bcb951ea144ddb90ad3cd4705a7480&name=default => generated 2925 bytes in 511 msecs (HTTP/1.1 200) 4 headers in 158 bytes (1 switches on core 0)
2026-07-09 18:09:01.448 8 INFO neutron.plugins.ml2.drivers.ovn.mech_driver.mech_driver [None req-c1f6ee70-cafd-42f1-a01f-16c9ba7e6bd5 - - - - - -] OVN reports status down for port: 34bad209-c5fb-4bfb-9956-ce6c8fdd67c7
2026-07-09 18:09:01.516 8 INFO neutron.db.ovn_revision_numbers_db [None req-b93954fc-d23f-4b3f-a17b-bc941e327158 ae53708a0f704068882aca3c4515d50f 0e5db2337b484941824c086a9c60b7c3 - - default default] Successfully bumped revision number for resource 34bad209-c5fb-4bfb-9956-ce6c8fdd67c7 (type: ports) to 1 [pid: 7|app: 0|req: 670/1323] 10.0.0.251 () {32 vars in 739 bytes} [Thu Jul 9 18:09:01 2026] DELETE /v2.0/security-groups/a96637a8-3f35-481d-a59c-b757af3cf449 => generated 0 bytes in 284 msecs (HTTP/1.1 204) 2 headers in 112 bytes (1 switches on core 0)
2026-07-09 18:09:01.883 7 INFO neutron.db.ovn_revision_numbers_db [None req-b423f84b-0837-4968-b166-195fbc76e83a 83ca7f7540574c3eb8543519573d9a53 0f7741b30d414f93bd6a1b5d57b8ff6b - - default default] Successfully bumped revision number for resource 3d65b55b-4609-4037-a1c6-9efd3f55eb74 (type: security_groups) to 1
2026-07-09 18:09:01.899 7 INFO neutron.db.ovn_revision_numbers_db [None req-b423f84b-0837-4968-b166-195fbc76e83a 83ca7f7540574c3eb8543519573d9a53 0f7741b30d414f93bd6a1b5d57b8ff6b - - default default] Successfully bumped revision number for resource 10db9045-c4f1-4cda-81b1-a7b6bfb2bada (type: security_group_rules) to 0
2026-07-09 18:09:01.911 7 INFO neutron.db.ovn_revision_numbers_db [None req-b423f84b-0837-4968-b166-195fbc76e83a 83ca7f7540574c3eb8543519573d9a53 0f7741b30d414f93bd6a1b5d57b8ff6b - - default default] Successfully bumped revision number for resource 44c9eabf-9693-49b8-b655-ba5cd2921585 (type: security_group_rules) to 0
2026-07-09 18:09:01.932 7 INFO neutron.db.ovn_revision_numbers_db [None req-b423f84b-0837-4968-b166-195fbc76e83a 83ca7f7540574c3eb8543519573d9a53 0f7741b30d414f93bd6a1b5d57b8ff6b - - default default] Successfully bumped revision number for resource 7bca9c37-b7a7-4f9c-be4d-90c498f32942 (type: security_group_rules) to 0
2026-07-09 18:09:01.952 7 INFO neutron.db.ovn_revision_numbers_db [None req-b423f84b-0837-4968-b166-195fbc76e83a 83ca7f7540574c3eb8543519573d9a53 0f7741b30d414f93bd6a1b5d57b8ff6b - - default default] Successfully bumped revision number for resource 83ba5509-dca9-4adf-b93f-7c69b5cd2633 (type: security_group_rules) to 0 [pid: 7|app: 0|req: 671/1324] 10.0.0.251 () {32 vars in 773 bytes} [Thu Jul 9 18:09:01 2026] GET /v2.0/security-groups?tenant_id=71dd4126f01e46e99ded1edcbc90215f&name=default => generated 2925 bytes in 376 msecs (HTTP/1.1 200) 4 headers in 158 bytes (1 switches on core 0) [pid: 7|app: 0|req: 672/1325] 10.0.0.5 () {34 vars in 987 bytes} [Thu Jul 9 18:09:01 2026] GET /v2.0/ports?device_id=cbd51688-64b5-4a94-a6d2-54431dccdd87 => generated 12 bytes in 20 msecs (HTTP/1.1 200) 4 headers in 156 bytes (1 switches on core 0)
2026-07-09 18:09:02.090 8 INFO neutron.plugins.ml2.drivers.ovn.mech_driver.mech_driver [None req-c1f6ee70-cafd-42f1-a01f-16c9ba7e6bd5 - - - - - -] OVN reports status up for port: 34bad209-c5fb-4bfb-9956-ce6c8fdd67c7
2026-07-09 18:09:02.128 8 INFO neutron.plugins.ml2.plugin [None req-c1f6ee70-cafd-42f1-a01f-16c9ba7e6bd5 - - - - - -] Attempt 1 to provision port 34bad209-c5fb-4bfb-9956-ce6c8fdd67c7
2026-07-09 18:09:02.254 8 WARNING neutron.scheduler.dhcp_agent_scheduler [None req-b93954fc-d23f-4b3f-a17b-bc941e327158 ae53708a0f704068882aca3c4515d50f 0e5db2337b484941824c086a9c60b7c3 - - default default] No more DHCP agents
2026-07-09 18:09:02.260 8 WARNING neutron.api.rpc.agentnotifiers.dhcp_rpc_agent_api [None req-b93954fc-d23f-4b3f-a17b-bc941e327158 ae53708a0f704068882aca3c4515d50f 0e5db2337b484941824c086a9c60b7c3 - - default default] Unable to schedule network 7e9a29d2-e87e-4baa-b9c2-0b6a75fa8d37: no agents available; will retry on subsequent port and subnet creation events. [pid: 7|app: 0|req: 673/1326] 10.0.0.251 () {32 vars in 739 bytes} [Thu Jul 9 18:09:02 2026] DELETE /v2.0/security-groups/3d65b55b-4609-4037-a1c6-9efd3f55eb74 => generated 0 bytes in 265 msecs (HTTP/1.1 204) 2 headers in 112 bytes (1 switches on core 0)
2026-07-09 18:09:02.708 8 INFO neutron.db.ovn_revision_numbers_db [None req-b93954fc-d23f-4b3f-a17b-bc941e327158 ae53708a0f704068882aca3c4515d50f 0e5db2337b484941824c086a9c60b7c3 - - default default] Successfully bumped revision number for resource 34bad209-c5fb-4bfb-9956-ce6c8fdd67c7 (type: router_ports) to 1 [pid: 8|app: 0|req: 654/1327] 10.0.0.251 () {34 vars in 782 bytes} [Thu Jul 9 18:09:00 2026] PUT /v2.0/routers/4ddaf50f-e752-4f53-b878-a317c7e913b8/add_router_interface => generated 309 bytes in 1814 msecs (HTTP/1.1 200) 4 headers in 157 bytes (1 switches on core 0) [pid: 7|app: 0|req: 674/1328] 10.0.0.251 () {32 vars in 716 bytes} [Thu Jul 9 18:09:02 2026] GET /v2.0/ports/34bad209-c5fb-4bfb-9956-ce6c8fdd67c7 => generated 943 bytes in 83 msecs (HTTP/1.1 200) 4 headers in 157 bytes (1 switches on core 0)
2026-07-09 18:09:02.968 8 INFO neutron.db.ovn_revision_numbers_db [None req-c1f6ee70-cafd-42f1-a01f-16c9ba7e6bd5 - - - - - -] Successfully bumped revision number for resource 34bad209-c5fb-4bfb-9956-ce6c8fdd67c7 (type: ports) to 2 [pid: 7|app: 0|req: 675/1329] 10.0.0.5 () {34 vars in 987 bytes} [Thu Jul 9 18:09:03 2026] GET /v2.0/ports?device_id=cbd51688-64b5-4a94-a6d2-54431dccdd87 => generated 12 bytes in 20 msecs (HTTP/1.1 200) 4 headers in 156 bytes (1 switches on core 0)
2026-07-09 18:09:03.382 8 WARNING neutron.scheduler.dhcp_agent_scheduler [None req-88071822-2912-4f4e-9908-aeca24f92022 ae53708a0f704068882aca3c4515d50f 0e5db2337b484941824c086a9c60b7c3 - - default default] No more DHCP agents
2026-07-09 18:09:03.383 8 WARNING neutron.api.rpc.agentnotifiers.dhcp_rpc_agent_api [None req-88071822-2912-4f4e-9908-aeca24f92022 ae53708a0f704068882aca3c4515d50f 0e5db2337b484941824c086a9c60b7c3 - - default default] Unable to schedule network 79904465-1b8a-420e-984d-30f649061d15: no agents available; will retry on subsequent port and subnet creation events.
2026-07-09 18:09:03.543 8 INFO neutron.db.ovn_revision_numbers_db [None req-88071822-2912-4f4e-9908-aeca24f92022 ae53708a0f704068882aca3c4515d50f 0e5db2337b484941824c086a9c60b7c3 - - default default] Successfully bumped revision number for resource 3e5c5a96-6d88-47d9-9ef8-5dfa49bd398c (type: ports) to 1 [pid: 7|app: 0|req: 676/1330] 199.19.213.116 () {34 vars in 985 bytes} [Thu Jul 9 18:09:03 2026] GET /v2.0/networks?id=d204615b-11f9-48dc-993a-b106a2cec797 => generated 677 bytes in 48 msecs (HTTP/1.1 200) 4 headers in 157 bytes (1 switches on core 0)
2026-07-09 18:09:04.067 7 WARNING neutron.plugins.ml2.drivers.ovn.mech_driver.ovsdb.ovn_client [None req-de16c63c-56d9-4be9-8aa2-cab53cefdbeb - - - - - -] No hosting information found for port 048e16c1-2540-499d-8a0d-48350732a661: RuntimeError: No hosting information found for port 048e16c1-2540-499d-8a0d-48350732a661
2026-07-09 18:09:04.141 7 INFO neutron.db.ovn_revision_numbers_db [None req-de16c63c-56d9-4be9-8aa2-cab53cefdbeb - - - - - -] Successfully bumped revision number for resource 048e16c1-2540-499d-8a0d-48350732a661 (type: router_ports) to 2
2026-07-09 18:09:04.142 7 INFO neutron.plugins.ml2.drivers.ovn.mech_driver.mech_driver [None req-de16c63c-56d9-4be9-8aa2-cab53cefdbeb - - - - - -] OVN reports status down for port: 9eb7feba-4b1e-40b9-894f-4f2079691b2a [pid: 7|app: 0|req: 677/1331] 10.0.0.251 () {32 vars in 652 bytes} [Thu Jul 9 18:09:04 2026] GET /v2.0/extensions => generated 20118 bytes in 176 msecs (HTTP/1.1 200) 4 headers in 159 bytes (1 switches on core 0)
2026-07-09 18:09:04.229 8 WARNING neutron.scheduler.dhcp_agent_scheduler [None req-88071822-2912-4f4e-9908-aeca24f92022 ae53708a0f704068882aca3c4515d50f 0e5db2337b484941824c086a9c60b7c3 - - default default] No more DHCP agents
2026-07-09 18:09:04.230 8 WARNING neutron.api.rpc.agentnotifiers.dhcp_rpc_agent_api [None req-88071822-2912-4f4e-9908-aeca24f92022 ae53708a0f704068882aca3c4515d50f 0e5db2337b484941824c086a9c60b7c3 - - default default] Unable to schedule network 79904465-1b8a-420e-984d-30f649061d15: no agents available; will retry on subsequent port and subnet creation events.
2026-07-09 18:09:04.284 7 INFO neutron.plugins.ml2.drivers.ovn.mech_driver.mech_driver [None req-de16c63c-56d9-4be9-8aa2-cab53cefdbeb - - - - - -] OVN reports status down for port: ccc062e3-1629-409d-83b5-479e3d64d373
2026-07-09 18:09:04.459 8 INFO neutron.db.ovn_revision_numbers_db [None req-88071822-2912-4f4e-9908-aeca24f92022 ae53708a0f704068882aca3c4515d50f 0e5db2337b484941824c086a9c60b7c3 - - default default] Successfully bumped revision number for resource 3e5c5a96-6d88-47d9-9ef8-5dfa49bd398c (type: router_ports) to 1 [pid: 8|app: 0|req: 655/1332] 10.0.0.251 () {34 vars in 782 bytes} [Thu Jul 9 18:09:02 2026] PUT /v2.0/routers/4ddaf50f-e752-4f53-b878-a317c7e913b8/add_router_interface => generated 309 bytes in 1652 msecs (HTTP/1.1 200) 4 headers in 157 bytes (1 switches on core 0) [pid: 8|app: 0|req: 656/1333] 10.0.0.5 () {34 vars in 987 bytes} [Thu Jul 9 18:09:04 2026] GET /v2.0/ports?device_id=cbd51688-64b5-4a94-a6d2-54431dccdd87 => generated 12 bytes in 20 msecs (HTTP/1.1 200) 4 headers in 156 bytes (1 switches on core 0) [pid: 8|app: 0|req: 657/1334] 10.0.0.251 () {32 vars in 680 bytes} [Thu Jul 9 18:09:04 2026] GET /v2.0/extensions/address-group => generated 159 bytes in 9 msecs (HTTP/1.1 200) 4 headers in 157 bytes (1 switches on core 0)
2026-07-09 18:09:04.550 7 WARNING neutron.scheduler.dhcp_agent_scheduler [req-cf317945-489d-446c-aa70-a769ce1593f6 req-03a1e0ad-d16e-4f3d-949b-21a80017f812 d212ef21ecd145c8b8fe3b0c5a2efd87 b1b3b689ca924d6dbf43425a50cbd478 - - default default] No more DHCP agents
2026-07-09 18:09:04.552 7 WARNING neutron.api.rpc.agentnotifiers.dhcp_rpc_agent_api [req-cf317945-489d-446c-aa70-a769ce1593f6 req-03a1e0ad-d16e-4f3d-949b-21a80017f812 d212ef21ecd145c8b8fe3b0c5a2efd87 b1b3b689ca924d6dbf43425a50cbd478 - - default default] Unable to schedule network d204615b-11f9-48dc-993a-b106a2cec797: no agents available; will retry on subsequent port and subnet creation events.
2026-07-09 18:09:04.671 7 INFO neutron.plugins.ml2.drivers.ovn.mech_driver.mech_driver [None req-de16c63c-56d9-4be9-8aa2-cab53cefdbeb - - - - - -] OVN reports status down for port: 3849deca-149c-4c21-8ab4-f2823d8a4c49
