2026-07-09 18:09:29.050 7 WARNING neutron.scheduler.dhcp_agent_scheduler [None req-28e9ec8a-d70f-491e-ba56-886a836ed95a 1aaf60c838104dd9bdc617391e387de0 ab219b392cb946b68d6b33bb0216956d - - default default] No more DHCP agents
2026-07-09 18:09:29.052 7 WARNING neutron.api.rpc.agentnotifiers.dhcp_rpc_agent_api [None req-28e9ec8a-d70f-491e-ba56-886a836ed95a 1aaf60c838104dd9bdc617391e387de0 ab219b392cb946b68d6b33bb0216956d - - default default] Unable to schedule network d8cf6c1d-e37c-40f6-b016-b2c128cafdc2: no agents available; will retry on subsequent port and subnet creation events.
2026-07-09 18:09:29.105 8 INFO neutron.db.ovn_revision_numbers_db [None req-df82529e-2c0f-4dac-aab4-4fe237c91af7 a8db67c644ad4a0f8d9c580a954914cd 6ac59698828b4e6093df5de9a19dbae5 - - default default] Successfully bumped revision number for resource a0663855-4301-4bc8-8ad1-e2f77d4ab78f (type: networks) to 1
2026-07-09 18:09:29.145 7 INFO neutron.db.ovn_revision_numbers_db [None req-28e9ec8a-d70f-491e-ba56-886a836ed95a 1aaf60c838104dd9bdc617391e387de0 ab219b392cb946b68d6b33bb0216956d - - default default] Successfully bumped revision number for resource 6d2e164d-94ff-4fc6-953f-dfeb22c311de (type: ports) to 1 [pid: 7|app: 0|req: 778/1589] 10.0.0.251 () {34 vars in 670 bytes} [Thu Jul 9 18:09:28 2026] POST /v2.0/networks => generated 632 bytes in 860 msecs (HTTP/1.1 201) 4 headers in 162 bytes (1 switches on core 0) [pid: 7|app: 0|req: 779/1590] 10.0.0.251 () {32 vars in 735 bytes} [Thu Jul 9 18:09:29 2026] GET /v2.0/ports?device_id=1e83267b-afdd-445a-b4b0-f98765a48b03 => generated 12 bytes in 15 msecs (HTTP/1.1 200) 4 headers in 156 bytes (1 switches on core 0)
2026-07-09 18:09:29.280 8 WARNING neutron.scheduler.dhcp_agent_scheduler [None req-df82529e-2c0f-4dac-aab4-4fe237c91af7 a8db67c644ad4a0f8d9c580a954914cd 6ac59698828b4e6093df5de9a19dbae5 - - default default] No more DHCP agents
2026-07-09 18:09:29.281 8 WARNING neutron.api.rpc.agentnotifiers.dhcp_rpc_agent_api [None req-df82529e-2c0f-4dac-aab4-4fe237c91af7 a8db67c644ad4a0f8d9c580a954914cd 6ac59698828b4e6093df5de9a19dbae5 - - default default] Unable to schedule network a0663855-4301-4bc8-8ad1-e2f77d4ab78f: no agents available; will retry on subsequent port and subnet creation events.
2026-07-09 18:09:29.354 7 INFO neutron.db.ovn_revision_numbers_db [None req-273a59f3-5fc4-4c0a-9216-cf5a76ca1e19 83ca7f7540574c3eb8543519573d9a53 0f7741b30d414f93bd6a1b5d57b8ff6b - - default default] Successfully bumped revision number for resource 5983a13a-88c0-476f-a581-c236cab8cd3e (type: security_groups) to 1
2026-07-09 18:09:29.366 8 INFO neutron.db.ovn_revision_numbers_db [None req-df82529e-2c0f-4dac-aab4-4fe237c91af7 a8db67c644ad4a0f8d9c580a954914cd 6ac59698828b4e6093df5de9a19dbae5 - - default default] Successfully bumped revision number for resource 0afe3194-5b26-4e05-a723-c47f026b70cd (type: ports) to 1
2026-07-09 18:09:29.375 7 INFO neutron.db.ovn_revision_numbers_db [None req-273a59f3-5fc4-4c0a-9216-cf5a76ca1e19 83ca7f7540574c3eb8543519573d9a53 0f7741b30d414f93bd6a1b5d57b8ff6b - - default default] Successfully bumped revision number for resource 2dfba94c-7d57-45dd-90f5-e3c51c44d0b2 (type: security_group_rules) to 0
2026-07-09 18:09:29.389 7 INFO neutron.db.ovn_revision_numbers_db [None req-273a59f3-5fc4-4c0a-9216-cf5a76ca1e19 83ca7f7540574c3eb8543519573d9a53 0f7741b30d414f93bd6a1b5d57b8ff6b - - default default] Successfully bumped revision number for resource 60120432-1b61-48f3-9347-25793e184bd9 (type: security_group_rules) to 0 [pid: 8|app: 0|req: 812/1591] 10.0.0.251 () {34 vars in 669 bytes} [Thu Jul 9 18:09:28 2026] POST /v2.0/networks => generated 650 bytes in 520 msecs (HTTP/1.1 201) 4 headers in 162 bytes (1 switches on core 0)
2026-07-09 18:09:29.406 7 INFO neutron.db.ovn_revision_numbers_db [None req-273a59f3-5fc4-4c0a-9216-cf5a76ca1e19 83ca7f7540574c3eb8543519573d9a53 0f7741b30d414f93bd6a1b5d57b8ff6b - - default default] Successfully bumped revision number for resource 67f4b4f5-299c-42a5-8477-8c2ee24036e6 (type: security_group_rules) to 0
2026-07-09 18:09:29.420 7 INFO neutron.db.ovn_revision_numbers_db [None req-273a59f3-5fc4-4c0a-9216-cf5a76ca1e19 83ca7f7540574c3eb8543519573d9a53 0f7741b30d414f93bd6a1b5d57b8ff6b - - default default] Successfully bumped revision number for resource 7c6dc2d5-4983-4bc4-a757-1119c18ef8ea (type: security_group_rules) to 0 [pid: 7|app: 0|req: 780/1592] 10.0.0.251 () {32 vars in 773 bytes} [Thu Jul 9 18:09:29 2026] GET /v2.0/security-groups?tenant_id=b83f8e2f4a7f460d87f1a6e98331c7d1&name=default => generated 2925 bytes in 281 msecs (HTTP/1.1 200) 4 headers in 158 bytes (1 switches on core 0)
2026-07-09 18:09:29.488 7 INFO neutron.api.v2.resource [None req-4d4b62f9-b262-49ad-9e3e-dc041b68979d ae53708a0f704068882aca3c4515d50f 0e5db2337b484941824c086a9c60b7c3 - - default default] delete failed (client error): The resource could not be found. [pid: 7|app: 0|req: 781/1593] 10.0.0.251 () {32 vars in 723 bytes} [Thu Jul 9 18:09:29 2026] DELETE /v2.0/routers/1e83267b-afdd-445a-b4b0-f98765a48b03 => generated 135 bytes in 20 msecs (HTTP/1.1 404) 4 headers in 164 bytes (1 switches on core 0)
2026-07-09 18:09:29.900 7 WARNING neutron.scheduler.dhcp_agent_scheduler [None req-33808adf-547c-44d1-8e06-4628cd785f49 a8db67c644ad4a0f8d9c580a954914cd 6ac59698828b4e6093df5de9a19dbae5 - - default default] No more DHCP agents
2026-07-09 18:09:29.902 7 WARNING neutron.api.rpc.agentnotifiers.dhcp_rpc_agent_api [None req-33808adf-547c-44d1-8e06-4628cd785f49 a8db67c644ad4a0f8d9c580a954914cd 6ac59698828b4e6093df5de9a19dbae5 - - default default] Unable to schedule network 86c6026c-8276-4593-a155-1fc5e6adacd2: no agents available; will retry on subsequent port and subnet creation events.
2026-07-09 18:09:30.400 8 WARNING neutron.scheduler.dhcp_agent_scheduler [None req-780035f7-4d2f-457a-8b97-910bb3b74cee 1aaf60c838104dd9bdc617391e387de0 ab219b392cb946b68d6b33bb0216956d - - default default] No more DHCP agents
2026-07-09 18:09:30.402 8 WARNING neutron.api.rpc.agentnotifiers.dhcp_rpc_agent_api [None req-780035f7-4d2f-457a-8b97-910bb3b74cee 1aaf60c838104dd9bdc617391e387de0 ab219b392cb946b68d6b33bb0216956d - - default default] Unable to schedule network 3ffecaaf-78d3-4c43-a947-2d20f4fd0b90: no agents available; will retry on subsequent port and subnet creation events.
2026-07-09 18:09:30.411 7 INFO neutron.db.ovn_revision_numbers_db [None req-0cbe6988-514d-4039-a36c-d71b432ebcac - - - - - -] Successfully bumped revision number for resource 50d9963e-672f-4be5-ab30-bfd62fd3eb35 (type: ports) to 2
2026-07-09 18:09:30.449 7 INFO neutron.db.ovn_revision_numbers_db [None req-0cbe6988-514d-4039-a36c-d71b432ebcac - - - - - -] Successfully bumped revision number for resource 0fdc9867-261d-481f-9a5b-356b8ac7c8f3 (type: subnets) to 0
2026-07-09 18:09:30.484 7 WARNING neutron.scheduler.dhcp_agent_scheduler [None req-33808adf-547c-44d1-8e06-4628cd785f49 a8db67c644ad4a0f8d9c580a954914cd 6ac59698828b4e6093df5de9a19dbae5 - - default default] No more DHCP agents
2026-07-09 18:09:30.486 7 WARNING neutron.api.rpc.agentnotifiers.dhcp_rpc_agent_api [None req-33808adf-547c-44d1-8e06-4628cd785f49 a8db67c644ad4a0f8d9c580a954914cd 6ac59698828b4e6093df5de9a19dbae5 - - default default] Unable to schedule network a0663855-4301-4bc8-8ad1-e2f77d4ab78f: no agents available; will retry on subsequent port and subnet creation events.
2026-07-09 18:09:30.581 8 INFO neutron.db.ovn_revision_numbers_db [None req-780035f7-4d2f-457a-8b97-910bb3b74cee 1aaf60c838104dd9bdc617391e387de0 ab219b392cb946b68d6b33bb0216956d - - default default] Successfully bumped revision number for resource 6f38cbf8-ecc7-48b0-8d1b-b6816c1a96d3 (type: ports) to 1
2026-07-09 18:09:30.999 7 INFO neutron.db.ovn_revision_numbers_db [None req-a4c894cc-d7da-4f45-8c59-89ddcb911839 - - - - - -] Successfully bumped revision number for resource 0afe3194-5b26-4e05-a723-c47f026b70cd (type: ports) to 2
2026-07-09 18:09:31.028 7 INFO neutron.db.ovn_revision_numbers_db [None req-a4c894cc-d7da-4f45-8c59-89ddcb911839 - - - - - -] Successfully bumped revision number for resource 2e04596c-8a6e-4654-b41c-500b3aed4931 (type: subnets) to 0 [pid: 7|app: 0|req: 782/1594] 10.0.0.251 () {34 vars in 668 bytes} [Thu Jul 9 18:09:29 2026] POST /v2.0/subnets => generated 1272 bytes in 1555 msecs (HTTP/1.1 201) 4 headers in 163 bytes (1 switches on core 0)
2026-07-09 18:09:31.265 8 INFO neutron.plugins.ml2.drivers.ovn.mech_driver.ovsdb.commands [None req-07182ef0-a7e6-476c-b944-16349464c9f4 - - - - - -] Schedule LRP lrp-6f38cbf8-ecc7-48b0-8d1b-b6816c1a96d3 on gateway 7dc3af77-d898-472f-ba32-f65e7dd058fb with priority 1
2026-07-09 18:09:31.312 8 INFO neutron.plugins.ml2.drivers.ovn.mech_driver.ovsdb.ovsdb_monitor [None req-942e816e-45cf-4341-883f-53d6ab2bb504 - - - - - -] Router 169843ca-5edc-4d83-a518-4d65efd49895 is bound to host instance
2026-07-09 18:09:31.381 8 INFO neutron.db.ovn_revision_numbers_db [None req-780035f7-4d2f-457a-8b97-910bb3b74cee 1aaf60c838104dd9bdc617391e387de0 ab219b392cb946b68d6b33bb0216956d - - default default] Successfully bumped revision number for resource 6f38cbf8-ecc7-48b0-8d1b-b6816c1a96d3 (type: router_ports) to 1 [pid: 7|app: 0|req: 783/1595] 10.0.0.251 () {32 vars in 739 bytes} [Thu Jul 9 18:09:31 2026] DELETE /v2.0/security-groups/5983a13a-88c0-476f-a581-c236cab8cd3e => generated 0 bytes in 351 msecs (HTTP/1.1 204) 2 headers in 112 bytes (1 switches on core 0)
2026-07-09 18:09:31.409 7 INFO neutron.pecan_wsgi.hooks.translation [None req-90d50b62-6704-4b70-955a-386e66d2b920 ae53708a0f704068882aca3c4515d50f 0e5db2337b484941824c086a9c60b7c3 - - default default] DELETE failed (client error): The resource could not be found. [pid: 7|app: 0|req: 784/1596] 10.0.0.251 () {32 vars in 723 bytes} [Thu Jul 9 18:09:31 2026] DELETE /v2.0/subnets/7efa53cc-870c-4e25-8334-0fa7cd9f559d => generated 136 bytes in 15 msecs (HTTP/1.1 404) 4 headers in 164 bytes (1 switches on core 0) [pid: 7|app: 0|req: 785/1597] 10.0.0.251 () {32 vars in 646 bytes} [Thu Jul 9 18:09:31 2026] GET /v2.0/subnets => generated 1908 bytes in 36 msecs (HTTP/1.1 200) 4 headers in 158 bytes (1 switches on core 0) [pid: 7|app: 0|req: 786/1598] 10.0.0.251 () {32 vars in 735 bytes} [Thu Jul 9 18:09:31 2026] GET /v2.0/ports?device_id=1433757c-6c68-422c-94ea-949590c0f857 => generated 12 bytes in 14 msecs (HTTP/1.1 200) 4 headers in 156 bytes (1 switches on core 0)
2026-07-09 18:09:31.530 8 INFO neutron.db.ovn_revision_numbers_db [None req-780035f7-4d2f-457a-8b97-910bb3b74cee 1aaf60c838104dd9bdc617391e387de0 ab219b392cb946b68d6b33bb0216956d - - default default] Successfully bumped revision number for resource 169843ca-5edc-4d83-a518-4d65efd49895 (type: routers) to 2 [pid: 8|app: 0|req: 813/1599] 10.0.0.251 () {34 vars in 668 bytes} [Thu Jul 9 18:09:29 2026] POST /v2.0/routers => generated 954 bytes in 2172 msecs (HTTP/1.1 201) 4 headers in 162 bytes (1 switches on core 0)
2026-07-09 18:09:31.598 8 INFO neutron.api.v2.resource [None req-6fc26cc2-a88f-4539-8de3-c181694b7915 ae53708a0f704068882aca3c4515d50f 0e5db2337b484941824c086a9c60b7c3 - - default default] delete failed (client error): The resource could not be found. [pid: 8|app: 0|req: 814/1600] 10.0.0.251 () {32 vars in 723 bytes} [Thu Jul 9 18:09:31 2026] DELETE /v2.0/routers/1433757c-6c68-422c-94ea-949590c0f857 => generated 135 bytes in 34 msecs (HTTP/1.1 404) 4 headers in 164 bytes (1 switches on core 0) [pid: 7|app: 0|req: 787/1601] 10.0.0.251 () {32 vars in 723 bytes} [Thu Jul 9 18:09:31 2026] DELETE /v2.0/subnets/0fdc9867-261d-481f-9a5b-356b8ac7c8f3 => generated 0 bytes in 165 msecs (HTTP/1.1 204) 3 headers in 131 bytes (1 switches on core 0)
2026-07-09 18:09:31.640 7 INFO neutron.pecan_wsgi.hooks.translation [None req-bd4185f2-0ed5-4519-a0ca-83d77baa4e2c ae53708a0f704068882aca3c4515d50f 0e5db2337b484941824c086a9c60b7c3 - - default default] DELETE failed (client error): The resource could not be found. [pid: 7|app: 0|req: 788/1602] 10.0.0.251 () {32 vars in 723 bytes} [Thu Jul 9 18:09:31 2026] DELETE /v2.0/subnets/acd095e1-9c04-4b8f-a1ce-c9609054fa5f => generated 136 bytes in 14 msecs (HTTP/1.1 404) 4 headers in 164 bytes (1 switches on core 0) [pid: 8|app: 0|req: 815/1603] 10.0.0.251 () {32 vars in 775 bytes} [Thu Jul 9 18:09:31 2026] GET /v2.0/subnets?project_id=ab219b392cb946b68d6b33bb0216956d&cidr=10.100.0.0%2F28 => generated 14 bytes in 214 msecs (HTTP/1.1 200) 4 headers in 156 bytes (1 switches on core 0) [pid: 7|app: 0|req: 789/1604] 10.0.0.251 () {32 vars in 723 bytes} [Thu Jul 9 18:09:31 2026] DELETE /v2.0/subnets/2e04596c-8a6e-4654-b41c-500b3aed4931 => generated 0 bytes in 178 msecs (HTTP/1.1 204) 3 headers in 131 bytes (1 switches on core 0) [pid: 8|app: 0|req: 816/1605] 10.0.0.251 () {32 vars in 735 bytes} [Thu Jul 9 18:09:31 2026] GET /v2.0/ports?device_id=4ddaf50f-e752-4f53-b878-a317c7e913b8 => generated 12 bytes in 43 msecs (HTTP/1.1 200) 4 headers in 156 bytes (1 switches on core 0) [pid: 7|app: 0|req: 790/1606] 10.0.0.251 () {32 vars in 693 bytes} [Thu Jul 9 18:09:31 2026] GET /v2.0/networks?router%3Aexternal=True => generated 753 bytes in 70 msecs (HTTP/1.1 200) 4 headers in 157 bytes (1 switches on core 0)
2026-07-09 18:09:31.913 7 INFO neutron.api.v2.resource [None req-65211e12-663a-4fa0-857b-b4f8fdf16896 ae53708a0f704068882aca3c4515d50f 0e5db2337b484941824c086a9c60b7c3 - - default default] delete failed (client error): The resource could not be found. [pid: 8|app: 0|req: 817/1607] 10.0.0.251 () {32 vars in 646 bytes} [Thu Jul 9 18:09:31 2026] GET /v2.0/subnets => generated 649 bytes in 53 msecs (HTTP/1.1 200) 4 headers in 157 bytes (1 switches on core 0) [pid: 7|app: 0|req: 791/1608] 10.0.0.251 () {32 vars in 723 bytes} [Thu Jul 9 18:09:31 2026] DELETE /v2.0/routers/4ddaf50f-e752-4f53-b878-a317c7e913b8 => generated 135 bytes in 21 msecs (HTTP/1.1 404) 4 headers in 164 bytes (1 switches on core 0) [pid: 8|app: 0|req: 818/1609] 10.0.0.251 () {32 vars in 783 bytes} [Thu Jul 9 18:09:31 2026] GET /v2.0/subnets?network_id=3ffecaaf-78d3-4c43-a947-2d20f4fd0b90&cidr=10.100.0.0%2F28 => generated 14 bytes in 39 msecs (HTTP/1.1 200) 4 headers in 156 bytes (1 switches on core 0)
2026-07-09 18:09:31.981 8 INFO neutron.pecan_wsgi.hooks.translation [None req-9c9a882a-2391-464a-b8db-49db1f386f83 ae53708a0f704068882aca3c4515d50f 0e5db2337b484941824c086a9c60b7c3 - - default default] DELETE failed (client error): The resource could not be found. [pid: 8|app: 0|req: 819/1610] 10.0.0.251 () {32 vars in 723 bytes} [Thu Jul 9 18:09:31 2026] DELETE /v2.0/subnets/d581d401-1116-4ee6-a12d-23b10ee48a3b => generated 136 bytes in 33 msecs (HTTP/1.1 404) 4 headers in 164 bytes (1 switches on core 0)
2026-07-09 18:09:32.040 7 INFO neutron_taas.services.taas.taas_plugin [None req-4bd77f83-6943-4f7d-9d8b-9772b42d1baf a8db67c644ad4a0f8d9c580a954914cd 6ac59698828b4e6093df5de9a19dbae5 - - default default] TaaS: Handle Delete Port: 0afe3194-5b26-4e05-a723-c47f026b70cd
2026-07-09 18:09:32.042 7 INFO neutron_taas.services.taas.tap_mirror_plugin [None req-4bd77f83-6943-4f7d-9d8b-9772b42d1baf a8db67c644ad4a0f8d9c580a954914cd 6ac59698828b4e6093df5de9a19dbae5 - - default default] Tap Mirror: Handle Delete Port: 0afe3194-5b26-4e05-a723-c47f026b70cd
2026-07-09 18:09:32.240 7 INFO neutron.services.segments.plugin [-] Segment 1b89f507-2721-45b7-8b21-840e043e9269 resource provider aggregate not found
2026-07-09 18:09:32.243 7 INFO neutron.services.segments.plugin [-] Segment 1b89f507-2721-45b7-8b21-840e043e9269 resource provider aggregate not found
2026-07-09 18:09:32.262 7 INFO neutron.services.segments.plugin [-] Client error retrieving segment 1b89f507-2721-45b7-8b21-840e043e9269 resource provider; error: Placement Client Error (4xx): {"errors": [{"status": 404, "title": "Not Found", "detail": "The resource could not be found.\n\n No resource provider with uuid 1b89f507-2721-45b7-8b21-840e043e9269 found for delete ", "request_id": "req-b37f9f45-c2a3-4e74-9bfa-fc4a961236f5"}]}
2026-07-09 18:09:32.263 7 INFO neutron.services.segments.plugin [-] Client error retrieving segment 1b89f507-2721-45b7-8b21-840e043e9269 resource provider; error: Placement Client Error (4xx): {"errors": [{"status": 404, "title": "Not Found", "detail": "The resource could not be found.\n\n No resource provider with uuid 1b89f507-2721-45b7-8b21-840e043e9269 found for delete ", "request_id": "req-075d6bb8-bb35-4b5f-bbd1-cff8db8663f7"}]} [pid: 7|app: 0|req: 792/1611] 10.0.0.251 () {32 vars in 725 bytes} [Thu Jul 9 18:09:31 2026] DELETE /v2.0/networks/a0663855-4301-4bc8-8ad1-e2f77d4ab78f => generated 0 bytes in 384 msecs (HTTP/1.1 204) 3 headers in 131 bytes (1 switches on core 0)
2026-07-09 18:09:32.315 7 INFO neutron.pecan_wsgi.hooks.translation [None req-28bd0895-27d0-4016-9cd1-a68346918c6a ae53708a0f704068882aca3c4515d50f 0e5db2337b484941824c086a9c60b7c3 - - default default] DELETE failed (client error): The resource could not be found. [pid: 7|app: 0|req: 793/1612] 10.0.0.251 () {32 vars in 723 bytes} [Thu Jul 9 18:09:32 2026] DELETE /v2.0/subnets/89ab254e-bae6-4400-88a8-baf9231cad0d => generated 136 bytes in 18 msecs (HTTP/1.1 404) 4 headers in 164 bytes (1 switches on core 0)
2026-07-09 18:09:32.382 8 WARNING neutron.scheduler.dhcp_agent_scheduler [None req-024bdd48-8dbd-4c94-9f89-45ef6e00336f 1aaf60c838104dd9bdc617391e387de0 ab219b392cb946b68d6b33bb0216956d - - default default] No more DHCP agents
2026-07-09 18:09:32.386 8 WARNING neutron.api.rpc.agentnotifiers.dhcp_rpc_agent_api [None req-024bdd48-8dbd-4c94-9f89-45ef6e00336f 1aaf60c838104dd9bdc617391e387de0 ab219b392cb946b68d6b33bb0216956d - - default default] Unable to schedule network d8cf6c1d-e37c-40f6-b016-b2c128cafdc2: no agents available; will retry on subsequent port and subnet creation events.
2026-07-09 18:09:32.430 7 WARNING neutron.plugins.ml2.drivers.ovn.mech_driver.ovsdb.ovn_client [None req-6a6d4e08-7d4c-4fb3-8cbf-fb7fe596fab0 - - - - - -] No port found with ID 3fc6afe6-6e57-4ad5-ab7f-887d43f1e4b1: RuntimeError: No port found with ID 3fc6afe6-6e57-4ad5-ab7f-887d43f1e4b1
2026-07-09 18:09:32.430 7 INFO neutron.plugins.ml2.drivers.ovn.mech_driver.mech_driver [None req-6a6d4e08-7d4c-4fb3-8cbf-fb7fe596fab0 - - - - - -] OVN reports status down for port: 2112a8aa-7e64-41e9-b4e8-2028a4a3da1d
2026-07-09 18:09:32.447 7 INFO neutron.plugins.ml2.drivers.ovn.mech_driver.mech_driver [None req-6a6d4e08-7d4c-4fb3-8cbf-fb7fe596fab0 - - - - - -] OVN reports status down for port: 50d9963e-672f-4be5-ab30-bfd62fd3eb35
2026-07-09 18:09:32.485 7 INFO neutron_taas.services.taas.taas_plugin [None req-bad7c8b4-370f-4ca0-8b30-d2c90cb76a52 a8db67c644ad4a0f8d9c580a954914cd 6ac59698828b4e6093df5de9a19dbae5 - - default default] TaaS: Handle Delete Port: 50d9963e-672f-4be5-ab30-bfd62fd3eb35
2026-07-09 18:09:32.490 7 INFO neutron_taas.services.taas.tap_mirror_plugin [None req-bad7c8b4-370f-4ca0-8b30-d2c90cb76a52 a8db67c644ad4a0f8d9c580a954914cd 6ac59698828b4e6093df5de9a19dbae5 - - default default] Tap Mirror: Handle Delete Port: 50d9963e-672f-4be5-ab30-bfd62fd3eb35
2026-07-09 18:09:32.586 7 INFO neutron.plugins.ml2.drivers.ovn.mech_driver.mech_driver [None req-6a6d4e08-7d4c-4fb3-8cbf-fb7fe596fab0 - - - - - -] OVN reports status down for port: 6d2e164d-94ff-4fc6-953f-dfeb22c311de
2026-07-09 18:09:32.731 7 INFO neutron.plugins.ml2.drivers.ovn.mech_driver.mech_driver [None req-6a6d4e08-7d4c-4fb3-8cbf-fb7fe596fab0 - - - - - -] OVN reports status down for port: 0afe3194-5b26-4e05-a723-c47f026b70cd
2026-07-09 18:09:32.748 7 INFO neutron.plugins.ml2.drivers.ovn.mech_driver.mech_driver [None req-6a6d4e08-7d4c-4fb3-8cbf-fb7fe596fab0 - - - - - -] OVN reports status down for port: 6f38cbf8-ecc7-48b0-8d1b-b6816c1a96d3
2026-07-09 18:09:32.877 8 INFO neutron.db.ovn_revision_numbers_db [None req-2a6c3042-f044-4f77-a762-f1c1a6ca811e - - - - - -] Successfully bumped revision number for resource 6f38cbf8-ecc7-48b0-8d1b-b6816c1a96d3 (type: ports) to 4
2026-07-09 18:09:32.894 7 WARNING neutron.plugins.ml2.drivers.ovn.mech_driver.ovsdb.ovn_client [None req-6a6d4e08-7d4c-4fb3-8cbf-fb7fe596fab0 - - - - - -] Logical_Switch_Port 6f38cbf8-ecc7-48b0-8d1b-b6816c1a96d3 host information not removed, the port state is up
2026-07-09 18:09:32.894 7 INFO neutron.plugins.ml2.drivers.ovn.mech_driver.mech_driver [None req-6a6d4e08-7d4c-4fb3-8cbf-fb7fe596fab0 - - - - - -] OVN reports status up for port: 6f38cbf8-ecc7-48b0-8d1b-b6816c1a96d3 [pid: 7|app: 0|req: 794/1613] 10.0.0.251 () {32 vars in 725 bytes} [Thu Jul 9 18:09:32 2026] DELETE /v2.0/networks/86c6026c-8276-4593-a155-1fc5e6adacd2 => generated 0 bytes in 592 msecs (HTTP/1.1 204) 3 headers in 131 bytes (1 switches on core 0)
2026-07-09 18:09:32.915 7 INFO neutron.plugins.ml2.plugin [None req-6a6d4e08-7d4c-4fb3-8cbf-fb7fe596fab0 - - - - - -] Attempt 1 to provision port 6f38cbf8-ecc7-48b0-8d1b-b6816c1a96d3 [pid: 7|app: 0|req: 795/1614] 10.0.0.251 () {32 vars in 773 bytes} [Thu Jul 9 18:09:32 2026] GET /v2.0/security-groups?tenant_id=0e5db2337b484941824c086a9c60b7c3&name=default => generated 2925 bytes in 236 msecs (HTTP/1.1 200) 4 headers in 158 bytes (1 switches on core 0)
2026-07-09 18:09:33.271 7 INFO neutron_taas.services.taas.taas_plugin [None req-8c551e7c-879a-4221-ae4b-db98cf19948b a8db67c644ad4a0f8d9c580a954914cd 6ac59698828b4e6093df5de9a19dbae5 - - default default] TaaS: Handle Delete Port: ff209257-0fda-4171-930a-6ed33160cbd0
2026-07-09 18:09:33.274 7 INFO neutron_taas.services.taas.tap_mirror_plugin [None req-8c551e7c-879a-4221-ae4b-db98cf19948b a8db67c644ad4a0f8d9c580a954914cd 6ac59698828b4e6093df5de9a19dbae5 - - default default] Tap Mirror: Handle Delete Port: ff209257-0fda-4171-930a-6ed33160cbd0
2026-07-09 18:09:33.295 8 INFO neutron.db.ovn_revision_numbers_db [None req-cb94d374-b7c9-4d3d-8878-448888685d02 - - - - - -] Successfully bumped revision number for resource 6d2e164d-94ff-4fc6-953f-dfeb22c311de (type: ports) to 2
2026-07-09 18:09:33.378 8 INFO neutron.db.ovn_revision_numbers_db [None req-cb94d374-b7c9-4d3d-8878-448888685d02 - - - - - -] Successfully bumped revision number for resource 96f84946-aa9a-4968-801b-d6a4f6f55f6c (type: subnets) to 0 [pid: 8|app: 0|req: 820/1615] 10.0.0.251 () {34 vars in 668 bytes} [Thu Jul 9 18:09:31 2026] POST /v2.0/subnets => generated 656 bytes in 1435 msecs (HTTP/1.1 201) 4 headers in 162 bytes (1 switches on core 0)
2026-07-09 18:09:33.504 8 INFO neutron.db.ovn_revision_numbers_db [None req-2a6c3042-f044-4f77-a762-f1c1a6ca811e - - - - - -] Successfully bumped revision number for resource 6f38cbf8-ecc7-48b0-8d1b-b6816c1a96d3 (type: ports) to 5 [pid: 7|app: 0|req: 796/1616] 10.0.0.251 () {32 vars in 725 bytes} [Thu Jul 9 18:09:33 2026] DELETE /v2.0/networks/7af601bc-f0be-480e-aa61-20b0167aa31c => generated 0 bytes in 357 msecs (HTTP/1.1 204) 3 headers in 131 bytes (1 switches on core 0) [pid: 8|app: 0|req: 821/1617] 10.0.0.251 () {32 vars in 739 bytes} [Thu Jul 9 18:09:33 2026] DELETE /v2.0/security-groups/153f2b36-e72a-4393-9c20-81d22f054845 => generated 0 bytes in 371 msecs (HTTP/1.1 204) 2 headers in 112 bytes (1 switches on core 0)
2026-07-09 18:09:33.938 8 INFO neutron_taas.services.taas.taas_plugin [None req-fac6e667-8f50-4254-b8d3-4a654ab6faab a8db67c644ad4a0f8d9c580a954914cd 6ac59698828b4e6093df5de9a19dbae5 - - default default] TaaS: Handle Delete Port: 792e8986-48b3-453f-a507-c9650da277e1
2026-07-09 18:09:33.941 8 INFO neutron_taas.services.taas.tap_mirror_plugin [None req-fac6e667-8f50-4254-b8d3-4a654ab6faab a8db67c644ad4a0f8d9c580a954914cd 6ac59698828b4e6093df5de9a19dbae5 - - default default] Tap Mirror: Handle Delete Port: 792e8986-48b3-453f-a507-c9650da277e1
2026-07-09 18:09:34.105 7 WARNING neutron.scheduler.dhcp_agent_scheduler [None req-97e7da8b-b463-4745-8e12-b00a66339688 1aaf60c838104dd9bdc617391e387de0 ab219b392cb946b68d6b33bb0216956d - - default default] No more DHCP agents
2026-07-09 18:09:34.106 7 WARNING neutron.api.rpc.agentnotifiers.dhcp_rpc_agent_api [None req-97e7da8b-b463-4745-8e12-b00a66339688 1aaf60c838104dd9bdc617391e387de0 ab219b392cb946b68d6b33bb0216956d - - default default] Unable to schedule network d8cf6c1d-e37c-40f6-b016-b2c128cafdc2: no agents available; will retry on subsequent port and subnet creation events.
2026-07-09 18:09:34.114 8 INFO neutron.services.segments.plugin [-] Segment 510154f1-21b6-447f-8341-e88e9dd38f22 resource provider aggregate not found
2026-07-09 18:09:34.122 8 INFO neutron.services.segments.plugin [-] Segment 510154f1-21b6-447f-8341-e88e9dd38f22 resource provider aggregate not found
2026-07-09 18:09:34.135 8 INFO neutron.services.segments.plugin [-] Client error retrieving segment 510154f1-21b6-447f-8341-e88e9dd38f22 resource provider; error: Placement Client Error (4xx): {"errors": [{"status": 404, "title": "Not Found", "detail": "The resource could not be found.\n\n No resource provider with uuid 510154f1-21b6-447f-8341-e88e9dd38f22 found for delete ", "request_id": "req-c0920090-8e25-4ef7-a434-40426624f045"}]}
2026-07-09 18:09:34.140 8 INFO neutron.services.segments.plugin [-] Client error retrieving segment 510154f1-21b6-447f-8341-e88e9dd38f22 resource provider; error: Placement Client Error (4xx): {"errors": [{"status": 404, "title": "Not Found", "detail": "The resource could not be found.\n\n No resource provider with uuid 510154f1-21b6-447f-8341-e88e9dd38f22 found for delete ", "request_id": "req-28929b4f-02e6-4b27-aa98-fe49cd9cabd8"}]} [pid: 8|app: 0|req: 822/1618] 10.0.0.251 () {32 vars in 725 bytes} [Thu Jul 9 18:09:33 2026] DELETE /v2.0/networks/aff0a2cd-9dd3-46e3-8959-4e86bc2e5e66 => generated 0 bytes in 362 msecs (HTTP/1.1 204) 3 headers in 131 bytes (1 switches on core 0)
2026-07-09 18:09:34.218 7 INFO neutron.plugins.ml2.drivers.ovn.mech_driver.mech_driver [None req-6a6d4e08-7d4c-4fb3-8cbf-fb7fe596fab0 - - - - - -] OVN reports status down for port: af9df539-a22c-4db1-9642-86bf0b6623f8
2026-07-09 18:09:34.284 7 INFO neutron.db.ovn_revision_numbers_db [None req-97e7da8b-b463-4745-8e12-b00a66339688 1aaf60c838104dd9bdc617391e387de0 ab219b392cb946b68d6b33bb0216956d - - default default] Successfully bumped revision number for resource af9df539-a22c-4db1-9642-86bf0b6623f8 (type: ports) to 1
2026-07-09 18:09:34.289 7 INFO neutron.services.segments.plugin [-] Segment b71b8354-6bdb-48e1-8ed5-1c5442c0fb52 resource provider aggregate not found
2026-07-09 18:09:34.290 7 INFO neutron.services.segments.plugin [-] Segment b71b8354-6bdb-48e1-8ed5-1c5442c0fb52 resource provider aggregate not found
2026-07-09 18:09:34.325 7 INFO neutron.services.segments.plugin [-] Client error retrieving segment b71b8354-6bdb-48e1-8ed5-1c5442c0fb52 resource provider; error: Placement Client Error (4xx): {"errors": [{"status": 404, "title": "Not Found", "detail": "The resource could not be found.\n\n No resource provider with uuid b71b8354-6bdb-48e1-8ed5-1c5442c0fb52 found for delete ", "request_id": "req-3729ea4a-0cc2-469e-a9bf-684e95ba61f5"}]}
2026-07-09 18:09:34.328 7 INFO neutron.services.segments.plugin [-] Client error retrieving segment b71b8354-6bdb-48e1-8ed5-1c5442c0fb52 resource provider; error: Placement Client Error (4xx): {"errors": [{"status": 404, "title": "Not Found", "detail": "The resource could not be found.\n\n No resource provider with uuid b71b8354-6bdb-48e1-8ed5-1c5442c0fb52 found for delete ", "request_id": "req-d46f866c-e0ad-40fa-94c6-97a748e9c873"}]}
2026-07-09 18:09:34.352 7 INFO neutron.services.segments.plugin [-] Segment bcd7d46a-706c-4f6c-898f-b59219689fdd resource provider aggregate not found
2026-07-09 18:09:34.357 7 INFO neutron.services.segments.plugin [-] Segment bcd7d46a-706c-4f6c-898f-b59219689fdd resource provider aggregate not found
2026-07-09 18:09:34.384 7 INFO neutron.services.segments.plugin [-] Client error retrieving segment bcd7d46a-706c-4f6c-898f-b59219689fdd resource provider; error: Placement Client Error (4xx): {"errors": [{"status": 404, "title": "Not Found", "detail": "The resource could not be found.\n\n No resource provider with uuid bcd7d46a-706c-4f6c-898f-b59219689fdd found for delete ", "request_id": "req-7838e7fc-2307-47cd-a53a-34f0cc578d1a"}]}
2026-07-09 18:09:34.399 7 INFO neutron.services.segments.plugin [-] Client error retrieving segment bcd7d46a-706c-4f6c-898f-b59219689fdd resource provider; error: Placement Client Error (4xx): {"errors": [{"status": 404, "title": "Not Found", "detail": "The resource could not be found.\n\n No resource provider with uuid bcd7d46a-706c-4f6c-898f-b59219689fdd found for delete ", "request_id": "req-5def91f9-caa6-4a8e-97e4-a6c477baa5b2"}]} [pid: 8|app: 0|req: 823/1619] 10.0.0.251 () {32 vars in 773 bytes} [Thu Jul 9 18:09:34 2026] GET /v2.0/security-groups?tenant_id=6ac59698828b4e6093df5de9a19dbae5&name=default => generated 2925 bytes in 217 msecs (HTTP/1.1 200) 4 headers in 158 bytes (1 switches on core 0)
2026-07-09 18:09:35.126 7 INFO neutron.plugins.ml2.drivers.ovn.mech_driver.mech_driver [None req-6a6d4e08-7d4c-4fb3-8cbf-fb7fe596fab0 - - - - - -] OVN reports status up for port: af9df539-a22c-4db1-9642-86bf0b6623f8 [pid: 8|app: 0|req: 824/1620] 10.0.0.251 () {32 vars in 739 bytes} [Thu Jul 9 18:09:34 2026] DELETE /v2.0/security-groups/c56e1f84-f242-4189-a51a-a1ae985775c6 => generated 0 bytes in 239 msecs (HTTP/1.1 204) 2 headers in 112 bytes (1 switches on core 0)
2026-07-09 18:09:35.157 7 INFO neutron.plugins.ml2.plugin [None req-6a6d4e08-7d4c-4fb3-8cbf-fb7fe596fab0 - - - - - -] Attempt 1 to provision port af9df539-a22c-4db1-9642-86bf0b6623f8
2026-07-09 18:09:35.283 7 WARNING neutron.scheduler.dhcp_agent_scheduler [None req-97e7da8b-b463-4745-8e12-b00a66339688 1aaf60c838104dd9bdc617391e387de0 ab219b392cb946b68d6b33bb0216956d - - default default] No more DHCP agents
2026-07-09 18:09:35.287 7 WARNING neutron.api.rpc.agentnotifiers.dhcp_rpc_agent_api [None req-97e7da8b-b463-4745-8e12-b00a66339688 1aaf60c838104dd9bdc617391e387de0 ab219b392cb946b68d6b33bb0216956d - - default default] Unable to schedule network d8cf6c1d-e37c-40f6-b016-b2c128cafdc2: no agents available; will retry on subsequent port and subnet creation events.
2026-07-09 18:09:35.840 7 INFO neutron.db.ovn_revision_numbers_db [None req-6a6d4e08-7d4c-4fb3-8cbf-fb7fe596fab0 - - - - - -] Successfully bumped revision number for resource af9df539-a22c-4db1-9642-86bf0b6623f8 (type: ports) to 2
2026-07-09 18:09:35.983 7 INFO neutron.db.ovn_revision_numbers_db [None req-97e7da8b-b463-4745-8e12-b00a66339688 1aaf60c838104dd9bdc617391e387de0 ab219b392cb946b68d6b33bb0216956d - - default default] Successfully bumped revision number for resource af9df539-a22c-4db1-9642-86bf0b6623f8 (type: router_ports) to 1 [pid: 7|app: 0|req: 797/1623] 10.0.0.251 () {34 vars in 782 bytes} [Thu Jul 9 18:09:33 2026] PUT /v2.0/routers/169843ca-5edc-4d83-a518-4d65efd49895/add_router_interface => generated 309 bytes in 2494 msecs (HTTP/1.1 200) 4 headers in 157 bytes (1 switches on core 0)
2026-07-09 18:09:36.078 8 INFO neutron.db.ovn_revision_numbers_db [None req-3fc72c0f-ff10-4890-878b-c7e3394f0cd6 50ae4b53744b44c0ad7b4cb8cdf286fc 134154c3f3024fe08ca5ee3a913bab63 - - default default] Successfully bumped revision number for resource 016e6230-f2c9-4d33-9ca3-991a1f19d6f2 (type: security_groups) to 1 [pid: 7|app: 0|req: 798/1624] 10.0.0.251 () {32 vars in 648 bytes} [Thu Jul 9 18:09:36 2026] GET /v2.0/networks => generated 2919 bytes in 75 msecs (HTTP/1.1 200) 4 headers in 158 bytes (1 switches on core 0)
2026-07-09 18:09:36.093 8 INFO neutron.db.ovn_revision_numbers_db [None req-3fc72c0f-ff10-4890-878b-c7e3394f0cd6 50ae4b53744b44c0ad7b4cb8cdf286fc 134154c3f3024fe08ca5ee3a913bab63 - - default default] Successfully bumped revision number for resource 0d27f2ce-1f54-4f1b-8ea3-2ce00f340a09 (type: security_group_rules) to 0
2026-07-09 18:09:36.107 8 INFO neutron.db.ovn_revision_numbers_db [None req-3fc72c0f-ff10-4890-878b-c7e3394f0cd6 50ae4b53744b44c0ad7b4cb8cdf286fc 134154c3f3024fe08ca5ee3a913bab63 - - default default] Successfully bumped revision number for resource 22735c0d-408d-46ef-80d1-9a39149ba319 (type: security_group_rules) to 0 [pid: 7|app: 0|req: 799/1625] 10.0.0.251 () {32 vars in 646 bytes} [Thu Jul 9 18:09:36 2026] GET /v2.0/subnets => generated 1972 bytes in 30 msecs (HTTP/1.1 200) 4 headers in 158 bytes (1 switches on core 0)
2026-07-09 18:09:36.118 8 INFO neutron.db.ovn_revision_numbers_db [None req-3fc72c0f-ff10-4890-878b-c7e3394f0cd6 50ae4b53744b44c0ad7b4cb8cdf286fc 134154c3f3024fe08ca5ee3a913bab63 - - default default] Successfully bumped revision number for resource 358ccebe-b0cc-4e04-ac15-5337e72f6942 (type: security_group_rules) to 0
2026-07-09 18:09:36.133 8 INFO neutron.db.ovn_revision_numbers_db [None req-3fc72c0f-ff10-4890-878b-c7e3394f0cd6 50ae4b53744b44c0ad7b4cb8cdf286fc 134154c3f3024fe08ca5ee3a913bab63 - - default default] Successfully bumped revision number for resource b6d13730-692c-46ac-ac80-d45e0733416f (type: security_group_rules) to 0 [pid: 7|app: 0|req: 800/1626] 10.0.0.251 () {32 vars in 646 bytes} [Thu Jul 9 18:09:36 2026] GET /v2.0/routers => generated 975 bytes in 55 msecs (HTTP/1.1 200) 4 headers in 157 bytes (1 switches on core 0)
2026-07-09 18:09:36.243 8 INFO neutron.db.ovn_revision_numbers_db [None req-3fc72c0f-ff10-4890-878b-c7e3394f0cd6 50ae4b53744b44c0ad7b4cb8cdf286fc 134154c3f3024fe08ca5ee3a913bab63 - - default default] Successfully bumped revision number for resource f5f01b36-64f4-4fd1-9ca6-b4b9b6f979bf (type: security_groups) to 1
2026-07-09 18:09:36.259 8 INFO neutron.db.ovn_revision_numbers_db [None req-3fc72c0f-ff10-4890-878b-c7e3394f0cd6 50ae4b53744b44c0ad7b4cb8cdf286fc 134154c3f3024fe08ca5ee3a913bab63 - - default default] Successfully bumped revision number for resource 0f6300c3-3324-4da6-9ae1-006dcfe31964 (type: security_group_rules) to 0
2026-07-09 18:09:36.270 8 INFO neutron.db.ovn_revision_numbers_db [None req-3fc72c0f-ff10-4890-878b-c7e3394f0cd6 50ae4b53744b44c0ad7b4cb8cdf286fc 134154c3f3024fe08ca5ee3a913bab63 - - default default] Successfully bumped revision number for resource 36625daa-00ff-447a-931e-5505657ef097 (type: security_group_rules) to 0 [pid: 8|app: 0|req: 827/1627] 10.0.0.251 () {34 vars in 683 bytes} [Thu Jul 9 18:09:35 2026] POST /v2.0/security-groups => generated 1624 bytes in 578 msecs (HTTP/1.1 201) 4 headers in 163 bytes (1 switches on core 0) [pid: 8|app: 0|req: 828/1628] 10.0.0.251 () {32 vars in 662 bytes} [Thu Jul 9 18:09:36 2026] GET /v2.0/security-groups => generated 4529 bytes in 45 msecs (HTTP/1.1 200) 4 headers in 158 bytes (1 switches on core 0)
2026-07-09 18:09:36.395 7 INFO neutron.db.ovn_revision_numbers_db [None req-a8012c61-e022-4cb0-95ed-ee8c2f516872 1aaf60c838104dd9bdc617391e387de0 ab219b392cb946b68d6b33bb0216956d - - default default] Successfully bumped revision number for resource 20b4cdcd-5b45-4b25-8a2e-6f072362a7b8 (type: security_groups) to 1
2026-07-09 18:09:36.408 7 INFO neutron.db.ovn_revision_numbers_db [None req-a8012c61-e022-4cb0-95ed-ee8c2f516872 1aaf60c838104dd9bdc617391e387de0 ab219b392cb946b68d6b33bb0216956d - - default default] Successfully bumped revision number for resource 092c66b5-30b4-4ad6-a85d-7c101318135f (type: security_group_rules) to 0
2026-07-09 18:09:36.424 7 INFO neutron.db.ovn_revision_numbers_db [None req-a8012c61-e022-4cb0-95ed-ee8c2f516872 1aaf60c838104dd9bdc617391e387de0 ab219b392cb946b68d6b33bb0216956d - - default default] Successfully bumped revision number for resource f9c28d46-ae63-4a11-a890-556cf91407b7 (type: security_group_rules) to 0
2026-07-09 18:09:36.444 8 INFO neutron.db.ovn_revision_numbers_db [None req-fb056a52-ef3c-4962-b710-857ac5b3d013 50ae4b53744b44c0ad7b4cb8cdf286fc 134154c3f3024fe08ca5ee3a913bab63 - - default default] Successfully bumped revision number for resource f5f01b36-64f4-4fd1-9ca6-b4b9b6f979bf (type: security_groups) to 2 [pid: 8|app: 0|req: 829/1629] 10.0.0.251 () {34 vars in 757 bytes} [Thu Jul 9 18:09:36 2026] PUT /v2.0/security-groups/f5f01b36-64f4-4fd1-9ca6-b4b9b6f979bf => generated 1661 bytes in 110 msecs (HTTP/1.1 200) 4 headers in 158 bytes (1 switches on core 0) [pid: 7|app: 0|req: 801/1630] 10.0.0.251 () {34 vars in 684 bytes} [Thu Jul 9 18:09:36 2026] POST /v2.0/security-groups => generated 1675 bytes in 232 msecs (HTTP/1.1 201) 4 headers in 163 bytes (1 switches on core 0) [pid: 8|app: 0|req: 830/1631] 10.0.0.251 () {32 vars in 736 bytes} [Thu Jul 9 18:09:36 2026] GET /v2.0/security-groups/f5f01b36-64f4-4fd1-9ca6-b4b9b6f979bf => generated 1661 bytes in 22 msecs (HTTP/1.1 200) 4 headers in 158 bytes (1 switches on core 0)
2026-07-09 18:09:36.606 7 INFO neutron.db.ovn_revision_numbers_db [None req-c17418a8-a7ce-4b3c-a29f-15f79ca6de48 1aaf60c838104dd9bdc617391e387de0 ab219b392cb946b68d6b33bb0216956d - - default default] Successfully bumped revision number for resource a3bf4661-7460-44ea-a3d3-8b15b00684e9 (type: security_group_rules) to 0 [pid: 8|app: 0|req: 831/1632] 10.0.0.251 () {32 vars in 739 bytes} [Thu Jul 9 18:09:36 2026] DELETE /v2.0/security-groups/f5f01b36-64f4-4fd1-9ca6-b4b9b6f979bf => generated 0 bytes in 131 msecs (HTTP/1.1 204) 2 headers in 112 bytes (1 switches on core 0) [pid: 7|app: 0|req: 802/1633] 10.0.0.251 () {34 vars in 694 bytes} [Thu Jul 9 18:09:36 2026] POST /v2.0/security-group-rules => generated 597 bytes in 167 msecs (HTTP/1.1 201) 4 headers in 162 bytes (1 switches on core 0) [pid: 8|app: 0|req: 832/1634] 10.0.0.251 () {32 vars in 662 bytes} [Thu Jul 9 18:09:36 2026] GET /v2.0/security-groups => generated 2925 bytes in 33 msecs (HTTP/1.1 200) 4 headers in 158 bytes (1 switches on core 0)
2026-07-09 18:09:36.682 8 INFO neutron.api.v2.resource [None req-2a740d06-95b7-480e-897a-45ec246738f9 50ae4b53744b44c0ad7b4cb8cdf286fc 134154c3f3024fe08ca5ee3a913bab63 - - default default] delete failed (client error): The resource could not be found. [pid: 8|app: 0|req: 833/1635] 10.0.0.251 () {32 vars in 739 bytes} [Thu Jul 9 18:09:36 2026] DELETE /v2.0/security-groups/f5f01b36-64f4-4fd1-9ca6-b4b9b6f979bf => generated 146 bytes in 12 msecs (HTTP/1.1 404) 4 headers in 164 bytes (1 switches on core 0)
2026-07-09 18:09:36.794 7 INFO neutron.db.ovn_revision_numbers_db [None req-04c50778-e6f5-4710-99db-3bc09e4120a7 1aaf60c838104dd9bdc617391e387de0 ab219b392cb946b68d6b33bb0216956d - - default default] Successfully bumped revision number for resource 4885e0af-6650-4d79-b0a0-d03aeb6bfe03 (type: security_group_rules) to 0
2026-07-09 18:09:36.841 8 INFO neutron.db.ovn_revision_numbers_db [None req-3e339899-d178-45f3-a544-055b2f16aabb 50ae4b53744b44c0ad7b4cb8cdf286fc 134154c3f3024fe08ca5ee3a913bab63 - - default default] Successfully bumped revision number for resource c8d2ae9f-205f-4a93-857b-8dbaf88ec787 (type: security_groups) to 1 [pid: 7|app: 0|req: 803/1636] 10.0.0.251 () {34 vars in 694 bytes} [Thu Jul 9 18:09:36 2026] POST /v2.0/security-group-rules => generated 596 bytes in 206 msecs (HTTP/1.1 201) 4 headers in 162 bytes (1 switches on core 0)
2026-07-09 18:09:36.859 8 INFO neutron.db.ovn_revision_numbers_db [None req-3e339899-d178-45f3-a544-055b2f16aabb 50ae4b53744b44c0ad7b4cb8cdf286fc 134154c3f3024fe08ca5ee3a913bab63 - - default default] Successfully bumped revision number for resource a24d3384-777c-4cb2-a4c0-b0640d69153d (type: security_group_rules) to 0
2026-07-09 18:09:36.870 8 INFO neutron.db.ovn_revision_numbers_db [None req-3e339899-d178-45f3-a544-055b2f16aabb 50ae4b53744b44c0ad7b4cb8cdf286fc 134154c3f3024fe08ca5ee3a913bab63 - - default default] Successfully bumped revision number for resource d91e4545-ccdd-4c3d-816a-8f2c4d24a32e (type: security_group_rules) to 0 [pid: 8|app: 0|req: 834/1637] 10.0.0.251 () {34 vars in 683 bytes} [Thu Jul 9 18:09:36 2026] POST /v2.0/security-groups => generated 1624 bytes in 223 msecs (HTTP/1.1 201) 4 headers in 163 bytes (1 switches on core 0)
2026-07-09 18:09:37.004 7 INFO neutron.db.ovn_revision_numbers_db [None req-068c4384-aa3e-423a-aec5-438b0b833c60 1aaf60c838104dd9bdc617391e387de0 ab219b392cb946b68d6b33bb0216956d - - default default] Successfully bumped revision number for resource c9c8d25f-0a06-43a0-8c73-f7cceb4295af (type: security_group_rules) to 0 [pid: 7|app: 0|req: 804/1638] 10.0.0.251 () {34 vars in 694 bytes} [Thu Jul 9 18:09:36 2026] POST /v2.0/security-group-rules => generated 602 bytes in 180 msecs (HTTP/1.1 201) 4 headers in 162 bytes (1 switches on core 0)
2026-07-09 18:09:37.069 8 INFO neutron.db.ovn_revision_numbers_db [None req-905615b0-ecbb-4ae7-9813-652573417ea3 50ae4b53744b44c0ad7b4cb8cdf286fc 134154c3f3024fe08ca5ee3a913bab63 - - default default] Successfully bumped revision number for resource c0802295-4607-4afb-a138-47503c33b8ac (type: security_group_rules) to 0 [pid: 8|app: 0|req: 835/1639] 10.0.0.251 () {34 vars in 694 bytes} [Thu Jul 9 18:09:36 2026] POST /v2.0/security-group-rules => generated 601 bytes in 185 msecs (HTTP/1.1 201) 4 headers in 162 bytes (1 switches on core 0)
2026-07-09 18:09:37.245 8 INFO neutron.db.ovn_revision_numbers_db [None req-94a8de74-8136-4f1c-b270-b955a74c1073 1aaf60c838104dd9bdc617391e387de0 ab219b392cb946b68d6b33bb0216956d - - default default] Successfully bumped revision number for resource d1d95477-85d1-49da-a3a6-ce237a519c53 (type: security_group_rules) to 0 [pid: 8|app: 0|req: 836/1640] 10.0.0.251 () {34 vars in 694 bytes} [Thu Jul 9 18:09:37 2026] POST /v2.0/security-group-rules => generated 601 bytes in 172 msecs (HTTP/1.1 201) 4 headers in 162 bytes (1 switches on core 0) [pid: 8|app: 0|req: 837/1641] 10.0.0.251 () {32 vars in 746 bytes} [Thu Jul 9 18:09:37 2026] GET /v2.0/security-group-rules/c0802295-4607-4afb-a138-47503c33b8ac => generated 601 bytes in 16 msecs (HTTP/1.1 200) 4 headers in 157 bytes (1 switches on core 0)
2026-07-09 18:09:37.351 8 INFO neutron.db.securitygroups_db [None req-d8bfd5cf-cb53-4226-8777-91c48b1923a3 1aaf60c838104dd9bdc617391e387de0 ab219b392cb946b68d6b33bb0216956d - - default default] Project ab219b392cb946b68d6b33bb0216956d added a security group rule with legacy IPv6 ICMP protocol name icmp, ipv6-icmp should be used instead. It was automatically converted.
2026-07-09 18:09:37.427 7 INFO neutron.db.ovn_revision_numbers_db [None req-e8a23fef-c4c3-4a17-9038-14ac11ff041d 8756bb905ef64dcf80f7df09868ed65c 84d8f94eedc74f3598ebdcee867d1b85 - - default default] Successfully bumped revision number for resource 8049c61c-a64d-4683-b53b-54300450f6b8 (type: security_groups) to 1
2026-07-09 18:09:37.441 7 INFO neutron.db.ovn_revision_numbers_db [None req-e8a23fef-c4c3-4a17-9038-14ac11ff041d 8756bb905ef64dcf80f7df09868ed65c 84d8f94eedc74f3598ebdcee867d1b85 - - default default] Successfully bumped revision number for resource 242b7062-ddb2-43cb-ae06-76271b095844 (type: security_group_rules) to 0
2026-07-09 18:09:37.474 7 INFO neutron.db.ovn_revision_numbers_db [None req-e8a23fef-c4c3-4a17-9038-14ac11ff041d 8756bb905ef64dcf80f7df09868ed65c 84d8f94eedc74f3598ebdcee867d1b85 - - default default] Successfully bumped revision number for resource 977e4535-b283-40a7-ba70-da6daa3f6d7d (type: security_group_rules) to 0
2026-07-09 18:09:37.483 8 INFO neutron.db.ovn_revision_numbers_db [None req-d8bfd5cf-cb53-4226-8777-91c48b1923a3 1aaf60c838104dd9bdc617391e387de0 ab219b392cb946b68d6b33bb0216956d - - default default] Successfully bumped revision number for resource ac067958-ba02-42d4-8c92-c2b9798a9e24 (type: security_group_rules) to 0
2026-07-09 18:09:37.484 7 INFO neutron.db.ovn_revision_numbers_db [None req-e8a23fef-c4c3-4a17-9038-14ac11ff041d 8756bb905ef64dcf80f7df09868ed65c 84d8f94eedc74f3598ebdcee867d1b85 - - default default] Successfully bumped revision number for resource a2551467-bc28-40c6-ac1f-24a60c9c0fb9 (type: security_group_rules) to 0
2026-07-09 18:09:37.498 7 INFO neutron.db.ovn_revision_numbers_db [None req-e8a23fef-c4c3-4a17-9038-14ac11ff041d 8756bb905ef64dcf80f7df09868ed65c 84d8f94eedc74f3598ebdcee867d1b85 - - default default] Successfully bumped revision number for resource bfc4d734-e8c9-4a63-9f22-f93ee72e9f36 (type: security_group_rules) to 0 [pid: 8|app: 0|req: 838/1642] 10.0.0.251 () {34 vars in 694 bytes} [Thu Jul 9 18:09:37 2026] POST /v2.0/security-group-rules => generated 607 bytes in 219 msecs (HTTP/1.1 201) 4 headers in 162 bytes (1 switches on core 0)
2026-07-09 18:09:37.581 7 INFO neutron.db.segments_db [None req-e8a23fef-c4c3-4a17-9038-14ac11ff041d 8756bb905ef64dcf80f7df09868ed65c 84d8f94eedc74f3598ebdcee867d1b85 - - default default] Added segment 3836e472-1a95-4de3-bbbf-2f1597248e34 of type geneve for network c7524765-6abc-4c04-8b82-76789c0ecdc8 [pid: 8|app: 0|req: 839/1643] 10.0.0.251 () {32 vars in 672 bytes} [Thu Jul 9 18:09:37 2026] GET /v2.0/security-group-rules => generated 4138 bytes in 78 msecs (HTTP/1.1 200) 4 headers in 158 bytes (1 switches on core 0)
2026-07-09 18:09:37.624 8 INFO neutron.db.securitygroups_db [None req-884eb9c8-120a-4e91-8e6a-e3236fd158e0 1aaf60c838104dd9bdc617391e387de0 ab219b392cb946b68d6b33bb0216956d - - default default] Project ab219b392cb946b68d6b33bb0216956d added a security group rule with legacy IPv6 ICMP protocol name icmp, ipv6-icmp should be used instead. It was automatically converted.
2026-07-09 18:09:37.687 7 INFO neutron.db.ovn_revision_numbers_db [None req-e8a23fef-c4c3-4a17-9038-14ac11ff041d 8756bb905ef64dcf80f7df09868ed65c 84d8f94eedc74f3598ebdcee867d1b85 - - default default] Successfully bumped revision number for resource c7524765-6abc-4c04-8b82-76789c0ecdc8 (type: networks) to 1
2026-07-09 18:09:37.760 8 INFO neutron.db.ovn_revision_numbers_db [None req-884eb9c8-120a-4e91-8e6a-e3236fd158e0 1aaf60c838104dd9bdc617391e387de0 ab219b392cb946b68d6b33bb0216956d - - default default] Successfully bumped revision number for resource aeae809d-4dbe-4297-9187-b0b6bfd5f9cd (type: security_group_rules) to 0 [pid: 8|app: 0|req: 840/1644] 10.0.0.251 () {34 vars in 694 bytes} [Thu Jul 9 18:09:37 2026] POST /v2.0/security-group-rules => generated 606 bytes in 203 msecs (HTTP/1.1 201) 4 headers in 162 bytes (1 switches on core 0)
2026-07-09 18:09:37.896 7 WARNING neutron.scheduler.dhcp_agent_scheduler [None req-e8a23fef-c4c3-4a17-9038-14ac11ff041d 8756bb905ef64dcf80f7df09868ed65c 84d8f94eedc74f3598ebdcee867d1b85 - - default default] No more DHCP agents
2026-07-09 18:09:37.898 7 WARNING neutron.api.rpc.agentnotifiers.dhcp_rpc_agent_api [None req-e8a23fef-c4c3-4a17-9038-14ac11ff041d 8756bb905ef64dcf80f7df09868ed65c 84d8f94eedc74f3598ebdcee867d1b85 - - default default] Unable to schedule network c7524765-6abc-4c04-8b82-76789c0ecdc8: no agents available; will retry on subsequent port and subnet creation events.
2026-07-09 18:09:37.978 7 INFO neutron.db.ovn_revision_numbers_db [None req-e8a23fef-c4c3-4a17-9038-14ac11ff041d 8756bb905ef64dcf80f7df09868ed65c 84d8f94eedc74f3598ebdcee867d1b85 - - default default] Successfully bumped revision number for resource 38016106-1013-4180-943d-4fc2943eb738 (type: ports) to 1 [pid: 7|app: 0|req: 805/1645] 10.0.0.251 () {34 vars in 669 bytes} [Thu Jul 9 18:09:37 2026] POST /v2.0/networks => generated 648 bytes in 959 msecs (HTTP/1.1 201) 4 headers in 162 bytes (1 switches on core 0)
2026-07-09 18:09:38.112 8 INFO neutron.db.ovn_revision_numbers_db [None req-556a527a-b53f-453c-9dd5-54aa0ceb2033 83ca7f7540574c3eb8543519573d9a53 0f7741b30d414f93bd6a1b5d57b8ff6b - - default default] Successfully bumped revision number for resource 8878b26e-dac0-4bf2-ad68-325ae4418fdd (type: security_groups) to 1
2026-07-09 18:09:38.130 8 INFO neutron.db.ovn_revision_numbers_db [None req-556a527a-b53f-453c-9dd5-54aa0ceb2033 83ca7f7540574c3eb8543519573d9a53 0f7741b30d414f93bd6a1b5d57b8ff6b - - default default] Successfully bumped revision number for resource 496d4f1e-8876-4aca-b3ce-8ece8e74b694 (type: security_group_rules) to 0
2026-07-09 18:09:38.146 8 INFO neutron.db.ovn_revision_numbers_db [None req-556a527a-b53f-453c-9dd5-54aa0ceb2033 83ca7f7540574c3eb8543519573d9a53 0f7741b30d414f93bd6a1b5d57b8ff6b - - default default] Successfully bumped revision number for resource 55b75a7a-8c49-4065-a6b3-97537ccd885e (type: security_group_rules) to 0
2026-07-09 18:09:38.160 8 INFO neutron.db.ovn_revision_numbers_db [None req-556a527a-b53f-453c-9dd5-54aa0ceb2033 83ca7f7540574c3eb8543519573d9a53 0f7741b30d414f93bd6a1b5d57b8ff6b - - default default] Successfully bumped revision number for resource 9b308a79-0e54-4a32-92f2-985faf2bd947 (type: security_group_rules) to 0 [pid: 7|app: 0|req: 806/1646] 10.0.0.251 () {32 vars in 749 bytes} [Thu Jul 9 18:09:38 2026] DELETE /v2.0/security-group-rules/c0802295-4607-4afb-a138-47503c33b8ac => generated 0 bytes in 170 msecs (HTTP/1.1 204) 2 headers in 112 bytes (1 switches on core 0)
2026-07-09 18:09:38.175 8 INFO neutron.db.ovn_revision_numbers_db [None req-556a527a-b53f-453c-9dd5-54aa0ceb2033 83ca7f7540574c3eb8543519573d9a53 0f7741b30d414f93bd6a1b5d57b8ff6b - - default default] Successfully bumped revision number for resource eaf7b95a-1145-49e2-b15a-d539c44eafb2 (type: security_group_rules) to 0 [pid: 8|app: 0|req: 841/1647] 10.0.0.251 () {32 vars in 773 bytes} [Thu Jul 9 18:09:37 2026] GET /v2.0/security-groups?tenant_id=12a6fb9e8a424852ba425752527505ea&name=default => generated 2925 bytes in 421 msecs (HTTP/1.1 200) 4 headers in 158 bytes (1 switches on core 0) [pid: 7|app: 0|req: 807/1648] 10.0.0.251 () {32 vars in 672 bytes} [Thu Jul 9 18:09:38 2026] GET /v2.0/security-group-rules => generated 3560 bytes in 67 msecs (HTTP/1.1 200) 4 headers in 158 bytes (1 switches on core 0) [pid: 8|app: 0|req: 842/1649] 10.0.0.251 () {32 vars in 648 bytes} [Thu Jul 9 18:09:38 2026] GET /v2.0/networks => generated 1297 bytes in 94 msecs (HTTP/1.1 200) 4 headers in 158 bytes (1 switches on core 0)
