2026-07-09 18:07:31.722 7 INFO neutron.db.ovn_revision_numbers_db [None req-c45f425c-5e00-4371-b1bf-88e53be004db 83ca7f7540574c3eb8543519573d9a53 0f7741b30d414f93bd6a1b5d57b8ff6b - - default default] Successfully bumped revision number for resource 83720fb9-2714-4b83-a5ac-8e38d6584102 (type: security_group_rules) to 0
2026-07-09 18:07:31.746 7 INFO neutron.db.ovn_revision_numbers_db [None req-c45f425c-5e00-4371-b1bf-88e53be004db 83ca7f7540574c3eb8543519573d9a53 0f7741b30d414f93bd6a1b5d57b8ff6b - - default default] Successfully bumped revision number for resource c7273533-9037-48d0-89ac-e37e1869fb70 (type: security_group_rules) to 0
2026-07-09 18:07:31.782 8 INFO neutron.db.segments_db [None req-bd4c2492-7c83-4944-b5ca-cf056c8e04e4 83ca7f7540574c3eb8543519573d9a53 0f7741b30d414f93bd6a1b5d57b8ff6b - - default default] Added segment 0f0bcc28-3592-4b7b-aa27-6d683b0fd21c of type geneve for network ce1ab811-70d9-470c-a49d-ca0207e04ed6
2026-07-09 18:07:31.858 7 INFO neutron.db.segments_db [None req-c45f425c-5e00-4371-b1bf-88e53be004db 83ca7f7540574c3eb8543519573d9a53 0f7741b30d414f93bd6a1b5d57b8ff6b - - default default] Added segment 0cb44f3f-eec8-4619-93be-8cdcf1cbd43c of type geneve for network 039636f4-6e53-4f1b-82c6-a23cc4c2bdc1
2026-07-09 18:07:31.893 8 INFO neutron.db.ovn_revision_numbers_db [None req-bd4c2492-7c83-4944-b5ca-cf056c8e04e4 83ca7f7540574c3eb8543519573d9a53 0f7741b30d414f93bd6a1b5d57b8ff6b - - default default] Successfully bumped revision number for resource ce1ab811-70d9-470c-a49d-ca0207e04ed6 (type: networks) to 1
2026-07-09 18:07:32.048 7 INFO neutron.db.ovn_revision_numbers_db [None req-2885d8f0-31bb-4ca4-940c-764332505877 - - - - - -] Successfully bumped revision number for resource b4590af0-df3a-410a-8143-9c64a0c87c59 (type: router_ports) to 2
2026-07-09 18:07:32.048 7 INFO neutron.plugins.ml2.drivers.ovn.mech_driver.mech_driver [None req-2885d8f0-31bb-4ca4-940c-764332505877 - - - - - -] OVN reports status down for port: a2be91fc-7b7e-450b-89cf-47ea25fc625a
2026-07-09 18:07:32.050 7 INFO neutron.db.ovn_revision_numbers_db [None req-c45f425c-5e00-4371-b1bf-88e53be004db 83ca7f7540574c3eb8543519573d9a53 0f7741b30d414f93bd6a1b5d57b8ff6b - - default default] Successfully bumped revision number for resource 039636f4-6e53-4f1b-82c6-a23cc4c2bdc1 (type: networks) to 1
2026-07-09 18:07:32.052 8 WARNING neutron.scheduler.dhcp_agent_scheduler [None req-bd4c2492-7c83-4944-b5ca-cf056c8e04e4 83ca7f7540574c3eb8543519573d9a53 0f7741b30d414f93bd6a1b5d57b8ff6b - - default default] No more DHCP agents
2026-07-09 18:07:32.053 8 WARNING neutron.api.rpc.agentnotifiers.dhcp_rpc_agent_api [None req-bd4c2492-7c83-4944-b5ca-cf056c8e04e4 83ca7f7540574c3eb8543519573d9a53 0f7741b30d414f93bd6a1b5d57b8ff6b - - default default] Unable to schedule network ce1ab811-70d9-470c-a49d-ca0207e04ed6: no agents available; will retry on subsequent port and subnet creation events.
2026-07-09 18:07:32.108 8 INFO neutron.plugins.ml2.drivers.ovn.mech_driver.mech_driver [None req-34142169-ea92-4953-8d1a-68cc0dda26df - - - - - -] OVN reports status down for port: a30b6610-687d-44fa-8b60-f5534dc6f246
2026-07-09 18:07:32.167 8 INFO neutron.db.ovn_revision_numbers_db [None req-bd4c2492-7c83-4944-b5ca-cf056c8e04e4 83ca7f7540574c3eb8543519573d9a53 0f7741b30d414f93bd6a1b5d57b8ff6b - - default default] Successfully bumped revision number for resource a30b6610-687d-44fa-8b60-f5534dc6f246 (type: ports) to 1
2026-07-09 18:07:32.168 7 WARNING neutron.plugins.ml2.drivers.ovn.mech_driver.ovsdb.ovn_client [None req-2885d8f0-31bb-4ca4-940c-764332505877 - - - - - -] Logical_Switch_Port a2be91fc-7b7e-450b-89cf-47ea25fc625a host information not removed, the port state is up
2026-07-09 18:07:32.170 7 INFO neutron.plugins.ml2.drivers.ovn.mech_driver.mech_driver [None req-2885d8f0-31bb-4ca4-940c-764332505877 - - - - - -] OVN reports status up for port: a2be91fc-7b7e-450b-89cf-47ea25fc625a
2026-07-09 18:07:32.191 7 INFO neutron.plugins.ml2.plugin [None req-2885d8f0-31bb-4ca4-940c-764332505877 - - - - - -] Attempt 1 to provision port a2be91fc-7b7e-450b-89cf-47ea25fc625a [pid: 8|app: 0|req: 379/748] 10.0.0.251 () {34 vars in 670 bytes} [Thu Jul 9 18:07:31 2026] POST /v2.0/networks => generated 754 bytes in 765 msecs (HTTP/1.1 201) 4 headers in 162 bytes (1 switches on core 0) [pid: 8|app: 0|req: 380/749] 10.0.0.5 () {34 vars in 987 bytes} [Thu Jul 9 18:07:32 2026] GET /v2.0/ports?device_id=27c8bd79-da08-424e-b758-762befbdf254 => generated 12 bytes in 20 msecs (HTTP/1.1 200) 4 headers in 156 bytes (1 switches on core 0)
2026-07-09 18:07:32.322 7 WARNING neutron.scheduler.dhcp_agent_scheduler [None req-c45f425c-5e00-4371-b1bf-88e53be004db 83ca7f7540574c3eb8543519573d9a53 0f7741b30d414f93bd6a1b5d57b8ff6b - - default default] No more DHCP agents
2026-07-09 18:07:32.324 7 WARNING neutron.api.rpc.agentnotifiers.dhcp_rpc_agent_api [None req-c45f425c-5e00-4371-b1bf-88e53be004db 83ca7f7540574c3eb8543519573d9a53 0f7741b30d414f93bd6a1b5d57b8ff6b - - default default] Unable to schedule network 039636f4-6e53-4f1b-82c6-a23cc4c2bdc1: no agents available; will retry on subsequent port and subnet creation events.
2026-07-09 18:07:32.348 8 WARNING neutron.scheduler.dhcp_agent_scheduler [None req-cb4a96d0-1507-4e3b-a258-7794add2bf7a 83ca7f7540574c3eb8543519573d9a53 0f7741b30d414f93bd6a1b5d57b8ff6b - - default default] No more DHCP agents
2026-07-09 18:07:32.349 8 WARNING neutron.api.rpc.agentnotifiers.dhcp_rpc_agent_api [None req-cb4a96d0-1507-4e3b-a258-7794add2bf7a 83ca7f7540574c3eb8543519573d9a53 0f7741b30d414f93bd6a1b5d57b8ff6b - - default default] Unable to schedule network ce1ab811-70d9-470c-a49d-ca0207e04ed6: no agents available; will retry on subsequent port and subnet creation events.
2026-07-09 18:07:32.436 8 INFO neutron.plugins.ml2.drivers.ovn.mech_driver.mech_driver [None req-34142169-ea92-4953-8d1a-68cc0dda26df - - - - - -] OVN reports status down for port: ca854d91-c3f6-4287-9203-43b23e4dab86
2026-07-09 18:07:32.476 7 INFO neutron.db.ovn_revision_numbers_db [None req-c45f425c-5e00-4371-b1bf-88e53be004db 83ca7f7540574c3eb8543519573d9a53 0f7741b30d414f93bd6a1b5d57b8ff6b - - default default] Successfully bumped revision number for resource ca854d91-c3f6-4287-9203-43b23e4dab86 (type: ports) to 1 [pid: 7|app: 0|req: 370/750] 10.0.0.251 () {34 vars in 670 bytes} [Thu Jul 9 18:07:31 2026] POST /v2.0/networks => generated 740 bytes in 1269 msecs (HTTP/1.1 201) 4 headers in 162 bytes (1 switches on core 0) [pid: 7|app: 0|req: 371/751] 10.0.0.5 () {34 vars in 987 bytes} [Thu Jul 9 18:07:32 2026] GET /v2.0/ports?device_id=59e19330-544a-4185-9dd8-92036c4de04e => generated 12 bytes in 28 msecs (HTTP/1.1 200) 4 headers in 156 bytes (1 switches on core 0)
2026-07-09 18:07:32.856 7 INFO neutron.db.ovn_revision_numbers_db [None req-2885d8f0-31bb-4ca4-940c-764332505877 - - - - - -] Successfully bumped revision number for resource a2be91fc-7b7e-450b-89cf-47ea25fc625a (type: ports) to 2
2026-07-09 18:07:32.904 7 WARNING neutron.scheduler.dhcp_agent_scheduler [None req-8981f07e-75b9-4399-b975-5ad0f13597df 83ca7f7540574c3eb8543519573d9a53 0f7741b30d414f93bd6a1b5d57b8ff6b - - default default] No more DHCP agents
2026-07-09 18:07:32.907 7 WARNING neutron.api.rpc.agentnotifiers.dhcp_rpc_agent_api [None req-8981f07e-75b9-4399-b975-5ad0f13597df 83ca7f7540574c3eb8543519573d9a53 0f7741b30d414f93bd6a1b5d57b8ff6b - - default default] Unable to schedule network 039636f4-6e53-4f1b-82c6-a23cc4c2bdc1: no agents available; will retry on subsequent port and subnet creation events.
2026-07-09 18:07:32.941 8 INFO neutron.db.ovn_revision_numbers_db [None req-69ed9c14-603b-4654-8d40-dd0ef260d5ba - - - - - -] Successfully bumped revision number for resource a30b6610-687d-44fa-8b60-f5534dc6f246 (type: ports) to 2
2026-07-09 18:07:32.971 8 INFO neutron.db.ovn_revision_numbers_db [None req-69ed9c14-603b-4654-8d40-dd0ef260d5ba - - - - - -] Successfully bumped revision number for resource 7fcfc5f5-f6fa-4c8a-89c9-dc335023cca0 (type: subnets) to 0 [pid: 8|app: 0|req: 381/752] 10.0.0.251 () {34 vars in 668 bytes} [Thu Jul 9 18:07:32 2026] POST /v2.0/subnets => generated 698 bytes in 756 msecs (HTTP/1.1 201) 4 headers in 162 bytes (1 switches on core 0)
2026-07-09 18:07:33.381 8 WARNING neutron.scheduler.dhcp_agent_scheduler [None req-23a81d98-fb14-4477-8386-e55d8b526bf0 83ca7f7540574c3eb8543519573d9a53 0f7741b30d414f93bd6a1b5d57b8ff6b - - default default] No more DHCP agents
2026-07-09 18:07:33.382 8 WARNING neutron.api.rpc.agentnotifiers.dhcp_rpc_agent_api [None req-23a81d98-fb14-4477-8386-e55d8b526bf0 83ca7f7540574c3eb8543519573d9a53 0f7741b30d414f93bd6a1b5d57b8ff6b - - default default] Unable to schedule network 3ffecaaf-78d3-4c43-a947-2d20f4fd0b90: no agents available; will retry on subsequent port and subnet creation events.
2026-07-09 18:07:33.405 7 INFO neutron.db.ovn_revision_numbers_db [None req-d8c3ffea-bc02-495e-85df-72f1bac96285 - - - - - -] Successfully bumped revision number for resource ca854d91-c3f6-4287-9203-43b23e4dab86 (type: ports) to 2
2026-07-09 18:07:33.440 7 INFO neutron.db.ovn_revision_numbers_db [None req-d8c3ffea-bc02-495e-85df-72f1bac96285 - - - - - -] Successfully bumped revision number for resource 36af1661-1411-4617-9ef0-436dcef56135 (type: subnets) to 0 [pid: 7|app: 0|req: 372/753] 10.0.0.251 () {34 vars in 668 bytes} [Thu Jul 9 18:07:32 2026] POST /v2.0/subnets => generated 684 bytes in 912 msecs (HTTP/1.1 201) 4 headers in 162 bytes (1 switches on core 0) [pid: 7|app: 0|req: 373/754] 10.0.0.5 () {34 vars in 987 bytes} [Thu Jul 9 18:07:33 2026] GET /v2.0/ports?device_id=27c8bd79-da08-424e-b758-762befbdf254 => generated 12 bytes in 18 msecs (HTTP/1.1 200) 4 headers in 156 bytes (1 switches on core 0)
2026-07-09 18:07:33.493 8 INFO neutron.plugins.ml2.drivers.ovn.mech_driver.mech_driver [None req-34142169-ea92-4953-8d1a-68cc0dda26df - - - - - -] OVN reports status down for port: 99b1c73d-1093-4f26-9742-e23f4b36dafa
2026-07-09 18:07:33.544 8 INFO neutron.db.ovn_revision_numbers_db [None req-23a81d98-fb14-4477-8386-e55d8b526bf0 83ca7f7540574c3eb8543519573d9a53 0f7741b30d414f93bd6a1b5d57b8ff6b - - default default] Successfully bumped revision number for resource 99b1c73d-1093-4f26-9742-e23f4b36dafa (type: ports) to 1
2026-07-09 18:07:33.929 7 WARNING neutron.scheduler.dhcp_agent_scheduler [None req-d2acc168-e5db-4568-b467-8b030b6c22e4 83ca7f7540574c3eb8543519573d9a53 0f7741b30d414f93bd6a1b5d57b8ff6b - - default default] No more DHCP agents
2026-07-09 18:07:33.930 7 WARNING neutron.api.rpc.agentnotifiers.dhcp_rpc_agent_api [None req-d2acc168-e5db-4568-b467-8b030b6c22e4 83ca7f7540574c3eb8543519573d9a53 0f7741b30d414f93bd6a1b5d57b8ff6b - - default default] Unable to schedule network 3ffecaaf-78d3-4c43-a947-2d20f4fd0b90: no agents available; will retry on subsequent port and subnet creation events.
2026-07-09 18:07:34.081 7 INFO neutron.db.ovn_revision_numbers_db [None req-d2acc168-e5db-4568-b467-8b030b6c22e4 83ca7f7540574c3eb8543519573d9a53 0f7741b30d414f93bd6a1b5d57b8ff6b - - default default] Successfully bumped revision number for resource a479d589-c3d5-4440-a15c-85213608c4db (type: ports) to 1
2026-07-09 18:07:34.189 8 INFO neutron.plugins.ml2.drivers.ovn.mech_driver.ovsdb.commands [None req-07182ef0-a7e6-476c-b944-16349464c9f4 - - - - - -] Schedule LRP lrp-99b1c73d-1093-4f26-9742-e23f4b36dafa on gateway 7dc3af77-d898-472f-ba32-f65e7dd058fb with priority 1
2026-07-09 18:07:34.216 8 INFO neutron.plugins.ml2.drivers.ovn.mech_driver.mech_driver [None req-34142169-ea92-4953-8d1a-68cc0dda26df - - - - - -] OVN reports status up for port: 99b1c73d-1093-4f26-9742-e23f4b36dafa
2026-07-09 18:07:34.243 8 INFO neutron.plugins.ml2.plugin [None req-34142169-ea92-4953-8d1a-68cc0dda26df - - - - - -] Attempt 1 to provision port 99b1c73d-1093-4f26-9742-e23f4b36dafa
2026-07-09 18:07:34.252 8 INFO neutron.plugins.ml2.drivers.ovn.mech_driver.ovsdb.ovsdb_monitor [None req-610b3047-2097-4aaf-95ed-b78fa0d5bd5c - - - - - -] Router 0d3d5180-88b7-4284-b479-887949c4e247 is bound to host instance
2026-07-09 18:07:34.301 8 INFO neutron.db.ovn_revision_numbers_db [None req-23a81d98-fb14-4477-8386-e55d8b526bf0 83ca7f7540574c3eb8543519573d9a53 0f7741b30d414f93bd6a1b5d57b8ff6b - - default default] Successfully bumped revision number for resource 99b1c73d-1093-4f26-9742-e23f4b36dafa (type: router_ports) to 1
2026-07-09 18:07:34.476 8 INFO neutron.db.ovn_revision_numbers_db [None req-23a81d98-fb14-4477-8386-e55d8b526bf0 83ca7f7540574c3eb8543519573d9a53 0f7741b30d414f93bd6a1b5d57b8ff6b - - default default] Successfully bumped revision number for resource 0d3d5180-88b7-4284-b479-887949c4e247 (type: routers) to 2 [pid: 8|app: 0|req: 382/755] 10.0.0.251 () {34 vars in 668 bytes} [Thu Jul 9 18:07:32 2026] POST /v2.0/routers => generated 976 bytes in 1513 msecs (HTTP/1.1 201) 4 headers in 162 bytes (1 switches on core 0) [pid: 8|app: 0|req: 383/756] 10.0.0.5 () {34 vars in 987 bytes} [Thu Jul 9 18:07:34 2026] GET /v2.0/ports?device_id=59e19330-544a-4185-9dd8-92036c4de04e => generated 12 bytes in 32 msecs (HTTP/1.1 200) 4 headers in 156 bytes (1 switches on core 0) [pid: 8|app: 0|req: 384/757] 199.19.213.116 () {34 vars in 985 bytes} [Thu Jul 9 18:07:34 2026] GET /v2.0/networks?id=6a54a6c9-324a-4cb8-b8dd-42401d90b90d => generated 675 bytes in 154 msecs (HTTP/1.1 200) 4 headers in 157 bytes (1 switches on core 0)
2026-07-09 18:07:34.726 7 INFO neutron.plugins.ml2.drivers.ovn.mech_driver.ovsdb.commands [None req-37f8aa4d-68d1-48bf-83aa-ff01ed231846 - - - - - -] Schedule LRP lrp-a479d589-c3d5-4440-a15c-85213608c4db on gateway 7dc3af77-d898-472f-ba32-f65e7dd058fb with priority 1
2026-07-09 18:07:34.779 7 INFO neutron.plugins.ml2.drivers.ovn.mech_driver.ovsdb.ovsdb_monitor [None req-d8d189a8-3405-4724-83fd-e057307f5f10 - - - - - -] Router c426467a-90c7-4842-9550-fd17578d0623 is bound to host instance
2026-07-09 18:07:34.896 7 INFO neutron.db.ovn_revision_numbers_db [None req-d2acc168-e5db-4568-b467-8b030b6c22e4 83ca7f7540574c3eb8543519573d9a53 0f7741b30d414f93bd6a1b5d57b8ff6b - - default default] Successfully bumped revision number for resource a479d589-c3d5-4440-a15c-85213608c4db (type: router_ports) to 1
2026-07-09 18:07:35.032 7 INFO neutron.db.ovn_revision_numbers_db [None req-d2acc168-e5db-4568-b467-8b030b6c22e4 83ca7f7540574c3eb8543519573d9a53 0f7741b30d414f93bd6a1b5d57b8ff6b - - default default] Successfully bumped revision number for resource c426467a-90c7-4842-9550-fd17578d0623 (type: routers) to 2 [pid: 7|app: 0|req: 374/758] 10.0.0.251 () {34 vars in 668 bytes} [Thu Jul 9 18:07:33 2026] POST /v2.0/routers => generated 962 bytes in 1584 msecs (HTTP/1.1 201) 4 headers in 162 bytes (1 switches on core 0) [pid: 7|app: 0|req: 375/759] 10.0.0.5 () {34 vars in 987 bytes} [Thu Jul 9 18:07:35 2026] GET /v2.0/ports?device_id=27c8bd79-da08-424e-b758-762befbdf254 => generated 12 bytes in 35 msecs (HTTP/1.1 200) 4 headers in 156 bytes (1 switches on core 0) [pid: 7|app: 0|req: 376/760] 199.19.213.116 () {34 vars in 910 bytes} [Thu Jul 9 18:07:35 2026] GET /v2.0/extensions => generated 20118 bytes in 10 msecs (HTTP/1.1 200) 4 headers in 159 bytes (1 switches on core 0)
2026-07-09 18:07:35.556 8 WARNING neutron.scheduler.dhcp_agent_scheduler [None req-110a5084-ba3d-4c60-bf78-a2111e6a6ec0 83ca7f7540574c3eb8543519573d9a53 0f7741b30d414f93bd6a1b5d57b8ff6b - - default default] No more DHCP agents
2026-07-09 18:07:35.562 8 WARNING neutron.api.rpc.agentnotifiers.dhcp_rpc_agent_api [None req-110a5084-ba3d-4c60-bf78-a2111e6a6ec0 83ca7f7540574c3eb8543519573d9a53 0f7741b30d414f93bd6a1b5d57b8ff6b - - default default] Unable to schedule network ce1ab811-70d9-470c-a49d-ca0207e04ed6: no agents available; will retry on subsequent port and subnet creation events.
2026-07-09 18:07:35.841 8 INFO neutron.db.ovn_revision_numbers_db [None req-110a5084-ba3d-4c60-bf78-a2111e6a6ec0 83ca7f7540574c3eb8543519573d9a53 0f7741b30d414f93bd6a1b5d57b8ff6b - - default default] Successfully bumped revision number for resource 3fe294b8-5a1d-4395-94e4-6c9449266547 (type: ports) to 1
2026-07-09 18:07:35.905 8 INFO neutron.db.ovn_revision_numbers_db [None req-820a09ef-22c1-4cd8-88ee-a9026332f004 - - - - - -] Successfully bumped revision number for resource 99b1c73d-1093-4f26-9742-e23f4b36dafa (type: ports) to 4
2026-07-09 18:07:36.081 7 WARNING neutron.scheduler.dhcp_agent_scheduler [None req-20339bde-355a-4b1a-9de5-93ba38e34ee0 83ca7f7540574c3eb8543519573d9a53 0f7741b30d414f93bd6a1b5d57b8ff6b - - default default] No more DHCP agents
2026-07-09 18:07:36.087 7 WARNING neutron.api.rpc.agentnotifiers.dhcp_rpc_agent_api [None req-20339bde-355a-4b1a-9de5-93ba38e34ee0 83ca7f7540574c3eb8543519573d9a53 0f7741b30d414f93bd6a1b5d57b8ff6b - - default default] Unable to schedule network 039636f4-6e53-4f1b-82c6-a23cc4c2bdc1: no agents available; will retry on subsequent port and subnet creation events.
2026-07-09 18:07:36.371 7 INFO neutron.db.ovn_revision_numbers_db [None req-20339bde-355a-4b1a-9de5-93ba38e34ee0 83ca7f7540574c3eb8543519573d9a53 0f7741b30d414f93bd6a1b5d57b8ff6b - - default default] Successfully bumped revision number for resource 4f84ca48-7205-4540-b469-222395c52034 (type: ports) to 1
2026-07-09 18:07:36.491 7 INFO neutron.db.ovn_revision_numbers_db [None req-5502364d-d069-444a-8222-50a09647d074 - - - - - -] Successfully bumped revision number for resource a479d589-c3d5-4440-a15c-85213608c4db (type: ports) to 4
2026-07-09 18:07:37.083 7 INFO neutron.db.ovn_revision_numbers_db [None req-5502364d-d069-444a-8222-50a09647d074 - - - - - -] Successfully bumped revision number for resource a479d589-c3d5-4440-a15c-85213608c4db (type: ports) to 5
2026-07-09 18:07:37.166 8 INFO neutron.db.ovn_revision_numbers_db [None req-820a09ef-22c1-4cd8-88ee-a9026332f004 - - - - - -] Successfully bumped revision number for resource 99b1c73d-1093-4f26-9742-e23f4b36dafa (type: ports) to 5
2026-07-09 18:07:37.421 8 WARNING neutron.scheduler.dhcp_agent_scheduler [None req-110a5084-ba3d-4c60-bf78-a2111e6a6ec0 83ca7f7540574c3eb8543519573d9a53 0f7741b30d414f93bd6a1b5d57b8ff6b - - default default] No more DHCP agents
2026-07-09 18:07:37.424 8 WARNING neutron.api.rpc.agentnotifiers.dhcp_rpc_agent_api [None req-110a5084-ba3d-4c60-bf78-a2111e6a6ec0 83ca7f7540574c3eb8543519573d9a53 0f7741b30d414f93bd6a1b5d57b8ff6b - - default default] Unable to schedule network ce1ab811-70d9-470c-a49d-ca0207e04ed6: no agents available; will retry on subsequent port and subnet creation events.
2026-07-09 18:07:37.481 7 WARNING neutron.scheduler.dhcp_agent_scheduler [None req-20339bde-355a-4b1a-9de5-93ba38e34ee0 83ca7f7540574c3eb8543519573d9a53 0f7741b30d414f93bd6a1b5d57b8ff6b - - default default] No more DHCP agents
2026-07-09 18:07:37.482 7 WARNING neutron.api.rpc.agentnotifiers.dhcp_rpc_agent_api [None req-20339bde-355a-4b1a-9de5-93ba38e34ee0 83ca7f7540574c3eb8543519573d9a53 0f7741b30d414f93bd6a1b5d57b8ff6b - - default default] Unable to schedule network 039636f4-6e53-4f1b-82c6-a23cc4c2bdc1: no agents available; will retry on subsequent port and subnet creation events.
2026-07-09 18:07:37.890 8 INFO neutron.db.ovn_revision_numbers_db [None req-110a5084-ba3d-4c60-bf78-a2111e6a6ec0 83ca7f7540574c3eb8543519573d9a53 0f7741b30d414f93bd6a1b5d57b8ff6b - - default default] Successfully bumped revision number for resource 3fe294b8-5a1d-4395-94e4-6c9449266547 (type: router_ports) to 1 [pid: 8|app: 0|req: 385/763] 10.0.0.251 () {34 vars in 782 bytes} [Thu Jul 9 18:07:34 2026] PUT /v2.0/routers/0d3d5180-88b7-4284-b479-887949c4e247/add_router_interface => generated 309 bytes in 3204 msecs (HTTP/1.1 200) 4 headers in 157 bytes (1 switches on core 0) [pid: 8|app: 0|req: 386/764] 199.19.213.116 () {34 vars in 1049 bytes} [Thu Jul 9 18:07:37 2026] GET /v2.0/security-groups?fields=id&fields=name&tenant_id=b4a496fe549444bb93ca95a4d6026c31 => generated 180 bytes in 43 msecs (HTTP/1.1 200) 4 headers in 157 bytes (1 switches on core 0) [pid: 8|app: 0|req: 387/765] 10.0.0.5 () {34 vars in 987 bytes} [Thu Jul 9 18:07:37 2026] GET /v2.0/ports?device_id=59e19330-544a-4185-9dd8-92036c4de04e => generated 12 bytes in 16 msecs (HTTP/1.1 200) 4 headers in 156 bytes (1 switches on core 0) [pid: 8|app: 0|req: 388/766] 199.19.213.116 () {34 vars in 985 bytes} [Thu Jul 9 18:07:37 2026] GET /v2.0/networks?id=1c7b5289-ef70-4d8b-9a5c-028cd040c9f7 => generated 680 bytes in 43 msecs (HTTP/1.1 200) 4 headers in 157 bytes (1 switches on core 0) [pid: 8|app: 0|req: 389/767] 10.0.0.5 () {34 vars in 987 bytes} [Thu Jul 9 18:07:38 2026] GET /v2.0/ports?device_id=27c8bd79-da08-424e-b758-762befbdf254 => generated 12 bytes in 17 msecs (HTTP/1.1 200) 4 headers in 156 bytes (1 switches on core 0)
2026-07-09 18:07:38.182 7 WARNING neutron.plugins.ml2.drivers.ovn.mech_driver.ovsdb.ovn_client [None req-52ac5697-a656-4cf6-8af2-f15b35a09b1e - - - - - -] No hosting information found for port a2be91fc-7b7e-450b-89cf-47ea25fc625a: RuntimeError: No hosting information found for port a2be91fc-7b7e-450b-89cf-47ea25fc625a
2026-07-09 18:07:38.356 8 WARNING neutron.scheduler.dhcp_agent_scheduler [req-23d1f039-85f3-4d65-887a-f289c86d7e25 req-4eac820b-4be5-4297-a1da-d1d113458270 ab08ec0f97254b56b2a7fbdfb1623361 b4a496fe549444bb93ca95a4d6026c31 - - default default] No more DHCP agents
2026-07-09 18:07:38.357 8 WARNING neutron.api.rpc.agentnotifiers.dhcp_rpc_agent_api [req-23d1f039-85f3-4d65-887a-f289c86d7e25 req-4eac820b-4be5-4297-a1da-d1d113458270 ab08ec0f97254b56b2a7fbdfb1623361 b4a496fe549444bb93ca95a4d6026c31 - - default default] Unable to schedule network 6a54a6c9-324a-4cb8-b8dd-42401d90b90d: no agents available; will retry on subsequent port and subnet creation events.
2026-07-09 18:07:38.368 7 INFO neutron.db.ovn_revision_numbers_db [None req-52ac5697-a656-4cf6-8af2-f15b35a09b1e - - - - - -] Successfully bumped revision number for resource a2be91fc-7b7e-450b-89cf-47ea25fc625a (type: router_ports) to 2
2026-07-09 18:07:38.509 8 INFO neutron.db.ovn_revision_numbers_db [req-23d1f039-85f3-4d65-887a-f289c86d7e25 req-4eac820b-4be5-4297-a1da-d1d113458270 ab08ec0f97254b56b2a7fbdfb1623361 b4a496fe549444bb93ca95a4d6026c31 - - default default] Successfully bumped revision number for resource 5b2647f8-ce76-4e95-9641-c4ee26df1810 (type: ports) to 1
2026-07-09 18:07:38.570 7 INFO neutron.plugins.ml2.drivers.ovn.mech_driver.mech_driver [None req-52ac5697-a656-4cf6-8af2-f15b35a09b1e - - - - - -] OVN reports status down for port: a479d589-c3d5-4440-a15c-85213608c4db [pid: 8|app: 0|req: 390/768] 199.19.213.116 () {38 vars in 954 bytes} [Thu Jul 9 18:07:38 2026] POST /v2.0/ports => generated 954 bytes in 557 msecs (HTTP/1.1 201) 4 headers in 162 bytes (1 switches on core 0) /var/lib/openstack/lib/python3.12/site-packages/pycadf/identifier.py:70: UserWarning: Invalid uuid: neutron. To ensure interoperability, identifiers should be a valid uuid. warnings.warn(('Invalid uuid: %s. To ensure interoperability, ' [pid: 8|app: 0|req: 391/769] 199.19.213.116 () {34 vars in 1049 bytes} [Thu Jul 9 18:07:38 2026] GET /v2.0/security-groups?fields=id&fields=name&tenant_id=f980c280b9e2428db168bcb6d2bffbfc => generated 181 bytes in 51 msecs (HTTP/1.1 200) 4 headers in 157 bytes (1 switches on core 0)
2026-07-09 18:07:38.810 8 INFO neutron.db.ovn_revision_numbers_db [None req-210be8cc-5e0b-4207-810f-7509629e03f9 66315cecfd554a2485757caad22564b9 ffc357a2c8c94c10b50df328b9b3f39f - - default default] Successfully bumped revision number for resource 720574b6-d3b3-4171-ab47-481a446fa76d (type: security_groups) to 1
2026-07-09 18:07:38.823 8 INFO neutron.db.ovn_revision_numbers_db [None req-210be8cc-5e0b-4207-810f-7509629e03f9 66315cecfd554a2485757caad22564b9 ffc357a2c8c94c10b50df328b9b3f39f - - default default] Successfully bumped revision number for resource 10ae3279-10b5-4f01-b941-25c23b18991a (type: security_group_rules) to 0
2026-07-09 18:07:38.845 8 INFO neutron.db.ovn_revision_numbers_db [None req-210be8cc-5e0b-4207-810f-7509629e03f9 66315cecfd554a2485757caad22564b9 ffc357a2c8c94c10b50df328b9b3f39f - - default default] Successfully bumped revision number for resource fb56a12a-5ddd-4ca6-92f1-1a1c3a576d8b (type: security_group_rules) to 0 [pid: 8|app: 0|req: 392/770] 10.0.0.251 () {34 vars in 684 bytes} [Thu Jul 9 18:07:38 2026] POST /v2.0/security-groups => generated 1660 bytes in 262 msecs (HTTP/1.1 201) 4 headers in 163 bytes (1 switches on core 0)
2026-07-09 18:07:39.009 7 INFO neutron.db.ovn_revision_numbers_db [None req-20339bde-355a-4b1a-9de5-93ba38e34ee0 83ca7f7540574c3eb8543519573d9a53 0f7741b30d414f93bd6a1b5d57b8ff6b - - default default] Successfully bumped revision number for resource 4f84ca48-7205-4540-b469-222395c52034 (type: router_ports) to 1 [pid: 7|app: 0|req: 379/771] 10.0.0.251 () {34 vars in 782 bytes} [Thu Jul 9 18:07:35 2026] PUT /v2.0/routers/c426467a-90c7-4842-9550-fd17578d0623/add_router_interface => generated 309 bytes in 3905 msecs (HTTP/1.1 200) 4 headers in 157 bytes (1 switches on core 0)
2026-07-09 18:07:39.161 8 WARNING neutron.scheduler.dhcp_agent_scheduler [req-8db3bdeb-0d58-4485-956e-277873818741 req-52af763c-d76f-44be-b918-f1f160723287 39e3e1a811134f1ea8e9968b15ced0f4 f980c280b9e2428db168bcb6d2bffbfc - - default default] No more DHCP agents
2026-07-09 18:07:39.162 8 WARNING neutron.api.rpc.agentnotifiers.dhcp_rpc_agent_api [req-8db3bdeb-0d58-4485-956e-277873818741 req-52af763c-d76f-44be-b918-f1f160723287 39e3e1a811134f1ea8e9968b15ced0f4 f980c280b9e2428db168bcb6d2bffbfc - - default default] Unable to schedule network 1c7b5289-ef70-4d8b-9a5c-028cd040c9f7: no agents available; will retry on subsequent port and subnet creation events.
2026-07-09 18:07:39.252 7 INFO neutron.db.ovn_revision_numbers_db [None req-aa475f3b-1a6a-44ec-b6d9-e02cc04b3a6d 66315cecfd554a2485757caad22564b9 ffc357a2c8c94c10b50df328b9b3f39f - - default default] Successfully bumped revision number for resource 5c4b7787-aeaf-412c-b0e4-42e86201af6e (type: security_group_rules) to 0
2026-07-09 18:07:39.255 7 INFO neutron.db.ovn_revision_numbers_db [None req-52ac5697-a656-4cf6-8af2-f15b35a09b1e - - - - - -] Successfully bumped revision number for resource a479d589-c3d5-4440-a15c-85213608c4db (type: ports) to 6
2026-07-09 18:07:39.338 8 INFO neutron.db.ovn_revision_numbers_db [req-8db3bdeb-0d58-4485-956e-277873818741 req-52af763c-d76f-44be-b918-f1f160723287 39e3e1a811134f1ea8e9968b15ced0f4 f980c280b9e2428db168bcb6d2bffbfc - - default default] Successfully bumped revision number for resource a0e04103-0075-4bc2-9ea0-5443028ec94f (type: ports) to 1 [pid: 7|app: 0|req: 380/772] 10.0.0.251 () {34 vars in 694 bytes} [Thu Jul 9 18:07:39 2026] POST /v2.0/security-group-rules => generated 597 bytes in 323 msecs (HTTP/1.1 201) 4 headers in 162 bytes (1 switches on core 0)
2026-07-09 18:07:39.402 7 WARNING neutron.plugins.ml2.drivers.ovn.mech_driver.ovsdb.ovn_client [None req-2c39be28-e4c6-458d-b187-16f63cb85025 - - - - - -] Logical_Switch_Port a479d589-c3d5-4440-a15c-85213608c4db host information not removed, the port state is up
2026-07-09 18:07:39.403 7 INFO neutron.plugins.ml2.drivers.ovn.mech_driver.mech_driver [None req-2c39be28-e4c6-458d-b187-16f63cb85025 - - - - - -] OVN reports status up for port: a479d589-c3d5-4440-a15c-85213608c4db [pid: 8|app: 0|req: 393/773] 199.19.213.116 () {38 vars in 954 bytes} [Thu Jul 9 18:07:38 2026] POST /v2.0/ports => generated 958 bytes in 524 msecs (HTTP/1.1 201) 4 headers in 162 bytes (1 switches on core 0) /var/lib/openstack/lib/python3.12/site-packages/pycadf/identifier.py:70: UserWarning: Invalid uuid: neutron. To ensure interoperability, identifiers should be a valid uuid. warnings.warn(('Invalid uuid: %s. To ensure interoperability, '
2026-07-09 18:07:39.429 7 INFO neutron.plugins.ml2.plugin [None req-2c39be28-e4c6-458d-b187-16f63cb85025 - - - - - -] Attempt 1 to provision port a479d589-c3d5-4440-a15c-85213608c4db [pid: 8|app: 0|req: 394/774] 10.0.0.5 () {34 vars in 987 bytes} [Thu Jul 9 18:07:39 2026] GET /v2.0/ports?device_id=59e19330-544a-4185-9dd8-92036c4de04e => generated 961 bytes in 48 msecs (HTTP/1.1 200) 4 headers in 157 bytes (1 switches on core 0) [pid: 8|app: 0|req: 395/775] 10.0.0.5 () {34 vars in 987 bytes} [Thu Jul 9 18:07:39 2026] GET /v2.0/ports?device_id=27c8bd79-da08-424e-b758-762befbdf254 => generated 957 bytes in 34 msecs (HTTP/1.1 200) 4 headers in 157 bytes (1 switches on core 0)
2026-07-09 18:07:39.636 8 INFO neutron.db.ovn_revision_numbers_db [None req-905b77d6-607c-487e-8fec-b17f09da492e 66315cecfd554a2485757caad22564b9 ffc357a2c8c94c10b50df328b9b3f39f - - default default] Successfully bumped revision number for resource bbe7d750-26f3-43b7-8e74-38c4b2519d80 (type: security_group_rules) to 0 [pid: 8|app: 0|req: 396/776] 10.0.0.251 () {34 vars in 694 bytes} [Thu Jul 9 18:07:39 2026] POST /v2.0/security-group-rules => generated 602 bytes in 176 msecs (HTTP/1.1 201) 4 headers in 162 bytes (1 switches on core 0)
2026-07-09 18:07:40.028 7 INFO neutron.db.ovn_revision_numbers_db [None req-2c39be28-e4c6-458d-b187-16f63cb85025 - - - - - -] Successfully bumped revision number for resource a479d589-c3d5-4440-a15c-85213608c4db (type: ports) to 7
2026-07-09 18:07:40.069 7 INFO neutron.db.ovn_revision_numbers_db [req-23d1f039-85f3-4d65-887a-f289c86d7e25 req-4bcbe2b6-5352-453e-a2d3-1cf940831ef3 8eee9b91c8c44df89253adb3b47d63ba d252ac2d5ab04e9698ea46025e932240 - - 2ad1f24893604e548ddaf23d4e581bef 2ad1f24893604e548ddaf23d4e581bef] Successfully bumped revision number for resource 5b2647f8-ce76-4e95-9641-c4ee26df1810 (type: ports) to 2
2026-07-09 18:07:40.102 8 INFO neutron.db.ovn_revision_numbers_db [req-8db3bdeb-0d58-4485-956e-277873818741 req-8969f6f0-2fb2-4e2d-97ae-fb1dffd5419c 8eee9b91c8c44df89253adb3b47d63ba d252ac2d5ab04e9698ea46025e932240 - - 2ad1f24893604e548ddaf23d4e581bef 2ad1f24893604e548ddaf23d4e581bef] Successfully bumped revision number for resource a0e04103-0075-4bc2-9ea0-5443028ec94f (type: ports) to 2
2026-07-09 18:07:40.228 7 INFO neutron.plugins.ml2.drivers.ovn.mech_driver.mech_driver [None req-25c8c4bd-c508-4cb8-96cb-bb497e1a8777 - - - - - -] OVN reports status down for port: 3fe294b8-5a1d-4395-94e4-6c9449266547
2026-07-09 18:07:40.336 8 INFO neutron.db.ovn_revision_numbers_db [req-8db3bdeb-0d58-4485-956e-277873818741 req-8969f6f0-2fb2-4e2d-97ae-fb1dffd5419c 8eee9b91c8c44df89253adb3b47d63ba d252ac2d5ab04e9698ea46025e932240 - - 2ad1f24893604e548ddaf23d4e581bef 2ad1f24893604e548ddaf23d4e581bef] Successfully bumped revision number for resource a0e04103-0075-4bc2-9ea0-5443028ec94f (type: ports) to 4 [pid: 8|app: 0|req: 397/777] 199.19.213.116 () {38 vars in 1027 bytes} [Thu Jul 9 18:07:39 2026] PUT /v2.0/ports/a0e04103-0075-4bc2-9ea0-5443028ec94f => generated 1208 bytes in 677 msecs (HTTP/1.1 200) 4 headers in 158 bytes (1 switches on core 0) /var/lib/openstack/lib/python3.12/site-packages/pycadf/identifier.py:70: UserWarning: Invalid uuid: neutron. To ensure interoperability, identifiers should be a valid uuid. warnings.warn(('Invalid uuid: %s. To ensure interoperability, '
2026-07-09 18:07:40.360 7 WARNING neutron.plugins.ml2.drivers.ovn.mech_driver.ovsdb.ovn_client [None req-25c8c4bd-c508-4cb8-96cb-bb497e1a8777 - - - - - -] Logical_Switch_Port 3fe294b8-5a1d-4395-94e4-6c9449266547 host information not removed, the port state is up
2026-07-09 18:07:40.361 7 INFO neutron.plugins.ml2.drivers.ovn.mech_driver.mech_driver [None req-25c8c4bd-c508-4cb8-96cb-bb497e1a8777 - - - - - -] OVN reports status down for port: 4f84ca48-7205-4540-b469-222395c52034 [pid: 8|app: 0|req: 398/778] 10.0.0.5 () {34 vars in 1037 bytes} [Thu Jul 9 18:07:40 2026] GET /v2.0/security-groups?id=6784ed6e-cd56-47ca-8133-3051fdb5b12f&fields=id&fields=name => generated 114 bytes in 38 msecs (HTTP/1.1 200) 4 headers in 157 bytes (1 switches on core 0) [pid: 8|app: 0|req: 399/779] 10.0.0.5 () {34 vars in 1037 bytes} [Thu Jul 9 18:07:40 2026] GET /v2.0/security-groups?id=616d4318-a03e-4a2d-939f-d8beed48d248&fields=id&fields=name => generated 113 bytes in 35 msecs (HTTP/1.1 200) 4 headers in 157 bytes (1 switches on core 0)
2026-07-09 18:07:40.470 7 WARNING neutron.plugins.ml2.drivers.ovn.mech_driver.ovsdb.ovn_client [None req-25c8c4bd-c508-4cb8-96cb-bb497e1a8777 - - - - - -] Logical_Switch_Port 4f84ca48-7205-4540-b469-222395c52034 host information not removed, the port state is up
2026-07-09 18:07:40.471 7 INFO neutron.plugins.ml2.drivers.ovn.mech_driver.mech_driver [None req-25c8c4bd-c508-4cb8-96cb-bb497e1a8777 - - - - - -] OVN reports status up for port: 3fe294b8-5a1d-4395-94e4-6c9449266547
2026-07-09 18:07:40.485 7 INFO neutron.db.ovn_revision_numbers_db [req-23d1f039-85f3-4d65-887a-f289c86d7e25 req-4bcbe2b6-5352-453e-a2d3-1cf940831ef3 8eee9b91c8c44df89253adb3b47d63ba d252ac2d5ab04e9698ea46025e932240 - - 2ad1f24893604e548ddaf23d4e581bef 2ad1f24893604e548ddaf23d4e581bef] Successfully bumped revision number for resource 5b2647f8-ce76-4e95-9641-c4ee26df1810 (type: ports) to 4
2026-07-09 18:07:40.486 7 INFO neutron.plugins.ml2.plugin [None req-25c8c4bd-c508-4cb8-96cb-bb497e1a8777 - - - - - -] Attempt 1 to provision port 3fe294b8-5a1d-4395-94e4-6c9449266547 [pid: 7|app: 0|req: 381/780] 199.19.213.116 () {38 vars in 1027 bytes} [Thu Jul 9 18:07:39 2026] PUT /v2.0/ports/5b2647f8-ce76-4e95-9641-c4ee26df1810 => generated 1204 bytes in 1181 msecs (HTTP/1.1 200) 4 headers in 158 bytes (1 switches on core 0) /var/lib/openstack/lib/python3.12/site-packages/pycadf/identifier.py:70: UserWarning: Invalid uuid: neutron. To ensure interoperability, identifiers should be a valid uuid. warnings.warn(('Invalid uuid: %s. To ensure interoperability, '
2026-07-09 18:07:40.624 8 WARNING neutron.scheduler.dhcp_agent_scheduler [None req-f02cc53c-8c1a-4138-9f91-935c8bb68836 66315cecfd554a2485757caad22564b9 ffc357a2c8c94c10b50df328b9b3f39f - - default default] No more DHCP agents
2026-07-09 18:07:40.625 8 WARNING neutron.api.rpc.agentnotifiers.dhcp_rpc_agent_api [None req-f02cc53c-8c1a-4138-9f91-935c8bb68836 66315cecfd554a2485757caad22564b9 ffc357a2c8c94c10b50df328b9b3f39f - - default default] Unable to schedule network 3ffecaaf-78d3-4c43-a947-2d20f4fd0b90: no agents available; will retry on subsequent port and subnet creation events.
2026-07-09 18:07:40.755 7 INFO neutron.db.ovn_revision_numbers_db [None req-4788e14e-4b37-4bd0-b7ac-e7240f37e47d 0f7f57ce592f4f10bf369a309780eea5 23c36ee2ca784ec6948e7a56c273e096 - - default default] Successfully bumped revision number for resource d4fa874c-fc3f-478f-be5b-c5fe96e1fcd6 (type: security_groups) to 1
2026-07-09 18:07:40.782 7 INFO neutron.db.ovn_revision_numbers_db [None req-4788e14e-4b37-4bd0-b7ac-e7240f37e47d 0f7f57ce592f4f10bf369a309780eea5 23c36ee2ca784ec6948e7a56c273e096 - - default default] Successfully bumped revision number for resource 4f81fbb3-3701-4426-b86a-2649ffa345e6 (type: security_group_rules) to 0
2026-07-09 18:07:40.786 8 INFO neutron.notifiers.nova [-] Nova event matching ['req-43e3fec3-0d0a-4367-9215-ff3d629190cb'] response: {'name': 'network-changed', 'server_uuid': '59e19330-544a-4185-9dd8-92036c4de04e', 'tag': 'a0e04103-0075-4bc2-9ea0-5443028ec94f', 'status': 'completed', 'code': 200}
2026-07-09 18:07:40.805 7 INFO neutron.db.ovn_revision_numbers_db [None req-4788e14e-4b37-4bd0-b7ac-e7240f37e47d 0f7f57ce592f4f10bf369a309780eea5 23c36ee2ca784ec6948e7a56c273e096 - - default default] Successfully bumped revision number for resource 6e127c52-be7a-40c3-90c5-770960f60896 (type: security_group_rules) to 0 [pid: 7|app: 0|req: 382/781] 10.0.0.251 () {34 vars in 684 bytes} [Thu Jul 9 18:07:40 2026] POST /v2.0/security-groups => generated 1661 bytes in 357 msecs (HTTP/1.1 201) 4 headers in 163 bytes (1 switches on core 0) [pid: 8|app: 0|req: 400/782] 10.0.0.251 () {34 vars in 675 bytes} [Thu Jul 9 18:07:40 2026] POST /v2.0/floatingips => generated 552 bytes in 502 msecs (HTTP/1.1 201) 4 headers in 162 bytes (1 switches on core 0)
2026-07-09 18:07:41.022 7 INFO neutron.notifiers.nova [-] Nova event matching ['req-8ca36971-f0c9-45a2-90a8-a7bce4b7a3a9'] response: {'name': 'network-changed', 'server_uuid': '27c8bd79-da08-424e-b758-762befbdf254', 'tag': '5b2647f8-ce76-4e95-9641-c4ee26df1810', 'status': 'completed', 'code': 200}
2026-07-09 18:07:41.187 7 INFO neutron.db.ovn_revision_numbers_db [None req-ddeb9227-75c9-4b05-ac88-721d2d412e22 0f7f57ce592f4f10bf369a309780eea5 23c36ee2ca784ec6948e7a56c273e096 - - default default] Successfully bumped revision number for resource 8579a326-f276-498d-8efa-12ea373f6d8f (type: security_group_rules) to 0
2026-07-09 18:07:41.219 7 INFO neutron.db.ovn_revision_numbers_db [None req-25c8c4bd-c508-4cb8-96cb-bb497e1a8777 - - - - - -] Successfully bumped revision number for resource 3fe294b8-5a1d-4395-94e4-6c9449266547 (type: ports) to 2 [pid: 7|app: 0|req: 383/783] 10.0.0.251 () {34 vars in 694 bytes} [Thu Jul 9 18:07:40 2026] POST /v2.0/security-group-rules => generated 597 bytes in 347 msecs (HTTP/1.1 201) 4 headers in 162 bytes (1 switches on core 0)
2026-07-09 18:07:41.373 8 INFO neutron.db.ovn_revision_numbers_db [None req-01aa76a2-f5c5-4e82-9fa7-a52bd240a866 0f7f57ce592f4f10bf369a309780eea5 23c36ee2ca784ec6948e7a56c273e096 - - default default] Successfully bumped revision number for resource 45411adc-6ecb-44db-b745-b413700bff67 (type: security_group_rules) to 0 [pid: 7|app: 0|req: 384/784] 199.19.213.116 () {34 vars in 1079 bytes} [Thu Jul 9 18:07:41 2026] GET /v2.0/ports?tenant_id=f980c280b9e2428db168bcb6d2bffbfc&device_id=59e19330-544a-4185-9dd8-92036c4de04e => generated 1211 bytes in 87 msecs (HTTP/1.1 200) 4 headers in 158 bytes (1 switches on core 0) [pid: 7|app: 0|req: 385/785] 10.0.0.5 () {34 vars in 1097 bytes} [Thu Jul 9 18:07:41 2026] GET /v2.0/security-groups?name=tempest-securitygroup--1228811483&fields=id&tenant_id=ffc357a2c8c94c10b50df328b9b3f39f => generated 69 bytes in 31 msecs (HTTP/1.1 200) 4 headers in 156 bytes (1 switches on core 0) [pid: 8|app: 0|req: 401/786] 10.0.0.251 () {34 vars in 694 bytes} [Thu Jul 9 18:07:41 2026] POST /v2.0/security-group-rules => generated 602 bytes in 180 msecs (HTTP/1.1 201) 4 headers in 162 bytes (1 switches on core 0) [pid: 7|app: 0|req: 386/787] 199.19.213.116 () {34 vars in 1017 bytes} [Thu Jul 9 18:07:41 2026] GET /v2.0/networks?tenant_id=f980c280b9e2428db168bcb6d2bffbfc&shared=False => generated 779 bytes in 58 msecs (HTTP/1.1 200) 4 headers in 157 bytes (1 switches on core 0) [pid: 7|app: 0|req: 387/788] 10.0.0.5 () {34 vars in 979 bytes} [Thu Jul 9 18:07:41 2026] GET /v2.0/networks?id=ce1ab811-70d9-470c-a49d-ca0207e04ed6 => generated 683 bytes in 51 msecs (HTTP/1.1 200) 4 headers in 157 bytes (1 switches on core 0) [pid: 7|app: 0|req: 388/789] 10.0.0.5 () {34 vars in 987 bytes} [Thu Jul 9 18:07:41 2026] GET /v2.0/ports?device_id=59e19330-544a-4185-9dd8-92036c4de04e => generated 973 bytes in 76 msecs (HTTP/1.1 200) 4 headers in 157 bytes (1 switches on core 0)
2026-07-09 18:07:41.647 8 WARNING neutron.scheduler.dhcp_agent_scheduler [None req-9870c8b3-d411-4249-8a67-37ae03a151e2 0f7f57ce592f4f10bf369a309780eea5 23c36ee2ca784ec6948e7a56c273e096 - - default default] No more DHCP agents
