2026-07-09 18:09:19.804 8 INFO neutron.db.ovn_revision_numbers_db [None req-c7f42617-5a77-4fbf-8aca-b1004d3c0be6 ae53708a0f704068882aca3c4515d50f 0e5db2337b484941824c086a9c60b7c3 - - default default] Successfully bumped revision number for resource 14294960-6ce2-4f7f-8ac6-76038697defa (type: ports) to 1 [pid: 7|app: 0|req: 750/1541] 10.0.0.251 () {32 vars in 773 bytes} [Thu Jul 9 18:09:19 2026] GET /v2.0/security-groups?tenant_id=0ae9b063f5504c8f9d26771e42de3542&name=default => generated 2925 bytes in 143 msecs (HTTP/1.1 200) 4 headers in 158 bytes (1 switches on core 0) [pid: 7|app: 0|req: 751/1542] 10.0.0.251 () {32 vars in 739 bytes} [Thu Jul 9 18:09:19 2026] DELETE /v2.0/security-groups/3c2b0160-924b-4c3d-aaca-3f51a8b67c53 => generated 0 bytes in 213 msecs (HTTP/1.1 204) 2 headers in 112 bytes (1 switches on core 0)
2026-07-09 18:09:20.223 7 INFO neutron.services.segments.plugin [-] Segment 37a32860-61ea-4be5-8ae6-179ce3acdd77 resource provider aggregate not found
2026-07-09 18:09:20.243 7 INFO neutron.services.segments.plugin [-] Client error retrieving segment 37a32860-61ea-4be5-8ae6-179ce3acdd77 resource provider; error: Placement Client Error (4xx): {"errors": [{"status": 404, "title": "Not Found", "detail": "The resource could not be found.\n\n No resource provider with uuid 37a32860-61ea-4be5-8ae6-179ce3acdd77 found for delete ", "request_id": "req-0e8f6908-24e5-4a0c-bb7b-440b0a49e99d"}]}
2026-07-09 18:09:20.244 7 INFO neutron.services.segments.plugin [-] Segment 37a32860-61ea-4be5-8ae6-179ce3acdd77 resource provider aggregate not found
2026-07-09 18:09:20.264 7 INFO neutron.services.segments.plugin [-] Segment 0d17a339-52a3-4d81-a18b-d1c28601d202 resource provider aggregate not found
2026-07-09 18:09:20.265 7 INFO neutron.services.segments.plugin [-] Client error retrieving segment 37a32860-61ea-4be5-8ae6-179ce3acdd77 resource provider; error: Placement Client Error (4xx): {"errors": [{"status": 404, "title": "Not Found", "detail": "The resource could not be found.\n\n No resource provider with uuid 37a32860-61ea-4be5-8ae6-179ce3acdd77 found for delete ", "request_id": "req-76da24c0-4456-4b81-99e5-2398385b9227"}]}
2026-07-09 18:09:20.280 7 INFO neutron.services.segments.plugin [-] Segment 0d17a339-52a3-4d81-a18b-d1c28601d202 resource provider aggregate not found
2026-07-09 18:09:20.286 7 INFO neutron.services.segments.plugin [-] Client error retrieving segment 0d17a339-52a3-4d81-a18b-d1c28601d202 resource provider; error: Placement Client Error (4xx): {"errors": [{"status": 404, "title": "Not Found", "detail": "The resource could not be found.\n\n No resource provider with uuid 0d17a339-52a3-4d81-a18b-d1c28601d202 found for delete ", "request_id": "req-2b229bb8-902b-4758-9545-6d25edda9fd1"}]}
2026-07-09 18:09:20.298 7 INFO neutron.services.segments.plugin [-] Client error retrieving segment 0d17a339-52a3-4d81-a18b-d1c28601d202 resource provider; error: Placement Client Error (4xx): {"errors": [{"status": 404, "title": "Not Found", "detail": "The resource could not be found.\n\n No resource provider with uuid 0d17a339-52a3-4d81-a18b-d1c28601d202 found for delete ", "request_id": "req-121d3595-65f0-4907-9bae-432ec5d49229"}]}
2026-07-09 18:09:20.304 7 INFO neutron.services.segments.plugin [-] Segment b57af464-0949-4af6-a32c-af29af1927bf resource provider aggregate not found
2026-07-09 18:09:20.311 7 INFO neutron.services.segments.plugin [-] Segment b57af464-0949-4af6-a32c-af29af1927bf resource provider aggregate not found
2026-07-09 18:09:20.320 7 INFO neutron.services.segments.plugin [-] Client error retrieving segment b57af464-0949-4af6-a32c-af29af1927bf resource provider; error: Placement Client Error (4xx): {"errors": [{"status": 404, "title": "Not Found", "detail": "The resource could not be found.\n\n No resource provider with uuid b57af464-0949-4af6-a32c-af29af1927bf found for delete ", "request_id": "req-52bb01b2-d28c-4bcd-9417-562e1cca1df2"}]}
2026-07-09 18:09:20.322 7 INFO neutron.services.segments.plugin [-] Client error retrieving segment b57af464-0949-4af6-a32c-af29af1927bf resource provider; error: Placement Client Error (4xx): {"errors": [{"status": 404, "title": "Not Found", "detail": "The resource could not be found.\n\n No resource provider with uuid b57af464-0949-4af6-a32c-af29af1927bf found for delete ", "request_id": "req-3c6a9587-698e-4816-87d9-aa04ed44311d"}]}
2026-07-09 18:09:20.421 8 WARNING neutron.scheduler.dhcp_agent_scheduler [None req-c7f42617-5a77-4fbf-8aca-b1004d3c0be6 ae53708a0f704068882aca3c4515d50f 0e5db2337b484941824c086a9c60b7c3 - - default default] No more DHCP agents
2026-07-09 18:09:20.422 8 WARNING neutron.api.rpc.agentnotifiers.dhcp_rpc_agent_api [None req-c7f42617-5a77-4fbf-8aca-b1004d3c0be6 ae53708a0f704068882aca3c4515d50f 0e5db2337b484941824c086a9c60b7c3 - - default default] Unable to schedule network 3a34eaa4-b3d5-4eca-ada0-1509c76a339e: no agents available; will retry on subsequent port and subnet creation events.
2026-07-09 18:09:20.631 8 INFO neutron.db.ovn_revision_numbers_db [None req-c7f42617-5a77-4fbf-8aca-b1004d3c0be6 ae53708a0f704068882aca3c4515d50f 0e5db2337b484941824c086a9c60b7c3 - - default default] Successfully bumped revision number for resource 14294960-6ce2-4f7f-8ac6-76038697defa (type: router_ports) to 1 [pid: 8|app: 0|req: 792/1545] 10.0.0.251 () {34 vars in 782 bytes} [Thu Jul 9 18:09:19 2026] PUT /v2.0/routers/1e83267b-afdd-445a-b4b0-f98765a48b03/add_router_interface => generated 309 bytes in 1338 msecs (HTTP/1.1 200) 4 headers in 157 bytes (1 switches on core 0) [pid: 7|app: 0|req: 754/1546] 10.0.0.251 () {32 vars in 716 bytes} [Thu Jul 9 18:09:20 2026] GET /v2.0/ports/14294960-6ce2-4f7f-8ac6-76038697defa => generated 941 bytes in 98 msecs (HTTP/1.1 200) 4 headers in 157 bytes (1 switches on core 0) [pid: 7|app: 0|req: 755/1547] 10.0.0.251 () {32 vars in 716 bytes} [Thu Jul 9 18:09:20 2026] GET /v2.0/ports/14294960-6ce2-4f7f-8ac6-76038697defa => generated 941 bytes in 38 msecs (HTTP/1.1 200) 4 headers in 157 bytes (1 switches on core 0)
2026-07-09 18:09:21.020 8 INFO neutron_taas.services.taas.taas_plugin [None req-21c2b8f6-6044-45cd-a91c-6a6285664472 83ca7f7540574c3eb8543519573d9a53 0f7741b30d414f93bd6a1b5d57b8ff6b - - default default] TaaS: Handle Delete Port: 048e16c1-2540-499d-8a0d-48350732a661
2026-07-09 18:09:21.022 8 INFO neutron_taas.services.taas.tap_mirror_plugin [None req-21c2b8f6-6044-45cd-a91c-6a6285664472 83ca7f7540574c3eb8543519573d9a53 0f7741b30d414f93bd6a1b5d57b8ff6b - - default default] Tap Mirror: Handle Delete Port: 048e16c1-2540-499d-8a0d-48350732a661
2026-07-09 18:09:21.482 7 WARNING neutron.plugins.ml2.drivers.ovn.mech_driver.ovsdb.ovn_client [None req-96e84e1f-1602-4f2e-9933-4419f45012aa - - - - - -] No port found with ID 01312ca9-5cb9-447f-85a3-f3e9cb774fd8: RuntimeError: No port found with ID 01312ca9-5cb9-447f-85a3-f3e9cb774fd8
2026-07-09 18:09:21.483 7 INFO neutron.plugins.ml2.drivers.ovn.mech_driver.mech_driver [None req-96e84e1f-1602-4f2e-9933-4419f45012aa - - - - - -] OVN reports status down for port: 3849deca-149c-4c21-8ab4-f2823d8a4c49
2026-07-09 18:09:21.492 7 INFO neutron.plugins.ml2.drivers.ovn.mech_driver.mech_driver [None req-96e84e1f-1602-4f2e-9933-4419f45012aa - - - - - -] OVN reports status down for port: e08971e7-9120-4f26-9b52-dca2a5f50cca
2026-07-09 18:09:21.506 7 INFO neutron.plugins.ml2.drivers.ovn.mech_driver.mech_driver [None req-96e84e1f-1602-4f2e-9933-4419f45012aa - - - - - -] OVN reports status down for port: 2c104f73-b131-4d73-b2f9-4aed6dd5c48b
2026-07-09 18:09:21.564 7 INFO neutron.plugins.ml2.drivers.ovn.mech_driver.mech_driver [None req-96e84e1f-1602-4f2e-9933-4419f45012aa - - - - - -] OVN reports status down for port: 14294960-6ce2-4f7f-8ac6-76038697defa [pid: 7|app: 0|req: 756/1548] 10.0.0.237 () {30 vars in 649 bytes} [Thu Jul 9 18:09:21 2026] GET /v2.0/extensions => generated 20118 bytes in 9 msecs (HTTP/1.1 200) 4 headers in 159 bytes (1 switches on core 0)
2026-07-09 18:09:21.660 7 WARNING neutron.plugins.ml2.drivers.ovn.mech_driver.ovsdb.ovn_client [None req-96e84e1f-1602-4f2e-9933-4419f45012aa - - - - - -] Logical_Switch_Port 14294960-6ce2-4f7f-8ac6-76038697defa host information not removed, the port state is up
2026-07-09 18:09:21.662 7 INFO neutron.plugins.ml2.drivers.ovn.mech_driver.mech_driver [None req-96e84e1f-1602-4f2e-9933-4419f45012aa - - - - - -] OVN reports status up for port: 14294960-6ce2-4f7f-8ac6-76038697defa [pid: 8|app: 0|req: 793/1549] 10.0.0.251 () {34 vars in 788 bytes} [Thu Jul 9 18:09:20 2026] PUT /v2.0/routers/8efcbd54-11ce-4ee0-ae88-06ba3bc20171/remove_router_interface => generated 309 bytes in 973 msecs (HTTP/1.1 200) 4 headers in 157 bytes (1 switches on core 0) /var/lib/openstack/lib/python3.12/site-packages/pycadf/identifier.py:70: UserWarning: Invalid uuid: neutron. To ensure interoperability, identifiers should be a valid uuid. warnings.warn(('Invalid uuid: %s. To ensure interoperability, '
2026-07-09 18:09:21.677 7 INFO neutron.plugins.ml2.plugin [None req-96e84e1f-1602-4f2e-9933-4419f45012aa - - - - - -] Attempt 1 to provision port 14294960-6ce2-4f7f-8ac6-76038697defa [pid: 7|app: 0|req: 757/1550] 10.0.0.237 () {30 vars in 723 bytes} [Thu Jul 9 18:09:21 2026] GET /v2.0/quotas/5d4de68985024b62a8b0450e461751c9/details => generated 847 bytes in 159 msecs (HTTP/1.1 200) 4 headers in 157 bytes (1 switches on core 0) [pid: 7|app: 0|req: 758/1551] 10.0.0.251 () {32 vars in 716 bytes} [Thu Jul 9 18:09:21 2026] GET /v2.0/ports/14294960-6ce2-4f7f-8ac6-76038697defa => generated 941 bytes in 106 msecs (HTTP/1.1 200) 4 headers in 157 bytes (1 switches on core 0)
2026-07-09 18:09:22.052 8 INFO neutron_taas.services.taas.taas_plugin [None req-f5667006-0e5c-4469-865f-99f532b3f15f 83ca7f7540574c3eb8543519573d9a53 0f7741b30d414f93bd6a1b5d57b8ff6b - - default default] TaaS: Handle Delete Port: 99c86ce5-576a-4443-8f4e-cdc3eb2971ef
2026-07-09 18:09:22.056 8 INFO neutron_taas.services.taas.tap_mirror_plugin [None req-f5667006-0e5c-4469-865f-99f532b3f15f 83ca7f7540574c3eb8543519573d9a53 0f7741b30d414f93bd6a1b5d57b8ff6b - - default default] Tap Mirror: Handle Delete Port: 99c86ce5-576a-4443-8f4e-cdc3eb2971ef
2026-07-09 18:09:22.277 7 INFO neutron.db.ovn_revision_numbers_db [None req-96e84e1f-1602-4f2e-9933-4419f45012aa - - - - - -] Successfully bumped revision number for resource 14294960-6ce2-4f7f-8ac6-76038697defa (type: ports) to 2
2026-07-09 18:09:22.352 7 INFO neutron.db.ovn_revision_numbers_db [None req-3c1a2d74-0b8f-4043-b4d0-6c146f7a615b a8db67c644ad4a0f8d9c580a954914cd 6ac59698828b4e6093df5de9a19dbae5 - - default default] Successfully bumped revision number for resource c56e1f84-f242-4189-a51a-a1ae985775c6 (type: security_groups) to 1
2026-07-09 18:09:22.384 7 INFO neutron.db.ovn_revision_numbers_db [None req-3c1a2d74-0b8f-4043-b4d0-6c146f7a615b a8db67c644ad4a0f8d9c580a954914cd 6ac59698828b4e6093df5de9a19dbae5 - - default default] Successfully bumped revision number for resource 13188917-63d5-40d8-8c96-bc4ef704f3d1 (type: security_group_rules) to 0
2026-07-09 18:09:22.418 7 INFO neutron.db.ovn_revision_numbers_db [None req-3c1a2d74-0b8f-4043-b4d0-6c146f7a615b a8db67c644ad4a0f8d9c580a954914cd 6ac59698828b4e6093df5de9a19dbae5 - - default default] Successfully bumped revision number for resource 2ba4616e-7672-4eb5-bfa1-f1e32a64a8e8 (type: security_group_rules) to 0
2026-07-09 18:09:22.438 7 INFO neutron.db.ovn_revision_numbers_db [None req-3c1a2d74-0b8f-4043-b4d0-6c146f7a615b a8db67c644ad4a0f8d9c580a954914cd 6ac59698828b4e6093df5de9a19dbae5 - - default default] Successfully bumped revision number for resource 85289155-ed2f-4b49-b615-d1ca6e6d3d9b (type: security_group_rules) to 0
2026-07-09 18:09:22.463 7 INFO neutron.db.ovn_revision_numbers_db [None req-3c1a2d74-0b8f-4043-b4d0-6c146f7a615b a8db67c644ad4a0f8d9c580a954914cd 6ac59698828b4e6093df5de9a19dbae5 - - default default] Successfully bumped revision number for resource 8b13237e-9f7d-4751-89e7-e97e1722be4b (type: security_group_rules) to 0 [pid: 8|app: 0|req: 794/1552] 10.0.0.251 () {32 vars in 723 bytes} [Thu Jul 9 18:09:21 2026] DELETE /v2.0/routers/8efcbd54-11ce-4ee0-ae88-06ba3bc20171 => generated 0 bytes in 835 msecs (HTTP/1.1 204) 2 headers in 112 bytes (1 switches on core 0)
2026-07-09 18:09:22.585 7 INFO neutron.db.segments_db [None req-3c1a2d74-0b8f-4043-b4d0-6c146f7a615b a8db67c644ad4a0f8d9c580a954914cd 6ac59698828b4e6093df5de9a19dbae5 - - default default] Added segment 7f672bf8-4473-40e7-96f8-3bfd93ddcc9e of type geneve for network 1a0a22a8-5f93-41f7-9c23-c09b2ed34039
2026-07-09 18:09:22.685 7 INFO neutron.db.segments_db [None req-3c1a2d74-0b8f-4043-b4d0-6c146f7a615b a8db67c644ad4a0f8d9c580a954914cd 6ac59698828b4e6093df5de9a19dbae5 - - default default] Added segment a4a84384-4a59-4d33-afa0-8e79a5a3aff8 of type geneve for network a1241e6f-aaed-48b7-a110-0c4bffbb76eb [pid: 8|app: 0|req: 795/1553] 10.0.0.251 () {32 vars in 723 bytes} [Thu Jul 9 18:09:22 2026] DELETE /v2.0/subnets/5f4a3269-dcb7-4053-80fb-a97ce5e2e901 => generated 0 bytes in 196 msecs (HTTP/1.1 204) 3 headers in 131 bytes (1 switches on core 0)
2026-07-09 18:09:22.828 7 INFO neutron.db.ovn_revision_numbers_db [None req-3c1a2d74-0b8f-4043-b4d0-6c146f7a615b a8db67c644ad4a0f8d9c580a954914cd 6ac59698828b4e6093df5de9a19dbae5 - - default default] Successfully bumped revision number for resource 1a0a22a8-5f93-41f7-9c23-c09b2ed34039 (type: networks) to 1
2026-07-09 18:09:22.849 8 INFO neutron_taas.services.taas.taas_plugin [None req-eb320a48-e366-45a2-898e-affd604875f7 83ca7f7540574c3eb8543519573d9a53 0f7741b30d414f93bd6a1b5d57b8ff6b - - default default] TaaS: Handle Delete Port: 17cd828b-8470-4eff-b4e9-c51b451a36d2
2026-07-09 18:09:22.852 8 INFO neutron_taas.services.taas.tap_mirror_plugin [None req-eb320a48-e366-45a2-898e-affd604875f7 83ca7f7540574c3eb8543519573d9a53 0f7741b30d414f93bd6a1b5d57b8ff6b - - default default] Tap Mirror: Handle Delete Port: 17cd828b-8470-4eff-b4e9-c51b451a36d2
2026-07-09 18:09:23.045 8 INFO neutron.services.segments.plugin [-] Segment 750ab0f1-7dab-44aa-8377-54d849c6c81a resource provider aggregate not found
2026-07-09 18:09:23.049 8 INFO neutron.services.segments.plugin [-] Segment 750ab0f1-7dab-44aa-8377-54d849c6c81a resource provider aggregate not found
2026-07-09 18:09:23.050 7 WARNING neutron.scheduler.dhcp_agent_scheduler [None req-3c1a2d74-0b8f-4043-b4d0-6c146f7a615b a8db67c644ad4a0f8d9c580a954914cd 6ac59698828b4e6093df5de9a19dbae5 - - default default] No more DHCP agents
2026-07-09 18:09:23.053 7 WARNING neutron.api.rpc.agentnotifiers.dhcp_rpc_agent_api [None req-3c1a2d74-0b8f-4043-b4d0-6c146f7a615b a8db67c644ad4a0f8d9c580a954914cd 6ac59698828b4e6093df5de9a19dbae5 - - default default] Unable to schedule network 1a0a22a8-5f93-41f7-9c23-c09b2ed34039: no agents available; will retry on subsequent port and subnet creation events.
2026-07-09 18:09:23.066 8 INFO neutron.services.segments.plugin [-] Client error retrieving segment 750ab0f1-7dab-44aa-8377-54d849c6c81a resource provider; error: Placement Client Error (4xx): {"errors": [{"status": 404, "title": "Not Found", "detail": "The resource could not be found.\n\n No resource provider with uuid 750ab0f1-7dab-44aa-8377-54d849c6c81a found for delete ", "request_id": "req-19d0488d-6899-4a46-a07b-52f6fec268b1"}]}
2026-07-09 18:09:23.071 8 INFO neutron.services.segments.plugin [-] Client error retrieving segment 750ab0f1-7dab-44aa-8377-54d849c6c81a resource provider; error: Placement Client Error (4xx): {"errors": [{"status": 404, "title": "Not Found", "detail": "The resource could not be found.\n\n No resource provider with uuid 750ab0f1-7dab-44aa-8377-54d849c6c81a found for delete ", "request_id": "req-2a2596be-05f6-464f-b4cd-e77f9a34449a"}]} [pid: 8|app: 0|req: 796/1554] 10.0.0.251 () {32 vars in 725 bytes} [Thu Jul 9 18:09:22 2026] DELETE /v2.0/networks/d204615b-11f9-48dc-993a-b106a2cec797 => generated 0 bytes in 412 msecs (HTTP/1.1 204) 3 headers in 131 bytes (1 switches on core 0)
2026-07-09 18:09:23.163 7 INFO neutron.db.ovn_revision_numbers_db [None req-3c1a2d74-0b8f-4043-b4d0-6c146f7a615b a8db67c644ad4a0f8d9c580a954914cd 6ac59698828b4e6093df5de9a19dbae5 - - default default] Successfully bumped revision number for resource 584f07c6-fea4-4e9f-ba8c-7a5b4a3cf03e (type: ports) to 1 [pid: 8|app: 0|req: 797/1555] 10.0.0.251 () {32 vars in 716 bytes} [Thu Jul 9 18:09:23 2026] GET /v2.0/ports/14294960-6ce2-4f7f-8ac6-76038697defa => generated 943 bytes in 48 msecs (HTTP/1.1 200) 4 headers in 157 bytes (1 switches on core 0)
2026-07-09 18:09:23.234 7 INFO neutron.db.ovn_revision_numbers_db [None req-3c1a2d74-0b8f-4043-b4d0-6c146f7a615b a8db67c644ad4a0f8d9c580a954914cd 6ac59698828b4e6093df5de9a19dbae5 - - default default] Successfully bumped revision number for resource a1241e6f-aaed-48b7-a110-0c4bffbb76eb (type: networks) to 1
2026-07-09 18:09:23.415 7 WARNING neutron.scheduler.dhcp_agent_scheduler [None req-3c1a2d74-0b8f-4043-b4d0-6c146f7a615b a8db67c644ad4a0f8d9c580a954914cd 6ac59698828b4e6093df5de9a19dbae5 - - default default] No more DHCP agents
2026-07-09 18:09:23.416 7 WARNING neutron.api.rpc.agentnotifiers.dhcp_rpc_agent_api [None req-3c1a2d74-0b8f-4043-b4d0-6c146f7a615b a8db67c644ad4a0f8d9c580a954914cd 6ac59698828b4e6093df5de9a19dbae5 - - default default] Unable to schedule network a1241e6f-aaed-48b7-a110-0c4bffbb76eb: no agents available; will retry on subsequent port and subnet creation events.
2026-07-09 18:09:23.466 8 INFO neutron_taas.services.taas.taas_plugin [None req-31ff773a-1217-4d43-bd1f-15be2c9008bc ae53708a0f704068882aca3c4515d50f 0e5db2337b484941824c086a9c60b7c3 - - default default] TaaS: Handle Delete Port: 14294960-6ce2-4f7f-8ac6-76038697defa
2026-07-09 18:09:23.470 8 INFO neutron_taas.services.taas.tap_mirror_plugin [None req-31ff773a-1217-4d43-bd1f-15be2c9008bc ae53708a0f704068882aca3c4515d50f 0e5db2337b484941824c086a9c60b7c3 - - default default] Tap Mirror: Handle Delete Port: 14294960-6ce2-4f7f-8ac6-76038697defa
2026-07-09 18:09:23.486 8 INFO neutron.plugins.ml2.drivers.ovn.mech_driver.mech_driver [None req-174b0e38-9282-46e6-9452-466d4bc34d50 - - - - - -] OVN reports status down for port: 65599ecf-8741-4571-a789-566455c9652e
2026-07-09 18:09:23.497 7 INFO neutron.db.ovn_revision_numbers_db [None req-3c1a2d74-0b8f-4043-b4d0-6c146f7a615b a8db67c644ad4a0f8d9c580a954914cd 6ac59698828b4e6093df5de9a19dbae5 - - default default] Successfully bumped revision number for resource 65599ecf-8741-4571-a789-566455c9652e (type: ports) to 1 [pid: 7|app: 0|req: 759/1556] 10.0.0.251 () {34 vars in 669 bytes} [Thu Jul 9 18:09:21 2026] POST /v2.0/networks => generated 1245 bytes in 1632 msecs (HTTP/1.1 201) 4 headers in 163 bytes (1 switches on core 0) [pid: 7|app: 0|req: 760/1557] 10.0.0.251 () {32 vars in 773 bytes} [Thu Jul 9 18:09:23 2026] GET /v2.0/security-groups?tenant_id=b1b3b689ca924d6dbf43425a50cbd478&name=default => generated 2925 bytes in 29 msecs (HTTP/1.1 200) 4 headers in 158 bytes (1 switches on core 0) [pid: 7|app: 0|req: 761/1558] 10.0.0.251 () {32 vars in 648 bytes} [Thu Jul 9 18:09:23 2026] GET /v2.0/networks => generated 1856 bytes in 61 msecs (HTTP/1.1 200) 4 headers in 158 bytes (1 switches on core 0) [pid: 8|app: 0|req: 798/1559] 10.0.0.251 () {34 vars in 788 bytes} [Thu Jul 9 18:09:23 2026] PUT /v2.0/routers/1e83267b-afdd-445a-b4b0-f98765a48b03/remove_router_interface => generated 309 bytes in 710 msecs (HTTP/1.1 200) 4 headers in 157 bytes (1 switches on core 0) /var/lib/openstack/lib/python3.12/site-packages/pycadf/identifier.py:70: UserWarning: Invalid uuid: neutron. To ensure interoperability, identifiers should be a valid uuid. warnings.warn(('Invalid uuid: %s. To ensure interoperability, ' [pid: 7|app: 0|req: 762/1560] 10.0.0.251 () {32 vars in 739 bytes} [Thu Jul 9 18:09:23 2026] DELETE /v2.0/security-groups/17bd532b-50fd-4feb-8590-38a285b24e77 => generated 0 bytes in 280 msecs (HTTP/1.1 204) 2 headers in 112 bytes (1 switches on core 0) [pid: 7|app: 0|req: 763/1561] 10.0.0.251 () {32 vars in 735 bytes} [Thu Jul 9 18:09:23 2026] GET /v2.0/ports?device_id=1e83267b-afdd-445a-b4b0-f98765a48b03 => generated 12 bytes in 13 msecs (HTTP/1.1 200) 4 headers in 156 bytes (1 switches on core 0)
2026-07-09 18:09:24.012 8 INFO neutron_taas.services.taas.taas_plugin [None req-551b8807-6d08-41a2-8770-c0009a5b1767 a8db67c644ad4a0f8d9c580a954914cd 6ac59698828b4e6093df5de9a19dbae5 - - default default] TaaS: Handle Delete Port: 584f07c6-fea4-4e9f-ba8c-7a5b4a3cf03e
2026-07-09 18:09:24.017 8 INFO neutron_taas.services.taas.tap_mirror_plugin [None req-551b8807-6d08-41a2-8770-c0009a5b1767 a8db67c644ad4a0f8d9c580a954914cd 6ac59698828b4e6093df5de9a19dbae5 - - default default] Tap Mirror: Handle Delete Port: 584f07c6-fea4-4e9f-ba8c-7a5b4a3cf03e [pid: 7|app: 0|req: 764/1562] 10.0.0.251 () {32 vars in 723 bytes} [Thu Jul 9 18:09:23 2026] DELETE /v2.0/routers/1e83267b-afdd-445a-b4b0-f98765a48b03 => generated 0 bytes in 221 msecs (HTTP/1.1 204) 2 headers in 112 bytes (1 switches on core 0) [pid: 8|app: 0|req: 799/1563] 10.0.0.251 () {32 vars in 725 bytes} [Thu Jul 9 18:09:23 2026] DELETE /v2.0/networks/1a0a22a8-5f93-41f7-9c23-c09b2ed34039 => generated 0 bytes in 373 msecs (HTTP/1.1 204) 3 headers in 131 bytes (1 switches on core 0) [pid: 7|app: 0|req: 765/1564] 10.0.0.251 () {32 vars in 723 bytes} [Thu Jul 9 18:09:24 2026] DELETE /v2.0/subnets/7efa53cc-870c-4e25-8334-0fa7cd9f559d => generated 0 bytes in 156 msecs (HTTP/1.1 204) 3 headers in 131 bytes (1 switches on core 0)
2026-07-09 18:09:24.420 7 INFO neutron_taas.services.taas.taas_plugin [None req-67bbe843-ed48-4520-b8e2-8110e3876f6d a8db67c644ad4a0f8d9c580a954914cd 6ac59698828b4e6093df5de9a19dbae5 - - default default] TaaS: Handle Delete Port: 65599ecf-8741-4571-a789-566455c9652e
2026-07-09 18:09:24.422 7 INFO neutron_taas.services.taas.tap_mirror_plugin [None req-67bbe843-ed48-4520-b8e2-8110e3876f6d a8db67c644ad4a0f8d9c580a954914cd 6ac59698828b4e6093df5de9a19dbae5 - - default default] Tap Mirror: Handle Delete Port: 65599ecf-8741-4571-a789-566455c9652e
2026-07-09 18:09:24.551 8 INFO neutron.db.ovn_revision_numbers_db [None req-8d927e35-7107-4471-903f-e931be702a8c 83ca7f7540574c3eb8543519573d9a53 0f7741b30d414f93bd6a1b5d57b8ff6b - - default default] Successfully bumped revision number for resource bdcf3d57-fe19-47ca-9d77-9d3a9dd83033 (type: security_groups) to 1
2026-07-09 18:09:24.563 8 INFO neutron.db.ovn_revision_numbers_db [None req-8d927e35-7107-4471-903f-e931be702a8c 83ca7f7540574c3eb8543519573d9a53 0f7741b30d414f93bd6a1b5d57b8ff6b - - default default] Successfully bumped revision number for resource 602dbb53-734f-496f-92ca-49aedf3afb83 (type: security_group_rules) to 0
2026-07-09 18:09:24.575 8 INFO neutron.db.ovn_revision_numbers_db [None req-8d927e35-7107-4471-903f-e931be702a8c 83ca7f7540574c3eb8543519573d9a53 0f7741b30d414f93bd6a1b5d57b8ff6b - - default default] Successfully bumped revision number for resource 888863ef-19e8-401f-af95-8d2725a96025 (type: security_group_rules) to 0
2026-07-09 18:09:24.586 8 INFO neutron.db.ovn_revision_numbers_db [None req-8d927e35-7107-4471-903f-e931be702a8c 83ca7f7540574c3eb8543519573d9a53 0f7741b30d414f93bd6a1b5d57b8ff6b - - default default] Successfully bumped revision number for resource 97c96e3c-31e2-4d92-9451-d27e48708577 (type: security_group_rules) to 0
2026-07-09 18:09:24.601 8 INFO neutron.db.ovn_revision_numbers_db [None req-8d927e35-7107-4471-903f-e931be702a8c 83ca7f7540574c3eb8543519573d9a53 0f7741b30d414f93bd6a1b5d57b8ff6b - - default default] Successfully bumped revision number for resource a6c11ee9-bb0a-48a5-9a07-9464baeb433b (type: security_group_rules) to 0
2026-07-09 18:09:24.626 7 INFO neutron.services.segments.plugin [-] Segment a4a84384-4a59-4d33-afa0-8e79a5a3aff8 resource provider aggregate not found
2026-07-09 18:09:24.629 7 INFO neutron.services.segments.plugin [-] Segment a4a84384-4a59-4d33-afa0-8e79a5a3aff8 resource provider aggregate not found [pid: 8|app: 0|req: 800/1565] 10.0.0.251 () {32 vars in 773 bytes} [Thu Jul 9 18:09:24 2026] GET /v2.0/security-groups?tenant_id=5d4de68985024b62a8b0450e461751c9&name=default => generated 2925 bytes in 382 msecs (HTTP/1.1 200) 4 headers in 158 bytes (1 switches on core 0)
2026-07-09 18:09:24.653 7 INFO neutron.services.segments.plugin [-] Client error retrieving segment a4a84384-4a59-4d33-afa0-8e79a5a3aff8 resource provider; error: Placement Client Error (4xx): {"errors": [{"status": 404, "title": "Not Found", "detail": "The resource could not be found.\n\n No resource provider with uuid a4a84384-4a59-4d33-afa0-8e79a5a3aff8 found for delete ", "request_id": "req-8287b99e-4982-4443-ace9-4661abe9b68a"}]}
2026-07-09 18:09:24.655 7 INFO neutron.services.segments.plugin [-] Client error retrieving segment a4a84384-4a59-4d33-afa0-8e79a5a3aff8 resource provider; error: Placement Client Error (4xx): {"errors": [{"status": 404, "title": "Not Found", "detail": "The resource could not be found.\n\n No resource provider with uuid a4a84384-4a59-4d33-afa0-8e79a5a3aff8 found for delete ", "request_id": "req-d6ffe856-6ef2-4789-a408-82009fcf2816"}]} [pid: 7|app: 0|req: 766/1566] 10.0.0.251 () {32 vars in 725 bytes} [Thu Jul 9 18:09:24 2026] DELETE /v2.0/networks/a1241e6f-aaed-48b7-a110-0c4bffbb76eb => generated 0 bytes in 371 msecs (HTTP/1.1 204) 3 headers in 131 bytes (1 switches on core 0)
2026-07-09 18:09:24.764 8 INFO neutron_taas.services.taas.taas_plugin [None req-b3f1955b-8c2d-4cab-ab74-34596bb2761c ae53708a0f704068882aca3c4515d50f 0e5db2337b484941824c086a9c60b7c3 - - default default] TaaS: Handle Delete Port: 2c104f73-b131-4d73-b2f9-4aed6dd5c48b
2026-07-09 18:09:24.768 8 INFO neutron_taas.services.taas.tap_mirror_plugin [None req-b3f1955b-8c2d-4cab-ab74-34596bb2761c ae53708a0f704068882aca3c4515d50f 0e5db2337b484941824c086a9c60b7c3 - - default default] Tap Mirror: Handle Delete Port: 2c104f73-b131-4d73-b2f9-4aed6dd5c48b [pid: 7|app: 0|req: 767/1567] 10.0.0.251 () {32 vars in 739 bytes} [Thu Jul 9 18:09:24 2026] DELETE /v2.0/security-groups/bdcf3d57-fe19-47ca-9d77-9d3a9dd83033 => generated 0 bytes in 291 msecs (HTTP/1.1 204) 2 headers in 112 bytes (1 switches on core 0) [pid: 7|app: 0|req: 768/1568] 10.0.0.251 () {32 vars in 648 bytes} [Thu Jul 9 18:09:24 2026] GET /v2.0/networks => generated 651 bytes in 58 msecs (HTTP/1.1 200) 4 headers in 157 bytes (1 switches on core 0) [pid: 8|app: 0|req: 801/1569] 10.0.0.251 () {32 vars in 725 bytes} [Thu Jul 9 18:09:24 2026] DELETE /v2.0/networks/3a34eaa4-b3d5-4eca-ada0-1509c76a339e => generated 0 bytes in 418 msecs (HTTP/1.1 204) 3 headers in 131 bytes (1 switches on core 0)
2026-07-09 18:09:25.092 8 INFO neutron.services.segments.plugin [-] Segment 7f672bf8-4473-40e7-96f8-3bfd93ddcc9e resource provider aggregate not found
2026-07-09 18:09:25.098 8 INFO neutron.services.segments.plugin [-] Segment 7f672bf8-4473-40e7-96f8-3bfd93ddcc9e resource provider aggregate not found
2026-07-09 18:09:25.118 8 INFO neutron.services.segments.plugin [-] Client error retrieving segment 7f672bf8-4473-40e7-96f8-3bfd93ddcc9e resource provider; error: Placement Client Error (4xx): {"errors": [{"status": 404, "title": "Not Found", "detail": "The resource could not be found.\n\n No resource provider with uuid 7f672bf8-4473-40e7-96f8-3bfd93ddcc9e found for delete ", "request_id": "req-dc340090-ced5-4cff-a1f1-77821b451ed9"}]}
2026-07-09 18:09:25.126 8 INFO neutron.services.segments.plugin [-] Client error retrieving segment 7f672bf8-4473-40e7-96f8-3bfd93ddcc9e resource provider; error: Placement Client Error (4xx): {"errors": [{"status": 404, "title": "Not Found", "detail": "The resource could not be found.\n\n No resource provider with uuid 7f672bf8-4473-40e7-96f8-3bfd93ddcc9e found for delete ", "request_id": "req-779d9b47-303d-4381-8ea7-f28c775afc66"}]}
2026-07-09 18:09:25.138 8 INFO neutron.services.segments.plugin [-] Segment 05321851-0fb0-4c81-b709-f789f1c5e88d resource provider aggregate not found
2026-07-09 18:09:25.142 7 INFO neutron.db.segments_db [None req-a6297cdb-abc8-4915-8ef6-88b18d072f8c a8db67c644ad4a0f8d9c580a954914cd 6ac59698828b4e6093df5de9a19dbae5 - - default default] Added segment 510154f1-21b6-447f-8341-e88e9dd38f22 of type geneve for network aff0a2cd-9dd3-46e3-8959-4e86bc2e5e66
2026-07-09 18:09:25.145 8 INFO neutron.services.segments.plugin [-] Segment 05321851-0fb0-4c81-b709-f789f1c5e88d resource provider aggregate not found
2026-07-09 18:09:25.158 8 INFO neutron.services.segments.plugin [-] Client error retrieving segment 05321851-0fb0-4c81-b709-f789f1c5e88d resource provider; error: Placement Client Error (4xx): {"errors": [{"status": 404, "title": "Not Found", "detail": "The resource could not be found.\n\n No resource provider with uuid 05321851-0fb0-4c81-b709-f789f1c5e88d found for delete ", "request_id": "req-355a1a49-1467-45fa-b8cd-3298a98d4d55"}]}
2026-07-09 18:09:25.172 8 INFO neutron.services.segments.plugin [-] Client error retrieving segment 05321851-0fb0-4c81-b709-f789f1c5e88d resource provider; error: Placement Client Error (4xx): {"errors": [{"status": 404, "title": "Not Found", "detail": "The resource could not be found.\n\n No resource provider with uuid 05321851-0fb0-4c81-b709-f789f1c5e88d found for delete ", "request_id": "req-f259b52f-1742-4a8d-92ce-c781f5b1da7e"}]}
2026-07-09 18:09:25.275 7 INFO neutron.db.ovn_revision_numbers_db [None req-a6297cdb-abc8-4915-8ef6-88b18d072f8c a8db67c644ad4a0f8d9c580a954914cd 6ac59698828b4e6093df5de9a19dbae5 - - default default] Successfully bumped revision number for resource aff0a2cd-9dd3-46e3-8959-4e86bc2e5e66 (type: networks) to 1
2026-07-09 18:09:25.445 7 WARNING neutron.scheduler.dhcp_agent_scheduler [None req-a6297cdb-abc8-4915-8ef6-88b18d072f8c a8db67c644ad4a0f8d9c580a954914cd 6ac59698828b4e6093df5de9a19dbae5 - - default default] No more DHCP agents
2026-07-09 18:09:25.446 7 WARNING neutron.api.rpc.agentnotifiers.dhcp_rpc_agent_api [None req-a6297cdb-abc8-4915-8ef6-88b18d072f8c a8db67c644ad4a0f8d9c580a954914cd 6ac59698828b4e6093df5de9a19dbae5 - - default default] Unable to schedule network aff0a2cd-9dd3-46e3-8959-4e86bc2e5e66: no agents available; will retry on subsequent port and subnet creation events.
2026-07-09 18:09:25.503 8 INFO neutron.plugins.ml2.drivers.ovn.mech_driver.mech_driver [None req-174b0e38-9282-46e6-9452-466d4bc34d50 - - - - - -] OVN reports status down for port: 792e8986-48b3-453f-a507-c9650da277e1
2026-07-09 18:09:25.558 7 INFO neutron.db.ovn_revision_numbers_db [None req-a6297cdb-abc8-4915-8ef6-88b18d072f8c a8db67c644ad4a0f8d9c580a954914cd 6ac59698828b4e6093df5de9a19dbae5 - - default default] Successfully bumped revision number for resource 792e8986-48b3-453f-a507-c9650da277e1 (type: ports) to 1 [pid: 7|app: 0|req: 769/1570] 10.0.0.251 () {34 vars in 669 bytes} [Thu Jul 9 18:09:25 2026] POST /v2.0/networks => generated 650 bytes in 560 msecs (HTTP/1.1 201) 4 headers in 162 bytes (1 switches on core 0)
2026-07-09 18:09:25.603 8 WARNING neutron.scheduler.dhcp_agent_scheduler [None req-2aa24254-bba1-422b-b175-21728d14f84f ae53708a0f704068882aca3c4515d50f 0e5db2337b484941824c086a9c60b7c3 - - default default] No more DHCP agents
2026-07-09 18:09:25.605 8 WARNING neutron.api.rpc.agentnotifiers.dhcp_rpc_agent_api [None req-2aa24254-bba1-422b-b175-21728d14f84f ae53708a0f704068882aca3c4515d50f 0e5db2337b484941824c086a9c60b7c3 - - default default] Unable to schedule network 3ffecaaf-78d3-4c43-a947-2d20f4fd0b90: no agents available; will retry on subsequent port and subnet creation events.
2026-07-09 18:09:25.703 7 INFO neutron.db.segments_db [None req-f4a94b3e-82d4-45b8-873f-04738f41ded4 a8db67c644ad4a0f8d9c580a954914cd 6ac59698828b4e6093df5de9a19dbae5 - - default default] Added segment bcd7d46a-706c-4f6c-898f-b59219689fdd of type geneve for network 7af601bc-f0be-480e-aa61-20b0167aa31c
2026-07-09 18:09:25.795 8 INFO neutron.db.ovn_revision_numbers_db [None req-2aa24254-bba1-422b-b175-21728d14f84f ae53708a0f704068882aca3c4515d50f 0e5db2337b484941824c086a9c60b7c3 - - default default] Successfully bumped revision number for resource 3fc6afe6-6e57-4ad5-ab7f-887d43f1e4b1 (type: ports) to 1
2026-07-09 18:09:25.907 7 INFO neutron.db.ovn_revision_numbers_db [None req-f4a94b3e-82d4-45b8-873f-04738f41ded4 a8db67c644ad4a0f8d9c580a954914cd 6ac59698828b4e6093df5de9a19dbae5 - - default default] Successfully bumped revision number for resource 7af601bc-f0be-480e-aa61-20b0167aa31c (type: networks) to 1
2026-07-09 18:09:26.125 7 WARNING neutron.scheduler.dhcp_agent_scheduler [None req-f4a94b3e-82d4-45b8-873f-04738f41ded4 a8db67c644ad4a0f8d9c580a954914cd 6ac59698828b4e6093df5de9a19dbae5 - - default default] No more DHCP agents
2026-07-09 18:09:26.127 7 WARNING neutron.api.rpc.agentnotifiers.dhcp_rpc_agent_api [None req-f4a94b3e-82d4-45b8-873f-04738f41ded4 a8db67c644ad4a0f8d9c580a954914cd 6ac59698828b4e6093df5de9a19dbae5 - - default default] Unable to schedule network 7af601bc-f0be-480e-aa61-20b0167aa31c: no agents available; will retry on subsequent port and subnet creation events.
2026-07-09 18:09:26.206 8 INFO neutron.plugins.ml2.drivers.ovn.mech_driver.mech_driver [None req-174b0e38-9282-46e6-9452-466d4bc34d50 - - - - - -] OVN reports status down for port: ff209257-0fda-4171-930a-6ed33160cbd0
2026-07-09 18:09:26.244 7 INFO neutron.db.ovn_revision_numbers_db [None req-f4a94b3e-82d4-45b8-873f-04738f41ded4 a8db67c644ad4a0f8d9c580a954914cd 6ac59698828b4e6093df5de9a19dbae5 - - default default] Successfully bumped revision number for resource ff209257-0fda-4171-930a-6ed33160cbd0 (type: ports) to 1 [pid: 7|app: 0|req: 770/1571] 10.0.0.251 () {34 vars in 669 bytes} [Thu Jul 9 18:09:25 2026] POST /v2.0/networks => generated 649 bytes in 674 msecs (HTTP/1.1 201) 4 headers in 162 bytes (1 switches on core 0)
2026-07-09 18:09:26.500 8 INFO neutron.plugins.ml2.drivers.ovn.mech_driver.ovsdb.commands [None req-07182ef0-a7e6-476c-b944-16349464c9f4 - - - - - -] Schedule LRP lrp-3fc6afe6-6e57-4ad5-ab7f-887d43f1e4b1 on gateway 7dc3af77-d898-472f-ba32-f65e7dd058fb with priority 1
2026-07-09 18:09:26.560 8 INFO neutron.db.ovn_revision_numbers_db [None req-2aa24254-bba1-422b-b175-21728d14f84f ae53708a0f704068882aca3c4515d50f 0e5db2337b484941824c086a9c60b7c3 - - default default] Successfully bumped revision number for resource 3fc6afe6-6e57-4ad5-ab7f-887d43f1e4b1 (type: router_ports) to 1
2026-07-09 18:09:26.629 8 INFO neutron.db.ovn_revision_numbers_db [None req-2aa24254-bba1-422b-b175-21728d14f84f ae53708a0f704068882aca3c4515d50f 0e5db2337b484941824c086a9c60b7c3 - - default default] Successfully bumped revision number for resource 27f5975d-1556-4116-901b-7578c975ab3f (type: routers) to 2 [pid: 8|app: 0|req: 802/1572] 10.0.0.251 () {34 vars in 668 bytes} [Thu Jul 9 18:09:25 2026] POST /v2.0/routers => generated 948 bytes in 1586 msecs (HTTP/1.1 201) 4 headers in 162 bytes (1 switches on core 0) [pid: 8|app: 0|req: 803/1573] 10.0.0.251 () {32 vars in 720 bytes} [Thu Jul 9 18:09:26 2026] GET /v2.0/routers/27f5975d-1556-4116-901b-7578c975ab3f => generated 954 bytes in 57 msecs (HTTP/1.1 200) 4 headers in 157 bytes (1 switches on core 0)
2026-07-09 18:09:26.717 7 WARNING neutron.scheduler.dhcp_agent_scheduler [None req-46fb6546-04ee-4511-b819-7143ef82945e a8db67c644ad4a0f8d9c580a954914cd 6ac59698828b4e6093df5de9a19dbae5 - - default default] No more DHCP agents
2026-07-09 18:09:26.718 7 WARNING neutron.api.rpc.agentnotifiers.dhcp_rpc_agent_api [None req-46fb6546-04ee-4511-b819-7143ef82945e a8db67c644ad4a0f8d9c580a954914cd 6ac59698828b4e6093df5de9a19dbae5 - - default default] Unable to schedule network aff0a2cd-9dd3-46e3-8959-4e86bc2e5e66: no agents available; will retry on subsequent port and subnet creation events.
2026-07-09 18:09:26.802 8 INFO neutron.plugins.ml2.drivers.ovn.mech_driver.mech_driver [None req-174b0e38-9282-46e6-9452-466d4bc34d50 - - - - - -] OVN reports status down for port: 8cb91c75-9c24-4f9e-9733-c0d071682d6f
2026-07-09 18:09:26.835 7 INFO neutron.db.ovn_revision_numbers_db [None req-46fb6546-04ee-4511-b819-7143ef82945e a8db67c644ad4a0f8d9c580a954914cd 6ac59698828b4e6093df5de9a19dbae5 - - default default] Successfully bumped revision number for resource 8cb91c75-9c24-4f9e-9733-c0d071682d6f (type: ports) to 1 [pid: 8|app: 0|req: 804/1574] 10.0.0.251 () {32 vars in 646 bytes} [Thu Jul 9 18:09:26 2026] GET /v2.0/routers => generated 957 bytes in 140 msecs (HTTP/1.1 200) 4 headers in 157 bytes (1 switches on core 0)
2026-07-09 18:09:26.889 7 WARNING neutron.scheduler.dhcp_agent_scheduler [None req-46fb6546-04ee-4511-b819-7143ef82945e a8db67c644ad4a0f8d9c580a954914cd 6ac59698828b4e6093df5de9a19dbae5 - - default default] No more DHCP agents
2026-07-09 18:09:26.891 7 WARNING neutron.api.rpc.agentnotifiers.dhcp_rpc_agent_api [None req-46fb6546-04ee-4511-b819-7143ef82945e a8db67c644ad4a0f8d9c580a954914cd 6ac59698828b4e6093df5de9a19dbae5 - - default default] Unable to schedule network 7af601bc-f0be-480e-aa61-20b0167aa31c: no agents available; will retry on subsequent port and subnet creation events.
2026-07-09 18:09:27.002 7 INFO neutron.db.ovn_revision_numbers_db [None req-46fb6546-04ee-4511-b819-7143ef82945e a8db67c644ad4a0f8d9c580a954914cd 6ac59698828b4e6093df5de9a19dbae5 - - default default] Successfully bumped revision number for resource 2112a8aa-7e64-41e9-b4e8-2028a4a3da1d (type: ports) to 1 [pid: 7|app: 0|req: 771/1575] 10.0.0.251 () {34 vars in 664 bytes} [Thu Jul 9 18:09:26 2026] POST /v2.0/ports => generated 1506 bytes in 801 msecs (HTTP/1.1 201) 4 headers in 163 bytes (1 switches on core 0) /var/lib/openstack/lib/python3.12/site-packages/pycadf/identifier.py:70: UserWarning: Invalid uuid: neutron. To ensure interoperability, identifiers should be a valid uuid. warnings.warn(('Invalid uuid: %s. To ensure interoperability, ' [pid: 7|app: 0|req: 772/1576] 10.0.0.251 () {32 vars in 642 bytes} [Thu Jul 9 18:09:27 2026] GET /v2.0/ports => generated 3018 bytes in 68 msecs (HTTP/1.1 200) 4 headers in 158 bytes (1 switches on core 0)
2026-07-09 18:09:27.261 7 WARNING neutron.plugins.ml2.drivers.ovn.mech_driver.ovsdb.ovn_client [None req-6a6d4e08-7d4c-4fb3-8cbf-fb7fe596fab0 - - - - - -] No port found with ID 14294960-6ce2-4f7f-8ac6-76038697defa: RuntimeError: No port found with ID 14294960-6ce2-4f7f-8ac6-76038697defa
2026-07-09 18:09:27.290 7 INFO neutron.plugins.ml2.drivers.ovn.mech_driver.mech_driver [None req-6a6d4e08-7d4c-4fb3-8cbf-fb7fe596fab0 - - - - - -] OVN reports status down for port: 584f07c6-fea4-4e9f-ba8c-7a5b4a3cf03e
2026-07-09 18:09:27.291 8 INFO neutron.db.ovn_revision_numbers_db [None req-d98c0764-af23-4860-81dc-987552c35194 ae53708a0f704068882aca3c4515d50f 0e5db2337b484941824c086a9c60b7c3 - - default default] Successfully bumped revision number for resource 27f5975d-1556-4116-901b-7578c975ab3f (type: routers) to 3
2026-07-09 18:09:27.292 7 INFO neutron_taas.services.taas.taas_plugin [None req-2adc9c79-29a2-45ed-8c51-9af570d9a3d9 a8db67c644ad4a0f8d9c580a954914cd 6ac59698828b4e6093df5de9a19dbae5 - - default default] TaaS: Handle Delete Port: 8cb91c75-9c24-4f9e-9733-c0d071682d6f
2026-07-09 18:09:27.297 7 INFO neutron_taas.services.taas.tap_mirror_plugin [None req-2adc9c79-29a2-45ed-8c51-9af570d9a3d9 a8db67c644ad4a0f8d9c580a954914cd 6ac59698828b4e6093df5de9a19dbae5 - - default default] Tap Mirror: Handle Delete Port: 8cb91c75-9c24-4f9e-9733-c0d071682d6f [pid: 8|app: 0|req: 805/1577] 10.0.0.251 () {34 vars in 740 bytes} [Thu Jul 9 18:09:26 2026] PUT /v2.0/routers/27f5975d-1556-4116-901b-7578c975ab3f => generated 961 bytes in 432 msecs (HTTP/1.1 200) 4 headers in 157 bytes (1 switches on core 0)
2026-07-09 18:09:27.312 7 INFO neutron.plugins.ml2.drivers.ovn.mech_driver.mech_driver [None req-6a6d4e08-7d4c-4fb3-8cbf-fb7fe596fab0 - - - - - -] OVN reports status down for port: 3fc6afe6-6e57-4ad5-ab7f-887d43f1e4b1 [pid: 8|app: 0|req: 806/1578] 10.0.0.251 () {32 vars in 720 bytes} [Thu Jul 9 18:09:27 2026] GET /v2.0/routers/27f5975d-1556-4116-901b-7578c975ab3f => generated 961 bytes in 63 msecs (HTTP/1.1 200) 4 headers in 157 bytes (1 switches on core 0) [pid: 8|app: 0|req: 807/1579] 10.0.0.251 () {32 vars in 735 bytes} [Thu Jul 9 18:09:27 2026] GET /v2.0/ports?device_id=27f5975d-1556-4116-901b-7578c975ab3f => generated 12 bytes in 15 msecs (HTTP/1.1 200) 4 headers in 156 bytes (1 switches on core 0)
2026-07-09 18:09:27.417 7 WARNING neutron.plugins.ml2.drivers.ovn.mech_driver.ovsdb.ovn_client [None req-6a6d4e08-7d4c-4fb3-8cbf-fb7fe596fab0 - - - - - -] Logical_Switch_Port 3fc6afe6-6e57-4ad5-ab7f-887d43f1e4b1 host information not removed, the port state is up
2026-07-09 18:09:27.417 7 INFO neutron.plugins.ml2.drivers.ovn.mech_driver.mech_driver [None req-6a6d4e08-7d4c-4fb3-8cbf-fb7fe596fab0 - - - - - -] OVN reports status up for port: 3fc6afe6-6e57-4ad5-ab7f-887d43f1e4b1
2026-07-09 18:09:27.439 7 INFO neutron.plugins.ml2.plugin [None req-6a6d4e08-7d4c-4fb3-8cbf-fb7fe596fab0 - - - - - -] Attempt 1 to provision port 3fc6afe6-6e57-4ad5-ab7f-887d43f1e4b1 [pid: 7|app: 0|req: 773/1580] 10.0.0.251 () {32 vars in 719 bytes} [Thu Jul 9 18:09:27 2026] DELETE /v2.0/ports/8cb91c75-9c24-4f9e-9733-c0d071682d6f => generated 0 bytes in 348 msecs (HTTP/1.1 204) 3 headers in 131 bytes (1 switches on core 0)
2026-07-09 18:09:27.619 7 INFO neutron_taas.services.taas.taas_plugin [None req-84e9b15a-a855-4045-8f1d-ef0625962cb2 a8db67c644ad4a0f8d9c580a954914cd 6ac59698828b4e6093df5de9a19dbae5 - - default default] TaaS: Handle Delete Port: 2112a8aa-7e64-41e9-b4e8-2028a4a3da1d
2026-07-09 18:09:27.622 7 INFO neutron_taas.services.taas.tap_mirror_plugin [None req-84e9b15a-a855-4045-8f1d-ef0625962cb2 a8db67c644ad4a0f8d9c580a954914cd 6ac59698828b4e6093df5de9a19dbae5 - - default default] Tap Mirror: Handle Delete Port: 2112a8aa-7e64-41e9-b4e8-2028a4a3da1d
2026-07-09 18:09:27.698 8 INFO neutron_taas.services.taas.taas_plugin [None req-080dd497-813d-4f93-adf7-7e0c1c6a902d ae53708a0f704068882aca3c4515d50f 0e5db2337b484941824c086a9c60b7c3 - - default default] TaaS: Handle Delete Port: 3fc6afe6-6e57-4ad5-ab7f-887d43f1e4b1
2026-07-09 18:09:27.705 8 INFO neutron_taas.services.taas.tap_mirror_plugin [None req-080dd497-813d-4f93-adf7-7e0c1c6a902d ae53708a0f704068882aca3c4515d50f 0e5db2337b484941824c086a9c60b7c3 - - default default] Tap Mirror: Handle Delete Port: 3fc6afe6-6e57-4ad5-ab7f-887d43f1e4b1 [pid: 7|app: 0|req: 774/1581] 10.0.0.251 () {32 vars in 719 bytes} [Thu Jul 9 18:09:27 2026] DELETE /v2.0/ports/2112a8aa-7e64-41e9-b4e8-2028a4a3da1d => generated 0 bytes in 238 msecs (HTTP/1.1 204) 3 headers in 131 bytes (1 switches on core 0) [pid: 7|app: 0|req: 775/1582] 10.0.0.251 () {32 vars in 642 bytes} [Thu Jul 9 18:09:27 2026] GET /v2.0/ports => generated 1523 bytes in 54 msecs (HTTP/1.1 200) 4 headers in 158 bytes (1 switches on core 0) [pid: 8|app: 0|req: 808/1583] 10.0.0.251 () {32 vars in 723 bytes} [Thu Jul 9 18:09:27 2026] DELETE /v2.0/routers/27f5975d-1556-4116-901b-7578c975ab3f => generated 0 bytes in 723 msecs (HTTP/1.1 204) 2 headers in 112 bytes (1 switches on core 0)
2026-07-09 18:09:28.175 7 INFO neutron.db.ovn_revision_numbers_db [None req-fc66cbcf-8871-439a-b2cb-82772f2a026f 83ca7f7540574c3eb8543519573d9a53 0f7741b30d414f93bd6a1b5d57b8ff6b - - default default] Successfully bumped revision number for resource 3d75cfcc-6858-4782-bd03-8862dbe34c2b (type: security_groups) to 1
2026-07-09 18:09:28.187 7 INFO neutron.db.ovn_revision_numbers_db [None req-fc66cbcf-8871-439a-b2cb-82772f2a026f 83ca7f7540574c3eb8543519573d9a53 0f7741b30d414f93bd6a1b5d57b8ff6b - - default default] Successfully bumped revision number for resource 147c69d9-43b8-481a-96b2-78155c10da46 (type: security_group_rules) to 0
2026-07-09 18:09:28.205 8 INFO neutron.db.segments_db [None req-6f4af31f-7729-4075-91a6-838a6ff32b8c a8db67c644ad4a0f8d9c580a954914cd 6ac59698828b4e6093df5de9a19dbae5 - - default default] Added segment b71b8354-6bdb-48e1-8ed5-1c5442c0fb52 of type geneve for network 86c6026c-8276-4593-a155-1fc5e6adacd2
2026-07-09 18:09:28.206 7 INFO neutron.db.ovn_revision_numbers_db [None req-fc66cbcf-8871-439a-b2cb-82772f2a026f 83ca7f7540574c3eb8543519573d9a53 0f7741b30d414f93bd6a1b5d57b8ff6b - - default default] Successfully bumped revision number for resource 5829d77c-0a75-46b2-8da4-0515e3595a95 (type: security_group_rules) to 0
2026-07-09 18:09:28.221 7 INFO neutron.db.ovn_revision_numbers_db [None req-fc66cbcf-8871-439a-b2cb-82772f2a026f 83ca7f7540574c3eb8543519573d9a53 0f7741b30d414f93bd6a1b5d57b8ff6b - - default default] Successfully bumped revision number for resource d5cf3bb8-a609-4eec-822c-18b8754a368c (type: security_group_rules) to 0
2026-07-09 18:09:28.238 7 INFO neutron.db.ovn_revision_numbers_db [None req-fc66cbcf-8871-439a-b2cb-82772f2a026f 83ca7f7540574c3eb8543519573d9a53 0f7741b30d414f93bd6a1b5d57b8ff6b - - default default] Successfully bumped revision number for resource d9d307c5-cad2-4bfe-9d43-1cba2e47cd49 (type: security_group_rules) to 0 [pid: 7|app: 0|req: 776/1584] 10.0.0.251 () {32 vars in 773 bytes} [Thu Jul 9 18:09:27 2026] GET /v2.0/security-groups?tenant_id=ecc08db7f7dd4ef0bd68464b31c19e6d&name=default => generated 2925 bytes in 481 msecs (HTTP/1.1 200) 4 headers in 158 bytes (1 switches on core 0) [pid: 7|app: 0|req: 777/1585] 10.0.0.251 () {32 vars in 735 bytes} [Thu Jul 9 18:09:28 2026] GET /v2.0/ports?device_id=27f5975d-1556-4116-901b-7578c975ab3f => generated 12 bytes in 28 msecs (HTTP/1.1 200) 4 headers in 156 bytes (1 switches on core 0)
2026-07-09 18:09:28.315 8 INFO neutron.db.ovn_revision_numbers_db [None req-6f4af31f-7729-4075-91a6-838a6ff32b8c a8db67c644ad4a0f8d9c580a954914cd 6ac59698828b4e6093df5de9a19dbae5 - - default default] Successfully bumped revision number for resource 86c6026c-8276-4593-a155-1fc5e6adacd2 (type: networks) to 1
2026-07-09 18:09:28.464 8 WARNING neutron.scheduler.dhcp_agent_scheduler [None req-6f4af31f-7729-4075-91a6-838a6ff32b8c a8db67c644ad4a0f8d9c580a954914cd 6ac59698828b4e6093df5de9a19dbae5 - - default default] No more DHCP agents
2026-07-09 18:09:28.466 8 WARNING neutron.api.rpc.agentnotifiers.dhcp_rpc_agent_api [None req-6f4af31f-7729-4075-91a6-838a6ff32b8c a8db67c644ad4a0f8d9c580a954914cd 6ac59698828b4e6093df5de9a19dbae5 - - default default] Unable to schedule network 86c6026c-8276-4593-a155-1fc5e6adacd2: no agents available; will retry on subsequent port and subnet creation events.
2026-07-09 18:09:28.549 8 INFO neutron.db.ovn_revision_numbers_db [None req-6f4af31f-7729-4075-91a6-838a6ff32b8c a8db67c644ad4a0f8d9c580a954914cd 6ac59698828b4e6093df5de9a19dbae5 - - default default] Successfully bumped revision number for resource 50d9963e-672f-4be5-ab30-bfd62fd3eb35 (type: ports) to 1 [pid: 8|app: 0|req: 809/1586] 10.0.0.251 () {34 vars in 669 bytes} [Thu Jul 9 18:09:28 2026] POST /v2.0/networks => generated 649 bytes in 461 msecs (HTTP/1.1 201) 4 headers in 162 bytes (1 switches on core 0)
2026-07-09 18:09:28.595 7 INFO neutron.db.ovn_revision_numbers_db [None req-28e9ec8a-d70f-491e-ba56-886a836ed95a 1aaf60c838104dd9bdc617391e387de0 ab219b392cb946b68d6b33bb0216956d - - default default] Successfully bumped revision number for resource 426cefc3-8fde-4acd-96b1-18f4be669f20 (type: security_groups) to 1
2026-07-09 18:09:28.609 7 INFO neutron.db.ovn_revision_numbers_db [None req-28e9ec8a-d70f-491e-ba56-886a836ed95a 1aaf60c838104dd9bdc617391e387de0 ab219b392cb946b68d6b33bb0216956d - - default default] Successfully bumped revision number for resource 2a921838-daa6-4e0d-9a9e-08776347ec49 (type: security_group_rules) to 0
2026-07-09 18:09:28.621 7 INFO neutron.db.ovn_revision_numbers_db [None req-28e9ec8a-d70f-491e-ba56-886a836ed95a 1aaf60c838104dd9bdc617391e387de0 ab219b392cb946b68d6b33bb0216956d - - default default] Successfully bumped revision number for resource 2dd26c19-db64-482d-8f5c-a9b6a8e0c96f (type: security_group_rules) to 0
2026-07-09 18:09:28.632 7 INFO neutron.db.ovn_revision_numbers_db [None req-28e9ec8a-d70f-491e-ba56-886a836ed95a 1aaf60c838104dd9bdc617391e387de0 ab219b392cb946b68d6b33bb0216956d - - default default] Successfully bumped revision number for resource 777d0a67-b6be-47c3-9d31-295c7c8384df (type: security_group_rules) to 0
2026-07-09 18:09:28.642 7 INFO neutron.db.ovn_revision_numbers_db [None req-28e9ec8a-d70f-491e-ba56-886a836ed95a 1aaf60c838104dd9bdc617391e387de0 ab219b392cb946b68d6b33bb0216956d - - default default] Successfully bumped revision number for resource d69c1dc1-d480-478a-ab8b-7f99461a07c3 (type: security_group_rules) to 0
2026-07-09 18:09:28.708 7 INFO neutron.db.segments_db [None req-28e9ec8a-d70f-491e-ba56-886a836ed95a 1aaf60c838104dd9bdc617391e387de0 ab219b392cb946b68d6b33bb0216956d - - default default] Added segment 98cac065-515c-47d9-9a57-1f8c059bbbf3 of type geneve for network d8cf6c1d-e37c-40f6-b016-b2c128cafdc2 [pid: 8|app: 0|req: 810/1587] 10.0.0.251 () {32 vars in 739 bytes} [Thu Jul 9 18:09:28 2026] DELETE /v2.0/security-groups/3d75cfcc-6858-4782-bd03-8862dbe34c2b => generated 0 bytes in 278 msecs (HTTP/1.1 204) 2 headers in 112 bytes (1 switches on core 0)
2026-07-09 18:09:28.870 7 INFO neutron.db.ovn_revision_numbers_db [None req-28e9ec8a-d70f-491e-ba56-886a836ed95a 1aaf60c838104dd9bdc617391e387de0 ab219b392cb946b68d6b33bb0216956d - - default default] Successfully bumped revision number for resource d8cf6c1d-e37c-40f6-b016-b2c128cafdc2 (type: networks) to 1
2026-07-09 18:09:28.872 8 INFO neutron.api.v2.resource [None req-9f87f213-378b-4b55-8709-b14053fb1665 ae53708a0f704068882aca3c4515d50f 0e5db2337b484941824c086a9c60b7c3 - - default default] delete failed (client error): The resource could not be found. [pid: 8|app: 0|req: 811/1588] 10.0.0.251 () {32 vars in 723 bytes} [Thu Jul 9 18:09:28 2026] DELETE /v2.0/routers/27f5975d-1556-4116-901b-7578c975ab3f => generated 135 bytes in 17 msecs (HTTP/1.1 404) 4 headers in 164 bytes (1 switches on core 0)
2026-07-09 18:09:28.976 8 INFO neutron.db.segments_db [None req-df82529e-2c0f-4dac-aab4-4fe237c91af7 a8db67c644ad4a0f8d9c580a954914cd 6ac59698828b4e6093df5de9a19dbae5 - - default default] Added segment 1b89f507-2721-45b7-8b21-840e043e9269 of type geneve for network a0663855-4301-4bc8-8ad1-e2f77d4ab78f
