2026-07-09 18:16:46.555 7 INFO neutron.api.v2.resource [None req-3264f2ad-b820-49b7-8552-58416cbddccb a336475c8c58455ba54a5379bab47f83 892866cf785e41ce98ecd5d2e86e0618 - - default default] show failed (client error): The resource could not be found. [pid: 7|app: 0|req: 1771/3671] 10.0.0.251 () {32 vars in 728 bytes} [Thu Jul 9 18:16:46 2026] GET /v2.0/floatingips/9b465acc-8df5-46ee-989d-d7139204bf73 => generated 144 bytes in 31 msecs (HTTP/1.1 404) 4 headers in 164 bytes (1 switches on core 0) [pid: 8|app: 0|req: 1901/3672] 10.0.0.5 () {34 vars in 987 bytes} [Thu Jul 9 18:16:46 2026] GET /v2.0/ports?device_id=e079b45c-aff7-40bf-9ede-9d0dd114a8d4 => generated 1192 bytes in 80 msecs (HTTP/1.1 200) 4 headers in 158 bytes (1 switches on core 0) [pid: 7|app: 0|req: 1772/3673] 10.0.0.5 () {34 vars in 1037 bytes} [Thu Jul 9 18:16:46 2026] GET /v2.0/security-groups?id=669c55ba-01c7-44c7-be5a-fa04824baea1&fields=id&fields=name => generated 111 bytes in 47 msecs (HTTP/1.1 200) 4 headers in 157 bytes (1 switches on core 0) [pid: 8|app: 0|req: 1902/3674] 199.19.213.116 () {34 vars in 1079 bytes} [Thu Jul 9 18:16:47 2026] GET /v2.0/ports?tenant_id=892866cf785e41ce98ecd5d2e86e0618&device_id=e079b45c-aff7-40bf-9ede-9d0dd114a8d4 => generated 1430 bytes in 37 msecs (HTTP/1.1 200) 4 headers in 158 bytes (1 switches on core 0) [pid: 7|app: 0|req: 1773/3675] 199.19.213.116 () {34 vars in 985 bytes} [Thu Jul 9 18:16:47 2026] GET /v2.0/networks?id=2ee7f147-ae58-41b1-8079-19a409932a6e => generated 804 bytes in 61 msecs (HTTP/1.1 200) 4 headers in 157 bytes (1 switches on core 0) [pid: 8|app: 0|req: 1903/3676] 199.19.213.116 () {34 vars in 1055 bytes} [Thu Jul 9 18:16:47 2026] GET /v2.0/floatingips?fixed_ip_address=10.2.1.36&port_id=05117afe-92ab-4799-93c3-cac3648a9508 => generated 19 bytes in 22 msecs (HTTP/1.1 200) 4 headers in 156 bytes (1 switches on core 0) [pid: 7|app: 0|req: 1774/3677] 199.19.213.116 () {34 vars in 1101 bytes} [Thu Jul 9 18:16:47 2026] GET /v2.0/floatingips?fixed_ip_address=fd7b%3Af9f7%3Afff%3A4eca%3A%3A11&port_id=05117afe-92ab-4799-93c3-cac3648a9508 => generated 19 bytes in 23 msecs (HTTP/1.1 200) 4 headers in 156 bytes (1 switches on core 0) [pid: 8|app: 0|req: 1904/3678] 199.19.213.116 () {34 vars in 1063 bytes} [Thu Jul 9 18:16:47 2026] GET /v2.0/subnets?id=09c07c42-a7bc-42c4-a125-3cff1063eab1&id=3a5991c6-8a2f-47f3-b191-8f4e39c97122 => generated 1411 bytes in 36 msecs (HTTP/1.1 200) 4 headers in 158 bytes (1 switches on core 0) [pid: 7|app: 0|req: 1775/3679] 199.19.213.116 () {34 vars in 1051 bytes} [Thu Jul 9 18:16:47 2026] GET /v2.0/ports?network_id=2ee7f147-ae58-41b1-8079-19a409932a6e&device_owner=network%3Adhcp => generated 12 bytes in 18 msecs (HTTP/1.1 200) 4 headers in 156 bytes (1 switches on core 0) [pid: 8|app: 0|req: 1905/3680] 199.19.213.116 () {34 vars in 1051 bytes} [Thu Jul 9 18:16:47 2026] GET /v2.0/ports?network_id=2ee7f147-ae58-41b1-8079-19a409932a6e&device_owner=network%3Adhcp => generated 12 bytes in 15 msecs (HTTP/1.1 200) 4 headers in 156 bytes (1 switches on core 0) [pid: 7|app: 0|req: 1776/3681] 199.19.213.116 () {34 vars in 1011 bytes} [Thu Jul 9 18:16:47 2026] GET /v2.0/networks/2ee7f147-ae58-41b1-8079-19a409932a6e?fields=segments => generated 14 bytes in 37 msecs (HTTP/1.1 200) 4 headers in 156 bytes (1 switches on core 0) [pid: 8|app: 0|req: 1906/3682] 199.19.213.116 () {34 vars in 1111 bytes} [Thu Jul 9 18:16:47 2026] GET /v2.0/networks/2ee7f147-ae58-41b1-8079-19a409932a6e?fields=provider%3Aphysical_network&fields=provider%3Anetwork_type => generated 79 bytes in 37 msecs (HTTP/1.1 200) 4 headers in 156 bytes (1 switches on core 0)
2026-07-09 18:16:47.763 8 INFO neutron.plugins.ml2.drivers.ovn.mech_driver.mech_driver [None req-76c58033-1664-4293-a847-60ebbb19379d - - - - - -] OVN reports status down for port: 05117afe-92ab-4799-93c3-cac3648a9508
2026-07-09 18:16:48.074 8 INFO neutron.db.ovn_revision_numbers_db [None req-76c58033-1664-4293-a847-60ebbb19379d - - - - - -] Successfully bumped revision number for resource 05117afe-92ab-4799-93c3-cac3648a9508 (type: ports) to 6
2026-07-09 18:16:48.589 8 INFO neutron.notifiers.nova [-] Nova event matching ['req-f8f9f332-8e0a-4db8-ad69-4830f59d7025'] response: {'server_uuid': 'e079b45c-aff7-40bf-9ede-9d0dd114a8d4', 'name': 'network-vif-unplugged', 'status': 'completed', 'tag': '05117afe-92ab-4799-93c3-cac3648a9508', 'code': 200}
2026-07-09 18:16:48.590 8 INFO neutron.notifiers.nova [-] Nova event matching ['req-f8f9f332-8e0a-4db8-ad69-4830f59d7025'] response: {'server_uuid': 'e079b45c-aff7-40bf-9ede-9d0dd114a8d4', 'name': 'network-vif-unplugged', 'status': 'completed', 'tag': '05117afe-92ab-4799-93c3-cac3648a9508', 'code': 200} [pid: 7|app: 0|req: 1777/3683] 199.19.213.116 () {34 vars in 993 bytes} [Thu Jul 9 18:16:48 2026] GET /v2.0/ports?device_id=e079b45c-aff7-40bf-9ede-9d0dd114a8d4 => generated 1190 bytes in 77 msecs (HTTP/1.1 200) 4 headers in 158 bytes (1 switches on core 0) /var/lib/openstack/lib/python3.12/site-packages/pycadf/identifier.py:70: UserWarning: Invalid uuid: neutron. To ensure interoperability, identifiers should be a valid uuid. warnings.warn(('Invalid uuid: %s. To ensure interoperability, '
2026-07-09 18:16:49.160 8 INFO neutron_taas.services.taas.taas_plugin [req-98b25c19-6119-47ab-916f-4ebcaf59ca23 req-7f8d0a11-623d-4d0b-a80c-7ca51a09a20d a336475c8c58455ba54a5379bab47f83 892866cf785e41ce98ecd5d2e86e0618 - - default default] TaaS: Handle Delete Port: 05117afe-92ab-4799-93c3-cac3648a9508
2026-07-09 18:16:49.163 8 INFO neutron_taas.services.taas.tap_mirror_plugin [req-98b25c19-6119-47ab-916f-4ebcaf59ca23 req-7f8d0a11-623d-4d0b-a80c-7ca51a09a20d a336475c8c58455ba54a5379bab47f83 892866cf785e41ce98ecd5d2e86e0618 - - default default] Tap Mirror: Handle Delete Port: 05117afe-92ab-4799-93c3-cac3648a9508 [pid: 8|app: 0|req: 1907/3684] 199.19.213.116 () {36 vars in 996 bytes} [Thu Jul 9 18:16:49 2026] DELETE /v2.0/ports/05117afe-92ab-4799-93c3-cac3648a9508 => generated 0 bytes in 303 msecs (HTTP/1.1 204) 3 headers in 131 bytes (1 switches on core 0)
2026-07-09 18:16:50.625 8 INFO neutron.notifiers.nova [-] Nova event matching ['req-c4743d22-6cd4-4160-b68f-389f7a9de499'] response: {'server_uuid': 'e079b45c-aff7-40bf-9ede-9d0dd114a8d4', 'name': 'network-vif-deleted', 'tag': '05117afe-92ab-4799-93c3-cac3648a9508', 'status': 'completed', 'code': 200} [pid: 7|app: 0|req: 1779/3687] 10.0.0.5 () {34 vars in 987 bytes} [Thu Jul 9 18:16:51 2026] GET /v2.0/ports?device_id=e079b45c-aff7-40bf-9ede-9d0dd114a8d4 => generated 12 bytes in 21 msecs (HTTP/1.1 200) 4 headers in 156 bytes (1 switches on core 0) [pid: 8|app: 0|req: 1909/3688] 10.0.0.251 () {32 vars in 749 bytes} [Thu Jul 9 18:16:57 2026] DELETE /v2.0/security-group-rules/80b6adb5-bb6e-4240-8051-5b0e06b9fc5a => generated 0 bytes in 175 msecs (HTTP/1.1 204) 2 headers in 112 bytes (1 switches on core 0)
2026-07-09 18:16:57.203 7 INFO neutron.api.v2.resource [None req-d3db39cb-803d-4040-8e7e-4bccd1b32bfe a336475c8c58455ba54a5379bab47f83 892866cf785e41ce98ecd5d2e86e0618 - - default default] show failed (client error): The resource could not be found. [pid: 7|app: 0|req: 1780/3689] 10.0.0.251 () {32 vars in 746 bytes} [Thu Jul 9 18:16:57 2026] GET /v2.0/security-group-rules/80b6adb5-bb6e-4240-8051-5b0e06b9fc5a => generated 155 bytes in 14 msecs (HTTP/1.1 404) 4 headers in 164 bytes (1 switches on core 0) [pid: 8|app: 0|req: 1910/3690] 10.0.0.251 () {32 vars in 749 bytes} [Thu Jul 9 18:16:57 2026] DELETE /v2.0/security-group-rules/f14fb839-5ca5-47eb-a2a5-c3acb7250d75 => generated 0 bytes in 149 msecs (HTTP/1.1 204) 2 headers in 112 bytes (1 switches on core 0)
2026-07-09 18:16:57.380 7 INFO neutron.api.v2.resource [None req-9b950c80-849c-4675-9b3a-c8329d74c104 a336475c8c58455ba54a5379bab47f83 892866cf785e41ce98ecd5d2e86e0618 - - default default] show failed (client error): The resource could not be found. [pid: 7|app: 0|req: 1781/3691] 10.0.0.251 () {32 vars in 746 bytes} [Thu Jul 9 18:16:57 2026] GET /v2.0/security-group-rules/f14fb839-5ca5-47eb-a2a5-c3acb7250d75 => generated 155 bytes in 17 msecs (HTTP/1.1 404) 4 headers in 164 bytes (1 switches on core 0) [pid: 8|app: 0|req: 1911/3692] 10.0.0.251 () {32 vars in 749 bytes} [Thu Jul 9 18:16:57 2026] DELETE /v2.0/security-group-rules/90e6d554-eebf-4a2c-9e2d-381d21ea036e => generated 0 bytes in 115 msecs (HTTP/1.1 204) 2 headers in 112 bytes (1 switches on core 0)
2026-07-09 18:16:57.519 7 INFO neutron.api.v2.resource [None req-c96aff0e-6c82-4217-a280-983802bd08d8 a336475c8c58455ba54a5379bab47f83 892866cf785e41ce98ecd5d2e86e0618 - - default default] show failed (client error): The resource could not be found. [pid: 7|app: 0|req: 1782/3693] 10.0.0.251 () {32 vars in 746 bytes} [Thu Jul 9 18:16:57 2026] GET /v2.0/security-group-rules/90e6d554-eebf-4a2c-9e2d-381d21ea036e => generated 155 bytes in 11 msecs (HTTP/1.1 404) 4 headers in 164 bytes (1 switches on core 0) [pid: 8|app: 0|req: 1912/3694] 10.0.0.251 () {32 vars in 749 bytes} [Thu Jul 9 18:16:57 2026] DELETE /v2.0/security-group-rules/5e96a724-f9a1-4a95-9b01-01061821b41c => generated 0 bytes in 143 msecs (HTTP/1.1 204) 2 headers in 112 bytes (1 switches on core 0)
2026-07-09 18:16:57.685 7 INFO neutron.api.v2.resource [None req-9a74fbf7-bb2a-4a5b-bb7f-af5ff3710689 a336475c8c58455ba54a5379bab47f83 892866cf785e41ce98ecd5d2e86e0618 - - default default] show failed (client error): The resource could not be found. [pid: 7|app: 0|req: 1783/3695] 10.0.0.251 () {32 vars in 746 bytes} [Thu Jul 9 18:16:57 2026] GET /v2.0/security-group-rules/5e96a724-f9a1-4a95-9b01-01061821b41c => generated 155 bytes in 13 msecs (HTTP/1.1 404) 4 headers in 164 bytes (1 switches on core 0) [pid: 8|app: 0|req: 1913/3696] 10.0.0.251 () {32 vars in 749 bytes} [Thu Jul 9 18:16:57 2026] DELETE /v2.0/security-group-rules/d81cf5ae-b753-47a3-9555-4187fc6393ff => generated 0 bytes in 151 msecs (HTTP/1.1 204) 2 headers in 112 bytes (1 switches on core 0)
2026-07-09 18:16:57.858 7 INFO neutron.api.v2.resource [None req-a173c111-d74d-49f1-b171-3edb9d189246 a336475c8c58455ba54a5379bab47f83 892866cf785e41ce98ecd5d2e86e0618 - - default default] show failed (client error): The resource could not be found. [pid: 7|app: 0|req: 1784/3697] 10.0.0.251 () {32 vars in 746 bytes} [Thu Jul 9 18:16:57 2026] GET /v2.0/security-group-rules/d81cf5ae-b753-47a3-9555-4187fc6393ff => generated 155 bytes in 13 msecs (HTTP/1.1 404) 4 headers in 164 bytes (1 switches on core 0) [pid: 8|app: 0|req: 1914/3698] 10.0.0.251 () {32 vars in 749 bytes} [Thu Jul 9 18:16:57 2026] DELETE /v2.0/security-group-rules/0f196a4c-66c7-435f-975b-781b26c19f49 => generated 0 bytes in 126 msecs (HTTP/1.1 204) 2 headers in 112 bytes (1 switches on core 0)
2026-07-09 18:16:58.009 7 INFO neutron.api.v2.resource [None req-9e35a39a-3280-4c1f-a30b-7ab5d72c8e6b a336475c8c58455ba54a5379bab47f83 892866cf785e41ce98ecd5d2e86e0618 - - default default] show failed (client error): The resource could not be found. [pid: 7|app: 0|req: 1785/3699] 10.0.0.251 () {32 vars in 746 bytes} [Thu Jul 9 18:16:57 2026] GET /v2.0/security-group-rules/0f196a4c-66c7-435f-975b-781b26c19f49 => generated 155 bytes in 13 msecs (HTTP/1.1 404) 4 headers in 164 bytes (1 switches on core 0) [pid: 8|app: 0|req: 1915/3700] 10.0.0.251 () {32 vars in 749 bytes} [Thu Jul 9 18:16:58 2026] DELETE /v2.0/security-group-rules/5f186ee1-b37c-4dd6-9513-003a51524fa7 => generated 0 bytes in 112 msecs (HTTP/1.1 204) 2 headers in 112 bytes (1 switches on core 0)
2026-07-09 18:16:58.141 7 INFO neutron.api.v2.resource [None req-086f0def-10fd-4b34-93c8-2bbffd82dedc a336475c8c58455ba54a5379bab47f83 892866cf785e41ce98ecd5d2e86e0618 - - default default] show failed (client error): The resource could not be found. [pid: 7|app: 0|req: 1786/3701] 10.0.0.251 () {32 vars in 746 bytes} [Thu Jul 9 18:16:58 2026] GET /v2.0/security-group-rules/5f186ee1-b37c-4dd6-9513-003a51524fa7 => generated 155 bytes in 12 msecs (HTTP/1.1 404) 4 headers in 164 bytes (1 switches on core 0) [pid: 8|app: 0|req: 1916/3702] 10.0.0.251 () {32 vars in 749 bytes} [Thu Jul 9 18:16:58 2026] DELETE /v2.0/security-group-rules/adab0142-edc7-485f-8fe9-0d20823b5fe4 => generated 0 bytes in 121 msecs (HTTP/1.1 204) 2 headers in 112 bytes (1 switches on core 0)
2026-07-09 18:16:58.283 7 INFO neutron.api.v2.resource [None req-0942a212-24b1-4b95-9da4-e95d3e7ef5e2 a336475c8c58455ba54a5379bab47f83 892866cf785e41ce98ecd5d2e86e0618 - - default default] show failed (client error): The resource could not be found. [pid: 7|app: 0|req: 1787/3703] 10.0.0.251 () {32 vars in 746 bytes} [Thu Jul 9 18:16:58 2026] GET /v2.0/security-group-rules/adab0142-edc7-485f-8fe9-0d20823b5fe4 => generated 155 bytes in 12 msecs (HTTP/1.1 404) 4 headers in 164 bytes (1 switches on core 0) [pid: 8|app: 0|req: 1917/3704] 10.0.0.251 () {32 vars in 749 bytes} [Thu Jul 9 18:16:58 2026] DELETE /v2.0/security-group-rules/034c9704-5ae2-4614-8829-d242925bea51 => generated 0 bytes in 116 msecs (HTTP/1.1 204) 2 headers in 112 bytes (1 switches on core 0)
2026-07-09 18:16:58.420 7 INFO neutron.api.v2.resource [None req-e012c3ca-de6d-4629-a61a-03bd793a9879 a336475c8c58455ba54a5379bab47f83 892866cf785e41ce98ecd5d2e86e0618 - - default default] show failed (client error): The resource could not be found. [pid: 7|app: 0|req: 1788/3705] 10.0.0.251 () {32 vars in 746 bytes} [Thu Jul 9 18:16:58 2026] GET /v2.0/security-group-rules/034c9704-5ae2-4614-8829-d242925bea51 => generated 155 bytes in 11 msecs (HTTP/1.1 404) 4 headers in 164 bytes (1 switches on core 0) [pid: 8|app: 0|req: 1918/3706] 10.0.0.251 () {32 vars in 749 bytes} [Thu Jul 9 18:16:58 2026] DELETE /v2.0/security-group-rules/2df14d54-da87-406b-b52d-c9819d8f9111 => generated 0 bytes in 145 msecs (HTTP/1.1 204) 2 headers in 112 bytes (1 switches on core 0)
2026-07-09 18:16:58.587 7 INFO neutron.api.v2.resource [None req-86510376-ac72-43dc-b89a-ed6791848565 a336475c8c58455ba54a5379bab47f83 892866cf785e41ce98ecd5d2e86e0618 - - default default] show failed (client error): The resource could not be found. [pid: 7|app: 0|req: 1789/3707] 10.0.0.251 () {32 vars in 746 bytes} [Thu Jul 9 18:16:58 2026] GET /v2.0/security-group-rules/2df14d54-da87-406b-b52d-c9819d8f9111 => generated 155 bytes in 12 msecs (HTTP/1.1 404) 4 headers in 164 bytes (1 switches on core 0) [pid: 8|app: 0|req: 1919/3708] 10.0.0.251 () {32 vars in 749 bytes} [Thu Jul 9 18:16:58 2026] DELETE /v2.0/security-group-rules/7d72d534-4eeb-4dfd-ba9c-e5a2c3bdc789 => generated 0 bytes in 129 msecs (HTTP/1.1 204) 2 headers in 112 bytes (1 switches on core 0)
2026-07-09 18:16:58.738 7 INFO neutron.api.v2.resource [None req-e8d855af-f6b2-431d-b653-537017a5e2d7 a336475c8c58455ba54a5379bab47f83 892866cf785e41ce98ecd5d2e86e0618 - - default default] show failed (client error): The resource could not be found. [pid: 7|app: 0|req: 1790/3709] 10.0.0.251 () {32 vars in 746 bytes} [Thu Jul 9 18:16:58 2026] GET /v2.0/security-group-rules/7d72d534-4eeb-4dfd-ba9c-e5a2c3bdc789 => generated 155 bytes in 14 msecs (HTTP/1.1 404) 4 headers in 164 bytes (1 switches on core 0) [pid: 8|app: 0|req: 1920/3710] 10.0.0.251 () {32 vars in 739 bytes} [Thu Jul 9 18:16:58 2026] DELETE /v2.0/security-groups/669c55ba-01c7-44c7-be5a-fa04824baea1 => generated 0 bytes in 121 msecs (HTTP/1.1 204) 2 headers in 112 bytes (1 switches on core 0)
2026-07-09 18:16:58.890 7 INFO neutron.api.v2.resource [None req-3655b4bd-861d-4002-a41b-4903ee6313a1 a336475c8c58455ba54a5379bab47f83 892866cf785e41ce98ecd5d2e86e0618 - - default default] show failed (client error): The resource could not be found. [pid: 7|app: 0|req: 1791/3711] 10.0.0.251 () {32 vars in 736 bytes} [Thu Jul 9 18:16:58 2026] GET /v2.0/security-groups/669c55ba-01c7-44c7-be5a-fa04824baea1 => generated 146 bytes in 22 msecs (HTTP/1.1 404) 4 headers in 164 bytes (1 switches on core 0)
2026-07-09 18:16:59.261 8 INFO neutron_taas.services.taas.taas_plugin [None req-8ff616d9-0c23-4427-898a-4aedf7900891 a336475c8c58455ba54a5379bab47f83 892866cf785e41ce98ecd5d2e86e0618 - - default default] TaaS: Handle Delete Port: e884fe08-3e90-4896-9d7a-015768f5f190
2026-07-09 18:16:59.265 8 INFO neutron_taas.services.taas.tap_mirror_plugin [None req-8ff616d9-0c23-4427-898a-4aedf7900891 a336475c8c58455ba54a5379bab47f83 892866cf785e41ce98ecd5d2e86e0618 - - default default] Tap Mirror: Handle Delete Port: e884fe08-3e90-4896-9d7a-015768f5f190 [pid: 8|app: 0|req: 1921/3712] 10.0.0.251 () {34 vars in 788 bytes} [Thu Jul 9 18:16:58 2026] PUT /v2.0/routers/009d5fd1-25f7-41bf-b46e-1a319abb556d/remove_router_interface => generated 309 bytes in 900 msecs (HTTP/1.1 200) 4 headers in 157 bytes (1 switches on core 0)
2026-07-09 18:16:59.951 7 INFO neutron.api.v2.resource [None req-a7554a73-dd0d-4b08-9d18-927fdca7646b a336475c8c58455ba54a5379bab47f83 892866cf785e41ce98ecd5d2e86e0618 - - default default] remove_router_interface failed (client error): The resource could not be found. [pid: 7|app: 0|req: 1792/3713] 10.0.0.251 () {34 vars in 788 bytes} [Thu Jul 9 18:16:59 2026] PUT /v2.0/routers/009d5fd1-25f7-41bf-b46e-1a319abb556d/remove_router_interface => generated 198 bytes in 108 msecs (HTTP/1.1 404) 4 headers in 164 bytes (1 switches on core 0) /var/lib/openstack/lib/python3.12/site-packages/pycadf/identifier.py:70: UserWarning: Invalid uuid: neutron. To ensure interoperability, identifiers should be a valid uuid. warnings.warn(('Invalid uuid: %s. To ensure interoperability, '
2026-07-09 18:17:00.290 8 INFO neutron_taas.services.taas.taas_plugin [None req-ec3bfdfb-7acf-437e-88fc-8689cf10e8a2 a336475c8c58455ba54a5379bab47f83 892866cf785e41ce98ecd5d2e86e0618 - - default default] TaaS: Handle Delete Port: 92a4562e-f186-4806-a22a-e48e4649cb67
2026-07-09 18:17:00.294 8 INFO neutron_taas.services.taas.tap_mirror_plugin [None req-ec3bfdfb-7acf-437e-88fc-8689cf10e8a2 a336475c8c58455ba54a5379bab47f83 892866cf785e41ce98ecd5d2e86e0618 - - default default] Tap Mirror: Handle Delete Port: 92a4562e-f186-4806-a22a-e48e4649cb67 [pid: 8|app: 0|req: 1922/3714] 10.0.0.251 () {34 vars in 788 bytes} [Thu Jul 9 18:16:59 2026] PUT /v2.0/routers/009d5fd1-25f7-41bf-b46e-1a319abb556d/remove_router_interface => generated 309 bytes in 916 msecs (HTTP/1.1 200) 4 headers in 157 bytes (1 switches on core 0)
2026-07-09 18:17:00.999 7 INFO neutron.api.v2.resource [None req-26f16425-6b0f-45cd-8444-483ffb8cf6b4 a336475c8c58455ba54a5379bab47f83 892866cf785e41ce98ecd5d2e86e0618 - - default default] remove_router_interface failed (client error): The resource could not be found. [pid: 7|app: 0|req: 1793/3715] 10.0.0.251 () {34 vars in 788 bytes} [Thu Jul 9 18:17:00 2026] PUT /v2.0/routers/009d5fd1-25f7-41bf-b46e-1a319abb556d/remove_router_interface => generated 198 bytes in 120 msecs (HTTP/1.1 404) 4 headers in 164 bytes (1 switches on core 0) /var/lib/openstack/lib/python3.12/site-packages/pycadf/identifier.py:70: UserWarning: Invalid uuid: neutron. To ensure interoperability, identifiers should be a valid uuid. warnings.warn(('Invalid uuid: %s. To ensure interoperability, '
2026-07-09 18:17:01.401 8 INFO neutron_taas.services.taas.taas_plugin [None req-496ccd6c-9e02-4871-a8e1-a662d0be9fdc a336475c8c58455ba54a5379bab47f83 892866cf785e41ce98ecd5d2e86e0618 - - default default] TaaS: Handle Delete Port: a35381cf-bfe6-42a9-8423-e6a16309fdfa
2026-07-09 18:17:01.405 8 INFO neutron_taas.services.taas.tap_mirror_plugin [None req-496ccd6c-9e02-4871-a8e1-a662d0be9fdc a336475c8c58455ba54a5379bab47f83 892866cf785e41ce98ecd5d2e86e0618 - - default default] Tap Mirror: Handle Delete Port: a35381cf-bfe6-42a9-8423-e6a16309fdfa [pid: 8|app: 0|req: 1923/3716] 10.0.0.251 () {34 vars in 788 bytes} [Thu Jul 9 18:17:01 2026] PUT /v2.0/routers/009d5fd1-25f7-41bf-b46e-1a319abb556d/remove_router_interface => generated 309 bytes in 971 msecs (HTTP/1.1 200) 4 headers in 157 bytes (1 switches on core 0)
2026-07-09 18:17:02.106 7 INFO neutron.api.v2.resource [None req-c7865f33-e106-492f-9455-3571c921e086 a336475c8c58455ba54a5379bab47f83 892866cf785e41ce98ecd5d2e86e0618 - - default default] remove_router_interface failed (client error): The resource could not be found. [pid: 7|app: 0|req: 1794/3717] 10.0.0.251 () {34 vars in 788 bytes} [Thu Jul 9 18:17:01 2026] PUT /v2.0/routers/009d5fd1-25f7-41bf-b46e-1a319abb556d/remove_router_interface => generated 198 bytes in 124 msecs (HTTP/1.1 404) 4 headers in 164 bytes (1 switches on core 0) /var/lib/openstack/lib/python3.12/site-packages/pycadf/identifier.py:70: UserWarning: Invalid uuid: neutron. To ensure interoperability, identifiers should be a valid uuid. warnings.warn(('Invalid uuid: %s. To ensure interoperability, '
2026-07-09 18:17:02.480 8 INFO neutron_taas.services.taas.taas_plugin [None req-eb44331e-2888-437c-b372-cf32573bb3a0 a336475c8c58455ba54a5379bab47f83 892866cf785e41ce98ecd5d2e86e0618 - - default default] TaaS: Handle Delete Port: 0840a054-7e6a-4088-97c9-3278b08aba5c
2026-07-09 18:17:02.483 8 INFO neutron_taas.services.taas.tap_mirror_plugin [None req-eb44331e-2888-437c-b372-cf32573bb3a0 a336475c8c58455ba54a5379bab47f83 892866cf785e41ce98ecd5d2e86e0618 - - default default] Tap Mirror: Handle Delete Port: 0840a054-7e6a-4088-97c9-3278b08aba5c [pid: 8|app: 0|req: 1924/3718] 10.0.0.251 () {32 vars in 723 bytes} [Thu Jul 9 18:17:02 2026] DELETE /v2.0/routers/009d5fd1-25f7-41bf-b46e-1a319abb556d => generated 0 bytes in 860 msecs (HTTP/1.1 204) 2 headers in 112 bytes (1 switches on core 0)
2026-07-09 18:17:03.011 7 INFO neutron.api.v2.resource [None req-0c22f827-0dd5-49fa-a756-64cf5707d8d0 a336475c8c58455ba54a5379bab47f83 892866cf785e41ce98ecd5d2e86e0618 - - default default] show failed (client error): The resource could not be found. [pid: 7|app: 0|req: 1795/3719] 10.0.0.251 () {32 vars in 720 bytes} [Thu Jul 9 18:17:02 2026] GET /v2.0/routers/009d5fd1-25f7-41bf-b46e-1a319abb556d => generated 135 bytes in 34 msecs (HTTP/1.1 404) 4 headers in 164 bytes (1 switches on core 0) [pid: 8|app: 0|req: 1925/3720] 10.0.0.251 () {32 vars in 723 bytes} [Thu Jul 9 18:17:03 2026] DELETE /v2.0/subnets/c77cd0ce-454d-4a8f-a6d5-6204921e3898 => generated 0 bytes in 166 msecs (HTTP/1.1 204) 3 headers in 131 bytes (1 switches on core 0)
2026-07-09 18:17:03.213 7 INFO neutron.pecan_wsgi.hooks.translation [None req-c1cc5464-29b4-4689-b45d-3d14fc1ed556 a336475c8c58455ba54a5379bab47f83 892866cf785e41ce98ecd5d2e86e0618 - - default default] GET failed (client error): The resource could not be found. [pid: 7|app: 0|req: 1796/3721] 10.0.0.251 () {32 vars in 720 bytes} [Thu Jul 9 18:17:03 2026] GET /v2.0/subnets/c77cd0ce-454d-4a8f-a6d5-6204921e3898 => generated 136 bytes in 26 msecs (HTTP/1.1 404) 4 headers in 164 bytes (1 switches on core 0) [pid: 8|app: 0|req: 1926/3722] 10.0.0.251 () {32 vars in 723 bytes} [Thu Jul 9 18:17:03 2026] DELETE /v2.0/subnets/fa3e6c97-ae36-4af6-bf18-b1c10d03417d => generated 0 bytes in 230 msecs (HTTP/1.1 204) 3 headers in 131 bytes (1 switches on core 0)
2026-07-09 18:17:03.470 7 INFO neutron.pecan_wsgi.hooks.translation [None req-38feae75-113c-4463-ac8d-db4ce1dc92f6 a336475c8c58455ba54a5379bab47f83 892866cf785e41ce98ecd5d2e86e0618 - - default default] GET failed (client error): The resource could not be found. [pid: 7|app: 0|req: 1797/3723] 10.0.0.251 () {32 vars in 720 bytes} [Thu Jul 9 18:17:03 2026] GET /v2.0/subnets/fa3e6c97-ae36-4af6-bf18-b1c10d03417d => generated 136 bytes in 18 msecs (HTTP/1.1 404) 4 headers in 164 bytes (1 switches on core 0)
2026-07-09 18:17:03.645 8 INFO neutron_taas.services.taas.taas_plugin [None req-016ae4ff-36b5-4235-8ca5-a7cb6d92b71d a336475c8c58455ba54a5379bab47f83 892866cf785e41ce98ecd5d2e86e0618 - - default default] TaaS: Handle Delete Port: c51adc53-d11d-4660-a6de-4499239b8b5e
2026-07-09 18:17:03.647 8 INFO neutron_taas.services.taas.tap_mirror_plugin [None req-016ae4ff-36b5-4235-8ca5-a7cb6d92b71d a336475c8c58455ba54a5379bab47f83 892866cf785e41ce98ecd5d2e86e0618 - - default default] Tap Mirror: Handle Delete Port: c51adc53-d11d-4660-a6de-4499239b8b5e
2026-07-09 18:17:03.886 8 INFO neutron.services.segments.plugin [-] Segment b14dc437-b0ff-40b9-9bfb-fd31991ae7a7 resource provider aggregate not found
2026-07-09 18:17:03.891 8 INFO neutron.services.segments.plugin [-] Segment b14dc437-b0ff-40b9-9bfb-fd31991ae7a7 resource provider aggregate not found
2026-07-09 18:17:03.911 8 INFO neutron.services.segments.plugin [-] Client error retrieving segment b14dc437-b0ff-40b9-9bfb-fd31991ae7a7 resource provider; error: Placement Client Error (4xx): {"errors": [{"status": 404, "title": "Not Found", "detail": "The resource could not be found.\n\n No resource provider with uuid b14dc437-b0ff-40b9-9bfb-fd31991ae7a7 found for delete ", "request_id": "req-749667c4-6300-4320-a09e-90e4d5ca1dee"}]}
2026-07-09 18:17:03.912 8 INFO neutron.services.segments.plugin [-] Client error retrieving segment b14dc437-b0ff-40b9-9bfb-fd31991ae7a7 resource provider; error: Placement Client Error (4xx): {"errors": [{"status": 404, "title": "Not Found", "detail": "The resource could not be found.\n\n No resource provider with uuid b14dc437-b0ff-40b9-9bfb-fd31991ae7a7 found for delete ", "request_id": "req-87727f5d-2875-47ff-a9ae-052091b613a2"}]} [pid: 8|app: 0|req: 1927/3724] 10.0.0.251 () {32 vars in 725 bytes} [Thu Jul 9 18:17:03 2026] DELETE /v2.0/networks/25a15370-5af6-4b36-abf9-7dde621e3c64 => generated 0 bytes in 466 msecs (HTTP/1.1 204) 3 headers in 131 bytes (1 switches on core 0)
2026-07-09 18:17:03.981 7 INFO neutron.pecan_wsgi.hooks.translation [None req-cdeffe15-f705-4ab1-bf9b-b34f9477694e a336475c8c58455ba54a5379bab47f83 892866cf785e41ce98ecd5d2e86e0618 - - default default] GET failed (client error): The resource could not be found. [pid: 7|app: 0|req: 1798/3725] 10.0.0.251 () {32 vars in 722 bytes} [Thu Jul 9 18:17:03 2026] GET /v2.0/networks/25a15370-5af6-4b36-abf9-7dde621e3c64 => generated 138 bytes in 31 msecs (HTTP/1.1 404) 4 headers in 164 bytes (1 switches on core 0) [pid: 8|app: 0|req: 1928/3726] 10.0.0.251 () {32 vars in 723 bytes} [Thu Jul 9 18:17:03 2026] DELETE /v2.0/subnets/3a5991c6-8a2f-47f3-b191-8f4e39c97122 => generated 0 bytes in 155 msecs (HTTP/1.1 204) 3 headers in 131 bytes (1 switches on core 0)
2026-07-09 18:17:04.165 7 INFO neutron.pecan_wsgi.hooks.translation [None req-2fa449dc-0c31-4822-9101-90c99b3b8586 a336475c8c58455ba54a5379bab47f83 892866cf785e41ce98ecd5d2e86e0618 - - default default] GET failed (client error): The resource could not be found. [pid: 7|app: 0|req: 1799/3727] 10.0.0.251 () {32 vars in 720 bytes} [Thu Jul 9 18:17:04 2026] GET /v2.0/subnets/3a5991c6-8a2f-47f3-b191-8f4e39c97122 => generated 136 bytes in 16 msecs (HTTP/1.1 404) 4 headers in 164 bytes (1 switches on core 0) [pid: 8|app: 0|req: 1929/3728] 10.0.0.251 () {32 vars in 723 bytes} [Thu Jul 9 18:17:04 2026] DELETE /v2.0/subnets/09c07c42-a7bc-42c4-a125-3cff1063eab1 => generated 0 bytes in 168 msecs (HTTP/1.1 204) 3 headers in 131 bytes (1 switches on core 0)
2026-07-09 18:17:04.363 7 INFO neutron.pecan_wsgi.hooks.translation [None req-f03e1ad8-e014-45e1-a179-e271c3275872 a336475c8c58455ba54a5379bab47f83 892866cf785e41ce98ecd5d2e86e0618 - - default default] GET failed (client error): The resource could not be found. [pid: 7|app: 0|req: 1800/3729] 10.0.0.251 () {32 vars in 720 bytes} [Thu Jul 9 18:17:04 2026] GET /v2.0/subnets/09c07c42-a7bc-42c4-a125-3cff1063eab1 => generated 136 bytes in 17 msecs (HTTP/1.1 404) 4 headers in 164 bytes (1 switches on core 0)
2026-07-09 18:17:04.493 8 INFO neutron_taas.services.taas.taas_plugin [None req-2b4b8f05-3d0a-4e99-a4e5-2f491c51b4a1 a336475c8c58455ba54a5379bab47f83 892866cf785e41ce98ecd5d2e86e0618 - - default default] TaaS: Handle Delete Port: 6718c215-5352-4d45-b282-c3298036d655
2026-07-09 18:17:04.498 8 INFO neutron_taas.services.taas.tap_mirror_plugin [None req-2b4b8f05-3d0a-4e99-a4e5-2f491c51b4a1 a336475c8c58455ba54a5379bab47f83 892866cf785e41ce98ecd5d2e86e0618 - - default default] Tap Mirror: Handle Delete Port: 6718c215-5352-4d45-b282-c3298036d655 [pid: 8|app: 0|req: 1930/3730] 10.0.0.251 () {32 vars in 725 bytes} [Thu Jul 9 18:17:04 2026] DELETE /v2.0/networks/2ee7f147-ae58-41b1-8079-19a409932a6e => generated 0 bytes in 373 msecs (HTTP/1.1 204) 3 headers in 131 bytes (1 switches on core 0)
2026-07-09 18:17:04.776 7 INFO neutron.pecan_wsgi.hooks.translation [None req-6ac40c74-89c5-422e-a9c3-bde72363b3ff a336475c8c58455ba54a5379bab47f83 892866cf785e41ce98ecd5d2e86e0618 - - default default] GET failed (client error): The resource could not be found. [pid: 7|app: 0|req: 1801/3731] 10.0.0.251 () {32 vars in 722 bytes} [Thu Jul 9 18:17:04 2026] GET /v2.0/networks/2ee7f147-ae58-41b1-8079-19a409932a6e => generated 138 bytes in 18 msecs (HTTP/1.1 404) 4 headers in 164 bytes (1 switches on core 0) [pid: 8|app: 0|req: 1931/3734] 10.0.0.251 () {32 vars in 723 bytes} [Thu Jul 9 18:17:04 2026] DELETE /v2.0/subnets/11e093c5-81e2-4baa-9fcd-8cfefacb3ace => generated 0 bytes in 175 msecs (HTTP/1.1 204) 3 headers in 131 bytes (1 switches on core 0)
2026-07-09 18:17:04.984 7 INFO neutron.pecan_wsgi.hooks.translation [None req-3f03f119-a65f-4ec7-a9d5-39ff82964ce3 a336475c8c58455ba54a5379bab47f83 892866cf785e41ce98ecd5d2e86e0618 - - default default] GET failed (client error): The resource could not be found. [pid: 7|app: 0|req: 1804/3735] 10.0.0.251 () {32 vars in 720 bytes} [Thu Jul 9 18:17:04 2026] GET /v2.0/subnets/11e093c5-81e2-4baa-9fcd-8cfefacb3ace => generated 136 bytes in 17 msecs (HTTP/1.1 404) 4 headers in 164 bytes (1 switches on core 0) [pid: 8|app: 0|req: 1932/3736] 10.0.0.251 () {32 vars in 723 bytes} [Thu Jul 9 18:17:04 2026] DELETE /v2.0/subnets/0516e157-fc60-4f46-b5c1-f120355db8b4 => generated 0 bytes in 167 msecs (HTTP/1.1 204) 3 headers in 131 bytes (1 switches on core 0)
2026-07-09 18:17:05.186 7 INFO neutron.pecan_wsgi.hooks.translation [None req-653fc5f6-ac99-49f9-980b-ee58a9b48289 a336475c8c58455ba54a5379bab47f83 892866cf785e41ce98ecd5d2e86e0618 - - default default] GET failed (client error): The resource could not be found. [pid: 7|app: 0|req: 1805/3737] 10.0.0.251 () {32 vars in 720 bytes} [Thu Jul 9 18:17:05 2026] GET /v2.0/subnets/0516e157-fc60-4f46-b5c1-f120355db8b4 => generated 136 bytes in 18 msecs (HTTP/1.1 404) 4 headers in 164 bytes (1 switches on core 0)
2026-07-09 18:17:05.338 8 INFO neutron_taas.services.taas.taas_plugin [None req-647eb025-101a-4475-8040-ae1ad55889b5 a336475c8c58455ba54a5379bab47f83 892866cf785e41ce98ecd5d2e86e0618 - - default default] TaaS: Handle Delete Port: 543ad01b-7a49-4efc-9f36-efd2c6416425
2026-07-09 18:17:05.341 8 INFO neutron_taas.services.taas.tap_mirror_plugin [None req-647eb025-101a-4475-8040-ae1ad55889b5 a336475c8c58455ba54a5379bab47f83 892866cf785e41ce98ecd5d2e86e0618 - - default default] Tap Mirror: Handle Delete Port: 543ad01b-7a49-4efc-9f36-efd2c6416425 [pid: 8|app: 0|req: 1933/3738] 10.0.0.251 () {32 vars in 725 bytes} [Thu Jul 9 18:17:05 2026] DELETE /v2.0/networks/a59363d5-513b-4c35-ae18-de4c8b9512cc => generated 0 bytes in 374 msecs (HTTP/1.1 204) 3 headers in 131 bytes (1 switches on core 0)
2026-07-09 18:17:05.598 7 INFO neutron.pecan_wsgi.hooks.translation [None req-b1762b8b-a0fb-4a67-9f36-1f383e64dad7 a336475c8c58455ba54a5379bab47f83 892866cf785e41ce98ecd5d2e86e0618 - - default default] GET failed (client error): The resource could not be found. [pid: 7|app: 0|req: 1806/3739] 10.0.0.251 () {32 vars in 722 bytes} [Thu Jul 9 18:17:05 2026] GET /v2.0/networks/a59363d5-513b-4c35-ae18-de4c8b9512cc => generated 138 bytes in 20 msecs (HTTP/1.1 404) 4 headers in 164 bytes (1 switches on core 0)
2026-07-09 18:17:05.940 8 INFO neutron.services.segments.plugin [-] Segment 8e98058e-6965-44aa-81a4-c53bcc201f8b resource provider aggregate not found
2026-07-09 18:17:05.945 8 INFO neutron.services.segments.plugin [-] Segment 8e98058e-6965-44aa-81a4-c53bcc201f8b resource provider aggregate not found
2026-07-09 18:17:05.959 8 INFO neutron.services.segments.plugin [-] Client error retrieving segment 8e98058e-6965-44aa-81a4-c53bcc201f8b resource provider; error: Placement Client Error (4xx): {"errors": [{"status": 404, "title": "Not Found", "detail": "The resource could not be found.\n\n No resource provider with uuid 8e98058e-6965-44aa-81a4-c53bcc201f8b found for delete ", "request_id": "req-39df2295-06f5-489c-9e08-17edec575b7e"}]}
2026-07-09 18:17:05.977 8 INFO neutron.services.segments.plugin [-] Segment 2c9e63ae-6f87-4017-9050-6ac8d8fc952a resource provider aggregate not found
2026-07-09 18:17:05.988 8 INFO neutron.services.segments.plugin [-] Client error retrieving segment 8e98058e-6965-44aa-81a4-c53bcc201f8b resource provider; error: Placement Client Error (4xx): {"errors": [{"status": 404, "title": "Not Found", "detail": "The resource could not be found.\n\n No resource provider with uuid 8e98058e-6965-44aa-81a4-c53bcc201f8b found for delete ", "request_id": "req-68627f6e-7117-4161-bc54-f613395ce0ee"}]}
2026-07-09 18:17:05.994 8 INFO neutron.services.segments.plugin [-] Client error retrieving segment 2c9e63ae-6f87-4017-9050-6ac8d8fc952a resource provider; error: Placement Client Error (4xx): {"errors": [{"status": 404, "title": "Not Found", "detail": "The resource could not be found.\n\n No resource provider with uuid 2c9e63ae-6f87-4017-9050-6ac8d8fc952a found for delete ", "request_id": "req-478f2440-7dde-45d2-a4e8-40d6ad1f0d65"}]}
2026-07-09 18:17:06.007 8 INFO neutron.services.segments.plugin [-] Segment 2c9e63ae-6f87-4017-9050-6ac8d8fc952a resource provider aggregate not found
2026-07-09 18:17:06.021 8 INFO neutron.services.segments.plugin [-] Client error retrieving segment 2c9e63ae-6f87-4017-9050-6ac8d8fc952a resource provider; error: Placement Client Error (4xx): {"errors": [{"status": 404, "title": "Not Found", "detail": "The resource could not be found.\n\n No resource provider with uuid 2c9e63ae-6f87-4017-9050-6ac8d8fc952a found for delete ", "request_id": "req-884f411a-ceba-4488-bf8f-b8a8da2758a4"}]} [pid: 8|app: 0|req: 1934/3740] 10.0.0.195 () {28 vars in 584 bytes} [Thu Jul 9 18:17:06 2026] GET /v2.0/networks => generated 2174 bytes in 224 msecs (HTTP/1.1 200) 4 headers in 158 bytes (1 switches on core 0) [pid: 7|app: 0|req: 1807/3741] 10.0.0.195 () {28 vars in 578 bytes} [Thu Jul 9 18:17:06 2026] GET /v2.0/ports => generated 5175 bytes in 56 msecs (HTTP/1.1 200) 4 headers in 158 bytes (1 switches on core 0) [pid: 8|app: 0|req: 1935/3742] 10.0.0.195 () {28 vars in 618 bytes} [Thu Jul 9 18:17:06 2026] GET /v2.0/network-ip-availabilities => generated 1104 bytes in 18 msecs (HTTP/1.1 200) 4 headers in 158 bytes (1 switches on core 0) [pid: 7|app: 0|req: 1808/3743] 10.0.0.195 () {28 vars in 598 bytes} [Thu Jul 9 18:17:06 2026] GET /v2.0/security-groups => generated 20309 bytes in 47 msecs (HTTP/1.1 200) 4 headers in 159 bytes (1 switches on core 0) [pid: 8|app: 0|req: 1936/3744] 10.0.0.195 () {28 vars in 580 bytes} [Thu Jul 9 18:17:06 2026] GET /v2.0/agents => generated 1214 bytes in 14 msecs (HTTP/1.1 200) 4 headers in 158 bytes (1 switches on core 0) [pid: 7|app: 0|req: 1809/3745] 10.0.0.195 () {28 vars in 582 bytes} [Thu Jul 9 18:17:06 2026] GET /v2.0/subnets => generated 1308 bytes in 29 msecs (HTTP/1.1 200) 4 headers in 158 bytes (1 switches on core 0) [pid: 8|app: 0|req: 1937/3746] 10.0.0.195 () {28 vars in 590 bytes} [Thu Jul 9 18:17:06 2026] GET /v2.0/subnetpools => generated 19 bytes in 13 msecs (HTTP/1.1 200) 4 headers in 156 bytes (1 switches on core 0) [pid: 7|app: 0|req: 1810/3747] 10.0.0.195 () {28 vars in 590 bytes} [Thu Jul 9 18:17:07 2026] GET /v2.0/floatingips => generated 19 bytes in 21 msecs (HTTP/1.1 200) 4 headers in 156 bytes (1 switches on core 0) [pid: 8|app: 0|req: 1938/3748] 10.0.0.195 () {28 vars in 582 bytes} [Thu Jul 9 18:17:07 2026] GET /v2.0/subnets => generated 1308 bytes in 35 msecs (HTTP/1.1 200) 4 headers in 158 bytes (1 switches on core 0) [pid: 7|app: 0|req: 1811/3749] 10.0.0.195 () {28 vars in 582 bytes} [Thu Jul 9 18:17:07 2026] GET /v2.0/routers => generated 15 bytes in 20 msecs (HTTP/1.1 200) 4 headers in 156 bytes (1 switches on core 0) [pid: 8|app: 0|req: 1939/3750] 10.0.0.195 () {28 vars in 623 bytes} [Thu Jul 9 18:17:07 2026] GET /v2.0/agents?binary=ovn-controller => generated 416 bytes in 12 msecs (HTTP/1.1 200) 4 headers in 157 bytes (1 switches on core 0)
2026-07-09 18:17:07.920 7 INFO neutron.db.ovn_revision_numbers_db [None req-3ee3cc91-8931-43ab-a4c9-03c3b27f019b 83ca7f7540574c3eb8543519573d9a53 0f7741b30d414f93bd6a1b5d57b8ff6b - - default default] Successfully bumped revision number for resource 15f3a774-7887-484c-8467-f9d518884a36 (type: security_groups) to 1
2026-07-09 18:17:07.932 7 INFO neutron.db.ovn_revision_numbers_db [None req-3ee3cc91-8931-43ab-a4c9-03c3b27f019b 83ca7f7540574c3eb8543519573d9a53 0f7741b30d414f93bd6a1b5d57b8ff6b - - default default] Successfully bumped revision number for resource 149e2dc9-6ec4-4dd9-8be0-c577b2c5b2c1 (type: security_group_rules) to 0
2026-07-09 18:17:07.946 7 INFO neutron.db.ovn_revision_numbers_db [None req-3ee3cc91-8931-43ab-a4c9-03c3b27f019b 83ca7f7540574c3eb8543519573d9a53 0f7741b30d414f93bd6a1b5d57b8ff6b - - default default] Successfully bumped revision number for resource 29c28de5-25f9-4c85-acc2-a186ae59c1c1 (type: security_group_rules) to 0
2026-07-09 18:17:07.959 7 INFO neutron.db.ovn_revision_numbers_db [None req-3ee3cc91-8931-43ab-a4c9-03c3b27f019b 83ca7f7540574c3eb8543519573d9a53 0f7741b30d414f93bd6a1b5d57b8ff6b - - default default] Successfully bumped revision number for resource 7099b4b9-21da-4274-a9a3-9e401a5eb542 (type: security_group_rules) to 0
2026-07-09 18:17:07.971 7 INFO neutron.db.ovn_revision_numbers_db [None req-3ee3cc91-8931-43ab-a4c9-03c3b27f019b 83ca7f7540574c3eb8543519573d9a53 0f7741b30d414f93bd6a1b5d57b8ff6b - - default default] Successfully bumped revision number for resource a8fb1b41-96d1-410b-8637-1fd95394f6b5 (type: security_group_rules) to 0 [pid: 7|app: 0|req: 1812/3751] 10.0.0.251 () {32 vars in 773 bytes} [Thu Jul 9 18:17:07 2026] GET /v2.0/security-groups?tenant_id=72622f2d72e5403cbeae427694e4f216&name=default => generated 2929 bytes in 398 msecs (HTTP/1.1 200) 4 headers in 158 bytes (1 switches on core 0) [pid: 8|app: 0|req: 1940/3752] 10.0.0.251 () {32 vars in 739 bytes} [Thu Jul 9 18:17:08 2026] DELETE /v2.0/security-groups/15f3a774-7887-484c-8467-f9d518884a36 => generated 0 bytes in 227 msecs (HTTP/1.1 204) 2 headers in 112 bytes (1 switches on core 0)
2026-07-09 18:17:08.465 7 INFO neutron.db.ovn_revision_numbers_db [None req-03832209-f621-43dc-94f0-b438af72e897 83ca7f7540574c3eb8543519573d9a53 0f7741b30d414f93bd6a1b5d57b8ff6b - - default default] Successfully bumped revision number for resource 6b5ae13e-ec8a-405a-816d-92add32e3d95 (type: security_groups) to 1
2026-07-09 18:17:08.485 7 INFO neutron.db.ovn_revision_numbers_db [None req-03832209-f621-43dc-94f0-b438af72e897 83ca7f7540574c3eb8543519573d9a53 0f7741b30d414f93bd6a1b5d57b8ff6b - - default default] Successfully bumped revision number for resource 1a847445-0003-42ab-a060-8a75d3dd8a1b (type: security_group_rules) to 0
2026-07-09 18:17:08.499 7 INFO neutron.db.ovn_revision_numbers_db [None req-03832209-f621-43dc-94f0-b438af72e897 83ca7f7540574c3eb8543519573d9a53 0f7741b30d414f93bd6a1b5d57b8ff6b - - default default] Successfully bumped revision number for resource 2d74a49b-f69c-466b-9044-3e3c070a63eb (type: security_group_rules) to 0
2026-07-09 18:17:08.509 7 INFO neutron.db.ovn_revision_numbers_db [None req-03832209-f621-43dc-94f0-b438af72e897 83ca7f7540574c3eb8543519573d9a53 0f7741b30d414f93bd6a1b5d57b8ff6b - - default default] Successfully bumped revision number for resource c95c6a07-d486-4938-a92b-1d804a68741c (type: security_group_rules) to 0
2026-07-09 18:17:08.520 7 INFO neutron.db.ovn_revision_numbers_db [None req-03832209-f621-43dc-94f0-b438af72e897 83ca7f7540574c3eb8543519573d9a53 0f7741b30d414f93bd6a1b5d57b8ff6b - - default default] Successfully bumped revision number for resource cb63e50e-1f81-4cf3-a08a-693bfad3b009 (type: security_group_rules) to 0 [pid: 7|app: 0|req: 1813/3753] 10.0.0.251 () {32 vars in 773 bytes} [Thu Jul 9 18:17:08 2026] GET /v2.0/security-groups?tenant_id=1b7a46df728d43708017173430a58cc4&name=default => generated 2929 bytes in 246 msecs (HTTP/1.1 200) 4 headers in 158 bytes (1 switches on core 0) [pid: 8|app: 0|req: 1941/3754] 10.0.0.251 () {32 vars in 739 bytes} [Thu Jul 9 18:17:08 2026] DELETE /v2.0/security-groups/6b5ae13e-ec8a-405a-816d-92add32e3d95 => generated 0 bytes in 273 msecs (HTTP/1.1 204) 2 headers in 112 bytes (1 switches on core 0)
2026-07-09 18:17:09.146 7 INFO neutron.db.ovn_revision_numbers_db [None req-1f348dcf-aab9-4136-980e-d077cf136ab0 83ca7f7540574c3eb8543519573d9a53 0f7741b30d414f93bd6a1b5d57b8ff6b - - default default] Successfully bumped revision number for resource a32683ba-2173-4913-bea7-3eed61cc331b (type: security_groups) to 1
2026-07-09 18:17:09.160 7 INFO neutron.db.ovn_revision_numbers_db [None req-1f348dcf-aab9-4136-980e-d077cf136ab0 83ca7f7540574c3eb8543519573d9a53 0f7741b30d414f93bd6a1b5d57b8ff6b - - default default] Successfully bumped revision number for resource 0b24e096-92aa-47db-a675-81a34558cd7d (type: security_group_rules) to 0
2026-07-09 18:17:09.172 7 INFO neutron.db.ovn_revision_numbers_db [None req-1f348dcf-aab9-4136-980e-d077cf136ab0 83ca7f7540574c3eb8543519573d9a53 0f7741b30d414f93bd6a1b5d57b8ff6b - - default default] Successfully bumped revision number for resource 29517f39-aa71-40dc-98f8-5e242d0f3f75 (type: security_group_rules) to 0
2026-07-09 18:17:09.183 7 INFO neutron.db.ovn_revision_numbers_db [None req-1f348dcf-aab9-4136-980e-d077cf136ab0 83ca7f7540574c3eb8543519573d9a53 0f7741b30d414f93bd6a1b5d57b8ff6b - - default default] Successfully bumped revision number for resource 95adffd7-fd9e-4d2e-80a7-07cdb169b0d3 (type: security_group_rules) to 0
2026-07-09 18:17:09.194 7 INFO neutron.db.ovn_revision_numbers_db [None req-1f348dcf-aab9-4136-980e-d077cf136ab0 83ca7f7540574c3eb8543519573d9a53 0f7741b30d414f93bd6a1b5d57b8ff6b - - default default] Successfully bumped revision number for resource ef7eab4e-fb0f-4ced-8500-30a75fce9c72 (type: security_group_rules) to 0 [pid: 7|app: 0|req: 1814/3755] 10.0.0.251 () {32 vars in 773 bytes} [Thu Jul 9 18:17:08 2026] GET /v2.0/security-groups?tenant_id=dbda09151e184b6395f8eab6e374d35f&name=default => generated 2929 bytes in 235 msecs (HTTP/1.1 200) 4 headers in 158 bytes (1 switches on core 0) [pid: 8|app: 0|req: 1942/3756] 10.0.0.251 () {32 vars in 739 bytes} [Thu Jul 9 18:17:09 2026] DELETE /v2.0/security-groups/a32683ba-2173-4913-bea7-3eed61cc331b => generated 0 bytes in 231 msecs (HTTP/1.1 204) 2 headers in 112 bytes (1 switches on core 0)
2026-07-09 18:17:09.761 7 INFO neutron.db.ovn_revision_numbers_db [None req-303d45de-ed9f-4cd8-92fa-8bdfef22bfa0 83ca7f7540574c3eb8543519573d9a53 0f7741b30d414f93bd6a1b5d57b8ff6b - - default default] Successfully bumped revision number for resource 6e76c966-c77f-485f-91f4-3c2c4ccfb589 (type: security_groups) to 1
2026-07-09 18:17:09.775 7 INFO neutron.db.ovn_revision_numbers_db [None req-303d45de-ed9f-4cd8-92fa-8bdfef22bfa0 83ca7f7540574c3eb8543519573d9a53 0f7741b30d414f93bd6a1b5d57b8ff6b - - default default] Successfully bumped revision number for resource 05f83f94-ffc1-4123-97bd-67b8e86ac2b2 (type: security_group_rules) to 0
2026-07-09 18:17:09.793 7 INFO neutron.db.ovn_revision_numbers_db [None req-303d45de-ed9f-4cd8-92fa-8bdfef22bfa0 83ca7f7540574c3eb8543519573d9a53 0f7741b30d414f93bd6a1b5d57b8ff6b - - default default] Successfully bumped revision number for resource 18d3c761-efd6-4f81-af9a-4cccc2aad0d2 (type: security_group_rules) to 0
2026-07-09 18:17:09.812 7 INFO neutron.db.ovn_revision_numbers_db [None req-303d45de-ed9f-4cd8-92fa-8bdfef22bfa0 83ca7f7540574c3eb8543519573d9a53 0f7741b30d414f93bd6a1b5d57b8ff6b - - default default] Successfully bumped revision number for resource 72014492-f4da-48bc-b37a-6cfd5d5ac5fb (type: security_group_rules) to 0
2026-07-09 18:17:09.824 7 INFO neutron.db.ovn_revision_numbers_db [None req-303d45de-ed9f-4cd8-92fa-8bdfef22bfa0 83ca7f7540574c3eb8543519573d9a53 0f7741b30d414f93bd6a1b5d57b8ff6b - - default default] Successfully bumped revision number for resource a9fb9958-ddf2-42e2-800d-4f8c004d0e99 (type: security_group_rules) to 0 [pid: 7|app: 0|req: 1815/3757] 10.0.0.251 () {32 vars in 773 bytes} [Thu Jul 9 18:17:09 2026] GET /v2.0/security-groups?tenant_id=4e5dcfd707dd4818aba49c097bc67673&name=default => generated 2929 bytes in 259 msecs (HTTP/1.1 200) 4 headers in 158 bytes (1 switches on core 0) [pid: 8|app: 0|req: 1943/3758] 10.0.0.251 () {32 vars in 739 bytes} [Thu Jul 9 18:17:09 2026] DELETE /v2.0/security-groups/6e76c966-c77f-485f-91f4-3c2c4ccfb589 => generated 0 bytes in 273 msecs (HTTP/1.1 204) 2 headers in 112 bytes (1 switches on core 0) [pid: 7|app: 0|req: 1816/3759] 10.0.0.251 () {32 vars in 773 bytes} [Thu Jul 9 18:17:10 2026] GET /v2.0/security-groups?tenant_id=892866cf785e41ce98ecd5d2e86e0618&name=default => generated 2929 bytes in 28 msecs (HTTP/1.1 200) 4 headers in 158 bytes (1 switches on core 0) [pid: 8|app: 0|req: 1944/3760] 10.0.0.251 () {32 vars in 739 bytes} [Thu Jul 9 18:17:10 2026] DELETE /v2.0/security-groups/41b84592-de1b-4198-9ac8-7d7b206546d2 => generated 0 bytes in 256 msecs (HTTP/1.1 204) 2 headers in 112 bytes (1 switches on core 0)
2026-07-09 18:17:10.877 7 INFO neutron.db.ovn_revision_numbers_db [None req-0b55f9e1-e8ab-436e-b2c4-3d2167a60e2d 83ca7f7540574c3eb8543519573d9a53 0f7741b30d414f93bd6a1b5d57b8ff6b - - default default] Successfully bumped revision number for resource 30b4a627-4a88-4190-98b5-7049fc6c82c5 (type: security_groups) to 1
2026-07-09 18:17:10.895 7 INFO neutron.db.ovn_revision_numbers_db [None req-0b55f9e1-e8ab-436e-b2c4-3d2167a60e2d 83ca7f7540574c3eb8543519573d9a53 0f7741b30d414f93bd6a1b5d57b8ff6b - - default default] Successfully bumped revision number for resource 260e3a33-0519-4e3e-938b-f75bf6d19df7 (type: security_group_rules) to 0
2026-07-09 18:17:10.907 7 INFO neutron.db.ovn_revision_numbers_db [None req-0b55f9e1-e8ab-436e-b2c4-3d2167a60e2d 83ca7f7540574c3eb8543519573d9a53 0f7741b30d414f93bd6a1b5d57b8ff6b - - default default] Successfully bumped revision number for resource 6096bb3e-12ac-4ab2-a756-db260d64c649 (type: security_group_rules) to 0
2026-07-09 18:17:10.919 7 INFO neutron.db.ovn_revision_numbers_db [None req-0b55f9e1-e8ab-436e-b2c4-3d2167a60e2d 83ca7f7540574c3eb8543519573d9a53 0f7741b30d414f93bd6a1b5d57b8ff6b - - default def