2026-04-28 04:28:17.216 9 INFO neutron.wsgi [req-15a12dc5-2270-4065-bd95-8168a74f9e85 req-af1eed99-5d18-4ba8-a9c9-cd0e86655b88 4a7e98e73ff9449fa7ab2e2e9be76e14 dbd188931cf6429aa48bceb5d2eb7b30 - - b319aed713eb44deb5734c9fe65e7159 b319aed713eb44deb5734c9fe65e7159] 199.19.213.142 "GET /v2.0/ports?network_id=98ff28d3-cae6-4c15-8248-f1179e178296&device_owner=network%3Adhcp HTTP/1.1" status: 200 len: 210 time: 0.0159795
2026-04-28 04:28:17.280 9 INFO neutron.wsgi [req-15a12dc5-2270-4065-bd95-8168a74f9e85 req-c5c4bc73-72b8-47b3-90c8-4f4b3065da1e 4a7e98e73ff9449fa7ab2e2e9be76e14 dbd188931cf6429aa48bceb5d2eb7b30 - - b319aed713eb44deb5734c9fe65e7159 b319aed713eb44deb5734c9fe65e7159] 199.19.213.142 "GET /v2.0/networks/98ff28d3-cae6-4c15-8248-f1179e178296?fields=segments HTTP/1.1" status: 200 len: 212 time: 0.0583129
2026-04-28 04:28:17.342 9 INFO neutron.wsgi [req-15a12dc5-2270-4065-bd95-8168a74f9e85 req-4257b91a-495f-4ad6-934e-0eb00c96fddf 4a7e98e73ff9449fa7ab2e2e9be76e14 dbd188931cf6429aa48bceb5d2eb7b30 - - b319aed713eb44deb5734c9fe65e7159 b319aed713eb44deb5734c9fe65e7159] 199.19.213.142 "GET /v2.0/networks/98ff28d3-cae6-4c15-8248-f1179e178296?fields=provider%3Aphysical_network&fields=provider%3Anetwork_type HTTP/1.1" status: 200 len: 277 time: 0.0554616
2026-04-28 04:28:17.396 10 WARNING neutron.scheduler.dhcp_agent_scheduler [None req-c6aa59e3-9fd1-4c00-bfc5-4bd3611303a9 c7c1be1eabb54a30b95f72fe075aac43 8903e3c256204a64a5228b7c0d7e2cb6 - - default default] No more DHCP agents
2026-04-28 04:28:17.399 10 WARNING neutron.api.rpc.agentnotifiers.dhcp_rpc_agent_api [None req-c6aa59e3-9fd1-4c00-bfc5-4bd3611303a9 c7c1be1eabb54a30b95f72fe075aac43 8903e3c256204a64a5228b7c0d7e2cb6 - - default default] Unable to schedule network daeb917e-60a7-46a5-b86c-a33ff39d22c6: no agents available; will retry on subsequent port and subnet creation events.
2026-04-28 04:28:17.440 9 INFO neutron.wsgi [req-efa135cb-1abf-408d-a613-4e519f96bd5f req-3e421552-9803-4079-b41c-7b5ae417bf9e 4a7e98e73ff9449fa7ab2e2e9be76e14 dbd188931cf6429aa48bceb5d2eb7b30 - - b319aed713eb44deb5734c9fe65e7159 b319aed713eb44deb5734c9fe65e7159] 199.19.213.142 "GET /v2.0/ports?tenant_id=8f30dc18cfb44da8ba6f4e74fce1b974&device_id=1aad03aa-d706-4983-83e2-0779442b969d HTTP/1.1" status: 200 len: 1413 time: 0.0460238
2026-04-28 04:28:17.504 9 INFO neutron.wsgi [req-efa135cb-1abf-408d-a613-4e519f96bd5f req-510b9bc5-d97f-4994-91cf-3c98534f1aa4 4a7e98e73ff9449fa7ab2e2e9be76e14 dbd188931cf6429aa48bceb5d2eb7b30 - - b319aed713eb44deb5734c9fe65e7159 b319aed713eb44deb5734c9fe65e7159] 199.19.213.142 "GET /v2.0/networks?id=98ff28d3-cae6-4c15-8248-f1179e178296 HTTP/1.1" status: 200 len: 981 time: 0.0592742
2026-04-28 04:28:17.512 10 INFO neutron.db.ovn_revision_numbers_db [None req-c6aa59e3-9fd1-4c00-bfc5-4bd3611303a9 c7c1be1eabb54a30b95f72fe075aac43 8903e3c256204a64a5228b7c0d7e2cb6 - - default default] Successfully bumped revision number for resource e676080e-c8bb-4b1f-957d-cb092752be5e (type: ports) to 1
2026-04-28 04:28:17.538 10 INFO neutron.wsgi [None req-c6aa59e3-9fd1-4c00-bfc5-4bd3611303a9 c7c1be1eabb54a30b95f72fe075aac43 8903e3c256204a64a5228b7c0d7e2cb6 - - default default] 10.0.0.152 "POST /v2.0/ports HTTP/1.1" status: 201 len: 1162 time: 0.4062638
2026-04-28 04:28:17.571 10 WARNING neutron.plugins.ml2.drivers.ovn.mech_driver.ovsdb.ovn_client [None req-9ae27d8b-17bd-449a-a7a8-2c954a028690 - - - - - -] No port found with ID c3316c81-b131-40e0-8590-eea5e8be8fe4: RuntimeError: No port found with ID c3316c81-b131-40e0-8590-eea5e8be8fe4
2026-04-28 04:28:17.588 9 INFO neutron.wsgi [req-efa135cb-1abf-408d-a613-4e519f96bd5f req-8f5193ea-03a3-46b2-892e-5df1e188e589 4a7e98e73ff9449fa7ab2e2e9be76e14 dbd188931cf6429aa48bceb5d2eb7b30 - - b319aed713eb44deb5734c9fe65e7159 b319aed713eb44deb5734c9fe65e7159] 199.19.213.142 "GET /v2.0/floatingips?fixed_ip_address=10.100.0.12&port_id=c94742d7-9b0b-4408-8394-a002b1409e81 HTTP/1.1" status: 200 len: 1060 time: 0.0770404 /var/lib/openstack/lib/python3.10/site-packages/pycadf/identifier.py:71: UserWarning: Invalid uuid: neutron. To ensure interoperability, identifiers should be a valid uuid. warnings.warn(('Invalid uuid: %s. To ensure interoperability, '
2026-04-28 04:28:17.647 9 INFO neutron.wsgi [req-efa135cb-1abf-408d-a613-4e519f96bd5f req-235a2c20-7516-4436-9c0c-f0a7e9653441 4a7e98e73ff9449fa7ab2e2e9be76e14 dbd188931cf6429aa48bceb5d2eb7b30 - - b319aed713eb44deb5734c9fe65e7159 b319aed713eb44deb5734c9fe65e7159] 199.19.213.142 "GET /v2.0/subnets?id=6b3feaa0-2082-4b10-b5e5-41216c901990 HTTP/1.1" status: 200 len: 876 time: 0.0385406
2026-04-28 04:28:17.676 9 INFO neutron.wsgi [req-efa135cb-1abf-408d-a613-4e519f96bd5f req-e3f929cf-779d-45b5-936f-02cc51c24b5f 4a7e98e73ff9449fa7ab2e2e9be76e14 dbd188931cf6429aa48bceb5d2eb7b30 - - b319aed713eb44deb5734c9fe65e7159 b319aed713eb44deb5734c9fe65e7159] 199.19.213.142 "GET /v2.0/ports?network_id=98ff28d3-cae6-4c15-8248-f1179e178296&device_owner=network%3Adhcp HTTP/1.1" status: 200 len: 210 time: 0.0169475
2026-04-28 04:28:17.686 10 INFO neutron.wsgi [req-e63c93ae-e957-48e2-ac78-0ec630423a98 req-c2c76996-df87-49f8-99c8-2396abf6f961 dd4b538f668447618f75774a110d3666 8f30dc18cfb44da8ba6f4e74fce1b974 - - default default] 10.0.0.145 "GET /v2.0/ports?device_id=1aad03aa-d706-4983-83e2-0779442b969d HTTP/1.1" status: 200 len: 1174 time: 0.0449512
2026-04-28 04:28:17.712 9 INFO neutron.plugins.ml2.drivers.ovn.mech_driver.mech_driver [None req-6c206e50-ffc3-4904-b84b-1128d88e7ab4 - - - - - -] OVN reports status down for port: c94742d7-9b0b-4408-8394-a002b1409e81
2026-04-28 04:28:17.738 10 INFO neutron.wsgi [req-e63c93ae-e957-48e2-ac78-0ec630423a98 req-c6e76cab-6041-4e99-805a-f0f76621c59d dd4b538f668447618f75774a110d3666 8f30dc18cfb44da8ba6f4e74fce1b974 - - default default] 10.0.0.145 "GET /v2.0/security-groups?id=5cd7556c-d348-4062-8983-37de35a51359&fields=id&fields=name HTTP/1.1" status: 200 len: 312 time: 0.0416615
2026-04-28 04:28:17.784 10 INFO neutron.wsgi [None req-6ce6c8c7-1413-43f5-9fbb-60ea94e2a78f 806f5fa6753f4eeaaa6c92f82e582556 ded264a1673f4681a11005296986064c - - default default] 10.0.0.152 "GET /v2.0/extensions HTTP/1.1" status: 200 len: 16975 time: 0.1692433
2026-04-28 04:28:17.793 9 INFO neutron.wsgi [req-efa135cb-1abf-408d-a613-4e519f96bd5f req-9163211f-7524-4093-9770-d0e5ad9df84a 4a7e98e73ff9449fa7ab2e2e9be76e14 dbd188931cf6429aa48bceb5d2eb7b30 - - b319aed713eb44deb5734c9fe65e7159 b319aed713eb44deb5734c9fe65e7159] 199.19.213.142 "GET /v2.0/networks/98ff28d3-cae6-4c15-8248-f1179e178296?fields=segments HTTP/1.1" status: 200 len: 212 time: 0.1128297
2026-04-28 04:28:17.795 10 INFO neutron.wsgi [None req-96654c7d-28eb-41d0-ac79-4d9afe8825d5 806f5fa6753f4eeaaa6c92f82e582556 ded264a1673f4681a11005296986064c - - default default] 10.0.0.152 "GET /v2.0/extensions/address-group HTTP/1.1" status: 200 len: 353 time: 0.0048537
2026-04-28 04:28:17.804 10 INFO neutron.wsgi [None req-d1382fa4-1584-4b6b-87bb-ba7a85d011da 806f5fa6753f4eeaaa6c92f82e582556 ded264a1673f4681a11005296986064c - - default default] 10.0.0.152 "GET /v2.0/extensions/address-scope HTTP/1.1" status: 200 len: 357 time: 0.0055978
2026-04-28 04:28:17.816 10 INFO neutron.wsgi [None req-359914ec-dc1c-4627-8ba7-9b702b8f824e 806f5fa6753f4eeaaa6c92f82e582556 ded264a1673f4681a11005296986064c - - default default] 10.0.0.152 "GET /v2.0/extensions/agent HTTP/1.1" status: 200 len: 347 time: 0.0063882
2026-04-28 04:28:17.826 10 INFO neutron.wsgi [None req-cb2a6543-1112-4a5d-95e2-8d4fee770682 806f5fa6753f4eeaaa6c92f82e582556 ded264a1673f4681a11005296986064c - - default default] 10.0.0.152 "GET /v2.0/extensions/allowed-address-pairs HTTP/1.1" status: 200 len: 378 time: 0.0058217
2026-04-28 04:28:17.851 9 INFO neutron.wsgi [None req-c98ed12d-88d5-4d9f-aa2b-fc1aca93a1e1 806f5fa6753f4eeaaa6c92f82e582556 ded264a1673f4681a11005296986064c - - default default] 10.0.0.152 "GET /v2.0/extensions/auto-allocated-topology HTTP/1.1" status: 200 len: 394 time: 0.0105555
2026-04-28 04:28:17.864 10 INFO neutron.wsgi [None req-b38bebb2-a658-456b-b4d9-b6f6deb7babe 806f5fa6753f4eeaaa6c92f82e582556 ded264a1673f4681a11005296986064c - - default default] 10.0.0.152 "GET /v2.0/extensions/availability_zone HTTP/1.1" status: 200 len: 372 time: 0.0065455
2026-04-28 04:28:17.885 10 INFO neutron.wsgi [None req-23670679-7ad4-4753-ba21-874a76e49e2a 806f5fa6753f4eeaaa6c92f82e582556 ded264a1673f4681a11005296986064c - - default default] 10.0.0.152 "GET /v2.0/extensions/default-subnetpools HTTP/1.1" status: 200 len: 405 time: 0.0073063
2026-04-28 04:28:17.892 10 INFO neutron.wsgi [None req-5faf5639-fa7b-44a6-af46-8966826a7db5 806f5fa6753f4eeaaa6c92f82e582556 ded264a1673f4681a11005296986064c - - default default] 10.0.0.152 "GET /v2.0/extensions/dhcp_agent_scheduler HTTP/1.1" status: 200 len: 381 time: 0.0033166
2026-04-28 04:28:17.905 10 INFO neutron.wsgi [None req-8ddba5cb-c113-453a-8d67-fd845e7e4a11 806f5fa6753f4eeaaa6c92f82e582556 ded264a1673f4681a11005296986064c - - default default] 10.0.0.152 "GET /v2.0/extensions/dns-integration HTTP/1.1" status: 200 len: 366 time: 0.0077617
2026-04-28 04:28:17.911 10 INFO neutron.wsgi [None req-4e5d69a2-db0b-4639-ada1-f5cd45ed9ff5 806f5fa6753f4eeaaa6c92f82e582556 ded264a1673f4681a11005296986064c - - default default] 10.0.0.152 "GET /v2.0/extensions/dns-domain-ports HTTP/1.1" status: 200 len: 399 time: 0.0032153
2026-04-28 04:28:17.919 10 INFO neutron.wsgi [None req-393c0248-75d6-468b-90fe-026f5afd8be7 806f5fa6753f4eeaaa6c92f82e582556 ded264a1673f4681a11005296986064c - - default default] 10.0.0.152 "GET /v2.0/extensions/dns-integration-domain-keywords HTTP/1.1" status: 200 len: 477 time: 0.0041792
2026-04-28 04:28:17.925 9 INFO neutron.wsgi [req-efa135cb-1abf-408d-a613-4e519f96bd5f req-422bf1ea-f942-49b1-8630-ebddc22b22f1 4a7e98e73ff9449fa7ab2e2e9be76e14 dbd188931cf6429aa48bceb5d2eb7b30 - - b319aed713eb44deb5734c9fe65e7159 b319aed713eb44deb5734c9fe65e7159] 199.19.213.142 "GET /v2.0/networks/98ff28d3-cae6-4c15-8248-f1179e178296?fields=provider%3Aphysical_network&fields=provider%3Anetwork_type HTTP/1.1" status: 200 len: 277 time: 0.1253350
2026-04-28 04:28:17.926 10 INFO neutron.wsgi [None req-46926136-5ea6-4064-b110-bd2faf9cf68e 806f5fa6753f4eeaaa6c92f82e582556 ded264a1673f4681a11005296986064c - - default default] 10.0.0.152 "GET /v2.0/extensions/empty-string-filtering HTTP/1.1" status: 200 len: 413 time: 0.0049269
2026-04-28 04:28:17.936 10 INFO neutron.wsgi [None req-87c0df51-c3df-4e9a-a9e9-6afeee5283fa 806f5fa6753f4eeaaa6c92f82e582556 ded264a1673f4681a11005296986064c - - default default] 10.0.0.152 "GET /v2.0/extensions/external-net HTTP/1.1" status: 200 len: 394 time: 0.0049908
2026-04-28 04:28:17.945 10 INFO neutron.wsgi [None req-e2371cd3-b2af-4abf-9bb0-a84ccabe5956 806f5fa6753f4eeaaa6c92f82e582556 ded264a1673f4681a11005296986064c - - default default] 10.0.0.152 "GET /v2.0/extensions/extra_dhcp_opt HTTP/1.1" status: 200 len: 498 time: 0.0047715
2026-04-28 04:28:17.953 10 INFO neutron.wsgi [None req-8f7e1042-5e4d-4072-9f11-d8bb4b95ac0a 806f5fa6753f4eeaaa6c92f82e582556 ded264a1673f4681a11005296986064c - - default default] 10.0.0.152 "GET /v2.0/extensions/extraroute HTTP/1.1" status: 200 len: 375 time: 0.0045388
2026-04-28 04:28:17.961 10 INFO neutron.wsgi [None req-493070f9-06ee-4607-975e-c378ecb05ce2 806f5fa6753f4eeaaa6c92f82e582556 ded264a1673f4681a11005296986064c - - default default] 10.0.0.152 "GET /v2.0/extensions/filter-validation HTTP/1.1" status: 200 len: 392 time: 0.0043397
2026-04-28 04:28:17.968 10 INFO neutron.wsgi [None req-4111c0cf-18bc-4dbb-9606-7e1912383714 806f5fa6753f4eeaaa6c92f82e582556 ded264a1673f4681a11005296986064c - - default default] 10.0.0.152 "GET /v2.0/extensions/floating-ip-port-forwarding-detail HTTP/1.1" status: 200 len: 465 time: 0.0048807
2026-04-28 04:28:17.976 10 INFO neutron.wsgi [None req-65dec70b-923b-46ea-8d26-3c2034dd9602 806f5fa6753f4eeaaa6c92f82e582556 ded264a1673f4681a11005296986064c - - default default] 10.0.0.152 "GET /v2.0/extensions/fip-port-details HTTP/1.1" status: 200 len: 406 time: 0.0044813
2026-04-28 04:28:17.983 10 INFO neutron.wsgi [None req-2f3b5ba6-3210-409d-b542-f3f621f30cb4 806f5fa6753f4eeaaa6c92f82e582556 ded264a1673f4681a11005296986064c - - default default] 10.0.0.152 "GET /v2.0/extensions/flavors HTTP/1.1" status: 200 len: 387 time: 0.0046153
2026-04-28 04:28:17.997 10 INFO neutron.wsgi [None req-b1c4b16e-69aa-4e15-93f4-5dced3fca869 806f5fa6753f4eeaaa6c92f82e582556 ded264a1673f4681a11005296986064c - - default default] 10.0.0.152 "GET /v2.0/extensions/floatingip-pools HTTP/1.1" status: 200 len: 382 time: 0.0093699
2026-04-28 04:28:18.005 10 INFO neutron.wsgi [None req-c004714b-e937-4425-804e-9a4b459c4b7b 806f5fa6753f4eeaaa6c92f82e582556 ded264a1673f4681a11005296986064c - - default default] 10.0.0.152 "GET /v2.0/extensions/ip_allocation HTTP/1.1" status: 200 len: 356 time: 0.0045474
2026-04-28 04:28:18.009 9 INFO neutron.wsgi [req-981119e2-a218-4cf4-98cb-bb427103219a req-4c1c2744-a7f0-4b0c-ba6f-382d46f0f3c7 dd4b538f668447618f75774a110d3666 8f30dc18cfb44da8ba6f4e74fce1b974 - - default default] 199.19.213.142 "GET /v2.0/ports?device_id=1aad03aa-d706-4983-83e2-0779442b969d HTTP/1.1" status: 200 len: 1172 time: 0.0422869
2026-04-28 04:28:18.014 10 INFO neutron.wsgi [None req-dd9361f1-d275-4d27-902c-6a0fd8618f96 806f5fa6753f4eeaaa6c92f82e582556 ded264a1673f4681a11005296986064c - - default default] 10.0.0.152 "GET /v2.0/extensions/l2_adjacency HTTP/1.1" status: 200 len: 372 time: 0.0045021
2026-04-28 04:28:18.022 10 INFO neutron.wsgi [None req-ad793f14-5d7e-4aeb-ad4a-b5c6c2276e25 806f5fa6753f4eeaaa6c92f82e582556 ded264a1673f4681a11005296986064c - - default default] 10.0.0.152 "GET /v2.0/extensions/router HTTP/1.1" status: 200 len: 450 time: 0.0042286
2026-04-28 04:28:18.030 10 INFO neutron.wsgi [None req-e975a685-9678-45ff-b1bd-2d11fb32f437 806f5fa6753f4eeaaa6c92f82e582556 ded264a1673f4681a11005296986064c - - default default] 10.0.0.152 "GET /v2.0/extensions/ext-gw-mode HTTP/1.1" status: 200 len: 462 time: 0.0043962
2026-04-28 04:28:18.040 10 INFO neutron.wsgi [None req-aac98db6-c159-43b7-b3c3-352033a4e909 806f5fa6753f4eeaaa6c92f82e582556 ded264a1673f4681a11005296986064c - - default default] 10.0.0.152 "GET /v2.0/extensions/logging HTTP/1.1" status: 200 len: 407 time: 0.0045650
2026-04-28 04:28:18.056 10 INFO neutron.wsgi [None req-68b97ade-7a19-4c03-aedb-4bba1f477b9b 806f5fa6753f4eeaaa6c92f82e582556 ded264a1673f4681a11005296986064c - - default default] 10.0.0.152 "GET /v2.0/extensions/multi-provider HTTP/1.1" status: 200 len: 406 time: 0.0070601
2026-04-28 04:28:18.063 10 INFO neutron.wsgi [None req-41e4435a-da82-443f-9e1b-9788efd1158e 806f5fa6753f4eeaaa6c92f82e582556 ded264a1673f4681a11005296986064c - - default default] 10.0.0.152 "GET /v2.0/extensions/net-mtu HTTP/1.1" status: 200 len: 370 time: 0.0030727
2026-04-28 04:28:18.070 10 INFO neutron.wsgi [None req-c8645998-6ad2-4c61-8701-65523459ad55 806f5fa6753f4eeaaa6c92f82e582556 ded264a1673f4681a11005296986064c - - default default] 10.0.0.152 "GET /v2.0/extensions/net-mtu-writable HTTP/1.1" status: 200 len: 401 time: 0.0041609
2026-04-28 04:28:18.081 10 INFO neutron.wsgi [None req-aa975548-9db6-4af0-82c2-45aa3f049e4c 806f5fa6753f4eeaaa6c92f82e582556 ded264a1673f4681a11005296986064c - - default default] 10.0.0.152 "GET /v2.0/extensions/network_availability_zone HTTP/1.1" status: 200 len: 394 time: 0.0044458
2026-04-28 04:28:18.088 10 INFO neutron.wsgi [None req-5930417e-5d6a-4d36-9c21-2d37dac322ec 806f5fa6753f4eeaaa6c92f82e582556 ded264a1673f4681a11005296986064c - - default default] 10.0.0.152 "GET /v2.0/extensions/network-ip-availability HTTP/1.1" status: 200 len: 410 time: 0.0040612
2026-04-28 04:28:18.097 10 INFO neutron.wsgi [None req-1be868dc-791d-4653-8590-145a84e57a02 806f5fa6753f4eeaaa6c92f82e582556 ded264a1673f4681a11005296986064c - - default default] 10.0.0.152 "GET /v2.0/extensions/pagination HTTP/1.1" status: 200 len: 386 time: 0.0041637
2026-04-28 04:28:18.104 10 INFO neutron.wsgi [None req-52ed313c-2cf3-4d53-be5e-bda4d9301620 806f5fa6753f4eeaaa6c92f82e582556 ded264a1673f4681a11005296986064c - - default default] 10.0.0.152 "GET /v2.0/extensions/port-device-profile HTTP/1.1" status: 200 len: 383 time: 0.0041208
2026-04-28 04:28:18.111 10 INFO neutron.wsgi [None req-03e60873-e10e-4786-a592-00db8d9fba4d 806f5fa6753f4eeaaa6c92f82e582556 ded264a1673f4681a11005296986064c - - default default] 10.0.0.152 "GET /v2.0/extensions/port-mac-address-regenerate HTTP/1.1" status: 200 len: 403 time: 0.0043828
2026-04-28 04:28:18.119 10 INFO neutron.wsgi [None req-f6b03752-e419-4a29-ab9c-d689a79f5018 806f5fa6753f4eeaaa6c92f82e582556 ded264a1673f4681a11005296986064c - - default default] 10.0.0.152 "GET /v2.0/extensions/port-numa-affinity-policy HTTP/1.1" status: 200 len: 392 time: 0.0041633
2026-04-28 04:28:18.129 10 INFO neutron.wsgi [None req-5b737409-0615-4278-b580-bb7d5e415ca6 806f5fa6753f4eeaaa6c92f82e582556 ded264a1673f4681a11005296986064c - - default default] 10.0.0.152 "GET /v2.0/extensions/port-resource-request HTTP/1.1" status: 200 len: 379 time: 0.0041723
2026-04-28 04:28:18.137 10 INFO neutron.wsgi [None req-dffd82d9-f3fc-45bc-8aa0-8d76e78043f4 806f5fa6753f4eeaaa6c92f82e582556 ded264a1673f4681a11005296986064c - - default default] 10.0.0.152 "GET /v2.0/extensions/port-resource-request-groups HTTP/1.1" status: 200 len: 465 time: 0.0041156
2026-04-28 04:28:18.144 10 INFO neutron.wsgi [None req-8bd91362-9f83-4493-8e22-8a04aff46248 806f5fa6753f4eeaaa6c92f82e582556 ded264a1673f4681a11005296986064c - - default default] 10.0.0.152 "GET /v2.0/extensions/binding HTTP/1.1" status: 200 len: 387 time: 0.0043197
2026-04-28 04:28:18.151 10 INFO neutron.wsgi [None req-f2543a6a-320e-46b6-a75f-3660970f1272 806f5fa6753f4eeaaa6c92f82e582556 ded264a1673f4681a11005296986064c - - default default] 10.0.0.152 "GET /v2.0/extensions/binding-extended HTTP/1.1" status: 200 len: 406 time: 0.0040791
2026-04-28 04:28:18.158 10 INFO neutron.wsgi [None req-ccdcc14d-1e1c-487c-ad99-0fb926bdd255 806f5fa6753f4eeaaa6c92f82e582556 ded264a1673f4681a11005296986064c - - default default] 10.0.0.152 "GET /v2.0/extensions/port-security HTTP/1.1" status: 200 len: 354 time: 0.0040526
2026-04-28 04:28:18.167 10 INFO neutron.wsgi [None req-ea0005c4-6016-4bc7-9a76-0e96566cc3c2 806f5fa6753f4eeaaa6c92f82e582556 ded264a1673f4681a11005296986064c - - default default] 10.0.0.152 "GET /v2.0/extensions/project-id HTTP/1.1" status: 200 len: 398 time: 0.0041938
2026-04-28 04:28:18.174 10 INFO neutron.wsgi [None req-0c5f06b1-c8a3-45b1-a362-d130c8ad7ea4 806f5fa6753f4eeaaa6c92f82e582556 ded264a1673f4681a11005296986064c - - default default] 10.0.0.152 "GET /v2.0/extensions/provider HTTP/1.1" status: 200 len: 385 time: 0.0043406
2026-04-28 04:28:18.182 10 INFO neutron.wsgi [None req-4f8885cf-3da4-4585-a8d0-3082bf1652dd 806f5fa6753f4eeaaa6c92f82e582556 ded264a1673f4681a11005296986064c - - default default] 10.0.0.152 "GET /v2.0/extensions/qos HTTP/1.1" status: 200 len: 360 time: 0.0041120
2026-04-28 04:28:18.189 10 INFO neutron.wsgi [None req-99397994-5e47-4d4f-8b60-7e280a164a2a 806f5fa6753f4eeaaa6c92f82e582556 ded264a1673f4681a11005296986064c - - default default] 10.0.0.152 "GET /v2.0/extensions/qos-bw-limit-direction HTTP/1.1" status: 200 len: 452 time: 0.0041225
2026-04-28 04:28:18.196 10 INFO neutron.wsgi [None req-9163e968-9809-48c5-a69d-1d8f4f6fe2b5 806f5fa6753f4eeaaa6c92f82e582556 ded264a1673f4681a11005296986064c - - default default] 10.0.0.152 "GET /v2.0/extensions/qos-bw-minimum-ingress HTTP/1.1" status: 200 len: 445 time: 0.0041015
2026-04-28 04:28:18.203 10 INFO neutron.wsgi [None req-f01d6de2-7485-4e08-86f7-53a9059ecb63 806f5fa6753f4eeaaa6c92f82e582556 ded264a1673f4681a11005296986064c - - default default] 10.0.0.152 "GET /v2.0/extensions/qos-default HTTP/1.1" status: 200 len: 377 time: 0.0043855
2026-04-28 04:28:18.213 10 INFO neutron.wsgi [None req-52f32355-5355-4cb0-b5a7-595c890f9c1b 806f5fa6753f4eeaaa6c92f82e582556 ded264a1673f4681a11005296986064c - - default default] 10.0.0.152 "GET /v2.0/extensions/qos-fip HTTP/1.1" status: 200 len: 372 time: 0.0050275
2026-04-28 04:28:18.228 10 INFO neutron.wsgi [None req-098e8733-9f51-449a-80ac-f6280ad867b6 806f5fa6753f4eeaaa6c92f82e582556 ded264a1673f4681a11005296986064c - - default default] 10.0.0.152 "GET /v2.0/extensions/qos-gateway-ip HTTP/1.1" status: 200 len: 391 time: 0.0068505
2026-04-28 04:28:18.237 10 INFO neutron.wsgi [None req-daaba2ea-a046-489d-9ee7-7239923e9f31 806f5fa6753f4eeaaa6c92f82e582556 ded264a1673f4681a11005296986064c - - default default] 10.0.0.152 "GET /v2.0/extensions/qos-port-network-policy HTTP/1.1" status: 200 len: 403 time: 0.0043077
2026-04-28 04:28:18.245 10 INFO neutron.wsgi [None req-662e46af-b3dd-4f7b-9350-543e818c860d 806f5fa6753f4eeaaa6c92f82e582556 ded264a1673f4681a11005296986064c - - default default] 10.0.0.152 "GET /v2.0/extensions/qos-pps-minimum HTTP/1.1" status: 200 len: 397 time: 0.0045800
2026-04-28 04:28:18.252 10 INFO neutron.wsgi [None req-65574491-a0ee-4600-89e4-032e47eb7abf 806f5fa6753f4eeaaa6c92f82e582556 ded264a1673f4681a11005296986064c - - default default] 10.0.0.152 "GET /v2.0/extensions/qos-pps-minimum-rule-alias HTTP/1.1" status: 200 len: 471 time: 0.0040567
2026-04-28 04:28:18.260 10 INFO neutron.wsgi [None req-ea80250f-ad51-46fc-9409-dba5a948c419 806f5fa6753f4eeaaa6c92f82e582556 ded264a1673f4681a11005296986064c - - default default] 10.0.0.152 "GET /v2.0/extensions/qos-pps HTTP/1.1" status: 200 len: 389 time: 0.0041630
2026-04-28 04:28:18.267 10 INFO neutron.wsgi [None req-3ca2b562-0a81-497b-b02d-3d0fba05c968 806f5fa6753f4eeaaa6c92f82e582556 ded264a1673f4681a11005296986064c - - default default] 10.0.0.152 "GET /v2.0/extensions/qos-rule-type-details HTTP/1.1" status: 200 len: 423 time: 0.0041008
2026-04-28 04:28:18.274 10 INFO neutron.wsgi [None req-c30b4332-6928-4b64-9038-a0e05356f4d1 806f5fa6753f4eeaaa6c92f82e582556 ded264a1673f4681a11005296986064c - - default default] 10.0.0.152 "GET /v2.0/extensions/qos-rule-type-filter HTTP/1.1" status: 200 len: 567 time: 0.0043073
2026-04-28 04:28:18.282 10 INFO neutron.wsgi [None req-ecce910a-d3f0-4fc5-ab0d-58c20466636f 806f5fa6753f4eeaaa6c92f82e582556 ded264a1673f4681a11005296986064c - - default default] 10.0.0.152 "GET /v2.0/extensions/qos-rules-alias HTTP/1.1" status: 200 len: 448 time: 0.0041006
2026-04-28 04:28:18.291 10 INFO neutron.wsgi [None req-48e74dc2-07ea-4b22-8b05-5e032f00ec55 806f5fa6753f4eeaaa6c92f82e582556 ded264a1673f4681a11005296986064c - - default default] 10.0.0.152 "GET /v2.0/extensions/quota-check-limit HTTP/1.1" status: 200 len: 420 time: 0.0044580
2026-04-28 04:28:18.299 10 INFO neutron.wsgi [None req-28718f5e-768b-461d-aae7-4e618452b3c6 806f5fa6753f4eeaaa6c92f82e582556 ded264a1673f4681a11005296986064c - - default default] 10.0.0.152 "GET /v2.0/extensions/quotas HTTP/1.1" status: 200 len: 386 time: 0.0044897
2026-04-28 04:28:18.307 10 INFO neutron.wsgi [None req-752b8d84-dc9a-4bb9-8655-8672644a04f6 806f5fa6753f4eeaaa6c92f82e582556 ded264a1673f4681a11005296986064c - - default default] 10.0.0.152 "GET /v2.0/extensions/quota_details HTTP/1.1" status: 200 len: 407 time: 0.0052907
2026-04-28 04:28:18.310 10 INFO neutron.plugins.ml2.drivers.ovn.mech_driver.mech_driver [None req-9ae27d8b-17bd-449a-a7a8-2c954a028690 - - - - - -] OVN reports status up for port: e676080e-c8bb-4b1f-957d-cb092752be5e
2026-04-28 04:28:18.316 10 INFO neutron.wsgi [None req-ca052977-4ec7-4f8e-9a39-1c22fe05ef53 806f5fa6753f4eeaaa6c92f82e582556 ded264a1673f4681a11005296986064c - - default default] 10.0.0.152 "GET /v2.0/extensions/rbac-policies HTTP/1.1" status: 200 len: 417 time: 0.0035808
2026-04-28 04:28:18.322 10 INFO neutron.wsgi [None req-6eb305ae-cd2b-40f5-bc8f-a0c607e5d2d4 806f5fa6753f4eeaaa6c92f82e582556 ded264a1673f4681a11005296986064c - - default default] 10.0.0.152 "GET /v2.0/extensions/rbac-address-scope HTTP/1.1" status: 200 len: 384 time: 0.0031779
2026-04-28 04:28:18.323 10 INFO neutron.plugins.ml2.plugin [None req-9ae27d8b-17bd-449a-a7a8-2c954a028690 - - - - - -] Attempt 1 to provision port e676080e-c8bb-4b1f-957d-cb092752be5e /var/lib/openstack/lib/python3.10/site-packages/pycadf/identifier.py:71: UserWarning: Invalid uuid: neutron. To ensure interoperability, identifiers should be a valid uuid. warnings.warn(('Invalid uuid: %s. To ensure interoperability, '
2026-04-28 04:28:18.332 9 INFO neutron.wsgi [None req-7b18f9f1-c2f9-4f97-bcf1-2818f2d5f72b 806f5fa6753f4eeaaa6c92f82e582556 ded264a1673f4681a11005296986064c - - default default] 10.0.0.152 "GET /v2.0/extensions/rbac-security-groups HTTP/1.1" status: 200 len: 404 time: 0.0068147
2026-04-28 04:28:18.340 10 INFO neutron.wsgi [None req-dc8157e6-30d4-4c8a-b335-7bec506d2803 806f5fa6753f4eeaaa6c92f82e582556 ded264a1673f4681a11005296986064c - - default default] 10.0.0.152 "GET /v2.0/extensions/revision-if-match HTTP/1.1" status: 200 len: 441 time: 0.0038168
2026-04-28 04:28:18.350 10 INFO neutron.wsgi [None req-3ef6027e-f7a2-4cf8-9533-33717b402028 806f5fa6753f4eeaaa6c92f82e582556 ded264a1673f4681a11005296986064c - - default default] 10.0.0.152 "GET /v2.0/extensions/standard-attr-revisions HTTP/1.1" status: 200 len: 423 time: 0.0044544
2026-04-28 04:28:18.352 9 INFO neutron.db.ovn_revision_numbers_db [None req-92140fba-b88f-4651-ab43-9603962e3b74 c7c1be1eabb54a30b95f72fe075aac43 8903e3c256204a64a5228b7c0d7e2cb6 - - default default] Successfully bumped revision number for resource e676080e-c8bb-4b1f-957d-cb092752be5e (type: router_ports) to 2
2026-04-28 04:28:18.363 9 INFO neutron.wsgi [None req-dd78f9de-8e5d-4fc2-90c8-a417266f9cee 806f5fa6753f4eeaaa6c92f82e582556 ded264a1673f4681a11005296986064c - - default default] 10.0.0.152 "GET /v2.0/extensions/router_availability_zone HTTP/1.1" status: 200 len: 391 time: 0.0046749
2026-04-28 04:28:18.370 10 INFO neutron.wsgi [None req-007735e6-bdfd-4d44-987e-560d7c666e45 806f5fa6753f4eeaaa6c92f82e582556 ded264a1673f4681a11005296986064c - - default default] 10.0.0.152 "GET /v2.0/extensions/security-groups-default-rules HTTP/1.1" status: 200 len: 456 time: 0.0040903
2026-04-28 04:28:18.377 10 INFO neutron.wsgi [None req-63b819ac-bb0b-450e-8f3f-ee1e9f322e55 806f5fa6753f4eeaaa6c92f82e582556 ded264a1673f4681a11005296986064c - - default default] 10.0.0.152 "GET /v2.0/extensions/security-groups-normalized-cidr HTTP/1.1" status: 200 len: 445 time: 0.0045412
2026-04-28 04:28:18.382 9 INFO neutron.db.ovn_revision_numbers_db [None req-6c206e50-ffc3-4904-b84b-1128d88e7ab4 - - - - - -] Successfully bumped revision number for resource c94742d7-9b0b-4408-8394-a002b1409e81 (type: ports) to 7
2026-04-28 04:28:18.385 10 INFO neutron.wsgi [None req-4e7dede7-1d6f-45a8-8676-b17cf4701094 806f5fa6753f4eeaaa6c92f82e582556 ded264a1673f4681a11005296986064c - - default default] 10.0.0.152 "GET /v2.0/extensions/security-groups-remote-address-group HTTP/1.1" status: 200 len: 448 time: 0.0037615
2026-04-28 04:28:18.397 9 INFO neutron.wsgi [None req-f82d670f-cad3-4c02-89c7-7fa5a7ceaf86 806f5fa6753f4eeaaa6c92f82e582556 ded264a1673f4681a11005296986064c - - default default] 10.0.0.152 "GET /v2.0/extensions/security-groups-shared-filtering HTTP/1.1" status: 200 len: 435 time: 0.0056479
2026-04-28 04:28:18.405 10 INFO neutron.wsgi [None req-d1d51f43-3d89-4a97-83c5-34e47596b78d 806f5fa6753f4eeaaa6c92f82e582556 ded264a1673f4681a11005296986064c - - default default] 10.0.0.152 "GET /v2.0/extensions/security-group HTTP/1.1" status: 200 len: 364 time: 0.0044484
2026-04-28 04:28:18.412 10 INFO neutron.wsgi [None req-50b4151f-3d64-4731-b1b4-02fd6ba6a425 806f5fa6753f4eeaaa6c92f82e582556 ded264a1673f4681a11005296986064c - - default default] 10.0.0.152 "GET /v2.0/extensions/segment HTTP/1.1" status: 200 len: 339 time: 0.0034578
2026-04-28 04:28:18.420 10 INFO neutron.wsgi [None req-60c353c3-7ee4-47df-ac93-8ee71da46e34 806f5fa6753f4eeaaa6c92f82e582556 ded264a1673f4681a11005296986064c - - default default] 10.0.0.152 "GET /v2.0/extensions/segments-peer-subnet-host-routes HTTP/1.1" status: 200 len: 427 time: 0.0053961
2026-04-28 04:28:18.428 10 INFO neutron.wsgi [None req-17417a53-62e9-44be-8b50-8f8bdd6ade48 806f5fa6753f4eeaaa6c92f82e582556 ded264a1673f4681a11005296986064c - - default default] 10.0.0.152 "GET /v2.0/extensions/service-type HTTP/1.1" status: 200 len: 415 time: 0.0048378
2026-04-28 04:28:18.450 9 INFO neutron.wsgi [None req-4a53017a-a4b9-4712-89e7-c1bd5959eb31 806f5fa6753f4eeaaa6c92f82e582556 ded264a1673f4681a11005296986064c - - default default] 10.0.0.152 "GET /v2.0/extensions/sorting HTTP/1.1" status: 200 len: 377 time: 0.0102329
2026-04-28 04:28:18.462 9 INFO neutron.wsgi [None req-ef3f40f3-705e-4b33-baf8-6fed45dfd021 806f5fa6753f4eeaaa6c92f82e582556 ded264a1673f4681a11005296986064c - - default default] 10.0.0.152 "GET /v2.0/extensions/standard-attr-segment HTTP/1.1" status: 200 len: 406 time: 0.0056319
2026-04-28 04:28:18.471 10 INFO neutron.wsgi [None req-370f7c06-5748-4bfe-ad96-ba55a262dc28 806f5fa6753f4eeaaa6c92f82e582556 ded264a1673f4681a11005296986064c - - default default] 10.0.0.152 "GET /v2.0/extensions/standard-attr-description HTTP/1.1" status: 200 len: 408 time: 0.0051298
2026-04-28 04:28:18.479 10 INFO neutron.wsgi [None req-138270c3-d947-45c0-b913-a7abd596fb59 806f5fa6753f4eeaaa6c92f82e582556 ded264a1673f4681a11005296986064c - - default default] 10.0.0.152 "GET /v2.0/extensions/stateful-security-group HTTP/1.1" status: 200 len: 402 time: 0.0048749
2026-04-28 04:28:18.489 10 INFO neutron.wsgi [None req-85178162-05c6-4b2e-adb2-f5eb4a46720a 806f5fa6753f4eeaaa6c92f82e582556 ded264a1673f4681a11005296986064c - - default default] 10.0.0.152 "GET /v2.0/extensions/subnet-dns-publish-fixed-ip HTTP/1.1" status: 200 len: 421 time: 0.0050173
2026-04-28 04:28:18.497 10 INFO neutron.wsgi [None req-bb7d9b4b-723d-4663-8e30-974d65cc03c3 806f5fa6753f4eeaaa6c92f82e582556 ded264a1673f4681a11005296986064c - - default default] 10.0.0.152 "GET /v2.0/extensions/subnet-segmentid-writable HTTP/1.1" status: 200 len: 421 time: 0.0046644
2026-04-28 04:28:18.506 10 INFO neutron.wsgi [None req-a0fb1d7f-997b-486e-932d-23832145c405 806f5fa6753f4eeaaa6c92f82e582556 ded264a1673f4681a11005296986064c - - default default] 10.0.0.152 "GET /v2.0/extensions/subnet-service-types HTTP/1.1" status: 200 len: 400 time: 0.0046501 /var/lib/openstack/lib/python3.10/site-packages/pycadf/identifier.py:71: UserWarning: Invalid uuid: neutron. To ensure interoperability, identifiers should be a valid uuid. warnings.warn(('Invalid uuid: %s. To ensure interoperability, '
2026-04-28 04:28:18.517 9 INFO neutron.wsgi [None req-b0ebf4a9-3e26-407c-8589-d00ecc0cf34a 806f5fa6753f4eeaaa6c92f82e582556 ded264a1673f4681a11005296986064c - - default default] 10.0.0.152 "GET /v2.0/extensions/subnet_allocation HTTP/1.1" status: 200 len: 388 time: 0.0067589
2026-04-28 04:28:18.529 10 INFO neutron.wsgi [None req-d10fe39b-7aa3-4feb-ad6a-5f54b1133cef 806f5fa6753f4eeaaa6c92f82e582556 ded264a1673f4681a11005296986064c - - default default] 10.0.0.152 "GET /v2.0/extensions/subnetpool-prefix-ops HTTP/1.1" status: 200 len: 418 time: 0.0054374
2026-04-28 04:28:18.538 10 INFO neutron.wsgi [None req-a74b5cd3-5b47-4889-8773-f6435eb20518 806f5fa6753f4eeaaa6c92f82e582556 ded264a1673f4681a11005296986064c - - default default] 10.0.0.152 "GET /v2.0/extensions/standard-attr-tag HTTP/1.1" status: 200 len: 537 time: 0.0045538
2026-04-28 04:28:18.553 9 INFO neutron.wsgi [None req-b96673f8-8ef3-488e-9704-9509ec237f25 806f5fa6753f4eeaaa6c92f82e582556 ded264a1673f4681a11005296986064c - - default default] 10.0.0.152 "GET /v2.0/extensions/standard-attr-timestamp HTTP/1.1" status: 200 len: 449 time: 0.0062089
2026-04-28 04:28:18.563 9 INFO neutron.wsgi [None req-a7ecdcf2-e0cf-4415-95c1-aca8087239bb 806f5fa6753f4eeaaa6c92f82e582556 ded264a1673f4681a11005296986064c - - default default] 10.0.0.152 "GET /v2.0/extensions/trunk HTTP/1.1" status: 200 len: 358 time: 0.0060065
2026-04-28 04:28:18.574 10 INFO neutron.wsgi [None req-a23e350f-df18-497f-a808-0ae9bd9ca06f 806f5fa6753f4eeaaa6c92f82e582556 ded264a1673f4681a11005296986064c - - default default] 10.0.0.152 "GET /v2.0/extensions/trunk-details HTTP/1.1" status: 200 len: 362 time: 0.0062675
2026-04-28 04:28:18.627 9 INFO neutron.db.ovn_revision_numbers_db [None req-92140fba-b88f-4651-ab43-9603962e3b74 c7c1be1eabb54a30b95f72fe075aac43 8903e3c256204a64a5228b7c0d7e2cb6 - - default default] Successfully bumped revision number for resource e676080e-c8bb-4b1f-957d-cb092752be5e (type: ports) to 2
2026-04-28 04:28:18.628 10 INFO neutron.db.ovn_revision_numbers_db [None req-9ae27d8b-17bd-449a-a7a8-2c954a028690 - - - - - -] Successfully bumped revision number for resource e676080e-c8bb-4b1f-957d-cb092752be5e (type: ports) to 3
2026-04-28 04:28:18.695 9 INFO neutron.db.l3_db [req-981119e2-a218-4cf4-98cb-bb427103219a req-fc2f5d57-f195-4c04-8b56-23b933d27033 dd4b538f668447618f75774a110d3666 8f30dc18cfb44da8ba6f4e74fce1b974 - - default default] Floating IP a69acb0f-9a91-41e4-be73-7ab12f8abd04 disassociated. External IP: 10.96.250.205, port: c94742d7-9b0b-4408-8394-a002b1409e81.
2026-04-28 04:28:18.695 10 INFO neutron.db.ovn_revision_numbers_db [None req-9ae27d8b-17bd-449a-a7a8-2c954a028690 - - - - - -] Successfully bumped revision number for resource e676080e-c8bb-4b1f-957d-cb092752be5e (type: router_ports) to 3 /var/lib/openstack/lib/python3.10/site-packages/pycadf/identifier.py:71: UserWarning: Invalid uuid: neutron. To ensure interoperability, identifiers should be a valid uuid. warnings.warn(('Invalid uuid: %s. To ensure interoperability, '
2026-04-28 04:28:18.842 10 INFO neutron.wsgi [req-abd77d2f-6178-4b11-bc10-1393263de7a9 req-0a924942-b4be-4a94-bccd-8664830acf69 dd4b538f668447618f75774a110d3666 8f30dc18cfb44da8ba6f4e74fce1b974 - - default default] 10.0.0.145 "GET /v2.0/ports?device_id=1aad03aa-d706-4983-83e2-0779442b969d HTTP/1.1" status: 200 len: 1172 time: 0.0365174
2026-04-28 04:28:18.886 10 INFO neutron.wsgi [req-abd77d2f-6178-4b11-bc10-1393263de7a9 req-66f960b4-28ae-461a-9416-682799bf16c1 dd4b538f668447618f75774a110d3666 8f30dc18cfb44da8ba6f4e74fce1b974 - - default default] 10.0.0.145 "GET /v2.0/security-groups?id=5cd7556c-d348-4062-8983-37de35a51359&fields=id&fields=name HTTP/1.1" status: 200 len: 312 time: 0.0366526
2026-04-28 04:28:18.924 9 INFO neutron.wsgi [req-981119e2-a218-4cf4-98cb-bb427103219a req-fc2f5d57-f195-4c04-8b56-23b933d27033 dd4b538f668447618f75774a110d3666 8f30dc18cfb44da8ba6f4e74fce1b974 - - default default] 199.19.213.142 "DELETE /v2.0/ports/c94742d7-9b0b-4408-8394-a002b1409e81 HTTP/1.1" status: 204 len: 173 time: 0.9077566
2026-04-28 04:28:19.155 9 INFO neutron.notifiers.nova [-] Nova event matching ['req-e48b2173-ed73-4d3e-a374-99c86258941b'] response: {'server_uuid': '1aad03aa-d706-4983-83e2-0779442b969d', 'name': 'network-vif-unplugged', 'status': 'completed', 'tag': 'c94742d7-9b0b-4408-8394-a002b1409e81', 'code': 200}
2026-04-28 04:28:19.155 9 INFO neutron.notifiers.nova [-] Nova event matching ['req-e48b2173-ed73-4d3e-a374-99c86258941b'] response: {'server_uuid': '1aad03aa-d706-4983-83e2-0779442b969d', 'name': 'network-vif-plugged', 'status': 'completed', 'tag': 'c94742d7-9b0b-4408-8394-a002b1409e81', 'code': 200}
2026-04-28 04:28:19.155 9 INFO neutron.notifiers.nova [-] Nova event matching ['req-e48b2173-ed73-4d3e-a374-99c86258941b'] response: {'server_uuid': '1aad03aa-d706-4983-83e2-0779442b969d', 'name': 'network-vif-deleted', 'tag': 'c94742d7-9b0b-4408-8394-a002b1409e81', 'status': 'completed', 'code': 200}
2026-04-28 04:28:19.202 9 INFO neutron.db.ovn_revision_numbers_db [None req-92140fba-b88f-4651-ab43-9603962e3b74 c7c1be1eabb54a30b95f72fe075aac43 8903e3c256204a64a5228b7c0d7e2cb6 - - default default] Successfully bumped revision number for resource e676080e-c8bb-4b1f-957d-cb092752be5e (type: ports) to 3 /var/lib/openstack/lib/python3.10/site-packages/pycadf/identifier.py:71: UserWarning: Invalid uuid: neutron. To ensure interoperability, identifiers should be a valid uuid. warnings.warn(('Invalid uuid: %s. To ensure interoperability, '
2026-04-28 04:28:19.289 9 WARNING neutron.scheduler.dhcp_agent_scheduler [None req-92140fba-b88f-4651-ab43-9603962e3b74 c7c1be1eabb54a30b95f72fe075aac43 8903e3c256204a64a5228b7c0d7e2cb6 - - default default] No more DHCP agents
2026-04-28 04:28:19.292 9 WARNING neutron.api.rpc.agentnotifiers.dhcp_rpc_agent_api [None req-92140fba-b88f-4651-ab43-9603962e3b74 c7c1be1eabb54a30b95f72fe075aac43 8903e3c256204a64a5228b7c0d7e2cb6 - - default default] Unable to schedule network daeb917e-60a7-46a5-b86c-a33ff39d22c6: no agents available; will retry on subsequent port and subnet creation events.
2026-04-28 04:28:19.441 9 INFO neutron.db.ovn_revision_numbers_db [None req-92140fba-b88f-4651-ab43-9603962e3b74 c7c1be1eabb54a30b95f72fe075aac43 8903e3c256204a64a5228b7c0d7e2cb6 - - default default] Successfully bumped revision number for resource e676080e-c8bb-4b1f-957d-cb092752be5e (type: router_ports) to 3
2026-04-28 04:28:19.443 9 INFO neutron.wsgi [None req-92140fba-b88f-4651-ab43-9603962e3b74 c7c1be1eabb54a30b95f72fe075aac43 8903e3c256204a64a5228b7c0d7e2cb6 - - default default] 10.0.0.152 "PUT /v2.0/routers/d63f4cc5-6740-4289-b287-fb7b151bc31d/add_router_interface HTTP/1.1" status: 200 len: 503 time: 1.9008288
2026-04-28 04:28:19.449 9 INFO neutron.db.ovn_revision_numbers_db [None req-8e91a257-87f9-4a87-87cd-d30c1b797fe0 c2bcb4c140af4b37b2c28a3f02270ef0 4778e9665d2c4b13bf3d5775386d72dd - - default default] Successfully bumped revision number for resource efd0074a-b9ff-4744-ac2d-0b2a68001c9e (type: security_groups) to 1
2026-04-28 04:28:19.461 9 INFO neutron.db.ovn_revision_numbers_db [None req-8e91a257-87f9-4a87-87cd-d30c1b797fe0 c2bcb4c140af4b37b2c28a3f02270ef0 4778e9665d2c4b13bf3d5775386d72dd - - default default] Successfully bumped revision number for resource 0493ffc2-49e1-4951-800a-cc4577a1bab8 (type: security_group_rules) to 0
2026-04-28 04:28:19.473 9 INFO neutron.db.ovn_revision_numbers_db [None req-8e91a257-87f9-4a87-87cd-d30c1b797fe0 c2bcb4c140af4b37b2c28a3f02270ef0 4778e9665d2c4b13bf3d5775386d72dd - - default default] Successfully bumped revision number for resource 68c2ce66-b34d-4984-8eb1-33e259efec6e (type: security_group_rules) to 0
2026-04-28 04:28:19.485 9 INFO neutron.db.ovn_revision_numbers_db [None req-8e91a257-87f9-4a87-87cd-d30c1b797fe0 c2bcb4c140af4b37b2c28a3f02270ef0 4778e9665d2c4b13bf3d5775386d72dd - - default default] Successfully bumped revision number for resource 9b1c9bee-f514-4de4-8edf-07f431692511 (type: security_group_rules) to 0
2026-04-28 04:28:19.487 10 INFO neutron.wsgi [None req-77d4e5fa-4960-4df1-9708-3b9b7ce7ed73 c7c1be1eabb54a30b95f72fe075aac43 8903e3c256204a64a5228b7c0d7e2cb6 - - default default] 10.0.0.152 "GET /v2.0/ports/e676080e-c8bb-4b1f-957d-cb092752be5e HTTP/1.1" status: 200 len: 1220 time: 0.0368364
2026-04-28 04:28:19.499 9 INFO neutron.db.ovn_revision_numbers_db [None req-8e91a257-87f9-4a87-87cd-d30c1b797fe0 c2bcb4c140af4b37b2c28a3f02270ef0 4778e9665d2c4b13bf3d5775386d72dd - - default default] Successfully bumped revision number for resource d9fad0a3-d281-46f3-a0fa-ba86388f7430 (type: security_group_rules) to 0
2026-04-28 04:28:19.520 9 INFO neutron.wsgi [None req-8e91a257-87f9-4a87-87cd-d30c1b797fe0 c2bcb4c140af4b37b2c28a3f02270ef0 4778e9665d2c4b13bf3d5775386d72dd - - default default] 10.0.0.152 "GET /v2.0/security-groups?tenant_id=ded264a1673f4681a11005296986064c&name=default HTTP/1.1" status: 200 len: 2996 time: 0.3807476
2026-04-28 04:28:19.717 9 INFO neutron.wsgi [None req-4fb564fa-eb4b-484d-b1b2-0c36a7634cdd c2bcb4c140af4b37b2c28a3f02270ef0 4778e9665d2c4b13bf3d5775386d72dd - - default default] 10.0.0.152 "DELETE /v2.0/security-groups/efd0074a-b9ff-4744-ac2d-0b2a68001c9e HTTP/1.1" status: 204 len: 168 time: 0.1920388
2026-04-28 04:28:20.094 9 INFO neutron.wsgi [None req-c10994a4-aba8-443a-b41d-ec7eadf35c0f dd4b538f668447618f75774a110d3666 8f30dc18cfb44da8ba6f4e74fce1b974 - - default default] 10.0.0.152 "DELETE /v2.0/security-groups/5cd7556c-d348-4062-8983-37de35a51359 HTTP/1.1" status: 204 len: 168 time: 0.1267045
2026-04-28 04:28:20.111 9 INFO neutron.api.v2.resource [None req-cad93f85-7fde-48c7-8228-4591fb1e4a61 dd4b538f668447618f75774a110d3666 8f30dc18cfb44da8ba6f4e74fce1b974 - - default default] show failed (client error): The resource could not be found.
2026-04-28 04:28:20.113 9 INFO neutron.wsgi [None req-cad93f85-7fde-48c7-8228-4591fb1e4a61 dd4b538f668447618f75774a110d3666 8f30dc18cfb44da8ba6f4e74fce1b974 - - default default] 10.0.0.152 "GET /v2.0/security-groups/5cd7556c-d348-4062-8983-37de35a51359 HTTP/1.1" status: 404 len: 347 time: 0.0134089
2026-04-28 04:28:20.114 10 INFO neutron.wsgi [None req-c9fd97dd-9e57-4aac-a9f7-b21e604868f9 c7c1be1eabb54a30b95f72fe075aac43 8903e3c256204a64a5228b7c0d7e2cb6 - - default default] 10.0.0.152 "PUT /v2.0/routers/d63f4cc5-6740-4289-b287-fb7b151bc31d/remove_router_interface HTTP/1.1" status: 200 len: 503 time: 0.6217628 /var/lib/openstack/lib/python3.10/site-packages/pycadf/identifier.py:71: UserWarning: Invalid uuid: neutron. To ensure interoperability, identifiers should be a valid uuid. warnings.warn(('Invalid uuid: %s. To ensure interoperability, '
2026-04-28 04:28:20.191 9 INFO neutron.api.v2.resource [None req-e268f400-f51e-4881-b303-c7e17b4c895c c7c1be1eabb54a30b95f72fe075aac43 8903e3c256204a64a5228b7c0d7e2cb6 - - default default] remove_router_interface failed (client error): The resource could not be found.
2026-04-28 04:28:20.193 9 INFO neutron.wsgi [None req-e268f400-f51e-4881-b303-c7e17b4c895c c7c1be1eabb54a30b95f72fe075aac43 8903e3c256204a64a5228b7c0d7e2cb6 - - default default] 10.0.0.152 "PUT /v2.0/routers/d63f4cc5-6740-4289-b287-fb7b151bc31d/remove_router_interface HTTP/1.1" status: 404 len: 398 time: 0.0750277
2026-04-28 04:28:20.218 10 INFO neutron.wsgi [None req-45f68693-e67b-4524-a025-6427396d5a60 c7c1be1eabb54a30b95f72fe075aac43 8903e3c256204a64a5228b7c0d7e2cb6 - - default default] 10.0.0.152 "GET /v2.0/ports?device_id=d63f4cc5-6740-4289-b287-fb7b151bc31d HTTP/1.1" status: 200 len: 205 time: 0.0208762
2026-04-28 04:28:20.333 9 INFO neutron.wsgi [req-aa3ddd67-4402-4705-b4d3-000415ac9b4a req-7a695a12-02ef-4c2c-b4ab-b3fa47323f71 4a7e98e73ff9449fa7ab2e2e9be76e14 dbd188931cf6429aa48bceb5d2eb7b30 - - b319aed713eb44deb5734c9fe65e7159 b319aed713eb44deb5734c9fe65e7159] 10.0.0.196 "GET /v2.0/ports?device_id=ab724b79-ccfb-4946-ba06-cf08855e6864 HTTP/1.1" status: 200 len: 1409 time: 0.0455813
2026-04-28 04:28:20.379 9 INFO neutron.wsgi [req-aa3ddd67-4402-4705-b4d3-000415ac9b4a req-91b4818d-2096-4cba-9143-0f680e717cce 4a7e98e73ff9449fa7ab2e2e9be76e14 dbd188931cf6429aa48bceb5d2eb7b30 - - b319aed713eb44deb5734c9fe65e7159 b319aed713eb44deb5734c9fe65e7159] 10.0.0.196 "GET /v2.0/security-groups?id=85e29973-eb5f-42bc-9d5e-3773c1d7564e&fields=id&fields=name HTTP/1.1" status: 200 len: 312 time: 0.0380242
2026-04-28 04:28:20.749 10 INFO neutron.wsgi [None req-26addf1c-92d6-41b8-b157-d131f4860b4f c7c1be1eabb54a30b95f72fe075aac43 8903e3c256204a64a5228b7c0d7e2cb6 - - default default] 10.0.0.152 "DELETE /v2.0/routers/d63f4cc5-6740-4289-b287-fb7b151bc31d HTTP/1.1" status: 204 len: 168 time: 0.5259078
2026-04-28 04:28:20.841 10 INFO neutron.wsgi [None req-18c2df7b-3bb4-4420-91b4-a439cbf90350 dd4b538f668447618f75774a110d3666 8f30dc18cfb44da8ba6f4e74fce1b974 - - default default] 10.0.0.152 "DELETE /v2.0/floatingips/a69acb0f-9a91-41e4-be73-7ab12f8abd04 HTTP/1.1" status: 204 len: 168 time: 0.7235000
2026-04-28 04:28:20.922 9 INFO neutron.wsgi [None req-12087c69-c1ee-42a1-b018-7359020d8384 c7c1be1eabb54a30b95f72fe075aac43 8903e3c256204a64a5228b7c0d7e2cb6 - - default default] 10.0.0.152 "DELETE /v2.0/subnets/9d039c6d-1765-47ab-9fe3-b66cb9462020 HTTP/1.1" status: 204 len: 168 time: 0.1679671
2026-04-28 04:28:21.264 9 INFO neutron.services.segments.plugin [-] Segment f2be1acb-73dc-4a24-9a36-97c0d46495f1 resource provider aggregate not found
2026-04-28 04:28:21.285 9 INFO neutron.services.segments.plugin [-] Segment f2be1acb-73dc-4a24-9a36-97c0d46495f1 resource provider not found; error: Placement Client Error (4xx): {"errors": [{"status": 404, "title": "Not Found", "detail": "The resource could not be found.\n\n No resource provider with uuid f2be1acb-73dc-4a24-9a36-97c0d46495f1 found for delete ", "request_id": "req-7698ce12-674c-4a6c-84d0-b6767d5c07cd"}]}
2026-04-28 04:28:21.293 9 INFO neutron.services.segments.plugin [-] Segment f2be1acb-73dc-4a24-9a36-97c0d46495f1 resource provider aggregate not found
2026-04-28 04:28:21.310 9 INFO neutron.wsgi [None req-38ef9082-4980-41cd-9c0e-9e9224c499ec c7c1be1eabb54a30b95f72fe075aac43 8903e3c256204a64a5228b7c0d7e2cb6 - - default default] 10.0.0.152 "DELETE /v2.0/networks/daeb917e-60a7-46a5-b86c-a33ff39d22c6 HTTP/1.1" status: 204 len: 168 time: 0.3819542
2026-04-28 04:28:21.312 9 INFO neutron.services.segments.plugin [-] Segment f2be1acb-73dc-4a24-9a36-97c0d46495f1 resource provider not found; error: Placement Client Error (4xx): {"errors": [{"status": 404, "title": "Not Found", "detail": "The resource could not be found.\n\n No resource provider with uuid f2be1acb-73dc-4a24-9a36-97c0d46495f1 found for delete ", "request_id": "req-ae0f9b74-71ea-4fec-b387-f4dea761dbc1"}]}
2026-04-28 04:28:21.324 9 WARNING neutron_lib.context [None req-00f4159a-4a0d-4234-b7bd-9863b5428107 c7c1be1eabb54a30b95f72fe075aac43 8903e3c256204a64a5228b7c0d7e2cb6 - - default default] Method 'is_advsvc' is deprecated since 2023.2 release (neutron-lib 3.8.0) and will be removed once support for the old RBAC API policies will be removed from Neutron. Please use method 'is_service_role' instead.
2026-04-28 04:28:21.411 9 INFO neutron.db.segments_db [None req-00f4159a-4a0d-4234-b7bd-9863b5428107 c7c1be1eabb54a30b95f72fe075aac43 8903e3c256204a64a5228b7c0d7e2cb6 - - default default] Added segment f54955d6-f6a9-4212-8bc1-08a4bdd713b1 of type geneve for network 956039ac-d0a4-40ad-89f7-54944f8d7ff1
2026-04-28 04:28:21.578 9 INFO neutron.db.ovn_revision_numbers_db [None req-00f4159a-4a0d-4234-b7bd-9863b5428107 c7c1be1eabb54a30b95f72fe075aac43 8903e3c256204a64a5228b7c0d7e2cb6 - - default default] Successfully bumped revision number for resource 956039ac-d0a4-40ad-89f7-54944f8d7ff1 (type: networks) to 1
2026-04-28 04:28:21.677 9 WARNING neutron_lib.context [None req-8f169d71-44fe-41c1-b870-e6195cc17e2d 7d4043a93db14f5d9898da05bd6e0196 f2135bbd7dc24d76a8b911fd5f0a0150 - - default default] Method 'is_advsvc' is deprecated since 2023.2 release (neutron-lib 3.8.0) and will be removed once support for the old RBAC API policies will be removed from Neutron. Please use method 'is_service_role' instead.
2026-04-28 04:28:21.677 9 WARNING neutron_lib.context [None req-8f169d71-44fe-41c1-b870-e6195cc17e2d 7d4043a93db14f5d9898da05bd6e0196 f2135bbd7dc24d76a8b911fd5f0a0150 - - default default] Method 'is_advsvc' is deprecated since 2023.2 release (neutron-lib 3.8.0) and will be removed once support for the old RBAC API policies will be removed from Neutron. Please use method 'is_service_role' instead.
2026-04-28 04:28:21.814 9 WARNING neutron.scheduler.dhcp_agent_scheduler [None req-00f4159a-4a0d-4234-b7bd-9863b5428107 c7c1be1eabb54a30b95f72fe075aac43 8903e3c256204a64a5228b7c0d7e2cb6 - - default default] No more DHCP agents
2026-04-28 04:28:21.817 9 WARNING neutron.api.rpc.agentnotifiers.dhcp_rpc_agent_api [None req-00f4159a-4a0d-4234-b7bd-9863b5428107 c7c1be1eabb54a30b95f72fe075aac43 8903e3c256204a64a5228b7c0d7e2cb6 - - default default] Unable to schedule network 956039ac-d0a4-40ad-89f7-54944f8d7ff1: no agents available; will retry on subsequent port and subnet creation events.
2026-04-28 04:28:21.902 9 INFO neutron.db.ovn_revision_numbers_db [None req-8f169d71-44fe-41c1-b870-e6195cc17e2d 7d4043a93db14f5d9898da05bd6e0196 f2135bbd7dc24d76a8b911fd5f0a0150 - - default default] Successfully bumped revision number for resource 8cd38f36-7b4c-4dc4-89e6-3795ff773828 (type: security_groups) to 1
2026-04-28 04:28:21.932 9 INFO neutron.db.ovn_revision_numbers_db [None req-8f169d71-44fe-41c1-b870-e6195cc17e2d 7d4043a93db14f5d9898da05bd6e0196 f2135bbd7dc24d76a8b911fd5f0a0150 - - default default] Successfully bumped revision number for resource 1e6dbb69-968c-4239-b5c8-bb315889f2e1 (type: security_group_rules) to 0
2026-04-28 04:28:21.941 9 INFO neutron.db.ovn_revision_numbers_db [None req-00f4159a-4a0d-4234-b7bd-9863b5428107 c7c1be1eabb54a30b95f72fe075aac43 8903e3c256204a64a5228b7c0d7e2cb6 - - default default] Successfully bumped revision number for resource c05ac250-bec7-4f64-8b92-0f7d1599aa52 (type: ports) to 1
2026-04-28 04:28:21.955 9 INFO neutron.db.ovn_revision_numbers_db [None req-8f169d71-44fe-41c1-b870-e6195cc17e2d 7d4043a93db14f5d9898da05bd6e0196 f2135bbd7dc24d76a8b911fd5f0a0150 - - default default] Successfully bumped revision number for resource 854e7d43-19ff-45f5-a53c-746c2bb65974 (type: security_group_rules) to 0
2026-04-28 04:28:21.964 9 INFO neutron.wsgi [None req-00f4159a-4a0d-4234-b7bd-9863b5428107 c7c1be1eabb54a30b95f72fe075aac43 8903e3c256204a64a5228b7c0d7e2cb6 - - default default] 10.0.0.152 "POST /v2.0/networks HTTP/1.1" status: 201 len: 833 time: 0.6460240
2026-04-28 04:28:21.974 9 WARNING neutron_lib.context [None req-271163a9-abe2-4b9d-a69c-1ad1d86dddb5 c7c1be1eabb54a30b95f72fe075aac43 8903e3c256204a64a5228b7c0d7e2cb6 - - default default] Method 'is_advsvc' is deprecated since 2023.2 release (neutron-lib 3.8.0) and will be removed once support for the old RBAC API policies will be removed from Neutron. Please use method 'is_service_role' instead.
2026-04-28 04:28:21.976 9 INFO neutron.db.ovn_revision_numbers_db [None req-8f169d71-44fe-41c1-b870-e6195cc17e2d 7d4043a93db14f5d9898da05bd6e0196 f2135bbd7dc24d76a8b911fd5f0a0150 - - default default] Successfully bumped revision number for resource 8b726532-92dc-41b9-acf1-9f5489112e08 (type: security_group_rules) to 0
