2026-04-28 04:29:08.331 10 INFO neutron.db.ovn_revision_numbers_db [None req-8e8fdd1d-27ab-4d44-9be7-fa132190741a ea986ea6793446c897c3a11a1e83f2f8 6db8b61257264bc3aacf093cada3c530 - - default default] Successfully bumped revision number for resource 01b54a1b-081b-4c2a-b577-4477deb0ce88 (type: security_groups) to 1
2026-04-28 04:29:08.345 10 INFO neutron.db.ovn_revision_numbers_db [None req-8e8fdd1d-27ab-4d44-9be7-fa132190741a ea986ea6793446c897c3a11a1e83f2f8 6db8b61257264bc3aacf093cada3c530 - - default default] Successfully bumped revision number for resource 27561ac7-513e-40b4-b09d-1e7997b5cb72 (type: security_group_rules) to 0
2026-04-28 04:29:08.358 10 INFO neutron.db.ovn_revision_numbers_db [None req-8e8fdd1d-27ab-4d44-9be7-fa132190741a ea986ea6793446c897c3a11a1e83f2f8 6db8b61257264bc3aacf093cada3c530 - - default default] Successfully bumped revision number for resource d16fc799-7cf0-4e59-8be9-cc20dec078fc (type: security_group_rules) to 0
2026-04-28 04:29:08.376 10 INFO neutron.wsgi [None req-8e8fdd1d-27ab-4d44-9be7-fa132190741a ea986ea6793446c897c3a11a1e83f2f8 6db8b61257264bc3aacf093cada3c530 - - default default] 10.0.0.152 "POST /v2.0/security-groups HTTP/1.1" status: 201 len: 1760 time: 0.1590357
2026-04-28 04:29:08.388 10 WARNING neutron_lib.context [None req-7337c4a1-b790-4941-b922-92d4d5b9eacd ea986ea6793446c897c3a11a1e83f2f8 6db8b61257264bc3aacf093cada3c530 - - default default] Method 'is_advsvc' is deprecated since 2023.2 release (neutron-lib 3.8.0) and will be removed once support for the old RBAC API policies will be removed from Neutron. Please use method 'is_service_role' instead.
2026-04-28 04:29:08.512 10 INFO neutron.db.ovn_revision_numbers_db [None req-7337c4a1-b790-4941-b922-92d4d5b9eacd ea986ea6793446c897c3a11a1e83f2f8 6db8b61257264bc3aacf093cada3c530 - - default default] Successfully bumped revision number for resource dea6661f-821e-4d65-929c-29f2ee8a1bdb (type: security_group_rules) to 0
2026-04-28 04:29:08.542 10 INFO neutron.wsgi [None req-7337c4a1-b790-4941-b922-92d4d5b9eacd ea986ea6793446c897c3a11a1e83f2f8 6db8b61257264bc3aacf093cada3c530 - - default default] 10.0.0.152 "POST /v2.0/security-group-rules HTTP/1.1" status: 201 len: 768 time: 0.1593297
2026-04-28 04:29:08.587 9 INFO neutron.wsgi [None req-6fbc4d5b-2196-4e00-8d9e-20beef5de1d7 ea986ea6793446c897c3a11a1e83f2f8 6db8b61257264bc3aacf093cada3c530 - - default default] 10.0.0.152 "GET /v2.0/security-group-rules/dea6661f-821e-4d65-929c-29f2ee8a1bdb HTTP/1.1" status: 200 len: 763 time: 0.0367005
2026-04-28 04:29:08.646 10 INFO neutron.wsgi [None req-f660e0b6-f217-4535-b864-e7e172abf2a6 ea986ea6793446c897c3a11a1e83f2f8 6db8b61257264bc3aacf093cada3c530 - - default default] 10.0.0.152 "GET /v2.0/security-group-rules HTTP/1.1" status: 200 len: 4113 time: 0.0536337
2026-04-28 04:29:08.695 9 INFO neutron.db.ovn_revision_numbers_db [None req-84d50d2c-91b0-4fad-b3fd-51ab4ed26f79 c2bcb4c140af4b37b2c28a3f02270ef0 4778e9665d2c4b13bf3d5775386d72dd - - default default] Successfully bumped revision number for resource 299361eb-fce0-4f9e-b5c3-14ff5a9ee242 (type: security_groups) to 1
2026-04-28 04:29:08.711 9 INFO neutron.db.ovn_revision_numbers_db [None req-84d50d2c-91b0-4fad-b3fd-51ab4ed26f79 c2bcb4c140af4b37b2c28a3f02270ef0 4778e9665d2c4b13bf3d5775386d72dd - - default default] Successfully bumped revision number for resource 4fad407b-cc80-4145-be50-ecb10c17ab73 (type: security_group_rules) to 0
2026-04-28 04:29:08.728 9 INFO neutron.db.ovn_revision_numbers_db [None req-84d50d2c-91b0-4fad-b3fd-51ab4ed26f79 c2bcb4c140af4b37b2c28a3f02270ef0 4778e9665d2c4b13bf3d5775386d72dd - - default default] Successfully bumped revision number for resource 5a65ec46-cba4-461f-b02f-2a3c402ba713 (type: security_group_rules) to 0
2026-04-28 04:29:08.743 9 INFO neutron.db.ovn_revision_numbers_db [None req-84d50d2c-91b0-4fad-b3fd-51ab4ed26f79 c2bcb4c140af4b37b2c28a3f02270ef0 4778e9665d2c4b13bf3d5775386d72dd - - default default] Successfully bumped revision number for resource a4535aae-4c67-4657-ab55-a027596c6d36 (type: security_group_rules) to 0
2026-04-28 04:29:08.760 9 INFO neutron.db.ovn_revision_numbers_db [None req-84d50d2c-91b0-4fad-b3fd-51ab4ed26f79 c2bcb4c140af4b37b2c28a3f02270ef0 4778e9665d2c4b13bf3d5775386d72dd - - default default] Successfully bumped revision number for resource b03016bf-0fb9-4acf-b4ab-9a16bb6d8d06 (type: security_group_rules) to 0
2026-04-28 04:29:08.771 9 INFO neutron.db.ovn_revision_numbers_db [None req-7ab2b601-3b60-4a27-95be-cc6dd8f30662 c2bcb4c140af4b37b2c28a3f02270ef0 4778e9665d2c4b13bf3d5775386d72dd - - default default] Successfully bumped revision number for resource 9a7b897a-b03c-4b04-8c76-e42e565b0547 (type: security_groups) to 1
2026-04-28 04:29:08.771 10 INFO neutron.wsgi [None req-e67ec2a2-ae4c-46f7-b505-b36c63a1bd3c ea986ea6793446c897c3a11a1e83f2f8 6db8b61257264bc3aacf093cada3c530 - - default default] 10.0.0.152 "DELETE /v2.0/security-group-rules/dea6661f-821e-4d65-929c-29f2ee8a1bdb HTTP/1.1" status: 204 len: 168 time: 0.1199214
2026-04-28 04:29:08.786 9 INFO neutron.wsgi [None req-84d50d2c-91b0-4fad-b3fd-51ab4ed26f79 c2bcb4c140af4b37b2c28a3f02270ef0 4778e9665d2c4b13bf3d5775386d72dd - - default default] 10.0.0.152 "GET /v2.0/security-groups?tenant_id=b6a843c51ca244ab9411192e78742853&name=default HTTP/1.1" status: 200 len: 2996 time: 0.4008608
2026-04-28 04:29:08.797 9 INFO neutron.db.ovn_revision_numbers_db [None req-7ab2b601-3b60-4a27-95be-cc6dd8f30662 c2bcb4c140af4b37b2c28a3f02270ef0 4778e9665d2c4b13bf3d5775386d72dd - - default default] Successfully bumped revision number for resource 059564aa-80c7-4a3d-9108-1fb74f528710 (type: security_group_rules) to 0
2026-04-28 04:29:08.815 9 INFO neutron.db.ovn_revision_numbers_db [None req-7ab2b601-3b60-4a27-95be-cc6dd8f30662 c2bcb4c140af4b37b2c28a3f02270ef0 4778e9665d2c4b13bf3d5775386d72dd - - default default] Successfully bumped revision number for resource 3ecc4cb3-af94-4e46-9105-aee649c3f4b7 (type: security_group_rules) to 0
2026-04-28 04:29:08.820 10 INFO neutron.wsgi [None req-f59de69d-1454-4bbc-8157-0e746ebd4795 ea986ea6793446c897c3a11a1e83f2f8 6db8b61257264bc3aacf093cada3c530 - - default default] 10.0.0.152 "GET /v2.0/security-group-rules HTTP/1.1" status: 200 len: 3567 time: 0.0441756
2026-04-28 04:29:08.831 10 WARNING neutron_lib.context [None req-0b202631-82e5-4127-8c44-f971b682ae46 ea986ea6793446c897c3a11a1e83f2f8 6db8b61257264bc3aacf093cada3c530 - - default default] Method 'is_advsvc' is deprecated since 2023.2 release (neutron-lib 3.8.0) and will be removed once support for the old RBAC API policies will be removed from Neutron. Please use method 'is_service_role' instead.
2026-04-28 04:29:08.831 9 INFO neutron.db.ovn_revision_numbers_db [None req-7ab2b601-3b60-4a27-95be-cc6dd8f30662 c2bcb4c140af4b37b2c28a3f02270ef0 4778e9665d2c4b13bf3d5775386d72dd - - default default] Successfully bumped revision number for resource 7cb15b26-195b-4889-bf13-cf31b0d8d5da (type: security_group_rules) to 0
2026-04-28 04:29:08.850 9 INFO neutron.db.ovn_revision_numbers_db [None req-7ab2b601-3b60-4a27-95be-cc6dd8f30662 c2bcb4c140af4b37b2c28a3f02270ef0 4778e9665d2c4b13bf3d5775386d72dd - - default default] Successfully bumped revision number for resource a7a8e9a1-b1de-41e7-a779-f1aaec0bbac3 (type: security_group_rules) to 0
2026-04-28 04:29:08.878 9 INFO neutron.wsgi [None req-7ab2b601-3b60-4a27-95be-cc6dd8f30662 c2bcb4c140af4b37b2c28a3f02270ef0 4778e9665d2c4b13bf3d5775386d72dd - - default default] 10.0.0.152 "GET /v2.0/security-groups?tenant_id=80b237ac33cc4817b7a9f0de94dcc36b&name=default HTTP/1.1" status: 200 len: 2996 time: 0.3553479
2026-04-28 04:29:08.950 10 INFO neutron.db.ovn_revision_numbers_db [None req-0b202631-82e5-4127-8c44-f971b682ae46 ea986ea6793446c897c3a11a1e83f2f8 6db8b61257264bc3aacf093cada3c530 - - default default] Successfully bumped revision number for resource bf87f325-ea48-4b88-b08b-c42be8bf6336 (type: security_group_rules) to 0
2026-04-28 04:29:08.984 10 INFO neutron.wsgi [None req-0b202631-82e5-4127-8c44-f971b682ae46 ea986ea6793446c897c3a11a1e83f2f8 6db8b61257264bc3aacf093cada3c530 - - default default] 10.0.0.152 "POST /v2.0/security-group-rules HTTP/1.1" status: 201 len: 768 time: 0.1595895
2026-04-28 04:29:08.988 9 INFO neutron.wsgi [None req-f1f61357-1985-4e0f-9c12-44370d860396 c2bcb4c140af4b37b2c28a3f02270ef0 4778e9665d2c4b13bf3d5775386d72dd - - default default] 10.0.0.152 "DELETE /v2.0/security-groups/299361eb-fce0-4f9e-b5c3-14ff5a9ee242 HTTP/1.1" status: 204 len: 168 time: 0.1971023
2026-04-28 04:29:09.003 9 INFO neutron.wsgi [None req-e052625b-454f-4f22-91e4-53adf5ef7227 ea986ea6793446c897c3a11a1e83f2f8 6db8b61257264bc3aacf093cada3c530 - - default default] 10.0.0.152 "GET /v2.0/security-group-rules/bf87f325-ea48-4b88-b08b-c42be8bf6336 HTTP/1.1" status: 200 len: 763 time: 0.0129752
2026-04-28 04:29:09.028 10 INFO neutron.wsgi [req-b9bd9075-beff-4d75-99f6-de083b622e4d req-3d127ff3-4e2f-49f4-8379-58b24bdf6d92 fba99d5729b243319746b220f2d6a8ae 45659e1ab98040adb92d55ce833e58ba - - default default] 10.0.0.145 "GET /v2.0/ports?device_id=fd9a99d2-fe8a-4e69-af1f-20c80902eaec HTTP/1.1" status: 200 len: 1168 time: 0.0333228
2026-04-28 04:29:09.058 9 INFO neutron.wsgi [None req-604bc1b7-2c12-4685-a8b8-c849590ef0eb ea986ea6793446c897c3a11a1e83f2f8 6db8b61257264bc3aacf093cada3c530 - - default default] 10.0.0.152 "GET /v2.0/security-group-rules HTTP/1.1" status: 200 len: 4113 time: 0.0493708
2026-04-28 04:29:09.072 10 INFO neutron.wsgi [req-b9bd9075-beff-4d75-99f6-de083b622e4d req-4b291b3f-0cb3-49e4-9b8a-dcb4031fccc5 fba99d5729b243319746b220f2d6a8ae 45659e1ab98040adb92d55ce833e58ba - - default default] 10.0.0.145 "GET /v2.0/security-groups?id=31b35040-09a0-4a71-b4e0-75597e626661&fields=id&fields=name HTTP/1.1" status: 200 len: 286 time: 0.0370958
2026-04-28 04:29:09.127 10 INFO neutron.wsgi [None req-c14cf948-31b0-43bb-a527-66a23653ac44 c2bcb4c140af4b37b2c28a3f02270ef0 4778e9665d2c4b13bf3d5775386d72dd - - default default] 10.0.0.152 "DELETE /v2.0/security-groups/9a7b897a-b03c-4b04-8c76-e42e565b0547 HTTP/1.1" status: 204 len: 168 time: 0.2433317
2026-04-28 04:29:09.166 9 INFO neutron.wsgi [None req-d0a3b88e-f061-44c2-b0a1-d6c2e1706bf1 ea986ea6793446c897c3a11a1e83f2f8 6db8b61257264bc3aacf093cada3c530 - - default default] 10.0.0.152 "DELETE /v2.0/security-group-rules/bf87f325-ea48-4b88-b08b-c42be8bf6336 HTTP/1.1" status: 204 len: 168 time: 0.1010072
2026-04-28 04:29:09.207 9 INFO neutron.wsgi [None req-2f3d1f78-d2cb-4287-8a7d-2a8e39bb9496 ea986ea6793446c897c3a11a1e83f2f8 6db8b61257264bc3aacf093cada3c530 - - default default] 10.0.0.152 "GET /v2.0/security-group-rules HTTP/1.1" status: 200 len: 3567 time: 0.0354016
2026-04-28 04:29:09.215 9 WARNING neutron_lib.context [None req-2b7f7742-96f6-4f1b-beb3-b8cc125f16d9 ea986ea6793446c897c3a11a1e83f2f8 6db8b61257264bc3aacf093cada3c530 - - default default] Method 'is_advsvc' is deprecated since 2023.2 release (neutron-lib 3.8.0) and will be removed once support for the old RBAC API policies will be removed from Neutron. Please use method 'is_service_role' instead.
2026-04-28 04:29:09.331 9 INFO neutron.db.ovn_revision_numbers_db [None req-2b7f7742-96f6-4f1b-beb3-b8cc125f16d9 ea986ea6793446c897c3a11a1e83f2f8 6db8b61257264bc3aacf093cada3c530 - - default default] Successfully bumped revision number for resource 18ece609-50f2-4d25-93c3-9a899fe053d9 (type: security_group_rules) to 0
2026-04-28 04:29:09.357 9 INFO neutron.wsgi [None req-2b7f7742-96f6-4f1b-beb3-b8cc125f16d9 ea986ea6793446c897c3a11a1e83f2f8 6db8b61257264bc3aacf093cada3c530 - - default default] 10.0.0.152 "POST /v2.0/security-group-rules HTTP/1.1" status: 201 len: 769 time: 0.1452014
2026-04-28 04:29:09.390 9 INFO neutron.wsgi [None req-b3319116-e6e2-43a6-97d8-45c54010c494 ea986ea6793446c897c3a11a1e83f2f8 6db8b61257264bc3aacf093cada3c530 - - default default] 10.0.0.152 "GET /v2.0/security-group-rules/18ece609-50f2-4d25-93c3-9a899fe053d9 HTTP/1.1" status: 200 len: 764 time: 0.0252955
2026-04-28 04:29:09.404 9 INFO neutron.db.ovn_revision_numbers_db [None req-cc960d68-1872-4ca7-9727-68c60b7bdfb3 c2bcb4c140af4b37b2c28a3f02270ef0 4778e9665d2c4b13bf3d5775386d72dd - - default default] Successfully bumped revision number for resource ffe12e4a-9499-4844-a7c3-75489184ec52 (type: security_groups) to 1
2026-04-28 04:29:09.422 9 INFO neutron.db.ovn_revision_numbers_db [None req-cc960d68-1872-4ca7-9727-68c60b7bdfb3 c2bcb4c140af4b37b2c28a3f02270ef0 4778e9665d2c4b13bf3d5775386d72dd - - default default] Successfully bumped revision number for resource 17759e0a-78fa-4aa4-9b32-91554990f5bb (type: security_group_rules) to 0
2026-04-28 04:29:09.439 10 INFO neutron.wsgi [None req-71bb7e3a-9356-4335-be07-e91471f80ec5 ea986ea6793446c897c3a11a1e83f2f8 6db8b61257264bc3aacf093cada3c530 - - default default] 10.0.0.152 "GET /v2.0/security-group-rules HTTP/1.1" status: 200 len: 4114 time: 0.0440519
2026-04-28 04:29:09.442 9 INFO neutron.db.ovn_revision_numbers_db [None req-cc960d68-1872-4ca7-9727-68c60b7bdfb3 c2bcb4c140af4b37b2c28a3f02270ef0 4778e9665d2c4b13bf3d5775386d72dd - - default default] Successfully bumped revision number for resource 2d57010b-8bcb-4355-b4e3-b1a5e8fff289 (type: security_group_rules) to 0
2026-04-28 04:29:09.461 9 INFO neutron.db.ovn_revision_numbers_db [None req-cc960d68-1872-4ca7-9727-68c60b7bdfb3 c2bcb4c140af4b37b2c28a3f02270ef0 4778e9665d2c4b13bf3d5775386d72dd - - default default] Successfully bumped revision number for resource 6c252110-f84a-4de0-98cd-a9086d8b7047 (type: security_group_rules) to 0
2026-04-28 04:29:09.480 9 INFO neutron.db.ovn_revision_numbers_db [None req-cc960d68-1872-4ca7-9727-68c60b7bdfb3 c2bcb4c140af4b37b2c28a3f02270ef0 4778e9665d2c4b13bf3d5775386d72dd - - default default] Successfully bumped revision number for resource 91e5fbca-cb45-491a-b69f-d176539a50a1 (type: security_group_rules) to 0
2026-04-28 04:29:09.510 9 INFO neutron.wsgi [None req-cc960d68-1872-4ca7-9727-68c60b7bdfb3 c2bcb4c140af4b37b2c28a3f02270ef0 4778e9665d2c4b13bf3d5775386d72dd - - default default] 10.0.0.152 "GET /v2.0/security-groups?tenant_id=a0b7fd9fc4c64169be3378822be9ecc5&name=default HTTP/1.1" status: 200 len: 2996 time: 0.2368960
2026-04-28 04:29:09.557 10 INFO neutron.wsgi [None req-6fcc03ff-9e87-490f-b53e-ddfbfde56941 ea986ea6793446c897c3a11a1e83f2f8 6db8b61257264bc3aacf093cada3c530 - - default default] 10.0.0.152 "DELETE /v2.0/security-group-rules/18ece609-50f2-4d25-93c3-9a899fe053d9 HTTP/1.1" status: 204 len: 168 time: 0.1134105
2026-04-28 04:29:09.600 9 INFO neutron.wsgi [None req-4e14ac2a-1433-4729-8ff7-f9d7704abdd4 ea986ea6793446c897c3a11a1e83f2f8 6db8b61257264bc3aacf093cada3c530 - - default default] 10.0.0.152 "GET /v2.0/security-group-rules HTTP/1.1" status: 200 len: 3567 time: 0.0355504
2026-04-28 04:29:09.707 10 INFO neutron.wsgi [None req-b7c33d29-2fb0-4019-933b-725666afa9ed c2bcb4c140af4b37b2c28a3f02270ef0 4778e9665d2c4b13bf3d5775386d72dd - - default default] 10.0.0.152 "DELETE /v2.0/security-groups/ffe12e4a-9499-4844-a7c3-75489184ec52 HTTP/1.1" status: 204 len: 168 time: 0.1906815
2026-04-28 04:29:09.720 9 INFO neutron.wsgi [None req-ad8b97ab-0adc-4860-b216-3a4061e53492 ea986ea6793446c897c3a11a1e83f2f8 6db8b61257264bc3aacf093cada3c530 - - default default] 10.0.0.152 "DELETE /v2.0/security-groups/01b54a1b-081b-4c2a-b577-4477deb0ce88 HTTP/1.1" status: 204 len: 168 time: 0.1139474
2026-04-28 04:29:09.761 9 INFO neutron.wsgi [None req-d246124a-51e3-4dbb-bc30-0bfde307bfbb ea986ea6793446c897c3a11a1e83f2f8 6db8b61257264bc3aacf093cada3c530 - - default default] 10.0.0.152 "GET /v2.0/security-groups HTTP/1.1" status: 200 len: 2996 time: 0.0360754
2026-04-28 04:29:09.803 9 INFO neutron.wsgi [None req-4a18304f-43d1-4995-a7cc-faab69cfc3e7 ea986ea6793446c897c3a11a1e83f2f8 6db8b61257264bc3aacf093cada3c530 - - default default] 10.0.0.152 "GET /v2.0/security-groups HTTP/1.1" status: 200 len: 2996 time: 0.0368438
2026-04-28 04:29:10.222 10 INFO neutron.wsgi [req-7ecdeb58-2cea-45ca-b763-d88c5d0a7598 req-9d86abe6-c7f1-4885-b51e-ae14a7918d42 fba99d5729b243319746b220f2d6a8ae 45659e1ab98040adb92d55ce833e58ba - - default default] 10.0.0.145 "GET /v2.0/ports?device_id=fd9a99d2-fe8a-4e69-af1f-20c80902eaec HTTP/1.1" status: 200 len: 1168 time: 0.0895851
2026-04-28 04:29:10.282 10 INFO neutron.wsgi [req-7ecdeb58-2cea-45ca-b763-d88c5d0a7598 req-73fe429b-9dfa-4841-9e53-59cea8e6e5a4 fba99d5729b243319746b220f2d6a8ae 45659e1ab98040adb92d55ce833e58ba - - default default] 10.0.0.145 "GET /v2.0/security-groups?id=31b35040-09a0-4a71-b4e0-75597e626661&fields=id&fields=name HTTP/1.1" status: 200 len: 286 time: 0.0538223
2026-04-28 04:29:10.538 9 INFO neutron.wsgi [None req-fe2e6680-116d-4490-a57f-335bb172415c c2bcb4c140af4b37b2c28a3f02270ef0 4778e9665d2c4b13bf3d5775386d72dd - - default default] 10.0.0.152 "GET /v2.0/security-groups?tenant_id=6db8b61257264bc3aacf093cada3c530&name=default HTTP/1.1" status: 200 len: 2996 time: 0.2623091
2026-04-28 04:29:10.731 9 INFO neutron.wsgi [None req-2d5c3ae2-0216-44a2-befa-a05433e0ac5f c2bcb4c140af4b37b2c28a3f02270ef0 4778e9665d2c4b13bf3d5775386d72dd - - default default] 10.0.0.152 "DELETE /v2.0/security-groups/55e110f5-38a5-40cb-a567-7d400a1cbde8 HTTP/1.1" status: 204 len: 168 time: 0.1867547
2026-04-28 04:29:11.410 10 INFO neutron.wsgi [req-d94a6f47-2ce4-4376-a375-0fd2c3a09093 req-f97c3020-8ab9-42fa-9fc3-c9436dd6cb24 fba99d5729b243319746b220f2d6a8ae 45659e1ab98040adb92d55ce833e58ba - - default default] 10.0.0.145 "GET /v2.0/ports?device_id=fd9a99d2-fe8a-4e69-af1f-20c80902eaec HTTP/1.1" status: 200 len: 1168 time: 0.0465839
2026-04-28 04:29:11.456 10 INFO neutron.wsgi [req-d94a6f47-2ce4-4376-a375-0fd2c3a09093 req-5ab2e81f-2403-4c33-b2fe-fabaf95fb21a fba99d5729b243319746b220f2d6a8ae 45659e1ab98040adb92d55ce833e58ba - - default default] 10.0.0.145 "GET /v2.0/security-groups?id=31b35040-09a0-4a71-b4e0-75597e626661&fields=id&fields=name HTTP/1.1" status: 200 len: 286 time: 0.0388389
2026-04-28 04:29:11.670 10 WARNING neutron.plugins.ml2.drivers.ovn.mech_driver.ovsdb.ovn_client [None req-9ae27d8b-17bd-449a-a7a8-2c954a028690 - - - - - -] No hosting information found for port edaa0d1c-dcb8-48dd-977b-9d57741a380a: RuntimeError: No hosting information found for port edaa0d1c-dcb8-48dd-977b-9d57741a380a
2026-04-28 04:29:11.671 10 INFO neutron.plugins.ml2.drivers.ovn.mech_driver.mech_driver [None req-9ae27d8b-17bd-449a-a7a8-2c954a028690 - - - - - -] OVN reports status up for port: 7f738e3e-b18a-4883-ba51-fbecdeecdffa
2026-04-28 04:29:11.682 10 INFO neutron.plugins.ml2.plugin [None req-9ae27d8b-17bd-449a-a7a8-2c954a028690 - - - - - -] Attempt 1 to provision port 7f738e3e-b18a-4883-ba51-fbecdeecdffa
2026-04-28 04:29:11.798 10 INFO neutron.notifiers.nova [-] Nova event matching ['req-8d3d0b13-814e-4145-841d-52a48b11e3e5'] response: {'server_uuid': 'fd9a99d2-fe8a-4e69-af1f-20c80902eaec', 'name': 'network-vif-plugged', 'status': 'completed', 'tag': '7f738e3e-b18a-4883-ba51-fbecdeecdffa', 'code': 200}
2026-04-28 04:29:11.975 10 INFO neutron.db.ovn_revision_numbers_db [None req-9ae27d8b-17bd-449a-a7a8-2c954a028690 - - - - - -] Successfully bumped revision number for resource 7f738e3e-b18a-4883-ba51-fbecdeecdffa (type: ports) to 4 /var/lib/openstack/lib/python3.10/site-packages/pycadf/identifier.py:71: UserWarning: Invalid uuid: neutron. To ensure interoperability, identifiers should be a valid uuid. warnings.warn(('Invalid uuid: %s. To ensure interoperability, '
2026-04-28 04:29:12.575 10 INFO neutron.wsgi [req-9164253f-db74-4620-8839-25c77275a85f req-f17e1187-0bc6-4de1-9fe0-a55028693f01 fba99d5729b243319746b220f2d6a8ae 45659e1ab98040adb92d55ce833e58ba - - default default] 10.0.0.145 "GET /v2.0/ports?device_id=fd9a99d2-fe8a-4e69-af1f-20c80902eaec HTTP/1.1" status: 200 len: 1170 time: 0.0418720
2026-04-28 04:29:12.618 10 INFO neutron.wsgi [req-9164253f-db74-4620-8839-25c77275a85f req-fb08e8fb-bc6f-4fdc-ac5e-8266f69d319e fba99d5729b243319746b220f2d6a8ae 45659e1ab98040adb92d55ce833e58ba - - default default] 10.0.0.145 "GET /v2.0/security-groups?id=31b35040-09a0-4a71-b4e0-75597e626661&fields=id&fields=name HTTP/1.1" status: 200 len: 286 time: 0.0387547
2026-04-28 04:29:12.978 10 INFO neutron.plugins.ml2.drivers.ovn.mech_driver.mech_driver [None req-9ae27d8b-17bd-449a-a7a8-2c954a028690 - - - - - -] OVN reports status down for port: 7f738e3e-b18a-4883-ba51-fbecdeecdffa
2026-04-28 04:29:13.003 10 INFO neutron.wsgi [req-0f1abd69-be3c-4ebb-9435-87fb11fea4cb req-54cc461f-dc75-4318-a212-e414d1bcc244 fba99d5729b243319746b220f2d6a8ae 45659e1ab98040adb92d55ce833e58ba - - default default] 10.0.0.145 "GET /v2.0/ports?device_id=fd9a99d2-fe8a-4e69-af1f-20c80902eaec HTTP/1.1" status: 200 len: 1170 time: 0.0665829
2026-04-28 04:29:13.065 10 INFO neutron.wsgi [req-0f1abd69-be3c-4ebb-9435-87fb11fea4cb req-3b91e152-b0c0-464e-8e23-095744e51e0d fba99d5729b243319746b220f2d6a8ae 45659e1ab98040adb92d55ce833e58ba - - default default] 10.0.0.145 "GET /v2.0/security-groups?id=31b35040-09a0-4a71-b4e0-75597e626661&fields=id&fields=name HTTP/1.1" status: 200 len: 286 time: 0.0554655
2026-04-28 04:29:13.316 10 INFO neutron.db.ovn_revision_numbers_db [None req-9ae27d8b-17bd-449a-a7a8-2c954a028690 - - - - - -] Successfully bumped revision number for resource 7f738e3e-b18a-4883-ba51-fbecdeecdffa (type: ports) to 5
2026-04-28 04:29:13.378 9 INFO neutron.wsgi [req-d23360db-b925-44f8-a4b2-03bc1eead6d5 req-79829ad0-727a-4325-ac07-48d4fe9dc029 fba99d5729b243319746b220f2d6a8ae 45659e1ab98040adb92d55ce833e58ba - - default default] 199.19.213.142 "GET /v2.0/ports?device_id=fd9a99d2-fe8a-4e69-af1f-20c80902eaec HTTP/1.1" status: 200 len: 1168 time: 0.1210685
2026-04-28 04:29:13.740 9 INFO neutron.wsgi [req-d23360db-b925-44f8-a4b2-03bc1eead6d5 req-be309c49-96de-4c40-89fc-669690903d53 fba99d5729b243319746b220f2d6a8ae 45659e1ab98040adb92d55ce833e58ba - - default default] 199.19.213.142 "DELETE /v2.0/ports/7f738e3e-b18a-4883-ba51-fbecdeecdffa HTTP/1.1" status: 204 len: 173 time: 0.3574483 /var/lib/openstack/lib/python3.10/site-packages/pycadf/identifier.py:71: UserWarning: Invalid uuid: neutron. To ensure interoperability, identifiers should be a valid uuid. warnings.warn(('Invalid uuid: %s. To ensure interoperability, '
2026-04-28 04:29:13.777 9 INFO neutron.notifiers.nova [-] Nova event matching ['req-9781b9a6-7dd3-4c36-a741-f8422a481e2f'] response: {'server_uuid': 'fd9a99d2-fe8a-4e69-af1f-20c80902eaec', 'name': 'network-vif-deleted', 'tag': '7f738e3e-b18a-4883-ba51-fbecdeecdffa', 'status': 'completed', 'code': 200}
2026-04-28 04:29:13.836 10 INFO neutron.notifiers.nova [-] Nova event matching ['req-7de6a853-fedc-47e4-81b4-e371a13c19ba'] response: {'server_uuid': 'fd9a99d2-fe8a-4e69-af1f-20c80902eaec', 'name': 'network-vif-plugged', 'status': 'completed', 'tag': '7f738e3e-b18a-4883-ba51-fbecdeecdffa', 'code': 200}
2026-04-28 04:29:13.837 10 INFO neutron.notifiers.nova [-] Nova event matching ['req-7de6a853-fedc-47e4-81b4-e371a13c19ba'] response: {'server_uuid': 'fd9a99d2-fe8a-4e69-af1f-20c80902eaec', 'name': 'network-vif-unplugged', 'status': 'completed', 'tag': '7f738e3e-b18a-4883-ba51-fbecdeecdffa', 'code': 200}
2026-04-28 04:29:13.837 10 INFO neutron.notifiers.nova [-] Nova event matching ['req-7de6a853-fedc-47e4-81b4-e371a13c19ba'] response: {'server_uuid': 'fd9a99d2-fe8a-4e69-af1f-20c80902eaec', 'name': 'network-vif-plugged', 'status': 'completed', 'tag': '7f738e3e-b18a-4883-ba51-fbecdeecdffa', 'code': 200}
2026-04-28 04:29:13.884 9 INFO neutron.db.ovn_revision_numbers_db [None req-6e0e0bed-995f-45d4-8e6e-024b24f65882 c2bcb4c140af4b37b2c28a3f02270ef0 4778e9665d2c4b13bf3d5775386d72dd - - default default] Successfully bumped revision number for resource 72dfd1dd-b46b-4dcb-a6aa-796f0011b8c3 (type: security_groups) to 1
2026-04-28 04:29:13.891 10 INFO neutron.db.ovn_revision_numbers_db [None req-3689c753-7b9e-4a37-b9f5-b45b6436a794 c2bcb4c140af4b37b2c28a3f02270ef0 4778e9665d2c4b13bf3d5775386d72dd - - default default] Successfully bumped revision number for resource 6e6f348d-fd99-4b18-a280-2394ce371097 (type: security_groups) to 1
2026-04-28 04:29:13.896 9 INFO neutron.db.ovn_revision_numbers_db [None req-6e0e0bed-995f-45d4-8e6e-024b24f65882 c2bcb4c140af4b37b2c28a3f02270ef0 4778e9665d2c4b13bf3d5775386d72dd - - default default] Successfully bumped revision number for resource 9a4e0120-8e78-49bf-84b6-3657596f0f59 (type: security_group_rules) to 0
2026-04-28 04:29:13.905 10 INFO neutron.db.ovn_revision_numbers_db [None req-3689c753-7b9e-4a37-b9f5-b45b6436a794 c2bcb4c140af4b37b2c28a3f02270ef0 4778e9665d2c4b13bf3d5775386d72dd - - default default] Successfully bumped revision number for resource 1757ebf8-921b-49bb-af9c-4e55dcc14080 (type: security_group_rules) to 0
2026-04-28 04:29:13.910 9 INFO neutron.db.ovn_revision_numbers_db [None req-6e0e0bed-995f-45d4-8e6e-024b24f65882 c2bcb4c140af4b37b2c28a3f02270ef0 4778e9665d2c4b13bf3d5775386d72dd - - default default] Successfully bumped revision number for resource 9a58426b-5e5c-4944-9322-d9996941540e (type: security_group_rules) to 0
2026-04-28 04:29:13.919 10 INFO neutron.db.ovn_revision_numbers_db [None req-3689c753-7b9e-4a37-b9f5-b45b6436a794 c2bcb4c140af4b37b2c28a3f02270ef0 4778e9665d2c4b13bf3d5775386d72dd - - default default] Successfully bumped revision number for resource 6b743983-5adf-4bf5-b1c5-be0dfea1b8fb (type: security_group_rules) to 0
2026-04-28 04:29:13.926 9 INFO neutron.db.ovn_revision_numbers_db [None req-6e0e0bed-995f-45d4-8e6e-024b24f65882 c2bcb4c140af4b37b2c28a3f02270ef0 4778e9665d2c4b13bf3d5775386d72dd - - default default] Successfully bumped revision number for resource 9ceefd54-57da-439e-aee8-20c6899358da (type: security_group_rules) to 0
2026-04-28 04:29:13.932 10 INFO neutron.db.ovn_revision_numbers_db [None req-3689c753-7b9e-4a37-b9f5-b45b6436a794 c2bcb4c140af4b37b2c28a3f02270ef0 4778e9665d2c4b13bf3d5775386d72dd - - default default] Successfully bumped revision number for resource 98229d4b-45a7-4e7b-bf54-2cf482308fde (type: security_group_rules) to 0
2026-04-28 04:29:13.941 9 INFO neutron.db.ovn_revision_numbers_db [None req-6e0e0bed-995f-45d4-8e6e-024b24f65882 c2bcb4c140af4b37b2c28a3f02270ef0 4778e9665d2c4b13bf3d5775386d72dd - - default default] Successfully bumped revision number for resource 9e9133fc-71d7-4623-9f16-aa4cb310237f (type: security_group_rules) to 0
2026-04-28 04:29:13.944 10 INFO neutron.db.ovn_revision_numbers_db [None req-3689c753-7b9e-4a37-b9f5-b45b6436a794 c2bcb4c140af4b37b2c28a3f02270ef0 4778e9665d2c4b13bf3d5775386d72dd - - default default] Successfully bumped revision number for resource a97f4b7d-9944-44d7-9e2b-237d79af04a6 (type: security_group_rules) to 0
2026-04-28 04:29:13.965 9 INFO neutron.wsgi [None req-6e0e0bed-995f-45d4-8e6e-024b24f65882 c2bcb4c140af4b37b2c28a3f02270ef0 4778e9665d2c4b13bf3d5775386d72dd - - default default] 10.0.0.152 "GET /v2.0/security-groups?tenant_id=c5c785406d204d50919c1673a32080dd&name=default HTTP/1.1" status: 200 len: 2996 time: 0.3180144
2026-04-28 04:29:13.965 10 INFO neutron.wsgi [None req-3689c753-7b9e-4a37-b9f5-b45b6436a794 c2bcb4c140af4b37b2c28a3f02270ef0 4778e9665d2c4b13bf3d5775386d72dd - - default default] 10.0.0.152 "GET /v2.0/security-groups?tenant_id=763ad0b52cbe4a58a1c10dfe871a48cc&name=default HTTP/1.1" status: 200 len: 2996 time: 0.3412836
2026-04-28 04:29:14.160 10 INFO neutron.wsgi [None req-e31845ce-3d5a-4a39-b215-10d53f0642ec c2bcb4c140af4b37b2c28a3f02270ef0 4778e9665d2c4b13bf3d5775386d72dd - - default default] 10.0.0.152 "DELETE /v2.0/security-groups/6e6f348d-fd99-4b18-a280-2394ce371097 HTTP/1.1" status: 204 len: 168 time: 0.1894035
2026-04-28 04:29:14.230 9 INFO neutron.wsgi [None req-5aa77c7c-cf1e-42d1-b0b5-b440acd9491a c2bcb4c140af4b37b2c28a3f02270ef0 4778e9665d2c4b13bf3d5775386d72dd - - default default] 10.0.0.152 "DELETE /v2.0/security-groups/72dfd1dd-b46b-4dcb-a6aa-796f0011b8c3 HTTP/1.1" status: 204 len: 168 time: 0.2600248
2026-04-28 04:29:14.414 10 INFO neutron.db.ovn_revision_numbers_db [None req-f2afa28c-3255-4a85-8eff-d266f753dd66 c2bcb4c140af4b37b2c28a3f02270ef0 4778e9665d2c4b13bf3d5775386d72dd - - default default] Successfully bumped revision number for resource a6b872a6-a4d9-479c-b433-d0ee2874988b (type: security_groups) to 1
2026-04-28 04:29:14.419 10 INFO neutron.db.ovn_revision_numbers_db [None req-1a882871-874e-4f26-b241-5124ace97712 c2bcb4c140af4b37b2c28a3f02270ef0 4778e9665d2c4b13bf3d5775386d72dd - - default default] Successfully bumped revision number for resource b33a02c1-a005-4f20-b713-fa9b028f97b9 (type: security_groups) to 1
2026-04-28 04:29:14.432 10 INFO neutron.db.ovn_revision_numbers_db [None req-f2afa28c-3255-4a85-8eff-d266f753dd66 c2bcb4c140af4b37b2c28a3f02270ef0 4778e9665d2c4b13bf3d5775386d72dd - - default default] Successfully bumped revision number for resource 08abd355-73aa-49b2-9614-849019ed9d63 (type: security_group_rules) to 0
2026-04-28 04:29:14.439 10 INFO neutron.db.ovn_revision_numbers_db [None req-1a882871-874e-4f26-b241-5124ace97712 c2bcb4c140af4b37b2c28a3f02270ef0 4778e9665d2c4b13bf3d5775386d72dd - - default default] Successfully bumped revision number for resource 23c55717-cf87-471b-b4cd-4c7d0359b4ce (type: security_group_rules) to 0
2026-04-28 04:29:14.452 10 INFO neutron.db.ovn_revision_numbers_db [None req-f2afa28c-3255-4a85-8eff-d266f753dd66 c2bcb4c140af4b37b2c28a3f02270ef0 4778e9665d2c4b13bf3d5775386d72dd - - default default] Successfully bumped revision number for resource 0bc8d37e-084e-4315-9666-a8850ace5d1b (type: security_group_rules) to 0
2026-04-28 04:29:14.461 10 INFO neutron.db.ovn_revision_numbers_db [None req-1a882871-874e-4f26-b241-5124ace97712 c2bcb4c140af4b37b2c28a3f02270ef0 4778e9665d2c4b13bf3d5775386d72dd - - default default] Successfully bumped revision number for resource 49d3c520-f73e-4fc2-acc5-5eb82a8c6210 (type: security_group_rules) to 0
2026-04-28 04:29:14.470 10 INFO neutron.db.ovn_revision_numbers_db [None req-f2afa28c-3255-4a85-8eff-d266f753dd66 c2bcb4c140af4b37b2c28a3f02270ef0 4778e9665d2c4b13bf3d5775386d72dd - - default default] Successfully bumped revision number for resource 47a02fa2-a9fa-4d73-aee9-2f5c3532898f (type: security_group_rules) to 0
2026-04-28 04:29:14.482 10 INFO neutron.db.ovn_revision_numbers_db [None req-1a882871-874e-4f26-b241-5124ace97712 c2bcb4c140af4b37b2c28a3f02270ef0 4778e9665d2c4b13bf3d5775386d72dd - - default default] Successfully bumped revision number for resource bd880199-7a1c-4b93-89d8-255cff035886 (type: security_group_rules) to 0
2026-04-28 04:29:14.491 10 INFO neutron.db.ovn_revision_numbers_db [None req-f2afa28c-3255-4a85-8eff-d266f753dd66 c2bcb4c140af4b37b2c28a3f02270ef0 4778e9665d2c4b13bf3d5775386d72dd - - default default] Successfully bumped revision number for resource 86d23d87-994b-495b-b247-534c5c3b7f5f (type: security_group_rules) to 0
2026-04-28 04:29:14.509 10 INFO neutron.db.ovn_revision_numbers_db [None req-1a882871-874e-4f26-b241-5124ace97712 c2bcb4c140af4b37b2c28a3f02270ef0 4778e9665d2c4b13bf3d5775386d72dd - - default default] Successfully bumped revision number for resource fc44404e-3929-41aa-92b2-b3041fd49f7d (type: security_group_rules) to 0
2026-04-28 04:29:14.525 10 INFO neutron.wsgi [None req-f2afa28c-3255-4a85-8eff-d266f753dd66 c2bcb4c140af4b37b2c28a3f02270ef0 4778e9665d2c4b13bf3d5775386d72dd - - default default] 10.0.0.152 "GET /v2.0/security-groups?tenant_id=6188b020ee1f49ab914d38d8545b1f38&name=default HTTP/1.1" status: 200 len: 2996 time: 0.2676630
2026-04-28 04:29:14.544 10 INFO neutron.wsgi [None req-1a882871-874e-4f26-b241-5124ace97712 c2bcb4c140af4b37b2c28a3f02270ef0 4778e9665d2c4b13bf3d5775386d72dd - - default default] 10.0.0.152 "GET /v2.0/security-groups?tenant_id=70af02bdf08744b7a9f2a956e8ec3199&name=default HTTP/1.1" status: 200 len: 2996 time: 0.3717737
2026-04-28 04:29:14.564 10 INFO neutron.db.ovn_revision_numbers_db [None req-51125354-a766-4758-841b-1818632a7a7f c2bcb4c140af4b37b2c28a3f02270ef0 4778e9665d2c4b13bf3d5775386d72dd - - default default] Successfully bumped revision number for resource 55cdb441-e6d9-4f3a-89f8-6d15f47c9ffd (type: security_groups) to 1
2026-04-28 04:29:14.579 10 INFO neutron.db.ovn_revision_numbers_db [None req-51125354-a766-4758-841b-1818632a7a7f c2bcb4c140af4b37b2c28a3f02270ef0 4778e9665d2c4b13bf3d5775386d72dd - - default default] Successfully bumped revision number for resource 0dcd7174-9138-405c-ba66-05cc3e5863ec (type: security_group_rules) to 0
2026-04-28 04:29:14.592 10 INFO neutron.db.ovn_revision_numbers_db [None req-51125354-a766-4758-841b-1818632a7a7f c2bcb4c140af4b37b2c28a3f02270ef0 4778e9665d2c4b13bf3d5775386d72dd - - default default] Successfully bumped revision number for resource 46df10ce-2484-4b62-b790-94cf71d26118 (type: security_group_rules) to 0
2026-04-28 04:29:14.608 10 INFO neutron.db.ovn_revision_numbers_db [None req-51125354-a766-4758-841b-1818632a7a7f c2bcb4c140af4b37b2c28a3f02270ef0 4778e9665d2c4b13bf3d5775386d72dd - - default default] Successfully bumped revision number for resource ac024cfc-15b2-44a5-9b59-b1b221c07a27 (type: security_group_rules) to 0
2026-04-28 04:29:14.626 10 INFO neutron.db.ovn_revision_numbers_db [None req-51125354-a766-4758-841b-1818632a7a7f c2bcb4c140af4b37b2c28a3f02270ef0 4778e9665d2c4b13bf3d5775386d72dd - - default default] Successfully bumped revision number for resource d2b8b3fc-5321-4418-af22-8507bac8f646 (type: security_group_rules) to 0
2026-04-28 04:29:14.649 10 INFO neutron.wsgi [None req-51125354-a766-4758-841b-1818632a7a7f c2bcb4c140af4b37b2c28a3f02270ef0 4778e9665d2c4b13bf3d5775386d72dd - - default default] 10.0.0.152 "GET /v2.0/security-groups?tenant_id=18dafbf1e7364ee5bb3089552be1ab7b&name=default HTTP/1.1" status: 200 len: 2996 time: 0.2547531
2026-04-28 04:29:14.758 10 INFO neutron.wsgi [None req-56caf9a3-a125-4d6c-b8ff-4e44fdbfa893 c2bcb4c140af4b37b2c28a3f02270ef0 4778e9665d2c4b13bf3d5775386d72dd - - default default] 10.0.0.152 "DELETE /v2.0/security-groups/a6b872a6-a4d9-479c-b433-d0ee2874988b HTTP/1.1" status: 204 len: 168 time: 0.2243445
2026-04-28 04:29:14.831 10 INFO neutron.wsgi [None req-a14dfae1-4e04-4bd9-ad48-fd8fe99872d8 c2bcb4c140af4b37b2c28a3f02270ef0 4778e9665d2c4b13bf3d5775386d72dd - - default default] 10.0.0.152 "DELETE /v2.0/security-groups/55cdb441-e6d9-4f3a-89f8-6d15f47c9ffd HTTP/1.1" status: 204 len: 168 time: 0.1772952
2026-04-28 04:29:15.007 9 INFO neutron.wsgi [None req-828c1876-8586-4b23-a936-ea030ac745be c2bcb4c140af4b37b2c28a3f02270ef0 4778e9665d2c4b13bf3d5775386d72dd - - default default] 10.0.0.152 "DELETE /v2.0/security-groups/b33a02c1-a005-4f20-b713-fa9b028f97b9 HTTP/1.1" status: 204 len: 168 time: 0.4576917
2026-04-28 04:29:15.281 10 INFO neutron.wsgi [-] 10.0.0.6 "GET / HTTP/1.1" status: 200 len: 247 time: 0.0017648
2026-04-28 04:29:15.283 10 INFO neutron.wsgi [-] 10.0.0.6 "GET / HTTP/1.1" status: 200 len: 247 time: 0.0014942
2026-04-28 04:29:15.358 9 INFO neutron.wsgi [None req-4c2f39ef-8766-4f94-aa3b-82f4bd24f6ac c2bcb4c140af4b37b2c28a3f02270ef0 4778e9665d2c4b13bf3d5775386d72dd - - default default] 10.0.0.152 "PUT /v2.0/routers/da264387-83ea-43b1-b1fb-0f88d5f9ed7f/remove_router_interface HTTP/1.1" status: 200 len: 503 time: 1.2359040
2026-04-28 04:29:16.231 10 INFO neutron.wsgi [None req-d5269372-010a-4162-a959-e8437603994f c2bcb4c140af4b37b2c28a3f02270ef0 4778e9665d2c4b13bf3d5775386d72dd - - default default] 10.0.0.152 "DELETE /v2.0/routers/da264387-83ea-43b1-b1fb-0f88d5f9ed7f HTTP/1.1" status: 204 len: 168 time: 0.8691540 /var/lib/openstack/lib/python3.10/site-packages/pycadf/identifier.py:71: UserWarning: Invalid uuid: neutron. To ensure interoperability, identifiers should be a valid uuid. warnings.warn(('Invalid uuid: %s. To ensure interoperability, '
2026-04-28 04:29:16.440 9 INFO neutron.wsgi [None req-66c36bdf-1e4c-4a49-a5a4-6859a04d1427 c2bcb4c140af4b37b2c28a3f02270ef0 4778e9665d2c4b13bf3d5775386d72dd - - default default] 10.0.0.152 "DELETE /v2.0/subnets/be9f5b3a-6bc4-4667-b270-2aecbbf2c921 HTTP/1.1" status: 204 len: 168 time: 0.2046366
2026-04-28 04:29:16.807 10 WARNING neutron_lib.context [None req-e0cdbc22-9556-4e8e-af3d-66c8ee2bc085 0a258b4d7c1245559317d5f4d355f551 861d2842ec1f4341ae1ce7a52a2afb40 - - default default] Method 'is_advsvc' is deprecated since 2023.2 release (neutron-lib 3.8.0) and will be removed once support for the old RBAC API policies will be removed from Neutron. Please use method 'is_service_role' instead.
2026-04-28 04:29:16.989 10 INFO neutron.db.ovn_revision_numbers_db [None req-e0cdbc22-9556-4e8e-af3d-66c8ee2bc085 0a258b4d7c1245559317d5f4d355f551 861d2842ec1f4341ae1ce7a52a2afb40 - - default default] Successfully bumped revision number for resource 91fd7f36-32f1-4f8b-97f5-c26769a33b02 (type: security_groups) to 1
2026-04-28 04:29:17.017 10 INFO neutron.db.ovn_revision_numbers_db [None req-e0cdbc22-9556-4e8e-af3d-66c8ee2bc085 0a258b4d7c1245559317d5f4d355f551 861d2842ec1f4341ae1ce7a52a2afb40 - - default default] Successfully bumped revision number for resource 0415e41f-c11a-4049-b3c7-3c042bfb8002 (type: security_group_rules) to 0
2026-04-28 04:29:17.028 10 INFO neutron.services.segments.plugin [-] Segment 5605e54f-597b-4b8d-8c64-a597b55f0a1a resource provider aggregate not found
2026-04-28 04:29:17.032 10 INFO neutron.services.segments.plugin [-] Segment 5605e54f-597b-4b8d-8c64-a597b55f0a1a resource provider aggregate not found
2026-04-28 04:29:17.046 10 INFO neutron.services.segments.plugin [-] Segment 5605e54f-597b-4b8d-8c64-a597b55f0a1a resource provider not found; error: Placement Client Error (4xx): {"errors": [{"status": 404, "title": "Not Found", "detail": "The resource could not be found.\n\n No resource provider with uuid 5605e54f-597b-4b8d-8c64-a597b55f0a1a found for delete ", "request_id": "req-4b4f52da-71a9-4ded-90e0-9fac12c99e14"}]}
2026-04-28 04:29:17.050 10 INFO neutron.db.ovn_revision_numbers_db [None req-e0cdbc22-9556-4e8e-af3d-66c8ee2bc085 0a258b4d7c1245559317d5f4d355f551 861d2842ec1f4341ae1ce7a52a2afb40 - - default default] Successfully bumped revision number for resource bbf4e1c8-8513-4c00-8508-fe85bdf7f812 (type: security_group_rules) to 0
2026-04-28 04:29:17.052 10 INFO neutron.services.segments.plugin [-] Segment 5605e54f-597b-4b8d-8c64-a597b55f0a1a resource provider not found; error: Placement Client Error (4xx): {"errors": [{"status": 404, "title": "Not Found", "detail": "The resource could not be found.\n\n No resource provider with uuid 5605e54f-597b-4b8d-8c64-a597b55f0a1a found for delete ", "request_id": "req-d9c91783-df51-47d1-a0cb-86f6ab28d6df"}]}
2026-04-28 04:29:17.069 10 INFO neutron.db.ovn_revision_numbers_db [None req-e0cdbc22-9556-4e8e-af3d-66c8ee2bc085 0a258b4d7c1245559317d5f4d355f551 861d2842ec1f4341ae1ce7a52a2afb40 - - default default] Successfully bumped revision number for resource bd039913-072d-49e6-a94e-dcd7feeaec86 (type: security_group_rules) to 0
2026-04-28 04:29:17.074 10 INFO neutron.wsgi [None req-fb173071-5c6e-4a25-a6e3-ebf05e8e9297 c2bcb4c140af4b37b2c28a3f02270ef0 4778e9665d2c4b13bf3d5775386d72dd - - default default] 10.0.0.152 "DELETE /v2.0/networks/3e718183-b17b-4854-8bb4-5878af63a858 HTTP/1.1" status: 204 len: 168 time: 0.6287339
2026-04-28 04:29:17.091 10 INFO neutron.db.ovn_revision_numbers_db [None req-e0cdbc22-9556-4e8e-af3d-66c8ee2bc085 0a258b4d7c1245559317d5f4d355f551 861d2842ec1f4341ae1ce7a52a2afb40 - - default default] Successfully bumped revision number for resource c26e1c8f-2273-4d0b-8516-a383fc613526 (type: security_group_rules) to 0
2026-04-28 04:29:17.145 10 INFO neutron.db.segments_db [None req-e0cdbc22-9556-4e8e-af3d-66c8ee2bc085 0a258b4d7c1245559317d5f4d355f551 861d2842ec1f4341ae1ce7a52a2afb40 - - default default] Added segment 58042379-e6f4-40f8-8345-14dc56d6257d of type geneve for network c51f0ba8-bbd1-4501-bfe8-13eed81f39c3
2026-04-28 04:29:17.234 9 INFO neutron.wsgi [None req-9ec9f417-e283-4b9d-a7da-20f064cc5578 c2bcb4c140af4b37b2c28a3f02270ef0 4778e9665d2c4b13bf3d5775386d72dd - - default default] 10.0.0.152 "GET /v2.0/security-groups?tenant_id=45659e1ab98040adb92d55ce833e58ba&name=default HTTP/1.1" status: 200 len: 2996 time: 0.0506508
2026-04-28 04:29:17.300 10 INFO neutron.db.ovn_revision_numbers_db [None req-e0cdbc22-9556-4e8e-af3d-66c8ee2bc085 0a258b4d7c1245559317d5f4d355f551 861d2842ec1f4341ae1ce7a52a2afb40 - - default default] Successfully bumped revision number for resource c51f0ba8-bbd1-4501-bfe8-13eed81f39c3 (type: networks) to 1
2026-04-28 04:29:17.502 10 WARNING neutron.scheduler.dhcp_agent_scheduler [None req-e0cdbc22-9556-4e8e-af3d-66c8ee2bc085 0a258b4d7c1245559317d5f4d355f551 861d2842ec1f4341ae1ce7a52a2afb40 - - default default] No more DHCP agents
2026-04-28 04:29:17.506 10 WARNING neutron.api.rpc.agentnotifiers.dhcp_rpc_agent_api [None req-e0cdbc22-9556-4e8e-af3d-66c8ee2bc085 0a258b4d7c1245559317d5f4d355f551 861d2842ec1f4341ae1ce7a52a2afb40 - - default default] Unable to schedule network c51f0ba8-bbd1-4501-bfe8-13eed81f39c3: no agents available; will retry on subsequent port and subnet creation events.
2026-04-28 04:29:17.567 10 INFO neutron.wsgi [None req-7f642a51-dd5a-4a43-b706-f86e755ebafe c2bcb4c140af4b37b2c28a3f02270ef0 4778e9665d2c4b13bf3d5775386d72dd - - default default] 10.0.0.152 "DELETE /v2.0/security-groups/31b35040-09a0-4a71-b4e0-75597e626661 HTTP/1.1" status: 204 len: 168 time: 0.3286197
2026-04-28 04:29:17.612 10 INFO neutron.db.ovn_revision_numbers_db [None req-e0cdbc22-9556-4e8e-af3d-66c8ee2bc085 0a258b4d7c1245559317d5f4d355f551 861d2842ec1f4341ae1ce7a52a2afb40 - - default default] Successfully bumped revision number for resource 641fd1ef-d824-4df7-82b1-bc3b1cd2c29c (type: ports) to 1
2026-04-28 04:29:17.634 10 INFO neutron.wsgi [None req-e0cdbc22-9556-4e8e-af3d-66c8ee2bc085 0a258b4d7c1245559317d5f4d355f551 861d2842ec1f4341ae1ce7a52a2afb40 - - default default] 10.0.0.152 "POST /v2.0/networks HTTP/1.1" status: 201 len: 842 time: 1.1131890
2026-04-28 04:29:17.677 10 WARNING neutron_lib.context [None req-22b3dc0d-1bb3-4140-b2eb-0494b183fecd 0a258b4d7c1245559317d5f4d355f551 861d2842ec1f4341ae1ce7a52a2afb40 - - default default] Method 'is_advsvc' is deprecated since 2023.2 release (neutron-lib 3.8.0) and will be removed once support for the old RBAC API policies will be removed from Neutron. Please use method 'is_service_role' instead.
2026-04-28 04:29:17.925 10 WARNING neutron.scheduler.dhcp_agent_scheduler [None req-22b3dc0d-1bb3-4140-b2eb-0494b183fecd 0a258b4d7c1245559317d5f4d355f551 861d2842ec1f4341ae1ce7a52a2afb40 - - default default] No more DHCP agents
2026-04-28 04:29:17.927 10 WARNING neutron.api.rpc.agentnotifiers.dhcp_rpc_agent_api [None req-22b3dc0d-1bb3-4140-b2eb-0494b183fecd 0a258b4d7c1245559317d5f4d355f551 861d2842ec1f4341ae1ce7a52a2afb40 - - default default] Unable to schedule network c51f0ba8-bbd1-4501-bfe8-13eed81f39c3: no agents available; will retry on subsequent port and subnet creation events.
2026-04-28 04:29:18.418 10 INFO neutron.db.ovn_revision_numbers_db [None req-22b3dc0d-1bb3-4140-b2eb-0494b183fecd 0a258b4d7c1245559317d5f4d355f551 861d2842ec1f4341ae1ce7a52a2afb40 - - default default] Successfully bumped revision number for resource 641fd1ef-d824-4df7-82b1-bc3b1cd2c29c (type: ports) to 2
2026-04-28 04:29:18.453 10 INFO neutron.db.ovn_revision_numbers_db [None req-22b3dc0d-1bb3-4140-b2eb-0494b183fecd 0a258b4d7c1245559317d5f4d355f551 861d2842ec1f4341ae1ce7a52a2afb40 - - default default] Successfully bumped revision number for resource 184fb398-2df4-4840-8f4f-435f967a0433 (type: subnets) to 0
2026-04-28 04:29:18.469 10 INFO neutron.wsgi [None req-22b3dc0d-1bb3-4140-b2eb-0494b183fecd 0a258b4d7c1245559317d5f4d355f551 861d2842ec1f4341ae1ce7a52a2afb40 - - default default] 10.0.0.152 "POST /v2.0/subnets HTTP/1.1" status: 201 len: 816 time: 0.8004498
2026-04-28 04:29:18.479 10 WARNING neutron_lib.context [None req-64e03817-ee64-410e-b63b-aa9e69dbbe99 0a258b4d7c1245559317d5f4d355f551 861d2842ec1f4341ae1ce7a52a2afb40 - - default default] Method 'is_advsvc' is deprecated since 2023.2 release (neutron-lib 3.8.0) and will be removed once support for the old RBAC API policies will be removed from Neutron. Please use method 'is_service_role' instead.
2026-04-28 04:29:18.568 10 INFO neutron.db.segments_db [None req-64e03817-ee64-410e-b63b-aa9e69dbbe99 0a258b4d7c1245559317d5f4d355f551 861d2842ec1f4341ae1ce7a52a2afb40 - - default default] Added segment 73014ec6-bdd6-4525-9ce6-45523db0be1d of type geneve for network 79d5fbf2-1739-453f-8efe-14a9c8c8d8f8
2026-04-28 04:29:18.585 9 INFO neutron.db.ovn_revision_numbers_db [None req-29509e0b-545f-4899-a577-7ab1abb0eddc c2bcb4c140af4b37b2c28a3f02270ef0 4778e9665d2c4b13bf3d5775386d72dd - - default default] Successfully bumped revision number for resource e5571bf8-1c51-4b19-a4d2-5630d5ad07af (type: security_groups) to 1
2026-04-28 04:29:18.600 9 INFO neutron.db.ovn_revision_numbers_db [None req-29509e0b-545f-4899-a577-7ab1abb0eddc c2bcb4c140af4b37b2c28a3f02270ef0 4778e9665d2c4b13bf3d5775386d72dd - - default default] Successfully bumped revision number for resource ab775d11-7ea3-40f4-8b3e-538b39a3eb63 (type: security_group_rules) to 0
2026-04-28 04:29:18.615 9 INFO neutron.db.ovn_revision_numbers_db [None req-29509e0b-545f-4899-a577-7ab1abb0eddc c2bcb4c140af4b37b2c28a3f02270ef0 4778e9665d2c4b13bf3d5775386d72dd - - default default] Successfully bumped revision number for resource c2854613-15e7-40e5-9462-636edafdbbd5 (type: security_group_rules) to 0
2026-04-28 04:29:18.629 9 INFO neutron.db.ovn_revision_numbers_db [None req-29509e0b-545f-4899-a577-7ab1abb0eddc c2bcb4c140af4b37b2c28a3f02270ef0 4778e9665d2c4b13bf3d5775386d72dd - - default default] Successfully bumped revision number for resource f047783c-4e7f-40d4-8444-9e90012af493 (type: security_group_rules) to 0
2026-04-28 04:29:18.642 9 INFO neutron.db.ovn_revision_numbers_db [None req-29509e0b-545f-4899-a577-7ab1abb0eddc c2bcb4c140af4b37b2c28a3f02270ef0 4778e9665d2c4b13bf3d5775386d72dd - - default default] Successfully bumped revision number for resource f3a0c314-5c99-457b-b15e-da6d85fafa87 (type: security_group_rules) to 0
2026-04-28 04:29:18.669 9 INFO neutron.wsgi [None req-29509e0b-545f-4899-a577-7ab1abb0eddc c2bcb4c140af4b37b2c28a3f02270ef0 4778e9665d2c4b13bf3d5775386d72dd - - default default] 10.0.0.152 "GET /v2.0/security-groups?tenant_id=7f3e819b2a8e405d91ca1be8db70900f&name=default HTTP/1.1" status: 200 len: 2996 time: 0.3427570
2026-04-28 04:29:18.693 10 INFO neutron.db.ovn_revision_numbers_db [None req-64e03817-ee64-410e-b63b-aa9e69dbbe99 0a258b4d7c1245559317d5f4d355f551 861d2842ec1f4341ae1ce7a52a2afb40 - - default default] Successfully bumped revision number for resource 79d5fbf2-1739-453f-8efe-14a9c8c8d8f8 (type: networks) to 1
2026-04-28 04:29:18.858 9 INFO neutron.wsgi [None req-4dc52809-9059-4258-b077-c5587ec4934d c2bcb4c140af4b37b2c28a3f02270ef0 4778e9665d2c4b13bf3d5775386d72dd - - default default] 10.0.0.152 "DELETE /v2.0/security-groups/e5571bf8-1c51-4b19-a4d2-5630d5ad07af HTTP/1.1" status: 204 len: 168 time: 0.1837156
2026-04-28 04:29:18.873 10 WARNING neutron.scheduler.dhcp_agent_scheduler [None req-64e03817-ee64-410e-b63b-aa9e69dbbe99 0a258b4d7c1245559317d5f4d355f551 861d2842ec1f4341ae1ce7a52a2afb40 - - default default] No more DHCP agents
2026-04-28 04:29:18.875 10 WARNING neutron.api.rpc.agentnotifiers.dhcp_rpc_agent_api [None req-64e03817-ee64-410e-b63b-aa9e69dbbe99 0a258b4d7c1245559317d5f4d355f551 861d2842ec1f4341ae1ce7a52a2afb40 - - default default] Unable to schedule network 79d5fbf2-1739-453f-8efe-14a9c8c8d8f8: no agents available; will retry on subsequent port and subnet creation events.
2026-04-28 04:29:18.970 10 INFO neutron.db.ovn_revision_numbers_db [None req-64e03817-ee64-410e-b63b-aa9e69dbbe99 0a258b4d7c1245559317d5f4d355f551 861d2842ec1f4341ae1ce7a52a2afb40 - - default default] Successfully bumped revision number for resource 7740f81a-fc47-4b39-80be-d760bb1af368 (type: ports) to 1
2026-04-28 04:29:18.993 10 INFO neutron.wsgi [None req-64e03817-ee64-410e-b63b-aa9e69dbbe99 0a258b4d7c1245559317d5f4d355f551 861d2842ec1f4341ae1ce7a52a2afb40 - - default default] 10.0.0.152 "POST /v2.0/networks HTTP/1.1" status: 201 len: 842 time: 0.5176709
2026-04-28 04:29:19.187 10 INFO neutron.db.ovn_revision_numbers_db [None req-8f3b7b1c-3454-4d20-81f3-712dbbb0d9c4 0a258b4d7c1245559317d5f4d355f551 861d2842ec1f4341ae1ce7a52a2afb40 - - default default] Successfully bumped revision number for resource 79d5fbf2-1739-453f-8efe-14a9c8c8d8f8 (type: networks) to 2
2026-04-28 04:29:19.192 10 INFO neutron.wsgi [None req-8f3b7b1c-3454-4d20-81f3-712dbbb0d9c4 0a258b4d7c1245559317d5f4d355f551 861d2842ec1f4341ae1ce7a52a2afb40 - - default default] 10.0.0.152 "PUT /v2.0/networks/79d5fbf2-1739-453f-8efe-14a9c8c8d8f8 HTTP/1.1" status: 200 len: 792 time: 0.1942356
2026-04-28 04:29:19.203 10 WARNING neutron_lib.context [None req-9a2f7d71-5ab9-48d4-9acf-1fb020116222 0a258b4d7c1245559317d5f4d355f551 861d2842ec1f4341ae1ce7a52a2afb40 - - default default] Method 'is_advsvc' is deprecated since 2023.2 release (neutron-lib 3.8.0) and will be removed once support for the old RBAC API policies will be removed from Neutron. Please use method 'is_service_role' instead.
2026-04-28 04:29:19.415 9 WARNING neutron_lib.context [None req-bf5dd4a4-852d-4807-9532-c9f59a5087fa cbc3e3f61e384d32896df990ada913fb f32e3e7c19de4d09b52a72d72025139c - - default default] Method 'is_advsvc' is deprecated since 2023.2 release (neutron-lib 3.8.0) and will be removed once support for the old RBAC API policies will be removed from Neutron. Please use method 'is_service_role' instead.
2026-04-28 04:29:19.431 10 WARNING neutron.scheduler.dhcp_agent_scheduler [None req-9a2f7d71-5ab9-48d4-9acf-1fb020116222 0a258b4d7c1245559317d5f4d355f551 861d2842ec1f4341ae1ce7a52a2afb40 - - default default] No more DHCP agents
2026-04-28 04:29:19.433 10 WARNING neutron.api.rpc.agentnotifiers.dhcp_rpc_agent_api [None req-9a2f7d71-5ab9-48d4-9acf-1fb020116222 0a258b4d7c1245559317d5f4d355f551 861d2842ec1f4341ae1ce7a52a2afb40 - - default default] Unable to schedule network 79d5fbf2-1739-453f-8efe-14a9c8c8d8f8: no agents available; will retry on subsequent port and subnet creation events.
