2026-04-28 04:28:46.491 9 INFO neutron.db.segments_db [None req-3dc48d73-ca7a-4b3f-bd70-1c1d1d517e93 e86ea5db493f4216a8292a294e2a022a a0fec0786c0c4a618a93edbc777c016c - - default default] Added segment 21070813-a5b7-4744-9c2f-cebda80f53f7 of type geneve for network 4c4bb82f-a4cd-498d-956c-d2fe8b1b3c39
2026-04-28 04:28:46.649 9 INFO neutron.db.ovn_revision_numbers_db [None req-3dc48d73-ca7a-4b3f-bd70-1c1d1d517e93 e86ea5db493f4216a8292a294e2a022a a0fec0786c0c4a618a93edbc777c016c - - default default] Successfully bumped revision number for resource 4c4bb82f-a4cd-498d-956c-d2fe8b1b3c39 (type: networks) to 1
2026-04-28 04:28:46.662 10 INFO neutron.wsgi [req-254be5f0-2c98-4bd4-be05-dd9f49538f86 req-4d4fd5d8-38fe-4239-aa36-01be285368f1 5685111a29f541548d6db46ee7d17fe2 03ed22b37419401b9787bd105d1a4c38 - - default default] 10.0.0.145 "GET /v2.0/ports?device_id=ab724b79-ccfb-4946-ba06-cf08855e6864 HTTP/1.1" status: 200 len: 1170 time: 0.0502148
2026-04-28 04:28:46.755 10 INFO neutron.wsgi [req-254be5f0-2c98-4bd4-be05-dd9f49538f86 req-cfc37eb3-f135-46c9-b6d8-df6c6d1d4619 5685111a29f541548d6db46ee7d17fe2 03ed22b37419401b9787bd105d1a4c38 - - default default] 10.0.0.145 "GET /v2.0/security-groups?id=85e29973-eb5f-42bc-9d5e-3773c1d7564e&fields=id&fields=name HTTP/1.1" status: 200 len: 312 time: 0.0846851
2026-04-28 04:28:46.756 10 INFO neutron.db.l3_db [None req-a04cf90d-5521-4ec4-be73-36c22241bb41 4528bdeb367347afa9e51f02df3b6a77 e01b15754c4b4b918bd52ea297951945 - - default default] Floating IP f2ed2c79-8e60-4da4-94df-3f10278a7bab associated. External IP: 10.96.250.204, port: ffbe415b-ff18-4c6f-b6e2-0b80e75356e2.
2026-04-28 04:28:46.882 9 WARNING neutron.scheduler.dhcp_agent_scheduler [None req-3dc48d73-ca7a-4b3f-bd70-1c1d1d517e93 e86ea5db493f4216a8292a294e2a022a a0fec0786c0c4a618a93edbc777c016c - - default default] No more DHCP agents
2026-04-28 04:28:46.885 9 WARNING neutron.api.rpc.agentnotifiers.dhcp_rpc_agent_api [None req-3dc48d73-ca7a-4b3f-bd70-1c1d1d517e93 e86ea5db493f4216a8292a294e2a022a a0fec0786c0c4a618a93edbc777c016c - - default default] Unable to schedule network 4c4bb82f-a4cd-498d-956c-d2fe8b1b3c39: no agents available; will retry on subsequent port and subnet creation events.
2026-04-28 04:28:46.936 9 WARNING neutron_lib.context [None req-f9f22cff-e08e-44be-9c50-8e6cbca580e2 f471a6e7edd041149c3c416e14a96201 12a56e4c3ac74c45a81e020a6dc8e300 - - default default] Method 'is_advsvc' is deprecated since 2023.2 release (neutron-lib 3.8.0) and will be removed once support for the old RBAC API policies will be removed from Neutron. Please use method 'is_service_role' instead.
2026-04-28 04:28:46.991 9 INFO neutron.db.ovn_revision_numbers_db [None req-3dc48d73-ca7a-4b3f-bd70-1c1d1d517e93 e86ea5db493f4216a8292a294e2a022a a0fec0786c0c4a618a93edbc777c016c - - default default] Successfully bumped revision number for resource 7b9b6f98-c5f6-41e1-a0b9-2199c8bd314b (type: ports) to 1
2026-04-28 04:28:47.028 9 INFO neutron.wsgi [None req-3dc48d73-ca7a-4b3f-bd70-1c1d1d517e93 e86ea5db493f4216a8292a294e2a022a a0fec0786c0c4a618a93edbc777c016c - - default default] 10.0.0.152 "POST /v2.0/networks HTTP/1.1" status: 201 len: 828 time: 0.6233728
2026-04-28 04:28:47.044 10 WARNING neutron_lib.context [None req-c1e5c723-eaa8-45f1-ace0-77e6b6d32724 e86ea5db493f4216a8292a294e2a022a a0fec0786c0c4a618a93edbc777c016c - - default default] Method 'is_advsvc' is deprecated since 2023.2 release (neutron-lib 3.8.0) and will be removed once support for the old RBAC API policies will be removed from Neutron. Please use method 'is_service_role' instead.
2026-04-28 04:28:47.074 9 INFO neutron.wsgi [req-7b7d34ca-3c94-4083-981e-d78d6f8d7800 req-8c9a6893-b082-4eb8-93af-927a7c862bd9 5685111a29f541548d6db46ee7d17fe2 03ed22b37419401b9787bd105d1a4c38 - - default default] 199.19.213.142 "GET /v2.0/ports?device_id=ab724b79-ccfb-4946-ba06-cf08855e6864 HTTP/1.1" status: 200 len: 1170 time: 0.1136055
2026-04-28 04:28:47.175 9 INFO neutron.db.ovn_revision_numbers_db [None req-f9f22cff-e08e-44be-9c50-8e6cbca580e2 f471a6e7edd041149c3c416e14a96201 12a56e4c3ac74c45a81e020a6dc8e300 - - default default] Successfully bumped revision number for resource 975e7697-025d-4274-9de2-6d93b5e5112b (type: security_groups) to 1
2026-04-28 04:28:47.197 9 INFO neutron.db.ovn_revision_numbers_db [None req-f9f22cff-e08e-44be-9c50-8e6cbca580e2 f471a6e7edd041149c3c416e14a96201 12a56e4c3ac74c45a81e020a6dc8e300 - - default default] Successfully bumped revision number for resource 19cca735-f53c-4386-892a-9bf9dd824b25 (type: security_group_rules) to 0
2026-04-28 04:28:47.218 10 INFO neutron.db.ovn_revision_numbers_db [None req-a04cf90d-5521-4ec4-be73-36c22241bb41 4528bdeb367347afa9e51f02df3b6a77 e01b15754c4b4b918bd52ea297951945 - - default default] Successfully bumped revision number for resource f2ed2c79-8e60-4da4-94df-3f10278a7bab (type: floatingips) to 1
2026-04-28 04:28:47.227 9 INFO neutron.db.ovn_revision_numbers_db [None req-f9f22cff-e08e-44be-9c50-8e6cbca580e2 f471a6e7edd041149c3c416e14a96201 12a56e4c3ac74c45a81e020a6dc8e300 - - default default] Successfully bumped revision number for resource 27e63fac-b497-476c-8a1b-d584b94a45cf (type: security_group_rules) to 0
2026-04-28 04:28:47.246 9 INFO neutron.db.ovn_revision_numbers_db [None req-f9f22cff-e08e-44be-9c50-8e6cbca580e2 f471a6e7edd041149c3c416e14a96201 12a56e4c3ac74c45a81e020a6dc8e300 - - default default] Successfully bumped revision number for resource 57c6f96f-df6b-4e94-a680-cc1ccd082925 (type: security_group_rules) to 0
2026-04-28 04:28:47.272 9 INFO neutron.db.ovn_revision_numbers_db [None req-f9f22cff-e08e-44be-9c50-8e6cbca580e2 f471a6e7edd041149c3c416e14a96201 12a56e4c3ac74c45a81e020a6dc8e300 - - default default] Successfully bumped revision number for resource cb19ff90-e394-4e35-873f-8c98735d5eba (type: security_group_rules) to 0
2026-04-28 04:28:47.332 10 WARNING neutron.plugins.ml2.drivers.ovn.mech_driver.ovsdb.ovn_client [None req-9ae27d8b-17bd-449a-a7a8-2c954a028690 - - - - - -] No port found with ID 97edf55d-0694-43ff-bb6f-7c487ea8d024: RuntimeError: No port found with ID 97edf55d-0694-43ff-bb6f-7c487ea8d024
2026-04-28 04:28:47.332 10 INFO neutron.plugins.ml2.drivers.ovn.mech_driver.mech_driver [None req-9ae27d8b-17bd-449a-a7a8-2c954a028690 - - - - - -] OVN reports status down for port: e61fa9e8-2c6c-44a0-b9ed-afbf780af736
2026-04-28 04:28:47.334 9 INFO neutron.db.segments_db [None req-f9f22cff-e08e-44be-9c50-8e6cbca580e2 f471a6e7edd041149c3c416e14a96201 12a56e4c3ac74c45a81e020a6dc8e300 - - default default] Added segment 1b525b01-1735-4f61-a3e4-0074f137622b of type geneve for network 4d2e63c0-008f-403d-90ed-d25c4bb773a9
2026-04-28 04:28:47.383 10 INFO neutron.db.ovn_revision_numbers_db [None req-a04cf90d-5521-4ec4-be73-36c22241bb41 4528bdeb367347afa9e51f02df3b6a77 e01b15754c4b4b918bd52ea297951945 - - default default] Successfully bumped revision number for resource f2ed2c79-8e60-4da4-94df-3f10278a7bab (type: floatingips) to 2
2026-04-28 04:28:47.398 10 WARNING neutron.scheduler.dhcp_agent_scheduler [None req-c1e5c723-eaa8-45f1-ace0-77e6b6d32724 e86ea5db493f4216a8292a294e2a022a a0fec0786c0c4a618a93edbc777c016c - - default default] No more DHCP agents
2026-04-28 04:28:47.402 10 WARNING neutron.api.rpc.agentnotifiers.dhcp_rpc_agent_api [None req-c1e5c723-eaa8-45f1-ace0-77e6b6d32724 e86ea5db493f4216a8292a294e2a022a a0fec0786c0c4a618a93edbc777c016c - - default default] Unable to schedule network 4c4bb82f-a4cd-498d-956c-d2fe8b1b3c39: no agents available; will retry on subsequent port and subnet creation events.
2026-04-28 04:28:47.429 10 INFO neutron.wsgi [None req-a04cf90d-5521-4ec4-be73-36c22241bb41 4528bdeb367347afa9e51f02df3b6a77 e01b15754c4b4b918bd52ea297951945 - - default default] 10.0.0.152 "PUT /v2.0/floatingips/f2ed2c79-8e60-4da4-94df-3f10278a7bab HTTP/1.1" status: 200 len: 1050 time: 1.0383503
2026-04-28 04:28:47.468 10 INFO neutron.notifiers.nova [-] Nova event matching ['req-1f0d62ae-5fcf-45d3-9dda-f09f064a3d2f'] response: {'name': 'network-changed', 'server_uuid': 'eafbbdbe-7b18-4f80-8880-697a4be2da47', 'tag': 'ffbe415b-ff18-4c6f-b6e2-0b80e75356e2', 'status': 'completed', 'code': 200} /var/lib/openstack/lib/python3.10/site-packages/pycadf/identifier.py:71: UserWarning: Invalid uuid: neutron. To ensure interoperability, identifiers should be a valid uuid. warnings.warn(('Invalid uuid: %s. To ensure interoperability, '
2026-04-28 04:28:47.512 9 INFO neutron.db.l3_db [req-7b7d34ca-3c94-4083-981e-d78d6f8d7800 req-27557d2c-2c98-4094-b217-e2e5cab40a5a 5685111a29f541548d6db46ee7d17fe2 03ed22b37419401b9787bd105d1a4c38 - - default default] Floating IP 564fcf06-b492-4b1c-8d97-6b03b21bcb11 disassociated. External IP: 10.96.250.210, port: e61fa9e8-2c6c-44a0-b9ed-afbf780af736.
2026-04-28 04:28:47.570 9 INFO neutron.wsgi [req-8981eb88-802d-4097-9193-f850dfbe3bae req-a567649c-1cf8-4ac1-8d70-a686a90ba078 4a7e98e73ff9449fa7ab2e2e9be76e14 dbd188931cf6429aa48bceb5d2eb7b30 - - b319aed713eb44deb5734c9fe65e7159 b319aed713eb44deb5734c9fe65e7159] 199.19.213.142 "GET /v2.0/ports?tenant_id=e01b15754c4b4b918bd52ea297951945&device_id=eafbbdbe-7b18-4f80-8880-697a4be2da47 HTTP/1.1" status: 200 len: 1413 time: 0.0843983
2026-04-28 04:28:47.590 9 INFO neutron.db.ovn_revision_numbers_db [None req-f9f22cff-e08e-44be-9c50-8e6cbca580e2 f471a6e7edd041149c3c416e14a96201 12a56e4c3ac74c45a81e020a6dc8e300 - - default default] Successfully bumped revision number for resource 4d2e63c0-008f-403d-90ed-d25c4bb773a9 (type: networks) to 1
2026-04-28 04:28:47.594 10 INFO neutron.wsgi [req-daff687f-d872-4282-99c7-52cd61562d36 req-8b4aef0c-1630-456b-a2c3-26d95572c672 4528bdeb367347afa9e51f02df3b6a77 e01b15754c4b4b918bd52ea297951945 - - default default] 10.0.0.145 "GET /v2.0/ports?device_id=eafbbdbe-7b18-4f80-8880-697a4be2da47 HTTP/1.1" status: 200 len: 1174 time: 0.1208045
2026-04-28 04:28:47.632 9 INFO neutron.notifiers.nova [-] Nova event matching ['req-fe204daa-de93-43b1-a346-2747258ec823'] response: {'server_uuid': 'eafbbdbe-7b18-4f80-8880-697a4be2da47', 'name': 'network-vif-plugged', 'status': 'completed', 'tag': 'ffbe415b-ff18-4c6f-b6e2-0b80e75356e2', 'code': 200}
2026-04-28 04:28:47.664 10 INFO neutron.wsgi [req-daff687f-d872-4282-99c7-52cd61562d36 req-f7a36e09-8355-43a5-812a-d833d59d90c8 4528bdeb367347afa9e51f02df3b6a77 e01b15754c4b4b918bd52ea297951945 - - default default] 10.0.0.145 "GET /v2.0/security-groups?id=a670d0f0-8cec-4bea-88e8-ae9410a5978a&fields=id&fields=name HTTP/1.1" status: 200 len: 313 time: 0.0566311
2026-04-28 04:28:47.681 9 INFO neutron.wsgi [req-8981eb88-802d-4097-9193-f850dfbe3bae req-e7410285-62d2-44f7-8310-9a8c6f19feec 4a7e98e73ff9449fa7ab2e2e9be76e14 dbd188931cf6429aa48bceb5d2eb7b30 - - b319aed713eb44deb5734c9fe65e7159 b319aed713eb44deb5734c9fe65e7159] 199.19.213.142 "GET /v2.0/networks?id=00f0109a-009c-4411-ae7f-a0de84dc5f48 HTTP/1.1" status: 200 len: 974 time: 0.1013923
2026-04-28 04:28:47.765 9 INFO neutron.wsgi [req-8981eb88-802d-4097-9193-f850dfbe3bae req-dd407a47-471d-4be2-b18a-b7e49d52d877 4a7e98e73ff9449fa7ab2e2e9be76e14 dbd188931cf6429aa48bceb5d2eb7b30 - - b319aed713eb44deb5734c9fe65e7159 b319aed713eb44deb5734c9fe65e7159] 199.19.213.142 "GET /v2.0/floatingips?fixed_ip_address=10.100.0.13&port_id=ffbe415b-ff18-4c6f-b6e2-0b80e75356e2 HTTP/1.1" status: 200 len: 1060 time: 0.0768993
2026-04-28 04:28:47.825 9 INFO neutron.wsgi [req-8981eb88-802d-4097-9193-f850dfbe3bae req-ab584491-52a7-4a7d-be7a-eba4a7606bbe 4a7e98e73ff9449fa7ab2e2e9be76e14 dbd188931cf6429aa48bceb5d2eb7b30 - - b319aed713eb44deb5734c9fe65e7159 b319aed713eb44deb5734c9fe65e7159] 199.19.213.142 "GET /v2.0/subnets?id=c2503179-30a7-4c3b-a8ca-a504ca9662d7 HTTP/1.1" status: 200 len: 869 time: 0.0478225
2026-04-28 04:28:47.842 9 INFO neutron.wsgi [req-7b7d34ca-3c94-4083-981e-d78d6f8d7800 req-27557d2c-2c98-4094-b217-e2e5cab40a5a 5685111a29f541548d6db46ee7d17fe2 03ed22b37419401b9787bd105d1a4c38 - - default default] 199.19.213.142 "DELETE /v2.0/ports/e61fa9e8-2c6c-44a0-b9ed-afbf780af736 HTTP/1.1" status: 204 len: 173 time: 0.7633915
2026-04-28 04:28:47.854 9 INFO neutron.wsgi [req-8981eb88-802d-4097-9193-f850dfbe3bae req-41245aed-0b94-4443-9954-2927c915340d 4a7e98e73ff9449fa7ab2e2e9be76e14 dbd188931cf6429aa48bceb5d2eb7b30 - - b319aed713eb44deb5734c9fe65e7159 b319aed713eb44deb5734c9fe65e7159] 199.19.213.142 "GET /v2.0/ports?network_id=00f0109a-009c-4411-ae7f-a0de84dc5f48&device_owner=network%3Adhcp HTTP/1.1" status: 200 len: 210 time: 0.0236981
2026-04-28 04:28:47.884 10 INFO neutron.wsgi [req-c720ae0b-fbe1-4bf7-971f-dcde6da8bfc7 req-87355f60-9f05-4b4b-abfb-74eb7873bead 5685111a29f541548d6db46ee7d17fe2 03ed22b37419401b9787bd105d1a4c38 - - default default] 10.0.0.145 "GET /v2.0/ports?device_id=ab724b79-ccfb-4946-ba06-cf08855e6864 HTTP/1.1" status: 200 len: 210 time: 0.0367622
2026-04-28 04:28:47.907 9 WARNING neutron.scheduler.dhcp_agent_scheduler [None req-f9f22cff-e08e-44be-9c50-8e6cbca580e2 f471a6e7edd041149c3c416e14a96201 12a56e4c3ac74c45a81e020a6dc8e300 - - default default] No more DHCP agents
2026-04-28 04:28:47.914 9 WARNING neutron.api.rpc.agentnotifiers.dhcp_rpc_agent_api [None req-f9f22cff-e08e-44be-9c50-8e6cbca580e2 f471a6e7edd041149c3c416e14a96201 12a56e4c3ac74c45a81e020a6dc8e300 - - default default] Unable to schedule network 4d2e63c0-008f-403d-90ed-d25c4bb773a9: no agents available; will retry on subsequent port and subnet creation events.
2026-04-28 04:28:47.947 9 INFO neutron.plugins.ml2.drivers.ovn.mech_driver.mech_driver [None req-6c206e50-ffc3-4904-b84b-1128d88e7ab4 - - - - - -] OVN reports status down for port: ffbe415b-ff18-4c6f-b6e2-0b80e75356e2
2026-04-28 04:28:47.968 9 INFO neutron.wsgi [req-8981eb88-802d-4097-9193-f850dfbe3bae req-b957f9df-73d8-49bb-b270-a7ceff8176b8 4a7e98e73ff9449fa7ab2e2e9be76e14 dbd188931cf6429aa48bceb5d2eb7b30 - - b319aed713eb44deb5734c9fe65e7159 b319aed713eb44deb5734c9fe65e7159] 199.19.213.142 "GET /v2.0/networks/00f0109a-009c-4411-ae7f-a0de84dc5f48?fields=segments HTTP/1.1" status: 200 len: 212 time: 0.1044288
2026-04-28 04:28:47.979 10 INFO neutron.wsgi [req-85cf2694-2471-4117-b972-d3959469f5cd req-537356f5-c1b3-4432-9781-a0be1972fa94 4528bdeb367347afa9e51f02df3b6a77 e01b15754c4b4b918bd52ea297951945 - - default default] 10.0.0.145 "GET /v2.0/ports?device_id=eafbbdbe-7b18-4f80-8880-697a4be2da47 HTTP/1.1" status: 200 len: 1174 time: 0.0566168
2026-04-28 04:28:48.044 9 INFO neutron.db.ovn_revision_numbers_db [None req-f9f22cff-e08e-44be-9c50-8e6cbca580e2 f471a6e7edd041149c3c416e14a96201 12a56e4c3ac74c45a81e020a6dc8e300 - - default default] Successfully bumped revision number for resource fa2c6c2f-9a97-477d-be41-4960cf6d585c (type: ports) to 1
2026-04-28 04:28:48.050 10 INFO neutron.wsgi [req-85cf2694-2471-4117-b972-d3959469f5cd req-feff28d7-d016-4cf5-a50e-c0659b6ef158 4528bdeb367347afa9e51f02df3b6a77 e01b15754c4b4b918bd52ea297951945 - - default default] 10.0.0.145 "GET /v2.0/security-groups?id=a670d0f0-8cec-4bea-88e8-ae9410a5978a&fields=id&fields=name HTTP/1.1" status: 200 len: 313 time: 0.0620642
2026-04-28 04:28:48.084 9 INFO neutron.wsgi [req-8981eb88-802d-4097-9193-f850dfbe3bae req-4abfdb29-9a72-49a3-ae7e-e5c63a897351 4a7e98e73ff9449fa7ab2e2e9be76e14 dbd188931cf6429aa48bceb5d2eb7b30 - - b319aed713eb44deb5734c9fe65e7159 b319aed713eb44deb5734c9fe65e7159] 199.19.213.142 "GET /v2.0/networks/00f0109a-009c-4411-ae7f-a0de84dc5f48?fields=provider%3Aphysical_network&fields=provider%3Anetwork_type HTTP/1.1" status: 200 len: 277 time: 0.1102426
2026-04-28 04:28:48.087 9 INFO neutron.wsgi [None req-f9f22cff-e08e-44be-9c50-8e6cbca580e2 f471a6e7edd041149c3c416e14a96201 12a56e4c3ac74c45a81e020a6dc8e300 - - default default] 10.0.0.152 "POST /v2.0/networks HTTP/1.1" status: 201 len: 847 time: 1.3974061
2026-04-28 04:28:48.099 10 WARNING neutron_lib.context [None req-4b7b9b47-5c04-46fb-b556-8609098f8aa8 f471a6e7edd041149c3c416e14a96201 12a56e4c3ac74c45a81e020a6dc8e300 - - default default] Method 'is_advsvc' is deprecated since 2023.2 release (neutron-lib 3.8.0) and will be removed once support for the old RBAC API policies will be removed from Neutron. Please use method 'is_service_role' instead.
2026-04-28 04:28:48.118 10 INFO neutron.db.ovn_revision_numbers_db [None req-c1e5c723-eaa8-45f1-ace0-77e6b6d32724 e86ea5db493f4216a8292a294e2a022a a0fec0786c0c4a618a93edbc777c016c - - default default] Successfully bumped revision number for resource 7b9b6f98-c5f6-41e1-a0b9-2199c8bd314b (type: ports) to 2
2026-04-28 04:28:48.170 10 INFO neutron.db.ovn_revision_numbers_db [None req-c1e5c723-eaa8-45f1-ace0-77e6b6d32724 e86ea5db493f4216a8292a294e2a022a a0fec0786c0c4a618a93edbc777c016c - - default default] Successfully bumped revision number for resource fff40ee6-e2fd-4778-ac00-a3ec35e081bb (type: subnets) to 0
2026-04-28 04:28:48.197 10 INFO neutron.wsgi [None req-c1e5c723-eaa8-45f1-ace0-77e6b6d32724 e86ea5db493f4216a8292a294e2a022a a0fec0786c0c4a618a93edbc777c016c - - default default] 10.0.0.152 "POST /v2.0/subnets HTTP/1.1" status: 201 len: 801 time: 1.1569166
2026-04-28 04:28:48.210 9 WARNING neutron_lib.context [None req-7f1cee9a-689b-47f1-88ea-66acd7a04425 e86ea5db493f4216a8292a294e2a022a a0fec0786c0c4a618a93edbc777c016c - - default default] Method 'is_advsvc' is deprecated since 2023.2 release (neutron-lib 3.8.0) and will be removed once support for the old RBAC API policies will be removed from Neutron. Please use method 'is_service_role' instead.
2026-04-28 04:28:48.260 10 ERROR ovsdbapp.backend.ovs_idl.command [None req-9ae27d8b-17bd-449a-a7a8-2c954a028690 - - - - - -] Error executing command (LspGetUpCommand): ovsdbapp.backend.ovs_idl.idlutils.RowNotFound: Cannot find Logical_Switch_Port with name=e61fa9e8-2c6c-44a0-b9ed-afbf780af736
2026-04-28 04:28:48.260 10 ERROR ovsdbapp.backend.ovs_idl.command
Traceback (most recent call last):
2026-04-28 04:28:48.260 10 ERROR ovsdbapp.backend.ovs_idl.command
File "/var/lib/openstack/lib/python3.10/site-packages/ovsdbapp/backend/ovs_idl/command.py", line 47, in execute
2026-04-28 04:28:48.260 10 ERROR ovsdbapp.backend.ovs_idl.command self.run_idl(None)
2026-04-28 04:28:48.260 10 ERROR ovsdbapp.backend.ovs_idl.command
File "/var/lib/openstack/lib/python3.10/site-packages/ovsdbapp/schema/ovn_northbound/commands.py", line 672, in run_idl
2026-04-28 04:28:48.260 10 ERROR ovsdbapp.backend.ovs_idl.command lsp = self.api.lookup('Logical_Switch_Port', self.port)
2026-04-28 04:28:48.260 10 ERROR ovsdbapp.backend.ovs_idl.command
File "/var/lib/openstack/lib/python3.10/site-packages/ovsdbapp/backend/ovs_idl/__init__.py", line 184, in lookup
2026-04-28 04:28:48.260 10 ERROR ovsdbapp.backend.ovs_idl.command return self._lookup(table, record)
2026-04-28 04:28:48.260 10 ERROR ovsdbapp.backend.ovs_idl.command
File "/var/lib/openstack/lib/python3.10/site-packages/ovsdbapp/backend/ovs_idl/__init__.py", line 235, in _lookup
2026-04-28 04:28:48.260 10 ERROR ovsdbapp.backend.ovs_idl.command row = idlutils.row_by_value(self, rl.table, rl.column, record)
2026-04-28 04:28:48.260 10 ERROR ovsdbapp.backend.ovs_idl.command
File "/var/lib/openstack/lib/python3.10/site-packages/ovsdbapp/backend/ovs_idl/idlutils.py", line 114, in row_by_value
2026-04-28 04:28:48.260 10 ERROR ovsdbapp.backend.ovs_idl.command raise RowNotFound(table=table, col=column, match=match)
2026-04-28 04:28:48.260 10 ERROR ovsdbapp.backend.ovs_idl.command ovsdbapp.backend.ovs_idl.idlutils.RowNotFound: Cannot find Logical_Switch_Port with name=e61fa9e8-2c6c-44a0-b9ed-afbf780af736
2026-04-28 04:28:48.260 10 ERROR ovsdbapp.backend.ovs_idl.command 
2026-04-28 04:28:48.262 10 ERROR ovsdbapp.event [None req-9ae27d8b-17bd-449a-a7a8-2c954a028690 - - - - - -] Unexpected exception in notify_loop: ovsdbapp.backend.ovs_idl.idlutils.RowNotFound: Cannot find Logical_Switch_Port with name=e61fa9e8-2c6c-44a0-b9ed-afbf780af736
2026-04-28 04:28:48.262 10 ERROR ovsdbapp.event
Traceback (most recent call last):
2026-04-28 04:28:48.262 10 ERROR ovsdbapp.event
File "/var/lib/openstack/lib/python3.10/site-packages/ovsdbapp/event.py", line 177, in notify_loop
2026-04-28 04:28:48.262 10 ERROR ovsdbapp.event match.run(event, row, updates)
2026-04-28 04:28:48.262 10 ERROR ovsdbapp.event
File "/var/lib/openstack/lib/python3.10/site-packages/neutron/plugins/ml2/drivers/ovn/mech_driver/ovsdb/ovsdb_monitor.py", line 543, in run
2026-04-28 04:28:48.262 10 ERROR ovsdbapp.event self.driver.set_port_status_down(row.name)
2026-04-28 04:28:48.262 10 ERROR ovsdbapp.event
File "/var/lib/openstack/lib/python3.10/site-packages/neutron/plugins/ml2/drivers/ovn/mech_driver/mech_driver.py", line 1241, in set_port_status_down
2026-04-28 04:28:48.262 10 ERROR ovsdbapp.event self._ovn_client.update_lsp_host_info(
2026-04-28 04:28:48.262 10 ERROR ovsdbapp.event
File "/var/lib/openstack/lib/python3.10/site-packages/neutron/plugins/ml2/drivers/ovn/mech_driver/ovsdb/ovn_client.py", line 297, in update_lsp_host_info
2026-04-28 04:28:48.262 10 ERROR ovsdbapp.event port_up = self._nb_idl.lsp_get_up(db_port.id).execute(
2026-04-28 04:28:48.262 10 ERROR ovsdbapp.event
File "/var/lib/openstack/lib/python3.10/site-packages/ovsdbapp/backend/ovs_idl/command.py", line 47, in execute
2026-04-28 04:28:48.262 10 ERROR ovsdbapp.event self.run_idl(None)
2026-04-28 04:28:48.262 10 ERROR ovsdbapp.event
File "/var/lib/openstack/lib/python3.10/site-packages/ovsdbapp/schema/ovn_northbound/commands.py", line 672, in run_idl
2026-04-28 04:28:48.262 10 ERROR ovsdbapp.event lsp = self.api.lookup('Logical_Switch_Port', self.port)
2026-04-28 04:28:48.262 10 ERROR ovsdbapp.event
File "/var/lib/openstack/lib/python3.10/site-packages/ovsdbapp/backend/ovs_idl/__init__.py", line 184, in lookup
2026-04-28 04:28:48.262 10 ERROR ovsdbapp.event return self._lookup(table, record)
2026-04-28 04:28:48.262 10 ERROR ovsdbapp.event
File "/var/lib/openstack/lib/python3.10/site-packages/ovsdbapp/backend/ovs_idl/__init__.py", line 235, in _lookup
2026-04-28 04:28:48.262 10 ERROR ovsdbapp.event row = idlutils.row_by_value(self, rl.table, rl.column, record)
2026-04-28 04:28:48.262 10 ERROR ovsdbapp.event
File "/var/lib/openstack/lib/python3.10/site-packages/ovsdbapp/backend/ovs_idl/idlutils.py", line 114, in row_by_value
2026-04-28 04:28:48.262 10 ERROR ovsdbapp.event raise RowNotFound(table=table, col=column, match=match)
2026-04-28 04:28:48.262 10 ERROR ovsdbapp.event ovsdbapp.backend.ovs_idl.idlutils.RowNotFound: Cannot find Logical_Switch_Port with name=e61fa9e8-2c6c-44a0-b9ed-afbf780af736
2026-04-28 04:28:48.262 10 ERROR ovsdbapp.event 
2026-04-28 04:28:48.399 10 WARNING neutron.scheduler.dhcp_agent_scheduler [None req-4b7b9b47-5c04-46fb-b556-8609098f8aa8 f471a6e7edd041149c3c416e14a96201 12a56e4c3ac74c45a81e020a6dc8e300 - - default default] No more DHCP agents
2026-04-28 04:28:48.403 10 WARNING neutron.api.rpc.agentnotifiers.dhcp_rpc_agent_api [None req-4b7b9b47-5c04-46fb-b556-8609098f8aa8 f471a6e7edd041149c3c416e14a96201 12a56e4c3ac74c45a81e020a6dc8e300 - - default default] Unable to schedule network 4d2e63c0-008f-403d-90ed-d25c4bb773a9: no agents available; will retry on subsequent port and subnet creation events.
2026-04-28 04:28:48.405 9 INFO neutron.wsgi [req-ed16d5ca-d556-41ff-9300-558bad0c9865 req-d09c987c-1dde-41c5-926f-35b9a0a9ada4 4528bdeb367347afa9e51f02df3b6a77 e01b15754c4b4b918bd52ea297951945 - - default default] 199.19.213.142 "GET /v2.0/ports?device_id=eafbbdbe-7b18-4f80-8880-697a4be2da47 HTTP/1.1" status: 200 len: 1172 time: 0.1775537
2026-04-28 04:28:48.426 9 INFO neutron.db.ovn_revision_numbers_db [None req-6c206e50-ffc3-4904-b84b-1128d88e7ab4 - - - - - -] Successfully bumped revision number for resource ffbe415b-ff18-4c6f-b6e2-0b80e75356e2 (type: ports) to 5
2026-04-28 04:28:48.439 9 INFO neutron.db.ovn_revision_numbers_db [None req-7f1cee9a-689b-47f1-88ea-66acd7a04425 e86ea5db493f4216a8292a294e2a022a a0fec0786c0c4a618a93edbc777c016c - - default default] Successfully bumped revision number for resource e01424e8-cf3d-4091-816a-0949f1e315c3 (type: routers) to 1
2026-04-28 04:28:48.464 9 INFO neutron.wsgi [None req-7f1cee9a-689b-47f1-88ea-66acd7a04425 e86ea5db493f4216a8292a294e2a022a a0fec0786c0c4a618a93edbc777c016c - - default default] 10.0.0.152 "POST /v2.0/routers HTTP/1.1" status: 201 len: 685 time: 0.2599459
2026-04-28 04:28:48.486 9 WARNING neutron_lib.context [None req-4878d38e-827f-4188-afc4-085b54041cab e86ea5db493f4216a8292a294e2a022a a0fec0786c0c4a618a93edbc777c016c - - default default] Method 'is_advsvc' is deprecated since 2023.2 release (neutron-lib 3.8.0) and will be removed once support for the old RBAC API policies will be removed from Neutron. Please use method 'is_service_role' instead.
2026-04-28 04:28:48.499 10 INFO neutron.db.ovn_revision_numbers_db [None req-4b7b9b47-5c04-46fb-b556-8609098f8aa8 f471a6e7edd041149c3c416e14a96201 12a56e4c3ac74c45a81e020a6dc8e300 - - default default] Successfully bumped revision number for resource 7e2e3a9e-b3b8-4cd6-a615-397d6484d3ba (type: ports) to 1
2026-04-28 04:28:48.523 10 INFO neutron.wsgi [None req-4b7b9b47-5c04-46fb-b556-8609098f8aa8 f471a6e7edd041149c3c416e14a96201 12a56e4c3ac74c45a81e020a6dc8e300 - - default default] 10.0.0.152 "POST /v2.0/ports HTTP/1.1" status: 201 len: 977 time: 0.4298794 /var/lib/openstack/lib/python3.10/site-packages/pycadf/identifier.py:71: UserWarning: Invalid uuid: neutron. To ensure interoperability, identifiers should be a valid uuid. warnings.warn(('Invalid uuid: %s. To ensure interoperability, '
2026-04-28 04:28:48.538 10 WARNING neutron_lib.context [None req-e8202aaa-1343-4e2c-9fa0-a60a10f8fb9f f471a6e7edd041149c3c416e14a96201 12a56e4c3ac74c45a81e020a6dc8e300 - - default default] Method 'is_advsvc' is deprecated since 2023.2 release (neutron-lib 3.8.0) and will be removed once support for the old RBAC API policies will be removed from Neutron. Please use method 'is_service_role' instead.
2026-04-28 04:28:48.613 10 INFO neutron.db.segments_db [None req-e8202aaa-1343-4e2c-9fa0-a60a10f8fb9f f471a6e7edd041149c3c416e14a96201 12a56e4c3ac74c45a81e020a6dc8e300 - - default default] Added segment 0f31f294-3df0-42ec-944d-77f533e671ec of type geneve for network 340d01dd-d75b-4888-b211-9e8ba570260f
2026-04-28 04:28:48.770 10 INFO neutron.db.ovn_revision_numbers_db [None req-e8202aaa-1343-4e2c-9fa0-a60a10f8fb9f f471a6e7edd041149c3c416e14a96201 12a56e4c3ac74c45a81e020a6dc8e300 - - default default] Successfully bumped revision number for resource 340d01dd-d75b-4888-b211-9e8ba570260f (type: networks) to 1
2026-04-28 04:28:48.940 10 WARNING neutron.scheduler.dhcp_agent_scheduler [None req-e8202aaa-1343-4e2c-9fa0-a60a10f8fb9f f471a6e7edd041149c3c416e14a96201 12a56e4c3ac74c45a81e020a6dc8e300 - - default default] No more DHCP agents
2026-04-28 04:28:48.941 10 WARNING neutron.api.rpc.agentnotifiers.dhcp_rpc_agent_api [None req-e8202aaa-1343-4e2c-9fa0-a60a10f8fb9f f471a6e7edd041149c3c416e14a96201 12a56e4c3ac74c45a81e020a6dc8e300 - - default default] Unable to schedule network 340d01dd-d75b-4888-b211-9e8ba570260f: no agents available; will retry on subsequent port and subnet creation events. /var/lib/openstack/lib/python3.10/site-packages/pycadf/identifier.py:71: UserWarning: Invalid uuid: neutron. To ensure interoperability, identifiers should be a valid uuid. warnings.warn(('Invalid uuid: %s. To ensure interoperability, '
2026-04-28 04:28:49.013 10 INFO neutron.db.ovn_revision_numbers_db [None req-e8202aaa-1343-4e2c-9fa0-a60a10f8fb9f f471a6e7edd041149c3c416e14a96201 12a56e4c3ac74c45a81e020a6dc8e300 - - default default] Successfully bumped revision number for resource 4be024e2-da2c-4809-b45c-bc8c3397da21 (type: ports) to 1
2026-04-28 04:28:49.037 10 INFO neutron.wsgi [None req-e8202aaa-1343-4e2c-9fa0-a60a10f8fb9f f471a6e7edd041149c3c416e14a96201 12a56e4c3ac74c45a81e020a6dc8e300 - - default default] 10.0.0.152 "POST /v2.0/networks HTTP/1.1" status: 201 len: 835 time: 0.5051389
2026-04-28 04:28:49.045 9 INFO neutron.db.l3_db [req-ed16d5ca-d556-41ff-9300-558bad0c9865 req-cd0da41b-2b4d-4cdb-ba5a-469f0ba98979 4528bdeb367347afa9e51f02df3b6a77 e01b15754c4b4b918bd52ea297951945 - - default default] Floating IP f2ed2c79-8e60-4da4-94df-3f10278a7bab disassociated. External IP: 10.96.250.204, port: ffbe415b-ff18-4c6f-b6e2-0b80e75356e2.
2026-04-28 04:28:49.049 10 WARNING neutron_lib.context [None req-ce766b59-ab67-4e7b-ae23-7cf56f0d235c f471a6e7edd041149c3c416e14a96201 12a56e4c3ac74c45a81e020a6dc8e300 - - default default] Method 'is_advsvc' is deprecated since 2023.2 release (neutron-lib 3.8.0) and will be removed once support for the old RBAC API policies will be removed from Neutron. Please use method 'is_service_role' instead.
2026-04-28 04:28:49.167 10 INFO neutron.wsgi [req-a909dc6a-0f62-4494-baec-90c1c222fe7c req-78b64033-8bc0-4104-841b-eda5c5237cb4 4528bdeb367347afa9e51f02df3b6a77 e01b15754c4b4b918bd52ea297951945 - - default default] 10.0.0.145 "GET /v2.0/ports?device_id=eafbbdbe-7b18-4f80-8880-697a4be2da47 HTTP/1.1" status: 200 len: 1172 time: 0.0399866
2026-04-28 04:28:49.208 9 WARNING neutron.scheduler.dhcp_agent_scheduler [None req-4878d38e-827f-4188-afc4-085b54041cab e86ea5db493f4216a8292a294e2a022a a0fec0786c0c4a618a93edbc777c016c - - default default] No more DHCP agents
2026-04-28 04:28:49.212 9 WARNING neutron.api.rpc.agentnotifiers.dhcp_rpc_agent_api [None req-4878d38e-827f-4188-afc4-085b54041cab e86ea5db493f4216a8292a294e2a022a a0fec0786c0c4a618a93edbc777c016c - - default default] Unable to schedule network 4c4bb82f-a4cd-498d-956c-d2fe8b1b3c39: no agents available; will retry on subsequent port and subnet creation events.
2026-04-28 04:28:49.234 10 INFO neutron.wsgi [req-a909dc6a-0f62-4494-baec-90c1c222fe7c req-e76a9a44-f29a-40ac-a12e-05e606b29a8a 4528bdeb367347afa9e51f02df3b6a77 e01b15754c4b4b918bd52ea297951945 - - default default] 10.0.0.145 "GET /v2.0/security-groups?id=a670d0f0-8cec-4bea-88e8-ae9410a5978a&fields=id&fields=name HTTP/1.1" status: 200 len: 313 time: 0.0554974
2026-04-28 04:28:49.274 9 INFO neutron.wsgi [None req-20aec6eb-5bbe-4d1e-bbf9-e647906f1502 5685111a29f541548d6db46ee7d17fe2 03ed22b37419401b9787bd105d1a4c38 - - default default] 10.0.0.152 "DELETE /v2.0/security-groups/85e29973-eb5f-42bc-9d5e-3773c1d7564e HTTP/1.1" status: 204 len: 168 time: 0.2941744
2026-04-28 04:28:49.291 10 INFO neutron.api.v2.resource [None req-2e86890c-a9db-42b2-b9b1-50f8df28bf36 5685111a29f541548d6db46ee7d17fe2 03ed22b37419401b9787bd105d1a4c38 - - default default] show failed (client error): The resource could not be found.
2026-04-28 04:28:49.292 10 INFO neutron.wsgi [None req-2e86890c-a9db-42b2-b9b1-50f8df28bf36 5685111a29f541548d6db46ee7d17fe2 03ed22b37419401b9787bd105d1a4c38 - - default default] 10.0.0.152 "GET /v2.0/security-groups/85e29973-eb5f-42bc-9d5e-3773c1d7564e HTTP/1.1" status: 404 len: 347 time: 0.0121570
2026-04-28 04:28:49.338 10 WARNING neutron.scheduler.dhcp_agent_scheduler [None req-ce766b59-ab67-4e7b-ae23-7cf56f0d235c f471a6e7edd041149c3c416e14a96201 12a56e4c3ac74c45a81e020a6dc8e300 - - default default] No more DHCP agents
2026-04-28 04:28:49.341 10 WARNING neutron.api.rpc.agentnotifiers.dhcp_rpc_agent_api [None req-ce766b59-ab67-4e7b-ae23-7cf56f0d235c f471a6e7edd041149c3c416e14a96201 12a56e4c3ac74c45a81e020a6dc8e300 - - default default] Unable to schedule network 340d01dd-d75b-4888-b211-9e8ba570260f: no agents available; will retry on subsequent port and subnet creation events.
2026-04-28 04:28:49.351 9 INFO neutron.wsgi [req-ed16d5ca-d556-41ff-9300-558bad0c9865 req-cd0da41b-2b4d-4cdb-ba5a-469f0ba98979 4528bdeb367347afa9e51f02df3b6a77 e01b15754c4b4b918bd52ea297951945 - - default default] 199.19.213.142 "DELETE /v2.0/ports/ffbe415b-ff18-4c6f-b6e2-0b80e75356e2 HTTP/1.1" status: 204 len: 173 time: 0.9342873
2026-04-28 04:28:49.395 10 INFO neutron.db.ovn_revision_numbers_db [None req-ce766b59-ab67-4e7b-ae23-7cf56f0d235c f471a6e7edd041149c3c416e14a96201 12a56e4c3ac74c45a81e020a6dc8e300 - - default default] Successfully bumped revision number for resource 11ff8738-aba1-4ee6-a434-988feb2e4835 (type: subnets) to 0
2026-04-28 04:28:49.417 10 INFO neutron.wsgi [None req-ce766b59-ab67-4e7b-ae23-7cf56f0d235c f471a6e7edd041149c3c416e14a96201 12a56e4c3ac74c45a81e020a6dc8e300 - - default default] 10.0.0.152 "POST /v2.0/subnets HTTP/1.1" status: 201 len: 821 time: 0.3741126 /var/lib/openstack/lib/python3.10/site-packages/pycadf/identifier.py:71: UserWarning: Invalid uuid: neutron. To ensure interoperability, identifiers should be a valid uuid. warnings.warn(('Invalid uuid: %s. To ensure interoperability, '
2026-04-28 04:28:49.431 9 WARNING neutron_lib.context [None req-70e93dd8-46c0-4b8f-986a-fd3589dec108 f471a6e7edd041149c3c416e14a96201 12a56e4c3ac74c45a81e020a6dc8e300 - - default default] Method 'is_advsvc' is deprecated since 2023.2 release (neutron-lib 3.8.0) and will be removed once support for the old RBAC API policies will be removed from Neutron. Please use method 'is_service_role' instead.
2026-04-28 04:28:49.440 9 INFO neutron.db.ovn_revision_numbers_db [None req-4878d38e-827f-4188-afc4-085b54041cab e86ea5db493f4216a8292a294e2a022a a0fec0786c0c4a618a93edbc777c016c - - default default] Successfully bumped revision number for resource 6dc51c4e-0d33-46eb-828a-f36fb093167a (type: ports) to 1
2026-04-28 04:28:49.474 9 INFO neutron.wsgi [None req-4878d38e-827f-4188-afc4-085b54041cab e86ea5db493f4216a8292a294e2a022a a0fec0786c0c4a618a93edbc777c016c - - default default] 10.0.0.152 "POST /v2.0/ports HTTP/1.1" status: 201 len: 1147 time: 0.9995697
2026-04-28 04:28:49.513 10 INFO neutron.notifiers.nova [-] Nova event matching ['req-84836a87-4e69-43c4-bab2-282a5228b089'] response: {'server_uuid': 'ab724b79-ccfb-4946-ba06-cf08855e6864', 'name': 'network-vif-plugged', 'status': 'completed', 'tag': 'e61fa9e8-2c6c-44a0-b9ed-afbf780af736', 'code': 200}
2026-04-28 04:28:49.684 9 INFO neutron.notifiers.nova [-] Nova event matching ['req-78a7a392-2e8b-4ac7-a166-44254be1c903'] response: {'server_uuid': 'ab724b79-ccfb-4946-ba06-cf08855e6864', 'name': 'network-vif-deleted', 'tag': 'e61fa9e8-2c6c-44a0-b9ed-afbf780af736', 'status': 'completed', 'code': 200}
2026-04-28 04:28:49.685 9 INFO neutron.notifiers.nova [-] Nova event matching ['req-78a7a392-2e8b-4ac7-a166-44254be1c903'] response: {'server_uuid': 'eafbbdbe-7b18-4f80-8880-697a4be2da47', 'name': 'network-vif-unplugged', 'status': 'completed', 'tag': 'ffbe415b-ff18-4c6f-b6e2-0b80e75356e2', 'code': 200}
2026-04-28 04:28:49.685 9 INFO neutron.notifiers.nova [-] Nova event matching ['req-78a7a392-2e8b-4ac7-a166-44254be1c903'] response: {'server_uuid': 'eafbbdbe-7b18-4f80-8880-697a4be2da47', 'name': 'network-vif-plugged', 'status': 'completed', 'tag': 'ffbe415b-ff18-4c6f-b6e2-0b80e75356e2', 'code': 200}
2026-04-28 04:28:49.685 9 INFO neutron.notifiers.nova [-] Nova event matching ['req-78a7a392-2e8b-4ac7-a166-44254be1c903'] response: {'server_uuid': 'eafbbdbe-7b18-4f80-8880-697a4be2da47', 'name': 'network-vif-deleted', 'tag': 'ffbe415b-ff18-4c6f-b6e2-0b80e75356e2', 'status': 'completed', 'code': 200}
2026-04-28 04:28:49.768 9 WARNING neutron.scheduler.dhcp_agent_scheduler [None req-70e93dd8-46c0-4b8f-986a-fd3589dec108 f471a6e7edd041149c3c416e14a96201 12a56e4c3ac74c45a81e020a6dc8e300 - - default default] No more DHCP agents
2026-04-28 04:28:49.770 9 WARNING neutron.api.rpc.agentnotifiers.dhcp_rpc_agent_api [None req-70e93dd8-46c0-4b8f-986a-fd3589dec108 f471a6e7edd041149c3c416e14a96201 12a56e4c3ac74c45a81e020a6dc8e300 - - default default] Unable to schedule network 340d01dd-d75b-4888-b211-9e8ba570260f: no agents available; will retry on subsequent port and subnet creation events.
2026-04-28 04:28:49.884 9 INFO neutron.db.ovn_revision_numbers_db [None req-70e93dd8-46c0-4b8f-986a-fd3589dec108 f471a6e7edd041149c3c416e14a96201 12a56e4c3ac74c45a81e020a6dc8e300 - - default default] Successfully bumped revision number for resource ae9bad5e-c772-4483-9ab5-99402e26fbf9 (type: ports) to 1
2026-04-28 04:28:49.916 9 INFO neutron.wsgi [None req-70e93dd8-46c0-4b8f-986a-fd3589dec108 f471a6e7edd041149c3c416e14a96201 12a56e4c3ac74c45a81e020a6dc8e300 - - default default] 10.0.0.152 "POST /v2.0/ports HTTP/1.1" status: 201 len: 1165 time: 0.4916523 /var/lib/openstack/lib/python3.10/site-packages/pycadf/identifier.py:71: UserWarning: Invalid uuid: neutron. To ensure interoperability, identifiers should be a valid uuid. warnings.warn(('Invalid uuid: %s. To ensure interoperability, '
2026-04-28 04:28:49.981 10 INFO neutron.wsgi [None req-bb5497bd-617a-4867-901a-4191fff2a526 5685111a29f541548d6db46ee7d17fe2 03ed22b37419401b9787bd105d1a4c38 - - default default] 10.0.0.152 "DELETE /v2.0/floatingips/564fcf06-b492-4b1c-8d97-6b03b21bcb11 HTTP/1.1" status: 204 len: 168 time: 0.6839495
2026-04-28 04:28:50.063 10 INFO neutron.plugins.ml2.drivers.ovn.mech_driver.mech_driver [None req-9ae27d8b-17bd-449a-a7a8-2c954a028690 - - - - - -] OVN reports status up for port: 6dc51c4e-0d33-46eb-828a-f36fb093167a
2026-04-28 04:28:50.080 10 INFO neutron.plugins.ml2.plugin [None req-9ae27d8b-17bd-449a-a7a8-2c954a028690 - - - - - -] Attempt 1 to provision port 6dc51c4e-0d33-46eb-828a-f36fb093167a
2026-04-28 04:28:50.104 10 INFO neutron.db.ovn_revision_numbers_db [None req-00cb8b1d-036f-4d5c-bef3-a5243467b1ce e86ea5db493f4216a8292a294e2a022a a0fec0786c0c4a618a93edbc777c016c - - default default] Successfully bumped revision number for resource 6dc51c4e-0d33-46eb-828a-f36fb093167a (type: router_ports) to 2
2026-04-28 04:28:50.303 9 INFO neutron.wsgi [None req-74ac3e56-61c1-4d95-8e34-65649234d6b8 f471a6e7edd041149c3c416e14a96201 12a56e4c3ac74c45a81e020a6dc8e300 - - default default] 10.0.0.152 "DELETE /v2.0/ports/ae9bad5e-c772-4483-9ab5-99402e26fbf9 HTTP/1.1" status: 204 len: 168 time: 0.3806264 /var/lib/openstack/lib/python3.10/site-packages/pycadf/identifier.py:71: UserWarning: Invalid uuid: neutron. To ensure interoperability, identifiers should be a valid uuid. warnings.warn(('Invalid uuid: %s. To ensure interoperability, '
2026-04-28 04:28:50.327 9 INFO neutron.pecan_wsgi.hooks.translation [None req-4e455b15-2459-4936-9670-87394b080064 f471a6e7edd041149c3c416e14a96201 12a56e4c3ac74c45a81e020a6dc8e300 - - default default] DELETE failed (client error): The resource could not be found.
2026-04-28 04:28:50.329 9 INFO neutron.wsgi [None req-4e455b15-2459-4936-9670-87394b080064 f471a6e7edd041149c3c416e14a96201 12a56e4c3ac74c45a81e020a6dc8e300 - - default default] 10.0.0.152 "DELETE /v2.0/ports/ae9bad5e-c772-4483-9ab5-99402e26fbf9 HTTP/1.1" status: 404 len: 333 time: 0.0176017
2026-04-28 04:28:50.362 10 INFO neutron.db.ovn_revision_numbers_db [None req-00cb8b1d-036f-4d5c-bef3-a5243467b1ce e86ea5db493f4216a8292a294e2a022a a0fec0786c0c4a618a93edbc777c016c - - default default] Successfully bumped revision number for resource 6dc51c4e-0d33-46eb-828a-f36fb093167a (type: ports) to 2
2026-04-28 04:28:50.365 9 INFO neutron.pecan_wsgi.hooks.translation [None req-7f364ad0-bfa6-4076-9169-607bf9c41cf3 f471a6e7edd041149c3c416e14a96201 12a56e4c3ac74c45a81e020a6dc8e300 - - default default] GET failed (client error): The resource could not be found.
2026-04-28 04:28:50.367 9 INFO neutron.wsgi [None req-7f364ad0-bfa6-4076-9169-607bf9c41cf3 f471a6e7edd041149c3c416e14a96201 12a56e4c3ac74c45a81e020a6dc8e300 - - default default] 10.0.0.152 "GET /v2.0/ports/ae9bad5e-c772-4483-9ab5-99402e26fbf9 HTTP/1.1" status: 404 len: 333 time: 0.0277603
2026-04-28 04:28:50.535 10 INFO neutron.db.ovn_revision_numbers_db [None req-9ae27d8b-17bd-449a-a7a8-2c954a028690 - - - - - -] Successfully bumped revision number for resource 6dc51c4e-0d33-46eb-828a-f36fb093167a (type: ports) to 3
2026-04-28 04:28:50.584 10 INFO neutron.wsgi [None req-654aaad5-3a74-47da-9cae-86837aa43a24 4528bdeb367347afa9e51f02df3b6a77 e01b15754c4b4b918bd52ea297951945 - - default default] 10.0.0.152 "DELETE /v2.0/security-groups/a670d0f0-8cec-4bea-88e8-ae9410a5978a HTTP/1.1" status: 204 len: 168 time: 0.2632694
2026-04-28 04:28:50.608 9 INFO neutron.api.v2.resource [None req-2c9693bc-3d7e-41d3-a45e-385d289819dd 4528bdeb367347afa9e51f02df3b6a77 e01b15754c4b4b918bd52ea297951945 - - default default] show failed (client error): The resource could not be found.
2026-04-28 04:28:50.609 9 INFO neutron.wsgi [None req-2c9693bc-3d7e-41d3-a45e-385d289819dd 4528bdeb367347afa9e51f02df3b6a77 e01b15754c4b4b918bd52ea297951945 - - default default] 10.0.0.152 "GET /v2.0/security-groups/a670d0f0-8cec-4bea-88e8-ae9410a5978a HTTP/1.1" status: 404 len: 347 time: 0.0180759 /var/lib/openstack/lib/python3.10/site-packages/pycadf/identifier.py:71: UserWarning: Invalid uuid: neutron. To ensure interoperability, identifiers should be a valid uuid. warnings.warn(('Invalid uuid: %s. To ensure interoperability, '
2026-04-28 04:28:50.649 9 INFO neutron.wsgi [None req-533adc0c-68c5-4d92-a4d2-8314fcd222ac f471a6e7edd041149c3c416e14a96201 12a56e4c3ac74c45a81e020a6dc8e300 - - default default] 10.0.0.152 "DELETE /v2.0/subnets/11ff8738-aba1-4ee6-a434-988feb2e4835 HTTP/1.1" status: 204 len: 168 time: 0.2777033
2026-04-28 04:28:50.696 10 INFO neutron.db.ovn_revision_numbers_db [None req-9ae27d8b-17bd-449a-a7a8-2c954a028690 - - - - - -] Successfully bumped revision number for resource 6dc51c4e-0d33-46eb-828a-f36fb093167a (type: router_ports) to 3
2026-04-28 04:28:51.105 9 INFO neutron.services.segments.plugin [-] Segment 0f31f294-3df0-42ec-944d-77f533e671ec resource provider aggregate not found
2026-04-28 04:28:51.108 10 INFO neutron.wsgi [None req-2d80a7e9-b206-480d-9162-488a3194201e 4528bdeb367347afa9e51f02df3b6a77 e01b15754c4b4b918bd52ea297951945 - - default default] 10.0.0.152 "DELETE /v2.0/floatingips/f2ed2c79-8e60-4da4-94df-3f10278a7bab HTTP/1.1" status: 204 len: 168 time: 0.4900036
2026-04-28 04:28:51.111 9 INFO neutron.services.segments.plugin [-] Segment 0f31f294-3df0-42ec-944d-77f533e671ec resource provider aggregate not found /var/lib/openstack/lib/python3.10/site-packages/pycadf/identifier.py:71: UserWarning: Invalid uuid: neutron. To ensure interoperability, identifiers should be a valid uuid. warnings.warn(('Invalid uuid: %s. To ensure interoperability, '
2026-04-28 04:28:51.123 9 INFO neutron.services.segments.plugin [-] Segment 0f31f294-3df0-42ec-944d-77f533e671ec resource provider not found; error: Placement Client Error (4xx): {"errors": [{"status": 404, "title": "Not Found", "detail": "The resource could not be found.\n\n No resource provider with uuid 0f31f294-3df0-42ec-944d-77f533e671ec found for delete ", "request_id": "req-8c13c592-f8d5-41d6-ba6e-de2f96166145"}]}
2026-04-28 04:28:51.136 9 INFO neutron.services.segments.plugin [-] Segment 0f31f294-3df0-42ec-944d-77f533e671ec resource provider not found; error: Placement Client Error (4xx): {"errors": [{"status": 404, "title": "Not Found", "detail": "The resource could not be found.\n\n No resource provider with uuid 0f31f294-3df0-42ec-944d-77f533e671ec found for delete ", "request_id": "req-ab24b6ee-8375-499c-97ad-a5507ee98848"}]}
2026-04-28 04:28:51.159 9 INFO neutron.wsgi [None req-d464d943-4aa9-452e-a2b2-81d3aa30096d f471a6e7edd041149c3c416e14a96201 12a56e4c3ac74c45a81e020a6dc8e300 - - default default] 10.0.0.152 "DELETE /v2.0/networks/340d01dd-d75b-4888-b211-9e8ba570260f HTTP/1.1" status: 204 len: 168 time: 0.5045640
2026-04-28 04:28:51.171 10 WARNING neutron_lib.context [None req-6ca0db9e-2a16-45c7-8ede-5dce786c1a52 f471a6e7edd041149c3c416e14a96201 12a56e4c3ac74c45a81e020a6dc8e300 - - default default] Method 'is_advsvc' is deprecated since 2023.2 release (neutron-lib 3.8.0) and will be removed once support for the old RBAC API policies will be removed from Neutron. Please use method 'is_service_role' instead.
2026-04-28 04:28:51.215 10 INFO neutron.db.ovn_revision_numbers_db [None req-00cb8b1d-036f-4d5c-bef3-a5243467b1ce e86ea5db493f4216a8292a294e2a022a a0fec0786c0c4a618a93edbc777c016c - - default default] Successfully bumped revision number for resource 6dc51c4e-0d33-46eb-828a-f36fb093167a (type: ports) to 3
2026-04-28 04:28:51.291 10 INFO neutron.db.segments_db [None req-6ca0db9e-2a16-45c7-8ede-5dce786c1a52 f471a6e7edd041149c3c416e14a96201 12a56e4c3ac74c45a81e020a6dc8e300 - - default default] Added segment fcd28fc8-ad8d-424b-aa73-9aa893e108c3 of type geneve for network 6d0b419c-12bf-440d-81ac-fb2566caab54
2026-04-28 04:28:51.328 9 INFO neutron.wsgi [None req-1e96b1d9-4c4a-46ba-98bf-f79c5d218b2a c2bcb4c140af4b37b2c28a3f02270ef0 4778e9665d2c4b13bf3d5775386d72dd - - default default] 10.0.0.152 "PUT /v2.0/routers/6df93c7b-dd0e-48ef-9999-7552ecdee07f/remove_router_interface HTTP/1.1" status: 200 len: 503 time: 1.3418489 /var/lib/openstack/lib/python3.10/site-packages/pycadf/identifier.py:71: UserWarning: Invalid uuid: neutron. To ensure interoperability, identifiers should be a valid uuid. warnings.warn(('Invalid uuid: %s. To ensure interoperability, '
2026-04-28 04:28:51.363 10 WARNING neutron.scheduler.dhcp_agent_scheduler [None req-00cb8b1d-036f-4d5c-bef3-a5243467b1ce e86ea5db493f4216a8292a294e2a022a a0fec0786c0c4a618a93edbc777c016c - - default default] No more DHCP agents
2026-04-28 04:28:51.372 10 WARNING neutron.api.rpc.agentnotifiers.dhcp_rpc_agent_api [None req-00cb8b1d-036f-4d5c-bef3-a5243467b1ce e86ea5db493f4216a8292a294e2a022a a0fec0786c0c4a618a93edbc777c016c - - default default] Unable to schedule network 4c4bb82f-a4cd-498d-956c-d2fe8b1b3c39: no agents available; will retry on subsequent port and subnet creation events.
2026-04-28 04:28:51.579 10 INFO neutron.db.ovn_revision_numbers_db [None req-6ca0db9e-2a16-45c7-8ede-5dce786c1a52 f471a6e7edd041149c3c416e14a96201 12a56e4c3ac74c45a81e020a6dc8e300 - - default default] Successfully bumped revision number for resource 6d0b419c-12bf-440d-81ac-fb2566caab54 (type: networks) to 1
2026-04-28 04:28:51.600 10 INFO neutron.db.ovn_revision_numbers_db [None req-00cb8b1d-036f-4d5c-bef3-a5243467b1ce e86ea5db493f4216a8292a294e2a022a a0fec0786c0c4a618a93edbc777c016c - - default default] Successfully bumped revision number for resource 6dc51c4e-0d33-46eb-828a-f36fb093167a (type: router_ports) to 3
2026-04-28 04:28:51.602 10 INFO neutron.wsgi [None req-00cb8b1d-036f-4d5c-bef3-a5243467b1ce e86ea5db493f4216a8292a294e2a022a a0fec0786c0c4a618a93edbc777c016c - - default default] 10.0.0.152 "PUT /v2.0/routers/e01424e8-cf3d-4091-816a-0949f1e315c3/add_router_interface HTTP/1.1" status: 200 len: 503 time: 2.1246533
2026-04-28 04:28:51.971 9 INFO neutron.wsgi [None req-106fc9d3-0975-4355-8b78-a39ea3aa4c3d e86ea5db493f4216a8292a294e2a022a a0fec0786c0c4a618a93edbc777c016c - - default default] 10.0.0.152 "GET /v2.0/ports/6dc51c4e-0d33-46eb-828a-f36fb093167a HTTP/1.1" status: 200 len: 1205 time: 0.3641534
2026-04-28 04:28:52.084 10 WARNING neutron.scheduler.dhcp_agent_scheduler [None req-6ca0db9e-2a16-45c7-8ede-5dce786c1a52 f471a6e7edd041149c3c416e14a96201 12a56e4c3ac74c45a81e020a6dc8e300 - - default default] No more DHCP agents
2026-04-28 04:28:52.087 10 WARNING neutron.api.rpc.agentnotifiers.dhcp_rpc_agent_api [None req-6ca0db9e-2a16-45c7-8ede-5dce786c1a52 f471a6e7edd041149c3c416e14a96201 12a56e4c3ac74c45a81e020a6dc8e300 - - default default] Unable to schedule network 6d0b419c-12bf-440d-81ac-fb2566caab54: no agents available; will retry on subsequent port and subnet creation events.
2026-04-28 04:28:52.215 10 INFO neutron.db.ovn_revision_numbers_db [None req-6ca0db9e-2a16-45c7-8ede-5dce786c1a52 f471a6e7edd041149c3c416e14a96201 12a56e4c3ac74c45a81e020a6dc8e300 - - default default] Successfully bumped revision number for resource 9a5f4c1f-af17-436e-bb80-1bc793952dd3 (type: ports) to 1
2026-04-28 04:28:52.253 10 INFO neutron.wsgi [None req-6ca0db9e-2a16-45c7-8ede-5dce786c1a52 f471a6e7edd041149c3c416e14a96201 12a56e4c3ac74c45a81e020a6dc8e300 - - default default] 10.0.0.152 "POST /v2.0/networks HTTP/1.1" status: 201 len: 834 time: 1.0895457
2026-04-28 04:28:52.264 10 WARNING neutron_lib.context [None req-6d74a103-648e-4629-a817-d71ae49b13dd f471a6e7edd041149c3c416e14a96201 12a56e4c3ac74c45a81e020a6dc8e300 - - default default] Method 'is_advsvc' is deprecated since 2023.2 release (neutron-lib 3.8.0) and will be removed once support for the old RBAC API policies will be removed from Neutron. Please use method 'is_service_role' instead.
2026-04-28 04:28:52.586 10 WARNING neutron.scheduler.dhcp_agent_scheduler [None req-6d74a103-648e-4629-a817-d71ae49b13dd f471a6e7edd041149c3c416e14a96201 12a56e4c3ac74c45a81e020a6dc8e300 - - default default] No more DHCP agents
2026-04-28 04:28:52.589 10 WARNING neutron.api.rpc.agentnotifiers.dhcp_rpc_agent_api [None req-6d74a103-648e-4629-a817-d71ae49b13dd f471a6e7edd041149c3c416e14a96201 12a56e4c3ac74c45a81e020a6dc8e300 - - default default] Unable to schedule network 6d0b419c-12bf-440d-81ac-fb2566caab54: no agents available; will retry on subsequent port and subnet creation events.
2026-04-28 04:28:52.636 10 INFO neutron.db.ovn_revision_numbers_db [None req-6d74a103-648e-4629-a817-d71ae49b13dd f471a6e7edd041149c3c416e14a96201 12a56e4c3ac74c45a81e020a6dc8e300 - - default default] Successfully bumped revision number for resource 01e8c701-0038-4e89-ab32-5e761d995f9b (type: subnets) to 0
2026-04-28 04:28:52.655 10 INFO neutron.wsgi [None req-6d74a103-648e-4629-a817-d71ae49b13dd f471a6e7edd041149c3c416e14a96201 12a56e4c3ac74c45a81e020a6dc8e300 - - default default] 10.0.0.152 "POST /v2.0/subnets HTTP/1.1" status: 201 len: 821 time: 0.3965259
2026-04-28 04:28:52.668 10 WARNING neutron_lib.context [None req-f143cfee-c5be-4852-86da-f44773ea8c75 f471a6e7edd041149c3c416e14a96201 12a56e4c3ac74c45a81e020a6dc8e300 - - default default] Method 'is_advsvc' is deprecated since 2023.2 release (neutron-lib 3.8.0) and will be removed once support for the old RBAC API policies will be removed from Neutron. Please use method 'is_service_role' instead.
