2026-04-28 04:31:14.432 10 INFO neutron.db.segments_db [None req-134257a3-842e-46b8-97b7-5075edfe0c65 164e7ebed3b5405c8f6f737271faba34 06f80c46d6954d7e8a1a75025584fe1f - - default default] Added segment d3f8a40e-6d36-4b9f-998e-cefdf8a13890 of type geneve for network 4323a7ef-8a7b-49df-81f1-75e734dc551a
2026-04-28 04:31:14.554 10 INFO neutron.db.ovn_revision_numbers_db [None req-134257a3-842e-46b8-97b7-5075edfe0c65 164e7ebed3b5405c8f6f737271faba34 06f80c46d6954d7e8a1a75025584fe1f - - default default] Successfully bumped revision number for resource 4323a7ef-8a7b-49df-81f1-75e734dc551a (type: networks) to 1
2026-04-28 04:31:14.628 9 INFO neutron.db.ovn_revision_numbers_db [None req-f4fcab96-e979-400a-94d5-00b0901c5593 d61ba95b54d448d6a60a8463ab472b24 a2468b0f4c7141b7b09da3db2ed8b178 - - default default] Successfully bumped revision number for resource d99fc3d3-798b-4b5c-b1cf-930f17c22d52 (type: security_group_rules) to 0
2026-04-28 04:31:14.678 9 INFO neutron.db.segments_db [None req-f4fcab96-e979-400a-94d5-00b0901c5593 d61ba95b54d448d6a60a8463ab472b24 a2468b0f4c7141b7b09da3db2ed8b178 - - default default] Added segment 6ea50223-1623-406c-929b-dfa0336d56ca of type geneve for network 1f352919-9b35-4ef2-b8df-3dd434d9c0f4
2026-04-28 04:31:14.708 9 INFO neutron.wsgi [None req-383d4eea-520b-4bf7-b1c1-93f663c71fcb c2bcb4c140af4b37b2c28a3f02270ef0 4778e9665d2c4b13bf3d5775386d72dd - - default default] 10.0.0.152 "DELETE /v2.0/security-groups/95c2a503-463a-4d96-b46d-f1278de5aa48 HTTP/1.1" status: 204 len: 168 time: 0.4023347
2026-04-28 04:31:14.733 10 WARNING neutron.scheduler.dhcp_agent_scheduler [None req-134257a3-842e-46b8-97b7-5075edfe0c65 164e7ebed3b5405c8f6f737271faba34 06f80c46d6954d7e8a1a75025584fe1f - - default default] No more DHCP agents
2026-04-28 04:31:14.736 10 WARNING neutron.api.rpc.agentnotifiers.dhcp_rpc_agent_api [None req-134257a3-842e-46b8-97b7-5075edfe0c65 164e7ebed3b5405c8f6f737271faba34 06f80c46d6954d7e8a1a75025584fe1f - - default default] Unable to schedule network 4323a7ef-8a7b-49df-81f1-75e734dc551a: no agents available; will retry on subsequent port and subnet creation events.
2026-04-28 04:31:14.810 9 INFO neutron.db.ovn_revision_numbers_db [None req-f4fcab96-e979-400a-94d5-00b0901c5593 d61ba95b54d448d6a60a8463ab472b24 a2468b0f4c7141b7b09da3db2ed8b178 - - default default] Successfully bumped revision number for resource 1f352919-9b35-4ef2-b8df-3dd434d9c0f4 (type: networks) to 1
2026-04-28 04:31:14.818 10 INFO neutron.db.ovn_revision_numbers_db [None req-134257a3-842e-46b8-97b7-5075edfe0c65 164e7ebed3b5405c8f6f737271faba34 06f80c46d6954d7e8a1a75025584fe1f - - default default] Successfully bumped revision number for resource ecda2110-d9ef-4550-b1d2-d81376ca7e41 (type: ports) to 1
2026-04-28 04:31:14.843 10 INFO neutron.wsgi [None req-134257a3-842e-46b8-97b7-5075edfe0c65 164e7ebed3b5405c8f6f737271faba34 06f80c46d6954d7e8a1a75025584fe1f - - default default] 10.0.0.152 "POST /v2.0/networks HTTP/1.1" status: 201 len: 831 time: 0.7132494
2026-04-28 04:31:14.851 10 WARNING neutron_lib.context [None req-e17381ee-79d6-4177-9108-6c1989312bec 164e7ebed3b5405c8f6f737271faba34 06f80c46d6954d7e8a1a75025584fe1f - - default default] Method 'is_advsvc' is deprecated since 2023.2 release (neutron-lib 3.8.0) and will be removed once support for the old RBAC API policies will be removed from Neutron. Please use method 'is_service_role' instead.
2026-04-28 04:31:14.921 10 INFO neutron.db.ovn_revision_numbers_db [None req-6f715f6a-311f-4b55-90ee-ece2aa11ed36 c2bcb4c140af4b37b2c28a3f02270ef0 4778e9665d2c4b13bf3d5775386d72dd - - default default] Successfully bumped revision number for resource d0cd9755-196a-45a5-997e-fc648590e75a (type: security_groups) to 1
2026-04-28 04:31:14.933 10 INFO neutron.db.segments_db [None req-e17381ee-79d6-4177-9108-6c1989312bec 164e7ebed3b5405c8f6f737271faba34 06f80c46d6954d7e8a1a75025584fe1f - - default default] Added segment 0cea8290-3357-4bc6-9722-b7ef6e95010e of type geneve for network ac04a398-60f1-435f-99c6-d1e329f7229f
2026-04-28 04:31:14.936 10 INFO neutron.db.ovn_revision_numbers_db [None req-6f715f6a-311f-4b55-90ee-ece2aa11ed36 c2bcb4c140af4b37b2c28a3f02270ef0 4778e9665d2c4b13bf3d5775386d72dd - - default default] Successfully bumped revision number for resource 2db2d9b8-e346-4838-95ad-ee1e9eb9e876 (type: security_group_rules) to 0
2026-04-28 04:31:14.970 10 INFO neutron.db.ovn_revision_numbers_db [None req-6f715f6a-311f-4b55-90ee-ece2aa11ed36 c2bcb4c140af4b37b2c28a3f02270ef0 4778e9665d2c4b13bf3d5775386d72dd - - default default] Successfully bumped revision number for resource 32d05c92-66f4-4816-9e41-e25168daab23 (type: security_group_rules) to 0
2026-04-28 04:31:14.980 9 WARNING neutron.scheduler.dhcp_agent_scheduler [None req-f4fcab96-e979-400a-94d5-00b0901c5593 d61ba95b54d448d6a60a8463ab472b24 a2468b0f4c7141b7b09da3db2ed8b178 - - default default] No more DHCP agents
2026-04-28 04:31:14.982 9 WARNING neutron.api.rpc.agentnotifiers.dhcp_rpc_agent_api [None req-f4fcab96-e979-400a-94d5-00b0901c5593 d61ba95b54d448d6a60a8463ab472b24 a2468b0f4c7141b7b09da3db2ed8b178 - - default default] Unable to schedule network 1f352919-9b35-4ef2-b8df-3dd434d9c0f4: no agents available; will retry on subsequent port and subnet creation events.
2026-04-28 04:31:15.000 10 INFO neutron.db.ovn_revision_numbers_db [None req-6f715f6a-311f-4b55-90ee-ece2aa11ed36 c2bcb4c140af4b37b2c28a3f02270ef0 4778e9665d2c4b13bf3d5775386d72dd - - default default] Successfully bumped revision number for resource 9877a69f-e49e-4343-926d-a52face8f2f3 (type: security_group_rules) to 0
2026-04-28 04:31:15.032 10 INFO neutron.db.ovn_revision_numbers_db [None req-6f715f6a-311f-4b55-90ee-ece2aa11ed36 c2bcb4c140af4b37b2c28a3f02270ef0 4778e9665d2c4b13bf3d5775386d72dd - - default default] Successfully bumped revision number for resource c5a209b9-9136-4cdb-8b12-f60931e2f7d3 (type: security_group_rules) to 0
2026-04-28 04:31:15.077 9 INFO neutron.db.ovn_revision_numbers_db [None req-f4fcab96-e979-400a-94d5-00b0901c5593 d61ba95b54d448d6a60a8463ab472b24 a2468b0f4c7141b7b09da3db2ed8b178 - - default default] Successfully bumped revision number for resource 3b2b61f0-0aa2-4ef7-813a-9471103c78d2 (type: ports) to 1
2026-04-28 04:31:15.092 10 INFO neutron.wsgi [None req-6f715f6a-311f-4b55-90ee-ece2aa11ed36 c2bcb4c140af4b37b2c28a3f02270ef0 4778e9665d2c4b13bf3d5775386d72dd - - default default] 10.0.0.152 "GET /v2.0/security-groups?tenant_id=493fb2986d734a60891036cff934c23c&name=default HTTP/1.1" status: 200 len: 3000 time: 0.2937212
2026-04-28 04:31:15.120 9 INFO neutron.wsgi [None req-f4fcab96-e979-400a-94d5-00b0901c5593 d61ba95b54d448d6a60a8463ab472b24 a2468b0f4c7141b7b09da3db2ed8b178 - - default default] 10.0.0.152 "POST /v2.0/networks HTTP/1.1" status: 201 len: 839 time: 1.0675542
2026-04-28 04:31:15.130 9 WARNING neutron_lib.context [None req-25ce3864-74eb-4926-b735-d659b5bd1978 d61ba95b54d448d6a60a8463ab472b24 a2468b0f4c7141b7b09da3db2ed8b178 - - default default] Method 'is_advsvc' is deprecated since 2023.2 release (neutron-lib 3.8.0) and will be removed once support for the old RBAC API policies will be removed from Neutron. Please use method 'is_service_role' instead.
2026-04-28 04:31:15.141 10 INFO neutron.db.ovn_revision_numbers_db [None req-e17381ee-79d6-4177-9108-6c1989312bec 164e7ebed3b5405c8f6f737271faba34 06f80c46d6954d7e8a1a75025584fe1f - - default default] Successfully bumped revision number for resource ac04a398-60f1-435f-99c6-d1e329f7229f (type: networks) to 1
2026-04-28 04:31:15.283 9 INFO neutron.wsgi [-] 10.0.0.6 "GET / HTTP/1.1" status: 200 len: 247 time: 0.0030420
2026-04-28 04:31:15.287 9 INFO neutron.wsgi [-] 10.0.0.6 "GET / HTTP/1.1" status: 200 len: 247 time: 0.0030508
2026-04-28 04:31:15.315 10 WARNING neutron.scheduler.dhcp_agent_scheduler [None req-e17381ee-79d6-4177-9108-6c1989312bec 164e7ebed3b5405c8f6f737271faba34 06f80c46d6954d7e8a1a75025584fe1f - - default default] No more DHCP agents
2026-04-28 04:31:15.317 10 WARNING neutron.api.rpc.agentnotifiers.dhcp_rpc_agent_api [None req-e17381ee-79d6-4177-9108-6c1989312bec 164e7ebed3b5405c8f6f737271faba34 06f80c46d6954d7e8a1a75025584fe1f - - default default] Unable to schedule network ac04a398-60f1-435f-99c6-d1e329f7229f: no agents available; will retry on subsequent port and subnet creation events.
2026-04-28 04:31:15.411 10 INFO neutron.db.ovn_revision_numbers_db [None req-e17381ee-79d6-4177-9108-6c1989312bec 164e7ebed3b5405c8f6f737271faba34 06f80c46d6954d7e8a1a75025584fe1f - - default default] Successfully bumped revision number for resource 9616a780-fca1-4661-8123-61d2eecc7c9d (type: ports) to 1
2026-04-28 04:31:15.437 10 INFO neutron.wsgi [None req-e17381ee-79d6-4177-9108-6c1989312bec 164e7ebed3b5405c8f6f737271faba34 06f80c46d6954d7e8a1a75025584fe1f - - default default] 10.0.0.152 "POST /v2.0/networks HTTP/1.1" status: 201 len: 831 time: 0.5900776
2026-04-28 04:31:15.446 9 INFO neutron.wsgi [None req-52dea746-6651-4e2e-bdaa-0005ae06e95b c2bcb4c140af4b37b2c28a3f02270ef0 4778e9665d2c4b13bf3d5775386d72dd - - default default] 10.0.0.152 "DELETE /v2.0/security-groups/d0cd9755-196a-45a5-997e-fc648590e75a HTTP/1.1" status: 204 len: 168 time: 0.3483963
2026-04-28 04:31:15.449 9 WARNING neutron.scheduler.dhcp_agent_scheduler [None req-25ce3864-74eb-4926-b735-d659b5bd1978 d61ba95b54d448d6a60a8463ab472b24 a2468b0f4c7141b7b09da3db2ed8b178 - - default default] No more DHCP agents
2026-04-28 04:31:15.452 9 WARNING neutron.api.rpc.agentnotifiers.dhcp_rpc_agent_api [None req-25ce3864-74eb-4926-b735-d659b5bd1978 d61ba95b54d448d6a60a8463ab472b24 a2468b0f4c7141b7b09da3db2ed8b178 - - default default] Unable to schedule network 1f352919-9b35-4ef2-b8df-3dd434d9c0f4: no agents available; will retry on subsequent port and subnet creation events.
2026-04-28 04:31:15.505 10 INFO neutron.wsgi [None req-15021350-6935-4df9-8366-4c3e020b7da0 164e7ebed3b5405c8f6f737271faba34 06f80c46d6954d7e8a1a75025584fe1f - - default default] 10.0.0.152 "PUT /v2.0/networks/4323a7ef-8a7b-49df-81f1-75e734dc551a/tags HTTP/1.1" status: 200 len: 218 time: 0.0529902
2026-04-28 04:31:15.557 9 INFO neutron.wsgi [None req-519485c8-5763-4668-9a2c-53d00545c640 164e7ebed3b5405c8f6f737271faba34 06f80c46d6954d7e8a1a75025584fe1f - - default default] 10.0.0.152 "GET /v2.0/networks/4323a7ef-8a7b-49df-81f1-75e734dc551a/tags HTTP/1.1" status: 200 len: 218 time: 0.0467026
2026-04-28 04:31:15.618 10 INFO neutron.wsgi [None req-bff9aff1-af8c-4188-847f-c62948bf7eb6 164e7ebed3b5405c8f6f737271faba34 06f80c46d6954d7e8a1a75025584fe1f - - default default] 10.0.0.152 "PUT /v2.0/networks/ac04a398-60f1-435f-99c6-d1e329f7229f/tags HTTP/1.1" status: 200 len: 210 time: 0.0555892
2026-04-28 04:31:15.882 10 INFO neutron.wsgi [None req-ce8245c6-0de2-4eee-b6a6-aa9fd82da641 164e7ebed3b5405c8f6f737271faba34 06f80c46d6954d7e8a1a75025584fe1f - - default default] 10.0.0.152 "GET /v2.0/networks/ac04a398-60f1-435f-99c6-d1e329f7229f/tags HTTP/1.1" status: 200 len: 210 time: 0.2584944
2026-04-28 04:31:15.932 10 INFO neutron.db.ovn_revision_numbers_db [None req-c5952e1c-9a43-45ff-8e11-5d8d78171430 c2bcb4c140af4b37b2c28a3f02270ef0 4778e9665d2c4b13bf3d5775386d72dd - - default default] Successfully bumped revision number for resource 6997ab17-a6d9-44f1-91c4-4ff3f48a8f58 (type: security_groups) to 1
2026-04-28 04:31:15.949 10 INFO neutron.db.ovn_revision_numbers_db [None req-c5952e1c-9a43-45ff-8e11-5d8d78171430 c2bcb4c140af4b37b2c28a3f02270ef0 4778e9665d2c4b13bf3d5775386d72dd - - default default] Successfully bumped revision number for resource 10b03a43-f00f-4a2f-a129-fb12e0862e2f (type: security_group_rules) to 0
2026-04-28 04:31:15.960 10 INFO neutron.db.ovn_revision_numbers_db [None req-c5952e1c-9a43-45ff-8e11-5d8d78171430 c2bcb4c140af4b37b2c28a3f02270ef0 4778e9665d2c4b13bf3d5775386d72dd - - default default] Successfully bumped revision number for resource 64eea0e9-3a98-40d6-97e8-a2592453e215 (type: security_group_rules) to 0
2026-04-28 04:31:15.966 9 INFO neutron.wsgi [None req-14acdeaf-22bf-44b6-b458-3565d1fdbccf 164e7ebed3b5405c8f6f737271faba34 06f80c46d6954d7e8a1a75025584fe1f - - default default] 10.0.0.152 "PUT /v2.0/networks/ac04a398-60f1-435f-99c6-d1e329f7229f/tags HTTP/1.1" status: 200 len: 205 time: 0.0775387
2026-04-28 04:31:15.975 10 INFO neutron.db.ovn_revision_numbers_db [None req-c5952e1c-9a43-45ff-8e11-5d8d78171430 c2bcb4c140af4b37b2c28a3f02270ef0 4778e9665d2c4b13bf3d5775386d72dd - - default default] Successfully bumped revision number for resource b8f2bacc-1ab1-4e70-aa35-a6be4cf7f8d1 (type: security_group_rules) to 0
2026-04-28 04:31:15.980 9 INFO neutron.db.ovn_revision_numbers_db [None req-25ce3864-74eb-4926-b735-d659b5bd1978 d61ba95b54d448d6a60a8463ab472b24 a2468b0f4c7141b7b09da3db2ed8b178 - - default default] Successfully bumped revision number for resource 3b2b61f0-0aa2-4ef7-813a-9471103c78d2 (type: ports) to 2
2026-04-28 04:31:15.989 10 INFO neutron.db.ovn_revision_numbers_db [None req-c5952e1c-9a43-45ff-8e11-5d8d78171430 c2bcb4c140af4b37b2c28a3f02270ef0 4778e9665d2c4b13bf3d5775386d72dd - - default default] Successfully bumped revision number for resource c03cb766-005c-4da9-b878-3db2bb28164b (type: security_group_rules) to 0
2026-04-28 04:31:16.013 9 INFO neutron.wsgi [None req-32d1899d-13e4-480c-a442-da203a06e978 164e7ebed3b5405c8f6f737271faba34 06f80c46d6954d7e8a1a75025584fe1f - - default default] 10.0.0.152 "GET /v2.0/networks/ac04a398-60f1-435f-99c6-d1e329f7229f/tags HTTP/1.1" status: 200 len: 205 time: 0.0424597
2026-04-28 04:31:16.016 10 INFO neutron.wsgi [None req-c5952e1c-9a43-45ff-8e11-5d8d78171430 c2bcb4c140af4b37b2c28a3f02270ef0 4778e9665d2c4b13bf3d5775386d72dd - - default default] 10.0.0.152 "GET /v2.0/security-groups?tenant_id=90dabeb68525470cb628fbe2cfd89e30&name=default HTTP/1.1" status: 200 len: 3000 time: 0.4218767
2026-04-28 04:31:16.026 9 INFO neutron.db.ovn_revision_numbers_db [None req-25ce3864-74eb-4926-b735-d659b5bd1978 d61ba95b54d448d6a60a8463ab472b24 a2468b0f4c7141b7b09da3db2ed8b178 - - default default] Successfully bumped revision number for resource 73d432c9-b07b-46b4-ab49-6fb504a00f74 (type: subnets) to 0
2026-04-28 04:31:16.047 9 INFO neutron.wsgi [None req-25ce3864-74eb-4926-b735-d659b5bd1978 d61ba95b54d448d6a60a8463ab472b24 a2468b0f4c7141b7b09da3db2ed8b178 - - default default] 10.0.0.152 "POST /v2.0/subnets HTTP/1.1" status: 201 len: 833 time: 0.9224601
2026-04-28 04:31:16.066 9 INFO neutron.wsgi [None req-663f136e-e9be-4b6a-a068-eb20234b3f31 164e7ebed3b5405c8f6f737271faba34 06f80c46d6954d7e8a1a75025584fe1f - - default default] 10.0.0.152 "GET /v2.0/networks/4323a7ef-8a7b-49df-81f1-75e734dc551a/tags HTTP/1.1" status: 200 len: 218 time: 0.0450320
2026-04-28 04:31:16.207 10 INFO neutron.wsgi [None req-a2344770-40c6-4c0f-baf0-7b197ae00f9e c2bcb4c140af4b37b2c28a3f02270ef0 4778e9665d2c4b13bf3d5775386d72dd - - default default] 10.0.0.152 "DELETE /v2.0/security-groups/6997ab17-a6d9-44f1-91c4-4ff3f48a8f58 HTTP/1.1" status: 204 len: 168 time: 0.1850357
2026-04-28 04:31:16.247 9 INFO neutron.wsgi [None req-d45c83b1-c2df-4350-b188-84df350128e9 d6c59ac6eb534f6594831bca6f6e7cad 4c8a5f7a64af4916820684c1162f6458 - - default default] 10.0.0.152 "GET /v2.0/subnetpools?name=shared-default-subnetpool-v6 HTTP/1.1" status: 200 len: 212 time: 0.1941636
2026-04-28 04:31:16.260 10 WARNING neutron_lib.context [None req-0f8f4059-5fd9-4a0c-a14c-a07c11ba5dce d61ba95b54d448d6a60a8463ab472b24 a2468b0f4c7141b7b09da3db2ed8b178 - - default default] Method 'is_advsvc' is deprecated since 2023.2 release (neutron-lib 3.8.0) and will be removed once support for the old RBAC API policies will be removed from Neutron. Please use method 'is_service_role' instead.
2026-04-28 04:31:16.435 9 INFO neutron.services.segments.plugin [-] Segment d3f8a40e-6d36-4b9f-998e-cefdf8a13890 resource provider aggregate not found
2026-04-28 04:31:16.439 9 INFO neutron.services.segments.plugin [-] Segment d3f8a40e-6d36-4b9f-998e-cefdf8a13890 resource provider aggregate not found
2026-04-28 04:31:16.451 9 INFO neutron.services.segments.plugin [-] Segment d3f8a40e-6d36-4b9f-998e-cefdf8a13890 resource provider not found; error: Placement Client Error (4xx): {"errors": [{"status": 404, "title": "Not Found", "detail": "The resource could not be found.\n\n No resource provider with uuid d3f8a40e-6d36-4b9f-998e-cefdf8a13890 found for delete ", "request_id": "req-7c523e69-f061-41b1-b1c9-44920bb873c9"}]}
2026-04-28 04:31:16.455 9 INFO neutron.services.segments.plugin [-] Segment d3f8a40e-6d36-4b9f-998e-cefdf8a13890 resource provider not found; error: Placement Client Error (4xx): {"errors": [{"status": 404, "title": "Not Found", "detail": "The resource could not be found.\n\n No resource provider with uuid d3f8a40e-6d36-4b9f-998e-cefdf8a13890 found for delete ", "request_id": "req-1f489f69-f2dc-497f-970a-542056857d73"}]}
2026-04-28 04:31:16.479 9 INFO neutron.wsgi [None req-7954562d-5045-4f84-9b83-2d05c9a70238 164e7ebed3b5405c8f6f737271faba34 06f80c46d6954d7e8a1a75025584fe1f - - default default] 10.0.0.152 "DELETE /v2.0/networks/4323a7ef-8a7b-49df-81f1-75e734dc551a HTTP/1.1" status: 204 len: 168 time: 0.3903949
2026-04-28 04:31:16.643 10 WARNING neutron.scheduler.dhcp_agent_scheduler [None req-0f8f4059-5fd9-4a0c-a14c-a07c11ba5dce d61ba95b54d448d6a60a8463ab472b24 a2468b0f4c7141b7b09da3db2ed8b178 - - default default] No more DHCP agents
2026-04-28 04:31:16.650 10 WARNING neutron.api.rpc.agentnotifiers.dhcp_rpc_agent_api [None req-0f8f4059-5fd9-4a0c-a14c-a07c11ba5dce d61ba95b54d448d6a60a8463ab472b24 a2468b0f4c7141b7b09da3db2ed8b178 - - default default] Unable to schedule network 1f352919-9b35-4ef2-b8df-3dd434d9c0f4: no agents available; will retry on subsequent port and subnet creation events.
2026-04-28 04:31:16.701 10 INFO neutron.db.ovn_revision_numbers_db [None req-0f8f4059-5fd9-4a0c-a14c-a07c11ba5dce d61ba95b54d448d6a60a8463ab472b24 a2468b0f4c7141b7b09da3db2ed8b178 - - default default] Successfully bumped revision number for resource 0c44aaab-d7b2-44fa-b9cc-15f2c0eebb0c (type: subnets) to 0
2026-04-28 04:31:16.715 10 INFO neutron.wsgi [None req-0f8f4059-5fd9-4a0c-a14c-a07c11ba5dce d61ba95b54d448d6a60a8463ab472b24 a2468b0f4c7141b7b09da3db2ed8b178 - - default default] 10.0.0.152 "POST /v2.0/subnets HTTP/1.1" status: 201 len: 906 time: 0.4621811
2026-04-28 04:31:16.726 9 WARNING neutron_lib.context [None req-5546104b-fbee-43f2-8eef-8eea536c9f22 d61ba95b54d448d6a60a8463ab472b24 a2468b0f4c7141b7b09da3db2ed8b178 - - default default] Method 'is_advsvc' is deprecated since 2023.2 release (neutron-lib 3.8.0) and will be removed once support for the old RBAC API policies will be removed from Neutron. Please use method 'is_service_role' instead.
2026-04-28 04:31:16.816 9 INFO neutron.db.segments_db [None req-5546104b-fbee-43f2-8eef-8eea536c9f22 d61ba95b54d448d6a60a8463ab472b24 a2468b0f4c7141b7b09da3db2ed8b178 - - default default] Added segment 8047406e-ce65-4e12-8234-065993dc0f9c of type geneve for network d585d247-aa02-44af-a9a4-6c9170155878
2026-04-28 04:31:16.868 10 INFO neutron.services.segments.plugin [-] Segment 0cea8290-3357-4bc6-9722-b7ef6e95010e resource provider aggregate not found
2026-04-28 04:31:16.872 10 INFO neutron.services.segments.plugin [-] Segment 0cea8290-3357-4bc6-9722-b7ef6e95010e resource provider aggregate not found
2026-04-28 04:31:16.894 10 INFO neutron.services.segments.plugin [-] Segment 0cea8290-3357-4bc6-9722-b7ef6e95010e resource provider not found; error: Placement Client Error (4xx): {"errors": [{"status": 404, "title": "Not Found", "detail": "The resource could not be found.\n\n No resource provider with uuid 0cea8290-3357-4bc6-9722-b7ef6e95010e found for delete ", "request_id": "req-83ebc42b-8892-40bb-bf86-4beb9900a1a9"}]}
2026-04-28 04:31:16.896 10 INFO neutron.services.segments.plugin [-] Segment 0cea8290-3357-4bc6-9722-b7ef6e95010e resource provider not found; error: Placement Client Error (4xx): {"errors": [{"status": 404, "title": "Not Found", "detail": "The resource could not be found.\n\n No resource provider with uuid 0cea8290-3357-4bc6-9722-b7ef6e95010e found for delete ", "request_id": "req-bb8f3e16-7dd8-48ac-915b-43b82f5673ce"}]}
2026-04-28 04:31:16.931 10 INFO neutron.wsgi [None req-d1edcc41-db19-4dd9-b8fe-10d6339dd7e6 164e7ebed3b5405c8f6f737271faba34 06f80c46d6954d7e8a1a75025584fe1f - - default default] 10.0.0.152 "DELETE /v2.0/networks/ac04a398-60f1-435f-99c6-d1e329f7229f HTTP/1.1" status: 204 len: 168 time: 0.4481509
2026-04-28 04:31:16.960 9 INFO neutron.db.ovn_revision_numbers_db [None req-5546104b-fbee-43f2-8eef-8eea536c9f22 d61ba95b54d448d6a60a8463ab472b24 a2468b0f4c7141b7b09da3db2ed8b178 - - default default] Successfully bumped revision number for resource d585d247-aa02-44af-a9a4-6c9170155878 (type: networks) to 1
2026-04-28 04:31:17.159 9 WARNING neutron.scheduler.dhcp_agent_scheduler [None req-5546104b-fbee-43f2-8eef-8eea536c9f22 d61ba95b54d448d6a60a8463ab472b24 a2468b0f4c7141b7b09da3db2ed8b178 - - default default] No more DHCP agents
2026-04-28 04:31:17.161 9 WARNING neutron.api.rpc.agentnotifiers.dhcp_rpc_agent_api [None req-5546104b-fbee-43f2-8eef-8eea536c9f22 d61ba95b54d448d6a60a8463ab472b24 a2468b0f4c7141b7b09da3db2ed8b178 - - default default] Unable to schedule network d585d247-aa02-44af-a9a4-6c9170155878: no agents available; will retry on subsequent port and subnet creation events.
2026-04-28 04:31:17.240 9 INFO neutron.db.ovn_revision_numbers_db [None req-5546104b-fbee-43f2-8eef-8eea536c9f22 d61ba95b54d448d6a60a8463ab472b24 a2468b0f4c7141b7b09da3db2ed8b178 - - default default] Successfully bumped revision number for resource 22e37beb-7d3f-44ce-8d90-e07507bfb980 (type: ports) to 1
2026-04-28 04:31:17.263 9 INFO neutron.wsgi [None req-5546104b-fbee-43f2-8eef-8eea536c9f22 d61ba95b54d448d6a60a8463ab472b24 a2468b0f4c7141b7b09da3db2ed8b178 - - default default] 10.0.0.152 "POST /v2.0/networks HTTP/1.1" status: 201 len: 837 time: 0.5427594
2026-04-28 04:31:17.277 9 WARNING neutron_lib.context [None req-2b39ac63-bd41-4ad0-8f55-8143b905cca5 d61ba95b54d448d6a60a8463ab472b24 a2468b0f4c7141b7b09da3db2ed8b178 - - default default] Method 'is_advsvc' is deprecated since 2023.2 release (neutron-lib 3.8.0) and will be removed once support for the old RBAC API policies will be removed from Neutron. Please use method 'is_service_role' instead.
2026-04-28 04:31:17.502 9 WARNING neutron.scheduler.dhcp_agent_scheduler [None req-2b39ac63-bd41-4ad0-8f55-8143b905cca5 d61ba95b54d448d6a60a8463ab472b24 a2468b0f4c7141b7b09da3db2ed8b178 - - default default] No more DHCP agents
2026-04-28 04:31:17.504 9 WARNING neutron.api.rpc.agentnotifiers.dhcp_rpc_agent_api [None req-2b39ac63-bd41-4ad0-8f55-8143b905cca5 d61ba95b54d448d6a60a8463ab472b24 a2468b0f4c7141b7b09da3db2ed8b178 - - default default] Unable to schedule network d585d247-aa02-44af-a9a4-6c9170155878: no agents available; will retry on subsequent port and subnet creation events.
2026-04-28 04:31:17.755 10 INFO neutron.db.ovn_revision_numbers_db [None req-95cc54a2-75a0-4611-b838-418c7c0f47eb c2bcb4c140af4b37b2c28a3f02270ef0 4778e9665d2c4b13bf3d5775386d72dd - - default default] Successfully bumped revision number for resource ab6cdfd5-07bd-40ec-9847-31c1c696db5a (type: security_groups) to 1
2026-04-28 04:31:17.772 10 INFO neutron.db.ovn_revision_numbers_db [None req-95cc54a2-75a0-4611-b838-418c7c0f47eb c2bcb4c140af4b37b2c28a3f02270ef0 4778e9665d2c4b13bf3d5775386d72dd - - default default] Successfully bumped revision number for resource 3ac25a31-ecbb-4357-bd66-66b152f119a2 (type: security_group_rules) to 0
2026-04-28 04:31:17.797 10 INFO neutron.db.ovn_revision_numbers_db [None req-95cc54a2-75a0-4611-b838-418c7c0f47eb c2bcb4c140af4b37b2c28a3f02270ef0 4778e9665d2c4b13bf3d5775386d72dd - - default default] Successfully bumped revision number for resource 69aeb743-a0a0-42f2-93fd-40a5b485eff8 (type: security_group_rules) to 0
2026-04-28 04:31:17.816 10 INFO neutron.db.ovn_revision_numbers_db [None req-95cc54a2-75a0-4611-b838-418c7c0f47eb c2bcb4c140af4b37b2c28a3f02270ef0 4778e9665d2c4b13bf3d5775386d72dd - - default default] Successfully bumped revision number for resource 7f705cd4-2239-45a0-b84d-734c3eb6180d (type: security_group_rules) to 0
2026-04-28 04:31:17.838 10 INFO neutron.db.ovn_revision_numbers_db [None req-95cc54a2-75a0-4611-b838-418c7c0f47eb c2bcb4c140af4b37b2c28a3f02270ef0 4778e9665d2c4b13bf3d5775386d72dd - - default default] Successfully bumped revision number for resource e3a411b3-c61e-4a8d-82a4-392451baca08 (type: security_group_rules) to 0
2026-04-28 04:31:17.866 10 INFO neutron.wsgi [None req-95cc54a2-75a0-4611-b838-418c7c0f47eb c2bcb4c140af4b37b2c28a3f02270ef0 4778e9665d2c4b13bf3d5775386d72dd - - default default] 10.0.0.152 "GET /v2.0/security-groups?tenant_id=b0f6f3090e2f4d81821e0dfeebe56cd2&name=default HTTP/1.1" status: 200 len: 3000 time: 0.3958459
2026-04-28 04:31:18.052 9 INFO neutron.db.ovn_revision_numbers_db [None req-2b39ac63-bd41-4ad0-8f55-8143b905cca5 d61ba95b54d448d6a60a8463ab472b24 a2468b0f4c7141b7b09da3db2ed8b178 - - default default] Successfully bumped revision number for resource 22e37beb-7d3f-44ce-8d90-e07507bfb980 (type: ports) to 2
2026-04-28 04:31:18.056 10 INFO neutron.wsgi [None req-e10b454e-ed4a-48cc-82df-8efcb2d1a349 c2bcb4c140af4b37b2c28a3f02270ef0 4778e9665d2c4b13bf3d5775386d72dd - - default default] 10.0.0.152 "DELETE /v2.0/security-groups/ab6cdfd5-07bd-40ec-9847-31c1c696db5a HTTP/1.1" status: 204 len: 168 time: 0.1869099
2026-04-28 04:31:18.094 9 INFO neutron.db.ovn_revision_numbers_db [None req-2b39ac63-bd41-4ad0-8f55-8143b905cca5 d61ba95b54d448d6a60a8463ab472b24 a2468b0f4c7141b7b09da3db2ed8b178 - - default default] Successfully bumped revision number for resource b34a3010-ea35-4df3-9d9c-b7f2e3b556fa (type: subnets) to 0
2026-04-28 04:31:18.110 9 INFO neutron.wsgi [None req-2b39ac63-bd41-4ad0-8f55-8143b905cca5 d61ba95b54d448d6a60a8463ab472b24 a2468b0f4c7141b7b09da3db2ed8b178 - - default default] 10.0.0.152 "POST /v2.0/subnets HTTP/1.1" status: 201 len: 830 time: 0.8399441
2026-04-28 04:31:18.124 9 WARNING neutron_lib.context [None req-43144b7b-d06f-41c8-9157-802d41266f31 d61ba95b54d448d6a60a8463ab472b24 a2468b0f4c7141b7b09da3db2ed8b178 - - default default] Method 'is_advsvc' is deprecated since 2023.2 release (neutron-lib 3.8.0) and will be removed once support for the old RBAC API policies will be removed from Neutron. Please use method 'is_service_role' instead.
2026-04-28 04:31:18.232 10 INFO neutron.wsgi [None req-74c56885-9790-4db0-886f-f1ff6de7d538 c2bcb4c140af4b37b2c28a3f02270ef0 4778e9665d2c4b13bf3d5775386d72dd - - default default] 10.0.0.152 "GET /v2.0/security-groups?tenant_id=06f80c46d6954d7e8a1a75025584fe1f&name=default HTTP/1.1" status: 200 len: 2996 time: 0.0303593
2026-04-28 04:31:18.369 9 WARNING neutron.scheduler.dhcp_agent_scheduler [None req-43144b7b-d06f-41c8-9157-802d41266f31 d61ba95b54d448d6a60a8463ab472b24 a2468b0f4c7141b7b09da3db2ed8b178 - - default default] No more DHCP agents
2026-04-28 04:31:18.372 9 WARNING neutron.api.rpc.agentnotifiers.dhcp_rpc_agent_api [None req-43144b7b-d06f-41c8-9157-802d41266f31 d61ba95b54d448d6a60a8463ab472b24 a2468b0f4c7141b7b09da3db2ed8b178 - - default default] Unable to schedule network d585d247-aa02-44af-a9a4-6c9170155878: no agents available; will retry on subsequent port and subnet creation events.
2026-04-28 04:31:18.406 9 INFO neutron.db.ovn_revision_numbers_db [None req-43144b7b-d06f-41c8-9157-802d41266f31 d61ba95b54d448d6a60a8463ab472b24 a2468b0f4c7141b7b09da3db2ed8b178 - - default default] Successfully bumped revision number for resource 9d34703d-ee25-4815-af76-cb68d6854295 (type: subnets) to 0
2026-04-28 04:31:18.411 10 INFO neutron.wsgi [None req-72b6ac55-eb04-42d0-a821-ec3e8ab2c590 c2bcb4c140af4b37b2c28a3f02270ef0 4778e9665d2c4b13bf3d5775386d72dd - - default default] 10.0.0.152 "DELETE /v2.0/security-groups/d7fc5826-7a38-4b41-97c1-fc06fb857c50 HTTP/1.1" status: 204 len: 168 time: 0.1742334
2026-04-28 04:31:18.428 9 INFO neutron.wsgi [None req-43144b7b-d06f-41c8-9157-802d41266f31 d61ba95b54d448d6a60a8463ab472b24 a2468b0f4c7141b7b09da3db2ed8b178 - - default default] 10.0.0.152 "POST /v2.0/subnets HTTP/1.1" status: 201 len: 901 time: 0.3112400
2026-04-28 04:31:18.439 9 WARNING neutron_lib.context [None req-a5c5704e-0aa6-4530-8574-3d7282729662 d61ba95b54d448d6a60a8463ab472b24 a2468b0f4c7141b7b09da3db2ed8b178 - - default default] Method 'is_advsvc' is deprecated since 2023.2 release (neutron-lib 3.8.0) and will be removed once support for the old RBAC API policies will be removed from Neutron. Please use method 'is_service_role' instead.
2026-04-28 04:31:18.519 9 INFO neutron.db.segments_db [None req-a5c5704e-0aa6-4530-8574-3d7282729662 d61ba95b54d448d6a60a8463ab472b24 a2468b0f4c7141b7b09da3db2ed8b178 - - default default] Added segment 7cb67613-0748-4989-bf80-53b967b4f83c of type geneve for network 44ebd2b9-ef58-474c-830f-6a480dbe3765
2026-04-28 04:31:18.674 9 INFO neutron.db.ovn_revision_numbers_db [None req-a5c5704e-0aa6-4530-8574-3d7282729662 d61ba95b54d448d6a60a8463ab472b24 a2468b0f4c7141b7b09da3db2ed8b178 - - default default] Successfully bumped revision number for resource 44ebd2b9-ef58-474c-830f-6a480dbe3765 (type: networks) to 1
2026-04-28 04:31:18.859 9 WARNING neutron.scheduler.dhcp_agent_scheduler [None req-a5c5704e-0aa6-4530-8574-3d7282729662 d61ba95b54d448d6a60a8463ab472b24 a2468b0f4c7141b7b09da3db2ed8b178 - - default default] No more DHCP agents
2026-04-28 04:31:18.861 9 WARNING neutron.api.rpc.agentnotifiers.dhcp_rpc_agent_api [None req-a5c5704e-0aa6-4530-8574-3d7282729662 d61ba95b54d448d6a60a8463ab472b24 a2468b0f4c7141b7b09da3db2ed8b178 - - default default] Unable to schedule network 44ebd2b9-ef58-474c-830f-6a480dbe3765: no agents available; will retry on subsequent port and subnet creation events.
2026-04-28 04:31:18.954 9 INFO neutron.db.ovn_revision_numbers_db [None req-a5c5704e-0aa6-4530-8574-3d7282729662 d61ba95b54d448d6a60a8463ab472b24 a2468b0f4c7141b7b09da3db2ed8b178 - - default default] Successfully bumped revision number for resource e5749cdf-1270-4334-b180-0066167b89aa (type: ports) to 1
2026-04-28 04:31:18.973 9 INFO neutron.wsgi [None req-a5c5704e-0aa6-4530-8574-3d7282729662 d61ba95b54d448d6a60a8463ab472b24 a2468b0f4c7141b7b09da3db2ed8b178 - - default default] 10.0.0.152 "POST /v2.0/networks HTTP/1.1" status: 201 len: 837 time: 0.5391026
2026-04-28 04:31:18.982 9 WARNING neutron_lib.context [None req-e5740c31-6f2f-4ce5-b846-ce47a18fe9c3 d61ba95b54d448d6a60a8463ab472b24 a2468b0f4c7141b7b09da3db2ed8b178 - - default default] Method 'is_advsvc' is deprecated since 2023.2 release (neutron-lib 3.8.0) and will be removed once support for the old RBAC API policies will be removed from Neutron. Please use method 'is_service_role' instead.
2026-04-28 04:31:19.222 9 WARNING neutron.scheduler.dhcp_agent_scheduler [None req-e5740c31-6f2f-4ce5-b846-ce47a18fe9c3 d61ba95b54d448d6a60a8463ab472b24 a2468b0f4c7141b7b09da3db2ed8b178 - - default default] No more DHCP agents
2026-04-28 04:31:19.224 9 WARNING neutron.api.rpc.agentnotifiers.dhcp_rpc_agent_api [None req-e5740c31-6f2f-4ce5-b846-ce47a18fe9c3 d61ba95b54d448d6a60a8463ab472b24 a2468b0f4c7141b7b09da3db2ed8b178 - - default default] Unable to schedule network 44ebd2b9-ef58-474c-830f-6a480dbe3765: no agents available; will retry on subsequent port and subnet creation events.
2026-04-28 04:31:19.687 9 INFO neutron.db.ovn_revision_numbers_db [None req-e5740c31-6f2f-4ce5-b846-ce47a18fe9c3 d61ba95b54d448d6a60a8463ab472b24 a2468b0f4c7141b7b09da3db2ed8b178 - - default default] Successfully bumped revision number for resource e5749cdf-1270-4334-b180-0066167b89aa (type: ports) to 2
2026-04-28 04:31:19.722 9 INFO neutron.db.ovn_revision_numbers_db [None req-e5740c31-6f2f-4ce5-b846-ce47a18fe9c3 d61ba95b54d448d6a60a8463ab472b24 a2468b0f4c7141b7b09da3db2ed8b178 - - default default] Successfully bumped revision number for resource 5326205f-e914-4099-9afa-8a8ea9fcc29c (type: subnets) to 0
2026-04-28 04:31:19.748 9 INFO neutron.wsgi [None req-e5740c31-6f2f-4ce5-b846-ce47a18fe9c3 d61ba95b54d448d6a60a8463ab472b24 a2468b0f4c7141b7b09da3db2ed8b178 - - default default] 10.0.0.152 "POST /v2.0/subnets HTTP/1.1" status: 201 len: 830 time: 0.7702203
2026-04-28 04:31:19.758 9 WARNING neutron_lib.context [None req-0f2963bb-83f5-4187-88e9-5059b1d8b10d d61ba95b54d448d6a60a8463ab472b24 a2468b0f4c7141b7b09da3db2ed8b178 - - default default] Method 'is_advsvc' is deprecated since 2023.2 release (neutron-lib 3.8.0) and will be removed once support for the old RBAC API policies will be removed from Neutron. Please use method 'is_service_role' instead.
2026-04-28 04:31:20.000 9 WARNING neutron.scheduler.dhcp_agent_scheduler [None req-0f2963bb-83f5-4187-88e9-5059b1d8b10d d61ba95b54d448d6a60a8463ab472b24 a2468b0f4c7141b7b09da3db2ed8b178 - - default default] No more DHCP agents
2026-04-28 04:31:20.004 9 WARNING neutron.api.rpc.agentnotifiers.dhcp_rpc_agent_api [None req-0f2963bb-83f5-4187-88e9-5059b1d8b10d d61ba95b54d448d6a60a8463ab472b24 a2468b0f4c7141b7b09da3db2ed8b178 - - default default] Unable to schedule network 44ebd2b9-ef58-474c-830f-6a480dbe3765: no agents available; will retry on subsequent port and subnet creation events.
2026-04-28 04:31:20.030 9 INFO neutron.db.ovn_revision_numbers_db [None req-0f2963bb-83f5-4187-88e9-5059b1d8b10d d61ba95b54d448d6a60a8463ab472b24 a2468b0f4c7141b7b09da3db2ed8b178 - - default default] Successfully bumped revision number for resource 2b1cf831-d4cf-4d5b-8921-9f757a6e6f70 (type: subnets) to 0
2026-04-28 04:31:20.046 9 INFO neutron.wsgi [None req-0f2963bb-83f5-4187-88e9-5059b1d8b10d d61ba95b54d448d6a60a8463ab472b24 a2468b0f4c7141b7b09da3db2ed8b178 - - default default] 10.0.0.152 "POST /v2.0/subnets HTTP/1.1" status: 201 len: 905 time: 0.2937355
2026-04-28 04:31:20.057 9 WARNING neutron_lib.context [None req-456198e8-b9ef-41bc-9d59-f71e377a274f d61ba95b54d448d6a60a8463ab472b24 a2468b0f4c7141b7b09da3db2ed8b178 - - default default] Method 'is_advsvc' is deprecated since 2023.2 release (neutron-lib 3.8.0) and will be removed once support for the old RBAC API policies will be removed from Neutron. Please use method 'is_service_role' instead.
2026-04-28 04:31:20.606 10 WARNING neutron_lib.context [None req-b7ad6831-adc7-4080-950f-adef4aa19255 3befa6eae205465f80d7979ab57548df 79e7adc9a3e349c594babe913f99240a - - default default] Method 'is_advsvc' is deprecated since 2023.2 release (neutron-lib 3.8.0) and will be removed once support for the old RBAC API policies will be removed from Neutron. Please use method 'is_service_role' instead.
2026-04-28 04:31:20.735 10 INFO neutron.db.ovn_revision_numbers_db [None req-b7ad6831-adc7-4080-950f-adef4aa19255 3befa6eae205465f80d7979ab57548df 79e7adc9a3e349c594babe913f99240a - - default default] Successfully bumped revision number for resource 68cc7e01-5c25-40f0-8690-5f539108bb28 (type: security_groups) to 1
2026-04-28 04:31:20.749 9 WARNING neutron.scheduler.dhcp_agent_scheduler [None req-456198e8-b9ef-41bc-9d59-f71e377a274f d61ba95b54d448d6a60a8463ab472b24 a2468b0f4c7141b7b09da3db2ed8b178 - - default default] No more DHCP agents
2026-04-28 04:31:20.750 9 WARNING neutron.api.rpc.agentnotifiers.dhcp_rpc_agent_api [None req-456198e8-b9ef-41bc-9d59-f71e377a274f d61ba95b54d448d6a60a8463ab472b24 a2468b0f4c7141b7b09da3db2ed8b178 - - default default] Unable to schedule network ef863281-553f-4c82-b982-875a9cefc101: no agents available; will retry on subsequent port and subnet creation events.
2026-04-28 04:31:20.758 10 INFO neutron.db.ovn_revision_numbers_db [None req-b7ad6831-adc7-4080-950f-adef4aa19255 3befa6eae205465f80d7979ab57548df 79e7adc9a3e349c594babe913f99240a - - default default] Successfully bumped revision number for resource 32c6a477-46b1-445d-b4dc-5152bb21b66f (type: security_group_rules) to 0
2026-04-28 04:31:20.771 10 INFO neutron.db.ovn_revision_numbers_db [None req-b7ad6831-adc7-4080-950f-adef4aa19255 3befa6eae205465f80d7979ab57548df 79e7adc9a3e349c594babe913f99240a - - default default] Successfully bumped revision number for resource 8420e970-19fe-45a0-83c1-451309655559 (type: security_group_rules) to 0
2026-04-28 04:31:20.787 10 INFO neutron.db.ovn_revision_numbers_db [None req-b7ad6831-adc7-4080-950f-adef4aa19255 3befa6eae205465f80d7979ab57548df 79e7adc9a3e349c594babe913f99240a - - default default] Successfully bumped revision number for resource b3a64f2d-55fb-40a3-aae7-d6e2ebf29e24 (type: security_group_rules) to 0
2026-04-28 04:31:20.801 10 INFO neutron.db.ovn_revision_numbers_db [None req-b7ad6831-adc7-4080-950f-adef4aa19255 3befa6eae205465f80d7979ab57548df 79e7adc9a3e349c594babe913f99240a - - default default] Successfully bumped revision number for resource b7dbd696-4848-49ee-b147-7c9dff698727 (type: security_group_rules) to 0
2026-04-28 04:31:20.853 10 INFO neutron.db.segments_db [None req-b7ad6831-adc7-4080-950f-adef4aa19255 3befa6eae205465f80d7979ab57548df 79e7adc9a3e349c594babe913f99240a - - default default] Added segment 9b602a89-25ac-4302-b0be-95bc701fdd62 of type geneve for network 54804dc1-10a9-4eab-a64c-0d878ee5a5c7
2026-04-28 04:31:20.904 9 INFO neutron.db.ovn_revision_numbers_db [None req-456198e8-b9ef-41bc-9d59-f71e377a274f d61ba95b54d448d6a60a8463ab472b24 a2468b0f4c7141b7b09da3db2ed8b178 - - default default] Successfully bumped revision number for resource a4945823-401f-4b52-88b5-d6afdcb47dde (type: ports) to 1
2026-04-28 04:31:20.993 10 INFO neutron.db.ovn_revision_numbers_db [None req-b7ad6831-adc7-4080-950f-adef4aa19255 3befa6eae205465f80d7979ab57548df 79e7adc9a3e349c594babe913f99240a - - default default] Successfully bumped revision number for resource 54804dc1-10a9-4eab-a64c-0d878ee5a5c7 (type: networks) to 1
2026-04-28 04:31:21.162 10 WARNING neutron.scheduler.dhcp_agent_scheduler [None req-b7ad6831-adc7-4080-950f-adef4aa19255 3befa6eae205465f80d7979ab57548df 79e7adc9a3e349c594babe913f99240a - - default default] No more DHCP agents
2026-04-28 04:31:21.165 10 WARNING neutron.api.rpc.agentnotifiers.dhcp_rpc_agent_api [None req-b7ad6831-adc7-4080-950f-adef4aa19255 3befa6eae205465f80d7979ab57548df 79e7adc9a3e349c594babe913f99240a - - default default] Unable to schedule network 54804dc1-10a9-4eab-a64c-0d878ee5a5c7: no agents available; will retry on subsequent port and subnet creation events.
2026-04-28 04:31:21.247 10 INFO neutron.db.ovn_revision_numbers_db [None req-b7ad6831-adc7-4080-950f-adef4aa19255 3befa6eae205465f80d7979ab57548df 79e7adc9a3e349c594babe913f99240a - - default default] Successfully bumped revision number for resource a59ee4d0-2887-4371-867c-d94a3c3c9c79 (type: ports) to 1
2026-04-28 04:31:21.268 10 INFO neutron.wsgi [None req-b7ad6831-adc7-4080-950f-adef4aa19255 3befa6eae205465f80d7979ab57548df 79e7adc9a3e349c594babe913f99240a - - default default] 10.0.0.152 "POST /v2.0/networks HTTP/1.1" status: 201 len: 831 time: 0.8430309
2026-04-28 04:31:21.280 9 WARNING neutron_lib.context [None req-9e7e6b5d-5509-4040-86ba-8171c862c3c6 3befa6eae205465f80d7979ab57548df 79e7adc9a3e349c594babe913f99240a - - default default] Method 'is_advsvc' is deprecated since 2023.2 release (neutron-lib 3.8.0) and will be removed once support for the old RBAC API policies will be removed from Neutron. Please use method 'is_service_role' instead.
2026-04-28 04:31:21.390 9 INFO neutron.db.segments_db [None req-9e7e6b5d-5509-4040-86ba-8171c862c3c6 3befa6eae205465f80d7979ab57548df 79e7adc9a3e349c594babe913f99240a - - default default] Added segment 0175474a-3ed5-4963-82c7-d5d02469cf23 of type geneve for network 9f20914c-a648-43e4-abf3-2b4ba240acc7
2026-04-28 04:31:21.580 10 INFO neutron.plugins.ml2.drivers.ovn.mech_driver.mech_driver [None req-9ae27d8b-17bd-449a-a7a8-2c954a028690 - - - - - -] OVN reports status up for port: a4945823-401f-4b52-88b5-d6afdcb47dde
2026-04-28 04:31:21.588 9 INFO neutron.db.ovn_revision_numbers_db [None req-9e7e6b5d-5509-4040-86ba-8171c862c3c6 3befa6eae205465f80d7979ab57548df 79e7adc9a3e349c594babe913f99240a - - default default] Successfully bumped revision number for resource 9f20914c-a648-43e4-abf3-2b4ba240acc7 (type: networks) to 1
2026-04-28 04:31:21.604 10 INFO neutron.plugins.ml2.plugin [None req-9ae27d8b-17bd-449a-a7a8-2c954a028690 - - - - - -] Attempt 1 to provision port a4945823-401f-4b52-88b5-d6afdcb47dde
2026-04-28 04:31:21.614 9 INFO neutron.plugins.ml2.drivers.ovn.mech_driver.ovsdb.ovsdb_monitor [None req-d581a1e3-16cb-4818-b7b4-11c1c63fde0c - - - - - -] Router 356ac443-ffc6-4ab0-8eb2-a97baadabd0e is bound to host instance
2026-04-28 04:31:21.676 9 INFO neutron.db.ovn_revision_numbers_db [None req-456198e8-b9ef-41bc-9d59-f71e377a274f d61ba95b54d448d6a60a8463ab472b24 a2468b0f4c7141b7b09da3db2ed8b178 - - default default] Successfully bumped revision number for resource a4945823-401f-4b52-88b5-d6afdcb47dde (type: router_ports) to 1
2026-04-28 04:31:22.060 9 INFO neutron.db.ovn_revision_numbers_db [None req-456198e8-b9ef-41bc-9d59-f71e377a274f d61ba95b54d448d6a60a8463ab472b24 a2468b0f4c7141b7b09da3db2ed8b178 - - default default] Successfully bumped revision number for resource 356ac443-ffc6-4ab0-8eb2-a97baadabd0e (type: routers) to 2
2026-04-28 04:31:22.093 9 INFO neutron.wsgi [None req-456198e8-b9ef-41bc-9d59-f71e377a274f d61ba95b54d448d6a60a8463ab472b24 a2468b0f4c7141b7b09da3db2ed8b178 - - default default] 10.0.0.152 "POST /v2.0/routers HTTP/1.1" status: 201 len: 864 time: 2.0406456
2026-04-28 04:31:22.150 9 WARNING neutron.scheduler.dhcp_agent_scheduler [None req-9e7e6b5d-5509-4040-86ba-8171c862c3c6 3befa6eae205465f80d7979ab57548df 79e7adc9a3e349c594babe913f99240a - - default default] No more DHCP agents
2026-04-28 04:31:22.154 9 WARNING neutron.api.rpc.agentnotifiers.dhcp_rpc_agent_api [None req-9e7e6b5d-5509-4040-86ba-8171c862c3c6 3befa6eae205465f80d7979ab57548df 79e7adc9a3e349c594babe913f99240a - - default default] Unable to schedule network 9f20914c-a648-43e4-abf3-2b4ba240acc7: no agents available; will retry on subsequent port and subnet creation events.
2026-04-28 04:31:22.273 9 INFO neutron.db.ovn_revision_numbers_db [None req-9e7e6b5d-5509-4040-86ba-8171c862c3c6 3befa6eae205465f80d7979ab57548df 79e7adc9a3e349c594babe913f99240a - - default default] Successfully bumped revision number for resource 1b77123e-fb97-4e97-b5fc-626311264bc7 (type: ports) to 1
2026-04-28 04:31:22.316 9 INFO neutron.wsgi [None req-9e7e6b5d-5509-4040-86ba-8171c862c3c6 3befa6eae205465f80d7979ab57548df 79e7adc9a3e349c594babe913f99240a - - default default] 10.0.0.152 "POST /v2.0/networks HTTP/1.1" status: 201 len: 831 time: 1.0421686
2026-04-28 04:31:22.326 10 WARNING neutron_lib.context [None req-f65669c0-21e5-4d8a-a1b7-a07fb91a0429 3befa6eae205465f80d7979ab57548df 79e7adc9a3e349c594babe913f99240a - - default default] Method 'is_advsvc' is deprecated since 2023.2 release (neutron-lib 3.8.0) and will be removed once support for the old RBAC API policies will be removed from Neutron. Please use method 'is_service_role' instead.
2026-04-28 04:31:22.443 10 INFO neutron.db.segments_db [None req-f65669c0-21e5-4d8a-a1b7-a07fb91a0429 3befa6eae205465f80d7979ab57548df 79e7adc9a3e349c594babe913f99240a - - default default] Added segment a6e73dbe-ee09-419f-b93f-aa612f3f9c75 of type geneve for network 36917a3c-08f5-407f-b38e-5ae4c3ba4ab6
2026-04-28 04:31:22.507 9 INFO neutron.db.ovn_revision_numbers_db [None req-d581a1e3-16cb-4818-b7b4-11c1c63fde0c - - - - - -] Successfully bumped revision number for resource a4945823-401f-4b52-88b5-d6afdcb47dde (type: ports) to 1
2026-04-28 04:31:22.645 10 INFO neutron.db.ovn_revision_numbers_db [None req-f65669c0-21e5-4d8a-a1b7-a07fb91a0429 3befa6eae205465f80d7979ab57548df 79e7adc9a3e349c594babe913f99240a - - default default] Successfully bumped revision number for resource 36917a3c-08f5-407f-b38e-5ae4c3ba4ab6 (type: networks) to 1
2026-04-28 04:31:22.716 9 INFO neutron.db.ovn_revision_numbers_db [None req-d581a1e3-16cb-4818-b7b4-11c1c63fde0c - - - - - -] Successfully bumped revision number for resource a4945823-401f-4b52-88b5-d6afdcb47dde (type: router_ports) to 3
2026-04-28 04:31:22.725 10 WARNING neutron.scheduler.dhcp_agent_scheduler [None req-59e2caa3-74cd-4c90-bab5-20b1f4fa5b45 d61ba95b54d448d6a60a8463ab472b24 a2468b0f4c7141b7b09da3db2ed8b178 - - default default] No more DHCP agents
2026-04-28 04:31:22.729 10 WARNING neutron.api.rpc.agentnotifiers.dhcp_rpc_agent_api [None req-59e2caa3-74cd-4c90-bab5-20b1f4fa5b45 d61ba95b54d448d6a60a8463ab472b24 a2468b0f4c7141b7b09da3db2ed8b178 - - default default] Unable to schedule network 1f352919-9b35-4ef2-b8df-3dd434d9c0f4: no agents available; will retry on subsequent port and subnet creation events.
2026-04-28 04:31:22.864 9 INFO neutron.db.ovn_revision_numbers_db [None req-d581a1e3-16cb-4818-b7b4-11c1c63fde0c - - - - - -] Successfully bumped revision number for resource a4945823-401f-4b52-88b5-d6afdcb47dde (type: ports) to 2
2026-04-28 04:31:23.070 10 WARNING neutron.scheduler.dhcp_agent_scheduler [None req-f65669c0-21e5-4d8a-a1b7-a07fb91a0429 3befa6eae205465f80d7979ab57548df 79e7adc9a3e349c594babe913f99240a - - default default] No more DHCP agents
2026-04-28 04:31:23.075 10 WARNING neutron.api.rpc.agentnotifiers.dhcp_rpc_agent_api [None req-f65669c0-21e5-4d8a-a1b7-a07fb91a0429 3befa6eae205465f80d7979ab57548df 79e7adc9a3e349c594babe913f99240a - - default default] Unable to schedule network 36917a3c-08f5-407f-b38e-5ae4c3ba4ab6: no agents available; will retry on subsequent port and subnet creation events.
2026-04-28 04:31:23.095 9 INFO neutron.db.ovn_revision_numbers_db [None req-d581a1e3-16cb-4818-b7b4-11c1c63fde0c - - - - - -] Successfully bumped revision number for resource a4945823-401f-4b52-88b5-d6afdcb47dde (type: ports) to 4
2026-04-28 04:31:23.163 10 INFO neutron.db.ovn_revision_numbers_db [None req-59e2caa3-74cd-4c90-bab5-20b1f4fa5b45 d61ba95b54d448d6a60a8463ab472b24 a2468b0f4c7141b7b09da3db2ed8b178 - - default default] Successfully bumped revision number for resource 5e132531-2435-4473-be43-a8499cac435d (type: ports) to 1
2026-04-28 04:31:23.200 10 INFO neutron.db.ovn_revision_numbers_db [None req-f65669c0-21e5-4d8a-a1b7-a07fb91a0429 3befa6eae205465f80d7979ab57548df 79e7adc9a3e349c594babe913f99240a - - default default] Successfully bumped revision number for resource f17b4b26-9dc8-4ad2-8ad8-b25f4bc59dfb (type: ports) to 1
2026-04-28 04:31:23.236 10 INFO neutron.wsgi [None req-f65669c0-21e5-4d8a-a1b7-a07fb91a0429 3befa6eae205465f80d7979ab57548df 79e7adc9a3e349c594babe913f99240a - - default default] 10.0.0.152 "POST /v2.0/networks HTTP/1.1" status: 201 len: 831 time: 0.9145074
2026-04-28 04:31:23.246 10 WARNING neutron_lib.context [None req-58f2a6c8-6d9f-47ce-911f-457af193aeb4 3befa6eae205465f80d7979ab57548df 79e7adc9a3e349c594babe913f99240a - - default default] Method 'is_advsvc' is deprecated since 2023.2 release (neutron-lib 3.8.0) and will be removed once support for the old RBAC API policies will be removed from Neutron. Please use method 'is_service_role' instead.
2026-04-28 04:31:23.259 9 INFO neutron.db.ovn_revision_numbers_db [None req-d581a1e3-16cb-4818-b7b4-11c1c63fde0c - - - - - -] Successfully bumped revision number for resource a4945823-401f-4b52-88b5-d6afdcb47dde (type: router_ports) to 4
2026-04-28 04:31:23.339 10 INFO neutron.db.segments_db [None req-58f2a6c8-6d9f-47ce-911f-457af193aeb4 3befa6eae205465f80d7979ab57548df 79e7adc9a3e349c594babe913f99240a - - default default] Added segment 9a1f4697-d328-4197-b92f-d4191bb6c2fc of type geneve for network 7f844530-c3c3-484c-860d-1d0953aa79d8
2026-04-28 04:31:23.523 10 INFO neutron.db.ovn_revision_numbers_db [None req-58f2a6c8-6d9f-47ce-911f-457af193aeb4 3befa6eae205465f80d7979ab57548df 79e7adc9a3e349c594babe913f99240a - - default default] Successfully bumped revision number for resource 7f844530-c3c3-484c-860d-1d0953aa79d8 (type: networks) to 1
2026-04-28 04:31:23.717 9 INFO neutron.plugins.ml2.drivers.ovn.mech_driver.mech_driver [None req-6c206e50-ffc3-4904-b84b-1128d88e7ab4 - - - - - -] OVN reports status up for port: 5e132531-2435-4473-be43-a8499cac435d
2026-04-28 04:31:23.725 9 INFO neutron.plugins.ml2.plugin [None req-6c206e50-ffc3-4904-b84b-1128d88e7ab4 - - - - - -] Attempt 1 to provision port 5e132531-2435-4473-be43-a8499cac435d
2026-04-28 04:31:23.750 10 WARNING neutron.scheduler.dhcp_agent_scheduler [None req-58f2a6c8-6d9f-47ce-911f-457af193aeb4 3befa6eae205465f80d7979ab57548df 79e7adc9a3e349c594babe913f99240a - - default default] No more DHCP agents
2026-04-28 04:31:23.753 10 WARNING neutron.api.rpc.agentnotifiers.dhcp_rpc_agent_api [None req-58f2a6c8-6d9f-47ce-911f-457af193aeb4 3befa6eae205465f80d7979ab57548df 79e7adc9a3e349c594babe913f99240a - - default default] Unable to schedule network 7f844530-c3c3-484c-860d-1d0953aa79d8: no agents available; will retry on subsequent port and subnet creation events.
2026-04-28 04:31:23.761 10 INFO neutron.db.ovn_revision_numbers_db [None req-59e2caa3-74cd-4c90-bab5-20b1f4fa5b45 d61ba95b54d448d6a60a8463ab472b24 a2468b0f4c7141b7b09da3db2ed8b178 - - default default] Successfully bumped revision number for resource 5e132531-2435-4473-be43-a8499cac435d (type: router_ports) to 1
2026-04-28 04:31:23.856 10 INFO neutron.db.ovn_revision_numbers_db [None req-58f2a6c8-6d9f-47ce-911f-457af193aeb4 3befa6eae205465f80d7979ab57548df 79e7adc9a3e349c594babe913f99240a - - default default] Successfully bumped revision number for resource 6f705fd3-5c95-432e-b6b4-eda700c2b41f (type: ports) to 1
2026-04-28 04:31:23.885 10 INFO neutron.wsgi [None req-58f2a6c8-6d9f-47ce-911f-457af193aeb4 3befa6eae205465f80d7979ab57548df 79e7adc9a3e349c594babe913f99240a - - default default] 10.0.0.152 "POST /v2.0/networks HTTP/1.1" status: 201 len: 830 time: 0.6448557
2026-04-28 04:31:23.896 10 WARNING neutron_lib.context [None req-8509593e-9909-41c2-99d9-83863e65ee94 3befa6eae205465f80d7979ab57548df 79e7adc9a3e349c594babe913f99240a - - default default] Method 'is_advsvc' is deprecated since 2023.2 release (neutron-lib 3.8.0) and will be removed once support for the old RBAC API policies will be removed from Neutron. Please use method 'is_service_role' instead.
