2026-04-28 04:27:53.996 10 INFO neutron.db.ovn_revision_numbers_db [None req-fe01871f-8044-480a-9042-cc04f299fb57 2d650bf1d437461c8bfd5d5f2c0e6bec 369a4c1e3f4b4ec384fcec735ab97ffc - - default default] Successfully bumped revision number for resource d9f263f6-c737-4c84-b259-35aa15cdd9a7 (type: ports) to 1
2026-04-28 04:27:54.012 9 INFO neutron.wsgi [req-b4eafc09-e88d-47a7-ad94-e1e2732e1ad3 req-c8af7377-6f7f-4878-aed2-83486d6c41a7 4a7e98e73ff9449fa7ab2e2e9be76e14 dbd188931cf6429aa48bceb5d2eb7b30 - - b319aed713eb44deb5734c9fe65e7159 b319aed713eb44deb5734c9fe65e7159] 199.19.213.142 "GET /v2.0/networks/98ff28d3-cae6-4c15-8248-f1179e178296?fields=segments HTTP/1.1" status: 200 len: 212 time: 0.0604765
2026-04-28 04:27:54.022 10 INFO neutron.wsgi [None req-fe01871f-8044-480a-9042-cc04f299fb57 2d650bf1d437461c8bfd5d5f2c0e6bec 369a4c1e3f4b4ec384fcec735ab97ffc - - default default] 10.0.0.152 "POST /v2.0/networks HTTP/1.1" status: 201 len: 831 time: 0.6331120 /var/lib/openstack/lib/python3.10/site-packages/pycadf/identifier.py:71: UserWarning: Invalid uuid: neutron. To ensure interoperability, identifiers should be a valid uuid. warnings.warn(('Invalid uuid: %s. To ensure interoperability, '
2026-04-28 04:27:54.034 10 WARNING neutron_lib.context [None req-2015e96f-07cb-4fb8-91db-24f71a71e0bc 2d650bf1d437461c8bfd5d5f2c0e6bec 369a4c1e3f4b4ec384fcec735ab97ffc - - default default] Method 'is_advsvc' is deprecated since 2023.2 release (neutron-lib 3.8.0) and will be removed once support for the old RBAC API policies will be removed from Neutron. Please use method 'is_service_role' instead.
2026-04-28 04:27:54.098 9 INFO neutron.wsgi [req-b4eafc09-e88d-47a7-ad94-e1e2732e1ad3 req-6a8617d6-9a47-4bc0-af03-f774468f36b3 4a7e98e73ff9449fa7ab2e2e9be76e14 dbd188931cf6429aa48bceb5d2eb7b30 - - b319aed713eb44deb5734c9fe65e7159 b319aed713eb44deb5734c9fe65e7159] 199.19.213.142 "GET /v2.0/networks/98ff28d3-cae6-4c15-8248-f1179e178296?fields=provider%3Aphysical_network&fields=provider%3Anetwork_type HTTP/1.1" status: 200 len: 277 time: 0.0788169
2026-04-28 04:27:54.277 10 WARNING neutron.scheduler.dhcp_agent_scheduler [None req-2015e96f-07cb-4fb8-91db-24f71a71e0bc 2d650bf1d437461c8bfd5d5f2c0e6bec 369a4c1e3f4b4ec384fcec735ab97ffc - - default default] No more DHCP agents
2026-04-28 04:27:54.278 10 WARNING neutron.api.rpc.agentnotifiers.dhcp_rpc_agent_api [None req-2015e96f-07cb-4fb8-91db-24f71a71e0bc 2d650bf1d437461c8bfd5d5f2c0e6bec 369a4c1e3f4b4ec384fcec735ab97ffc - - default default] Unable to schedule network 5205eb51-2c90-46b9-aee0-619cc1d677de: no agents available; will retry on subsequent port and subnet creation events.
2026-04-28 04:27:54.294 9 INFO neutron.plugins.ml2.drivers.ovn.mech_driver.mech_driver [None req-6c206e50-ffc3-4904-b84b-1128d88e7ab4 - - - - - -] OVN reports status up for port: c94742d7-9b0b-4408-8394-a002b1409e81
2026-04-28 04:27:54.315 9 INFO neutron.plugins.ml2.plugin [None req-6c206e50-ffc3-4904-b84b-1128d88e7ab4 - - - - - -] Attempt 1 to provision port c94742d7-9b0b-4408-8394-a002b1409e81
2026-04-28 04:27:54.396 10 INFO neutron.wsgi [req-bbf5d88d-47e8-4f7e-8e97-3294af432447 req-3f03e740-7004-4b76-a350-2777ed35f3e2 dd4b538f668447618f75774a110d3666 8f30dc18cfb44da8ba6f4e74fce1b974 - - default default] 10.0.0.145 "GET /v2.0/ports?device_id=1aad03aa-d706-4983-83e2-0779442b969d HTTP/1.1" status: 200 len: 1172 time: 0.0872824
2026-04-28 04:27:54.423 10 INFO neutron.wsgi [req-24b0bc3d-1224-4644-b513-73e01716e23f req-27066820-672a-441e-adec-fc7c067e38c0 505b4672a3db402f81f6daf3281b2af0 79ce65f4068a44a9a66ea396e31dc09f - - default default] 10.0.0.145 "GET /v2.0/ports?device_id=7e374821-31c0-4907-89f1-e3cdde5aa745 HTTP/1.1" status: 200 len: 1174 time: 0.0522382
2026-04-28 04:27:54.469 10 INFO neutron.wsgi [req-bbf5d88d-47e8-4f7e-8e97-3294af432447 req-8e2cdadf-7d56-4cf4-9656-245fa29bf6f6 dd4b538f668447618f75774a110d3666 8f30dc18cfb44da8ba6f4e74fce1b974 - - default default] 10.0.0.145 "GET /v2.0/security-groups?id=5cd7556c-d348-4062-8983-37de35a51359&fields=id&fields=name HTTP/1.1" status: 200 len: 312 time: 0.0638168
2026-04-28 04:27:54.496 10 INFO neutron.wsgi [req-24b0bc3d-1224-4644-b513-73e01716e23f req-aa54651e-6884-487e-9211-a27382acc9a5 505b4672a3db402f81f6daf3281b2af0 79ce65f4068a44a9a66ea396e31dc09f - - default default] 10.0.0.145 "GET /v2.0/security-groups?id=ee9dd276-e56b-4539-9f2a-333364747135&fields=id&fields=name HTTP/1.1" status: 200 len: 312 time: 0.0661690
2026-04-28 04:27:54.603 9 INFO neutron.notifiers.nova [-] Nova event matching ['req-e0dacf5f-927b-41b6-b4a9-df7b08a5dc3a'] response: {'server_uuid': '7e374821-31c0-4907-89f1-e3cdde5aa745', 'name': 'network-vif-plugged', 'status': 'completed', 'tag': '854a0eab-29b1-4d48-821f-248b52b5e7e0', 'code': 200}
2026-04-28 04:27:54.604 9 INFO neutron.notifiers.nova [-] Nova event matching ['req-e0dacf5f-927b-41b6-b4a9-df7b08a5dc3a'] response: {'name': 'network-changed', 'server_uuid': '1aad03aa-d706-4983-83e2-0779442b969d', 'tag': 'c94742d7-9b0b-4408-8394-a002b1409e81', 'status': 'completed', 'code': 200}
2026-04-28 04:27:54.604 10 INFO neutron.wsgi [req-89165e04-9f4f-47df-a170-f3c2fb5d97c3 req-cc28329c-4da2-4614-90b2-7681ac126df4 505b4672a3db402f81f6daf3281b2af0 79ce65f4068a44a9a66ea396e31dc09f - - default default] 10.0.0.145 "GET /v2.0/ports?device_id=7e374821-31c0-4907-89f1-e3cdde5aa745 HTTP/1.1" status: 200 len: 1174 time: 0.0480604
2026-04-28 04:27:54.714 9 INFO neutron.wsgi [req-aa1f0be4-3803-41d9-926c-26afc3a2f4e6 req-d9554167-2e28-44fb-8d7d-bfdd80c8344d 4a7e98e73ff9449fa7ab2e2e9be76e14 dbd188931cf6429aa48bceb5d2eb7b30 - - b319aed713eb44deb5734c9fe65e7159 b319aed713eb44deb5734c9fe65e7159] 199.19.213.142 "GET /v2.0/ports?tenant_id=8f30dc18cfb44da8ba6f4e74fce1b974&device_id=1aad03aa-d706-4983-83e2-0779442b969d HTTP/1.1" status: 200 len: 1411 time: 0.1114190
2026-04-28 04:27:54.879 10 INFO neutron.db.ovn_revision_numbers_db [None req-2015e96f-07cb-4fb8-91db-24f71a71e0bc 2d650bf1d437461c8bfd5d5f2c0e6bec 369a4c1e3f4b4ec384fcec735ab97ffc - - default default] Successfully bumped revision number for resource d9f263f6-c737-4c84-b259-35aa15cdd9a7 (type: ports) to 2
2026-04-28 04:27:54.928 9 INFO neutron.wsgi [req-aa1f0be4-3803-41d9-926c-26afc3a2f4e6 req-1896f0b9-5d95-4e48-a221-d56190cdf803 4a7e98e73ff9449fa7ab2e2e9be76e14 dbd188931cf6429aa48bceb5d2eb7b30 - - b319aed713eb44deb5734c9fe65e7159 b319aed713eb44deb5734c9fe65e7159] 199.19.213.142 "GET /v2.0/networks?id=98ff28d3-cae6-4c15-8248-f1179e178296 HTTP/1.1" status: 200 len: 981 time: 0.2028537
2026-04-28 04:27:54.948 10 INFO neutron.db.ovn_revision_numbers_db [None req-2015e96f-07cb-4fb8-91db-24f71a71e0bc 2d650bf1d437461c8bfd5d5f2c0e6bec 369a4c1e3f4b4ec384fcec735ab97ffc - - default default] Successfully bumped revision number for resource fd9c5c8c-ae1a-402e-aab0-297034f60202 (type: subnets) to 0
2026-04-28 04:27:54.961 9 INFO neutron.wsgi [None req-49611bda-4c38-41cd-8c65-ef181834f792 c2bcb4c140af4b37b2c28a3f02270ef0 4778e9665d2c4b13bf3d5775386d72dd - - default default] 10.0.0.152 "DELETE /v2.0/routers/69d107b4-f8ba-421d-8e29-d3255add617e HTTP/1.1" status: 204 len: 168 time: 1.3049340
2026-04-28 04:27:54.967 10 INFO neutron.wsgi [None req-2015e96f-07cb-4fb8-91db-24f71a71e0bc 2d650bf1d437461c8bfd5d5f2c0e6bec 369a4c1e3f4b4ec384fcec735ab97ffc - - default default] 10.0.0.152 "POST /v2.0/subnets HTTP/1.1" status: 201 len: 801 time: 0.9380002
2026-04-28 04:27:54.974 9 INFO neutron.wsgi [req-aa1f0be4-3803-41d9-926c-26afc3a2f4e6 req-2a981258-b5d2-459b-b2a4-97488cfebd1f 4a7e98e73ff9449fa7ab2e2e9be76e14 dbd188931cf6429aa48bceb5d2eb7b30 - - b319aed713eb44deb5734c9fe65e7159 b319aed713eb44deb5734c9fe65e7159] 199.19.213.142 "GET /v2.0/floatingips?fixed_ip_address=10.100.0.12&port_id=c94742d7-9b0b-4408-8394-a002b1409e81 HTTP/1.1" status: 200 len: 217 time: 0.0397091
2026-04-28 04:27:54.982 10 WARNING neutron_lib.context [None req-3dfd1ae0-68b1-4491-8249-d9154f3f8230 2d650bf1d437461c8bfd5d5f2c0e6bec 369a4c1e3f4b4ec384fcec735ab97ffc - - default default] Method 'is_advsvc' is deprecated since 2023.2 release (neutron-lib 3.8.0) and will be removed once support for the old RBAC API policies will be removed from Neutron. Please use method 'is_service_role' instead.
2026-04-28 04:27:55.034 9 INFO neutron.wsgi [req-aa1f0be4-3803-41d9-926c-26afc3a2f4e6 req-a019b443-8ebc-4a50-b29d-6f70660f1650 4a7e98e73ff9449fa7ab2e2e9be76e14 dbd188931cf6429aa48bceb5d2eb7b30 - - b319aed713eb44deb5734c9fe65e7159 b319aed713eb44deb5734c9fe65e7159] 199.19.213.142 "GET /v2.0/subnets?id=6b3feaa0-2082-4b10-b5e5-41216c901990 HTTP/1.1" status: 200 len: 876 time: 0.0481048
2026-04-28 04:27:55.080 9 INFO neutron.wsgi [req-aa1f0be4-3803-41d9-926c-26afc3a2f4e6 req-b43ad861-5096-491b-9a61-6a3530f8c9cc 4a7e98e73ff9449fa7ab2e2e9be76e14 dbd188931cf6429aa48bceb5d2eb7b30 - - b319aed713eb44deb5734c9fe65e7159 b319aed713eb44deb5734c9fe65e7159] 199.19.213.142 "GET /v2.0/ports?network_id=98ff28d3-cae6-4c15-8248-f1179e178296&device_owner=network%3Adhcp HTTP/1.1" status: 200 len: 210 time: 0.0354605
2026-04-28 04:27:55.153 9 INFO neutron.db.l3_db [None req-81ded432-f04c-4134-8800-f21a9130244c 505b4672a3db402f81f6daf3281b2af0 79ce65f4068a44a9a66ea396e31dc09f - - default default] Floating IP bea16ae1-063f-475d-b3fc-6471237e5996 associated. External IP: 10.96.250.201, port: 854a0eab-29b1-4d48-821f-248b52b5e7e0.
2026-04-28 04:27:55.236 10 INFO neutron.wsgi [None req-5b530c73-3dcf-4322-a581-9063aa595909 c2bcb4c140af4b37b2c28a3f02270ef0 4778e9665d2c4b13bf3d5775386d72dd - - default default] 10.0.0.152 "DELETE /v2.0/subnets/7743561a-ce2a-486b-a892-2ec6937e00e2 HTTP/1.1" status: 204 len: 168 time: 0.2667549
2026-04-28 04:27:55.370 9 INFO neutron.db.ovn_revision_numbers_db [None req-6c206e50-ffc3-4904-b84b-1128d88e7ab4 - - - - - -] Successfully bumped revision number for resource c94742d7-9b0b-4408-8394-a002b1409e81 (type: ports) to 4
2026-04-28 04:27:55.384 9 INFO neutron.wsgi [req-aa1f0be4-3803-41d9-926c-26afc3a2f4e6 req-b8c4be28-66fa-499b-9ee2-daf8c88b7698 4a7e98e73ff9449fa7ab2e2e9be76e14 dbd188931cf6429aa48bceb5d2eb7b30 - - b319aed713eb44deb5734c9fe65e7159 b319aed713eb44deb5734c9fe65e7159] 199.19.213.142 "GET /v2.0/networks/98ff28d3-cae6-4c15-8248-f1179e178296?fields=segments HTTP/1.1" status: 200 len: 212 time: 0.2937171
2026-04-28 04:27:55.415 10 WARNING neutron.scheduler.dhcp_agent_scheduler [None req-3dfd1ae0-68b1-4491-8249-d9154f3f8230 2d650bf1d437461c8bfd5d5f2c0e6bec 369a4c1e3f4b4ec384fcec735ab97ffc - - default default] No more DHCP agents
2026-04-28 04:27:55.420 10 WARNING neutron.api.rpc.agentnotifiers.dhcp_rpc_agent_api [None req-3dfd1ae0-68b1-4491-8249-d9154f3f8230 2d650bf1d437461c8bfd5d5f2c0e6bec 369a4c1e3f4b4ec384fcec735ab97ffc - - default default] Unable to schedule network 5205eb51-2c90-46b9-aee0-619cc1d677de: no agents available; will retry on subsequent port and subnet creation events.
2026-04-28 04:27:55.514 9 INFO neutron.wsgi [req-aa1f0be4-3803-41d9-926c-26afc3a2f4e6 req-816938c3-a244-4c36-ada6-6644edf7e42a 4a7e98e73ff9449fa7ab2e2e9be76e14 dbd188931cf6429aa48bceb5d2eb7b30 - - b319aed713eb44deb5734c9fe65e7159 b319aed713eb44deb5734c9fe65e7159] 199.19.213.142 "GET /v2.0/networks/98ff28d3-cae6-4c15-8248-f1179e178296?fields=provider%3Aphysical_network&fields=provider%3Anetwork_type HTTP/1.1" status: 200 len: 277 time: 0.1136885
2026-04-28 04:27:55.632 9 INFO neutron.db.ovn_revision_numbers_db [None req-81ded432-f04c-4134-8800-f21a9130244c 505b4672a3db402f81f6daf3281b2af0 79ce65f4068a44a9a66ea396e31dc09f - - default default] Successfully bumped revision number for resource bea16ae1-063f-475d-b3fc-6471237e5996 (type: floatingips) to 1 /var/lib/openstack/lib/python3.10/site-packages/pycadf/identifier.py:71: UserWarning: Invalid uuid: neutron. To ensure interoperability, identifiers should be a valid uuid. warnings.warn(('Invalid uuid: %s. To ensure interoperability, '
2026-04-28 04:27:55.755 9 INFO neutron.db.ovn_revision_numbers_db [None req-81ded432-f04c-4134-8800-f21a9130244c 505b4672a3db402f81f6daf3281b2af0 79ce65f4068a44a9a66ea396e31dc09f - - default default] Successfully bumped revision number for resource bea16ae1-063f-475d-b3fc-6471237e5996 (type: floatingips) to 2
2026-04-28 04:27:55.781 9 INFO neutron.wsgi [None req-81ded432-f04c-4134-8800-f21a9130244c 505b4672a3db402f81f6daf3281b2af0 79ce65f4068a44a9a66ea396e31dc09f - - default default] 10.0.0.152 "PUT /v2.0/floatingips/bea16ae1-063f-475d-b3fc-6471237e5996 HTTP/1.1" status: 200 len: 1050 time: 1.1554589
2026-04-28 04:27:55.890 10 INFO neutron.wsgi [req-d2bc654b-3053-4632-881d-066304a1bd71 req-40ef1dc8-0dd8-471e-be39-77fc3ab61bd1 505b4672a3db402f81f6daf3281b2af0 79ce65f4068a44a9a66ea396e31dc09f - - default default] 10.0.0.145 "GET /v2.0/ports?device_id=7e374821-31c0-4907-89f1-e3cdde5aa745 HTTP/1.1" status: 200 len: 1174 time: 0.0690925
2026-04-28 04:27:55.895 10 INFO neutron.db.ovn_revision_numbers_db [None req-3dfd1ae0-68b1-4491-8249-d9154f3f8230 2d650bf1d437461c8bfd5d5f2c0e6bec 369a4c1e3f4b4ec384fcec735ab97ffc - - default default] Successfully bumped revision number for resource 3a10e149-c068-4c53-84e2-2cc4d0f98a61 (type: ports) to 1
2026-04-28 04:27:55.910 10 INFO neutron.wsgi [req-9c2a7a4b-ec3d-4e51-8dfc-b0d176c40a44 req-b7f38b07-c6f9-4da8-83dc-37f2bd39e46f dd4b538f668447618f75774a110d3666 8f30dc18cfb44da8ba6f4e74fce1b974 - - default default] 10.0.0.145 "GET /v2.0/ports?device_id=1aad03aa-d706-4983-83e2-0779442b969d HTTP/1.1" status: 200 len: 1174 time: 0.1945016
2026-04-28 04:27:55.956 10 INFO neutron.wsgi [None req-3dfd1ae0-68b1-4491-8249-d9154f3f8230 2d650bf1d437461c8bfd5d5f2c0e6bec 369a4c1e3f4b4ec384fcec735ab97ffc - - default default] 10.0.0.152 "POST /v2.0/ports HTTP/1.1" status: 201 len: 1152 time: 0.9774761 /var/lib/openstack/lib/python3.10/site-packages/pycadf/identifier.py:71: UserWarning: Invalid uuid: neutron. To ensure interoperability, identifiers should be a valid uuid. warnings.warn(('Invalid uuid: %s. To ensure interoperability, '
2026-04-28 04:27:55.992 10 INFO neutron.services.segments.plugin [-] Segment 8509642e-cc84-4fb5-8ab7-123f0d34cb20 resource provider aggregate not found
2026-04-28 04:27:56.000 10 INFO neutron.services.segments.plugin [-] Segment 8509642e-cc84-4fb5-8ab7-123f0d34cb20 resource provider aggregate not found
2026-04-28 04:27:56.013 10 INFO neutron.wsgi [req-d2bc654b-3053-4632-881d-066304a1bd71 req-2042b991-9f23-4b1a-9189-ee16af68d69e 505b4672a3db402f81f6daf3281b2af0 79ce65f4068a44a9a66ea396e31dc09f - - default default] 10.0.0.145 "GET /v2.0/security-groups?id=ee9dd276-e56b-4539-9f2a-333364747135&fields=id&fields=name HTTP/1.1" status: 200 len: 312 time: 0.1139262
2026-04-28 04:27:56.018 10 INFO neutron.services.segments.plugin [-] Segment 8509642e-cc84-4fb5-8ab7-123f0d34cb20 resource provider not found; error: Placement Client Error (4xx): {"errors": [{"status": 404, "title": "Not Found", "detail": "The resource could not be found.\n\n No resource provider with uuid 8509642e-cc84-4fb5-8ab7-123f0d34cb20 found for delete ", "request_id": "req-16d96563-3832-4e5d-829d-ff8484c7f3f4"}]}
2026-04-28 04:27:56.019 10 INFO neutron.services.segments.plugin [-] Segment 8509642e-cc84-4fb5-8ab7-123f0d34cb20 resource provider not found; error: Placement Client Error (4xx): {"errors": [{"status": 404, "title": "Not Found", "detail": "The resource could not be found.\n\n No resource provider with uuid 8509642e-cc84-4fb5-8ab7-123f0d34cb20 found for delete ", "request_id": "req-eb2ee961-9069-4ed6-9104-8b24af9144dc"}]}
2026-04-28 04:27:56.023 10 INFO neutron.wsgi [req-9c2a7a4b-ec3d-4e51-8dfc-b0d176c40a44 req-81ad02aa-52cb-4304-b2d4-9107dabf3a2b dd4b538f668447618f75774a110d3666 8f30dc18cfb44da8ba6f4e74fce1b974 - - default default] 10.0.0.145 "GET /v2.0/security-groups?id=5cd7556c-d348-4062-8983-37de35a51359&fields=id&fields=name HTTP/1.1" status: 200 len: 312 time: 0.1008687
2026-04-28 04:27:56.066 10 INFO neutron.wsgi [None req-a405795c-898f-45a3-8ee1-05784ee16099 c2bcb4c140af4b37b2c28a3f02270ef0 4778e9665d2c4b13bf3d5775386d72dd - - default default] 10.0.0.152 "DELETE /v2.0/networks/72f3ef69-8e2f-4f28-9b7b-bae0e980598f HTTP/1.1" status: 204 len: 168 time: 0.8209343
2026-04-28 04:27:56.252 9 INFO neutron.wsgi [None req-f1422499-dced-4ad3-abe1-11c4fd88aff4 c2bcb4c140af4b37b2c28a3f02270ef0 4778e9665d2c4b13bf3d5775386d72dd - - default default] 10.0.0.152 "GET /v2.0/security-groups?tenant_id=74ea716444ab41ee9fe3c595958ef40f&name=default HTTP/1.1" status: 200 len: 2992 time: 0.0525820
2026-04-28 04:27:56.294 9 INFO neutron.wsgi [None req-db3c827b-48c5-4b42-8110-690093795f9f 2d650bf1d437461c8bfd5d5f2c0e6bec 369a4c1e3f4b4ec384fcec735ab97ffc - - default default] 10.0.0.152 "DELETE /v2.0/ports/3a10e149-c068-4c53-84e2-2cc4d0f98a61 HTTP/1.1" status: 204 len: 168 time: 0.3323147
2026-04-28 04:27:56.319 9 INFO neutron.pecan_wsgi.hooks.translation [None req-ea11bc25-9c5f-4b1f-ada7-0e5077953b75 2d650bf1d437461c8bfd5d5f2c0e6bec 369a4c1e3f4b4ec384fcec735ab97ffc - - default default] DELETE failed (client error): The resource could not be found.
2026-04-28 04:27:56.323 9 INFO neutron.wsgi [None req-ea11bc25-9c5f-4b1f-ada7-0e5077953b75 2d650bf1d437461c8bfd5d5f2c0e6bec 369a4c1e3f4b4ec384fcec735ab97ffc - - default default] 10.0.0.152 "DELETE /v2.0/ports/3a10e149-c068-4c53-84e2-2cc4d0f98a61 HTTP/1.1" status: 404 len: 333 time: 0.0240669
2026-04-28 04:27:56.347 9 INFO neutron.pecan_wsgi.hooks.translation [None req-db833c7c-d9c9-4fcf-8773-8e74c8a17ef1 2d650bf1d437461c8bfd5d5f2c0e6bec 369a4c1e3f4b4ec384fcec735ab97ffc - - default default] GET failed (client error): The resource could not be found.
2026-04-28 04:27:56.350 9 INFO neutron.wsgi [None req-db833c7c-d9c9-4fcf-8773-8e74c8a17ef1 2d650bf1d437461c8bfd5d5f2c0e6bec 369a4c1e3f4b4ec384fcec735ab97ffc - - default default] 10.0.0.152 "GET /v2.0/ports/3a10e149-c068-4c53-84e2-2cc4d0f98a61 HTTP/1.1" status: 404 len: 333 time: 0.0223560
2026-04-28 04:27:56.353 9 INFO neutron.plugins.ml2.drivers.ovn.mech_driver.mech_driver [None req-6c206e50-ffc3-4904-b84b-1128d88e7ab4 - - - - - -] OVN reports status down for port: 854a0eab-29b1-4d48-821f-248b52b5e7e0
2026-04-28 04:27:56.354 10 INFO neutron.wsgi [req-74ae1fef-58e5-4169-8f88-1b1a3d0eb4ac req-e58599cb-08e4-425f-a143-482daac4946e 505b4672a3db402f81f6daf3281b2af0 79ce65f4068a44a9a66ea396e31dc09f - - default default] 10.0.0.145 "GET /v2.0/ports?device_id=7e374821-31c0-4907-89f1-e3cdde5aa745 HTTP/1.1" status: 200 len: 1174 time: 0.0434630
2026-04-28 04:27:56.397 10 INFO neutron.wsgi [req-74ae1fef-58e5-4169-8f88-1b1a3d0eb4ac req-67acf863-a51d-4f26-83fd-ee829d1f95a8 505b4672a3db402f81f6daf3281b2af0 79ce65f4068a44a9a66ea396e31dc09f - - default default] 10.0.0.145 "GET /v2.0/security-groups?id=ee9dd276-e56b-4539-9f2a-333364747135&fields=id&fields=name HTTP/1.1" status: 200 len: 312 time: 0.0371704
2026-04-28 04:27:56.501 10 INFO neutron.wsgi [None req-61cf5ced-e22b-466b-9876-ad5db8153bc5 c2bcb4c140af4b37b2c28a3f02270ef0 4778e9665d2c4b13bf3d5775386d72dd - - default default] 10.0.0.152 "DELETE /v2.0/security-groups/b5840772-a03c-417e-a136-bc8e8e8236b5 HTTP/1.1" status: 204 len: 168 time: 0.2429395
2026-04-28 04:27:56.617 9 INFO neutron.wsgi [None req-f33f6cd2-641e-4ea4-a380-1eb71011dead 2d650bf1d437461c8bfd5d5f2c0e6bec 369a4c1e3f4b4ec384fcec735ab97ffc - - default default] 10.0.0.152 "DELETE /v2.0/subnets/fd9c5c8c-ae1a-402e-aab0-297034f60202 HTTP/1.1" status: 204 len: 168 time: 0.2612393
2026-04-28 04:27:56.674 9 INFO neutron.notifiers.nova [-] Nova event matching ['req-95603c08-0ebd-4d19-95c2-f2f77d06f14e'] response: {'server_uuid': '1aad03aa-d706-4983-83e2-0779442b969d', 'name': 'network-vif-plugged', 'status': 'completed', 'tag': 'c94742d7-9b0b-4408-8394-a002b1409e81', 'code': 200}
2026-04-28 04:27:56.674 9 INFO neutron.notifiers.nova [-] Nova event matching ['req-95603c08-0ebd-4d19-95c2-f2f77d06f14e'] response: {'server_uuid': '1aad03aa-d706-4983-83e2-0779442b969d', 'name': 'network-vif-plugged', 'status': 'completed', 'tag': 'c94742d7-9b0b-4408-8394-a002b1409e81', 'code': 200}
2026-04-28 04:27:56.674 9 INFO neutron.notifiers.nova [-] Nova event matching ['req-95603c08-0ebd-4d19-95c2-f2f77d06f14e'] response: {'name': 'network-changed', 'server_uuid': '7e374821-31c0-4907-89f1-e3cdde5aa745', 'tag': '854a0eab-29b1-4d48-821f-248b52b5e7e0', 'status': 'completed', 'code': 200}
2026-04-28 04:27:56.674 9 INFO neutron.notifiers.nova [-] Nova event matching ['req-95603c08-0ebd-4d19-95c2-f2f77d06f14e'] response: {'server_uuid': '7e374821-31c0-4907-89f1-e3cdde5aa745', 'name': 'network-vif-unplugged', 'status': 'completed', 'tag': '854a0eab-29b1-4d48-821f-248b52b5e7e0', 'code': 200}
2026-04-28 04:27:56.774 9 INFO neutron.wsgi [req-c052ca6b-5b95-455a-8f41-acfcaf3b5a03 req-97f81618-567b-4c29-9ef8-1c4dc7950d59 4a7e98e73ff9449fa7ab2e2e9be76e14 dbd188931cf6429aa48bceb5d2eb7b30 - - b319aed713eb44deb5734c9fe65e7159 b319aed713eb44deb5734c9fe65e7159] 199.19.213.142 "GET /v2.0/ports?tenant_id=79ce65f4068a44a9a66ea396e31dc09f&device_id=7e374821-31c0-4907-89f1-e3cdde5aa745 HTTP/1.1" status: 200 len: 1411 time: 0.0851712
2026-04-28 04:27:56.831 9 INFO neutron.wsgi [req-0d439c45-cb08-4e14-b549-34e9ca4e851a req-a222dbdb-b785-421e-bd43-e9576138160d 505b4672a3db402f81f6daf3281b2af0 79ce65f4068a44a9a66ea396e31dc09f - - default default] 199.19.213.142 "GET /v2.0/ports?device_id=7e374821-31c0-4907-89f1-e3cdde5aa745 HTTP/1.1" status: 200 len: 1172 time: 0.1815619
2026-04-28 04:27:56.841 9 INFO neutron.db.ovn_revision_numbers_db [None req-6c206e50-ffc3-4904-b84b-1128d88e7ab4 - - - - - -] Successfully bumped revision number for resource 854a0eab-29b1-4d48-821f-248b52b5e7e0 (type: ports) to 5
2026-04-28 04:27:56.907 9 INFO neutron.wsgi [req-c052ca6b-5b95-455a-8f41-acfcaf3b5a03 req-fd48d47f-b831-4d3f-bb8f-e9388e25d528 4a7e98e73ff9449fa7ab2e2e9be76e14 dbd188931cf6429aa48bceb5d2eb7b30 - - b319aed713eb44deb5734c9fe65e7159 b319aed713eb44deb5734c9fe65e7159] 199.19.213.142 "GET /v2.0/networks?id=258cc35f-da19-4dbd-bb8e-2905d2a8a83d HTTP/1.1" status: 200 len: 967 time: 0.1173096
2026-04-28 04:27:57.004 9 INFO neutron.wsgi [req-c052ca6b-5b95-455a-8f41-acfcaf3b5a03 req-466998ae-e70d-46c3-88e6-e073ffc9611f 4a7e98e73ff9449fa7ab2e2e9be76e14 dbd188931cf6429aa48bceb5d2eb7b30 - - b319aed713eb44deb5734c9fe65e7159 b319aed713eb44deb5734c9fe65e7159] 199.19.213.142 "GET /v2.0/floatingips?fixed_ip_address=10.100.0.12&port_id=854a0eab-29b1-4d48-821f-248b52b5e7e0 HTTP/1.1" status: 200 len: 1058 time: 0.0876126 /var/lib/openstack/lib/python3.10/site-packages/pycadf/identifier.py:71: UserWarning: Invalid uuid: neutron. To ensure interoperability, identifiers should be a valid uuid. warnings.warn(('Invalid uuid: %s. To ensure interoperability, '
2026-04-28 04:27:57.026 10 INFO neutron.wsgi [None req-29d55c8a-f19a-42a5-8698-73c7297fdaf9 2d650bf1d437461c8bfd5d5f2c0e6bec 369a4c1e3f4b4ec384fcec735ab97ffc - - default default] 10.0.0.152 "DELETE /v2.0/networks/5205eb51-2c90-46b9-aee0-619cc1d677de HTTP/1.1" status: 204 len: 168 time: 0.3927763
2026-04-28 04:27:57.044 10 WARNING neutron_lib.context [None req-0bc5c178-e318-414a-bf97-4575df8b7a22 2d650bf1d437461c8bfd5d5f2c0e6bec 369a4c1e3f4b4ec384fcec735ab97ffc - - default default] Method 'is_advsvc' is deprecated since 2023.2 release (neutron-lib 3.8.0) and will be removed once support for the old RBAC API policies will be removed from Neutron. Please use method 'is_service_role' instead.
2026-04-28 04:27:57.067 9 INFO neutron.wsgi [req-c052ca6b-5b95-455a-8f41-acfcaf3b5a03 req-dda418c4-2a3b-4327-91d3-80066485b352 4a7e98e73ff9449fa7ab2e2e9be76e14 dbd188931cf6429aa48bceb5d2eb7b30 - - b319aed713eb44deb5734c9fe65e7159 b319aed713eb44deb5734c9fe65e7159] 199.19.213.142 "GET /v2.0/subnets?id=eb93c966-2ed4-4be9-bff0-4c70e0d7f708 HTTP/1.1" status: 200 len: 862 time: 0.0568290
2026-04-28 04:27:57.102 9 INFO neutron.wsgi [req-c052ca6b-5b95-455a-8f41-acfcaf3b5a03 req-9bfb1a12-ee21-44e1-acd4-b8838c3ccf62 4a7e98e73ff9449fa7ab2e2e9be76e14 dbd188931cf6429aa48bceb5d2eb7b30 - - b319aed713eb44deb5734c9fe65e7159 b319aed713eb44deb5734c9fe65e7159] 199.19.213.142 "GET /v2.0/ports?network_id=258cc35f-da19-4dbd-bb8e-2905d2a8a83d&device_owner=network%3Adhcp HTTP/1.1" status: 200 len: 210 time: 0.0285339
2026-04-28 04:27:57.133 10 INFO neutron.wsgi [req-c99d7ded-c97e-466f-a9f9-a64e50a8a53c req-b269949f-994f-4314-b8b6-060680402a2c dd4b538f668447618f75774a110d3666 8f30dc18cfb44da8ba6f4e74fce1b974 - - default default] 10.0.0.145 "GET /v2.0/ports?device_id=1aad03aa-d706-4983-83e2-0779442b969d HTTP/1.1" status: 200 len: 1174 time: 0.0499234
2026-04-28 04:27:57.174 10 INFO neutron.db.segments_db [None req-0bc5c178-e318-414a-bf97-4575df8b7a22 2d650bf1d437461c8bfd5d5f2c0e6bec 369a4c1e3f4b4ec384fcec735ab97ffc - - default default] Added segment b78737e6-1718-4c65-bbc3-4428c61c7593 of type geneve for network fedddff8-b780-4051-b925-c75866832489
2026-04-28 04:27:57.207 9 INFO neutron.wsgi [req-c052ca6b-5b95-455a-8f41-acfcaf3b5a03 req-2633bd8f-6bf1-49f2-8331-684315dac41c 4a7e98e73ff9449fa7ab2e2e9be76e14 dbd188931cf6429aa48bceb5d2eb7b30 - - b319aed713eb44deb5734c9fe65e7159 b319aed713eb44deb5734c9fe65e7159] 199.19.213.142 "GET /v2.0/networks/258cc35f-da19-4dbd-bb8e-2905d2a8a83d?fields=segments HTTP/1.1" status: 200 len: 212 time: 0.0979643
2026-04-28 04:27:57.217 10 INFO neutron.wsgi [req-c99d7ded-c97e-466f-a9f9-a64e50a8a53c req-deabe0c2-5ea5-4568-98d3-52de702eb052 dd4b538f668447618f75774a110d3666 8f30dc18cfb44da8ba6f4e74fce1b974 - - default default] 10.0.0.145 "GET /v2.0/security-groups?id=5cd7556c-d348-4062-8983-37de35a51359&fields=id&fields=name HTTP/1.1" status: 200 len: 312 time: 0.0763166
2026-04-28 04:27:57.311 9 INFO neutron.wsgi [req-c052ca6b-5b95-455a-8f41-acfcaf3b5a03 req-ca550a2b-19ec-4ea1-b2eb-8cad7199fe01 4a7e98e73ff9449fa7ab2e2e9be76e14 dbd188931cf6429aa48bceb5d2eb7b30 - - b319aed713eb44deb5734c9fe65e7159 b319aed713eb44deb5734c9fe65e7159] 199.19.213.142 "GET /v2.0/networks/258cc35f-da19-4dbd-bb8e-2905d2a8a83d?fields=provider%3Aphysical_network&fields=provider%3Anetwork_type HTTP/1.1" status: 200 len: 277 time: 0.0976417
2026-04-28 04:27:57.348 9 INFO neutron.db.l3_db [req-0d439c45-cb08-4e14-b549-34e9ca4e851a req-db769197-b65f-495b-8d09-652ae3ca3516 505b4672a3db402f81f6daf3281b2af0 79ce65f4068a44a9a66ea396e31dc09f - - default default] Floating IP bea16ae1-063f-475d-b3fc-6471237e5996 disassociated. External IP: 10.96.250.201, port: 854a0eab-29b1-4d48-821f-248b52b5e7e0.
2026-04-28 04:27:57.350 10 INFO neutron.wsgi [req-94d6610d-d084-48c9-a65a-fc1a9446638c req-6b452895-1da4-4e4f-b687-148c01cc14e0 dd4b538f668447618f75774a110d3666 8f30dc18cfb44da8ba6f4e74fce1b974 - - default default] 10.0.0.145 "GET /v2.0/ports?device_id=1aad03aa-d706-4983-83e2-0779442b969d HTTP/1.1" status: 200 len: 1174 time: 0.0612533
2026-04-28 04:27:57.365 10 INFO neutron.db.ovn_revision_numbers_db [None req-0bc5c178-e318-414a-bf97-4575df8b7a22 2d650bf1d437461c8bfd5d5f2c0e6bec 369a4c1e3f4b4ec384fcec735ab97ffc - - default default] Successfully bumped revision number for resource fedddff8-b780-4051-b925-c75866832489 (type: networks) to 1
2026-04-28 04:27:57.516 10 INFO neutron.wsgi [req-e9eb18a2-e5ba-491f-aa9d-e5213f78cebf req-de177c1a-fb84-4b63-9e85-ecadecb6a3ce 505b4672a3db402f81f6daf3281b2af0 79ce65f4068a44a9a66ea396e31dc09f - - default default] 10.0.0.145 "GET /v2.0/ports?device_id=7e374821-31c0-4907-89f1-e3cdde5aa745 HTTP/1.1" status: 200 len: 210 time: 0.0271621
2026-04-28 04:27:57.538 9 INFO neutron.wsgi [req-0d439c45-cb08-4e14-b549-34e9ca4e851a req-db769197-b65f-495b-8d09-652ae3ca3516 505b4672a3db402f81f6daf3281b2af0 79ce65f4068a44a9a66ea396e31dc09f - - default default] 199.19.213.142 "DELETE /v2.0/ports/854a0eab-29b1-4d48-821f-248b52b5e7e0 HTTP/1.1" status: 204 len: 173 time: 0.6997507
2026-04-28 04:27:57.661 10 WARNING neutron.scheduler.dhcp_agent_scheduler [None req-0bc5c178-e318-414a-bf97-4575df8b7a22 2d650bf1d437461c8bfd5d5f2c0e6bec 369a4c1e3f4b4ec384fcec735ab97ffc - - default default] No more DHCP agents
2026-04-28 04:27:57.665 10 WARNING neutron.api.rpc.agentnotifiers.dhcp_rpc_agent_api [None req-0bc5c178-e318-414a-bf97-4575df8b7a22 2d650bf1d437461c8bfd5d5f2c0e6bec 369a4c1e3f4b4ec384fcec735ab97ffc - - default default] Unable to schedule network fedddff8-b780-4051-b925-c75866832489: no agents available; will retry on subsequent port and subnet creation events.
2026-04-28 04:27:57.700 10 INFO neutron.db.l3_db [None req-aeb97012-780a-44ae-ab29-7260b215fe91 dd4b538f668447618f75774a110d3666 8f30dc18cfb44da8ba6f4e74fce1b974 - - default default] Floating IP a69acb0f-9a91-41e4-be73-7ab12f8abd04 associated. External IP: 10.96.250.205, port: c94742d7-9b0b-4408-8394-a002b1409e81.
2026-04-28 04:27:57.788 10 INFO neutron.db.ovn_revision_numbers_db [None req-0bc5c178-e318-414a-bf97-4575df8b7a22 2d650bf1d437461c8bfd5d5f2c0e6bec 369a4c1e3f4b4ec384fcec735ab97ffc - - default default] Successfully bumped revision number for resource b06f0ba2-2481-4492-ad9e-db92c610423b (type: ports) to 1
2026-04-28 04:27:57.824 10 INFO neutron.wsgi [None req-0bc5c178-e318-414a-bf97-4575df8b7a22 2d650bf1d437461c8bfd5d5f2c0e6bec 369a4c1e3f4b4ec384fcec735ab97ffc - - default default] 10.0.0.152 "POST /v2.0/networks HTTP/1.1" status: 201 len: 830 time: 0.7861207 /var/lib/openstack/lib/python3.10/site-packages/pycadf/identifier.py:71: UserWarning: Invalid uuid: neutron. To ensure interoperability, identifiers should be a valid uuid. warnings.warn(('Invalid uuid: %s. To ensure interoperability, '
2026-04-28 04:27:57.837 9 WARNING neutron_lib.context [None req-f52ea0c0-9751-4ff6-bf29-3a7aa927f960 2d650bf1d437461c8bfd5d5f2c0e6bec 369a4c1e3f4b4ec384fcec735ab97ffc - - default default] Method 'is_advsvc' is deprecated since 2023.2 release (neutron-lib 3.8.0) and will be removed once support for the old RBAC API policies will be removed from Neutron. Please use method 'is_service_role' instead.
2026-04-28 04:27:57.951 10 INFO neutron.db.ovn_revision_numbers_db [None req-aeb97012-780a-44ae-ab29-7260b215fe91 dd4b538f668447618f75774a110d3666 8f30dc18cfb44da8ba6f4e74fce1b974 - - default default] Successfully bumped revision number for resource a69acb0f-9a91-41e4-be73-7ab12f8abd04 (type: floatingips) to 1
2026-04-28 04:27:58.055 10 INFO neutron.services.segments.plugin [-] Segment 4aeb918b-20a5-4737-bf54-24aeae566138 resource provider aggregate not found
2026-04-28 04:27:58.061 10 INFO neutron.services.segments.plugin [-] Segment 4aeb918b-20a5-4737-bf54-24aeae566138 resource provider aggregate not found
2026-04-28 04:27:58.063 9 WARNING neutron.scheduler.dhcp_agent_scheduler [None req-f52ea0c0-9751-4ff6-bf29-3a7aa927f960 2d650bf1d437461c8bfd5d5f2c0e6bec 369a4c1e3f4b4ec384fcec735ab97ffc - - default default] No more DHCP agents
2026-04-28 04:27:58.065 9 WARNING neutron.api.rpc.agentnotifiers.dhcp_rpc_agent_api [None req-f52ea0c0-9751-4ff6-bf29-3a7aa927f960 2d650bf1d437461c8bfd5d5f2c0e6bec 369a4c1e3f4b4ec384fcec735ab97ffc - - default default] Unable to schedule network fedddff8-b780-4051-b925-c75866832489: no agents available; will retry on subsequent port and subnet creation events.
2026-04-28 04:27:58.071 10 INFO neutron.db.ovn_revision_numbers_db [None req-aeb97012-780a-44ae-ab29-7260b215fe91 dd4b538f668447618f75774a110d3666 8f30dc18cfb44da8ba6f4e74fce1b974 - - default default] Successfully bumped revision number for resource a69acb0f-9a91-41e4-be73-7ab12f8abd04 (type: floatingips) to 2
2026-04-28 04:27:58.078 10 INFO neutron.services.segments.plugin [-] Segment 4aeb918b-20a5-4737-bf54-24aeae566138 resource provider not found; error: Placement Client Error (4xx): {"errors": [{"status": 404, "title": "Not Found", "detail": "The resource could not be found.\n\n No resource provider with uuid 4aeb918b-20a5-4737-bf54-24aeae566138 found for delete ", "request_id": "req-4cd3b6c3-5701-49e3-8aef-5d8834dfbf7a"}]}
2026-04-28 04:27:58.087 10 INFO neutron.services.segments.plugin [-] Segment 4aeb918b-20a5-4737-bf54-24aeae566138 resource provider not found; error: Placement Client Error (4xx): {"errors": [{"status": 404, "title": "Not Found", "detail": "The resource could not be found.\n\n No resource provider with uuid 4aeb918b-20a5-4737-bf54-24aeae566138 found for delete ", "request_id": "req-687da852-1f96-40b9-b89b-2ef3e0920a72"}]}
2026-04-28 04:27:58.100 10 INFO neutron.wsgi [None req-aeb97012-780a-44ae-ab29-7260b215fe91 dd4b538f668447618f75774a110d3666 8f30dc18cfb44da8ba6f4e74fce1b974 - - default default] 10.0.0.152 "PUT /v2.0/floatingips/a69acb0f-9a91-41e4-be73-7ab12f8abd04 HTTP/1.1" status: 200 len: 1050 time: 0.7324319
2026-04-28 04:27:58.142 10 INFO neutron.notifiers.nova [-] Nova event matching ['req-c32c109c-d760-48ce-89d1-6007821b479e'] response: {'name': 'network-changed', 'server_uuid': '1aad03aa-d706-4983-83e2-0779442b969d', 'tag': 'c94742d7-9b0b-4408-8394-a002b1409e81', 'status': 'completed', 'code': 200} /var/lib/openstack/lib/python3.10/site-packages/pycadf/identifier.py:71: UserWarning: Invalid uuid: neutron. To ensure interoperability, identifiers should be a valid uuid. warnings.warn(('Invalid uuid: %s. To ensure interoperability, '
2026-04-28 04:27:58.188 10 INFO neutron.wsgi [req-72430bac-467e-45d6-9d81-d5f3e5e16a6d req-ccfd92b4-d25d-4562-b68b-8f719a8f40b7 dd4b538f668447618f75774a110d3666 8f30dc18cfb44da8ba6f4e74fce1b974 - - default default] 10.0.0.145 "GET /v2.0/ports?device_id=1aad03aa-d706-4983-83e2-0779442b969d HTTP/1.1" status: 200 len: 1174 time: 0.0388203
2026-04-28 04:27:58.204 9 INFO neutron.wsgi [req-66f6bd5e-19d7-4d9b-aa49-1fda5eceaca4 req-254af7c7-09ea-4a10-a0df-2e8591f6b3cb 4a7e98e73ff9449fa7ab2e2e9be76e14 dbd188931cf6429aa48bceb5d2eb7b30 - - b319aed713eb44deb5734c9fe65e7159 b319aed713eb44deb5734c9fe65e7159] 199.19.213.142 "GET /v2.0/ports?tenant_id=8f30dc18cfb44da8ba6f4e74fce1b974&device_id=1aad03aa-d706-4983-83e2-0779442b969d HTTP/1.1" status: 200 len: 1413 time: 0.0446131
2026-04-28 04:27:58.234 10 INFO neutron.wsgi [req-72430bac-467e-45d6-9d81-d5f3e5e16a6d req-cc1198b4-0a9e-45da-94ad-11267987cd22 dd4b538f668447618f75774a110d3666 8f30dc18cfb44da8ba6f4e74fce1b974 - - default default] 10.0.0.145 "GET /v2.0/security-groups?id=5cd7556c-d348-4062-8983-37de35a51359&fields=id&fields=name HTTP/1.1" status: 200 len: 312 time: 0.0371377
2026-04-28 04:27:58.278 9 INFO neutron.wsgi [req-66f6bd5e-19d7-4d9b-aa49-1fda5eceaca4 req-a6189ecd-1b66-4ccc-92a0-d74ccc2a9e07 4a7e98e73ff9449fa7ab2e2e9be76e14 dbd188931cf6429aa48bceb5d2eb7b30 - - b319aed713eb44deb5734c9fe65e7159 b319aed713eb44deb5734c9fe65e7159] 199.19.213.142 "GET /v2.0/networks?id=98ff28d3-cae6-4c15-8248-f1179e178296 HTTP/1.1" status: 200 len: 981 time: 0.0652835
2026-04-28 04:27:58.545 9 INFO neutron.wsgi [req-66f6bd5e-19d7-4d9b-aa49-1fda5eceaca4 req-a70d7d3d-db28-44e7-b3f1-c79a82692e0a 4a7e98e73ff9449fa7ab2e2e9be76e14 dbd188931cf6429aa48bceb5d2eb7b30 - - b319aed713eb44deb5734c9fe65e7159 b319aed713eb44deb5734c9fe65e7159] 199.19.213.142 "GET /v2.0/floatingips?fixed_ip_address=10.100.0.12&port_id=c94742d7-9b0b-4408-8394-a002b1409e81 HTTP/1.1" status: 200 len: 1060 time: 0.2587328
2026-04-28 04:27:58.613 9 INFO neutron.wsgi [req-66f6bd5e-19d7-4d9b-aa49-1fda5eceaca4 req-0bb9baa3-e431-4701-bf68-ab199861727f 4a7e98e73ff9449fa7ab2e2e9be76e14 dbd188931cf6429aa48bceb5d2eb7b30 - - b319aed713eb44deb5734c9fe65e7159 b319aed713eb44deb5734c9fe65e7159] 199.19.213.142 "GET /v2.0/subnets?id=6b3feaa0-2082-4b10-b5e5-41216c901990 HTTP/1.1" status: 200 len: 876 time: 0.0628562
2026-04-28 04:27:58.663 9 INFO neutron.wsgi [req-66f6bd5e-19d7-4d9b-aa49-1fda5eceaca4 req-7d0f0409-c6c1-4a61-bbe3-0c5cfd8238f0 4a7e98e73ff9449fa7ab2e2e9be76e14 dbd188931cf6429aa48bceb5d2eb7b30 - - b319aed713eb44deb5734c9fe65e7159 b319aed713eb44deb5734c9fe65e7159] 199.19.213.142 "GET /v2.0/ports?network_id=98ff28d3-cae6-4c15-8248-f1179e178296&device_owner=network%3Adhcp HTTP/1.1" status: 200 len: 210 time: 0.0396771
2026-04-28 04:27:58.713 10 INFO neutron.db.ovn_revision_numbers_db [None req-9e843a7e-7a6d-41d4-add5-24c403043ccb c2bcb4c140af4b37b2c28a3f02270ef0 4778e9665d2c4b13bf3d5775386d72dd - - default default] Successfully bumped revision number for resource 280c0bf4-4aee-4ad3-a1a2-ebf04a6a77b4 (type: security_groups) to 1
2026-04-28 04:27:58.717 9 INFO neutron.notifiers.nova [-] Nova event matching ['req-8aca1cff-cdc9-4c47-b87f-cff18745d729'] response: {'server_uuid': '7e374821-31c0-4907-89f1-e3cdde5aa745', 'name': 'network-vif-plugged', 'status': 'completed', 'tag': '854a0eab-29b1-4d48-821f-248b52b5e7e0', 'code': 200}
2026-04-28 04:27:58.717 9 INFO neutron.notifiers.nova [-] Nova event matching ['req-8aca1cff-cdc9-4c47-b87f-cff18745d729'] response: {'server_uuid': '7e374821-31c0-4907-89f1-e3cdde5aa745', 'name': 'network-vif-deleted', 'tag': '854a0eab-29b1-4d48-821f-248b52b5e7e0', 'status': 'completed', 'code': 200}
2026-04-28 04:27:58.729 10 INFO neutron.db.ovn_revision_numbers_db [None req-9e843a7e-7a6d-41d4-add5-24c403043ccb c2bcb4c140af4b37b2c28a3f02270ef0 4778e9665d2c4b13bf3d5775386d72dd - - default default] Successfully bumped revision number for resource 22ffa54a-a4c7-46f6-8711-cb3a71e0fce1 (type: security_group_rules) to 0
2026-04-28 04:27:58.740 10 INFO neutron.db.ovn_revision_numbers_db [None req-9e843a7e-7a6d-41d4-add5-24c403043ccb c2bcb4c140af4b37b2c28a3f02270ef0 4778e9665d2c4b13bf3d5775386d72dd - - default default] Successfully bumped revision number for resource 2c35bead-f8bb-4606-9d2c-d95410395246 (type: security_group_rules) to 0
2026-04-28 04:27:58.756 10 INFO neutron.db.ovn_revision_numbers_db [None req-9e843a7e-7a6d-41d4-add5-24c403043ccb c2bcb4c140af4b37b2c28a3f02270ef0 4778e9665d2c4b13bf3d5775386d72dd - - default default] Successfully bumped revision number for resource 3fa7422e-684c-4f9f-b66f-6b9a04828958 (type: security_group_rules) to 0
2026-04-28 04:27:58.759 9 INFO neutron.wsgi [req-66f6bd5e-19d7-4d9b-aa49-1fda5eceaca4 req-747886ed-64d5-4baf-920d-9440ea5fd607 4a7e98e73ff9449fa7ab2e2e9be76e14 dbd188931cf6429aa48bceb5d2eb7b30 - - b319aed713eb44deb5734c9fe65e7159 b319aed713eb44deb5734c9fe65e7159] 199.19.213.142 "GET /v2.0/networks/98ff28d3-cae6-4c15-8248-f1179e178296?fields=segments HTTP/1.1" status: 200 len: 212 time: 0.0871832
2026-04-28 04:27:58.772 10 INFO neutron.wsgi [None req-623ac217-d756-4b9f-aadf-a74f32776a60 505b4672a3db402f81f6daf3281b2af0 79ce65f4068a44a9a66ea396e31dc09f - - default default] 10.0.0.152 "DELETE /v2.0/security-groups/ee9dd276-e56b-4539-9f2a-333364747135 HTTP/1.1" status: 204 len: 168 time: 0.1319318
2026-04-28 04:27:58.784 10 INFO neutron.db.ovn_revision_numbers_db [None req-9e843a7e-7a6d-41d4-add5-24c403043ccb c2bcb4c140af4b37b2c28a3f02270ef0 4778e9665d2c4b13bf3d5775386d72dd - - default default] Successfully bumped revision number for resource b90b5370-828c-42ff-9148-052678818962 (type: security_group_rules) to 0
2026-04-28 04:27:58.790 10 INFO neutron.api.v2.resource [None req-047979af-05ac-4030-93f9-81a8b7239c88 505b4672a3db402f81f6daf3281b2af0 79ce65f4068a44a9a66ea396e31dc09f - - default default] show failed (client error): The resource could not be found.
2026-04-28 04:27:58.791 10 INFO neutron.wsgi [None req-047979af-05ac-4030-93f9-81a8b7239c88 505b4672a3db402f81f6daf3281b2af0 79ce65f4068a44a9a66ea396e31dc09f - - default default] 10.0.0.152 "GET /v2.0/security-groups/ee9dd276-e56b-4539-9f2a-333364747135 HTTP/1.1" status: 404 len: 347 time: 0.0131986
2026-04-28 04:27:58.832 10 INFO neutron.db.segments_db [None req-9e843a7e-7a6d-41d4-add5-24c403043ccb c2bcb4c140af4b37b2c28a3f02270ef0 4778e9665d2c4b13bf3d5775386d72dd - - default default] Added segment b7b401c0-a248-42d7-a0a6-12a60b7117ba of type geneve for network d7712f79-91cd-479b-99b4-b4d884e318b2
2026-04-28 04:27:58.869 9 INFO neutron.wsgi [req-66f6bd5e-19d7-4d9b-aa49-1fda5eceaca4 req-9fac2b7a-db5c-42fe-adbd-acb6ae000e61 4a7e98e73ff9449fa7ab2e2e9be76e14 dbd188931cf6429aa48bceb5d2eb7b30 - - b319aed713eb44deb5734c9fe65e7159 b319aed713eb44deb5734c9fe65e7159] 199.19.213.142 "GET /v2.0/networks/98ff28d3-cae6-4c15-8248-f1179e178296?fields=provider%3Aphysical_network&fields=provider%3Anetwork_type HTTP/1.1" status: 200 len: 277 time: 0.1016059
2026-04-28 04:27:58.973 9 INFO neutron.db.ovn_revision_numbers_db [None req-f52ea0c0-9751-4ff6-bf29-3a7aa927f960 2d650bf1d437461c8bfd5d5f2c0e6bec 369a4c1e3f4b4ec384fcec735ab97ffc - - default default] Successfully bumped revision number for resource b06f0ba2-2481-4492-ad9e-db92c610423b (type: ports) to 2
2026-04-28 04:27:58.982 10 INFO neutron.db.ovn_revision_numbers_db [None req-9e843a7e-7a6d-41d4-add5-24c403043ccb c2bcb4c140af4b37b2c28a3f02270ef0 4778e9665d2c4b13bf3d5775386d72dd - - default default] Successfully bumped revision number for resource d7712f79-91cd-479b-99b4-b4d884e318b2 (type: networks) to 1
2026-04-28 04:27:59.021 9 INFO neutron.db.ovn_revision_numbers_db [None req-f52ea0c0-9751-4ff6-bf29-3a7aa927f960 2d650bf1d437461c8bfd5d5f2c0e6bec 369a4c1e3f4b4ec384fcec735ab97ffc - - default default] Successfully bumped revision number for resource 51beff9d-f8fe-4549-aa81-6da1707612f5 (type: subnets) to 0
2026-04-28 04:27:59.053 9 INFO neutron.wsgi [None req-f52ea0c0-9751-4ff6-bf29-3a7aa927f960 2d650bf1d437461c8bfd5d5f2c0e6bec 369a4c1e3f4b4ec384fcec735ab97ffc - - default default] 10.0.0.152 "POST /v2.0/subnets HTTP/1.1" status: 201 len: 801 time: 1.2244627
2026-04-28 04:27:59.061 9 WARNING neutron_lib.context [None req-141660d2-f712-4f37-bf68-923ef5539189 2d650bf1d437461c8bfd5d5f2c0e6bec 369a4c1e3f4b4ec384fcec735ab97ffc - - default default] Method 'is_advsvc' is deprecated since 2023.2 release (neutron-lib 3.8.0) and will be removed once support for the old RBAC API policies will be removed from Neutron. Please use method 'is_service_role' instead.
2026-04-28 04:27:59.147 10 WARNING neutron.scheduler.dhcp_agent_scheduler [None req-9e843a7e-7a6d-41d4-add5-24c403043ccb c2bcb4c140af4b37b2c28a3f02270ef0 4778e9665d2c4b13bf3d5775386d72dd - - default default] No more DHCP agents
2026-04-28 04:27:59.149 10 WARNING neutron.api.rpc.agentnotifiers.dhcp_rpc_agent_api [None req-9e843a7e-7a6d-41d4-add5-24c403043ccb c2bcb4c140af4b37b2c28a3f02270ef0 4778e9665d2c4b13bf3d5775386d72dd - - default default] Unable to schedule network d7712f79-91cd-479b-99b4-b4d884e318b2: no agents available; will retry on subsequent port and subnet creation events.
2026-04-28 04:27:59.229 9 INFO neutron.wsgi [None req-a28b41cb-fe04-4601-8e3a-6fb54b59db07 505b4672a3db402f81f6daf3281b2af0 79ce65f4068a44a9a66ea396e31dc09f - - default default] 10.0.0.152 "DELETE /v2.0/floatingips/bea16ae1-063f-475d-b3fc-6471237e5996 HTTP/1.1" status: 204 len: 168 time: 0.4319766
2026-04-28 04:27:59.229 10 INFO neutron.db.ovn_revision_numbers_db [None req-9e843a7e-7a6d-41d4-add5-24c403043ccb c2bcb4c140af4b37b2c28a3f02270ef0 4778e9665d2c4b13bf3d5775386d72dd - - default default] Successfully bumped revision number for resource b246875d-8cee-4071-bafd-7ef9a71cde19 (type: ports) to 1
2026-04-28 04:27:59.252 10 INFO neutron.wsgi [None req-9e843a7e-7a6d-41d4-add5-24c403043ccb c2bcb4c140af4b37b2c28a3f02270ef0 4778e9665d2c4b13bf3d5775386d72dd - - default default] 10.0.0.152 "POST /v2.0/networks HTTP/1.1" status: 201 len: 946 time: 0.9177258
2026-04-28 04:27:59.405 10 WARNING neutron.scheduler.dhcp_agent_scheduler [None req-f8e74e60-edd1-4099-ba08-e05881cd87c1 c2bcb4c140af4b37b2c28a3f02270ef0 4778e9665d2c4b13bf3d5775386d72dd - - default default] No more DHCP agents
2026-04-28 04:27:59.407 10 WARNING neutron.api.rpc.agentnotifiers.dhcp_rpc_agent_api [None req-f8e74e60-edd1-4099-ba08-e05881cd87c1 c2bcb4c140af4b37b2c28a3f02270ef0 4778e9665d2c4b13bf3d5775386d72dd - - default default] Unable to schedule network d7712f79-91cd-479b-99b4-b4d884e318b2: no agents available; will retry on subsequent port and subnet creation events.
2026-04-28 04:27:59.427 9 WARNING neutron.scheduler.dhcp_agent_scheduler [None req-141660d2-f712-4f37-bf68-923ef5539189 2d650bf1d437461c8bfd5d5f2c0e6bec 369a4c1e3f4b4ec384fcec735ab97ffc - - default default] No more DHCP agents
2026-04-28 04:27:59.430 9 WARNING neutron.api.rpc.agentnotifiers.dhcp_rpc_agent_api [None req-141660d2-f712-4f37-bf68-923ef5539189 2d650bf1d437461c8bfd5d5f2c0e6bec 369a4c1e3f4b4ec384fcec735ab97ffc - - default default] Unable to schedule network fedddff8-b780-4051-b925-c75866832489: no agents available; will retry on subsequent port and subnet creation events.
2026-04-28 04:27:59.582 9 INFO neutron.db.ovn_revision_numbers_db [None req-141660d2-f712-4f37-bf68-923ef5539189 2d650bf1d437461c8bfd5d5f2c0e6bec 369a4c1e3f4b4ec384fcec735ab97ffc - - default default] Successfully bumped revision number for resource 8f7a59da-5743-415b-bd7a-4bb238935ad8 (type: ports) to 1
2026-04-28 04:27:59.620 9 INFO neutron.wsgi [None req-141660d2-f712-4f37-bf68-923ef5539189 2d650bf1d437461c8bfd5d5f2c0e6bec 369a4c1e3f4b4ec384fcec735ab97ffc - - default default] 10.0.0.152 "POST /v2.0/ports HTTP/1.1" status: 201 len: 1109 time: 0.5634530
2026-04-28 04:28:00.218 10 INFO neutron.db.ovn_revision_numbers_db [None req-f8e74e60-edd1-4099-ba08-e05881cd87c1 c2bcb4c140af4b37b2c28a3f02270ef0 4778e9665d2c4b13bf3d5775386d72dd - - default default] Successfully bumped revision number for resource b246875d-8cee-4071-bafd-7ef9a71cde19 (type: ports) to 2
2026-04-28 04:28:00.246 10 INFO neutron.wsgi [None req-e0099200-3fef-4c5e-af11-1beadce935f9 2d650bf1d437461c8bfd5d5f2c0e6bec 369a4c1e3f4b4ec384fcec735ab97ffc - - default default] 10.0.0.152 "DELETE /v2.0/ports/8f7a59da-5743-415b-bd7a-4bb238935ad8 HTTP/1.1" status: 204 len: 168 time: 0.6182775 /var/lib/openstack/lib/python3.10/site-packages/pycadf/identifier.py:71: UserWarning: Invalid uuid: neutron. To ensure interoperability, identifiers should be a valid uuid. warnings.warn(('Invalid uuid: %s. To ensure interoperability, '
2026-04-28 04:28:00.257 10 INFO neutron.db.ovn_revision_numbers_db [None req-f8e74e60-edd1-4099-ba08-e05881cd87c1 c2bcb4c140af4b37b2c28a3f02270ef0 4778e9665d2c4b13bf3d5775386d72dd - - default default] Successfully bumped revision number for resource 0c5123f6-3f02-4814-9051-18b72fc1652f (type: subnets) to 0
2026-04-28 04:28:00.271 9 INFO neutron.wsgi [None req-8df68075-4a0f-478c-8e6f-13670c921b62 c2bcb4c140af4b37b2c28a3f02270ef0 4778e9665d2c4b13bf3d5775386d72dd - - default default] 10.0.0.152 "PUT /v2.0/routers/31c8f579-e8c7-46ed-ac62-40e5d6d97122/remove_router_interface HTTP/1.1" status: 200 len: 503 time: 1.0360823
2026-04-28 04:28:00.275 10 INFO neutron.wsgi [None req-f8e74e60-edd1-4099-ba08-e05881cd87c1 c2bcb4c140af4b37b2c28a3f02270ef0 4778e9665d2c4b13bf3d5775386d72dd - - default default] 10.0.0.152 "POST /v2.0/subnets HTTP/1.1" status: 201 len: 866 time: 1.0169747
2026-04-28 04:28:00.285 10 INFO neutron.wsgi [-] 10.0.0.6 "GET / HTTP/1.1" status: 200 len: 247 time: 0.0023370
2026-04-28 04:28:00.286 10 INFO neutron.wsgi [-] 10.0.0.6 "GET / HTTP/1.1" status: 200 len: 247 time: 0.0009053
2026-04-28 04:28:00.296 9 INFO neutron.pecan_wsgi.hooks.translation [None req-bf040018-7371-48f5-9495-fa795fa9638e 2d650bf1d437461c8bfd5d5f2c0e6bec 369a4c1e3f4b4ec384fcec735ab97ffc - - default default] GET failed (client error): The resource could not be found.
2026-04-28 04:28:00.298 9 INFO neutron.wsgi [None req-bf040018-7371-48f5-9495-fa795fa9638e 2d650bf1d437461c8bfd5d5f2c0e6bec 369a4c1e3f4b4ec384fcec735ab97ffc - - default default] 10.0.0.152 "GET /v2.0/ports/8f7a59da-5743-415b-bd7a-4bb238935ad8 HTTP/1.1" status: 404 len: 333 time: 0.0458879
2026-04-28 04:28:00.511 9 INFO neutron.wsgi [None req-5b212894-2f3a-4cb5-afee-87f175006e3d 2d650bf1d437461c8bfd5d5f2c0e6bec 369a4c1e3f4b4ec384fcec735ab97ffc - - default default] 10.0.0.152 "DELETE /v2.0/subnets/51beff9d-f8fe-4549-aa81-6da1707612f5 HTTP/1.1" status: 204 len: 168 time: 0.2069840
2026-04-28 04:28:00.831 10 WARNING neutron.scheduler.dhcp_agent_scheduler [None req-197f176d-2379-4053-a8fb-7062f9fae872 c2bcb4c140af4b37b2c28a3f02270ef0 4778e9665d2c4b13bf3d5775386d72dd - - default default] No more DHCP agents
2026-04-28 04:28:00.843 10 WARNING neutron.api.rpc.agentnotifiers.dhcp_rpc_agent_api [None req-197f176d-2379-4053-a8fb-7062f9fae872 c2bcb4c140af4b37b2c28a3f02270ef0 4778e9665d2c4b13bf3d5775386d72dd - - default default] Unable to schedule network ef863281-553f-4c82-b982-875a9cefc101: no agents available; will retry on subsequent port and subnet creation events.
2026-04-28 04:28:00.994 9 INFO neutron.wsgi [None req-2553b608-faed-4d16-9dfd-ac52edf66c9a 2d650bf1d437461c8bfd5d5f2c0e6bec 369a4c1e3f4b4ec384fcec735ab97ffc - - default default] 10.0.0.152 "DELETE /v2.0/networks/fedddff8-b780-4051-b925-c75866832489 HTTP/1.1" status: 204 len: 168 time: 0.4781096
2026-04-28 04:28:01.007 9 WARNING neutron_lib.context [None req-ac99ff12-46b1-4026-a8a5-5fa29b183a90 2d650bf1d437461c8bfd5d5f2c0e6bec 369a4c1e3f4b4ec384fcec735ab97ffc - - default default] Method 'is_advsvc' is deprecated since 2023.2 release (neutron-lib 3.8.0) and will be removed once support for the old RBAC API policies will be removed from Neutron. Please use method 'is_service_role' instead.
2026-04-28 04:28:01.068 10 INFO neutron.db.ovn_revision_numbers_db [None req-197f176d-2379-4053-a8fb-7062f9fae872 c2bcb4c140af4b37b2c28a3f02270ef0 4778e9665d2c4b13bf3d5775386d72dd - - default default] Successfully bumped revision number for resource dad89b32-f31d-41b1-af50-12c3f12405d1 (type: ports) to 1
2026-04-28 04:28:01.374 9 INFO neutron.services.segments.plugin [-] Segment b78737e6-1718-4c65-bbc3-4428c61c7593 resource provider aggregate not found
2026-04-28 04:28:01.392 9 INFO neutron.services.segments.plugin [-] Segment b78737e6-1718-4c65-bbc3-4428c61c7593 resource provider not found; error: Placement Client Error (4xx): {"errors": [{"status": 404, "title": "Not Found", "detail": "The resource could not be found.\n\n No resource provider with uuid b78737e6-1718-4c65-bbc3-4428c61c7593 found for delete ", "request_id": "req-4ee36bd3-76fd-431c-a720-18b933b2a7fe"}]}
2026-04-28 04:28:01.399 9 INFO neutron.services.segments.plugin [-] Segment b78737e6-1718-4c65-bbc3-4428c61c7593 resource provider aggregate not found
