2026-04-28 04:29:19.590 9 INFO neutron.db.ovn_revision_numbers_db [None req-bf5dd4a4-852d-4807-9532-c9f59a5087fa cbc3e3f61e384d32896df990ada913fb f32e3e7c19de4d09b52a72d72025139c - - default default] Successfully bumped revision number for resource cb589312-7d5e-4e95-8136-20e3a50bda0f (type: routers) to 1
2026-04-28 04:29:19.605 9 INFO neutron.wsgi [None req-bf5dd4a4-852d-4807-9532-c9f59a5087fa cbc3e3f61e384d32896df990ada913fb f32e3e7c19de4d09b52a72d72025139c - - default default] 10.0.0.152 "POST /v2.0/routers HTTP/1.1" status: 201 len: 654 time: 0.3101234
2026-04-28 04:29:19.613 9 WARNING neutron_lib.context [None req-5087f400-ee2e-48d3-8db5-d9a06eea97da cbc3e3f61e384d32896df990ada913fb f32e3e7c19de4d09b52a72d72025139c - - default default] Method 'is_advsvc' is deprecated since 2023.2 release (neutron-lib 3.8.0) and will be removed once support for the old RBAC API policies will be removed from Neutron. Please use method 'is_service_role' instead.
2026-04-28 04:29:19.769 9 INFO neutron.db.ovn_revision_numbers_db [None req-5087f400-ee2e-48d3-8db5-d9a06eea97da cbc3e3f61e384d32896df990ada913fb f32e3e7c19de4d09b52a72d72025139c - - default default] Successfully bumped revision number for resource b3c90569-3b79-410b-abfa-20e71d093de3 (type: routers) to 1
2026-04-28 04:29:19.786 9 INFO neutron.wsgi [None req-5087f400-ee2e-48d3-8db5-d9a06eea97da cbc3e3f61e384d32896df990ada913fb f32e3e7c19de4d09b52a72d72025139c - - default default] 10.0.0.152 "POST /v2.0/routers HTTP/1.1" status: 201 len: 654 time: 0.1776655
2026-04-28 04:29:19.798 10 WARNING neutron_lib.context [None req-782d1659-2c48-42b7-9c65-1ea6bfdac693 cbc3e3f61e384d32896df990ada913fb f32e3e7c19de4d09b52a72d72025139c - - default default] Method 'is_advsvc' is deprecated since 2023.2 release (neutron-lib 3.8.0) and will be removed once support for the old RBAC API policies will be removed from Neutron. Please use method 'is_service_role' instead.
2026-04-28 04:29:20.011 10 INFO neutron.db.ovn_revision_numbers_db [None req-782d1659-2c48-42b7-9c65-1ea6bfdac693 cbc3e3f61e384d32896df990ada913fb f32e3e7c19de4d09b52a72d72025139c - - default default] Successfully bumped revision number for resource 0502482d-9341-4475-8355-654fce778ef7 (type: routers) to 1
2026-04-28 04:29:20.020 10 INFO neutron.db.ovn_revision_numbers_db [None req-9a2f7d71-5ab9-48d4-9acf-1fb020116222 0a258b4d7c1245559317d5f4d355f551 861d2842ec1f4341ae1ce7a52a2afb40 - - default default] Successfully bumped revision number for resource 7740f81a-fc47-4b39-80be-d760bb1af368 (type: ports) to 2
2026-04-28 04:29:20.030 10 INFO neutron.wsgi [None req-782d1659-2c48-42b7-9c65-1ea6bfdac693 cbc3e3f61e384d32896df990ada913fb f32e3e7c19de4d09b52a72d72025139c - - default default] 10.0.0.152 "POST /v2.0/routers HTTP/1.1" status: 201 len: 654 time: 0.2383025
2026-04-28 04:29:20.043 9 WARNING neutron_lib.context [None req-7c58eed8-3d90-4442-bec4-9b99dcbda395 cbc3e3f61e384d32896df990ada913fb f32e3e7c19de4d09b52a72d72025139c - - default default] Method 'is_advsvc' is deprecated since 2023.2 release (neutron-lib 3.8.0) and will be removed once support for the old RBAC API policies will be removed from Neutron. Please use method 'is_service_role' instead.
2026-04-28 04:29:20.062 10 INFO neutron.db.ovn_revision_numbers_db [None req-9a2f7d71-5ab9-48d4-9acf-1fb020116222 0a258b4d7c1245559317d5f4d355f551 861d2842ec1f4341ae1ce7a52a2afb40 - - default default] Successfully bumped revision number for resource cec25362-ca6e-4458-a74f-b7492f190f96 (type: subnets) to 0
2026-04-28 04:29:20.084 10 INFO neutron.wsgi [None req-9a2f7d71-5ab9-48d4-9acf-1fb020116222 0a258b4d7c1245559317d5f4d355f551 861d2842ec1f4341ae1ce7a52a2afb40 - - default default] 10.0.0.152 "POST /v2.0/subnets HTTP/1.1" status: 201 len: 801 time: 0.8864887
2026-04-28 04:29:20.211 9 INFO neutron.db.ovn_revision_numbers_db [None req-7c58eed8-3d90-4442-bec4-9b99dcbda395 cbc3e3f61e384d32896df990ada913fb f32e3e7c19de4d09b52a72d72025139c - - default default] Successfully bumped revision number for resource cacb6955-ed72-4034-9c79-de1862f73304 (type: routers) to 1
2026-04-28 04:29:20.226 9 INFO neutron.wsgi [None req-7c58eed8-3d90-4442-bec4-9b99dcbda395 cbc3e3f61e384d32896df990ada913fb f32e3e7c19de4d09b52a72d72025139c - - default default] 10.0.0.152 "POST /v2.0/routers HTTP/1.1" status: 201 len: 654 time: 0.1911423
2026-04-28 04:29:20.238 10 WARNING neutron_lib.context [None req-ab51f9cd-f60f-480e-bb31-96834e60226f cbc3e3f61e384d32896df990ada913fb f32e3e7c19de4d09b52a72d72025139c - - default default] Method 'is_advsvc' is deprecated since 2023.2 release (neutron-lib 3.8.0) and will be removed once support for the old RBAC API policies will be removed from Neutron. Please use method 'is_service_role' instead.
2026-04-28 04:29:20.461 10 INFO neutron.db.ovn_revision_numbers_db [None req-ab51f9cd-f60f-480e-bb31-96834e60226f cbc3e3f61e384d32896df990ada913fb f32e3e7c19de4d09b52a72d72025139c - - default default] Successfully bumped revision number for resource 9f2594b1-292e-4bab-85eb-b885d76e2755 (type: routers) to 1
2026-04-28 04:29:20.478 10 INFO neutron.wsgi [None req-ab51f9cd-f60f-480e-bb31-96834e60226f cbc3e3f61e384d32896df990ada913fb f32e3e7c19de4d09b52a72d72025139c - - default default] 10.0.0.152 "POST /v2.0/routers HTTP/1.1" status: 201 len: 654 time: 0.2458656
2026-04-28 04:29:20.495 10 INFO neutron.db.ovn_revision_numbers_db [None req-c0c91011-8ec8-4ef4-a463-e68080aa1367 0a258b4d7c1245559317d5f4d355f551 861d2842ec1f4341ae1ce7a52a2afb40 - - default default] Successfully bumped revision number for resource cec25362-ca6e-4458-a74f-b7492f190f96 (type: subnets) to 1
2026-04-28 04:29:20.499 10 INFO neutron.wsgi [None req-c0c91011-8ec8-4ef4-a463-e68080aa1367 0a258b4d7c1245559317d5f4d355f551 861d2842ec1f4341ae1ce7a52a2afb40 - - default default] 10.0.0.152 "PUT /v2.0/subnets/cec25362-ca6e-4458-a74f-b7492f190f96 HTTP/1.1" status: 200 len: 806 time: 0.4092681
2026-04-28 04:29:20.538 9 INFO neutron.wsgi [None req-4f63f602-8ce3-44d7-bea9-1b5cffbfd913 cbc3e3f61e384d32896df990ada913fb f32e3e7c19de4d09b52a72d72025139c - - default default] 10.0.0.152 "PUT /v2.0/routers/cb589312-7d5e-4e95-8136-20e3a50bda0f/tags HTTP/1.1" status: 200 len: 210 time: 0.0538237
2026-04-28 04:29:20.611 9 INFO neutron.wsgi [None req-a77378dc-74c0-4733-9467-a071f8c71e2f cbc3e3f61e384d32896df990ada913fb f32e3e7c19de4d09b52a72d72025139c - - default default] 10.0.0.152 "PUT /v2.0/routers/b3c90569-3b79-410b-abfa-20e71d093de3/tags HTTP/1.1" status: 200 len: 218 time: 0.0676551
2026-04-28 04:29:20.677 9 INFO neutron.wsgi [None req-2a486809-67e5-4111-b281-69b827e4ce1c cbc3e3f61e384d32896df990ada913fb f32e3e7c19de4d09b52a72d72025139c - - default default] 10.0.0.152 "PUT /v2.0/routers/0502482d-9341-4475-8355-654fce778ef7/tags HTTP/1.1" status: 200 len: 227 time: 0.0613325
2026-04-28 04:29:20.735 9 INFO neutron.wsgi [None req-689068e8-2249-45d2-9cb8-88be8a4722b4 cbc3e3f61e384d32896df990ada913fb f32e3e7c19de4d09b52a72d72025139c - - default default] 10.0.0.152 "PUT /v2.0/routers/cacb6955-ed72-4034-9c79-de1862f73304/tags HTTP/1.1" status: 200 len: 212 time: 0.0526600
2026-04-28 04:29:20.823 10 INFO neutron.wsgi [None req-89505b96-1b5e-44f2-af59-d0472e13aa1b cbc3e3f61e384d32896df990ada913fb f32e3e7c19de4d09b52a72d72025139c - - default default] 10.0.0.152 "GET /v2.0/routers?tags=red HTTP/1.1" status: 200 len: 1601 time: 0.0784671
2026-04-28 04:29:20.902 10 INFO neutron.wsgi [None req-e409db43-e4be-4401-95d8-94c4c8ac9fed cbc3e3f61e384d32896df990ada913fb f32e3e7c19de4d09b52a72d72025139c - - default default] 10.0.0.152 "GET /v2.0/routers?tags=red%2Cblue HTTP/1.1" status: 200 len: 1144 time: 0.0735271
2026-04-28 04:29:20.984 9 INFO neutron.wsgi [None req-ed02b327-527c-4fb2-9559-f87db2b75bcc cbc3e3f61e384d32896df990ada913fb f32e3e7c19de4d09b52a72d72025139c - - default default] 10.0.0.152 "GET /v2.0/routers?tags-any=blue HTTP/1.1" status: 200 len: 1144 time: 0.0744138
2026-04-28 04:29:21.033 9 INFO neutron.wsgi [None req-34dc8c59-b079-4ff6-aaaa-13b2ae1de8a7 cbc3e3f61e384d32896df990ada913fb f32e3e7c19de4d09b52a72d72025139c - - default default] 10.0.0.152 "GET /v2.0/routers?tags-any=red%2Cblue HTTP/1.1" status: 200 len: 1601 time: 0.0443318
2026-04-28 04:29:21.352 10 INFO neutron.wsgi [None req-79e09a6e-9319-41df-8913-03e78a48c1a9 cbc3e3f61e384d32896df990ada913fb f32e3e7c19de4d09b52a72d72025139c - - default default] 10.0.0.152 "GET /v2.0/routers?not-tags=red HTTP/1.1" status: 200 len: 1116 time: 0.3126733
2026-04-28 04:29:21.410 10 INFO neutron.services.segments.plugin [-] Segment 73014ec6-bdd6-4525-9ce6-45523db0be1d resource provider aggregate not found
2026-04-28 04:29:21.415 10 INFO neutron.services.segments.plugin [-] Segment 73014ec6-bdd6-4525-9ce6-45523db0be1d resource provider aggregate not found
2026-04-28 04:29:21.430 10 INFO neutron.services.segments.plugin [-] Segment 73014ec6-bdd6-4525-9ce6-45523db0be1d resource provider not found; error: Placement Client Error (4xx): {"errors": [{"status": 404, "title": "Not Found", "detail": "The resource could not be found.\n\n No resource provider with uuid 73014ec6-bdd6-4525-9ce6-45523db0be1d found for delete ", "request_id": "req-1cd20926-416a-4b9f-8545-6e145a3665c1"}]}
2026-04-28 04:29:21.433 10 INFO neutron.services.segments.plugin [-] Segment 73014ec6-bdd6-4525-9ce6-45523db0be1d resource provider not found; error: Placement Client Error (4xx): {"errors": [{"status": 404, "title": "Not Found", "detail": "The resource could not be found.\n\n No resource provider with uuid 73014ec6-bdd6-4525-9ce6-45523db0be1d found for delete ", "request_id": "req-724a6408-63cc-4229-b443-e6954007c513"}]}
2026-04-28 04:29:21.438 9 INFO neutron.wsgi [None req-c6e08e88-8bb9-446d-a54f-728321174870 cbc3e3f61e384d32896df990ada913fb f32e3e7c19de4d09b52a72d72025139c - - default default] 10.0.0.152 "GET /v2.0/routers?not-tags=red%2Cblue HTTP/1.1" status: 200 len: 1573 time: 0.0799325
2026-04-28 04:29:21.475 10 INFO neutron.wsgi [None req-26b13bf0-b069-4c7c-b6d6-052c3ce5327d 0a258b4d7c1245559317d5f4d355f551 861d2842ec1f4341ae1ce7a52a2afb40 - - default default] 10.0.0.152 "DELETE /v2.0/networks/79d5fbf2-1739-453f-8efe-14a9c8c8d8f8 HTTP/1.1" status: 204 len: 168 time: 0.9725664
2026-04-28 04:29:21.503 9 INFO neutron.pecan_wsgi.hooks.translation [None req-ef45ee97-3b57-46eb-87bb-204346018e7a 0a258b4d7c1245559317d5f4d355f551 861d2842ec1f4341ae1ce7a52a2afb40 - - default default] DELETE failed (client error): The resource could not be found.
2026-04-28 04:29:21.506 9 INFO neutron.wsgi [None req-ef45ee97-3b57-46eb-87bb-204346018e7a 0a258b4d7c1245559317d5f4d355f551 861d2842ec1f4341ae1ce7a52a2afb40 - - default default] 10.0.0.152 "DELETE /v2.0/networks/79d5fbf2-1739-453f-8efe-14a9c8c8d8f8 HTTP/1.1" status: 404 len: 339 time: 0.0159814
2026-04-28 04:29:21.530 10 INFO neutron.wsgi [None req-cc5fe9c3-8490-4a6d-8115-71b17fd03705 cbc3e3f61e384d32896df990ada913fb f32e3e7c19de4d09b52a72d72025139c - - default default] 10.0.0.152 "GET /v2.0/routers?not-tags-any=blue HTTP/1.1" status: 200 len: 1573 time: 0.0805330
2026-04-28 04:29:21.587 10 INFO neutron.wsgi [None req-c2550e0a-84cd-4e13-aba5-a42e3f97813b cbc3e3f61e384d32896df990ada913fb f32e3e7c19de4d09b52a72d72025139c - - default default] 10.0.0.152 "GET /v2.0/routers?not-tags-any=red%2Cblue HTTP/1.1" status: 200 len: 1116 time: 0.0503435
2026-04-28 04:29:21.595 9 INFO neutron.wsgi [None req-5ff4543c-4fd9-40a8-b835-caf26af07bc2 0a258b4d7c1245559317d5f4d355f551 861d2842ec1f4341ae1ce7a52a2afb40 - - default default] 10.0.0.152 "GET /v2.0/networks?router%3Aexternal=True HTTP/1.1" status: 200 len: 845 time: 0.0788915
2026-04-28 04:29:21.641 9 INFO neutron.wsgi [None req-762cc4cd-b252-4cd6-91d1-689aee0c1ce7 0a258b4d7c1245559317d5f4d355f551 861d2842ec1f4341ae1ce7a52a2afb40 - - default default] 10.0.0.152 "GET /v2.0/subnets?network_id=ef863281-553f-4c82-b982-875a9cefc101 HTTP/1.1" status: 200 len: 820 time: 0.0415254
2026-04-28 04:29:21.646 10 INFO neutron.wsgi [None req-0505054b-7ae2-4064-b91f-525b4107f960 cbc3e3f61e384d32896df990ada913fb f32e3e7c19de4d09b52a72d72025139c - - default default] 10.0.0.152 "GET /v2.0/routers/cb589312-7d5e-4e95-8136-20e3a50bda0f HTTP/1.1" status: 200 len: 660 time: 0.0519288
2026-04-28 04:29:21.654 9 INFO neutron.wsgi [None req-039f7271-0397-4d9e-9ff1-f2d66b776716 0a258b4d7c1245559317d5f4d355f551 861d2842ec1f4341ae1ce7a52a2afb40 - - default default] 10.0.0.152 "GET /v2.0/extensions HTTP/1.1" status: 200 len: 16975 time: 0.0082283
2026-04-28 04:29:21.822 10 INFO neutron.wsgi [None req-39e4c34e-7759-42b2-b012-5d33ba39698a 0a258b4d7c1245559317d5f4d355f551 861d2842ec1f4341ae1ce7a52a2afb40 - - default default] 10.0.0.152 "GET /v2.0/networks HTTP/1.1" status: 200 len: 1503 time: 0.1624734
2026-04-28 04:29:21.896 9 INFO neutron.wsgi [None req-ff029063-7d4f-4104-a529-ae8198db1b0b 0a258b4d7c1245559317d5f4d355f551 861d2842ec1f4341ae1ce7a52a2afb40 - - default default] 10.0.0.152 "GET /v2.0/subnets HTTP/1.1" status: 200 len: 1428 time: 0.0618842
2026-04-28 04:29:21.993 9 INFO neutron.wsgi [None req-c4cc6c69-7629-456e-a886-9e0616aceaeb 0a258b4d7c1245559317d5f4d355f551 861d2842ec1f4341ae1ce7a52a2afb40 - - default default] 10.0.0.152 "GET /v2.0/networks/c51f0ba8-bbd1-4501-bfe8-13eed81f39c3 HTTP/1.1" status: 200 len: 862 time: 0.0913746
2026-04-28 04:29:22.035 9 INFO neutron.wsgi [None req-05f01fb2-47fb-4b75-bbd0-c23051880dda 0a258b4d7c1245559317d5f4d355f551 861d2842ec1f4341ae1ce7a52a2afb40 - - default default] 10.0.0.152 "GET /v2.0/subnets/184fb398-2df4-4840-8f4f-435f967a0433 HTTP/1.1" status: 200 len: 811 time: 0.0356250
2026-04-28 04:29:22.056 9 INFO neutron.pecan_wsgi.hooks.translation [None req-18ca61f6-969a-4baa-be78-26134f6f03f0 0a258b4d7c1245559317d5f4d355f551 861d2842ec1f4341ae1ce7a52a2afb40 - - default default] DELETE failed (client error): The resource could not be found.
2026-04-28 04:29:22.059 9 INFO neutron.wsgi [None req-18ca61f6-969a-4baa-be78-26134f6f03f0 0a258b4d7c1245559317d5f4d355f551 861d2842ec1f4341ae1ce7a52a2afb40 - - default default] 10.0.0.152 "DELETE /v2.0/subnets/cec25362-ca6e-4458-a74f-b7492f190f96 HTTP/1.1" status: 404 len: 337 time: 0.0177317
2026-04-28 04:29:22.080 9 INFO neutron.pecan_wsgi.hooks.translation [None req-bdb5e876-5e24-4f00-8525-b88af219973b 0a258b4d7c1245559317d5f4d355f551 861d2842ec1f4341ae1ce7a52a2afb40 - - default default] DELETE failed (client error): The resource could not be found.
2026-04-28 04:29:22.082 9 INFO neutron.wsgi [None req-bdb5e876-5e24-4f00-8525-b88af219973b 0a258b4d7c1245559317d5f4d355f551 861d2842ec1f4341ae1ce7a52a2afb40 - - default default] 10.0.0.152 "DELETE /v2.0/networks/79d5fbf2-1739-453f-8efe-14a9c8c8d8f8 HTTP/1.1" status: 404 len: 339 time: 0.0188677
2026-04-28 04:29:22.197 10 INFO neutron.db.ovn_revision_numbers_db [None req-2d08e002-48f1-4c8b-b259-cb3d100cadf1 cbc3e3f61e384d32896df990ada913fb f32e3e7c19de4d09b52a72d72025139c - - default default] Successfully bumped revision number for resource cb589312-7d5e-4e95-8136-20e3a50bda0f (type: routers) to 2
2026-04-28 04:29:22.201 10 INFO neutron.wsgi [None req-2d08e002-48f1-4c8b-b259-cb3d100cadf1 cbc3e3f61e384d32896df990ada913fb f32e3e7c19de4d09b52a72d72025139c - - default default] 10.0.0.152 "PUT /v2.0/routers/cb589312-7d5e-4e95-8136-20e3a50bda0f HTTP/1.1" status: 200 len: 660 time: 0.5488951
2026-04-28 04:29:22.227 10 INFO neutron.wsgi [None req-dcae24b6-d5d0-421e-9de0-7577cf68cc18 cbc3e3f61e384d32896df990ada913fb f32e3e7c19de4d09b52a72d72025139c - - default default] 10.0.0.152 "GET /v2.0/ports?device_id=cb589312-7d5e-4e95-8136-20e3a50bda0f HTTP/1.1" status: 200 len: 205 time: 0.0212674
2026-04-28 04:29:22.380 10 WARNING neutron_lib.context [None req-ff8ae64d-8456-412a-a976-24b370ebf877 6aa1a9e6ac2442dd8e8259e4d114524e 2d2fbaa9416444ae98aeff09c9ed909f - - default default] Method 'is_advsvc' is deprecated since 2023.2 release (neutron-lib 3.8.0) and will be removed once support for the old RBAC API policies will be removed from Neutron. Please use method 'is_service_role' instead.
2026-04-28 04:29:22.539 9 INFO neutron.wsgi [None req-62323239-948d-4d77-af9e-ed83ed37810c 0a258b4d7c1245559317d5f4d355f551 861d2842ec1f4341ae1ce7a52a2afb40 - - default default] 10.0.0.152 "DELETE /v2.0/subnets/184fb398-2df4-4840-8f4f-435f967a0433 HTTP/1.1" status: 204 len: 168 time: 0.4494836
2026-04-28 04:29:22.540 10 INFO neutron.wsgi [None req-e655a2e4-e3d0-4a4a-8454-7b3e6b75e146 cbc3e3f61e384d32896df990ada913fb f32e3e7c19de4d09b52a72d72025139c - - default default] 10.0.0.152 "DELETE /v2.0/routers/cb589312-7d5e-4e95-8136-20e3a50bda0f HTTP/1.1" status: 204 len: 168 time: 0.3082240
2026-04-28 04:29:22.594 10 INFO neutron.wsgi [None req-36734f0f-4492-4483-8b58-e3d238f035cf cbc3e3f61e384d32896df990ada913fb f32e3e7c19de4d09b52a72d72025139c - - default default] 10.0.0.152 "GET /v2.0/routers/b3c90569-3b79-410b-abfa-20e71d093de3 HTTP/1.1" status: 200 len: 668 time: 0.0498652
2026-04-28 04:29:22.596 10 INFO neutron.db.ovn_revision_numbers_db [None req-ff8ae64d-8456-412a-a976-24b370ebf877 6aa1a9e6ac2442dd8e8259e4d114524e 2d2fbaa9416444ae98aeff09c9ed909f - - default default] Successfully bumped revision number for resource 3bfdbf3f-e5b1-4c08-8635-05df09832f5f (type: security_groups) to 1
2026-04-28 04:29:22.600 9 INFO neutron.db.ovn_revision_numbers_db [None req-8c761415-ee8b-4a2d-9e43-0a6de724dab1 c2bcb4c140af4b37b2c28a3f02270ef0 4778e9665d2c4b13bf3d5775386d72dd - - default default] Successfully bumped revision number for resource 4e74076a-fb85-4319-8ce4-3e62a4da979c (type: security_groups) to 1
2026-04-28 04:29:22.618 9 INFO neutron.db.ovn_revision_numbers_db [None req-8c761415-ee8b-4a2d-9e43-0a6de724dab1 c2bcb4c140af4b37b2c28a3f02270ef0 4778e9665d2c4b13bf3d5775386d72dd - - default default] Successfully bumped revision number for resource 1615333a-16f8-4e6a-a197-86a989cf931f (type: security_group_rules) to 0
2026-04-28 04:29:22.634 10 INFO neutron.db.ovn_revision_numbers_db [None req-ff8ae64d-8456-412a-a976-24b370ebf877 6aa1a9e6ac2442dd8e8259e4d114524e 2d2fbaa9416444ae98aeff09c9ed909f - - default default] Successfully bumped revision number for resource 2eae5a15-48e4-490e-b139-4bc6e3cb4933 (type: security_group_rules) to 0
2026-04-28 04:29:22.640 9 INFO neutron.db.ovn_revision_numbers_db [None req-8c761415-ee8b-4a2d-9e43-0a6de724dab1 c2bcb4c140af4b37b2c28a3f02270ef0 4778e9665d2c4b13bf3d5775386d72dd - - default default] Successfully bumped revision number for resource 163a15d7-d706-4a02-82ca-fb40bbc64d61 (type: security_group_rules) to 0
2026-04-28 04:29:22.655 9 INFO neutron.db.ovn_revision_numbers_db [None req-8c761415-ee8b-4a2d-9e43-0a6de724dab1 c2bcb4c140af4b37b2c28a3f02270ef0 4778e9665d2c4b13bf3d5775386d72dd - - default default] Successfully bumped revision number for resource 45e2dd5e-c304-47f2-b7bf-1e932fa436e7 (type: security_group_rules) to 0
2026-04-28 04:29:22.674 10 INFO neutron.db.ovn_revision_numbers_db [None req-ff8ae64d-8456-412a-a976-24b370ebf877 6aa1a9e6ac2442dd8e8259e4d114524e 2d2fbaa9416444ae98aeff09c9ed909f - - default default] Successfully bumped revision number for resource 649661cb-6471-4f5d-8b57-df804e9dd2c4 (type: security_group_rules) to 0
2026-04-28 04:29:22.676 9 INFO neutron.db.ovn_revision_numbers_db [None req-8c761415-ee8b-4a2d-9e43-0a6de724dab1 c2bcb4c140af4b37b2c28a3f02270ef0 4778e9665d2c4b13bf3d5775386d72dd - - default default] Successfully bumped revision number for resource 503bd0e8-9148-483b-b285-b9bbf8eeeb67 (type: security_group_rules) to 0
2026-04-28 04:29:22.708 10 INFO neutron.db.ovn_revision_numbers_db [None req-ff8ae64d-8456-412a-a976-24b370ebf877 6aa1a9e6ac2442dd8e8259e4d114524e 2d2fbaa9416444ae98aeff09c9ed909f - - default default] Successfully bumped revision number for resource 767b82dd-9114-4e33-8ae8-2d45c05d3aa6 (type: security_group_rules) to 0
2026-04-28 04:29:22.715 9 INFO neutron.wsgi [None req-8c761415-ee8b-4a2d-9e43-0a6de724dab1 c2bcb4c140af4b37b2c28a3f02270ef0 4778e9665d2c4b13bf3d5775386d72dd - - default default] 10.0.0.152 "GET /v2.0/security-groups?tenant_id=8934685dfb164adbaacab2399f1d48fd&name=default HTTP/1.1" status: 200 len: 2996 time: 0.7181511
2026-04-28 04:29:22.747 10 INFO neutron.db.ovn_revision_numbers_db [None req-ff8ae64d-8456-412a-a976-24b370ebf877 6aa1a9e6ac2442dd8e8259e4d114524e 2d2fbaa9416444ae98aeff09c9ed909f - - default default] Successfully bumped revision number for resource eca391ad-a3ee-4cbe-8a3b-de8a1f7399c3 (type: security_group_rules) to 0
2026-04-28 04:29:22.817 10 INFO neutron.db.segments_db [None req-ff8ae64d-8456-412a-a976-24b370ebf877 6aa1a9e6ac2442dd8e8259e4d114524e 2d2fbaa9416444ae98aeff09c9ed909f - - default default] Added segment 49eca553-82ff-4c96-ab1e-00809f267f87 of type geneve for network 6ea8eb87-9c09-4d76-b621-cfde636ef94b
2026-04-28 04:29:22.905 9 INFO neutron.services.segments.plugin [-] Segment 58042379-e6f4-40f8-8345-14dc56d6257d resource provider aggregate not found
2026-04-28 04:29:22.911 9 INFO neutron.services.segments.plugin [-] Segment 58042379-e6f4-40f8-8345-14dc56d6257d resource provider aggregate not found
2026-04-28 04:29:22.920 9 INFO neutron.services.segments.plugin [-] Segment 58042379-e6f4-40f8-8345-14dc56d6257d resource provider not found; error: Placement Client Error (4xx): {"errors": [{"status": 404, "title": "Not Found", "detail": "The resource could not be found.\n\n No resource provider with uuid 58042379-e6f4-40f8-8345-14dc56d6257d found for delete ", "request_id": "req-40eb870d-3cfc-4b8b-bc8b-77f3e3d85f22"}]}
2026-04-28 04:29:22.925 9 INFO neutron.services.segments.plugin [-] Segment 58042379-e6f4-40f8-8345-14dc56d6257d resource provider not found; error: Placement Client Error (4xx): {"errors": [{"status": 404, "title": "Not Found", "detail": "The resource could not be found.\n\n No resource provider with uuid 58042379-e6f4-40f8-8345-14dc56d6257d found for delete ", "request_id": "req-d76e380f-d030-4910-ac6c-01f9025ecb94"}]}
2026-04-28 04:29:22.951 9 INFO neutron.wsgi [None req-b1396941-9a6e-4b80-a34d-6e2d075badfb 0a258b4d7c1245559317d5f4d355f551 861d2842ec1f4341ae1ce7a52a2afb40 - - default default] 10.0.0.152 "DELETE /v2.0/networks/c51f0ba8-bbd1-4501-bfe8-13eed81f39c3 HTTP/1.1" status: 204 len: 168 time: 0.4042914
2026-04-28 04:29:23.382 10 INFO neutron.db.ovn_revision_numbers_db [None req-ff8ae64d-8456-412a-a976-24b370ebf877 6aa1a9e6ac2442dd8e8259e4d114524e 2d2fbaa9416444ae98aeff09c9ed909f - - default default] Successfully bumped revision number for resource 6ea8eb87-9c09-4d76-b621-cfde636ef94b (type: networks) to 1
2026-04-28 04:29:23.426 10 INFO neutron.db.ovn_revision_numbers_db [None req-ef996443-6ed8-4e23-9fd8-4bdcef785133 cbc3e3f61e384d32896df990ada913fb f32e3e7c19de4d09b52a72d72025139c - - default default] Successfully bumped revision number for resource b3c90569-3b79-410b-abfa-20e71d093de3 (type: routers) to 2
2026-04-28 04:29:23.429 10 INFO neutron.wsgi [None req-ef996443-6ed8-4e23-9fd8-4bdcef785133 cbc3e3f61e384d32896df990ada913fb f32e3e7c19de4d09b52a72d72025139c - - default default] 10.0.0.152 "PUT /v2.0/routers/b3c90569-3b79-410b-abfa-20e71d093de3 HTTP/1.1" status: 200 len: 668 time: 0.8304689
2026-04-28 04:29:23.458 9 INFO neutron.wsgi [None req-2cb19e6d-002b-4d6d-ae29-77086958c24b cbc3e3f61e384d32896df990ada913fb f32e3e7c19de4d09b52a72d72025139c - - default default] 10.0.0.152 "GET /v2.0/ports?device_id=b3c90569-3b79-410b-abfa-20e71d093de3 HTTP/1.1" status: 200 len: 205 time: 0.0232725
2026-04-28 04:29:23.506 10 INFO neutron.wsgi [None req-1ba8ce47-937a-41bb-92ab-b23b4ccf123f c2bcb4c140af4b37b2c28a3f02270ef0 4778e9665d2c4b13bf3d5775386d72dd - - default default] 10.0.0.152 "DELETE /v2.0/security-groups/4e74076a-fb85-4319-8ce4-3e62a4da979c HTTP/1.1" status: 204 len: 168 time: 0.7842774
2026-04-28 04:29:23.594 10 WARNING neutron.scheduler.dhcp_agent_scheduler [None req-ff8ae64d-8456-412a-a976-24b370ebf877 6aa1a9e6ac2442dd8e8259e4d114524e 2d2fbaa9416444ae98aeff09c9ed909f - - default default] No more DHCP agents
2026-04-28 04:29:23.598 10 WARNING neutron.api.rpc.agentnotifiers.dhcp_rpc_agent_api [None req-ff8ae64d-8456-412a-a976-24b370ebf877 6aa1a9e6ac2442dd8e8259e4d114524e 2d2fbaa9416444ae98aeff09c9ed909f - - default default] Unable to schedule network 6ea8eb87-9c09-4d76-b621-cfde636ef94b: no agents available; will retry on subsequent port and subnet creation events.
2026-04-28 04:29:23.616 9 INFO neutron.wsgi [None req-e4a60306-a8ef-442d-98fa-daa2490c2d7b c2bcb4c140af4b37b2c28a3f02270ef0 4778e9665d2c4b13bf3d5775386d72dd - - default default] 10.0.0.152 "GET /v2.0/security-groups?tenant_id=861d2842ec1f4341ae1ce7a52a2afb40&name=default HTTP/1.1" status: 200 len: 2996 time: 0.1890118
2026-04-28 04:29:23.692 10 INFO neutron.db.ovn_revision_numbers_db [None req-ff8ae64d-8456-412a-a976-24b370ebf877 6aa1a9e6ac2442dd8e8259e4d114524e 2d2fbaa9416444ae98aeff09c9ed909f - - default default] Successfully bumped revision number for resource 9f3f0425-dc10-4bd7-b780-628b4a475e2a (type: ports) to 1
2026-04-28 04:29:23.715 10 INFO neutron.wsgi [None req-ff8ae64d-8456-412a-a976-24b370ebf877 6aa1a9e6ac2442dd8e8259e4d114524e 2d2fbaa9416444ae98aeff09c9ed909f - - default default] 10.0.0.152 "POST /v2.0/networks HTTP/1.1" status: 201 len: 832 time: 1.4569848
2026-04-28 04:29:23.724 10 WARNING neutron_lib.context [None req-86be1fe2-e5f9-46a1-b827-d677fc7dbdd9 6aa1a9e6ac2442dd8e8259e4d114524e 2d2fbaa9416444ae98aeff09c9ed909f - - default default] Method 'is_advsvc' is deprecated since 2023.2 release (neutron-lib 3.8.0) and will be removed once support for the old RBAC API policies will be removed from Neutron. Please use method 'is_service_role' instead.
2026-04-28 04:29:23.759 10 INFO neutron.db.ovn_revision_numbers_db [None req-a9efcdb8-904a-465f-8d61-02c0dc7ee923 c2bcb4c140af4b37b2c28a3f02270ef0 4778e9665d2c4b13bf3d5775386d72dd - - default default] Successfully bumped revision number for resource 51a28121-17a9-49f6-8b5f-44bb28ebffdf (type: security_groups) to 1
2026-04-28 04:29:23.781 10 INFO neutron.db.ovn_revision_numbers_db [None req-a9efcdb8-904a-465f-8d61-02c0dc7ee923 c2bcb4c140af4b37b2c28a3f02270ef0 4778e9665d2c4b13bf3d5775386d72dd - - default default] Successfully bumped revision number for resource 2d525e29-c673-4430-89e5-b12f13a3841f (type: security_group_rules) to 0
2026-04-28 04:29:23.806 10 INFO neutron.db.ovn_revision_numbers_db [None req-a9efcdb8-904a-465f-8d61-02c0dc7ee923 c2bcb4c140af4b37b2c28a3f02270ef0 4778e9665d2c4b13bf3d5775386d72dd - - default default] Successfully bumped revision number for resource 3f7a12a1-f34f-46bd-97ad-9cd103aa1b95 (type: security_group_rules) to 0
2026-04-28 04:29:23.808 9 INFO neutron.wsgi [None req-ea5ef304-bf3a-4768-aec4-9a3bc9339b26 cbc3e3f61e384d32896df990ada913fb f32e3e7c19de4d09b52a72d72025139c - - default default] 10.0.0.152 "DELETE /v2.0/routers/b3c90569-3b79-410b-abfa-20e71d093de3 HTTP/1.1" status: 204 len: 168 time: 0.3454857
2026-04-28 04:29:23.845 10 INFO neutron.db.ovn_revision_numbers_db [None req-a9efcdb8-904a-465f-8d61-02c0dc7ee923 c2bcb4c140af4b37b2c28a3f02270ef0 4778e9665d2c4b13bf3d5775386d72dd - - default default] Successfully bumped revision number for resource 9c44c285-56ef-46ac-a83f-ffab036ae3f5 (type: security_group_rules) to 0
2026-04-28 04:29:23.858 9 INFO neutron.wsgi [None req-2d12123a-9458-41af-884c-0f6f9b81e480 cbc3e3f61e384d32896df990ada913fb f32e3e7c19de4d09b52a72d72025139c - - default default] 10.0.0.152 "GET /v2.0/routers/0502482d-9341-4475-8355-654fce778ef7 HTTP/1.1" status: 200 len: 677 time: 0.0453751
2026-04-28 04:29:23.875 10 INFO neutron.db.ovn_revision_numbers_db [None req-a9efcdb8-904a-465f-8d61-02c0dc7ee923 c2bcb4c140af4b37b2c28a3f02270ef0 4778e9665d2c4b13bf3d5775386d72dd - - default default] Successfully bumped revision number for resource ff9c8e35-a586-4565-809f-21f4e47b1acb (type: security_group_rules) to 0
2026-04-28 04:29:23.914 10 INFO neutron.wsgi [None req-a9efcdb8-904a-465f-8d61-02c0dc7ee923 c2bcb4c140af4b37b2c28a3f02270ef0 4778e9665d2c4b13bf3d5775386d72dd - - default default] 10.0.0.152 "GET /v2.0/security-groups?tenant_id=d238e780ebb74929a709e725a0654f2e&name=default HTTP/1.1" status: 200 len: 2996 time: 0.3021863
2026-04-28 04:29:24.075 9 INFO neutron.wsgi [None req-68217f1e-351c-4336-a4ed-33760bea1476 c2bcb4c140af4b37b2c28a3f02270ef0 4778e9665d2c4b13bf3d5775386d72dd - - default default] 10.0.0.152 "DELETE /v2.0/security-groups/91fd7f36-32f1-4f8b-97f5-c26769a33b02 HTTP/1.1" status: 204 len: 168 time: 0.4538891
2026-04-28 04:29:24.188 10 WARNING neutron.scheduler.dhcp_agent_scheduler [None req-86be1fe2-e5f9-46a1-b827-d677fc7dbdd9 6aa1a9e6ac2442dd8e8259e4d114524e 2d2fbaa9416444ae98aeff09c9ed909f - - default default] No more DHCP agents
2026-04-28 04:29:24.189 10 WARNING neutron.api.rpc.agentnotifiers.dhcp_rpc_agent_api [None req-86be1fe2-e5f9-46a1-b827-d677fc7dbdd9 6aa1a9e6ac2442dd8e8259e4d114524e 2d2fbaa9416444ae98aeff09c9ed909f - - default default] Unable to schedule network ef863281-553f-4c82-b982-875a9cefc101: no agents available; will retry on subsequent port and subnet creation events.
2026-04-28 04:29:24.213 10 INFO neutron.wsgi [None req-d9428df9-07ce-4915-8e26-0179c227e94a c2bcb4c140af4b37b2c28a3f02270ef0 4778e9665d2c4b13bf3d5775386d72dd - - default default] 10.0.0.152 "DELETE /v2.0/security-groups/51a28121-17a9-49f6-8b5f-44bb28ebffdf HTTP/1.1" status: 204 len: 168 time: 0.2931700
2026-04-28 04:29:24.322 9 INFO neutron.db.ovn_revision_numbers_db [None req-d609c2bb-3ede-4a17-a485-5f1dd12f2f87 cbc3e3f61e384d32896df990ada913fb f32e3e7c19de4d09b52a72d72025139c - - default default] Successfully bumped revision number for resource 0502482d-9341-4475-8355-654fce778ef7 (type: routers) to 2
2026-04-28 04:29:24.326 9 INFO neutron.wsgi [None req-d609c2bb-3ede-4a17-a485-5f1dd12f2f87 cbc3e3f61e384d32896df990ada913fb f32e3e7c19de4d09b52a72d72025139c - - default default] 10.0.0.152 "PUT /v2.0/routers/0502482d-9341-4475-8355-654fce778ef7 HTTP/1.1" status: 200 len: 677 time: 0.4628968
2026-04-28 04:29:24.338 10 INFO neutron.db.ovn_revision_numbers_db [None req-86be1fe2-e5f9-46a1-b827-d677fc7dbdd9 6aa1a9e6ac2442dd8e8259e4d114524e 2d2fbaa9416444ae98aeff09c9ed909f - - default default] Successfully bumped revision number for resource e1291dcf-cd2e-4cf0-8768-c99517b802c8 (type: ports) to 1
2026-04-28 04:29:24.358 9 INFO neutron.wsgi [None req-7c171626-bced-4228-9023-24ecdf70d734 cbc3e3f61e384d32896df990ada913fb f32e3e7c19de4d09b52a72d72025139c - - default default] 10.0.0.152 "GET /v2.0/ports?device_id=0502482d-9341-4475-8355-654fce778ef7 HTTP/1.1" status: 200 len: 205 time: 0.0262332
2026-04-28 04:29:24.651 10 INFO neutron.wsgi [None req-b854345f-7732-404b-976a-7c9c3eba0b4e cbc3e3f61e384d32896df990ada913fb f32e3e7c19de4d09b52a72d72025139c - - default default] 10.0.0.152 "DELETE /v2.0/routers/0502482d-9341-4475-8355-654fce778ef7 HTTP/1.1" status: 204 len: 168 time: 0.2887924
2026-04-28 04:29:24.700 9 INFO neutron.wsgi [None req-3f009577-b266-4364-9023-5a66e44822b5 cbc3e3f61e384d32896df990ada913fb f32e3e7c19de4d09b52a72d72025139c - - default default] 10.0.0.152 "GET /v2.0/routers/cacb6955-ed72-4034-9c79-de1862f73304 HTTP/1.1" status: 200 len: 662 time: 0.0429182
2026-04-28 04:29:25.028 9 INFO neutron.plugins.ml2.drivers.ovn.mech_driver.mech_driver [None req-6c206e50-ffc3-4904-b84b-1128d88e7ab4 - - - - - -] OVN reports status up for port: e1291dcf-cd2e-4cf0-8768-c99517b802c8
2026-04-28 04:29:25.036 9 INFO neutron.plugins.ml2.drivers.ovn.mech_driver.ovsdb.ovsdb_monitor [None req-d581a1e3-16cb-4818-b7b4-11c1c63fde0c - - - - - -] Router b6dec7ad-8be5-4024-ae49-f2241d8a831e is bound to host instance
2026-04-28 04:29:25.059 10 INFO neutron.db.ovn_revision_numbers_db [None req-86be1fe2-e5f9-46a1-b827-d677fc7dbdd9 6aa1a9e6ac2442dd8e8259e4d114524e 2d2fbaa9416444ae98aeff09c9ed909f - - default default] Successfully bumped revision number for resource e1291dcf-cd2e-4cf0-8768-c99517b802c8 (type: router_ports) to 1
2026-04-28 04:29:25.073 9 INFO neutron.plugins.ml2.plugin [None req-6c206e50-ffc3-4904-b84b-1128d88e7ab4 - - - - - -] Attempt 1 to provision port e1291dcf-cd2e-4cf0-8768-c99517b802c8
2026-04-28 04:29:25.148 10 INFO neutron.db.ovn_revision_numbers_db [None req-86be1fe2-e5f9-46a1-b827-d677fc7dbdd9 6aa1a9e6ac2442dd8e8259e4d114524e 2d2fbaa9416444ae98aeff09c9ed909f - - default default] Successfully bumped revision number for resource b6dec7ad-8be5-4024-ae49-f2241d8a831e (type: routers) to 2
2026-04-28 04:29:25.166 10 INFO neutron.wsgi [None req-86be1fe2-e5f9-46a1-b827-d677fc7dbdd9 6aa1a9e6ac2442dd8e8259e4d114524e 2d2fbaa9416444ae98aeff09c9ed909f - - default default] 10.0.0.152 "POST /v2.0/routers HTTP/1.1" status: 201 len: 874 time: 1.4455879
2026-04-28 04:29:25.482 9 INFO neutron.db.ovn_revision_numbers_db [None req-021be484-0599-49ea-9f16-18c7fe7d8f56 cbc3e3f61e384d32896df990ada913fb f32e3e7c19de4d09b52a72d72025139c - - default default] Successfully bumped revision number for resource cacb6955-ed72-4034-9c79-de1862f73304 (type: routers) to 2
2026-04-28 04:29:25.486 9 INFO neutron.wsgi [None req-021be484-0599-49ea-9f16-18c7fe7d8f56 cbc3e3f61e384d32896df990ada913fb f32e3e7c19de4d09b52a72d72025139c - - default default] 10.0.0.152 "PUT /v2.0/routers/cacb6955-ed72-4034-9c79-de1862f73304 HTTP/1.1" status: 200 len: 662 time: 0.7822616
2026-04-28 04:29:25.513 10 INFO neutron.wsgi [None req-8c9ae9d4-7445-4b9f-b1b1-102c48d36c97 cbc3e3f61e384d32896df990ada913fb f32e3e7c19de4d09b52a72d72025139c - - default default] 10.0.0.152 "GET /v2.0/ports?device_id=cacb6955-ed72-4034-9c79-de1862f73304 HTTP/1.1" status: 200 len: 205 time: 0.0215962
2026-04-28 04:29:25.559 10 INFO neutron.wsgi [None req-049f954d-4382-489e-adaa-d40ace39fbef 30f291951d3d4e2f82ec81bb490ced5b e100696f8c8e4d71bcb8a90c8db31eac - - default default] 10.0.0.152 "GET /v2.0/subnets?project_id=2d2fbaa9416444ae98aeff09c9ed909f&cidr=10.100.0.0%2F28 HTTP/1.1" status: 200 len: 207 time: 0.3860667
2026-04-28 04:29:25.674 10 INFO neutron.wsgi [None req-edda5736-4e01-420b-9e1e-031d5785de4b 30f291951d3d4e2f82ec81bb490ced5b e100696f8c8e4d71bcb8a90c8db31eac - - default default] 10.0.0.152 "GET /v2.0/networks?router%3Aexternal=True HTTP/1.1" status: 200 len: 947 time: 0.0948617
2026-04-28 04:29:25.697 10 INFO neutron.wsgi [None req-4b1eb060-d55b-4800-95d4-2563dd7e5e17 30f291951d3d4e2f82ec81bb490ced5b e100696f8c8e4d71bcb8a90c8db31eac - - default default] 10.0.0.152 "GET /v2.0/subnets?network_id=ef863281-553f-4c82-b982-875a9cefc101&cidr=10.100.0.0%2F28 HTTP/1.1" status: 200 len: 207 time: 0.0182917
2026-04-28 04:29:25.704 10 WARNING neutron_lib.context [None req-799e0d4c-ec2f-4717-9c89-60922b1fc548 6aa1a9e6ac2442dd8e8259e4d114524e 2d2fbaa9416444ae98aeff09c9ed909f - - default default] Method 'is_advsvc' is deprecated since 2023.2 release (neutron-lib 3.8.0) and will be removed once support for the old RBAC API policies will be removed from Neutron. Please use method 'is_service_role' instead.
2026-04-28 04:29:25.911 9 INFO neutron.wsgi [None req-d0665540-36d2-49b0-bf87-27d7227d1cd1 cbc3e3f61e384d32896df990ada913fb f32e3e7c19de4d09b52a72d72025139c - - default default] 10.0.0.152 "DELETE /v2.0/routers/cacb6955-ed72-4034-9c79-de1862f73304 HTTP/1.1" status: 204 len: 168 time: 0.3866382
2026-04-28 04:29:25.964 9 INFO neutron.wsgi [None req-0471fa08-5dc6-4baa-8351-9eb14ad9c42e cbc3e3f61e384d32896df990ada913fb f32e3e7c19de4d09b52a72d72025139c - - default default] 10.0.0.152 "GET /v2.0/routers/9f2594b1-292e-4bab-85eb-b885d76e2755 HTTP/1.1" status: 200 len: 655 time: 0.0482564
2026-04-28 04:29:26.268 10 WARNING neutron.scheduler.dhcp_agent_scheduler [None req-799e0d4c-ec2f-4717-9c89-60922b1fc548 6aa1a9e6ac2442dd8e8259e4d114524e 2d2fbaa9416444ae98aeff09c9ed909f - - default default] No more DHCP agents
2026-04-28 04:29:26.271 10 WARNING neutron.api.rpc.agentnotifiers.dhcp_rpc_agent_api [None req-799e0d4c-ec2f-4717-9c89-60922b1fc548 6aa1a9e6ac2442dd8e8259e4d114524e 2d2fbaa9416444ae98aeff09c9ed909f - - default default] Unable to schedule network 6ea8eb87-9c09-4d76-b621-cfde636ef94b: no agents available; will retry on subsequent port and subnet creation events.
2026-04-28 04:29:26.313 9 INFO neutron.db.ovn_revision_numbers_db [None req-d581a1e3-16cb-4818-b7b4-11c1c63fde0c - - - - - -] Successfully bumped revision number for resource e1291dcf-cd2e-4cf0-8768-c99517b802c8 (type: ports) to 1
2026-04-28 04:29:26.629 9 INFO neutron.wsgi [None req-3e066007-99b6-4d6a-a244-1c27f2e6c098 cbc3e3f61e384d32896df990ada913fb f32e3e7c19de4d09b52a72d72025139c - - default default] 10.0.0.152 "PUT /v2.0/routers/9f2594b1-292e-4bab-85eb-b885d76e2755 HTTP/1.1" status: 200 len: 655 time: 0.6593432
2026-04-28 04:29:26.651 9 INFO neutron.wsgi [None req-15f76a8d-453d-408d-983f-c53899b144b1 cbc3e3f61e384d32896df990ada913fb f32e3e7c19de4d09b52a72d72025139c - - default default] 10.0.0.152 "GET /v2.0/ports?device_id=9f2594b1-292e-4bab-85eb-b885d76e2755 HTTP/1.1" status: 200 len: 205 time: 0.0164661[00m
2026-04-28 04:29:26.812 9 INFO neutron.db.ovn_revision_numbers_db [None req-d581a1e3-16cb-4818-b7b4-11c1c63fde0c - - - - - -] Successfully bumped revision number for resource e1291dcf-cd2e-4cf0-8768-c99517b802c8 (type: router_ports) to 3
2026-04-28 04:29:26.894 10 INFO neutron.db.ovn_revision_numbers_db [None req-799e0d4c-ec2f-4717-9c89-60922b1fc548 6aa1a9e6ac2442dd8e8259e4d114524e 2d2fbaa9416444ae98aeff09c9ed909f - - default default] Successfully bumped revision number for resource 9f3f0425-dc10-4bd7-b780-628b4a475e2a (type: ports) to 2
2026-04-28 04:29:26.966 10 INFO neutron.db.ovn_revision_numbers_db [None req-799e0d4c-ec2f-4717-9c89-60922b1fc548 6aa1a9e6ac2442dd8e8259e4d114524e 2d2fbaa9416444ae98aeff09c9ed909f - - default default] Successfully bumped revision number for resource dcecf401-690d-49c0-b8c6-ab81acb8d9ea (type: subnets) to 0
2026-04-28 04:29:26.986 9 INFO neutron.db.ovn_revision_numbers_db [None req-d581a1e3-16cb-4818-b7b4-11c1c63fde0c - - - - - -] Successfully bumped revision number for resource e1291dcf-cd2e-4cf0-8768-c99517b802c8 (type: ports) to 2
2026-04-28 04:29:26.987 10 INFO neutron.wsgi [None req-b81fc721-ae38-428b-a68a-23cadbabd93b cbc3e3f61e384d32896df990ada913fb f32e3e7c19de4d09b52a72d72025139c - - default default] 10.0.0.152 "DELETE /v2.0/routers/9f2594b1-292e-4bab-85eb-b885d76e2755 HTTP/1.1" status: 204 len: 168 time: 0.3311946
2026-04-28 04:29:26.990 10 INFO neutron.wsgi [None req-799e0d4c-ec2f-4717-9c89-60922b1fc548 6aa1a9e6ac2442dd8e8259e4d114524e 2d2fbaa9416444ae98aeff09c9ed909f - - default default] 10.0.0.152 "POST /v2.0/subnets HTTP/1.1" status: 201 len: 831 time: 1.2898152
2026-04-28 04:29:27.250 9 INFO neutron.db.ovn_revision_numbers_db [None req-d581a1e3-16cb-4818-b7b4-11c1c63fde0c - - - - - -] Successfully bumped revision number for resource e1291dcf-cd2e-4cf0-8768-c99517b802c8 (type: ports) to 4
2026-04-28 04:29:27.401 9 INFO neutron.db.ovn_revision_numbers_db [None req-d581a1e3-16cb-4818-b7b4-11c1c63fde0c - - - - - -] Successfully bumped revision number for resource e1291dcf-cd2e-4cf0-8768-c99517b802c8 (type: router_ports) to 4
2026-04-28 04:29:27.583 10 WARNING neutron.scheduler.dhcp_agent_scheduler [None req-2ae4aaee-c96f-4863-bd28-21c7ae8deb05 6aa1a9e6ac2442dd8e8259e4d114524e 2d2fbaa9416444ae98aeff09c9ed909f - - default default] No more DHCP agents
2026-04-28 04:29:27.587 10 WARNING neutron.api.rpc.agentnotifiers.dhcp_rpc_agent_api [None req-2ae4aaee-c96f-4863-bd28-21c7ae8deb05 6aa1a9e6ac2442dd8e8259e4d114524e 2d2fbaa9416444ae98aeff09c9ed909f - - default default] Unable to schedule network 6ea8eb87-9c09-4d76-b621-cfde636ef94b: no agents available; will retry on subsequent port and subnet creation events.
2026-04-28 04:29:27.748 10 INFO neutron.db.ovn_revision_numbers_db [None req-2ae4aaee-c96f-4863-bd28-21c7ae8deb05 6aa1a9e6ac2442dd8e8259e4d114524e 2d2fbaa9416444ae98aeff09c9ed909f - - default default] Successfully bumped revision number for resource e076a9d3-cee3-465f-9930-8a06b8590961 (type: ports) to 1
2026-04-28 04:29:28.285 9 INFO neutron.db.ovn_revision_numbers_db [None req-563cfc50-e675-4f5a-9368-606684b6658e c2bcb4c140af4b37b2c28a3f02270ef0 4778e9665d2c4b13bf3d5775386d72dd - - default default] Successfully bumped revision number for resource 959d4d73-5978-46ee-9921-669e3abc732a (type: security_groups) to 1
2026-04-28 04:29:28.302 9 INFO neutron.db.ovn_revision_numbers_db [None req-563cfc50-e675-4f5a-9368-606684b6658e c2bcb4c140af4b37b2c28a3f02270ef0 4778e9665d2c4b13bf3d5775386d72dd - - default default] Successfully bumped revision number for resource 5f88fc95-b769-4b8c-a33c-8a471bd131f2 (type: security_group_rules) to 0
2026-04-28 04:29:28.320 9 INFO neutron.db.ovn_revision_numbers_db [None req-563cfc50-e675-4f5a-9368-606684b6658e c2bcb4c140af4b37b2c28a3f02270ef0 4778e9665d2c4b13bf3d5775386d72dd - - default default] Successfully bumped revision number for resource aaedd041-0022-4ccb-8823-bac8273d267d (type: security_group_rules) to 0
2026-04-28 04:29:28.340 9 INFO neutron.db.ovn_revision_numbers_db [None req-563cfc50-e675-4f5a-9368-606684b6658e c2bcb4c140af4b37b2c28a3f02270ef0 4778e9665d2c4b13bf3d5775386d72dd - - default default] Successfully bumped revision number for resource c20a0e27-44f1-4a46-9e09-496edcc4f920 (type: security_group_rules) to 0
2026-04-28 04:29:28.356 9 INFO neutron.db.ovn_revision_numbers_db [None req-563cfc50-e675-4f5a-9368-606684b6658e c2bcb4c140af4b37b2c28a3f02270ef0 4778e9665d2c4b13bf3d5775386d72dd - - default default] Successfully bumped revision number for resource e51aa1dd-5407-4e45-8753-b652ef28531c (type: security_group_rules) to 0
2026-04-28 04:29:28.382 9 INFO neutron.wsgi [None req-563cfc50-e675-4f5a-9368-606684b6658e c2bcb4c140af4b37b2c28a3f02270ef0 4778e9665d2c4b13bf3d5775386d72dd - - default default] 10.0.0.152 "GET /v2.0/security-groups?tenant_id=224b29b4987248599f8bb2eb269c566a&name=default HTTP/1.1" status: 200 len: 2996 time: 0.4916987
2026-04-28 04:29:28.421 9 INFO neutron.db.ovn_revision_numbers_db [None req-ae74661c-34ca-48a0-94fb-ec1546888106 c2bcb4c140af4b37b2c28a3f02270ef0 4778e9665d2c4b13bf3d5775386d72dd - - default default] Successfully bumped revision number for resource 7ca2a9de-6289-4a28-8348-73e77f0674be (type: security_groups) to 1
2026-04-28 04:29:28.440 9 INFO neutron.db.ovn_revision_numbers_db [None req-ae74661c-34ca-48a0-94fb-ec1546888106 c2bcb4c140af4b37b2c28a3f02270ef0 4778e9665d2c4b13bf3d5775386d72dd - - default default] Successfully bumped revision number for resource 38bbad0f-9e63-4569-8019-bba1f4fd62fa (type: security_group_rules) to 0
2026-04-28 04:29:28.456 9 INFO neutron.db.ovn_revision_numbers_db [None req-ae74661c-34ca-48a0-94fb-ec1546888106 c2bcb4c140af4b37b2c28a3f02270ef0 4778e9665d2c4b13bf3d5775386d72dd - - default default] Successfully bumped revision number for resource 6ff0b403-ad33-4166-8773-7af6d9d61981 (type: security_group_rules) to 0
2026-04-28 04:29:28.474 9 INFO neutron.db.ovn_revision_numbers_db [None req-ae74661c-34ca-48a0-94fb-ec1546888106 c2bcb4c140af4b37b2c28a3f02270ef0 4778e9665d2c4b13bf3d5775386d72dd - - default default] Successfully bumped revision number for resource 9b85b91a-c90d-4dfd-9dfa-9954ba5b1890 (type: security_group_rules) to 0
2026-04-28 04:29:28.488 9 INFO neutron.db.ovn_revision_numbers_db [None req-ae74661c-34ca-48a0-94fb-ec1546888106 c2bcb4c140af4b37b2c28a3f02270ef0 4778e9665d2c4b13bf3d5775386d72dd - - default default] Successfully bumped revision number for resource cbeb7f89-3980-4f49-a9b2-30af3f671a1f (type: security_group_rules) to 0
2026-04-28 04:29:28.520 9 INFO neutron.wsgi [None req-ae74661c-34ca-48a0-94fb-ec1546888106 c2bcb4c140af4b37b2c28a3f02270ef0 4778e9665d2c4b13bf3d5775386d72dd - - default default] 10.0.0.152 "GET /v2.0/security-groups?tenant_id=cd00c15baf7e485cbb2479c9c22ac888&name=default HTTP/1.1" status: 200 len: 2996 time: 0.2958624
2026-04-28 04:29:28.537 10 INFO neutron.plugins.ml2.drivers.ovn.mech_driver.mech_driver [None req-9ae27d8b-17bd-449a-a7a8-2c954a028690 - - - - - -] OVN reports status up for port: e076a9d3-cee3-465f-9930-8a06b8590961
2026-04-28 04:29:28.553 10 INFO neutron.plugins.ml2.plugin [None req-9ae27d8b-17bd-449a-a7a8-2c954a028690 - - - - - -] Attempt 1 to provision port e076a9d3-cee3-465f-9930-8a06b8590961
2026-04-28 04:29:28.578 10 INFO neutron.db.ovn_revision_numbers_db [None req-2ae4aaee-c96f-4863-bd28-21c7ae8deb05 6aa1a9e6ac2442dd8e8259e4d114524e 2d2fbaa9416444ae98aeff09c9ed909f - - default default] Successfully bumped revision number for resource e076a9d3-cee3-465f-9930-8a06b8590961 (type: router_ports) to 1
2026-04-28 04:29:28.628 9 INFO neutron.wsgi [None req-93cacbe7-c2f0-4be0-9bbb-a96ff91343c8 c2bcb4c140af4b37b2c28a3f02270ef0 4778e9665d2c4b13bf3d5775386d72dd - - default default] 10.0.0.152 "DELETE /v2.0/security-groups/959d4d73-5978-46ee-9921-669e3abc732a HTTP/1.1" status: 204 len: 168 time: 0.2396615
2026-04-28 04:29:28.769 9 INFO neutron.wsgi [None req-a713e324-e55f-4a7e-b35e-3269d0fa692e c2bcb4c140af4b37b2c28a3f02270ef0 4778e9665d2c4b13bf3d5775386d72dd - - default default] 10.0.0.152 "DELETE /v2.0/security-groups/7ca2a9de-6289-4a28-8348-73e77f0674be HTTP/1.1" status: 204 len: 168 time: 0.2391453
2026-04-28 04:29:28.793 10 INFO neutron.db.ovn_revision_numbers_db [None req-2ae4aaee-c96f-4863-bd28-21c7ae8deb05 6aa1a9e6ac2442dd8e8259e4d114524e 2d2fbaa9416444ae98aeff09c9ed909f - - default default] Successfully bumped revision number for resource e076a9d3-cee3-465f-9930-8a06b8590961 (type: ports) to 1
2026-04-28 04:29:28.861 9 INFO neutron.db.ovn_revision_numbers_db [None req-eb01cda1-9971-4678-955d-55c174316672 c2bcb4c140af4b37b2c28a3f02270ef0 4778e9665d2c4b13bf3d5775386d72dd - - default default] Successfully bumped revision number for resource c04bb91e-7b91-4b26-af4a-501e3b7ddb29 (type: security_groups) to 1
2026-04-28 04:29:28.877 9 INFO neutron.db.ovn_revision_numbers_db [None req-eb01cda1-9971-4678-955d-55c174316672 c2bcb4c140af4b37b2c28a3f02270ef0 4778e9665d2c4b13bf3d5775386d72dd - - default default] Successfully bumped revision number for resource 3395cc80-2ebe-455b-b4be-c8ba78ccc2d1 (type: security_group_rules) to 0
2026-04-28 04:29:28.893 9 INFO neutron.db.ovn_revision_numbers_db [None req-eb01cda1-9971-4678-955d-55c174316672 c2bcb4c140af4b37b2c28a3f02270ef0 4778e9665d2c4b13bf3d5775386d72dd - - default default] Successfully bumped revision number for resource 8bcfde72-80e0-457f-b826-ffbcd3db6b6d (type: security_group_rules) to 0
2026-04-28 04:29:28.906 9 INFO neutron.db.ovn_revision_numbers_db [None req-eb01cda1-9971-4678-955d-55c174316672 c2bcb4c140af4b37b2c28a3f02270ef0 4778e9665d2c4b13bf3d5775386d72dd - - default default] Successfully bumped revision number for resource a08160cc-6488-47c2-868b-eaf4250ab968 (type: security_group_rules) to 0
2026-04-28 04:29:28.908 10 WARNING neutron.scheduler.dhcp_agent_scheduler [None req-2ae4aaee-c96f-4863-bd28-21c7ae8deb05 6aa1a9e6ac2442dd8e8259e4d114524e 2d2fbaa9416444ae98aeff09c9ed909f - - default default] No more DHCP agents
2026-04-28 04:29:28.910 10 WARNING neutron.api.rpc.agentnotifiers.dhcp_rpc_agent_api [None req-2ae4aaee-c96f-4863-bd28-21c7ae8deb05 6aa1a9e6ac2442dd8e8259e4d114524e 2d2fbaa9416444ae98aeff09c9ed909f - - default default] Unable to schedule network 6ea8eb87-9c09-4d76-b621-cfde636ef94b: no agents available; will retry on subsequent port and subnet creation events.
2026-04-28 04:29:28.928 9 INFO neutron.db.ovn_revision_numbers_db [None req-eb01cda1-9971-4678-955d-55c174316672 c2bcb4c140af4b37b2c28a3f02270ef0 4778e9665d2c4b13bf3d5775386d72dd - - default default] Successfully bumped revision number for resource aca4cc28-dc4d-48d7-8973-5d4e695d1bda (type: security_group_rules) to 0
2026-04-28 04:29:28.929 10 INFO neutron.db.ovn_revision_numbers_db [None req-9ae27d8b-17bd-449a-a7a8-2c954a028690 - - - - - -] Successfully bumped revision number for resource e076a9d3-cee3-465f-9930-8a06b8590961 (type: ports) to 2
2026-04-28 04:29:28.952 9 INFO neutron.wsgi [None req-eb01cda1-9971-4678-955d-55c174316672 c2bcb4c140af4b37b2c28a3f02270ef0 4778e9665d2c4b13bf3d5775386d72dd - - default default] 10.0.0.152 "GET /v2.0/security-groups?tenant_id=f32e3e7c19de4d09b52a72d72025139c&name=default HTTP/1.1" status: 200 len: 2996 time: 0.2077372
2026-04-28 04:29:29.043 10 INFO neutron.db.ovn_revision_numbers_db [None req-9ae27d8b-17bd-449a-a7a8-2c954a028690 - - - - - -] Successfully bumped revision number for resource e076a9d3-cee3-465f-9930-8a06b8590961 (type: router_ports) to 2
2026-04-28 04:29:29.183 9 INFO neutron.wsgi [None req-2926b106-48b4-4c60-bb5c-13ad388e657f c2bcb4c140af4b37b2c28a3f02270ef0 4778e9665d2c4b13bf3d5775386d72dd - - default default] 10.0.0.152 "DELETE /v2.0/security-groups/c04bb91e-7b91-4b26-af4a-501e3b7ddb29 HTTP/1.1" status: 204 len: 168 time: 0.2244258
2026-04-28 04:29:29.185 9 INFO neutron.db.ovn_revision_numbers_db [None req-952295aa-3c80-4921-b136-d6feed8c5c0b c2bcb4c140af4b37b2c28a3f02270ef0 4778e9665d2c4b13bf3d5775386d72dd - - default default] Successfully bumped revision number for resource d7673eb4-91b2-4dd9-b551-9d81413713e9 (type: security_groups) to 1
2026-04-28 04:29:29.198 9 INFO neutron.db.ovn_revision_numbers_db [None req-952295aa-3c80-4921-b136-d6feed8c5c0b c2bcb4c140af4b37b2c28a3f02270ef0 4778e9665d2c4b13bf3d5775386d72dd - - default default] Successfully bumped revision number for resource 0bb5bc0f-3433-461a-9ed9-a92d8908a027 (type: security_group_rules) to 0
2026-04-28 04:29:29.212 9 INFO neutron.db.ovn_revision_numbers_db [None req-952295aa-3c80-4921-b136-d6feed8c5c0b c2bcb4c140af4b37b2c28a3f02270ef0 4778e9665d2c4b13bf3d5775386d72dd - - default default] Successfully bumped revision number for resource 3415c3cb-2168-4cde-a5c7-c32deda93ef4 (type: security_group_rules) to 0
2026-04-28 04:29:29.230 9 INFO neutron.db.ovn_revision_numbers_db [None req-952295aa-3c80-4921-b136-d6feed8c5c0b c2bcb4c140af4b37b2c28a3f02270ef0 4778e9665d2c4b13bf3d5775386d72dd - - default default] Successfully bumped revision number for resource 35406b93-f2e6-4210-a267-311ce8f6ff4e (type: security_group_rules) to 0
