+ COMMAND=start + start + for KEYSTONE_WSGI_SCRIPT in keystone-wsgi-public ++ type -p keystone-wsgi-public + cp -a /var/lib/openstack/bin/keystone-wsgi-public /var/www/cgi-bin/keystone/ + '[' -f /etc/apache2/envvars ']' + source /etc/apache2/envvars ++ unset HOME ++ '[' '' '!=' '' ']' ++ SUFFIX= ++ export APACHE_RUN_USER=www-data ++ APACHE_RUN_USER=www-data ++ export APACHE_RUN_GROUP=www-data ++ APACHE_RUN_GROUP=www-data ++ export APACHE_PID_FILE=/var/run/apache2/apache2.pid ++ APACHE_PID_FILE=/var/run/apache2/apache2.pid ++ export APACHE_RUN_DIR=/var/run/apache2 ++ APACHE_RUN_DIR=/var/run/apache2 ++ export APACHE_LOCK_DIR=/var/lock/apache2 ++ APACHE_LOCK_DIR=/var/lock/apache2 ++ export APACHE_LOG_DIR=/var/log/apache2 ++ APACHE_LOG_DIR=/var/log/apache2 ++ export LANG=C ++ LANG=C ++ export LANG + '[' -f /var/run/apache2/apache2.pid ']' + exec apache2 -DFOREGROUND AH00558: apache2: Could not reliably determine the server's fully qualified domain name, using 10.0.0.201. Set the 'ServerName' directive globally to suppress this message AH00558: apache2: Could not reliably determine the server's fully qualified domain name, using 10.0.0.201. Set the 'ServerName' directive globally to suppress this message
[Fri Jun 19 23:10:13.801381 2026] [mpm_event:notice] [pid 1:tid 140108865087360] AH00489: Apache/2.4.58 (Ubuntu) mod_wsgi/5.0.0 Python/3.12 configured -- resuming normal operations
[Fri Jun 19 23:10:13.801562 2026] [core:notice] [pid 1:tid 140108865087360] AH00094: Command line: 'apache2 -D FOREGROUND'
[Fri Jun 19 23:11:13.295448 2026] [wsgi:error] [pid 9:tid 140108227266240] /var/lib/openstack/lib/python3.12/site-packages/oslo_utils/importutils.py:77: EventletDeprecationWarning:
[Fri Jun 19 23:11:13.295491 2026] [wsgi:error] [pid 9:tid 140108227266240] Eventlet is deprecated. It is currently being maintained in bugfix mode, and
[Fri Jun 19 23:11:13.295493 2026] [wsgi:error] [pid 9:tid 140108227266240] we strongly recommend against using it for new projects.
[Fri Jun 19 23:11:13.295494 2026] [wsgi:error] [pid 9:tid 140108227266240]
[Fri Jun 19 23:11:13.295495 2026] [wsgi:error] [pid 9:tid 140108227266240] If you are already using Eventlet, we recommend migrating to a different
[Fri Jun 19 23:11:13.295496 2026] [wsgi:error] [pid 9:tid 140108227266240] framework. For more detail see
[Fri Jun 19 23:11:13.295497 2026] [wsgi:error] [pid 9:tid 140108227266240] https://eventlet.readthedocs.io/en/latest/asyncio/migration.html
[Fri Jun 19 23:11:13.295499 2026] [wsgi:error] [pid 9:tid 140108227266240]
[Fri Jun 19 23:11:13.295500 2026] [wsgi:error] [pid 9:tid 140108227266240] __import__(import_str)
[Fri Jun 19 23:11:13.299391 2026] [wsgi:error] [pid 11:tid 140108227266240] /var/lib/openstack/lib/python3.12/site-packages/oslo_utils/importutils.py:77: EventletDeprecationWarning:
[Fri Jun 19 23:11:13.299431 2026] [wsgi:error] [pid 11:tid 140108227266240] Eventlet is deprecated. It is currently being maintained in bugfix mode, and
[Fri Jun 19 23:11:13.299433 2026] [wsgi:error] [pid 11:tid 140108227266240] we strongly recommend against using it for new projects.
[Fri Jun 19 23:11:13.299434 2026] [wsgi:error] [pid 11:tid 140108227266240]
[Fri Jun 19 23:11:13.299435 2026] [wsgi:error] [pid 11:tid 140108227266240] If you are already using Eventlet, we recommend migrating to a different
[Fri Jun 19 23:11:13.299437 2026] [wsgi:error] [pid 11:tid 140108227266240] framework. For more detail see
[Fri Jun 19 23:11:13.299438 2026] [wsgi:error] [pid 11:tid 140108227266240] https://eventlet.readthedocs.io/en/latest/asyncio/migration.html
[Fri Jun 19 23:11:13.299439 2026] [wsgi:error] [pid 11:tid 140108227266240]
[Fri Jun 19 23:11:13.299440 2026] [wsgi:error] [pid 11:tid 140108227266240] __import__(import_str) 10.0.0.75 - - [19/Jun/2026:23:11:12 +0000] "GET /v3/ HTTP/1.1" 200 250 10.0.0.75 - - [19/Jun/2026:23:11:12 +0000] "GET /v3/ HTTP/1.1" 200 250
[Fri Jun 19 23:11:26.984370 2026] [wsgi:error] [pid 10:tid 140108227266240] /var/lib/openstack/lib/python3.12/site-packages/oslo_utils/importutils.py:77: EventletDeprecationWarning:
[Fri Jun 19 23:11:26.984411 2026] [wsgi:error] [pid 10:tid 140108227266240] Eventlet is deprecated. It is currently being maintained in bugfix mode, and
[Fri Jun 19 23:11:26.984413 2026] [wsgi:error] [pid 10:tid 140108227266240] we strongly recommend against using it for new projects.
[Fri Jun 19 23:11:26.984414 2026] [wsgi:error] [pid 10:tid 140108227266240]
[Fri Jun 19 23:11:26.984415 2026] [wsgi:error] [pid 10:tid 140108227266240] If you are already using Eventlet, we recommend migrating to a different
[Fri Jun 19 23:11:26.984417 2026] [wsgi:error] [pid 10:tid 140108227266240] framework. For more detail see
[Fri Jun 19 23:11:26.984418 2026] [wsgi:error] [pid 10:tid 140108227266240] https://eventlet.readthedocs.io/en/latest/asyncio/migration.html
[Fri Jun 19 23:11:26.984419 2026] [wsgi:error] [pid 10:tid 140108227266240]
[Fri Jun 19 23:11:26.984420 2026] [wsgi:error] [pid 10:tid 140108227266240] __import__(import_str) 10.0.0.207 - - [19/Jun/2026:23:11:26 +0000] "GET / HTTP/1.1" 300 295
[Fri Jun 19 23:11:32.352816 2026] [wsgi:error] [pid 12:tid 140108227266240] /var/lib/openstack/lib/python3.12/site-packages/oslo_utils/importutils.py:77: EventletDeprecationWarning:
[Fri Jun 19 23:11:32.352862 2026] [wsgi:error] [pid 12:tid 140108227266240] Eventlet is deprecated. It is currently being maintained in bugfix mode, and
[Fri Jun 19 23:11:32.352864 2026] [wsgi:error] [pid 12:tid 140108227266240] we strongly recommend against using it for new projects.
[Fri Jun 19 23:11:32.352865 2026] [wsgi:error] [pid 12:tid 140108227266240]
[Fri Jun 19 23:11:32.352866 2026] [wsgi:error] [pid 12:tid 140108227266240] If you are already using Eventlet, we recommend migrating to a different
[Fri Jun 19 23:11:32.352868 2026] [wsgi:error] [pid 12:tid 140108227266240] framework. For more detail see
[Fri Jun 19 23:11:32.352869 2026] [wsgi:error] [pid 12:tid 140108227266240] https://eventlet.readthedocs.io/en/latest/asyncio/migration.html
[Fri Jun 19 23:11:32.352870 2026] [wsgi:error] [pid 12:tid 140108227266240]
[Fri Jun 19 23:11:32.352871 2026] [wsgi:error] [pid 12:tid 140108227266240] __import__(import_str)
[Fri Jun 19 23:11:37.189235 2026] [wsgi:error] [pid 12:tid 140108227266240] [remote 10.0.0.207:40432] 2026-06-19 23:11:37.185 12 WARNING keystone.identity.core [None req-5741d8ea-f8b9-4421-b6e9-7add468ef473 - - - - - -] Invalid domain name (atmosphere) found in config file name: keystone.exception.DomainNotFound: Could not find domain: atmosphere.
[Fri Jun 19 23:11:37.254204 2026] [wsgi:error] [pid 12:tid 140108227266240] [remote 10.0.0.207:40432] 2026-06-19 23:11:37.253 12 WARNING keystone.common.password_hashing [None req-5741d8ea-f8b9-4421-b6e9-7add468ef473 - - - - - -] Truncating password to algorithm specific maximum length 72 characters.
[Fri Jun 19 23:11:37.555506 2026] [wsgi:error] [pid 12:tid 140108227266240] [remote 10.0.0.207:40432] 2026-06-19 23:11:37.555 12 WARNING keystone.common.fernet_utils [None req-5741d8ea-f8b9-4421-b6e9-7add468ef473 - - - - - -] key_repository is world readable: /etc/keystone/fernet-keys/ 10.0.0.207 - - [19/Jun/2026:23:11:31 +0000] "POST /v3/auth/tokens HTTP/1.1" 201 1359
[Fri Jun 19 23:11:37.932959 2026] [wsgi:error] [pid 11:tid 140108227266240] [remote 10.0.0.207:40432] 2026-06-19 23:11:37.930 11 WARNING keystone.identity.core [None req-c9b2a794-193f-4e94-8c4b-b2111a2197dd - - - - - -] Invalid domain name (atmosphere) found in config file name: keystone.exception.DomainNotFound: Could not find domain: atmosphere. 10.0.0.207 - - [19/Jun/2026:23:11:37 +0000] "POST /v3/domains HTTP/1.1" 201 261 10.0.0.56 - - [19/Jun/2026:23:11:50 +0000] "GET / HTTP/1.1" 300 295
[Fri Jun 19 23:11:50.672040 2026] [wsgi:error] [pid 10:tid 140108227266240] [remote 10.0.0.56:34906] 2026-06-19 23:11:50.671 10 WARNING keystone.common.password_hashing [None req-207ba1a4-b4ec-4afe-b0be-f36b1384a1b2 - - - - - -] Truncating password to algorithm specific maximum length 72 characters.
[Fri Jun 19 23:11:50.947033 2026] [wsgi:error] [pid 10:tid 140108227266240] [remote 10.0.0.56:34906] 2026-06-19 23:11:50.946 10 WARNING keystone.common.fernet_utils [None req-207ba1a4-b4ec-4afe-b0be-f36b1384a1b2 - - - - - -] key_repository is world readable: /etc/keystone/fernet-keys/ 10.0.0.56 - - [19/Jun/2026:23:11:50 +0000] "POST /v3/auth/tokens HTTP/1.1" 201 1359 10.0.0.56 - - [19/Jun/2026:23:11:51 +0000] "GET /v3/roles/admin HTTP/1.1" 404 83
[Fri Jun 19 23:11:51.206678 2026] [wsgi:error] [pid 11:tid 140108227266240] [remote 10.0.0.56:34906] 2026-06-19 23:11:51.206 11 WARNING keystone.common.rbac_enforcer.enforcer [None req-0286b1e8-e5e7-47e4-aee8-c05bc66d6da9 6295e468cda04a89bcf9dcd79f1f55fa d1cac8e42af9496398590bd88475d3b1 - - default default] Deprecated policy rules found. Use oslopolicy-policy-generator and oslopolicy-policy-upgrade to detect and resolve deprecated policies in your configuration. 10.0.0.56 - - [19/Jun/2026:23:11:51 +0000] "GET /v3/roles?name=admin HTTP/1.1" 200 389
[Fri Jun 19 23:11:51.678460 2026] [wsgi:error] [pid 9:tid 140108227266240] [remote 10.0.0.56:34906] 2026-06-19 23:11:51.678 9 WARNING keystone.common.rbac_enforcer.enforcer [None req-4bbdfef9-d56b-4699-9e60-98995aa4467f 6295e468cda04a89bcf9dcd79f1f55fa d1cac8e42af9496398590bd88475d3b1 - - default default] Deprecated policy rules found. Use oslopolicy-policy-generator and oslopolicy-policy-upgrade to detect and resolve deprecated policies in your configuration. 10.0.0.56 - - [19/Jun/2026:23:11:51 +0000] "GET /v3/users/admin-RegionOne HTTP/1.1" 404 93
[Fri Jun 19 23:11:51.832332 2026] [wsgi:error] [pid 10:tid 140108227266240] [remote 10.0.0.56:34906] 2026-06-19 23:11:51.832 10 WARNING keystone.common.rbac_enforcer.enforcer [None req-e2dc1801-3d7b-42c0-9b30-381713496482 6295e468cda04a89bcf9dcd79f1f55fa d1cac8e42af9496398590bd88475d3b1 - - default default] Deprecated policy rules found. Use oslopolicy-policy-generator and oslopolicy-policy-upgrade to detect and resolve deprecated policies in your configuration. 10.0.0.56 - - [19/Jun/2026:23:11:51 +0000] "GET /v3/users?name=admin-RegionOne HTTP/1.1" 200 422
[Fri Jun 19 23:11:51.993596 2026] [wsgi:error] [pid 12:tid 140108227266240] [remote 10.0.0.56:34906] 2026-06-19 23:11:51.993 12 WARNING keystone.common.rbac_enforcer.enforcer [None req-335283e3-caa1-45ad-a3c4-55921c6b6d50 6295e468cda04a89bcf9dcd79f1f55fa d1cac8e42af9496398590bd88475d3b1 - - default default] Deprecated policy rules found. Use oslopolicy-policy-generator and oslopolicy-policy-upgrade to detect and resolve deprecated policies in your configuration. 10.0.0.56 - - [19/Jun/2026:23:11:51 +0000] "GET /v3/domains/default HTTP/1.1" 200 224 10.0.0.56 - - [19/Jun/2026:23:11:52 +0000] "PUT /v3/domains/default/users/6295e468cda04a89bcf9dcd79f1f55fa/roles/8b4bdd8f01174b389d37137a82113722 HTTP/1.1" 204 - 10.0.0.75 - - [19/Jun/2026:23:12:02 +0000] "GET / HTTP/1.1" 300 280 10.0.0.75 - - [19/Jun/2026:23:12:03 +0000] "GET /v3 HTTP/1.1" 200 265
[Fri Jun 19 23:12:03.655219 2026] [wsgi:error] [pid 12:tid 140108227266240] [remote 10.0.0.75:45256] 2026-06-19 23:12:03.655 12 WARNING keystone.common.password_hashing [None req-4e6599d7-2bbc-47eb-8a00-8f6c78794302 - - - - - -] Truncating password to algorithm specific maximum length 72 characters.
[Fri Jun 19 23:12:03.934865 2026] [wsgi:error] [pid 12:tid 140108227266240] [remote 10.0.0.75:45256] 2026-06-19 23:12:03.934 12 WARNING keystone.common.fernet_utils [None req-4e6599d7-2bbc-47eb-8a00-8f6c78794302 - - - - - -] key_repository is world readable: /etc/keystone/fernet-keys/ 10.0.0.75 - - [19/Jun/2026:23:12:03 +0000] "POST /v3/auth/tokens HTTP/1.1" 201 1359 10.0.0.75 - - [19/Jun/2026:23:12:03 +0000] "GET / HTTP/1.1" 300 280 10.0.0.75 - - [19/Jun/2026:23:12:04 +0000] "GET /v3/domains/atmosphere HTTP/1.1" 404 90 10.0.0.75 - - [19/Jun/2026:23:12:04 +0000] "GET /v3/domains?name=atmosphere HTTP/1.1" 200 368 10.0.0.75 - - [19/Jun/2026:23:12:04 +0000] "GET /v3/domains/06d99642e5214fae8b5cd3d6b6fdcd2b HTTP/1.1" 200 246 10.0.0.75 - - [19/Jun/2026:23:12:04 +0000] "GET /v3 HTTP/1.1" 200 265
[Fri Jun 19 23:12:04.964250 2026] [wsgi:error] [pid 9:tid 140108227266240] [remote 10.0.0.75:45256] 2026-06-19 23:12:04.963 9 WARNING keystone.common.password_hashing [None req-6b71f829-39d2-47d6-89f3-d6284b9f9cfd - - - - - -] Truncating password to algorithm specific maximum length 72 characters.
[Fri Jun 19 23:12:05.240268 2026] [wsgi:error] [pid 9:tid 140108227266240] [remote 10.0.0.75:45256] 2026-06-19 23:12:05.240 9 WARNING keystone.common.fernet_utils [None req-6b71f829-39d2-47d6-89f3-d6284b9f9cfd - - - - - -] key_repository is world readable: /etc/keystone/fernet-keys/ 10.0.0.75 - - [19/Jun/2026:23:12:04 +0000] "POST /v3/auth/tokens HTTP/1.1" 201 1359 10.0.0.75 - - [19/Jun/2026:23:12:05 +0000] "GET / HTTP/1.1" 300 280 10.0.0.75 - - [19/Jun/2026:23:12:05 +0000] "GET /v3/OS-FEDERATION/identity_providers/atmosphere HTTP/1.1" 404 101 10.0.0.75 - - [19/Jun/2026:23:12:05 +0000] "GET /v3/OS-FEDERATION/identity_providers HTTP/1.1" 200 155 10.0.0.75 - - [19/Jun/2026:23:12:05 +0000] "PUT /v3/OS-FEDERATION/identity_providers/atmosphere HTTP/1.1" 201 340 10.0.0.75 - - [19/Jun/2026:23:12:05 +0000] "GET /v3 HTTP/1.1" 200 265
[Fri Jun 19 23:12:06.005307 2026] [wsgi:error] [pid 12:tid 140108227266240] [remote 10.0.0.75:45256] 2026-06-19 23:12:06.005 12 WARNING keystone.common.password_hashing [None req-d12b1dcc-b5dd-40ad-820c-d1124361393b - - - - - -] Truncating password to algorithm specific maximum length 72 characters.
[Fri Jun 19 23:12:06.299531 2026] [wsgi:error] [pid 12:tid 140108227266240] [remote 10.0.0.75:45256] 2026-06-19 23:12:06.299 12 WARNING keystone.common.fernet_utils [None req-d12b1dcc-b5dd-40ad-820c-d1124361393b - - - - - -] key_repository is world readable: /etc/keystone/fernet-keys/ 10.0.0.75 - - [19/Jun/2026:23:12:05 +0000] "POST /v3/auth/tokens HTTP/1.1" 201 1359 10.0.0.75 - - [19/Jun/2026:23:12:06 +0000] "GET / HTTP/1.1" 300 280 10.0.0.75 - - [19/Jun/2026:23:12:06 +0000] "GET /v3/OS-FEDERATION/mappings/atmosphere-openid HTTP/1.1" 404 98 10.0.0.75 - - [19/Jun/2026:23:12:06 +0000] "GET /v3/OS-FEDERATION/mappings HTTP/1.1" 200 135 10.0.0.75 - - [19/Jun/2026:23:12:06 +0000] "PUT /v3/OS-FEDERATION/mappings/atmosphere-openid HTTP/1.1" 201 356 10.0.0.75 - - [19/Jun/2026:23:12:06 +0000] "GET /v3 HTTP/1.1" 200 265
[Fri Jun 19 23:12:07.016463 2026] [wsgi:error] [pid 9:tid 140108227266240] [remote 10.0.0.75:45256] 2026-06-19 23:12:07.016 9 WARNING keystone.common.password_hashing [None req-668c9892-7648-4802-832f-af223f3e1802 - - - - - -] Truncating password to algorithm specific maximum length 72 characters.
[Fri Jun 19 23:12:07.291565 2026] [wsgi:error] [pid 9:tid 140108227266240] [remote 10.0.0.75:45256] 2026-06-19 23:12:07.291 9 WARNING keystone.common.fernet_utils [None req-668c9892-7648-4802-832f-af223f3e1802 - - - - - -] key_repository is world readable: /etc/keystone/fernet-keys/ 10.0.0.75 - - [19/Jun/2026:23:12:07 +0000] "POST /v3/auth/tokens HTTP/1.1" 201 1359 10.0.0.75 - - [19/Jun/2026:23:12:07 +0000] "GET / HTTP/1.1" 300 280 10.0.0.75 - - [19/Jun/2026:23:12:07 +0000] "GET /v3/OS-FEDERATION/identity_providers/atmosphere/protocols/openid?idp_id=atmosphere HTTP/1.1" 404 131 10.0.0.75 - - [19/Jun/2026:23:12:07 +0000] "GET /v3/OS-FEDERATION/identity_providers/atmosphere/protocols HTTP/1.1" 200 167 10.0.0.75 - - [19/Jun/2026:23:12:07 +0000] "PUT /v3/OS-FEDERATION/identity_providers/atmosphere/protocols/openid HTTP/1.1" 201 222 10.0.0.75 - - [19/Jun/2026:23:12:12 +0000] "GET /v3/ HTTP/1.1" 200 250 10.0.0.75 - - [19/Jun/2026:23:12:12 +0000] "GET /v3/ HTTP/1.1" 200 250 10.0.0.75 - - [19/Jun/2026:23:13:12 +0000] "GET /v3/ HTTP/1.1" 200 250 10.0.0.75 - - [19/Jun/2026:23:13:12 +0000] "GET /v3/ HTTP/1.1" 200 250 10.0.0.38 - - [19/Jun/2026:23:13:30 +0000] "GET / HTTP/1.1" 300 295
[Fri Jun 19 23:13:30.040359 2026] [wsgi:error] [pid 12:tid 140108227266240] [remote 10.0.0.38:54386] 2026-06-19 23:13:30.040 12 WARNING keystone.common.password_hashing [None req-5b278561-6cd8-46a6-ad73-05c5d10a2ab7 - - - - - -] Truncating password to algorithm specific maximum length 72 characters.
[Fri Jun 19 23:13:30.317749 2026] [wsgi:error] [pid 12:tid 140108227266240] [remote 10.0.0.38:54386] 2026-06-19 23:13:30.317 12 WARNING keystone.common.fernet_utils [None req-5b278561-6cd8-46a6-ad73-05c5d10a2ab7 - - - - - -] key_repository is world readable: /etc/keystone/fernet-keys/ 10.0.0.38 - - [19/Jun/2026:23:13:30 +0000] "POST /v3/auth/tokens HTTP/1.1" 201 1359 10.0.0.38 - - [19/Jun/2026:23:13:30 +0000] "GET /v3/services HTTP/1.1" 200 355 10.0.0.38 - - [19/Jun/2026:23:13:33 +0000] "GET / HTTP/1.1" 300 295
[Fri Jun 19 23:13:33.934911 2026] [wsgi:error] [pid 10:tid 140108227266240] [remote 10.0.0.38:42654] 2026-06-19 23:13:33.934 10 WARNING keystone.common.password_hashing [None req-155ed849-2a36-4574-8465-c20333942566 - - - - - -] Truncating password to algorithm specific maximum length 72 characters.
[Fri Jun 19 23:13:34.201866 2026] [wsgi:error] [pid 10:tid 140108227266240] [remote 10.0.0.38:42654] 2026-06-19 23:13:34.201 10 WARNING keystone.common.fernet_utils [None req-155ed849-2a36-4574-8465-c20333942566 - - - - - -] key_repository is world readable: /etc/keystone/fernet-keys/ 10.0.0.38 - - [19/Jun/2026:23:13:33 +0000] "POST /v3/auth/tokens HTTP/1.1" 201 1359 10.0.0.38 - - [19/Jun/2026:23:13:34 +0000] "GET /v3/services HTTP/1.1" 200 355 10.0.0.38 - - [19/Jun/2026:23:13:37 +0000] "GET / HTTP/1.1" 300 295
[Fri Jun 19 23:13:37.771752 2026] [wsgi:error] [pid 9:tid 140108227266240] [remote 10.0.0.38:42666] 2026-06-19 23:13:37.771 9 WARNING keystone.common.password_hashing [None req-d42d0fb1-270d-4760-b990-7826196c291c - - - - - -] Truncating password to algorithm specific maximum length 72 characters.
[Fri Jun 19 23:13:38.058677 2026] [wsgi:error] [pid 9:tid 140108227266240] [remote 10.0.0.38:42666] 2026-06-19 23:13:38.058 9 WARNING keystone.common.fernet_utils [None req-d42d0fb1-270d-4760-b990-7826196c291c - - - - - -] key_repository is world readable: /etc/keystone/fernet-keys/ 10.0.0.38 - - [19/Jun/2026:23:13:37 +0000] "POST /v3/auth/tokens HTTP/1.1" 201 1359 10.0.0.38 - - [19/Jun/2026:23:13:38 +0000] "GET /v3/services HTTP/1.1" 200 355 10.0.0.38 - - [19/Jun/2026:23:13:41 +0000] "GET / HTTP/1.1" 300 295
[Fri Jun 19 23:13:41.677727 2026] [wsgi:error] [pid 11:tid 140108227266240] [remote 10.0.0.38:43986] 2026-06-19 23:13:41.677 11 WARNING keystone.common.password_hashing [None req-2eb85e21-a65a-49c2-90a6-94ddb9e0dd01 - - - - - -] Truncating password to algorithm specific maximum length 72 characters.
[Fri Jun 19 23:13:41.965548 2026] [wsgi:error] [pid 11:tid 140108227266240] [remote 10.0.0.38:43986] 2026-06-19 23:13:41.965 11 WARNING keystone.common.fernet_utils [None req-2eb85e21-a65a-49c2-90a6-94ddb9e0dd01 - - - - - -] key_repository is world readable: /etc/keystone/fernet-keys/ 10.0.0.38 - - [19/Jun/2026:23:13:41 +0000] "POST /v3/auth/tokens HTTP/1.1" 201 1359 10.0.0.38 - - [19/Jun/2026:23:13:42 +0000] "POST /v3/services HTTP/1.1" 201 296 10.0.0.158 - - [19/Jun/2026:23:13:53 +0000] "GET / HTTP/1.1" 300 295
[Fri Jun 19 23:13:53.398502 2026] [wsgi:error] [pid 12:tid 140108227266240] [remote 10.0.0.158:51460] 2026-06-19 23:13:53.398 12 WARNING keystone.common.password_hashing [None req-3a368542-935f-46fc-97e0-5a2a5f281b55 - - - - - -] Truncating password to algorithm specific maximum length 72 characters. 10.0.0.158 - - [19/Jun/2026:23:13:53 +0000] "GET / HTTP/1.1" 300 295
[Fri Jun 19 23:13:53.475344 2026] [wsgi:error] [pid 9:tid 140108227266240] [remote 10.0.0.158:51468] 2026-06-19 23:13:53.475 9 WARNING keystone.common.password_hashing [None req-1948ec21-8aee-411c-82f6-e9f987e76fba - - - - - -] Truncating password to algorithm specific maximum length 72 characters. 10.0.0.158 - - [19/Jun/2026:23:13:53 +0000] "GET / HTTP/1.1" 300 295
[Fri Jun 19 23:13:53.608672 2026] [wsgi:error] [pid 11:tid 140108227266240] [remote 10.0.0.158:51484] 2026-06-19 23:13:53.608 11 WARNING keystone.common.password_hashing [None req-051fcb43-c8a0-41e8-9581-444fcbf18e46 - - - - - -] Truncating password to algorithm specific maximum length 72 characters.
[Fri Jun 19 23:13:53.674419 2026] [wsgi:error] [pid 12:tid 140108227266240] [remote 10.0.0.158:51460] 2026-06-19 23:13:53.674 12 WARNING keystone.common.fernet_utils [None req-3a368542-935f-46fc-97e0-5a2a5f281b55 - - - - - -] key_repository is world readable: /etc/keystone/fernet-keys/ 10.0.0.158 - - [19/Jun/2026:23:13:53 +0000] "POST /v3/auth/tokens HTTP/1.1" 201 1463
[Fri Jun 19 23:13:53.759631 2026] [wsgi:error] [pid 9:tid 140108227266240] [remote 10.0.0.158:51468] 2026-06-19 23:13:53.759 9 WARNING keystone.common.fernet_utils [None req-1948ec21-8aee-411c-82f6-e9f987e76fba - - - - - -] key_repository is world readable: /etc/keystone/fernet-keys/ 10.0.0.158 - - [19/Jun/2026:23:13:53 +0000] "POST /v3/auth/tokens HTTP/1.1" 201 1463 10.0.0.158 - - [19/Jun/2026:23:13:53 +0000] "GET /v3/services HTTP/1.1" 200 639 10.0.0.158 - - [19/Jun/2026:23:13:53 +0000] "GET /v3/services HTTP/1.1" 200 639
[Fri Jun 19 23:13:53.903787 2026] [wsgi:error] [pid 11:tid 140108227266240] [remote 10.0.0.158:51484] 2026-06-19 23:13:53.903 11 WARNING keystone.common.fernet_utils [None req-051fcb43-c8a0-41e8-9581-444fcbf18e46 - - - - - -] key_repository is world readable: /etc/keystone/fernet-keys/ 10.0.0.158 - - [19/Jun/2026:23:13:53 +0000] "POST /v3/auth/tokens HTTP/1.1" 201 1463 10.0.0.158 - - [19/Jun/2026:23:13:54 +0000] "GET /v3/services HTTP/1.1" 200 639 10.0.0.158 - - [19/Jun/2026:23:13:55 +0000] "GET / HTTP/1.1" 300 295
[Fri Jun 19 23:13:55.391297 2026] [wsgi:error] [pid 12:tid 140108227266240] [remote 10.0.0.158:51486] 2026-06-19 23:13:55.391 12 WARNING keystone.common.password_hashing [None req-460411f6-16b7-4f5a-9444-908f3d67f910 - - - - - -] Truncating password to algorithm specific maximum length 72 characters. 10.0.0.158 - - [19/Jun/2026:23:13:55 +0000] "GET / HTTP/1.1" 300 295
[Fri Jun 19 23:13:55.473141 2026] [wsgi:error] [pid 9:tid 140108227266240] [remote 10.0.0.158:51494] 2026-06-19 23:13:55.472 9 WARNING keystone.common.password_hashing [None req-e699edf8-7851-4435-9843-d53766ae2be2 - - - - - -] Truncating password to algorithm specific maximum length 72 characters. 10.0.0.158 - - [19/Jun/2026:23:13:55 +0000] "GET / HTTP/1.1" 300 295
[Fri Jun 19 23:13:55.652490 2026] [wsgi:error] [pid 11:tid 140108227266240] [remote 10.0.0.158:51504] 2026-06-19 23:13:55.652 11 WARNING keystone.common.password_hashing [None req-cd292702-5d60-4c6f-b0c5-f9af25ed5dd4 - - - - - -] Truncating password to algorithm specific maximum length 72 characters.
[Fri Jun 19 23:13:55.664391 2026] [wsgi:error] [pid 12:tid 140108227266240] [remote 10.0.0.158:51486] 2026-06-19 23:13:55.664 12 WARNING keystone.common.fernet_utils [None req-460411f6-16b7-4f5a-9444-908f3d67f910 - - - - - -] key_repository is world readable: /etc/keystone/fernet-keys/ 10.0.0.158 - - [19/Jun/2026:23:13:55 +0000] "POST /v3/auth/tokens HTTP/1.1" 201 1463
[Fri Jun 19 23:13:55.757884 2026] [wsgi:error] [pid 9:tid 140108227266240] [remote 10.0.0.158:51494] 2026-06-19 23:13:55.757 9 WARNING keystone.common.fernet_utils [None req-e699edf8-7851-4435-9843-d53766ae2be2 - - - - - -] key_repository is world readable: /etc/keystone/fernet-keys/ 10.0.0.158 - - [19/Jun/2026:23:13:55 +0000] "POST /v3/auth/tokens HTTP/1.1" 201 1463 10.0.0.158 - - [19/Jun/2026:23:13:55 +0000] "GET /v3/endpoints HTTP/1.1" 200 1226 10.0.0.158 - - [19/Jun/2026:23:13:55 +0000] "GET /v3/services/3918f8db94fe4d1ea4dd7b5c30495434 HTTP/1.1" 200 233 10.0.0.158 - - [19/Jun/2026:23:13:55 +0000] "GET /v3/services/3918f8db94fe4d1ea4dd7b5c30495434 HTTP/1.1" 200 233 10.0.0.158 - - [19/Jun/2026:23:13:55 +0000] "GET /v3/services/3918f8db94fe4d1ea4dd7b5c30495434 HTTP/1.1" 200 233 10.0.0.158 - - [19/Jun/2026:23:13:55 +0000] "GET /v3/endpoints HTTP/1.1" 200 1226 10.0.0.158 - - [19/Jun/2026:23:13:55 +0000] "GET /v3/services/3918f8db94fe4d1ea4dd7b5c30495434 HTTP/1.1" 200 233 10.0.0.158 - - [19/Jun/2026:23:13:55 +0000] "GET /v3/services/3918f8db94fe4d1ea4dd7b5c30495434 HTTP/1.1" 200 233
[Fri Jun 19 23:13:55.941671 2026] [wsgi:error] [pid 11:tid 140108227266240] [remote 10.0.0.158:51504] 2026-06-19 23:13:55.941 11 WARNING keystone.common.fernet_utils [None req-cd292702-5d60-4c6f-b0c5-f9af25ed5dd4 - - - - - -] key_repository is world readable: /etc/keystone/fernet-keys/ 10.0.0.158 - - [19/Jun/2026:23:13:55 +0000] "POST /v3/auth/tokens HTTP/1.1" 201 1463 10.0.0.158 - - [19/Jun/2026:23:13:55 +0000] "GET /v3/services/3918f8db94fe4d1ea4dd7b5c30495434 HTTP/1.1" 200 233 10.0.0.158 - - [19/Jun/2026:23:13:56 +0000] "GET /v3/endpoints HTTP/1.1" 200 1226 10.0.0.158 - - [19/Jun/2026:23:13:56 +0000] "GET /v3/services/3918f8db94fe4d1ea4dd7b5c30495434 HTTP/1.1" 200 233 10.0.0.158 - - [19/Jun/2026:23:13:56 +0000] "GET /v3/services/3918f8db94fe4d1ea4dd7b5c30495434 HTTP/1.1" 200 233 10.0.0.158 - - [19/Jun/2026:23:13:56 +0000] "GET /v3/services/3918f8db94fe4d1ea4dd7b5c30495434 HTTP/1.1" 200 233 10.0.0.158 - - [19/Jun/2026:23:13:57 +0000] "GET / HTTP/1.1" 300 295
[Fri Jun 19 23:13:57.386818 2026] [wsgi:error] [pid 10:tid 140108227266240] [remote 10.0.0.158:51510] 2026-06-19 23:13:57.386 10 WARNING keystone.common.password_hashing [None req-11d488d9-4e00-4db2-a93a-0706e599fcfd - - - - - -] Truncating password to algorithm specific maximum length 72 characters. 10.0.0.158 - - [19/Jun/2026:23:13:57 +0000] "GET / HTTP/1.1" 300 295
[Fri Jun 19 23:13:57.463369 2026] [wsgi:error] [pid 12:tid 140108227266240] [remote 10.0.0.158:51518] 2026-06-19 23:13:57.463 12 WARNING keystone.common.password_hashing [None req-a5ce054e-d652-4a3f-9df0-a26493701e4d - - - - - -] Truncating password to algorithm specific maximum length 72 characters. 10.0.0.158 - - [19/Jun/2026:23:13:57 +0000] "GET / HTTP/1.1" 300 295
[Fri Jun 19 23:13:57.663958 2026] [wsgi:error] [pid 10:tid 140108227266240] [remote 10.0.0.158:51510] 2026-06-19 23:13:57.663 10 WARNING keystone.common.fernet_utils [None req-11d488d9-4e00-4db2-a93a-0706e599fcfd - - - - - -] key_repository is world readable: /etc/keystone/fernet-keys/
[Fri Jun 19 23:13:57.667740 2026] [wsgi:error] [pid 11:tid 140108227266240] [remote 10.0.0.158:51534] 2026-06-19 23:13:57.667 11 WARNING keystone.common.password_hashing [None req-7ec83b06-bf2b-45d4-9dca-288fbb11de88 - - - - - -] Truncating password to algorithm specific maximum length 72 characters. 10.0.0.158 - - [19/Jun/2026:23:13:57 +0000] "POST /v3/auth/tokens HTTP/1.1" 201 1463
[Fri Jun 19 23:13:57.761214 2026] [wsgi:error] [pid 12:tid 140108227266240] [remote 10.0.0.158:51518] 2026-06-19 23:13:57.761 12 WARNING keystone.common.fernet_utils [None req-a5ce054e-d652-4a3f-9df0-a26493701e4d - - - - - -] key_repository is world readable: /etc/keystone/fernet-keys/ 10.0.0.158 - - [19/Jun/2026:23:13:57 +0000] "POST /v3/auth/tokens HTTP/1.1" 201 1463 10.0.0.158 - - [19/Jun/2026:23:13:57 +0000] "GET /v3/services/c414726a0f224882837c78bf47fe2dab HTTP/1.1" 200 296 10.0.0.158 - - [19/Jun/2026:23:13:57 +0000] "GET /v3/regions/RegionOne HTTP/1.1" 200 173 10.0.0.158 - - [19/Jun/2026:23:13:57 +0000] "GET /v3/services/c414726a0f224882837c78bf47fe2dab HTTP/1.1" 200 296 10.0.0.158 - - [19/Jun/2026:23:13:57 +0000] "GET /v3/regions/RegionOne HTTP/1.1" 200 173 10.0.0.158 - - [19/Jun/2026:23:13:57 +0000] "POST /v3/endpoints HTTP/1.1" 201 383
[Fri Jun 19 23:13:57.968294 2026] [wsgi:error] [pid 11:tid 140108227266240] [remote 10.0.0.158:51534] 2026-06-19 23:13:57.968 11 WARNING keystone.common.fernet_utils [None req-7ec83b06-bf2b-45d4-9dca-288fbb11de88 - - - - - -] key_repository is world readable: /etc/keystone/fernet-keys/ 10.0.0.158 - - [19/Jun/2026:23:13:57 +0000] "POST /v3/auth/tokens HTTP/1.1" 201 1822 10.0.0.158 - - [19/Jun/2026:23:13:57 +0000] "POST /v3/endpoints HTTP/1.1" 201 380 10.0.0.158 - - [19/Jun/2026:23:13:58 +0000] "GET /v3/services/c414726a0f224882837c78bf47fe2dab HTTP/1.1" 200 296 10.0.0.158 - - [19/Jun/2026:23:13:58 +0000] "GET /v3/regions/RegionOne HTTP/1.1" 200 173 10.0.0.158 - - [19/Jun/2026:23:13:58 +0000] "POST /v3/endpoints HTTP/1.1" 201 369 10.0.0.158 - - [19/Jun/2026:23:13:59 +0000] "GET / HTTP/1.1" 300 295
[Fri Jun 19 23:13:59.411211 2026] [wsgi:error] [pid 10:tid 140108227266240] [remote 10.0.0.158:51548] 2026-06-19 23:13:59.411 10 WARNING keystone.common.password_hashing [None req-3fc9803e-b507-4558-a385-754132f57c0e - - - - - -] Truncating password to algorithm specific maximum length 72 characters. 10.0.0.158 - - [19/Jun/2026:23:13:59 +0000] "GET / HTTP/1.1" 300 295
[Fri Jun 19 23:13:59.579825 2026] [wsgi:error] [pid 11:tid 140108227266240] [remote 10.0.0.158:51564] 2026-06-19 23:13:59.579 11 WARNING keystone.common.password_hashing [None req-b95ce086-5e3d-46d6-9806-58b22f44f384 - - - - - -] Truncating password to algorithm specific maximum length 72 characters. 10.0.0.158 - - [19/Jun/2026:23:13:59 +0000] "GET / HTTP/1.1" 300 295
[Fri Jun 19 23:13:59.689770 2026] [wsgi:error] [pid 10:tid 140108227266240] [remote 10.0.0.158:51548] 2026-06-19 23:13:59.689 10 WARNING keystone.common.fernet_utils [None req-3fc9803e-b507-4558-a385-754132f57c0e - - - - - -] key_repository is world readable: /etc/keystone/fernet-keys/
[Fri Jun 19 23:13:59.699583 2026] [wsgi:error] [pid 9:tid 140108227266240] [remote 10.0.0.158:51578] 2026-06-19 23:13:59.699 9 WARNING keystone.common.password_hashing [None req-12631e0a-37a8-493d-bd88-eca702b5ddd7 - - - - - -] Truncating password to algorithm specific maximum length 72 characters. 10.0.0.158 - - [19/Jun/2026:23:13:59 +0000] "POST /v3/auth/tokens HTTP/1.1" 201 1990 10.0.0.158 - - [19/Jun/2026:23:13:59 +0000] "GET /v3/endpoints/3a3dd835d3cb4df2b484bb24afbf28f6 HTTP/1.1" 200 383
[Fri Jun 19 23:13:59.879599 2026] [wsgi:error] [pid 11:tid 140108227266240] [remote 10.0.0.158:51564] 2026-06-19 23:13:59.879 11 WARNING keystone.common.fernet_utils [None req-b95ce086-5e3d-46d6-9806-58b22f44f384 - - - - - -] key_repository is world readable: /etc/keystone/fernet-keys/ 10.0.0.158 - - [19/Jun/2026:23:13:59 +0000] "GET /v3/services/c414726a0f224882837c78bf47fe2dab HTTP/1.1" 200 296 10.0.0.158 - - [19/Jun/2026:23:13:59 +0000] "POST /v3/auth/tokens HTTP/1.1" 201 1990
[Fri Jun 19 23:14:00.027660 2026] [wsgi:error] [pid 9:tid 140108227266240] [remote 10.0.0.158:51578] 2026-06-19 23:14:00.027 9 WARNING keystone.common.fernet_utils [None req-12631e0a-37a8-493d-bd88-eca702b5ddd7 - - - - - -] key_repository is world readable: /etc/keystone/fernet-keys/ 10.0.0.158 - - [19/Jun/2026:23:13:59 +0000] "POST /v3/auth/tokens HTTP/1.1" 201 1990 10.0.0.158 - - [19/Jun/2026:23:14:00 +0000] "GET /v3/endpoints/3cdfba6e3c4a49408c27f2a30ab29f99 HTTP/1.1" 200 380 10.0.0.158 - - [19/Jun/2026:23:14:00 +0000] "GET /v3/services/c414726a0f224882837c78bf47fe2dab HTTP/1.1" 200 296 10.0.0.158 - - [19/Jun/2026:23:14:00 +0000] "GET /v3/endpoints/d45bda1c846f421f83668c4db52dd071 HTTP/1.1" 200 369 10.0.0.158 - - [19/Jun/2026:23:14:00 +0000] "GET /v3/services/c414726a0f224882837c78bf47fe2dab HTTP/1.1" 200 296 10.0.0.125 - - [19/Jun/2026:23:14:10 +0000] "GET / HTTP/1.1" 300 295
[Fri Jun 19 23:14:10.480366 2026] [wsgi:error] [pid 10:tid 140108227266240] [remote 10.0.0.125:41490] 2026-06-19 23:14:10.480 10 WARNING keystone.common.password_hashing [None req-d6bdadfa-036a-4830-970b-b4bd40992c96 - - - - - -] Truncating password to algorithm specific maximum length 72 characters.
[Fri Jun 19 23:14:10.751916 2026] [wsgi:error] [pid 10:tid 140108227266240] [remote 10.0.0.125:41490] 2026-06-19 23:14:10.751 10 WARNING keystone.common.fernet_utils [None req-d6bdadfa-036a-4830-970b-b4bd40992c96 - - - - - -] key_repository is world readable: /etc/keystone/fernet-keys/ 10.0.0.125 - - [19/Jun/2026:23:14:10 +0000] "POST /v3/auth/tokens HTTP/1.1" 201 1990 10.0.0.125 - - [19/Jun/2026:23:14:10 +0000] "POST /v3/domains HTTP/1.1" 201 284 10.0.0.125 - - [19/Jun/2026:23:14:12 +0000] "GET / HTTP/1.1" 300 295
[Fri Jun 19 23:14:12.408405 2026] [wsgi:error] [pid 12:tid 140108227266240] [remote 10.0.0.125:52172] 2026-06-19 23:14:12.408 12 WARNING keystone.common.password_hashing [None req-01ce697e-c662-4d22-a25a-fce1c8001f0f - - - - - -] Truncating password to algorithm specific maximum length 72 characters. 10.0.0.75 - - [19/Jun/2026:23:14:12 +0000] "GET /v3/ HTTP/1.1" 200 250 10.0.0.75 - - [19/Jun/2026:23:14:12 +0000] "GET /v3/ HTTP/1.1" 200 250
[Fri Jun 19 23:14:12.682363 2026] [wsgi:error] [pid 12:tid 140108227266240] [remote 10.0.0.125:52172] 2026-06-19 23:14:12.682 12 WARNING keystone.common.fernet_utils [None req-01ce697e-c662-4d22-a25a-fce1c8001f0f - - - - - -] key_repository is world readable: /etc/keystone/fernet-keys/ 10.0.0.125 - - [19/Jun/2026:23:14:12 +0000] "POST /v3/auth/tokens HTTP/1.1" 201 1990
[Fri Jun 19 23:14:12.894766 2026] [wsgi:error] [pid 9:tid 140108227266240] [remote 10.0.0.125:52172] 2026-06-19 23:14:12.872 9 ERROR keystone.server.flask.application [None req-94f92e63-7b46-4b20-bdcc-feab851b1e24 6295e468cda04a89bcf9dcd79f1f55fa d1cac8e42af9496398590bd88475d3b1 - - default default] Conflict occurred attempting to store project - it is not permitted to have two projects acting as domains with the same name: service.: keystone.exception.Conflict: Conflict occurred attempting to store project - it is not permitted to have two projects acting as domains with the same name: service.
[Fri Jun 19 23:14:12.894801 2026] [wsgi:error] [pid 9:tid 140108227266240] [remote 10.0.0.125:52172] 2026-06-19 23:14:12.872 9 ERROR keystone.server.flask.application
Traceback (most recent call last):
[Fri Jun 19 23:14:12.894804 2026] [wsgi:error] [pid 9:tid 140108227266240] [remote 10.0.0.125:52172] 2026-06-19 23:14:12.872 9 ERROR keystone.server.flask.application
File "/var/lib/openstack/lib/python3.12/site-packages/sqlalchemy/engine/base.py", line 1969, in _exec_single_context
[Fri Jun 19 23:14:12.894806 2026] [wsgi:error] [pid 9:tid 140108227266240] [remote 10.0.0.125:52172] 2026-06-19 23:14:12.872 9 ERROR keystone.server.flask.application self.dialect.do_execute(
[Fri Jun 19 23:14:12.894808 2026] [wsgi:error] [pid 9:tid 140108227266240] [remote 10.0.0.125:52172] 2026-06-19 23:14:12.872 9 ERROR keystone.server.flask.application
File "/var/lib/openstack/lib/python3.12/site-packages/sqlalchemy/engine/default.py", line 952, in do_execute
[Fri Jun 19 23:14:12.894811 2026] [wsgi:error] [pid 9:tid 140108227266240] [remote 10.0.0.125:52172] 2026-06-19 23:14:12.872 9 ERROR keystone.server.flask.application cursor.execute(statement, parameters)
[Fri Jun 19 23:14:12.894813 2026] [wsgi:error] [pid 9:tid 140108227266240] [remote 10.0.0.125:52172] 2026-06-19 23:14:12.872 9 ERROR keystone.server.flask.application
File "/var/lib/openstack/lib/python3.12/site-packages/pymysql/cursors.py", line 159, in execute
[Fri Jun 19 23:14:12.894816 2026] [wsgi:error] [pid 9:tid 140108227266240] [remote 10.0.0.125:52172] 2026-06-19 23:14:12.872 9 ERROR keystone.server.flask.application result = self._query(query)
[Fri Jun 19 23:14:12.894818 2026] [wsgi:error] [pid 9:tid 140108227266240] [remote 10.0.0.125:52172] 2026-06-19 23:14:12.872 9 ERROR keystone.server.flask.application ^^^^^^^^^^^^^^^^^^
[Fri Jun 19 23:14:12.894820 2026] [wsgi:error] [pid 9:tid 140108227266240] [remote 10.0.0.125:52172] 2026-06-19 23:14:12.872 9 ERROR keystone.server.flask.application
File "/var/lib/openstack/lib/python3.12/site-packages/pymysql/cursors.py", line 330, in _query
[Fri Jun 19 23:14:12.894822 2026] [wsgi:error] [pid 9:tid 140108227266240] [remote 10.0.0.125:52172] 2026-06-19 23:14:12.872 9 ERROR keystone.server.flask.application conn.query(q)
[Fri Jun 19 23:14:12.894823 2026] [wsgi:error] [pid 9:tid 140108227266240] [remote 10.0.0.125:52172] 2026-06-19 23:14:12.872 9 ERROR keystone.server.flask.application
File "/var/lib/openstack/lib/python3.12/site-packages/pymysql/connections.py", line 582, in query
[Fri Jun 19 23:14:12.894826 2026] [wsgi:error] [pid 9:tid 140108227266240] [remote 10.0.0.125:52172] 2026-06-19 23:14:12.872 9 ERROR keystone.server.flask.application self._affected_rows = self._read_query_result(unbuffered=unbuffered)
[Fri Jun 19 23:14:12.894828 2026] [wsgi:error] [pid 9:tid 140108227266240] [remote 10.0.0.125:52172] 2026-06-19 23:14:12.872 9 ERROR keystone.server.flask.application ^^^^^^^^^^^^^^^^^^^^^^^^^^^^^^^^^^^^^^^^^^^^^^
[Fri Jun 19 23:14:12.894829 2026] [wsgi:error] [pid 9:tid 140108227266240] [remote 10.0.0.125:52172] 2026-06-19 23:14:12.872 9 ERROR keystone.server.flask.application
File "/var/lib/openstack/lib/python3.12/site-packages/pymysql/connections.py", line 847, in _read_query_result
[Fri Jun 19 23:14:12.894832 2026] [wsgi:error] [pid 9:tid 140108227266240] [remote 10.0.0.125:52172] 2026-06-19 23:14:12.872 9 ERROR keystone.server.flask.application result.read()
[Fri Jun 19 23:14:12.894836 2026] [wsgi:error] [pid 9:tid 140108227266240] [remote 10.0.0.125:52172] 2026-06-19 23:14:12.872 9 ERROR keystone.server.flask.application
File "/var/lib/openstack/lib/python3.12/site-packages/pymysql/connections.py", line 1245, in read
[Fri Jun 19 23:14:12.894838 2026] [wsgi:error] [pid 9:tid 140108227266240] [remote 10.0.0.125:52172] 2026-06-19 23:14:12.872 9 ERROR keystone.server.flask.application first_packet = self.connection._read_packet()
[Fri Jun 19 23:14:12.894840 2026] [wsgi:error] [pid 9:tid 140108227266240] [remote 10.0.0.125:52172] 2026-06-19 23:14:12.872 9 ERROR keystone.server.flask.application ^^^^^^^^^^^^^^^^^^^^^^^^^^^^^^
[Fri Jun 19 23:14:12.894841 2026] [wsgi:error] [pid 9:tid 140108227266240] [remote 10.0.0.125:52172] 2026-06-19 23:14:12.872 9 ERROR keystone.server.flask.application
File "/var/lib/openstack/lib/python3.12/site-packages/pymysql/connections.py", line 803, in _read_packet
[Fri Jun 19 23:14:12.894843 2026] [wsgi:error] [pid 9:tid 140108227266240] [remote 10.0.0.125:52172] 2026-06-19 23:14:12.872 9 ERROR keystone.server.flask.application packet.raise_for_error()
[Fri Jun 19 23:14:12.894845 2026] [wsgi:error] [pid 9:tid 140108227266240] [remote 10.0.0.125:52172] 2026-06-19 23:14:12.872 9 ERROR keystone.server.flask.application
File "/var/lib/openstack/lib/python3.12/site-packages/pymysql/protocol.py", line 219, in raise_for_error
[Fri Jun 19 23:14:12.894847 2026] [wsgi:error] [pid 9:tid 140108227266240] [remote 10.0.0.125:52172] 2026-06-19 23:14:12.872 9 ERROR keystone.server.flask.application err.raise_mysql_exception(self._data)
[Fri Jun 19 23:14:12.894848 2026] [wsgi:error] [pid 9:tid 140108227266240] [remote 10.0.0.125:52172] 2026-06-19 23:14:12.872 9 ERROR keystone.server.flask.application
File "/var/lib/openstack/lib/python3.12/site-packages/pymysql/err.py", line 154, in raise_mysql_exception
[Fri Jun 19 23:14:12.894851 2026] [wsgi:error] [pid 9:tid 140108227266240] [remote 10.0.0.125:52172] 2026-06-19 23:14:12.872 9 ERROR keystone.server.flask.application raise errorclass(errno, errval, sqlstate=sqlstate)
[Fri Jun 19 23:14:12.894852 2026] [wsgi:error] [pid 9:tid 140108227266240] [remote 10.0.0.125:52172] 2026-06-19 23:14:12.872 9 ERROR keystone.server.flask.application pymysql.err.IntegrityError: (1062, "Duplicate entry '<>-service' for key 'project.ixu_project_name_domain_id'")
[Fri Jun 19 23:14:12.894855 2026] [wsgi:error] [pid 9:tid 140108227266240] [remote 10.0.0.125:52172] 2026-06-19 23:14:12.872 9 ERROR keystone.server.flask.application
[Fri Jun 19 23:14:12.894857 2026] [wsgi:error] [pid 9:tid 140108227266240] [remote 10.0.0.125:52172] 2026-06-19 23:14:12.872 9 ERROR keystone.server.flask.application The above exception was the direct cause of the following exception:
[Fri Jun 19 23:14:12.894859 2026] [wsgi:error] [pid 9:tid 140108227266240] [remote 10.0.0.125:52172] 2026-06-19 23:14:12.872 9 ERROR keystone.server.flask.application
[Fri Jun 19 23:14:12.894860 2026] [wsgi:error] [pid 9:tid 140108227266240] [remote 10.0.0.125:52172] 2026-06-19 23:14:12.872 9 ERROR keystone.server.flask.application
Traceback (most recent call last):
[Fri Jun 19 23:14:12.894862 2026] [wsgi:error] [pid 9:tid 140108227266240] [remote 10.0.0.125:52172] 2026-06-19 23:14:12.872 9 ERROR keystone.server.flask.application
File "/var/lib/openstack/lib/python3.12/site-packages/keystone/common/sql/core.py", line 575, in wrapper
[Fri Jun 19 23:14:12.894864 2026] [wsgi:error] [pid 9:tid 140108227266240] [remote 10.0.0.125:52172] 2026-06-19 23:14:12.872 9 ERROR keystone.server.flask.application return method(*args, **kwargs)
[Fri Jun 19 23:14:12.894885 2026] [wsgi:error] [pid 9:tid 140108227266240] [remote 10.0.0.125:52172] 2026-06-19 23:14:12.872 9 ERROR keystone.server.flask.application ^^^^^^^^^^^^^^^^^^^^^^^
[Fri Jun 19 23:14:12.894887 2026] [wsgi:error] [pid 9:tid 140108227266240] [remote 10.0.0.125:52172] 2026-06-19 23:14:12.872 9 ERROR keystone.server.flask.application
File "/var/lib/openstack/lib/python3.12/site-packages/keystone/resource/backends/sql.py", line 278, in create_project
[Fri Jun 19 23:14:12.894890 2026] [wsgi:error] [pid 9:tid 140108227266240] [remote 10.0.0.125:52172] 2026-06-19 23:14:12.872 9 ERROR keystone.server.flask.application with sql.session_for_write() as session:
[Fri Jun 19 23:14:12.894892 2026] [wsgi:error] [pid 9:tid 140108227266240] [remote 10.0.0.125:52172] 2026-06-19 23:14:12.872 9 ERROR keystone.server.flask.application
File "/usr/lib/python3.12/contextlib.py", line 144, in __exit__
[Fri Jun 19 23:14:12.894894 2026] [wsgi:error] [pid 9:tid 140108227266240] [remote 10.0.0.125:52172] 2026-06-19 23:14:12.872 9 ERROR keystone.server.flask.application next(self.gen)
[Fri Jun 19 23:14:12.894897 2026] [wsgi:error] [pid 9:tid 140108227266240] [remote 10.0.0.125:52172] 2026-06-19 23:14:12.872 9 ERROR keystone.server.flask.application
File "/var/lib/openstack/lib/python3.12/site-packages/oslo_db/sqlalchemy/enginefacade.py", line 1175, in _transaction_scope
[Fri Jun 19 23:14:12.894899 2026] [wsgi:error] [pid 9:tid 140108227266240] [remote 10.0.0.125:52172] 2026-06-19 23:14:12.872 9 ERROR keystone.server.flask.application with current._produce_block(
[Fri Jun 19 23:14:12.894902 2026] [wsgi:error] [pid 9:tid 140108227266240] [remote 10.0.0.125:52172] 2026-06-19 23:14:12.872 9 ERROR keystone.server.flask.application
File "/usr/lib/python3.12/contextlib.py", line 144, in __exit__
[Fri Jun 19 23:14:12.894904 2026] [wsgi:error] [pid 9:tid 140108227266240] [remote 10.0.0.125:52172] 2026-06-19 23:14:12.872 9 ERROR keystone.server.flask.application next(self.gen)
[Fri Jun 19 23:14:12.894908 2026] [wsgi:error] [pid 9:tid 140108227266240] [remote 10.0.0.125:52172] 2026-06-19 23:14:12.872 9 ERROR keystone.server.flask.application
File "/var/lib/openstack/lib/python3.12/site-packages/oslo_db/sqlalchemy/enginefacade.py", line 837, in _session
[Fri Jun 19 23:14:12.894913 2026] [wsgi:error] [pid 9:tid 140108227266240] [remote 10.0.0.125:52172] 2026-06-19 23:14:12.872 9 ERROR keystone.server.flask.application with excutils.save_and_reraise_exception():
[Fri Jun 19 23:14:12.894916 2026] [wsgi:error] [pid 9:tid 140108227266240] [remote 10.0.0.125:52172] 2026-06-19 23:14:12.872 9 ERROR keystone.server.flask.application
File "/var/lib/openstack/lib/python3.12/site-packages/oslo_utils/excutils.py", line 266, in __exit__
[Fri Jun 19 23:14:12.894919 2026] [wsgi:error] [pid 9:tid 140108227266240] [remote 10.0.0.125:52172] 2026-06-19 23:14:12.872 9 ERROR keystone.server.flask.application self.force_reraise()
[Fri Jun 19 23:14:12.894921 2026] [wsgi:error] [pid 9:tid 140108227266240] [remote 10.0.0.125:52172] 2026-06-19 23:14:12.872 9 ERROR keystone.server.flask.application
File "/var/lib/openstack/lib/python3.12/site-packages/oslo_utils/excutils.py", line 232, in force_reraise
[Fri Jun 19 23:14:12.894924 2026] [wsgi:error] [pid 9:tid 140108227266240] [remote 10.0.0.125:52172] 2026-06-19 23:14:12.872 9 ERROR keystone.server.flask.application raise self.value
[Fri Jun 19 23:14:12.894926 2026] [wsgi:error] [pid 9:tid 140108227266240] [remote 10.0.0.125:52172] 2026-06-19 23:14:12.872 9 ERROR keystone.server.flask.application
File "/var/lib/openstack/lib/python3.12/site-packages/oslo_db/sqlalchemy/enginefacade.py", line 835, in _session
[Fri Jun 19 23:14:12.894929 2026] [wsgi:error] [pid 9:tid 140108227266240] [remote 10.0.0.125:52172] 2026-06-19 23:14:12.872 9 ERROR keystone.server.flask.application self._end_session_transaction(self.session)
[Fri Jun 19 23:14:12.894932 2026] [wsgi:error] [pid 9:tid 140108227266240] [remote 10.0.0.125:52172] 2026-06-19 23:14:12.872 9 ERROR keystone.server.flask.application
File "/var/lib/openstack/lib/python3.12/site-packages/oslo_db/sqlalchemy/enginefacade.py", line 748, in _end_session_transaction
[Fri Jun 19 23:14:12.894935 2026] [wsgi:error] [pid 9:tid 140108227266240] [remote 10.0.0.125:52172] 2026-06-19 23:14:12.872 9 ERROR keystone.server.flask.application session.commit()
[Fri Jun 19 23:14:12.894938 2026] [wsgi:error] [pid 9:tid 140108227266240] [remote 10.0.0.125:52172] 2026-06-19 23:14:12.872 9 ERROR keystone.server.flask.application
File "/var/lib/openstack/lib/python3.12/site-packages/sqlalchemy/orm/session.py", line 2034, in commit
[Fri Jun 19 23:14:12.894942 2026] [wsgi:error] [pid 9:tid 140108227266240] [remote 10.0.0.125:52172] 2026-06-19 23:14:12.872 9 ERROR keystone.server.flask.application trans.commit(_to_root=True)
[Fri Jun 19 23:14:12.894944 2026] [wsgi:error] [pid 9:tid 140108227266240] [remote 10.0.0.125:52172] 2026-06-19 23:14:12.872 9 ERROR keystone.server.flask.application File "", line 2, in commit
[Fri Jun 19 23:14:12.894948 2026] [wsgi:error] [pid 9:tid 140108227266240] [remote 10.0.0.125:52172] 2026-06-19 23:14:12.872 9 ERROR keystone.server.flask.application
File "/var/lib/openstack/lib/python3.12/site-packages/sqlalchemy/orm/state_changes.py", line 137, in _go
[Fri Jun 19 23:14:12.894951 2026] [wsgi:error] [pid 9:tid 140108227266240] [remote 10.0.0.125:52172] 2026-06-19 23:14:12.872 9 ERROR keystone.server.flask.application ret_value = fn(self, *arg, **kw)
[Fri Jun 19 23:14:12.894953 2026] [wsgi:error] [pid 9:tid 140108227266240] [remote 10.0.0.125:52172] 2026-06-19 23:14:12.872 9 ERROR keystone.server.flask.application ^^^^^^^^^^^^^^^^^^^^
[Fri Jun 19 23:14:12.894955 2026] [wsgi:error] [pid 9:tid 140108227266240] [remote 10.0.0.125:52172] 2026-06-19 23:14:12.872 9 ERROR keystone.server.flask.application
File "/var/lib/openstack/lib/python3.12/site-packages/sqlalchemy/orm/session.py", line 1315, in commit
[Fri Jun 19 23:14:12.894958 2026] [wsgi:error] [pid 9:tid 140108227266240] [remote 10.0.0.125:52172] 2026-06-19 23:14:12.872 9 ERROR keystone.server.flask.application self._prepare_impl()
[Fri Jun 19 23:14:12.894960 2026] [wsgi:error] [pid 9:tid 140108227266240] [remote 10.0.0.125:52172] 2026-06-19 23:14:12.872 9 ERROR keystone.server.flask.application File "", line 2, in _prepare_impl
[Fri Jun 19 23:14:12.894963 2026] [wsgi:error] [pid 9:tid 140108227266240] [remote 10.0.0.125:52172] 2026-06-19 23:14:12.872 9 ERROR keystone.server.flask.application
File "/var/lib/openstack/lib/python3.12/site-packages/sqlalchemy/orm/state_changes.py", line 137, in _go
[Fri Jun 19 23:14:12.894965 2026] [wsgi:error] [pid 9:tid 140108227266240] [remote 10.0.0.125:52172] 2026-06-19 23:14:12.872 9 ERROR keystone.server.flask.application ret_value = fn(self, *arg, **kw)
[Fri Jun 19 23:14:12.894967 2026] [wsgi:error] [pid 9:tid 140108227266240] [remote 10.0.0.125:52172] 2026-06-19 23:14:12.872 9 ERROR keystone.server.flask.application ^^^^^^^^^^^^^^^^^^^^
[Fri Jun 19 23:14:12.894969 2026] [wsgi:error] [pid 9:tid 140108227266240] [remote 10.0.0.125:52172] 2026-06-19 23:14:12.872 9 ERROR keystone.server.flask.application
File "/var/lib/openstack/lib/python3.12/site-packages/sqlalchemy/orm/session.py", line 1290, in _prepare_impl
[Fri Jun 19 23:14:12.894972 2026] [wsgi:error] [pid 9:tid 140108227266240] [remote 10.0.0.125:52172] 2026-06-19 23:14:12.872 9 ERROR keystone.server.flask.application self.session.flush()
[Fri Jun 19 23:14:12.894974 2026] [wsgi:error] [pid 9:tid 140108227266240] [remote 10.0.0.125:52172] 2026-06-19 23:14:12.872 9 ERROR keystone.server.flask.application
File "/var/lib/openstack/lib/python3.12/site-packages/sqlalchemy/orm/session.py", line 4352, in flush
[Fri Jun 19 23:14:12.894977 2026] [wsgi:error] [pid 9:tid 140108227266240] [remote 10.0.0.125:52172] 2026-06-19 23:14:12.872 9 ERROR keystone.server.flask.application self._flush(objects)
[Fri Jun 19 23:14:12.894978 2026] [wsgi:error] [pid 9:tid 140108227266240] [remote 10.0.0.125:52172] 2026-06-19 23:14:12.872 9 ERROR keystone.server.flask.application
File "/var/lib/openstack/lib/python3.12/site-packages/sqlalchemy/orm/session.py", line 4487, in _flush
[Fri Jun 19 23:14:12.894980 2026] [wsgi:error] [pid 9:tid 140108227266240] [remote 10.0.0.125:52172] 2026-06-19 23:14:12.872 9 ERROR keystone.server.flask.application with util.safe_reraise():
[Fri Jun 19 23:14:12.894982 2026] [wsgi:error] [pid 9:tid 140108227266240] [remote 10.0.0.125:52172] 2026-06-19 23:14:12.872 9 ERROR keystone.server.flask.application
File "/var/lib/openstack/lib/python3.12/site-packages/sqlalchemy/util/langhelpers.py", line 122, in __exit__
[Fri Jun 19 23:14:12.894985 2026] [wsgi:error] [pid 9:tid 140108227266240] [remote 10.0.0.125:52172] 2026-06-19 23:14:12.872 9 ERROR keystone.server.flask.application raise exc_value.with_traceback(exc_tb)
[Fri Jun 19 23:14:12.894986 2026] [wsgi:error] [pid 9:tid 140108227266240] [remote 10.0.0.125:52172] 2026-06-19 23:14:12.872 9 ERROR keystone.server.flask.application
File "/var/lib/openstack/lib/python3.12/site-packages/sqlalchemy/orm/session.py", line 4448, in _flush
[Fri Jun 19 23:14:12.894988 2026] [wsgi:error] [pid 9:tid 140108227266240] [remote 10.0.0.125:52172] 2026-06-19 23:14:12.872 9 ERROR keystone.server.flask.application flush_context.execute()
[Fri Jun 19 23:14:12.894990 2026] [wsgi:error] [pid 9:tid 140108227266240] [remote 10.0.0.125:52172] 2026-06-19 23:14:12.872 9 ERROR keystone.server.flask.application
File "/var/lib/openstack/lib/python3.12/site-packages/sqlalchemy/orm/unitofwork.py", line 465, in execute
