+ COMMAND=start + start + start_ovn + exec neutron-server --config-file /etc/neutron/neutron.conf --config-file /tmp/pod-shared/ovn.ini --config-file /etc/neutron/plugins/ml2/ml2_conf.ini /var/lib/openstack/lib/python3.10/site-packages/munch/__init__.py:24: UserWarning: pkg_resources is deprecated as an API. See https://setuptools.pypa.io/en/latest/pkg_resources.html. The pkg_resources package is slated for removal as early as 2025-11-30. Refrain from using this package or pin to Setuptools<81. import pkg_resources
2026-07-02 05:45:24.891 1 INFO neutron.common.config [-] Logging enabled!
2026-07-02 05:45:24.891 1 INFO neutron.common.config [-] /var/lib/openstack/bin/neutron-server version 21.2.2.dev24
2026-07-02 05:45:24.892 1 INFO neutron.common.config [-] Logging enabled!
2026-07-02 05:45:24.893 1 INFO neutron.common.config [-] /var/lib/openstack/bin/neutron-server version 21.2.2.dev24
2026-07-02 05:45:25.110 1 INFO neutron.manager [-] Loading core plugin: ml2
2026-07-02 05:45:25.775 1 INFO neutron.plugins.ml2.managers [-] Configured type driver names: ['flat', 'vlan', 'geneve']
2026-07-02 05:45:25.777 1 INFO neutron.plugins.ml2.drivers.type_flat [-] Arbitrary flat physical_network names allowed
2026-07-02 05:45:25.780 1 INFO neutron.plugins.ml2.drivers.type_vlan [-] Network VLAN ranges: OrderedDict([('external', [(1, 4094)])])
2026-07-02 05:45:25.780 1 INFO neutron.plugins.ml2.managers [-] Loaded type driver names: ['flat', 'geneve', 'vlan']
2026-07-02 05:45:25.780 1 INFO neutron.plugins.ml2.managers [-] Registered types: dict_keys(['flat', 'geneve', 'vlan'])
2026-07-02 05:45:25.780 1 INFO neutron.plugins.ml2.managers [-] Tenant network_types: ['geneve']
2026-07-02 05:45:25.780 1 INFO neutron.plugins.ml2.managers [-] Configured extension driver names: ['dns_domain_ports', 'port_security', 'qos']
2026-07-02 05:45:25.785 1 INFO neutron.plugins.ml2.managers [-] Loaded extension driver names: ['dns_domain_ports', 'port_security', 'qos']
2026-07-02 05:45:25.785 1 INFO neutron.plugins.ml2.managers [-] Registered extension drivers: ['dns_domain_ports', 'port_security', 'qos']
2026-07-02 05:45:25.785 1 INFO neutron.plugins.ml2.managers [-] Configured mechanism driver names: ['ovn']
2026-07-02 05:45:26.086 1 INFO neutron.plugins.ml2.managers [-] Loaded mechanism driver names: ['ovn']
2026-07-02 05:45:26.087 1 INFO neutron.plugins.ml2.managers [-] Registered mechanism drivers: ['ovn']
2026-07-02 05:45:26.087 1 INFO neutron.plugins.ml2.managers [-] No mechanism drivers provide segment reachability information for agent scheduling.
2026-07-02 05:45:26.102 1 INFO neutron.plugins.ml2.managers [-] Initializing driver for type 'flat'
2026-07-02 05:45:26.102 1 INFO neutron.plugins.ml2.drivers.type_flat [-] ML2 FlatTypeDriver initialization complete
2026-07-02 05:45:26.102 1 INFO neutron.plugins.ml2.managers [-] Initializing driver for type 'geneve'
2026-07-02 05:45:26.102 1 INFO neutron.plugins.ml2.drivers.type_tunnel [-] geneve ID ranges: [(1, 65536)]
2026-07-02 05:45:28.264 1 INFO neutron.plugins.ml2.managers [None req-85c93bee-7a8d-4142-984c-b69577abc9d3 - - - - - -] Initializing driver for type 'vlan'
2026-07-02 05:45:28.409 1 INFO neutron.plugins.ml2.drivers.type_vlan [None req-85c93bee-7a8d-4142-984c-b69577abc9d3 - - - - - -] VlanTypeDriver initialization complete
2026-07-02 05:45:28.410 1 INFO neutron.plugins.ml2.managers [None req-85c93bee-7a8d-4142-984c-b69577abc9d3 - - - - - -] Initializing extension driver 'dns_domain_ports'
2026-07-02 05:45:28.410 1 INFO neutron.plugins.ml2.extensions.dns_integration [None req-85c93bee-7a8d-4142-984c-b69577abc9d3 - - - - - -] DNSDomainPortsExtensionDriver initialization complete
2026-07-02 05:45:28.411 1 INFO neutron.plugins.ml2.managers [None req-85c93bee-7a8d-4142-984c-b69577abc9d3 - - - - - -] Initializing extension driver 'port_security'
2026-07-02 05:45:28.411 1 INFO neutron.plugins.ml2.extensions.port_security [None req-85c93bee-7a8d-4142-984c-b69577abc9d3 - - - - - -] PortSecurityExtensionDriver initialization complete
2026-07-02 05:45:28.411 1 INFO neutron.plugins.ml2.managers [None req-85c93bee-7a8d-4142-984c-b69577abc9d3 - - - - - -] Initializing extension driver 'qos'
2026-07-02 05:45:28.412 1 INFO neutron.plugins.ml2.managers [None req-85c93bee-7a8d-4142-984c-b69577abc9d3 - - - - - -] Initializing mechanism driver 'ovn'
2026-07-02 05:45:28.412 1 INFO neutron.plugins.ml2.drivers.ovn.mech_driver.mech_driver [None req-85c93bee-7a8d-4142-984c-b69577abc9d3 - - - - - -] Starting OVNMechanismDriver
2026-07-02 05:45:28.435 1 INFO neutron.services.logapi.drivers.ovn.driver [None req-85c93bee-7a8d-4142-984c-b69577abc9d3 - - - - - -] OVN logging driver registered
2026-07-02 05:45:28.439 1 INFO neutron.quota [None req-85c93bee-7a8d-4142-984c-b69577abc9d3 - - - - - -] Loaded quota_driver: .
2026-07-02 05:45:28.440 1 INFO neutron.plugins.ml2.plugin [None req-85c93bee-7a8d-4142-984c-b69577abc9d3 - - - - - -] Modular L2 Plugin initialization complete
2026-07-02 05:45:28.440 1 INFO neutron.plugins.ml2.managers [None req-85c93bee-7a8d-4142-984c-b69577abc9d3 - - - - - -] Got dns-integration extension from driver 'dns_domain_ports'
2026-07-02 05:45:28.440 1 INFO neutron.plugins.ml2.managers [None req-85c93bee-7a8d-4142-984c-b69577abc9d3 - - - - - -] Got dns-domain-ports extension from driver 'dns_domain_ports'
2026-07-02 05:45:28.440 1 INFO neutron.plugins.ml2.managers [None req-85c93bee-7a8d-4142-984c-b69577abc9d3 - - - - - -] Got port-security extension from driver 'port_security'
2026-07-02 05:45:28.440 1 INFO neutron.extensions.vlantransparent [None req-85c93bee-7a8d-4142-984c-b69577abc9d3 - - - - - -] Disabled vlantransparent extension.
2026-07-02 05:45:28.441 1 INFO neutron.manager [None req-85c93bee-7a8d-4142-984c-b69577abc9d3 - - - - - -] Loading Plugin: qos
2026-07-02 05:45:28.449 1 INFO neutron.manager [None req-85c93bee-7a8d-4142-984c-b69577abc9d3 - - - - - -] Loading Plugin: ovn-router
2026-07-02 05:45:28.464 1 INFO neutron.services.ovn_l3.plugin [None req-85c93bee-7a8d-4142-984c-b69577abc9d3 - - - - - -] Starting OVNL3RouterPlugin
2026-07-02 05:45:28.465 1 INFO neutron.manager [None req-85c93bee-7a8d-4142-984c-b69577abc9d3 - - - - - -] Loading Plugin: segments
2026-07-02 05:45:28.539 1 INFO neutron.manager [None req-85c93bee-7a8d-4142-984c-b69577abc9d3 - - - - - -] Loading Plugin: trunk
2026-07-02 05:45:28.545 1 INFO neutron.manager [None req-85c93bee-7a8d-4142-984c-b69577abc9d3 - - - - - -] Loading Plugin: log
2026-07-02 05:45:28.547 1 INFO neutron.manager [None req-85c93bee-7a8d-4142-984c-b69577abc9d3 - - - - - -] Loading Plugin: auto_allocate
2026-07-02 05:45:28.549 1 INFO neutron.manager [None req-85c93bee-7a8d-4142-984c-b69577abc9d3 - - - - - -] Loading Plugin: tag
2026-07-02 05:45:28.553 1 INFO neutron.manager [None req-85c93bee-7a8d-4142-984c-b69577abc9d3 - - - - - -] Loading Plugin: timestamp
2026-07-02 05:45:28.555 1 INFO neutron.manager [None req-85c93bee-7a8d-4142-984c-b69577abc9d3 - - - - - -] Loading Plugin: network_ip_availability
2026-07-02 05:45:28.558 1 INFO neutron.manager [None req-85c93bee-7a8d-4142-984c-b69577abc9d3 - - - - - -] Loading Plugin: flavors
2026-07-02 05:45:28.561 1 INFO neutron.manager [None req-85c93bee-7a8d-4142-984c-b69577abc9d3 - - - - - -] Loading Plugin: revisions
2026-07-02 05:45:28.565 1 INFO neutron.api.extensions [None req-85c93bee-7a8d-4142-984c-b69577abc9d3 - - - - - -] Initializing extension manager.
2026-07-02 05:45:28.566 1 INFO neutron.api.extensions [None req-85c93bee-7a8d-4142-984c-b69577abc9d3 - - - - - -] Loaded extension: address-group
2026-07-02 05:45:28.566 1 INFO neutron.api.extensions [None req-85c93bee-7a8d-4142-984c-b69577abc9d3 - - - - - -] Loaded extension: address-scope
2026-07-02 05:45:28.567 1 INFO neutron.api.extensions [None req-85c93bee-7a8d-4142-984c-b69577abc9d3 - - - - - -] Extension router-admin-state-down-before-update not supported by any of loaded plugins
2026-07-02 05:45:28.568 1 INFO neutron.api.extensions [None req-85c93bee-7a8d-4142-984c-b69577abc9d3 - - - - - -] Loaded extension: agent
2026-07-02 05:45:28.568 1 INFO neutron.api.extensions [None req-85c93bee-7a8d-4142-984c-b69577abc9d3 - - - - - -] Extension agent-resources-synced not supported by any of loaded plugins
2026-07-02 05:45:28.569 1 INFO neutron.api.extensions [None req-85c93bee-7a8d-4142-984c-b69577abc9d3 - - - - - -] Loaded extension: allowed-address-pairs
2026-07-02 05:45:28.570 1 INFO neutron.api.extensions [None req-85c93bee-7a8d-4142-984c-b69577abc9d3 - - - - - -] Loaded extension: auto-allocated-topology
2026-07-02 05:45:28.571 1 INFO neutron.api.extensions [None req-85c93bee-7a8d-4142-984c-b69577abc9d3 - - - - - -] Loaded extension: availability_zone
2026-07-02 05:45:28.571 1 INFO neutron.api.extensions [None req-85c93bee-7a8d-4142-984c-b69577abc9d3 - - - - - -] Extension availability_zone_filter not supported by any of loaded plugins
2026-07-02 05:45:28.572 1 INFO neutron.api.extensions [None req-85c93bee-7a8d-4142-984c-b69577abc9d3 - - - - - -] Extension data-plane-status not supported by any of loaded plugins
2026-07-02 05:45:28.572 1 INFO neutron.api.extensions [None req-85c93bee-7a8d-4142-984c-b69577abc9d3 - - - - - -] Loaded extension: default-subnetpools
2026-07-02 05:45:28.573 1 INFO neutron.api.extensions [None req-85c93bee-7a8d-4142-984c-b69577abc9d3 - - - - - -] Loaded extension: dhcp_agent_scheduler
2026-07-02 05:45:28.574 1 INFO neutron.api.extensions [None req-85c93bee-7a8d-4142-984c-b69577abc9d3 - - - - - -] Loaded extension: dns-integration
2026-07-02 05:45:28.574 1 INFO neutron.api.extensions [None req-85c93bee-7a8d-4142-984c-b69577abc9d3 - - - - - -] Loaded extension: dns-domain-ports
2026-07-02 05:45:28.575 1 INFO neutron.api.extensions [None req-85c93bee-7a8d-4142-984c-b69577abc9d3 - - - - - -] Loaded extension: dns-integration-domain-keywords
2026-07-02 05:45:28.575 1 INFO neutron.api.extensions [None req-85c93bee-7a8d-4142-984c-b69577abc9d3 - - - - - -] Extension dvr not supported by any of loaded plugins
2026-07-02 05:45:28.576 1 INFO neutron.api.extensions [None req-85c93bee-7a8d-4142-984c-b69577abc9d3 - - - - - -] Extension ecmp_routes not supported by any of loaded plugins
2026-07-02 05:45:28.576 1 INFO neutron.api.extensions [None req-85c93bee-7a8d-4142-984c-b69577abc9d3 - - - - - -] Extension empty-string-filtering not supported by any of loaded plugins
2026-07-02 05:45:28.577 1 INFO neutron.api.extensions [None req-85c93bee-7a8d-4142-984c-b69577abc9d3 - - - - - -] Extension expose-l3-conntrack-helper not supported by any of loaded plugins
2026-07-02 05:45:28.577 1 INFO neutron.api.extensions [None req-85c93bee-7a8d-4142-984c-b69577abc9d3 - - - - - -] Extension expose-port-forwarding-in-fip not supported by any of loaded plugins
2026-07-02 05:45:28.578 1 INFO neutron.api.extensions [None req-85c93bee-7a8d-4142-984c-b69577abc9d3 - - - - - -] Loaded extension: external-net
2026-07-02 05:45:28.578 1 INFO neutron.api.extensions [None req-85c93bee-7a8d-4142-984c-b69577abc9d3 - - - - - -] Loaded extension: extra_dhcp_opt
2026-07-02 05:45:28.579 1 INFO neutron.api.extensions [None req-85c93bee-7a8d-4142-984c-b69577abc9d3 - - - - - -] Loaded extension: extraroute
2026-07-02 05:45:28.579 1 INFO neutron.api.extensions [None req-85c93bee-7a8d-4142-984c-b69577abc9d3 - - - - - -] Extension extraroute-atomic not supported by any of loaded plugins
2026-07-02 05:45:28.580 1 INFO neutron.api.extensions [None req-85c93bee-7a8d-4142-984c-b69577abc9d3 - - - - - -] Loaded extension: filter-validation
2026-07-02 05:45:28.580 1 INFO neutron.api.extensions [None req-85c93bee-7a8d-4142-984c-b69577abc9d3 - - - - - -] Extension floating-ip-port-forwarding-description not supported by any of loaded plugins
2026-07-02 05:45:28.581 1 INFO neutron.api.extensions [None req-85c93bee-7a8d-4142-984c-b69577abc9d3 - - - - - -] Loaded extension: floating-ip-port-forwarding-detail
2026-07-02 05:45:28.581 1 INFO neutron.api.extensions [None req-85c93bee-7a8d-4142-984c-b69577abc9d3 - - - - - -] Extension floating-ip-port-forwarding-port-ranges not supported by any of loaded plugins
2026-07-02 05:45:28.582 1 INFO neutron.api.extensions [None req-85c93bee-7a8d-4142-984c-b69577abc9d3 - - - - - -] Loaded extension: fip-port-details
2026-07-02 05:45:28.582 1 INFO neutron.api.extensions [None req-85c93bee-7a8d-4142-984c-b69577abc9d3 - - - - - -] Loaded extension: flavors
2026-07-02 05:45:28.583 1 INFO neutron.api.extensions [None req-85c93bee-7a8d-4142-984c-b69577abc9d3 - - - - - -] Extension floating-ip-port-forwarding not supported by any of loaded plugins
2026-07-02 05:45:28.584 1 INFO neutron.api.extensions [None req-85c93bee-7a8d-4142-984c-b69577abc9d3 - - - - - -] Loaded extension: floatingip-pools
2026-07-02 05:45:28.584 1 INFO neutron.api.extensions [None req-85c93bee-7a8d-4142-984c-b69577abc9d3 - - - - - -] Loaded extension: ip_allocation
2026-07-02 05:45:28.585 1 INFO neutron.api.extensions [None req-85c93bee-7a8d-4142-984c-b69577abc9d3 - - - - - -] Extension ip-substring-filtering not supported by any of loaded plugins
2026-07-02 05:45:28.585 1 INFO neutron.api.extensions [None req-85c93bee-7a8d-4142-984c-b69577abc9d3 - - - - - -] Loaded extension: l2_adjacency
2026-07-02 05:45:28.586 1 INFO neutron.api.extensions [None req-85c93bee-7a8d-4142-984c-b69577abc9d3 - - - - - -] Loaded extension: router
2026-07-02 05:45:28.587 1 INFO neutron.api.extensions [None req-85c93bee-7a8d-4142-984c-b69577abc9d3 - - - - - -] Extension l3-conntrack-helper not supported by any of loaded plugins
2026-07-02 05:45:28.588 1 INFO neutron.api.extensions [None req-85c93bee-7a8d-4142-984c-b69577abc9d3 - - - - - -] Loaded extension: ext-gw-mode
2026-07-02 05:45:28.588 1 INFO neutron.api.extensions [None req-85c93bee-7a8d-4142-984c-b69577abc9d3 - - - - - -] Extension l3-ha not supported by any of loaded plugins
2026-07-02 05:45:28.589 1 INFO neutron.api.extensions [None req-85c93bee-7a8d-4142-984c-b69577abc9d3 - - - - - -] Extension l3-ext-ndp-proxy not supported by any of loaded plugins
2026-07-02 05:45:28.589 1 INFO neutron.api.extensions [None req-85c93bee-7a8d-4142-984c-b69577abc9d3 - - - - - -] Extension l3-flavors not supported by any of loaded plugins
2026-07-02 05:45:28.590 1 INFO neutron.api.extensions [None req-85c93bee-7a8d-4142-984c-b69577abc9d3 - - - - - -] Extension l3-ndp-proxy not supported by any of loaded plugins
2026-07-02 05:45:28.590 1 INFO neutron.api.extensions [None req-85c93bee-7a8d-4142-984c-b69577abc9d3 - - - - - -] Extension l3-port-ip-change-not-allowed not supported by any of loaded plugins
2026-07-02 05:45:28.592 1 INFO neutron.api.extensions [None req-85c93bee-7a8d-4142-984c-b69577abc9d3 - - - - - -] Extension l3_agent_scheduler not supported by any of loaded plugins
2026-07-02 05:45:28.593 1 INFO neutron.api.extensions [None req-85c93bee-7a8d-4142-984c-b69577abc9d3 - - - - - -] Extension local_ip not supported by any of loaded plugins
2026-07-02 05:45:28.593 1 INFO neutron.api.extensions [None req-85c93bee-7a8d-4142-984c-b69577abc9d3 - - - - - -] Loaded extension: logging
2026-07-02 05:45:28.594 1 INFO neutron.api.extensions [None req-85c93bee-7a8d-4142-984c-b69577abc9d3 - - - - - -] Extension metering not supported by any of loaded plugins
2026-07-02 05:45:28.595 1 INFO neutron.api.extensions [None req-85c93bee-7a8d-4142-984c-b69577abc9d3 - - - - - -] Extension metering_source_and_destination_fields not supported by any of loaded plugins
2026-07-02 05:45:28.595 1 INFO neutron.api.extensions [None req-85c93bee-7a8d-4142-984c-b69577abc9d3 - - - - - -] Loaded extension: multi-provider
2026-07-02 05:45:28.596 1 INFO neutron.api.extensions [None req-85c93bee-7a8d-4142-984c-b69577abc9d3 - - - - - -] Loaded extension: net-mtu
2026-07-02 05:45:28.596 1 INFO neutron.api.extensions [None req-85c93bee-7a8d-4142-984c-b69577abc9d3 - - - - - -] Loaded extension: net-mtu-writable
2026-07-02 05:45:28.597 1 INFO neutron.api.extensions [None req-85c93bee-7a8d-4142-984c-b69577abc9d3 - - - - - -] Loaded extension: network_availability_zone
2026-07-02 05:45:28.597 1 INFO neutron.api.extensions [None req-85c93bee-7a8d-4142-984c-b69577abc9d3 - - - - - -] Loaded extension: network-ip-availability
2026-07-02 05:45:28.598 1 INFO neutron.api.extensions [None req-85c93bee-7a8d-4142-984c-b69577abc9d3 - - - - - -] Extension network-segment-range not supported by any of loaded plugins
2026-07-02 05:45:28.598 1 INFO neutron.api.extensions [None req-85c93bee-7a8d-4142-984c-b69577abc9d3 - - - - - -] Loaded extension: pagination
2026-07-02 05:45:28.599 1 INFO neutron.api.extensions [None req-85c93bee-7a8d-4142-984c-b69577abc9d3 - - - - - -] Loaded extension: port-device-profile
2026-07-02 05:45:28.599 1 INFO neutron.api.extensions [None req-85c93bee-7a8d-4142-984c-b69577abc9d3 - - - - - -] Extension port-mac-override not supported by any of loaded plugins
2026-07-02 05:45:28.600 1 INFO neutron.api.extensions [None req-85c93bee-7a8d-4142-984c-b69577abc9d3 - - - - - -] Loaded extension: port-mac-address-regenerate
2026-07-02 05:45:28.600 1 INFO neutron.api.extensions [None req-85c93bee-7a8d-4142-984c-b69577abc9d3 - - - - - -] Loaded extension: port-numa-affinity-policy
2026-07-02 05:45:28.601 1 INFO neutron.api.extensions [None req-85c93bee-7a8d-4142-984c-b69577abc9d3 - - - - - -] Loaded extension: port-resource-request
2026-07-02 05:45:28.601 1 INFO neutron.api.extensions [None req-85c93bee-7a8d-4142-984c-b69577abc9d3 - - - - - -] Loaded extension: port-resource-request-groups
2026-07-02 05:45:28.602 1 INFO neutron.api.extensions [None req-85c93bee-7a8d-4142-984c-b69577abc9d3 - - - - - -] Loaded extension: binding
2026-07-02 05:45:28.602 1 INFO neutron.api.extensions [None req-85c93bee-7a8d-4142-984c-b69577abc9d3 - - - - - -] Loaded extension: binding-extended
2026-07-02 05:45:28.603 1 INFO neutron.api.extensions [None req-85c93bee-7a8d-4142-984c-b69577abc9d3 - - - - - -] Loaded extension: port-security
2026-07-02 05:45:28.603 1 INFO neutron.api.extensions [None req-85c93bee-7a8d-4142-984c-b69577abc9d3 - - - - - -] Loaded extension: project-id
2026-07-02 05:45:28.603 1 INFO neutron.api.extensions [None req-85c93bee-7a8d-4142-984c-b69577abc9d3 - - - - - -] Loaded extension: provider
2026-07-02 05:45:28.605 1 INFO neutron.api.extensions [None req-85c93bee-7a8d-4142-984c-b69577abc9d3 - - - - - -] Loaded extension: qos
2026-07-02 05:45:28.605 1 INFO neutron.api.extensions [None req-85c93bee-7a8d-4142-984c-b69577abc9d3 - - - - - -] Loaded extension: qos-bw-limit-direction
2026-07-02 05:45:28.606 1 INFO neutron.api.extensions [None req-85c93bee-7a8d-4142-984c-b69577abc9d3 - - - - - -] Loaded extension: qos-bw-minimum-ingress
2026-07-02 05:45:28.606 1 INFO neutron.api.extensions [None req-85c93bee-7a8d-4142-984c-b69577abc9d3 - - - - - -] Loaded extension: qos-default
2026-07-02 05:45:28.607 1 INFO neutron.api.extensions [None req-85c93bee-7a8d-4142-984c-b69577abc9d3 - - - - - -] Loaded extension: qos-fip
2026-07-02 05:45:28.607 1 INFO neutron.api.extensions [None req-85c93bee-7a8d-4142-984c-b69577abc9d3 - - - - - -] Extension qos-fip-network-policy not supported by any of loaded plugins
2026-07-02 05:45:28.608 1 INFO neutron.api.extensions [None req-85c93bee-7a8d-4142-984c-b69577abc9d3 - - - - - -] Loaded extension: qos-gateway-ip
2026-07-02 05:45:28.608 1 INFO neutron.api.extensions [None req-85c93bee-7a8d-4142-984c-b69577abc9d3 - - - - - -] Loaded extension: qos-port-network-policy
2026-07-02 05:45:28.609 1 INFO neutron.api.extensions [None req-85c93bee-7a8d-4142-984c-b69577abc9d3 - - - - - -] Loaded extension: qos-pps-minimum
2026-07-02 05:45:28.609 1 INFO neutron.api.extensions [None req-85c93bee-7a8d-4142-984c-b69577abc9d3 - - - - - -] Loaded extension: qos-pps-minimum-rule-alias
2026-07-02 05:45:28.610 1 INFO neutron.api.extensions [None req-85c93bee-7a8d-4142-984c-b69577abc9d3 - - - - - -] Loaded extension: qos-pps
2026-07-02 05:45:28.610 1 INFO neutron.api.extensions [None req-85c93bee-7a8d-4142-984c-b69577abc9d3 - - - - - -] Loaded extension: qos-rule-type-details
2026-07-02 05:45:28.611 1 INFO neutron.api.extensions [None req-85c93bee-7a8d-4142-984c-b69577abc9d3 - - - - - -] Loaded extension: qos-rule-type-filter
2026-07-02 05:45:28.611 1 INFO neutron.api.extensions [None req-85c93bee-7a8d-4142-984c-b69577abc9d3 - - - - - -] Loaded extension: qos-rules-alias
2026-07-02 05:45:28.612 1 INFO neutron.api.extensions [None req-85c93bee-7a8d-4142-984c-b69577abc9d3 - - - - - -] Loaded extension: quota-check-limit
2026-07-02 05:45:28.613 1 INFO neutron.api.extensions [None req-85c93bee-7a8d-4142-984c-b69577abc9d3 - - - - - -] Loaded extension: quotas
2026-07-02 05:45:28.614 1 INFO neutron.api.extensions [None req-85c93bee-7a8d-4142-984c-b69577abc9d3 - - - - - -] Loaded extension: quota_details
2026-07-02 05:45:28.615 1 INFO neutron.api.extensions [None req-85c93bee-7a8d-4142-984c-b69577abc9d3 - - - - - -] Loaded extension: rbac-policies
2026-07-02 05:45:28.615 1 INFO neutron.api.extensions [None req-85c93bee-7a8d-4142-984c-b69577abc9d3 - - - - - -] Extension rbac-address-group not supported by any of loaded plugins
2026-07-02 05:45:28.616 1 INFO neutron.api.extensions [None req-85c93bee-7a8d-4142-984c-b69577abc9d3 - - - - - -] Loaded extension: rbac-address-scope
2026-07-02 05:45:28.616 1 INFO neutron.api.extensions [None req-85c93bee-7a8d-4142-984c-b69577abc9d3 - - - - - -] Loaded extension: rbac-security-groups
2026-07-02 05:45:28.617 1 INFO neutron.api.extensions [None req-85c93bee-7a8d-4142-984c-b69577abc9d3 - - - - - -] Extension rbac-subnetpool not supported by any of loaded plugins
2026-07-02 05:45:28.617 1 INFO neutron.api.extensions [None req-85c93bee-7a8d-4142-984c-b69577abc9d3 - - - - - -] Loaded extension: revision-if-match
2026-07-02 05:45:28.617 1 INFO neutron.api.extensions [None req-85c93bee-7a8d-4142-984c-b69577abc9d3 - - - - - -] Loaded extension: standard-attr-revisions
2026-07-02 05:45:28.618 1 INFO neutron.api.extensions [None req-85c93bee-7a8d-4142-984c-b69577abc9d3 - - - - - -] Loaded extension: router_availability_zone
2026-07-02 05:45:28.618 1 INFO neutron.api.extensions [None req-85c93bee-7a8d-4142-984c-b69577abc9d3 - - - - - -] Extension router-service-type not supported by any of loaded plugins
2026-07-02 05:45:28.619 1 INFO neutron.api.extensions [None req-85c93bee-7a8d-4142-984c-b69577abc9d3 - - - - - -] Loaded extension: security-groups-normalized-cidr
2026-07-02 05:45:28.619 1 INFO neutron.api.extensions [None req-85c93bee-7a8d-4142-984c-b69577abc9d3 - - - - - -] Extension port-security-groups-filtering not supported by any of loaded plugins
2026-07-02 05:45:28.620 1 INFO neutron.api.extensions [None req-85c93bee-7a8d-4142-984c-b69577abc9d3 - - - - - -] Loaded extension: security-groups-remote-address-group
2026-07-02 05:45:28.620 1 INFO neutron.api.extensions [None req-85c93bee-7a8d-4142-984c-b69577abc9d3 - - - - - -] Loaded extension: security-groups-shared-filtering
2026-07-02 05:45:28.626 1 INFO neutron.api.extensions [None req-85c93bee-7a8d-4142-984c-b69577abc9d3 - - - - - -] Loaded extension: security-group
2026-07-02 05:45:28.627 1 INFO neutron.api.extensions [None req-85c93bee-7a8d-4142-984c-b69577abc9d3 - - - - - -] Loaded extension: segment
2026-07-02 05:45:28.627 1 INFO neutron.api.extensions [None req-85c93bee-7a8d-4142-984c-b69577abc9d3 - - - - - -] Loaded extension: segments-peer-subnet-host-routes
2026-07-02 05:45:28.628 1 INFO neutron.api.extensions [None req-85c93bee-7a8d-4142-984c-b69577abc9d3 - - - - - -] Loaded extension: service-type
2026-07-02 05:45:28.628 1 INFO neutron.api.extensions [None req-85c93bee-7a8d-4142-984c-b69577abc9d3 - - - - - -] Loaded extension: sorting
2026-07-02 05:45:28.629 1 INFO neutron.api.extensions [None req-85c93bee-7a8d-4142-984c-b69577abc9d3 - - - - - -] Loaded extension: standard-attr-segment
2026-07-02 05:45:28.629 1 INFO neutron.api.extensions [None req-85c93bee-7a8d-4142-984c-b69577abc9d3 - - - - - -] Loaded extension: standard-attr-description
2026-07-02 05:45:28.630 1 INFO neutron.api.extensions [None req-85c93bee-7a8d-4142-984c-b69577abc9d3 - - - - - -] Loaded extension: stateful-security-group
2026-07-02 05:45:28.630 1 WARNING neutron.api.extensions [None req-85c93bee-7a8d-4142-984c-b69577abc9d3 - - - - - -] Did not find expected name "Stdattrs_common" in /var/lib/openstack/lib/python3.10/site-packages/neutron/extensions/stdattrs_common.py
2026-07-02 05:45:28.631 1 INFO neutron.api.extensions [None req-85c93bee-7a8d-4142-984c-b69577abc9d3 - - - - - -] Loaded extension: subnet-dns-publish-fixed-ip
2026-07-02 05:45:28.631 1 INFO neutron.api.extensions [None req-85c93bee-7a8d-4142-984c-b69577abc9d3 - - - - - -] Extension subnet_onboard not supported by any of loaded plugins
2026-07-02 05:45:28.632 1 INFO neutron.api.extensions [None req-85c93bee-7a8d-4142-984c-b69577abc9d3 - - - - - -] Loaded extension: subnet-segmentid-writable
2026-07-02 05:45:28.632 1 INFO neutron.api.extensions [None req-85c93bee-7a8d-4142-984c-b69577abc9d3 - - - - - -] Loaded extension: subnet-service-types
2026-07-02 05:45:28.633 1 INFO neutron.api.extensions [None req-85c93bee-7a8d-4142-984c-b69577abc9d3 - - - - - -] Loaded extension: subnet_allocation
2026-07-02 05:45:28.633 1 INFO neutron.api.extensions [None req-85c93bee-7a8d-4142-984c-b69577abc9d3 - - - - - -] Loaded extension: subnetpool-prefix-ops
2026-07-02 05:45:28.634 1 INFO neutron.api.extensions [None req-85c93bee-7a8d-4142-984c-b69577abc9d3 - - - - - -] Extension tag-ports-during-bulk-creation not supported by any of loaded plugins
2026-07-02 05:45:28.635 1 INFO neutron.api.extensions [None req-85c93bee-7a8d-4142-984c-b69577abc9d3 - - - - - -] Loaded extension: standard-attr-tag
2026-07-02 05:45:28.636 1 INFO neutron.api.extensions [None req-85c93bee-7a8d-4142-984c-b69577abc9d3 - - - - - -] Loaded extension: standard-attr-timestamp
2026-07-02 05:45:28.636 1 INFO neutron.api.extensions [None req-85c93bee-7a8d-4142-984c-b69577abc9d3 - - - - - -] Loaded extension: trunk
2026-07-02 05:45:28.637 1 INFO neutron.api.extensions [None req-85c93bee-7a8d-4142-984c-b69577abc9d3 - - - - - -] Loaded extension: trunk-details
2026-07-02 05:45:28.637 1 INFO neutron.api.extensions [None req-85c93bee-7a8d-4142-984c-b69577abc9d3 - - - - - -] Extension uplink-status-propagation not supported by any of loaded plugins
2026-07-02 05:45:28.638 1 INFO neutron.api.extensions [None req-85c93bee-7a8d-4142-984c-b69577abc9d3 - - - - - -] Extension vlan-transparent not supported by any of loaded plugins
2026-07-02 05:45:28.639 1 INFO neutron.quota.resource_registry [None req-85c93bee-7a8d-4142-984c-b69577abc9d3 - - - - - -] Creating instance of TrackedResource for resource:network
2026-07-02 05:45:28.640 1 INFO neutron.quota.resource_registry [None req-85c93bee-7a8d-4142-984c-b69577abc9d3 - - - - - -] Creating instance of TrackedResource for resource:subnet
2026-07-02 05:45:28.640 1 INFO neutron.quota.resource_registry [None req-85c93bee-7a8d-4142-984c-b69577abc9d3 - - - - - -] Creating instance of TrackedResource for resource:subnetpool
2026-07-02 05:45:28.640 1 INFO neutron.quota.resource_registry [None req-85c93bee-7a8d-4142-984c-b69577abc9d3 - - - - - -] Creating instance of TrackedResource for resource:port
2026-07-02 05:45:28.641 1 INFO neutron.quota.resource_registry [None req-85c93bee-7a8d-4142-984c-b69577abc9d3 - - - - - -] Creating instance of TrackedResource for resource:router
2026-07-02 05:45:28.641 1 INFO neutron.quota.resource_registry [None req-85c93bee-7a8d-4142-984c-b69577abc9d3 - - - - - -] Creating instance of TrackedResource for resource:floatingip
2026-07-02 05:45:28.642 1 INFO neutron.quota.resource_registry [None req-85c93bee-7a8d-4142-984c-b69577abc9d3 - - - - - -] Creating instance of CountableResource for resource:rbac_policy
2026-07-02 05:45:28.643 1 INFO neutron.quota.resource_registry [None req-85c93bee-7a8d-4142-984c-b69577abc9d3 - - - - - -] Creating instance of TrackedResource for resource:security_group
2026-07-02 05:45:28.643 1 INFO neutron.quota.resource_registry [None req-85c93bee-7a8d-4142-984c-b69577abc9d3 - - - - - -] Creating instance of TrackedResource for resource:security_group_rule
2026-07-02 05:45:28.643 1 INFO neutron.quota.resource_registry [None req-85c93bee-7a8d-4142-984c-b69577abc9d3 - - - - - -] Creating instance of TrackedResource for resource:subnetpool
2026-07-02 05:45:28.643 1 WARNING neutron.quota.resource_registry [None req-85c93bee-7a8d-4142-984c-b69577abc9d3 - - - - - -] subnetpool is already registered
2026-07-02 05:45:28.643 1 INFO neutron.quota.resource_registry [None req-85c93bee-7a8d-4142-984c-b69577abc9d3 - - - - - -] Creating instance of CountableResource for resource:trunk
2026-07-02 05:45:28.646 1 INFO neutron.quota.resource_registry [None req-85c93bee-7a8d-4142-984c-b69577abc9d3 - - - - - -] Creating instance of TrackedResource for resource:router
2026-07-02 05:45:28.646 1 WARNING neutron.quota.resource_registry [None req-85c93bee-7a8d-4142-984c-b69577abc9d3 - - - - - -] router is already registered
2026-07-02 05:45:28.646 1 INFO neutron.quota.resource_registry [None req-85c93bee-7a8d-4142-984c-b69577abc9d3 - - - - - -] Creating instance of TrackedResource for resource:floatingip
2026-07-02 05:45:28.646 1 WARNING neutron.quota.resource_registry [None req-85c93bee-7a8d-4142-984c-b69577abc9d3 - - - - - -] floatingip is already registered
2026-07-02 05:45:28.647 1 INFO neutron.quota.resource_registry [None req-85c93bee-7a8d-4142-984c-b69577abc9d3 - - - - - -] Creating instance of CountableResource for resource:rbac_policy
2026-07-02 05:45:28.647 1 WARNING neutron.quota.resource_registry [None req-85c93bee-7a8d-4142-984c-b69577abc9d3 - - - - - -] rbac_policy is already registered
2026-07-02 05:45:28.647 1 INFO neutron.quota.resource_registry [None req-85c93bee-7a8d-4142-984c-b69577abc9d3 - - - - - -] Creating instance of TrackedResource for resource:security_group
2026-07-02 05:45:28.647 1 WARNING neutron.quota.resource_registry [None req-85c93bee-7a8d-4142-984c-b69577abc9d3 - - - - - -] security_group is already registered
2026-07-02 05:45:28.647 1 INFO neutron.quota.resource_registry [None req-85c93bee-7a8d-4142-984c-b69577abc9d3 - - - - - -] Creating instance of TrackedResource for resource:security_group_rule
2026-07-02 05:45:28.648 1 WARNING neutron.quota.resource_registry [None req-85c93bee-7a8d-4142-984c-b69577abc9d3 - - - - - -] security_group_rule is already registered
2026-07-02 05:45:28.648 1 INFO neutron.quota.resource_registry [None req-85c93bee-7a8d-4142-984c-b69577abc9d3 - - - - - -] Creating instance of TrackedResource for resource:subnetpool
2026-07-02 05:45:28.648 1 WARNING neutron.quota.resource_registry [None req-85c93bee-7a8d-4142-984c-b69577abc9d3 - - - - - -] subnetpool is already registered
2026-07-02 05:45:28.648 1 INFO neutron.quota.resource_registry [None req-85c93bee-7a8d-4142-984c-b69577abc9d3 - - - - - -] Creating instance of CountableResource for resource:trunk
2026-07-02 05:45:28.648 1 WARNING neutron.quota.resource_registry [None req-85c93bee-7a8d-4142-984c-b69577abc9d3 - - - - - -] trunk is already registered
2026-07-02 05:45:28.675 1 WARNING keystonemiddleware._common.config [None req-85c93bee-7a8d-4142-984c-b69577abc9d3 - - - - - -] The option "audit_map_file" is not known to keystonemiddleware
2026-07-02 05:45:28.681 1 WARNING oslo_config.cfg [None req-85c93bee-7a8d-4142-984c-b69577abc9d3 - - - - - -] Deprecated: Option "auth_uri" from group "keystone_authtoken" is deprecated. Use option "www_authenticate_uri" from group "keystone_authtoken".
2026-07-02 05:45:28.684 1 INFO oslo_service.service [None req-85c93bee-7a8d-4142-984c-b69577abc9d3 - - - - - -] Starting 2 workers
2026-07-02 05:45:28.692 1 INFO neutron.service [None req-85c93bee-7a8d-4142-984c-b69577abc9d3 - - - - - -] Neutron service started, listening on 0.0.0.0:9696
2026-07-02 05:45:28.731 1 INFO oslo_service.service [None req-85c93bee-7a8d-4142-984c-b69577abc9d3 - - - - - -] Starting 2 workers
2026-07-02 05:45:28.734 9 INFO neutron.db.ovn_hash_ring_db [None req-cc0d8f2f-1054-4b81-882f-deee449fb275 - - - - - -] Nodes from host "neutron-server-55d56dfb8d-rwbkd" and group "mechanism_driver" removed from the Hash Ring
2026-07-02 05:45:28.738 1 INFO oslo_service.service [None req-85c93bee-7a8d-4142-984c-b69577abc9d3 - - - - - -] Starting 1 workers
2026-07-02 05:45:28.741 1 INFO oslo_service.service [None req-85c93bee-7a8d-4142-984c-b69577abc9d3 - - - - - -] Starting 1 workers
2026-07-02 05:45:28.742 12 INFO neutron.plugins.ml2.drivers.ovn.mech_driver.ovsdb.impl_idl_ovn [-] Getting OvsdbNbOvnIdl for RpcWorker with retry
2026-07-02 05:45:28.743 1 INFO oslo_service.service [None req-85c93bee-7a8d-4142-984c-b69577abc9d3 - - - - - -] Starting 1 workers
2026-07-02 05:45:28.745 13 INFO neutron.plugins.ml2.drivers.ovn.mech_driver.ovsdb.impl_idl_ovn [-] Getting OvsdbNbOvnIdl for RpcWorker with retry
2026-07-02 05:45:28.748 9 INFO neutron.db.ovn_hash_ring_db [None req-cc0d8f2f-1054-4b81-882f-deee449fb275 - - - - - -] Node b6d0fae2-9377-47f6-a8d8-8fdd60296aff from host "neutron-server-55d56dfb8d-rwbkd" and group "mechanism_driver" added to the Hash Ring
2026-07-02 05:45:28.750 9 INFO neutron.plugins.ml2.drivers.ovn.mech_driver.mech_driver [None req-cc0d8f2f-1054-4b81-882f-deee449fb275 - - - - - -] Hash Ring probing thread has started
2026-07-02 05:45:28.751 9 INFO neutron.plugins.ml2.drivers.ovn.mech_driver.ovsdb.impl_idl_ovn [None req-cc0d8f2f-1054-4b81-882f-deee449fb275 - - - - - -] Getting OvsdbNbOvnIdl for WorkerService with retry
2026-07-02 05:45:28.753 15 INFO neutron.plugins.ml2.drivers.ovn.mech_driver.ovsdb.impl_idl_ovn [-] Getting OvsdbNbOvnIdl for MaintenanceWorker with retry
2026-07-02 05:45:28.755 1 WARNING oslo_config.cfg [-] Deprecated: Option "auth_uri" from group "keystone_authtoken" is deprecated for removal (The auth_uri option is deprecated in favor of www_authenticate_uri and will be removed in the S release.). Its value may be silently ignored in the future.
2026-07-02 05:45:28.775 12 INFO ovsdbapp.backend.ovs_idl.vlog [None req-d4eac878-ec69-4f5c-a98f-d2366424e420 - - - - - -] tcp:10.110.50.63:6641: connecting...
2026-07-02 05:45:28.775 12 INFO ovsdbapp.backend.ovs_idl.vlog [None req-d4eac878-ec69-4f5c-a98f-d2366424e420 - - - - - -] tcp:10.110.50.63:6641: connected
2026-07-02 05:45:28.780 10 INFO neutron.db.ovn_hash_ring_db [None req-927f4568-a3f7-4cfe-9e51-538604a9a7cc - - - - - -] Node 18553658-e2b1-4dd7-9347-d743bd2499a4 from host "neutron-server-55d56dfb8d-rwbkd" and group "mechanism_driver" added to the Hash Ring
2026-07-02 05:45:28.782 13 INFO ovsdbapp.backend.ovs_idl.vlog [None req-59107791-4165-4b7f-a40d-1702b59fc3d4 - - - - - -] tcp:10.110.50.63:6641: connecting...
2026-07-02 05:45:28.782 10 INFO neutron.plugins.ml2.drivers.ovn.mech_driver.ovsdb.impl_idl_ovn [None req-927f4568-a3f7-4cfe-9e51-538604a9a7cc - - - - - -] Getting OvsdbNbOvnIdl for WorkerService with retry
2026-07-02 05:45:28.782 9 INFO ovsdbapp.backend.ovs_idl.vlog [None req-cc0d8f2f-1054-4b81-882f-deee449fb275 - - - - - -] tcp:10.110.50.63:6641: connecting...
2026-07-02 05:45:28.782 13 INFO ovsdbapp.backend.ovs_idl.vlog [None req-59107791-4165-4b7f-a40d-1702b59fc3d4 - - - - - -] tcp:10.110.50.63:6641: connected
2026-07-02 05:45:28.782 9 INFO ovsdbapp.backend.ovs_idl.vlog [None req-cc0d8f2f-1054-4b81-882f-deee449fb275 - - - - - -] tcp:10.110.50.63:6641: connected
2026-07-02 05:45:28.787 15 INFO ovsdbapp.backend.ovs_idl.vlog [-] tcp:10.110.50.63:6641: connecting...
2026-07-02 05:45:28.787 15 INFO ovsdbapp.backend.ovs_idl.vlog [-] tcp:10.110.50.63:6641: connected
2026-07-02 05:45:28.815 10 INFO ovsdbapp.backend.ovs_idl.vlog [None req-927f4568-a3f7-4cfe-9e51-538604a9a7cc - - - - - -] tcp:10.110.50.63:6641: connecting...
2026-07-02 05:45:28.815 10 INFO ovsdbapp.backend.ovs_idl.vlog [None req-927f4568-a3f7-4cfe-9e51-538604a9a7cc - - - - - -] tcp:10.110.50.63:6641: connected
2026-07-02 05:45:28.823 12 INFO neutron.plugins.ml2.drivers.ovn.mech_driver.ovsdb.impl_idl_ovn [None req-d4eac878-ec69-4f5c-a98f-d2366424e420 - - - - - -] Getting OvsdbSbOvnIdl for RpcWorker with retry
2026-07-02 05:45:28.824 15 INFO neutron.plugins.ml2.drivers.ovn.mech_driver.ovsdb.impl_idl_ovn [-] Getting OvsdbSbOvnIdl for MaintenanceWorker with retry
2026-07-02 05:45:28.829 12 INFO ovsdbapp.backend.ovs_idl.vlog [None req-d4eac878-ec69-4f5c-a98f-d2366424e420 - - - - - -] tcp:10.96.137.202:6642: connecting...
2026-07-02 05:45:28.829 15 INFO ovsdbapp.backend.ovs_idl.vlog [-] tcp:10.96.137.202:6642: connecting...
2026-07-02 05:45:28.829 12 INFO ovsdbapp.backend.ovs_idl.vlog [None req-d4eac878-ec69-4f5c-a98f-d2366424e420 - - - - - -] tcp:10.96.137.202:6642: connected
2026-07-02 05:45:28.830 15 INFO ovsdbapp.backend.ovs_idl.vlog [-] tcp:10.96.137.202:6642: connected
2026-07-02 05:45:28.840 13 INFO neutron.plugins.ml2.drivers.ovn.mech_driver.ovsdb.impl_idl_ovn [None req-59107791-4165-4b7f-a40d-1702b59fc3d4 - - - - - -] Getting OvsdbSbOvnIdl for RpcWorker with retry
2026-07-02 05:45:28.844 9 INFO neutron.plugins.ml2.drivers.ovn.mech_driver.ovsdb.impl_idl_ovn [None req-cc0d8f2f-1054-4b81-882f-deee449fb275 - - - - - -] Getting OvsdbSbOvnIdl for WorkerService with retry
2026-07-02 05:45:28.848 13 INFO ovsdbapp.backend.ovs_idl.vlog [None req-59107791-4165-4b7f-a40d-1702b59fc3d4 - - - - - -] tcp:10.96.137.202:6642: connecting...
2026-07-02 05:45:28.848 13 INFO ovsdbapp.backend.ovs_idl.vlog [None req-59107791-4165-4b7f-a40d-1702b59fc3d4 - - - - - -] tcp:10.96.137.202:6642: connected
2026-07-02 05:45:28.852 9 INFO ovsdbapp.backend.ovs_idl.vlog [None req-cc0d8f2f-1054-4b81-882f-deee449fb275 - - - - - -] tcp:10.96.137.202:6642: connecting...
2026-07-02 05:45:28.852 9 INFO ovsdbapp.backend.ovs_idl.vlog [None req-cc0d8f2f-1054-4b81-882f-deee449fb275 - - - - - -] tcp:10.96.137.202:6642: connected
2026-07-02 05:45:28.868 10 INFO neutron.plugins.ml2.drivers.ovn.mech_driver.ovsdb.impl_idl_ovn [None req-927f4568-a3f7-4cfe-9e51-538604a9a7cc - - - - - -] Getting OvsdbSbOvnIdl for WorkerService with retry
2026-07-02 05:45:28.871 15 INFO neutron.plugins.ml2.drivers.ovn.mech_driver.ovsdb.extensions.qos [-] Starting OVNClientQosExtension
2026-07-02 05:45:28.871 15 INFO neutron.plugins.ml2.drivers.ovn.mech_driver.ovsdb.extensions.placement [-] Starting OVNClientPlacementExtension
2026-07-02 05:45:28.871 15 INFO neutron.plugins.ml2.drivers.ovn.mech_driver.ovsdb.extensions.qos [-] Starting OVNClientQosExtension
2026-07-02 05:45:28.876 10 INFO ovsdbapp.backend.ovs_idl.vlog [None req-927f4568-a3f7-4cfe-9e51-538604a9a7cc - - - - - -] tcp:10.96.137.202:6642: connecting...
2026-07-02 05:45:28.877 10 INFO ovsdbapp.backend.ovs_idl.vlog [None req-927f4568-a3f7-4cfe-9e51-538604a9a7cc - - - - - -] tcp:10.96.137.202:6642: connected
2026-07-02 05:45:28.877 15 INFO neutron.plugins.ml2.drivers.ovn.mech_driver.mech_driver [-] Maintenance task thread has started
2026-07-02 05:45:28.898 9 INFO neutron.wsgi [-] (9) wsgi starting up on http://0.0.0.0:9696
2026-07-02 05:45:28.925 10 INFO neutron.wsgi [-] (10) wsgi starting up on http://0.0.0.0:9696
2026-07-02 05:45:29.011 15 INFO neutron.db.ovn_hash_ring_db [None req-b0afdd4f-8df0-410d-8c78-da54e252e534 - - - - - -] Cleaned up Hash Ring nodes older than 5 days
2026-07-02 05:45:29.043 15 INFO neutron.plugins.ml2.drivers.ovn.mech_driver.ovsdb.extensions.qos [None req-b0afdd4f-8df0-410d-8c78-da54e252e534 - - - - - -] Starting OVNClientQosExtension
2026-07-02 05:45:29.076 10 INFO neutron.plugins.ml2.drivers.ovn.mech_driver.ovsdb.extensions.qos [-] Starting OVNClientQosExtension
2026-07-02 05:45:29.077 10 INFO neutron.plugins.ml2.drivers.ovn.mech_driver.ovsdb.extensions.placement [-] Starting OVNClientPlacementExtension
2026-07-02 05:45:32.852 10 INFO neutron.wsgi [-] 10.0.0.185 "GET / HTTP/1.1" status: 200 len: 247 time: 0.0027039 /var/lib/openstack/lib/python3.10/site-packages/memcache.py:1303: SyntaxWarning: "is" with a literal. Did you mean "=="? if key is '': /var/lib/openstack/lib/python3.10/site-packages/memcache.py:1304: SyntaxWarning: "is" with a literal. Did you mean "=="? if key_extra_len is 0: /var/lib/openstack/lib/python3.10/site-packages/pycadf/identifier.py:71: UserWarning: Invalid uuid: unknown. To ensure interoperability, identifiers should be a valid uuid. warnings.warn(('Invalid uuid: %s. To ensure interoperability, '
2026-07-02 05:45:37.552 10 WARNING oslo_policy.policy [None req-f620be9b-fdfc-4c67-b2ac-281ad127a581 5b4e09e9bcaf40b5999b61b45af84c86 7d4e6bf08eb9424884271f3739462231 - - default default] Policies ['delete_port', 'update_port:allowed_address_pairs', 'update_port:allowed_address_pairs:ip_address', 'update_port:allowed_address_pairs:mac_address', 'update_port:fixed_ips', 'update_port:mac_address'] reference a rule that is not defined.
2026-07-02 05:45:37.790 10 INFO neutron.wsgi [None req-f620be9b-fdfc-4c67-b2ac-281ad127a581 5b4e09e9bcaf40b5999b61b45af84c86 7d4e6bf08eb9424884271f3739462231 - - default default] 199.19.213.151,10.0.0.185 "GET /v2.0/networks HTTP/1.1" status: 200 len: 189 time: 0.7072136
2026-07-02 05:45:37.838 10 INFO neutron.wsgi [-] 10.0.0.185 "GET / HTTP/1.1" status: 200 len: 247 time: 0.0026939
2026-07-02 05:45:37.935 10 INFO neutron.db.ovn_revision_numbers_db [None req-81f7d8e3-0894-45b5-a86b-bbf0afe95339 5b4e09e9bcaf40b5999b61b45af84c86 7d4e6bf08eb9424884271f3739462231 - - - -] Successfully bumped revision number for resource f166b38d-544e-41e9-b4df-38ecdf57acd8 (type: security_groups) to 1
2026-07-02 05:45:37.958 10 WARNING neutron.services.revisions.revision_plugin [None req-81f7d8e3-0894-45b5-a86b-bbf0afe95339 5b4e09e9bcaf40b5999b61b45af84c86 7d4e6bf08eb9424884271f3739462231 - - - -] Could not find related network for resource to bump revision.
2026-07-02 05:45:38.022 10 INFO neutron.db.segments_db [None req-81f7d8e3-0894-45b5-a86b-bbf0afe95339 5b4e09e9bcaf40b5999b61b45af84c86 7d4e6bf08eb9424884271f3739462231 - - - -] Added segment 62269f41-3e10-4068-ad92-7c0fb064faa2 of type flat for network 2d20c1bb-5ca9-4351-9d53-2ca61206d10b
2026-07-02 05:45:38.207 10 INFO neutron.db.ovn_revision_numbers_db [None req-81f7d8e3-0894-45b5-a86b-bbf0afe95339 5b4e09e9bcaf40b5999b61b45af84c86 7d4e6bf08eb9424884271f3739462231 - - - -] Successfully bumped revision number for resource 2d20c1bb-5ca9-4351-9d53-2ca61206d10b (type: networks) to 1
2026-07-02 05:45:38.458 10 WARNING neutron.scheduler.dhcp_agent_scheduler [None req-81f7d8e3-0894-45b5-a86b-bbf0afe95339 5b4e09e9bcaf40b5999b61b45af84c86 7d4e6bf08eb9424884271f3739462231 - - - -] No more DHCP agents
2026-07-02 05:45:38.460 10 WARNING neutron.api.rpc.agentnotifiers.dhcp_rpc_agent_api [None req-81f7d8e3-0894-45b5-a86b-bbf0afe95339 5b4e09e9bcaf40b5999b61b45af84c86 7d4e6bf08eb9424884271f3739462231 - - - -] Unable to schedule network 2d20c1bb-5ca9-4351-9d53-2ca61206d10b: no agents available; will retry on subsequent port and subnet creation events.
2026-07-02 05:45:38.546 10 INFO neutron.db.ovn_revision_numbers_db [None req-81f7d8e3-0894-45b5-a86b-bbf0afe95339 5b4e09e9bcaf40b5999b61b45af84c86 7d4e6bf08eb9424884271f3739462231 - - - -] Successfully bumped revision number for resource 450dc699-1cc1-4191-b520-9ee4b1ff6f6d (type: ports) to 1
2026-07-02 05:45:38.564 10 INFO neutron.wsgi [None req-81f7d8e3-0894-45b5-a86b-bbf0afe95339 5b4e09e9bcaf40b5999b61b45af84c86 7d4e6bf08eb9424884271f3739462231 - - - -] 199.19.213.151,10.0.0.185 "POST /v2.0/networks HTTP/1.1" status: 201 len: 886 time: 0.7709291
2026-07-02 05:45:39.234 15 INFO neutron.plugins.ml2.drivers.ovn.mech_driver.ovsdb.extensions.qos [None req-818fb852-2fa7-404d-9d6f-c08a9e18a944 - - - - - -] Starting OVNClientQosExtension
2026-07-02 05:45:39.252 15 INFO neutron.plugins.ml2.drivers.ovn.mech_driver.ovsdb.extensions.qos [None req-818fb852-2fa7-404d-9d6f-c08a9e18a944 - - - - - -] Starting OVNClientQosExtension /var/lib/openstack/lib/python3.10/site-packages/memcache.py:1303: SyntaxWarning: "is" with a literal. Did you mean "=="? if key is '': /var/lib/openstack/lib/python3.10/site-packages/memcache.py:1304: SyntaxWarning: "is" with a literal. Did you mean "=="? if key_extra_len is 0: /var/lib/openstack/lib/python3.10/site-packages/pycadf/identifier.py:71: UserWarning: Invalid uuid: unknown. To ensure interoperability, identifiers should be a valid uuid. warnings.warn(('Invalid uuid: %s. To ensure interoperability, '
2026-07-02 05:45:39.856 9 WARNING oslo_policy.policy [None req-1fe57e6a-b3c2-4692-9f7e-0e3b54871da8 5b4e09e9bcaf40b5999b61b45af84c86 7d4e6bf08eb9424884271f3739462231 - - default default] Policies ['delete_port', 'update_port:allowed_address_pairs', 'update_port:allowed_address_pairs:ip_address', 'update_port:allowed_address_pairs:mac_address', 'update_port:fixed_ips', 'update_port:mac_address'] reference a rule that is not defined.
2026-07-02 05:45:40.102 9 INFO neutron.wsgi [None req-1fe57e6a-b3c2-4692-9f7e-0e3b54871da8 5b4e09e9bcaf40b5999b61b45af84c86 7d4e6bf08eb9424884271f3739462231 - - default default] 199.19.213.151,10.0.0.185 "GET /v2.0/subnets HTTP/1.1" status: 200 len: 188 time: 0.6494982
2026-07-02 05:45:40.175 9 INFO neutron.wsgi [None req-7927b2e5-2777-48f9-86f0-2922104269a6 5b4e09e9bcaf40b5999b61b45af84c86 7d4e6bf08eb9424884271f3739462231 - - default default] 199.19.213.151,10.0.0.185 "GET /v2.0/networks HTTP/1.1" status: 200 len: 890 time: 0.0663865
2026-07-02 05:45:40.481 9 WARNING neutron.scheduler.dhcp_agent_scheduler [None req-908b4f8e-cdb1-4a15-977f-3b7f350751d2 5b4e09e9bcaf40b5999b61b45af84c86 7d4e6bf08eb9424884271f3739462231 - - - -] No more DHCP agents
2026-07-02 05:45:40.483 9 WARNING neutron.api.rpc.agentnotifiers.dhcp_rpc_agent_api [None req-908b4f8e-cdb1-4a15-977f-3b7f350751d2 5b4e09e9bcaf40b5999b61b45af84c86 7d4e6bf08eb9424884271f3739462231 - - - -] Unable to schedule network 2d20c1bb-5ca9-4351-9d53-2ca61206d10b: no agents available; will retry on subsequent port and subnet creation events.
2026-07-02 05:45:40.483 9 INFO neutron.plugins.ml2.drivers.ovn.mech_driver.ovsdb.extensions.qos [None req-908b4f8e-cdb1-4a15-977f-3b7f350751d2 5b4e09e9bcaf40b5999b61b45af84c86 7d4e6bf08eb9424884271f3739462231 - - - -] Starting OVNClientQosExtension
2026-07-02 05:45:40.483 9 INFO neutron.plugins.ml2.drivers.ovn.mech_driver.ovsdb.extensions.placement [None req-908b4f8e-cdb1-4a15-977f-3b7f350751d2 5b4e09e9bcaf40b5999b61b45af84c86 7d4e6bf08eb9424884271f3739462231 - - - -] Starting OVNClientPlacementExtension
2026-07-02 05:45:41.052 9 INFO neutron.db.ovn_revision_numbers_db [None req-908b4f8e-cdb1-4a15-977f-3b7f350751d2 5b4e09e9bcaf40b5999b61b45af84c86 7d4e6bf08eb9424884271f3739462231 - - - -] Successfully bumped revision number for resource 450dc699-1cc1-4191-b520-9ee4b1ff6f6d (type: ports) to 2
2026-07-02 05:45:41.068 9 INFO neutron.db.ovn_revision_numbers_db [None req-908b4f8e-cdb1-4a15-977f-3b7f350751d2 5b4e09e9bcaf40b5999b61b45af84c86 7d4e6bf08eb9424884271f3739462231 - - - -] Successfully bumped revision number for resource 0ed85543-af4b-40e2-893d-5d2260d2ad49 (type: subnets) to 0
2026-07-02 05:45:41.084 9 INFO neutron.wsgi [None req-908b4f8e-cdb1-4a15-977f-3b7f350751d2 5b4e09e9bcaf40b5999b61b45af84c86 7d4e6bf08eb9424884271f3739462231 - - - -] 199.19.213.151,10.0.0.185 "POST /v2.0/subnets HTTP/1.1" status: 201 len: 821 time: 0.9045644
2026-07-02 05:45:52.838 9 INFO neutron.wsgi [-] 10.0.0.185 "GET / HTTP/1.1" status: 200 len: 247 time: 0.0025361
2026-07-02 05:46:07.837 10 INFO neutron.wsgi [-] 10.0.0.185 "GET / HTTP/1.1" status: 200 len: 247 time: 0.0018771
2026-07-02 05:46:22.839 9 INFO neutron.wsgi [-] 10.0.0.185 "GET / HTTP/1.1" status: 200 len: 247 time: 0.0024397
2026-07-02 05:46:22.839 10 INFO neutron.wsgi [-] 10.0.0.185 "GET / HTTP/1.1" status: 200 len: 247 time: 0.0022442
2026-07-02 05:46:37.838 9 INFO neutron.wsgi [-] 10.0.0.185 "GET / HTTP/1.1" status: 200 len: 247 time: 0.0023079
2026-07-02 05:46:37.838 10 INFO neutron.wsgi [-] 10.0.0.185 "GET / HTTP/1.1" status: 200 len: 247 time: 0.0022922
2026-07-02 05:46:52.837 10 INFO neutron.wsgi [-] 10.0.0.185 "GET / HTTP/1.1" status: 200 len: 247 time: 0.0013907
2026-07-02 05:46:52.838 9 INFO neutron.wsgi [-] 10.0.0.185 "GET / HTTP/1.1" status: 200 len: 247 time: 0.0016921
2026-07-02 05:47:07.836 10 INFO neutron.wsgi [-] 10.0.0.185 "GET / HTTP/1.1" status: 200 len: 247 time: 0.0012650
2026-07-02 05:47:07.837 9 INFO neutron.wsgi [-] 10.0.0.185 "GET / HTTP/1.1" status: 200 len: 247 time: 0.0020227
2026-07-02 05:47:22.839 10 INFO neutron.wsgi [-] 10.0.0.185 "GET / HTTP/1.1" status: 200 len: 247 time: 0.0030589
2026-07-02 05:47:22.841 10 INFO neutron.wsgi [-] 10.0.0.185 "GET / HTTP/1.1" status: 200 len: 247 time: 0.0012722
2026-07-02 05:47:37.839 9 INFO neutron.wsgi [-] 10.0.0.185 "GET / HTTP/1.1" status: 200 len: 247 time: 0.0027161
2026-07-02 05:47:37.844 9 INFO neutron.wsgi [-] 10.0.0.185 "GET / HTTP/1.1" status: 200 len: 247 time: 0.0036476
2026-07-02 05:47:52.838 10 INFO neutron.wsgi [-] 10.0.0.185 "GET / HTTP/1.1" status: 200 len: 247 time: 0.0024323
2026-07-02 05:47:52.840 9 INFO neutron.wsgi [-] 10.0.0.185 "GET / HTTP/1.1" status: 200 len: 247 time: 0.0040054
2026-07-02 05:48:07.838 9 INFO neutron.wsgi [-] 10.0.0.185 "GET / HTTP/1.1" status: 200 len: 247 time: 0.0024815
2026-07-02 05:48:07.839 10 INFO neutron.wsgi [-] 10.0.0.185 "GET / HTTP/1.1" status: 200 len: 247 time: 0.0033462
2026-07-02 05:48:22.840 9 INFO neutron.wsgi [-] 10.0.0.185 "GET / HTTP/1.1" status: 200 len: 247 time: 0.0047538
2026-07-02 05:48:22.842 9 INFO neutron.wsgi [-] 10.0.0.185 "GET / HTTP/1.1" status: 200 len: 247 time: 0.0018311
2026-07-02 05:48:37.839 9 INFO neutron.wsgi [-] 10.0.0.185 "GET / HTTP/1.1" status: 200 len: 247 time: 0.0028195
2026-07-02 05:48:37.843 9 INFO neutron.wsgi [-] 10.0.0.185 "GET / HTTP/1.1" status: 200 len: 247 time: 0.0022738
2026-07-02 05:48:52.838 10 INFO neutron.wsgi [-] 10.0.0.185 "GET / HTTP/1.1" status: 200 len: 247 time: 0.0025244
2026-07-02 05:48:52.839 9 INFO neutron.wsgi [-] 10.0.0.185 "GET / HTTP/1.1" status: 200 len: 247 time: 0.0030613
2026-07-02 05:49:07.838 9 INFO neutron.wsgi [-] 10.0.0.185 "GET / HTTP/1.1" status: 200 len: 247 time: 0.0026407
