2026-07-02 06:17:47.232 9 INFO neutron.wsgi [None req-6f2d5770-240f-4815-8b0d-3919c668ef3d 5b4e09e9bcaf40b5999b61b45af84c86 7d4e6bf08eb9424884271f3739462231 - - default default] 199.19.213.151,10.0.0.185 "GET /v2.0/security-groups?tenant_id=7d4e6bf08eb9424884271f3739462231 HTTP/1.1" status: 200 len: 10157 time: 0.0768511
2026-07-02 06:17:48.299 9 INFO neutron.wsgi [None req-30012c1d-f5c6-4203-ba62-fa16db066894 5b4e09e9bcaf40b5999b61b45af84c86 7d4e6bf08eb9424884271f3739462231 - - default default] 199.19.213.151,10.0.0.185 "GET /v2.0/security-groups?tenant_id=7d4e6bf08eb9424884271f3739462231 HTTP/1.1" status: 200 len: 10157 time: 0.0750754
2026-07-02 06:17:49.101 9 INFO neutron.wsgi [None req-88a07ff1-9335-4322-872a-8830b2697078 5b4e09e9bcaf40b5999b61b45af84c86 7d4e6bf08eb9424884271f3739462231 - - default default] 199.19.213.151,10.0.0.185 "GET /v2.0/security-groups?tenant_id=7d4e6bf08eb9424884271f3739462231 HTTP/1.1" status: 200 len: 10157 time: 0.0692987
2026-07-02 06:17:49.907 9 INFO neutron.wsgi [None req-54e9bc98-d4ba-43ac-9748-f820c33bc3a4 5b4e09e9bcaf40b5999b61b45af84c86 7d4e6bf08eb9424884271f3739462231 - - default default] 199.19.213.151,10.0.0.185 "GET /v2.0/security-groups?tenant_id=7d4e6bf08eb9424884271f3739462231 HTTP/1.1" status: 200 len: 10157 time: 0.0823538
2026-07-02 06:17:50.734 9 INFO neutron.wsgi [None req-91dadfb7-c03c-4df0-a0df-4b788e77e4eb 5b4e09e9bcaf40b5999b61b45af84c86 7d4e6bf08eb9424884271f3739462231 - - default default] 199.19.213.151,10.0.0.185 "GET /v2.0/security-groups?tenant_id=7d4e6bf08eb9424884271f3739462231 HTTP/1.1" status: 200 len: 10157 time: 0.0757277
2026-07-02 06:17:51.560 10 INFO neutron.wsgi [None req-be6036d0-0d05-42ea-a003-7ec821159533 5b4e09e9bcaf40b5999b61b45af84c86 7d4e6bf08eb9424884271f3739462231 - - default default] 199.19.213.151,10.0.0.185 "GET /v2.0/security-groups?tenant_id=7d4e6bf08eb9424884271f3739462231 HTTP/1.1" status: 200 len: 10157 time: 0.0734956
2026-07-02 06:17:52.729 9 INFO neutron.wsgi [None req-7ba249c4-2909-4408-b851-8f8084c6e17b 5b4e09e9bcaf40b5999b61b45af84c86 7d4e6bf08eb9424884271f3739462231 - - default default] 199.19.213.151,10.0.0.185 "GET /v2.0/security-groups HTTP/1.1" status: 200 len: 16799 time: 0.1063201
2026-07-02 06:17:52.780 9 INFO neutron.wsgi [None req-0acfd451-1367-4e41-89a3-191c0121eecc 5b4e09e9bcaf40b5999b61b45af84c86 7d4e6bf08eb9424884271f3739462231 - - default default] 199.19.213.151,10.0.0.185 "GET /v2.0/ports HTTP/1.1" status: 200 len: 5251 time: 0.0391114
2026-07-02 06:17:52.837 10 INFO neutron.wsgi [-] 10.0.0.185 "GET / HTTP/1.1" status: 200 len: 247 time: 0.0017197
2026-07-02 06:17:52.840 9 INFO neutron.wsgi [-] 10.0.0.185 "GET / HTTP/1.1" status: 200 len: 247 time: 0.0028999
2026-07-02 06:17:59.293 10 INFO neutron.pecan_wsgi.hooks.translation [None req-f3bc01f2-cf73-4226-a989-9b9517adc8d4 5b4e09e9bcaf40b5999b61b45af84c86 7d4e6bf08eb9424884271f3739462231 - - default default] GET failed (client error): The resource could not be found.
2026-07-02 06:17:59.294 10 INFO neutron.wsgi [None req-f3bc01f2-cf73-4226-a989-9b9517adc8d4 5b4e09e9bcaf40b5999b61b45af84c86 7d4e6bf08eb9424884271f3739462231 - - default default] 199.19.213.151,10.0.0.185 "GET /v2.0/ports/octavia-health-manager-port-instance HTTP/1.1" status: 404 len: 314 time: 0.0580330
2026-07-02 06:17:59.328 10 INFO neutron.wsgi [None req-af1d73b5-b23b-4c34-bc47-95ba32d79db7 5b4e09e9bcaf40b5999b61b45af84c86 7d4e6bf08eb9424884271f3739462231 - - default default] 199.19.213.151,10.0.0.185 "GET /v2.0/ports?name=octavia-health-manager-port-instance HTTP/1.1" status: 200 len: 1347 time: 0.0306988
2026-07-02 06:18:00.720 10 INFO neutron.wsgi [None req-93ab9b50-e879-46bf-84ef-224f2d0b3da2 5b4e09e9bcaf40b5999b61b45af84c86 7d4e6bf08eb9424884271f3739462231 - - default default] 199.19.213.151,10.0.0.185 "GET /v2.0/ports HTTP/1.1" status: 200 len: 5251 time: 0.0698962
2026-07-02 06:18:01.688 10 INFO neutron.wsgi [None req-4c2233ee-d94a-4bf6-9c78-d141c3e541ea 5b4e09e9bcaf40b5999b61b45af84c86 7d4e6bf08eb9424884271f3739462231 - - default default] 199.19.213.151,10.0.0.185 "GET /v2.0/security-groups?tenant_id=7d4e6bf08eb9424884271f3739462231 HTTP/1.1" status: 200 len: 10157 time: 0.0759070
2026-07-02 06:18:02.592 9 INFO neutron.wsgi [None req-3581fbfa-c790-4f81-8727-2017a2d94515 5b4e09e9bcaf40b5999b61b45af84c86 7d4e6bf08eb9424884271f3739462231 - - default default] 199.19.213.151,10.0.0.185 "GET /v2.0/security-groups?tenant_id=7d4e6bf08eb9424884271f3739462231 HTTP/1.1" status: 200 len: 10157 time: 0.0721231
2026-07-02 06:18:03.397 9 INFO neutron.wsgi [None req-8dbd0e58-7c98-41e8-b5ed-64322e54af50 5b4e09e9bcaf40b5999b61b45af84c86 7d4e6bf08eb9424884271f3739462231 - - default default] 199.19.213.151,10.0.0.185 "GET /v2.0/security-groups?tenant_id=7d4e6bf08eb9424884271f3739462231 HTTP/1.1" status: 200 len: 10157 time: 0.0697615
2026-07-02 06:18:07.838 10 INFO neutron.wsgi [-] 10.0.0.185 "GET / HTTP/1.1" status: 200 len: 247 time: 0.0024431
2026-07-02 06:18:07.839 9 INFO neutron.wsgi [-] 10.0.0.185 "GET / HTTP/1.1" status: 200 len: 247 time: 0.0029361
2026-07-02 06:18:14.111 10 INFO neutron.wsgi [None req-9ffbb00b-1535-47a3-9308-f6b2be1c5318 5b4e09e9bcaf40b5999b61b45af84c86 7d4e6bf08eb9424884271f3739462231 - - default default] 199.19.213.151,10.0.0.185 "GET /v2.0/quotas/7d4e6bf08eb9424884271f3739462231 HTTP/1.1" status: 200 len: 361 time: 0.0113981
2026-07-02 06:18:22.837 10 INFO neutron.wsgi [-] 10.0.0.185 "GET / HTTP/1.1" status: 200 len: 247 time: 0.0018022
2026-07-02 06:18:22.838 9 INFO neutron.wsgi [-] 10.0.0.185 "GET / HTTP/1.1" status: 200 len: 247 time: 0.0031095
2026-07-02 06:18:33.627 9 INFO neutron.wsgi [None req-0a664757-8239-4dcb-a180-7e58addb7768 5b4e09e9bcaf40b5999b61b45af84c86 7d4e6bf08eb9424884271f3739462231 - - default default] 10.0.0.46 "GET /v2.0/agents HTTP/1.1" status: 200 len: 997 time: 0.0879970
2026-07-02 06:18:33.649 9 INFO neutron.wsgi [None req-9e796037-8fc7-4c3f-be23-a7514c852240 5b4e09e9bcaf40b5999b61b45af84c86 7d4e6bf08eb9424884271f3739462231 - - default default] 10.0.0.46 "GET /v2.0/floatingips HTTP/1.1" status: 200 len: 193 time: 0.0207400
2026-07-02 06:18:33.675 9 INFO neutron.wsgi [None req-2d4ba75e-688a-4c6e-a7c9-67d987377809 5b4e09e9bcaf40b5999b61b45af84c86 7d4e6bf08eb9424884271f3739462231 - - default default] 10.0.0.46 "GET /v2.0/subnets HTTP/1.1" status: 200 len: 1437 time: 0.0252862
2026-07-02 06:18:33.684 9 INFO neutron.wsgi [None req-3b96be99-24b9-4cec-8799-2d4cee4b6ddd 5b4e09e9bcaf40b5999b61b45af84c86 7d4e6bf08eb9424884271f3739462231 - - default default] 10.0.0.46 "GET /v2.0/subnetpools HTTP/1.1" status: 200 len: 193 time: 0.0078983
2026-07-02 06:18:33.702 9 INFO neutron.wsgi [None req-bd20877a-c060-4e91-9c4c-ad791febf8c1 5b4e09e9bcaf40b5999b61b45af84c86 7d4e6bf08eb9424884271f3739462231 - - default default] 10.0.0.46 "GET /v2.0/routers HTTP/1.1" status: 200 len: 189 time: 0.0180101
2026-07-02 06:18:33.711 9 INFO neutron.wsgi [None req-1969b38f-8b28-4c30-b7da-ff7a7eca24fc 5b4e09e9bcaf40b5999b61b45af84c86 7d4e6bf08eb9424884271f3739462231 - - default default] 10.0.0.46 "GET /v2.0/agents?binary=ovn-controller HTTP/1.1" status: 200 len: 591 time: 0.0082221
2026-07-02 06:18:33.773 9 INFO neutron.wsgi [None req-c8ede962-9ddb-4b16-93a1-8f6d84046c1f 5b4e09e9bcaf40b5999b61b45af84c86 7d4e6bf08eb9424884271f3739462231 - - default default] 10.0.0.46 "GET /v2.0/security-groups HTTP/1.1" status: 200 len: 16799 time: 0.0604208
2026-07-02 06:18:33.812 9 INFO neutron.wsgi [None req-984694da-1be9-4477-b1f3-2407d70b6a20 5b4e09e9bcaf40b5999b61b45af84c86 7d4e6bf08eb9424884271f3739462231 - - default default] 10.0.0.46 "GET /v2.0/subnets HTTP/1.1" status: 200 len: 1437 time: 0.0266218
2026-07-02 06:18:33.841 9 INFO neutron.wsgi [None req-921e7e3e-bdf2-412b-b7bc-4439de32a487 5b4e09e9bcaf40b5999b61b45af84c86 7d4e6bf08eb9424884271f3739462231 - - default default] 10.0.0.46 "GET /v2.0/ports HTTP/1.1" status: 200 len: 5251 time: 0.0276763
2026-07-02 06:18:33.854 9 INFO neutron.wsgi [None req-bd90efd4-4f89-4988-8385-b3b808959e47 5b4e09e9bcaf40b5999b61b45af84c86 7d4e6bf08eb9424884271f3739462231 - - default default] 10.0.0.46 "GET /v2.0/network-ip-availabilities HTTP/1.1" status: 200 len: 1280 time: 0.0097175
2026-07-02 06:18:33.902 9 INFO neutron.wsgi [None req-efe1ce7a-0500-4839-ad17-23c8666c1aaa 5b4e09e9bcaf40b5999b61b45af84c86 7d4e6bf08eb9424884271f3739462231 - - default default] 10.0.0.46 "GET /v2.0/networks HTTP/1.1" status: 200 len: 2350 time: 0.0478659
2026-07-02 06:18:37.838 10 INFO neutron.wsgi [-] 10.0.0.185 "GET / HTTP/1.1" status: 200 len: 247 time: 0.0023665
2026-07-02 06:18:37.838 9 INFO neutron.wsgi [-] 10.0.0.185 "GET / HTTP/1.1" status: 200 len: 247 time: 0.0024910
2026-07-02 06:18:52.838 9 INFO neutron.wsgi [-] 10.0.0.185 "GET / HTTP/1.1" status: 200 len: 247 time: 0.0022554
2026-07-02 06:18:52.838 10 INFO neutron.wsgi [-] 10.0.0.185 "GET / HTTP/1.1" status: 200 len: 247 time: 0.0023234
2026-07-02 06:19:04.779 10 INFO neutron.wsgi [None req-ba7f6da1-6145-462a-b048-cfec28d4b551 5b4e09e9bcaf40b5999b61b45af84c86 7d4e6bf08eb9424884271f3739462231 - - default default] 199.19.213.151,10.0.0.185 "GET /v2.0/security-groups?tenant_id=bceb53729f44493ca424a3ca25f841ce HTTP/1.1" status: 200 len: 6838 time: 0.0639462
2026-07-02 06:19:05.674 10 INFO neutron.wsgi [None req-9eb7faa4-0b24-4ec4-9558-c750eaa5a67b 5b4e09e9bcaf40b5999b61b45af84c86 7d4e6bf08eb9424884271f3739462231 - - default default] 199.19.213.151,10.0.0.185 "GET /v2.0/security-groups?tenant_id=bceb53729f44493ca424a3ca25f841ce HTTP/1.1" status: 200 len: 6838 time: 0.0746901
2026-07-02 06:19:06.494 10 INFO neutron.wsgi [None req-9a1704b6-cacc-4387-b941-bfe80e15cb47 5b4e09e9bcaf40b5999b61b45af84c86 7d4e6bf08eb9424884271f3739462231 - - default default] 199.19.213.151,10.0.0.185 "GET /v2.0/security-groups?tenant_id=bceb53729f44493ca424a3ca25f841ce HTTP/1.1" status: 200 len: 6838 time: 0.0663323
2026-07-02 06:19:07.345 10 INFO neutron.wsgi [None req-57f44c71-1b6f-488a-af2e-1f3d883434b9 5b4e09e9bcaf40b5999b61b45af84c86 7d4e6bf08eb9424884271f3739462231 - - default default] 199.19.213.151,10.0.0.185 "GET /v2.0/security-groups?tenant_id=bceb53729f44493ca424a3ca25f841ce HTTP/1.1" status: 200 len: 6838 time: 0.0742514
2026-07-02 06:19:07.837 9 INFO neutron.wsgi [-] 10.0.0.185 "GET / HTTP/1.1" status: 200 len: 247 time: 0.0016177
2026-07-02 06:19:07.838 10 INFO neutron.wsgi [-] 10.0.0.185 "GET / HTTP/1.1" status: 200 len: 247 time: 0.0023565
2026-07-02 06:19:08.236 10 INFO neutron.wsgi [None req-7dcae674-f602-41d3-8ebf-3c94b2b3de07 5b4e09e9bcaf40b5999b61b45af84c86 7d4e6bf08eb9424884271f3739462231 - - default default] 199.19.213.151,10.0.0.185 "GET /v2.0/security-groups?tenant_id=bceb53729f44493ca424a3ca25f841ce HTTP/1.1" status: 200 len: 6838 time: 0.0696361
2026-07-02 06:19:15.086 10 INFO neutron.wsgi [None req-fd3773c3-708b-4b1d-b192-5835210a253f 5b4e09e9bcaf40b5999b61b45af84c86 7d4e6bf08eb9424884271f3739462231 - - default default] 199.19.213.151,10.0.0.185 "GET /v2.0/quotas/bceb53729f44493ca424a3ca25f841ce HTTP/1.1" status: 200 len: 361 time: 0.0119572
2026-07-02 06:19:22.838 9 INFO neutron.wsgi [-] 10.0.0.185 "GET / HTTP/1.1" status: 200 len: 247 time: 0.0021336
2026-07-02 06:19:22.838 10 INFO neutron.wsgi [-] 10.0.0.185 "GET / HTTP/1.1" status: 200 len: 247 time: 0.0025556
2026-07-02 06:19:33.638 9 INFO neutron.wsgi [None req-16c78e04-3746-48d8-bfae-5c4670f40b97 5b4e09e9bcaf40b5999b61b45af84c86 7d4e6bf08eb9424884271f3739462231 - - default default] 10.0.0.46 "GET /v2.0/routers HTTP/1.1" status: 200 len: 189 time: 0.0661197
2026-07-02 06:19:33.672 9 INFO neutron.wsgi [None req-983003e0-7041-43ad-94e2-4dfea2172958 5b4e09e9bcaf40b5999b61b45af84c86 7d4e6bf08eb9424884271f3739462231 - - default default] 10.0.0.46 "GET /v2.0/agents?binary=ovn-controller HTTP/1.1" status: 200 len: 591 time: 0.0330980
2026-07-02 06:19:33.688 9 INFO neutron.wsgi [None req-65eba9e6-8601-4431-a4a7-95f2380c776d 5b4e09e9bcaf40b5999b61b45af84c86 7d4e6bf08eb9424884271f3739462231 - - default default] 10.0.0.46 "GET /v2.0/network-ip-availabilities HTTP/1.1" status: 200 len: 1280 time: 0.0149589
2026-07-02 06:19:33.745 9 INFO neutron.wsgi [None req-c1880031-d8a1-47d8-9112-bd80d2fe51a5 5b4e09e9bcaf40b5999b61b45af84c86 7d4e6bf08eb9424884271f3739462231 - - default default] 10.0.0.46 "GET /v2.0/security-groups HTTP/1.1" status: 200 len: 16799 time: 0.0555282
2026-07-02 06:19:33.801 9 INFO neutron.wsgi [None req-936cffbc-ef98-4d84-94bc-929feb407d02 5b4e09e9bcaf40b5999b61b45af84c86 7d4e6bf08eb9424884271f3739462231 - - default default] 10.0.0.46 "GET /v2.0/networks HTTP/1.1" status: 200 len: 2350 time: 0.0506787
2026-07-02 06:19:33.906 9 INFO neutron.wsgi [None req-9d4db1c7-2453-4115-9b21-e519e45ecd71 5b4e09e9bcaf40b5999b61b45af84c86 7d4e6bf08eb9424884271f3739462231 - - default default] 10.0.0.46 "GET /v2.0/subnets HTTP/1.1" status: 200 len: 1437 time: 0.1023314
2026-07-02 06:19:33.916 9 INFO neutron.wsgi [None req-ff124ac4-84e5-49e7-b2b7-bf62c94d92c6 5b4e09e9bcaf40b5999b61b45af84c86 7d4e6bf08eb9424884271f3739462231 - - default default] 10.0.0.46 "GET /v2.0/subnetpools HTTP/1.1" status: 200 len: 193 time: 0.0091126
2026-07-02 06:19:33.951 9 INFO neutron.wsgi [None req-7cb483c2-685f-45a0-af3e-f9f4dbdf6371 5b4e09e9bcaf40b5999b61b45af84c86 7d4e6bf08eb9424884271f3739462231 - - default default] 10.0.0.46 "GET /v2.0/subnets HTTP/1.1" status: 200 len: 1437 time: 0.0336471
2026-07-02 06:19:33.992 9 INFO neutron.wsgi [None req-f33194b5-6471-42d7-9356-0ff42c0a7387 5b4e09e9bcaf40b5999b61b45af84c86 7d4e6bf08eb9424884271f3739462231 - - default default] 10.0.0.46 "GET /v2.0/ports HTTP/1.1" status: 200 len: 5251 time: 0.0400684
2026-07-02 06:19:34.012 9 INFO neutron.wsgi [None req-87eb8330-3d51-40ed-a907-f58d781776f4 5b4e09e9bcaf40b5999b61b45af84c86 7d4e6bf08eb9424884271f3739462231 - - default default] 10.0.0.46 "GET /v2.0/agents HTTP/1.1" status: 200 len: 997 time: 0.0152202
2026-07-02 06:19:34.038 9 INFO neutron.wsgi [None req-5337a205-abb1-4e70-a391-067d4d119cf7 5b4e09e9bcaf40b5999b61b45af84c86 7d4e6bf08eb9424884271f3739462231 - - default default] 10.0.0.46 "GET /v2.0/floatingips HTTP/1.1" status: 200 len: 193 time: 0.0254900
2026-07-02 06:19:37.838 10 INFO neutron.wsgi [-] 10.0.0.185 "GET / HTTP/1.1" status: 200 len: 247 time: 0.0023055
2026-07-02 06:19:37.838 9 INFO neutron.wsgi [-] 10.0.0.185 "GET / HTTP/1.1" status: 200 len: 247 time: 0.0025620
2026-07-02 06:19:52.837 10 INFO neutron.wsgi [-] 10.0.0.185 "GET / HTTP/1.1" status: 200 len: 247 time: 0.0022373
2026-07-02 06:19:52.838 9 INFO neutron.wsgi [-] 10.0.0.185 "GET / HTTP/1.1" status: 200 len: 247 time: 0.0022969
2026-07-02 06:20:06.680 10 INFO neutron.wsgi [None req-25f2bd01-c355-4939-acab-012551a2fd38 5b4e09e9bcaf40b5999b61b45af84c86 7d4e6bf08eb9424884271f3739462231 - - default default] 199.19.213.151,10.0.0.185 "GET /v2.0/networks HTTP/1.1" status: 200 len: 2350 time: 0.1155038
2026-07-02 06:20:07.837 10 INFO neutron.wsgi [-] 10.0.0.185 "GET / HTTP/1.1" status: 200 len: 247 time: 0.0015507
2026-07-02 06:20:07.839 10 INFO neutron.wsgi [-] 10.0.0.185 "GET / HTTP/1.1" status: 200 len: 247 time: 0.0012798
2026-07-02 06:20:22.839 10 INFO neutron.wsgi [-] 10.0.0.185 "GET / HTTP/1.1" status: 200 len: 247 time: 0.0026455
2026-07-02 06:20:22.844 10 INFO neutron.wsgi [-] 10.0.0.185 "GET / HTTP/1.1" status: 200 len: 247 time: 0.0041399
2026-07-02 06:20:33.712 9 INFO neutron.wsgi [None req-2427b4b5-802b-41f9-8ad4-8449f1e50b4a 5b4e09e9bcaf40b5999b61b45af84c86 7d4e6bf08eb9424884271f3739462231 - - default default] 10.0.0.46 "GET /v2.0/subnets HTTP/1.1" status: 200 len: 1437 time: 0.1363626
2026-07-02 06:20:33.750 9 INFO neutron.wsgi [None req-79014d51-c346-4905-9bb9-9f5ccb5900ff 5b4e09e9bcaf40b5999b61b45af84c86 7d4e6bf08eb9424884271f3739462231 - - default default] 10.0.0.46 "GET /v2.0/ports HTTP/1.1" status: 200 len: 5251 time: 0.0362706
2026-07-02 06:20:33.763 9 INFO neutron.wsgi [None req-80b3c558-a61a-4b8d-b073-c34a4e24fc81 5b4e09e9bcaf40b5999b61b45af84c86 7d4e6bf08eb9424884271f3739462231 - - default default] 10.0.0.46 "GET /v2.0/network-ip-availabilities HTTP/1.1" status: 200 len: 1280 time: 0.0101364
2026-07-02 06:20:33.798 9 INFO neutron.wsgi [None req-9e840c09-7f2b-40be-95ca-36d866e84368 5b4e09e9bcaf40b5999b61b45af84c86 7d4e6bf08eb9424884271f3739462231 - - default default] 10.0.0.46 "GET /v2.0/subnets HTTP/1.1" status: 200 len: 1437 time: 0.0338192
2026-07-02 06:20:33.809 9 INFO neutron.wsgi [None req-ad4ebcf7-6a8c-4fe4-bb0e-f731ca53c41f 5b4e09e9bcaf40b5999b61b45af84c86 7d4e6bf08eb9424884271f3739462231 - - default default] 10.0.0.46 "GET /v2.0/subnetpools HTTP/1.1" status: 200 len: 193 time: 0.0099885
2026-07-02 06:20:33.862 9 INFO neutron.wsgi [None req-896325d8-a953-4ad5-8ba6-dcea179166a9 5b4e09e9bcaf40b5999b61b45af84c86 7d4e6bf08eb9424884271f3739462231 - - default default] 10.0.0.46 "GET /v2.0/security-groups HTTP/1.1" status: 200 len: 16799 time: 0.0526359
2026-07-02 06:20:33.901 9 INFO neutron.wsgi [None req-81cf9972-95e5-4149-a2e8-b4ba6a904b93 5b4e09e9bcaf40b5999b61b45af84c86 7d4e6bf08eb9424884271f3739462231 - - default default] 10.0.0.46 "GET /v2.0/agents HTTP/1.1" status: 200 len: 997 time: 0.0334151
2026-07-02 06:20:33.927 9 INFO neutron.wsgi [None req-7060d44c-e10d-4c13-a91a-f58e66061f35 5b4e09e9bcaf40b5999b61b45af84c86 7d4e6bf08eb9424884271f3739462231 - - default default] 10.0.0.46 "GET /v2.0/routers HTTP/1.1" status: 200 len: 189 time: 0.0248845
2026-07-02 06:20:33.936 9 INFO neutron.wsgi [None req-ce77668f-3dde-4e4e-99aa-0a60ec6fc6a9 5b4e09e9bcaf40b5999b61b45af84c86 7d4e6bf08eb9424884271f3739462231 - - default default] 10.0.0.46 "GET /v2.0/agents?binary=ovn-controller HTTP/1.1" status: 200 len: 591 time: 0.0093293
2026-07-02 06:20:33.956 9 INFO neutron.wsgi [None req-16d38015-762f-409a-9da6-9aa9f221de87 5b4e09e9bcaf40b5999b61b45af84c86 7d4e6bf08eb9424884271f3739462231 - - default default] 10.0.0.46 "GET /v2.0/floatingips HTTP/1.1" status: 200 len: 193 time: 0.0177553
2026-07-02 06:20:34.023 9 INFO neutron.wsgi [None req-30118c88-75b7-4e77-9c81-856eaf1552f3 5b4e09e9bcaf40b5999b61b45af84c86 7d4e6bf08eb9424884271f3739462231 - - default default] 10.0.0.46 "GET /v2.0/networks HTTP/1.1" status: 200 len: 2350 time: 0.0657482
2026-07-02 06:20:37.838 9 INFO neutron.wsgi [-] 10.0.0.185 "GET / HTTP/1.1" status: 200 len: 247 time: 0.0017905
2026-07-02 06:20:37.840 9 INFO neutron.wsgi [-] 10.0.0.185 "GET / HTTP/1.1" status: 200 len: 247 time: 0.0013182 /var/lib/openstack/lib/python3.10/site-packages/pycadf/identifier.py:71: UserWarning: Invalid uuid: neutron. To ensure interoperability, identifiers should be a valid uuid. warnings.warn(('Invalid uuid: %s. To ensure interoperability, '
2026-07-02 06:20:44.906 10 INFO neutron.wsgi [None req-1d4a5eac-a85d-41bc-b875-ddfdbec0e064 5b4e09e9bcaf40b5999b61b45af84c86 7d4e6bf08eb9424884271f3739462231 - - default default] 10.0.0.79 "GET /v2.0/networks HTTP/1.1" status: 200 len: 2369 time: 0.1071014
2026-07-02 06:20:46.064 10 INFO neutron.wsgi [None req-9fe02117-7bba-4645-a9f3-7b1ae06527b0 5b4e09e9bcaf40b5999b61b45af84c86 7d4e6bf08eb9424884271f3739462231 - - default default] 10.0.0.79 "GET /v2.0/floatingips HTTP/1.1" status: 200 len: 212 time: 0.0458231
2026-07-02 06:20:46.103 10 INFO neutron.wsgi [None req-758ff9a3-0d08-4c50-8c5b-b5975ce3419a 5b4e09e9bcaf40b5999b61b45af84c86 7d4e6bf08eb9424884271f3739462231 - - default default] 10.0.0.79 "GET /v2.0/routers HTTP/1.1" status: 200 len: 208 time: 0.0340447
2026-07-02 06:20:46.138 10 INFO neutron.wsgi [None req-2b3f26e1-12f0-413c-81ba-08b6640b4a86 5b4e09e9bcaf40b5999b61b45af84c86 7d4e6bf08eb9424884271f3739462231 - - default default] 10.0.0.79 "GET /v2.0/ports HTTP/1.1" status: 200 len: 5270 time: 0.0296676
2026-07-02 06:20:46.184 10 INFO neutron.wsgi [None req-efbd41e0-2e7a-4c00-877f-f9804696179a 5b4e09e9bcaf40b5999b61b45af84c86 7d4e6bf08eb9424884271f3739462231 - - default default] 10.0.0.79 "GET /v2.0/subnets HTTP/1.1" status: 200 len: 1456 time: 0.0406787
2026-07-02 06:20:46.243 10 INFO neutron.wsgi [None req-41b90907-54b6-4a9a-a369-3e445ef31a37 5b4e09e9bcaf40b5999b61b45af84c86 7d4e6bf08eb9424884271f3739462231 - - default default] 10.0.0.79 "GET /v2.0/networks HTTP/1.1" status: 200 len: 2369 time: 0.0538685
2026-07-02 06:20:46.300 10 INFO neutron.wsgi [None req-0ce82192-6369-4a3f-99fb-14cb6aaa4567 5b4e09e9bcaf40b5999b61b45af84c86 7d4e6bf08eb9424884271f3739462231 - - default default] 10.0.0.79 "GET /v2.0/security-groups HTTP/1.1" status: 200 len: 16818 time: 0.0533373
2026-07-02 06:20:46.320 10 INFO neutron.wsgi [None req-2be349b6-9aff-4586-ba08-5bc77adf7cd9 5b4e09e9bcaf40b5999b61b45af84c86 7d4e6bf08eb9424884271f3739462231 - - default default] 10.0.0.79 "GET /v2.0/subnetpools HTTP/1.1" status: 200 len: 212 time: 0.0139349
2026-07-02 06:20:52.838 9 INFO neutron.wsgi [-] 10.0.0.185 "GET / HTTP/1.1" status: 200 len: 247 time: 0.0024748
2026-07-02 06:20:52.838 10 INFO neutron.wsgi [-] 10.0.0.185 "GET / HTTP/1.1" status: 200 len: 247 time: 0.0026000
2026-07-02 06:20:56.669 9 INFO neutron.db.ovn_revision_numbers_db [None req-25b708d3-5df5-4cfb-ab58-00d06848bb0e 5b4e09e9bcaf40b5999b61b45af84c86 7d4e6bf08eb9424884271f3739462231 - - - -] Successfully bumped revision number for resource 7541f6e5-5ff1-4169-9af3-0b936db8b9ce (type: security_groups) to 1
2026-07-02 06:20:56.688 9 INFO neutron.db.ovn_revision_numbers_db [None req-38f0b698-46c4-43c8-b171-1f84e64107b5 5b4e09e9bcaf40b5999b61b45af84c86 7d4e6bf08eb9424884271f3739462231 - - - -] Successfully bumped revision number for resource 52573311-8907-4673-a24d-ea93024ec89c (type: security_groups) to 1
2026-07-02 06:20:56.722 9 INFO neutron.db.segments_db [None req-25b708d3-5df5-4cfb-ab58-00d06848bb0e 5b4e09e9bcaf40b5999b61b45af84c86 7d4e6bf08eb9424884271f3739462231 - - - -] Added segment bf52338d-41cb-46db-9201-4812e72ae5e1 of type geneve for network 75c96548-576f-4447-87cc-d7ba20cda3cd
2026-07-02 06:20:56.750 9 INFO neutron.db.segments_db [None req-38f0b698-46c4-43c8-b171-1f84e64107b5 5b4e09e9bcaf40b5999b61b45af84c86 7d4e6bf08eb9424884271f3739462231 - - - -] Added segment 2724a9c0-fab1-4c78-bb16-f597b853bbbe of type geneve for network 4eccf98c-b9ab-4cd8-b559-dce51fa294af
2026-07-02 06:20:56.875 9 INFO neutron.db.ovn_revision_numbers_db [None req-25b708d3-5df5-4cfb-ab58-00d06848bb0e 5b4e09e9bcaf40b5999b61b45af84c86 7d4e6bf08eb9424884271f3739462231 - - - -] Successfully bumped revision number for resource 75c96548-576f-4447-87cc-d7ba20cda3cd (type: networks) to 1
2026-07-02 06:20:56.960 9 INFO neutron.db.ovn_revision_numbers_db [None req-38f0b698-46c4-43c8-b171-1f84e64107b5 5b4e09e9bcaf40b5999b61b45af84c86 7d4e6bf08eb9424884271f3739462231 - - - -] Successfully bumped revision number for resource 4eccf98c-b9ab-4cd8-b559-dce51fa294af (type: networks) to 1
2026-07-02 06:20:57.099 9 WARNING neutron.scheduler.dhcp_agent_scheduler [None req-25b708d3-5df5-4cfb-ab58-00d06848bb0e 5b4e09e9bcaf40b5999b61b45af84c86 7d4e6bf08eb9424884271f3739462231 - - - -] No more DHCP agents
2026-07-02 06:20:57.104 9 WARNING neutron.api.rpc.agentnotifiers.dhcp_rpc_agent_api [None req-25b708d3-5df5-4cfb-ab58-00d06848bb0e 5b4e09e9bcaf40b5999b61b45af84c86 7d4e6bf08eb9424884271f3739462231 - - - -] Unable to schedule network 75c96548-576f-4447-87cc-d7ba20cda3cd: no agents available; will retry on subsequent port and subnet creation events.
2026-07-02 06:20:57.176 9 WARNING neutron.scheduler.dhcp_agent_scheduler [None req-38f0b698-46c4-43c8-b171-1f84e64107b5 5b4e09e9bcaf40b5999b61b45af84c86 7d4e6bf08eb9424884271f3739462231 - - - -] No more DHCP agents
2026-07-02 06:20:57.178 9 WARNING neutron.api.rpc.agentnotifiers.dhcp_rpc_agent_api [None req-38f0b698-46c4-43c8-b171-1f84e64107b5 5b4e09e9bcaf40b5999b61b45af84c86 7d4e6bf08eb9424884271f3739462231 - - - -] Unable to schedule network 4eccf98c-b9ab-4cd8-b559-dce51fa294af: no agents available; will retry on subsequent port and subnet creation events.
2026-07-02 06:20:57.187 9 INFO neutron.db.ovn_revision_numbers_db [None req-25b708d3-5df5-4cfb-ab58-00d06848bb0e 5b4e09e9bcaf40b5999b61b45af84c86 7d4e6bf08eb9424884271f3739462231 - - - -] Successfully bumped revision number for resource 71810f77-b9f0-42c8-a43a-5f7904531ed2 (type: ports) to 1
2026-07-02 06:20:57.218 9 INFO neutron.wsgi [None req-25b708d3-5df5-4cfb-ab58-00d06848bb0e 5b4e09e9bcaf40b5999b61b45af84c86 7d4e6bf08eb9424884271f3739462231 - - - -] 10.0.0.79 "POST /v2.0/networks HTTP/1.1" status: 201 len: 950 time: 0.7956107
2026-07-02 06:20:57.246 9 INFO neutron.db.ovn_revision_numbers_db [None req-38f0b698-46c4-43c8-b171-1f84e64107b5 5b4e09e9bcaf40b5999b61b45af84c86 7d4e6bf08eb9424884271f3739462231 - - - -] Successfully bumped revision number for resource fd166197-d966-47f3-b76e-6ad29b964699 (type: ports) to 1
2026-07-02 06:20:57.285 9 INFO neutron.wsgi [None req-38f0b698-46c4-43c8-b171-1f84e64107b5 5b4e09e9bcaf40b5999b61b45af84c86 7d4e6bf08eb9424884271f3739462231 - - - -] 10.0.0.79 "POST /v2.0/networks HTTP/1.1" status: 201 len: 946 time: 0.8816898
2026-07-02 06:20:57.370 9 WARNING neutron.scheduler.dhcp_agent_scheduler [None req-b4af5cc1-8b93-4ecc-aace-0ba97b7ec331 5b4e09e9bcaf40b5999b61b45af84c86 7d4e6bf08eb9424884271f3739462231 - - - -] No more DHCP agents
2026-07-02 06:20:57.371 9 WARNING neutron.api.rpc.agentnotifiers.dhcp_rpc_agent_api [None req-b4af5cc1-8b93-4ecc-aace-0ba97b7ec331 5b4e09e9bcaf40b5999b61b45af84c86 7d4e6bf08eb9424884271f3739462231 - - - -] Unable to schedule network 75c96548-576f-4447-87cc-d7ba20cda3cd: no agents available; will retry on subsequent port and subnet creation events.
2026-07-02 06:20:57.496 10 WARNING neutron.scheduler.dhcp_agent_scheduler [None req-662a0f79-55c8-4162-95bf-7224ed0ac90b 5b4e09e9bcaf40b5999b61b45af84c86 7d4e6bf08eb9424884271f3739462231 - - - -] No more DHCP agents
2026-07-02 06:20:57.498 10 WARNING neutron.api.rpc.agentnotifiers.dhcp_rpc_agent_api [None req-662a0f79-55c8-4162-95bf-7224ed0ac90b 5b4e09e9bcaf40b5999b61b45af84c86 7d4e6bf08eb9424884271f3739462231 - - - -] Unable to schedule network 4eccf98c-b9ab-4cd8-b559-dce51fa294af: no agents available; will retry on subsequent port and subnet creation events.
2026-07-02 06:20:57.516 9 INFO neutron.db.ovn_revision_numbers_db [None req-1d24c742-dafc-4897-90b2-c245866b3277 5b4e09e9bcaf40b5999b61b45af84c86 7d4e6bf08eb9424884271f3739462231 - - default default] Successfully bumped revision number for resource d9e48fea-77a5-476d-9370-35cd1d7df2dd (type: security_groups) to 1
2026-07-02 06:20:57.608 9 INFO neutron.wsgi [None req-1d24c742-dafc-4897-90b2-c245866b3277 5b4e09e9bcaf40b5999b61b45af84c86 7d4e6bf08eb9424884271f3739462231 - - default default] 10.0.0.79 "GET /v2.0/security-groups?tenant_id=ffebbb3b6e2e489d80b1dc96e09f8540&name=default HTTP/1.1" status: 200 len: 2992 time: 0.3678963
2026-07-02 06:20:57.873 9 INFO neutron.wsgi [None req-08fceaac-dc2e-4421-942b-056722ca7e40 5b4e09e9bcaf40b5999b61b45af84c86 7d4e6bf08eb9424884271f3739462231 - - - -] 10.0.0.79 "DELETE /v2.0/security-groups/d9e48fea-77a5-476d-9370-35cd1d7df2dd HTTP/1.1" status: 204 len: 168 time: 0.2589808
2026-07-02 06:20:57.885 9 INFO neutron.db.ovn_revision_numbers_db [None req-b4af5cc1-8b93-4ecc-aace-0ba97b7ec331 5b4e09e9bcaf40b5999b61b45af84c86 7d4e6bf08eb9424884271f3739462231 - - - -] Successfully bumped revision number for resource 71810f77-b9f0-42c8-a43a-5f7904531ed2 (type: ports) to 2
2026-07-02 06:20:57.898 9 INFO neutron.db.ovn_revision_numbers_db [None req-b4af5cc1-8b93-4ecc-aace-0ba97b7ec331 5b4e09e9bcaf40b5999b61b45af84c86 7d4e6bf08eb9424884271f3739462231 - - - -] Successfully bumped revision number for resource 9b76624d-6d69-44d6-a8a0-288d3c9a12a8 (type: subnets) to 0
2026-07-02 06:20:57.914 9 INFO neutron.wsgi [None req-b4af5cc1-8b93-4ecc-aace-0ba97b7ec331 5b4e09e9bcaf40b5999b61b45af84c86 7d4e6bf08eb9424884271f3739462231 - - - -] 10.0.0.79 "POST /v2.0/subnets HTTP/1.1" status: 201 len: 870 time: 0.6865220
2026-07-02 06:20:58.043 10 INFO neutron.db.ovn_revision_numbers_db [None req-662a0f79-55c8-4162-95bf-7224ed0ac90b 5b4e09e9bcaf40b5999b61b45af84c86 7d4e6bf08eb9424884271f3739462231 - - - -] Successfully bumped revision number for resource fd166197-d966-47f3-b76e-6ad29b964699 (type: ports) to 2
2026-07-02 06:20:58.065 10 INFO neutron.db.ovn_revision_numbers_db [None req-662a0f79-55c8-4162-95bf-7224ed0ac90b 5b4e09e9bcaf40b5999b61b45af84c86 7d4e6bf08eb9424884271f3739462231 - - - -] Successfully bumped revision number for resource 0de07e78-bd8a-4bd4-a2ff-107b4b1ebe16 (type: subnets) to 0
2026-07-02 06:20:58.082 10 INFO neutron.wsgi [None req-662a0f79-55c8-4162-95bf-7224ed0ac90b 5b4e09e9bcaf40b5999b61b45af84c86 7d4e6bf08eb9424884271f3739462231 - - - -] 10.0.0.79 "POST /v2.0/subnets HTTP/1.1" status: 201 len: 866 time: 0.7909720
2026-07-02 06:20:58.475 9 WARNING neutron.scheduler.dhcp_agent_scheduler [None req-2a4a7cda-d6dd-42c7-a78c-91ec3f966086 5b4e09e9bcaf40b5999b61b45af84c86 7d4e6bf08eb9424884271f3739462231 - - - -] No more DHCP agents
2026-07-02 06:20:58.477 9 WARNING neutron.api.rpc.agentnotifiers.dhcp_rpc_agent_api [None req-2a4a7cda-d6dd-42c7-a78c-91ec3f966086 5b4e09e9bcaf40b5999b61b45af84c86 7d4e6bf08eb9424884271f3739462231 - - - -] Unable to schedule network 2d20c1bb-5ca9-4351-9d53-2ca61206d10b: no agents available; will retry on subsequent port and subnet creation events.
2026-07-02 06:20:58.579 9 INFO neutron.db.ovn_revision_numbers_db [None req-2a4a7cda-d6dd-42c7-a78c-91ec3f966086 5b4e09e9bcaf40b5999b61b45af84c86 7d4e6bf08eb9424884271f3739462231 - - - -] Successfully bumped revision number for resource 9c8da525-824a-4446-b8dd-7684a497de55 (type: ports) to 1
2026-07-02 06:20:58.643 10 WARNING neutron.scheduler.dhcp_agent_scheduler [None req-6c35b7d8-999a-49a4-bcd2-b636fee444a2 5b4e09e9bcaf40b5999b61b45af84c86 7d4e6bf08eb9424884271f3739462231 - - - -] No more DHCP agents
2026-07-02 06:20:58.645 10 WARNING neutron.api.rpc.agentnotifiers.dhcp_rpc_agent_api [None req-6c35b7d8-999a-49a4-bcd2-b636fee444a2 5b4e09e9bcaf40b5999b61b45af84c86 7d4e6bf08eb9424884271f3739462231 - - - -] Unable to schedule network 2d20c1bb-5ca9-4351-9d53-2ca61206d10b: no agents available; will retry on subsequent port and subnet creation events.
2026-07-02 06:20:58.744 10 INFO neutron.db.ovn_revision_numbers_db [None req-6c35b7d8-999a-49a4-bcd2-b636fee444a2 5b4e09e9bcaf40b5999b61b45af84c86 7d4e6bf08eb9424884271f3739462231 - - - -] Successfully bumped revision number for resource 65d100a3-34fb-48d3-9261-b775e29d138d (type: ports) to 1
2026-07-02 06:20:58.965 9 INFO neutron.plugins.ml2.drivers.ovn.mech_driver.ovsdb.extensions.qos [None req-2a4a7cda-d6dd-42c7-a78c-91ec3f966086 5b4e09e9bcaf40b5999b61b45af84c86 7d4e6bf08eb9424884271f3739462231 - - - -] Starting OVNClientQosExtension
2026-07-02 06:20:59.005 10 INFO neutron.plugins.ml2.drivers.ovn.mech_driver.ovsdb.extensions.qos [None req-6c35b7d8-999a-49a4-bcd2-b636fee444a2 5b4e09e9bcaf40b5999b61b45af84c86 7d4e6bf08eb9424884271f3739462231 - - - -] Starting OVNClientQosExtension
2026-07-02 06:20:59.312 9 INFO neutron.plugins.ml2.drivers.ovn.mech_driver.mech_driver [None req-88340fd5-c39a-472f-8088-4e6bd594532e - - - - - -] OVN reports status up for port: 9c8da525-824a-4446-b8dd-7684a497de55
2026-07-02 06:20:59.331 9 INFO neutron.db.ovn_revision_numbers_db [None req-2a4a7cda-d6dd-42c7-a78c-91ec3f966086 5b4e09e9bcaf40b5999b61b45af84c86 7d4e6bf08eb9424884271f3739462231 - - - -] Successfully bumped revision number for resource 9c8da525-824a-4446-b8dd-7684a497de55 (type: router_ports) to 1
2026-07-02 06:20:59.337 10 INFO neutron.plugins.ml2.drivers.ovn.mech_driver.ovsdb.ovsdb_monitor [None req-8409fe82-1956-4582-8c5d-182b86b78869 - - - - - -] Router 49dc9844-7072-446d-bbfa-1d19854765f4 is bound to host instance
2026-07-02 06:20:59.356 9 INFO neutron.plugins.ml2.plugin [None req-88340fd5-c39a-472f-8088-4e6bd594532e - - - - - -] Attempt 1 to provision port 9c8da525-824a-4446-b8dd-7684a497de55
2026-07-02 06:20:59.417 10 INFO neutron.db.ovn_revision_numbers_db [None req-6c35b7d8-999a-49a4-bcd2-b636fee444a2 5b4e09e9bcaf40b5999b61b45af84c86 7d4e6bf08eb9424884271f3739462231 - - - -] Successfully bumped revision number for resource 65d100a3-34fb-48d3-9261-b775e29d138d (type: router_ports) to 1
2026-07-02 06:20:59.423 9 INFO neutron.plugins.ml2.drivers.ovn.mech_driver.ovsdb.ovsdb_monitor [-] Router e8a3e233-7a74-4238-9e0c-9abf034994fe is bound to host instance
2026-07-02 06:20:59.473 9 INFO neutron.db.ovn_revision_numbers_db [None req-2a4a7cda-d6dd-42c7-a78c-91ec3f966086 5b4e09e9bcaf40b5999b61b45af84c86 7d4e6bf08eb9424884271f3739462231 - - - -] Successfully bumped revision number for resource 49dc9844-7072-446d-bbfa-1d19854765f4 (type: routers) to 3
2026-07-02 06:20:59.496 9 INFO neutron.wsgi [None req-2a4a7cda-d6dd-42c7-a78c-91ec3f966086 5b4e09e9bcaf40b5999b61b45af84c86 7d4e6bf08eb9424884271f3739462231 - - - -] 10.0.0.79 "POST /v2.0/routers HTTP/1.1" status: 201 len: 881 time: 1.5770974
2026-07-02 06:20:59.549 10 INFO neutron.db.ovn_revision_numbers_db [None req-6c35b7d8-999a-49a4-bcd2-b636fee444a2 5b4e09e9bcaf40b5999b61b45af84c86 7d4e6bf08eb9424884271f3739462231 - - - -] Successfully bumped revision number for resource e8a3e233-7a74-4238-9e0c-9abf034994fe (type: routers) to 3
2026-07-02 06:20:59.566 10 INFO neutron.wsgi [None req-6c35b7d8-999a-49a4-bcd2-b636fee444a2 5b4e09e9bcaf40b5999b61b45af84c86 7d4e6bf08eb9424884271f3739462231 - - - -] 10.0.0.79 "POST /v2.0/routers HTTP/1.1" status: 201 len: 877 time: 1.4772463
2026-07-02 06:21:00.001 10 INFO neutron.db.ovn_revision_numbers_db [None req-8409fe82-1956-4582-8c5d-182b86b78869 - - - - - -] Successfully bumped revision number for resource 9c8da525-824a-4446-b8dd-7684a497de55 (type: ports) to 1
2026-07-02 06:21:00.165 10 WARNING neutron.scheduler.dhcp_agent_scheduler [None req-a41f5262-1a6d-440c-a3af-b264b42a75d5 5b4e09e9bcaf40b5999b61b45af84c86 7d4e6bf08eb9424884271f3739462231 - - default default] No more DHCP agents
2026-07-02 06:21:00.168 10 WARNING neutron.api.rpc.agentnotifiers.dhcp_rpc_agent_api [None req-a41f5262-1a6d-440c-a3af-b264b42a75d5 5b4e09e9bcaf40b5999b61b45af84c86 7d4e6bf08eb9424884271f3739462231 - - default default] Unable to schedule network 4eccf98c-b9ab-4cd8-b559-dce51fa294af: no agents available; will retry on subsequent port and subnet creation events.
2026-07-02 06:21:00.334 10 INFO neutron.db.ovn_revision_numbers_db [None req-a41f5262-1a6d-440c-a3af-b264b42a75d5 5b4e09e9bcaf40b5999b61b45af84c86 7d4e6bf08eb9424884271f3739462231 - - default default] Successfully bumped revision number for resource 778640f3-261b-49a6-89d1-ddbd55e18875 (type: ports) to 1
2026-07-02 06:21:00.349 10 INFO neutron.db.ovn_revision_numbers_db [None req-8409fe82-1956-4582-8c5d-182b86b78869 - - - - - -] Successfully bumped revision number for resource 9c8da525-824a-4446-b8dd-7684a497de55 (type: router_ports) to 3
2026-07-02 06:21:00.463 9 WARNING neutron.scheduler.dhcp_agent_scheduler [None req-26e873c1-7dd4-4efd-8313-e8aad5bab0cb 5b4e09e9bcaf40b5999b61b45af84c86 7d4e6bf08eb9424884271f3739462231 - - default default] No more DHCP agents
2026-07-02 06:21:00.471 9 INFO neutron.db.ovn_revision_numbers_db [None req-de8d2dee-8dba-4ef3-8c6f-8822a7d3dff8 5b4e09e9bcaf40b5999b61b45af84c86 7d4e6bf08eb9424884271f3739462231 - - default default] Successfully bumped revision number for resource de71ab6c-5a6c-427b-a8f6-180b495e43c1 (type: security_groups) to 1
2026-07-02 06:21:00.475 9 WARNING neutron.api.rpc.agentnotifiers.dhcp_rpc_agent_api [None req-26e873c1-7dd4-4efd-8313-e8aad5bab0cb 5b4e09e9bcaf40b5999b61b45af84c86 7d4e6bf08eb9424884271f3739462231 - - default default] Unable to schedule network 75c96548-576f-4447-87cc-d7ba20cda3cd: no agents available; will retry on subsequent port and subnet creation events.
2026-07-02 06:21:00.498 9 INFO neutron.db.ovn_revision_numbers_db [None req-18e8304c-c60c-4dcc-8630-ae2a54174acd 5b4e09e9bcaf40b5999b61b45af84c86 7d4e6bf08eb9424884271f3739462231 - - - -] Successfully bumped revision number for resource d45e7580-1b1b-401c-88bc-706d47e60311 (type: security_groups) to 1
2026-07-02 06:21:00.501 9 INFO neutron.db.ovn_revision_numbers_db [None req-db9c193f-a2a9-4bc9-b134-3100d4f89f4b - - - - - -] Successfully bumped revision number for resource 65d100a3-34fb-48d3-9261-b775e29d138d (type: ports) to 1
2026-07-02 06:21:00.507 9 INFO neutron.wsgi [None req-de8d2dee-8dba-4ef3-8c6f-8822a7d3dff8 5b4e09e9bcaf40b5999b61b45af84c86 7d4e6bf08eb9424884271f3739462231 - - default default] 10.0.0.79 "GET /v2.0/security-groups?tenant_id=a77217ca13be4e4f9e3bc9fdad5c4bcc&name=default HTTP/1.1" status: 200 len: 2992 time: 0.2903304
2026-07-02 06:21:00.556 10 INFO neutron.db.ovn_revision_numbers_db [None req-8409fe82-1956-4582-8c5d-182b86b78869 - - - - - -] Successfully bumped revision number for resource 9c8da525-824a-4446-b8dd-7684a497de55 (type: ports) to 2
2026-07-02 06:21:00.562 9 INFO neutron.db.segments_db [None req-18e8304c-c60c-4dcc-8630-ae2a54174acd 5b4e09e9bcaf40b5999b61b45af84c86 7d4e6bf08eb9424884271f3739462231 - - - -] Added segment 9ffe6826-6568-4b04-b739-85b863340edd of type geneve for network bc5f318f-eef9-4557-bb16-1a92102922fd
2026-07-02 06:21:00.782 9 INFO neutron.db.ovn_revision_numbers_db [None req-26e873c1-7dd4-4efd-8313-e8aad5bab0cb 5b4e09e9bcaf40b5999b61b45af84c86 7d4e6bf08eb9424884271f3739462231 - - default default] Successfully bumped revision number for resource 889fe5f3-5504-41e2-9db2-daa6922d37d5 (type: ports) to 1
2026-07-02 06:21:00.878 9 INFO neutron.db.ovn_revision_numbers_db [None req-18e8304c-c60c-4dcc-8630-ae2a54174acd 5b4e09e9bcaf40b5999b61b45af84c86 7d4e6bf08eb9424884271f3739462231 - - - -] Successfully bumped revision number for resource bc5f318f-eef9-4557-bb16-1a92102922fd (type: networks) to 1
2026-07-02 06:21:00.956 10 INFO neutron.db.ovn_revision_numbers_db [None req-8409fe82-1956-4582-8c5d-182b86b78869 - - - - - -] Successfully bumped revision number for resource 9c8da525-824a-4446-b8dd-7684a497de55 (type: ports) to 4
2026-07-02 06:21:00.960 10 INFO neutron.wsgi [None req-e7a3f1ae-daba-4a3d-9567-dbdf8c2e9a8f 5b4e09e9bcaf40b5999b61b45af84c86 7d4e6bf08eb9424884271f3739462231 - - - -] 10.0.0.79 "DELETE /v2.0/security-groups/de71ab6c-5a6c-427b-a8f6-180b495e43c1 HTTP/1.1" status: 204 len: 168 time: 0.4475505
2026-07-02 06:21:01.027 10 INFO neutron.db.ovn_revision_numbers_db [None req-a41f5262-1a6d-440c-a3af-b264b42a75d5 5b4e09e9bcaf40b5999b61b45af84c86 7d4e6bf08eb9424884271f3739462231 - - default default] Successfully bumped revision number for resource 778640f3-261b-49a6-89d1-ddbd55e18875 (type: router_ports) to 2
2026-07-02 06:21:01.201 9 INFO neutron.db.ovn_revision_numbers_db [None req-db9c193f-a2a9-4bc9-b134-3100d4f89f4b - - - - - -] Successfully bumped revision number for resource 65d100a3-34fb-48d3-9261-b775e29d138d (type: router_ports) to 3
2026-07-02 06:21:01.219 10 INFO neutron.db.ovn_revision_numbers_db [None req-a41f5262-1a6d-440c-a3af-b264b42a75d5 5b4e09e9bcaf40b5999b61b45af84c86 7d4e6bf08eb9424884271f3739462231 - - default default] Successfully bumped revision number for resource 778640f3-261b-49a6-89d1-ddbd55e18875 (type: ports) to 2
2026-07-02 06:21:01.231 9 WARNING neutron.scheduler.dhcp_agent_scheduler [None req-18e8304c-c60c-4dcc-8630-ae2a54174acd 5b4e09e9bcaf40b5999b61b45af84c86 7d4e6bf08eb9424884271f3739462231 - - - -] No more DHCP agents
2026-07-02 06:21:01.234 9 WARNING neutron.api.rpc.agentnotifiers.dhcp_rpc_agent_api [None req-18e8304c-c60c-4dcc-8630-ae2a54174acd 5b4e09e9bcaf40b5999b61b45af84c86 7d4e6bf08eb9424884271f3739462231 - - - -] Unable to schedule network bc5f318f-eef9-4557-bb16-1a92102922fd: no agents available; will retry on subsequent port and subnet creation events.
2026-07-02 06:21:01.282 10 INFO neutron.db.ovn_revision_numbers_db [None req-463130ec-2848-4fa4-99c9-0d0cc026484b 5b4e09e9bcaf40b5999b61b45af84c86 7d4e6bf08eb9424884271f3739462231 - - default default] Successfully bumped revision number for resource fedff516-f792-4111-80c5-05ee78a7a1d9 (type: security_groups) to 1
2026-07-02 06:21:01.306 10 INFO neutron.db.ovn_revision_numbers_db [None req-8409fe82-1956-4582-8c5d-182b86b78869 - - - - - -] Successfully bumped revision number for resource 9c8da525-824a-4446-b8dd-7684a497de55 (type: router_ports) to 4
2026-07-02 06:21:01.320 10 INFO neutron.wsgi [None req-463130ec-2848-4fa4-99c9-0d0cc026484b 5b4e09e9bcaf40b5999b61b45af84c86 7d4e6bf08eb9424884271f3739462231 - - default default] 10.0.0.79 "GET /v2.0/security-groups?tenant_id=cdda5725782d4d5b808e1ece0615d8fe&name=default HTTP/1.1" status: 200 len: 2992 time: 0.2590616
2026-07-02 06:21:01.338 10 WARNING neutron.scheduler.dhcp_agent_scheduler [None req-a41f5262-1a6d-440c-a3af-b264b42a75d5 5b4e09e9bcaf40b5999b61b45af84c86 7d4e6bf08eb9424884271f3739462231 - - default default] No more DHCP agents
2026-07-02 06:21:01.343 10 WARNING neutron.api.rpc.agentnotifiers.dhcp_rpc_agent_api [None req-a41f5262-1a6d-440c-a3af-b264b42a75d5 5b4e09e9bcaf40b5999b61b45af84c86 7d4e6bf08eb9424884271f3739462231 - - default default] Unable to schedule network 4eccf98c-b9ab-4cd8-b559-dce51fa294af: no agents available; will retry on subsequent port and subnet creation events.
2026-07-02 06:21:01.452 9 INFO neutron.db.ovn_revision_numbers_db [None req-18e8304c-c60c-4dcc-8630-ae2a54174acd 5b4e09e9bcaf40b5999b61b45af84c86 7d4e6bf08eb9424884271f3739462231 - - - -] Successfully bumped revision number for resource 8967e4fe-8aea-4812-adec-4d73b2f9d8ad (type: ports) to 1
2026-07-02 06:21:01.485 9 INFO neutron.wsgi [None req-18e8304c-c60c-4dcc-8630-ae2a54174acd 5b4e09e9bcaf40b5999b61b45af84c86 7d4e6bf08eb9424884271f3739462231 - - - -] 10.0.0.79 "POST /v2.0/networks HTTP/1.1" status: 201 len: 949 time: 1.4193456
2026-07-02 06:21:01.488 9 INFO neutron.db.ovn_revision_numbers_db [None req-db9c193f-a2a9-4bc9-b134-3100d4f89f4b - - - - - -] Successfully bumped revision number for resource 65d100a3-34fb-48d3-9261-b775e29d138d (type: ports) to 2
2026-07-02 06:21:01.614 9 INFO neutron.plugins.ml2.drivers.ovn.mech_driver.mech_driver [None req-88340fd5-c39a-472f-8088-4e6bd594532e - - - - - -] OVN reports status up for port: 65d100a3-34fb-48d3-9261-b775e29d138d
2026-07-02 06:21:01.622 9 INFO neutron.db.ovn_revision_numbers_db [None req-26e873c1-7dd4-4efd-8313-e8aad5bab0cb 5b4e09e9bcaf40b5999b61b45af84c86 7d4e6bf08eb9424884271f3739462231 - - default default] Successfully bumped revision number for resource 889fe5f3-5504-41e2-9db2-daa6922d37d5 (type: router_ports) to 2
2026-07-02 06:21:01.633 9 INFO neutron.plugins.ml2.plugin [None req-88340fd5-c39a-472f-8088-4e6bd594532e - - - - - -] Attempt 1 to provision port 65d100a3-34fb-48d3-9261-b775e29d138d
2026-07-02 06:21:01.719 10 INFO neutron.wsgi [None req-47be9887-0efc-4a07-8a88-a8b83fdd31aa 5b4e09e9bcaf40b5999b61b45af84c86 7d4e6bf08eb9424884271f3739462231 - - - -] 10.0.0.79 "DELETE /v2.0/security-groups/fedff516-f792-4111-80c5-05ee78a7a1d9 HTTP/1.1" status: 204 len: 168 time: 0.3896999
2026-07-02 06:21:01.758 9 INFO neutron.plugins.ml2.drivers.ovn.mech_driver.mech_driver [None req-88340fd5-c39a-472f-8088-4e6bd594532e - - - - - -] OVN reports status up for port: 778640f3-261b-49a6-89d1-ddbd55e18875
2026-07-02 06:21:01.771 9 INFO neutron.plugins.ml2.plugin [None req-88340fd5-c39a-472f-8088-4e6bd594532e - - - - - -] Attempt 1 to provision port 778640f3-261b-49a6-89d1-ddbd55e18875
2026-07-02 06:21:01.792 9 INFO neutron.db.ovn_revision_numbers_db [None req-db9c193f-a2a9-4bc9-b134-3100d4f89f4b - - - - - -] Successfully bumped revision number for resource 65d100a3-34fb-48d3-9261-b775e29d138d (type: ports) to 4
2026-07-02 06:21:01.797 9 INFO neutron.db.ovn_revision_numbers_db [None req-26e873c1-7dd4-4efd-8313-e8aad5bab0cb 5b4e09e9bcaf40b5999b61b45af84c86 7d4e6bf08eb9424884271f3739462231 - - default default] Successfully bumped revision number for resource 889fe5f3-5504-41e2-9db2-daa6922d37d5 (type: ports) to 2
2026-07-02 06:21:01.839 10 WARNING neutron.scheduler.dhcp_agent_scheduler [None req-737e5cd8-3f7b-4a39-9b58-624375430bce 5b4e09e9bcaf40b5999b61b45af84c86 7d4e6bf08eb9424884271f3739462231 - - - -] No more DHCP agents
2026-07-02 06:21:01.842 10 WARNING neutron.api.rpc.agentnotifiers.dhcp_rpc_agent_api [None req-737e5cd8-3f7b-4a39-9b58-624375430bce 5b4e09e9bcaf40b5999b61b45af84c86 7d4e6bf08eb9424884271f3739462231 - - - -] Unable to schedule network bc5f318f-eef9-4557-bb16-1a92102922fd: no agents available; will retry on subsequent port and subnet creation events.
2026-07-02 06:21:01.925 9 WARNING neutron.scheduler.dhcp_agent_scheduler [None req-26e873c1-7dd4-4efd-8313-e8aad5bab0cb 5b4e09e9bcaf40b5999b61b45af84c86 7d4e6bf08eb9424884271f3739462231 - - default default] No more DHCP agents
2026-07-02 06:21:01.939 9 WARNING neutron.api.rpc.agentnotifiers.dhcp_rpc_agent_api [None req-26e873c1-7dd4-4efd-8313-e8aad5bab0cb 5b4e09e9bcaf40b5999b61b45af84c86 7d4e6bf08eb9424884271f3739462231 - - default default] Unable to schedule network 75c96548-576f-4447-87cc-d7ba20cda3cd: no agents available; will retry on subsequent port and subnet creation events.
2026-07-02 06:21:02.120 10 INFO neutron.db.ovn_revision_numbers_db [None req-a41f5262-1a6d-440c-a3af-b264b42a75d5 5b4e09e9bcaf40b5999b61b45af84c86 7d4e6bf08eb9424884271f3739462231 - - - -] Successfully bumped revision number for resource 778640f3-261b-49a6-89d1-ddbd55e18875 (type: router_ports) to 2
2026-07-02 06:21:02.122 10 INFO neutron.wsgi [None req-a41f5262-1a6d-440c-a3af-b264b42a75d5 5b4e09e9bcaf40b5999b61b45af84c86 7d4e6bf08eb9424884271f3739462231 - - - -] 10.0.0.79 "PUT /v2.0/routers/e8a3e233-7a74-4238-9e0c-9abf034994fe/add_router_interface HTTP/1.1" status: 200 len: 503 time: 2.5501211
2026-07-02 06:21:02.232 9 INFO neutron.db.ovn_revision_numbers_db [None req-db9c193f-a2a9-4bc9-b134-3100d4f89f4b - - - - - -] Successfully bumped revision number for resource 65d100a3-34fb-48d3-9261-b775e29d138d (type: router_ports) to 4
2026-07-02 06:21:02.275 9 INFO neutron.db.ovn_revision_numbers_db [None req-88340fd5-c39a-472f-8088-4e6bd594532e - - - - - -] Successfully bumped revision number for resource 778640f3-261b-49a6-89d1-ddbd55e18875 (type: ports) to 3
2026-07-02 06:21:02.345 10 INFO neutron.db.ovn_revision_numbers_db [None req-737e5cd8-3f7b-4a39-9b58-624375430bce 5b4e09e9bcaf40b5999b61b45af84c86 7d4e6bf08eb9424884271f3739462231 - - - -] Successfully bumped revision number for resource 8967e4fe-8aea-4812-adec-4d73b2f9d8ad (type: ports) to 2
2026-07-02 06:21:02.359 10 INFO neutron.db.ovn_revision_numbers_db [None req-737e5cd8-3f7b-4a39-9b58-624375430bce 5b4e09e9bcaf40b5999b61b45af84c86 7d4e6bf08eb9424884271f3739462231 - - - -] Successfully bumped revision number for resource f88a58be-3d97-485c-9310-4fcf9de9cbaf (type: subnets) to 0
2026-07-02 06:21:02.371 10 INFO neutron.wsgi [None req-737e5cd8-3f7b-4a39-9b58-624375430bce 5b4e09e9bcaf40b5999b61b45af84c86 7d4e6bf08eb9424884271f3739462231 - - - -] 10.0.0.79 "POST /v2.0/subnets HTTP/1.1" status: 201 len: 869 time: 0.8811145
2026-07-02 06:21:02.435 9 INFO neutron.db.ovn_revision_numbers_db [None req-88340fd5-c39a-472f-8088-4e6bd594532e - - - - - -] Successfully bumped revision number for resource 778640f3-261b-49a6-89d1-ddbd55e18875 (type: router_ports) to 3
2026-07-02 06:21:02.656 9 INFO neutron.db.ovn_revision_numbers_db [None req-26e873c1-7dd4-4efd-8313-e8aad5bab0cb 5b4e09e9bcaf40b5999b61b45af84c86 7d4e6bf08eb9424884271f3739462231 - - - -] Successfully bumped revision number for resource 889fe5f3-5504-41e2-9db2-daa6922d37d5 (type: router_ports) to 2
2026-07-02 06:21:02.658 9 INFO neutron.wsgi [None req-26e873c1-7dd4-4efd-8313-e8aad5bab0cb 5b4e09e9bcaf40b5999b61b45af84c86 7d4e6bf08eb9424884271f3739462231 - - - -] 10.0.0.79 "PUT /v2.0/routers/49dc9844-7072-446d-bbfa-1d19854765f4/add_router_interface HTTP/1.1" status: 200 len: 503 time: 3.1575768
2026-07-02 06:21:02.810 10 WARNING neutron.scheduler.dhcp_agent_scheduler [None req-1d16646b-d719-4229-8c32-790e239634c9 5b4e09e9bcaf40b5999b61b45af84c86 7d4e6bf08eb9424884271f3739462231 - - - -] No more DHCP agents
2026-07-02 06:21:02.812 10 WARNING neutron.api.rpc.agentnotifiers.dhcp_rpc_agent_api [None req-1d16646b-d719-4229-8c32-790e239634c9 5b4e09e9bcaf40b5999b61b45af84c86 7d4e6bf08eb9424884271f3739462231 - - - -] Unable to schedule network 2d20c1bb-5ca9-4351-9d53-2ca61206d10b: no agents available; will retry on subsequent port and subnet creation events.
2026-07-02 06:21:02.933 10 INFO neutron.db.ovn_revision_numbers_db [None req-1d16646b-d719-4229-8c32-790e239634c9 5b4e09e9bcaf40b5999b61b45af84c86 7d4e6bf08eb9424884271f3739462231 - - - -] Successfully bumped revision number for resource 9467489c-d9d1-4bd7-bcfa-4635b3e16b5f (type: ports) to 1
2026-07-02 06:21:03.274 9 INFO neutron.db.ovn_revision_numbers_db [None req-a1c1b209-066a-488f-8c51-067918735070 73520b69c2194c6ebc03563e1e234858 3f708e87e794482bbbc2321f715f04a5 - - - -] Successfully bumped revision number for resource cae16991-e355-4240-90bf-e6942f0142ef (type: security_groups) to 1
2026-07-02 06:21:03.299 9 INFO neutron.wsgi [None req-a1c1b209-066a-488f-8c51-067918735070 73520b69c2194c6ebc03563e1e234858 3f708e87e794482bbbc2321f715f04a5 - - - -] 10.0.0.71 "POST /v2.0/security-groups HTTP/1.1" status: 201 len: 1821 time: 0.3190062
2026-07-02 06:21:03.401 9 INFO neutron.db.ovn_revision_numbers_db [None req-811a7775-2b0f-42fa-a8d1-5cec272f93e5 73520b69c2194c6ebc03563e1e234858 3f708e87e794482bbbc2321f715f04a5 - - - -] Successfully bumped revision number for resource 74f5ff1c-a85b-44f2-a30b-d111efcc4091 (type: security_groups) to 1
2026-07-02 06:21:03.423 9 INFO neutron.wsgi [None req-811a7775-2b0f-42fa-a8d1-5cec272f93e5 73520b69c2194c6ebc03563e1e234858 3f708e87e794482bbbc2321f715f04a5 - - - -] 10.0.0.71 "POST /v2.0/security-groups HTTP/1.1" status: 201 len: 1820 time: 0.0966690
2026-07-02 06:21:03.547 9 INFO neutron.db.ovn_revision_numbers_db [None req-96ec4744-c33a-4942-bec8-440efd58688f 73520b69c2194c6ebc03563e1e234858 3f708e87e794482bbbc2321f715f04a5 - - - -] Successfully bumped revision number for resource 88e90310-c47b-44d2-95d0-74bbf3811b80 (type: security_groups) to 1
