2026-07-02 06:23:13.881 10 INFO neutron.wsgi [req-6a62638d-0738-4ee3-b7ba-1a3cd9791e77 req-8dec49dc-801e-4d57-85df-b7004e0564e5 61185dab1d68427ebbc3201dcb371977 bceb53729f44493ca424a3ca25f841ce - - a5e034bf6ba748e8b33b73356ae16185 a5e034bf6ba748e8b33b73356ae16185] 199.19.213.151 "GET /v2.0/ports?tenant_id=c3558104e1f340829d1e917c090980df&device_id=156c4207-0e40-43a1-9db5-9d1fbccf240d HTTP/1.1" status: 200 len: 1359 time: 0.0479410
2026-07-02 06:23:13.882 9 INFO neutron.wsgi [req-d9246091-fe93-4d36-9935-cd894cc51a83 req-ed032227-847c-424d-9fe9-d91df8fbb16f 3b27419875d24c1ea8ea9e27786d5e5d c3558104e1f340829d1e917c090980df - - default default] 10.0.0.71 "GET /v2.0/ports?device_id=156c4207-0e40-43a1-9db5-9d1fbccf240d HTTP/1.1" status: 200 len: 1168 time: 0.0722809
2026-07-02 06:23:13.893 9 INFO neutron.wsgi [None req-d3cd4da0-1c22-41cf-af54-fbae5e908989 0a488cf514da4ea4996650b52ffdcb35 82a932334c7f4acab978cf7b4e9b5c99 - - - -] 10.0.0.79 "POST /v2.0/security-groups HTTP/1.1" status: 201 len: 1807 time: 0.2221553
2026-07-02 06:23:13.961 10 INFO neutron.wsgi [req-6a62638d-0738-4ee3-b7ba-1a3cd9791e77 req-ace2fccc-885b-4f8c-9c21-650efe9eb897 61185dab1d68427ebbc3201dcb371977 bceb53729f44493ca424a3ca25f841ce - - a5e034bf6ba748e8b33b73356ae16185 a5e034bf6ba748e8b33b73356ae16185] 199.19.213.151 "GET /v2.0/networks?id=da4c3f28-bad8-4ce6-af62-145c402b1646 HTTP/1.1" status: 200 len: 971 time: 0.0732265
2026-07-02 06:23:13.965 9 INFO neutron.services.segments.plugin [-] Segment 7480a76d-1df9-4e83-964e-09602cfa3c3d resource provider aggregate not found
2026-07-02 06:23:13.974 9 INFO neutron.services.segments.plugin [-] Segment 7480a76d-1df9-4e83-964e-09602cfa3c3d resource provider aggregate not found
2026-07-02 06:23:13.982 9 INFO neutron.plugins.ml2.drivers.ovn.mech_driver.mech_driver [None req-88340fd5-c39a-472f-8088-4e6bd594532e - - - - - -] OVN reports status up for port: 81243740-2b61-49eb-836f-3b515020fb4b
2026-07-02 06:23:13.987 9 INFO neutron.wsgi [req-d9246091-fe93-4d36-9935-cd894cc51a83 req-9076b9ff-3d6c-4f3b-b495-ca9150b8a26e 3b27419875d24c1ea8ea9e27786d5e5d c3558104e1f340829d1e917c090980df - - default default] 10.0.0.71 "GET /v2.0/security-groups?id=1eb2454e-ebe6-4f49-90e8-a58eb749a49c&fields=id&fields=name HTTP/1.1" status: 200 len: 286 time: 0.0986865
2026-07-02 06:23:13.987 9 INFO neutron.services.segments.plugin [-] Segment 7480a76d-1df9-4e83-964e-09602cfa3c3d resource provider not found; error: Placement Client Error (4xx): {"errors": [{"status": 404, "title": "Not Found", "detail": "The resource could not be found.\n\n No resource provider with uuid 7480a76d-1df9-4e83-964e-09602cfa3c3d found for delete ", "request_id": "req-3e058dd8-f65c-41c2-a6ed-88491be16bf2"}]}
2026-07-02 06:23:13.999 10 INFO neutron.wsgi [req-6a62638d-0738-4ee3-b7ba-1a3cd9791e77 req-b756fe76-8f46-47ba-a2c6-2a36bbf9fcbb 61185dab1d68427ebbc3201dcb371977 bceb53729f44493ca424a3ca25f841ce - - a5e034bf6ba748e8b33b73356ae16185 a5e034bf6ba748e8b33b73356ae16185] 199.19.213.151 "GET /v2.0/floatingips?fixed_ip_address=10.100.0.5&port_id=81243740-2b61-49eb-836f-3b515020fb4b HTTP/1.1" status: 200 len: 217 time: 0.0323727
2026-07-02 06:23:14.000 9 INFO neutron.services.segments.plugin [-] Segment 7480a76d-1df9-4e83-964e-09602cfa3c3d resource provider not found; error: Placement Client Error (4xx): {"errors": [{"status": 404, "title": "Not Found", "detail": "The resource could not be found.\n\n No resource provider with uuid 7480a76d-1df9-4e83-964e-09602cfa3c3d found for delete ", "request_id": "req-b23c3b92-ca4d-4a4b-ba6f-1a25d09013fa"}]}
2026-07-02 06:23:14.000 9 INFO neutron.plugins.ml2.plugin [None req-88340fd5-c39a-472f-8088-4e6bd594532e - - - - - -] Attempt 1 to provision port 81243740-2b61-49eb-836f-3b515020fb4b
2026-07-02 06:23:14.029 9 INFO neutron.wsgi [None req-4f5d2c2c-59ed-4c39-8110-7cbee483a019 5b4e09e9bcaf40b5999b61b45af84c86 7d4e6bf08eb9424884271f3739462231 - - - -] 10.0.0.79 "DELETE /v2.0/networks/7a8202ec-34e1-4e99-8a77-3972d1d2951f HTTP/1.1" status: 204 len: 168 time: 0.5463226
2026-07-02 06:23:14.038 10 INFO neutron.wsgi [req-6a62638d-0738-4ee3-b7ba-1a3cd9791e77 req-2b63b3b2-062e-4bef-ae2b-6124ab9621c9 61185dab1d68427ebbc3201dcb371977 bceb53729f44493ca424a3ca25f841ce - - a5e034bf6ba748e8b33b73356ae16185 a5e034bf6ba748e8b33b73356ae16185] 199.19.213.151 "GET /v2.0/subnets?id=89931b9e-c97b-45b1-b9e0-605acc9b39ff HTTP/1.1" status: 200 len: 866 time: 0.0345960
2026-07-02 06:23:14.068 10 INFO neutron.wsgi [req-6a62638d-0738-4ee3-b7ba-1a3cd9791e77 req-0429cf4d-d988-4e4b-85fe-bf8035e65cc1 61185dab1d68427ebbc3201dcb371977 bceb53729f44493ca424a3ca25f841ce - - a5e034bf6ba748e8b33b73356ae16185 a5e034bf6ba748e8b33b73356ae16185] 199.19.213.151 "GET /v2.0/ports?network_id=da4c3f28-bad8-4ce6-af62-145c402b1646&device_owner=network%3Adhcp HTTP/1.1" status: 200 len: 210 time: 0.0251195
2026-07-02 06:23:14.111 10 INFO neutron.db.ovn_revision_numbers_db [None req-10bdd484-43d8-4815-846f-567a795f8775 0a488cf514da4ea4996650b52ffdcb35 82a932334c7f4acab978cf7b4e9b5c99 - - - -] Successfully bumped revision number for resource 274857ae-d443-44a7-86d8-6ad28f4880de (type: security_group_rules) to 0
2026-07-02 06:23:14.139 10 INFO neutron.wsgi [req-6a62638d-0738-4ee3-b7ba-1a3cd9791e77 req-8aa04ba1-da16-4d88-a8a9-d58ee0eac969 61185dab1d68427ebbc3201dcb371977 bceb53729f44493ca424a3ca25f841ce - - a5e034bf6ba748e8b33b73356ae16185 a5e034bf6ba748e8b33b73356ae16185] 199.19.213.151 "GET /v2.0/networks/da4c3f28-bad8-4ce6-af62-145c402b1646?fields=segments HTTP/1.1" status: 200 len: 212 time: 0.0659516
2026-07-02 06:23:14.143 10 INFO neutron.wsgi [None req-10bdd484-43d8-4815-846f-567a795f8775 0a488cf514da4ea4996650b52ffdcb35 82a932334c7f4acab978cf7b4e9b5c99 - - - -] 10.0.0.79 "POST /v2.0/security-group-rules HTTP/1.1" status: 201 len: 764 time: 0.2432649
2026-07-02 06:23:14.214 10 INFO neutron.wsgi [req-6a62638d-0738-4ee3-b7ba-1a3cd9791e77 req-0ca61578-b3d2-4b79-9bba-44bbcf663bfa 61185dab1d68427ebbc3201dcb371977 bceb53729f44493ca424a3ca25f841ce - - a5e034bf6ba748e8b33b73356ae16185 a5e034bf6ba748e8b33b73356ae16185] 199.19.213.151 "GET /v2.0/networks/da4c3f28-bad8-4ce6-af62-145c402b1646?fields=provider%3Aphysical_network&fields=provider%3Anetwork_type HTTP/1.1" status: 200 len: 277 time: 0.0668159
2026-07-02 06:23:14.219 10 INFO neutron.wsgi [None req-87eb97bf-c31e-4ea7-ac7d-2c88eb7c98c0 5b4e09e9bcaf40b5999b61b45af84c86 7d4e6bf08eb9424884271f3739462231 - - default default] 10.0.0.79 "GET /v2.0/security-groups?tenant_id=4ef43e243d0d4facb758dd401e1dc185&name=default HTTP/1.1" status: 200 len: 2996 time: 0.0474031
2026-07-02 06:23:14.285 9 INFO neutron.db.ovn_revision_numbers_db [None req-88340fd5-c39a-472f-8088-4e6bd594532e - - - - - -] Successfully bumped revision number for resource 81243740-2b61-49eb-836f-3b515020fb4b (type: ports) to 4
2026-07-02 06:23:14.316 9 INFO neutron.db.ovn_revision_numbers_db [None req-a10429ba-8230-4ffb-b421-cacb883f8536 0a488cf514da4ea4996650b52ffdcb35 82a932334c7f4acab978cf7b4e9b5c99 - - - -] Successfully bumped revision number for resource a9f840fa-84cc-4060-a757-11498cfede59 (type: security_group_rules) to 0
2026-07-02 06:23:14.349 9 INFO neutron.wsgi [None req-a10429ba-8230-4ffb-b421-cacb883f8536 0a488cf514da4ea4996650b52ffdcb35 82a932334c7f4acab978cf7b4e9b5c99 - - - -] 10.0.0.79 "POST /v2.0/security-group-rules HTTP/1.1" status: 201 len: 763 time: 0.1850853 /var/lib/openstack/lib/python3.10/site-packages/pycadf/identifier.py:71: UserWarning: Invalid uuid: neutron. To ensure interoperability, identifiers should be a valid uuid. warnings.warn(('Invalid uuid: %s. To ensure interoperability, '
2026-07-02 06:23:14.517 9 INFO neutron.db.ovn_revision_numbers_db [None req-3a2c22d7-7c31-4711-81c0-7841898bedd6 0a488cf514da4ea4996650b52ffdcb35 82a932334c7f4acab978cf7b4e9b5c99 - - - -] Successfully bumped revision number for resource 749d7f24-9033-4cea-a299-f9ed6b893690 (type: security_group_rules) to 0
2026-07-02 06:23:14.541 9 INFO neutron.wsgi [None req-3a2c22d7-7c31-4711-81c0-7841898bedd6 0a488cf514da4ea4996650b52ffdcb35 82a932334c7f4acab978cf7b4e9b5c99 - - - -] 10.0.0.79 "POST /v2.0/security-group-rules HTTP/1.1" status: 201 len: 769 time: 0.1887906
2026-07-02 06:23:14.657 9 INFO neutron.notifiers.nova [-] Nova event matching ['req-6b877e55-c7e4-421f-aa81-38cdfd934016'] response: {'server_uuid': '156c4207-0e40-43a1-9db5-9d1fbccf240d', 'name': 'network-vif-plugged', 'status': 'completed', 'tag': '81243740-2b61-49eb-836f-3b515020fb4b', 'code': 200}
2026-07-02 06:23:14.657 9 INFO neutron.notifiers.nova [-] Nova event matching ['req-6b877e55-c7e4-421f-aa81-38cdfd934016'] response: {'server_uuid': '156c4207-0e40-43a1-9db5-9d1fbccf240d', 'name': 'network-vif-plugged', 'status': 'completed', 'tag': '81243740-2b61-49eb-836f-3b515020fb4b', 'code': 200}
2026-07-02 06:23:14.673 9 INFO neutron.db.ovn_revision_numbers_db [None req-7e6756ac-11dd-4550-85ec-b0e94bd8aaaf 0a488cf514da4ea4996650b52ffdcb35 82a932334c7f4acab978cf7b4e9b5c99 - - - -] Successfully bumped revision number for resource b91695e3-0444-4865-abfd-5b11056d1fd3 (type: security_group_rules) to 0
2026-07-02 06:23:14.703 9 INFO neutron.wsgi [None req-7e6756ac-11dd-4550-85ec-b0e94bd8aaaf 0a488cf514da4ea4996650b52ffdcb35 82a932334c7f4acab978cf7b4e9b5c99 - - - -] 10.0.0.79 "POST /v2.0/security-group-rules HTTP/1.1" status: 201 len: 768 time: 0.1555626
2026-07-02 06:23:14.715 10 INFO neutron.wsgi [None req-1f0d803d-dbfd-4ba5-b083-2b21d7f2816d 5b4e09e9bcaf40b5999b61b45af84c86 7d4e6bf08eb9424884271f3739462231 - - - -] 10.0.0.79 "DELETE /v2.0/security-groups/7e7baa65-1072-4690-8aa6-131cd91a9207 HTTP/1.1" status: 204 len: 168 time: 0.4920361
2026-07-02 06:23:14.737 9 INFO neutron.db.securitygroups_db [None req-0dc3529f-0203-4541-932d-ac635dcd52e2 0a488cf514da4ea4996650b52ffdcb35 82a932334c7f4acab978cf7b4e9b5c99 - - - -] Project 82a932334c7f4acab978cf7b4e9b5c99 added a security group rule with legacy IPv6 ICMP protocol name icmp, ipv6-icmp should be used instead. It was automatically converted.
2026-07-02 06:23:14.827 9 INFO neutron.db.ovn_revision_numbers_db [None req-0dc3529f-0203-4541-932d-ac635dcd52e2 0a488cf514da4ea4996650b52ffdcb35 82a932334c7f4acab978cf7b4e9b5c99 - - - -] Successfully bumped revision number for resource d5e5b984-d9f5-419f-b779-c25f16419dfc (type: security_group_rules) to 0
2026-07-02 06:23:14.851 9 INFO neutron.wsgi [None req-0dc3529f-0203-4541-932d-ac635dcd52e2 0a488cf514da4ea4996650b52ffdcb35 82a932334c7f4acab978cf7b4e9b5c99 - - - -] 10.0.0.79 "POST /v2.0/security-group-rules HTTP/1.1" status: 201 len: 774 time: 0.1402669
2026-07-02 06:23:14.880 9 INFO neutron.db.securitygroups_db [None req-04504e81-63b1-4ca8-8e5a-3af205bf41e0 0a488cf514da4ea4996650b52ffdcb35 82a932334c7f4acab978cf7b4e9b5c99 - - - -] Project 82a932334c7f4acab978cf7b4e9b5c99 added a security group rule with legacy IPv6 ICMP protocol name icmp, ipv6-icmp should be used instead. It was automatically converted.
2026-07-02 06:23:15.004 9 INFO neutron.db.ovn_revision_numbers_db [None req-04504e81-63b1-4ca8-8e5a-3af205bf41e0 0a488cf514da4ea4996650b52ffdcb35 82a932334c7f4acab978cf7b4e9b5c99 - - - -] Successfully bumped revision number for resource 3b61b19f-83bb-4a98-be19-c91ac14e95ef (type: security_group_rules) to 0
2026-07-02 06:23:15.042 9 INFO neutron.wsgi [None req-04504e81-63b1-4ca8-8e5a-3af205bf41e0 0a488cf514da4ea4996650b52ffdcb35 82a932334c7f4acab978cf7b4e9b5c99 - - - -] 10.0.0.79 "POST /v2.0/security-group-rules HTTP/1.1" status: 201 len: 773 time: 0.1809106
2026-07-02 06:23:15.129 9 INFO neutron.wsgi [req-63e7fe3c-f8ea-43bf-ab73-e8c73b0a9860 req-54310b1c-1344-407d-b8e5-88b40a221ac5 3b27419875d24c1ea8ea9e27786d5e5d c3558104e1f340829d1e917c090980df - - default default] 10.0.0.71 "GET /v2.0/ports?device_id=156c4207-0e40-43a1-9db5-9d1fbccf240d HTTP/1.1" status: 200 len: 1170 time: 0.0337932
2026-07-02 06:23:15.176 9 INFO neutron.wsgi [req-63e7fe3c-f8ea-43bf-ab73-e8c73b0a9860 req-bfcb25f0-e416-4180-bc3f-5d180b50a300 3b27419875d24c1ea8ea9e27786d5e5d c3558104e1f340829d1e917c090980df - - default default] 10.0.0.71 "GET /v2.0/security-groups?id=1eb2454e-ebe6-4f49-90e8-a58eb749a49c&fields=id&fields=name HTTP/1.1" status: 200 len: 286 time: 0.0384722
2026-07-02 06:23:15.945 9 INFO neutron.plugins.ml2.drivers.ovn.mech_driver.mech_driver [None req-88340fd5-c39a-472f-8088-4e6bd594532e - - - - - -] OVN reports status down for port: 81243740-2b61-49eb-836f-3b515020fb4b
2026-07-02 06:23:16.003 9 INFO neutron.wsgi [None req-5d154167-691b-484d-9fcd-e26160e6799b 0a488cf514da4ea4996650b52ffdcb35 82a932334c7f4acab978cf7b4e9b5c99 - - default default] 10.0.0.79 "GET /v2.0/networks HTTP/1.1" status: 200 len: 1492 time: 0.5877235
2026-07-02 06:23:16.078 9 INFO neutron.wsgi [req-971252b3-02b7-4ad3-8aa7-c7f5fe8bfaef req-1c6e3f0b-ab0e-439c-b666-97b8c3dd174e 3b27419875d24c1ea8ea9e27786d5e5d c3558104e1f340829d1e917c090980df - - default default] 10.0.0.71 "GET /v2.0/ports?device_id=156c4207-0e40-43a1-9db5-9d1fbccf240d HTTP/1.1" status: 200 len: 1170 time: 0.4098620
2026-07-02 06:23:16.087 10 INFO neutron.wsgi [req-d9f5d35e-f6f8-4afb-b16d-e912e6d74fae req-cbe0dadc-072c-46a9-a6b0-3792d04edbc2 3b27419875d24c1ea8ea9e27786d5e5d c3558104e1f340829d1e917c090980df - - default default] 199.19.213.151 "GET /v2.0/ports?device_id=156c4207-0e40-43a1-9db5-9d1fbccf240d HTTP/1.1" status: 200 len: 1170 time: 0.0974994
2026-07-02 06:23:16.142 9 INFO neutron.wsgi [req-bf893a82-87c4-44c6-9480-7b188a0f2b41 req-36a7d18f-942e-4beb-955c-3c7c468b7f89 0a488cf514da4ea4996650b52ffdcb35 82a932334c7f4acab978cf7b4e9b5c99 - - default default] 10.0.0.71 "GET /v2.0/security-groups?name=tempest-secgroup-smoke-11208115&fields=id&tenant_id=82a932334c7f4acab978cf7b4e9b5c99 HTTP/1.1" status: 200 len: 267 time: 0.0484648
2026-07-02 06:23:16.149 9 INFO neutron.wsgi [req-971252b3-02b7-4ad3-8aa7-c7f5fe8bfaef req-aeff341f-61a3-4b17-96d2-4b0d23fe3808 3b27419875d24c1ea8ea9e27786d5e5d c3558104e1f340829d1e917c090980df - - default default] 10.0.0.71 "GET /v2.0/security-groups?id=1eb2454e-ebe6-4f49-90e8-a58eb749a49c&fields=id&fields=name HTTP/1.1" status: 200 len: 286 time: 0.0627859
2026-07-02 06:23:16.250 9 INFO neutron.wsgi [req-bf893a82-87c4-44c6-9480-7b188a0f2b41 req-c424b878-491a-4aec-a97a-7e787b882007 0a488cf514da4ea4996650b52ffdcb35 82a932334c7f4acab978cf7b4e9b5c99 - - default default] 10.0.0.71 "GET /v2.0/networks?id=a0330b42-3e42-4300-9243-3a5e2c0ebe26 HTTP/1.1" status: 200 len: 859 time: 0.0998306
2026-07-02 06:23:16.280 9 INFO neutron.wsgi [req-bf893a82-87c4-44c6-9480-7b188a0f2b41 req-5d791788-34b1-4b6c-b719-b32308acfefc 0a488cf514da4ea4996650b52ffdcb35 82a932334c7f4acab978cf7b4e9b5c99 - - default default] 10.0.0.71 "GET /v2.0/quotas/82a932334c7f4acab978cf7b4e9b5c99 HTTP/1.1" status: 200 len: 386 time: 0.0187571
2026-07-02 06:23:16.379 9 INFO neutron.wsgi [req-bf893a82-87c4-44c6-9480-7b188a0f2b41 req-b55942c0-02e2-4f0d-b629-073391d9fd7b 0a488cf514da4ea4996650b52ffdcb35 82a932334c7f4acab978cf7b4e9b5c99 - - default default] 10.0.0.71 "GET /v2.0/ports?tenant_id=82a932334c7f4acab978cf7b4e9b5c99&fields=id HTTP/1.1" status: 200 len: 348 time: 0.0929840
2026-07-02 06:23:16.393 9 INFO neutron.db.ovn_revision_numbers_db [None req-88340fd5-c39a-472f-8088-4e6bd594532e - - - - - -] Successfully bumped revision number for resource 81243740-2b61-49eb-836f-3b515020fb4b (type: ports) to 5
2026-07-02 06:23:16.458 10 INFO neutron.wsgi [None req-1d798fde-6eb8-449a-9dad-59e9b4606709 3b27419875d24c1ea8ea9e27786d5e5d c3558104e1f340829d1e917c090980df - - - -] 199.19.213.151 "DELETE /v2.0/ports/81243740-2b61-49eb-836f-3b515020fb4b HTTP/1.1" status: 204 len: 173 time: 0.3668084
2026-07-02 06:23:16.463 9 INFO neutron.wsgi [req-bf893a82-87c4-44c6-9480-7b188a0f2b41 req-f0ff2a22-2192-467a-ae68-c02c14a0c053 61185dab1d68427ebbc3201dcb371977 bceb53729f44493ca424a3ca25f841ce - - a5e034bf6ba748e8b33b73356ae16185 a5e034bf6ba748e8b33b73356ae16185] 10.0.0.71 "GET /v2.0/networks/a0330b42-3e42-4300-9243-3a5e2c0ebe26?fields=segments HTTP/1.1" status: 200 len: 212 time: 0.0711095
2026-07-02 06:23:16.511 10 INFO neutron.notifiers.nova [-] Nova event matching ['req-70f1a215-f7bb-4b98-9e0c-c23692a03b31'] response: {'server_uuid': '156c4207-0e40-43a1-9db5-9d1fbccf240d', 'name': 'network-vif-deleted', 'tag': '81243740-2b61-49eb-836f-3b515020fb4b', 'status': 'completed', 'code': 200}
2026-07-02 06:23:16.528 9 INFO neutron.wsgi [req-bf893a82-87c4-44c6-9480-7b188a0f2b41 req-9255868b-1be5-4fe0-97e0-4d8dffd35942 61185dab1d68427ebbc3201dcb371977 bceb53729f44493ca424a3ca25f841ce - - a5e034bf6ba748e8b33b73356ae16185 a5e034bf6ba748e8b33b73356ae16185] 10.0.0.71 "GET /v2.0/networks/a0330b42-3e42-4300-9243-3a5e2c0ebe26?fields=provider%3Aphysical_network&fields=provider%3Anetwork_type HTTP/1.1" status: 200 len: 277 time: 0.0572522
2026-07-02 06:23:16.673 9 INFO neutron.wsgi [req-5bab63d3-8791-478d-810a-cb9fbbdc9df0 req-42fa7f17-14e1-44a6-ad18-5df3dd21d339 0a488cf514da4ea4996650b52ffdcb35 82a932334c7f4acab978cf7b4e9b5c99 - - default default] 10.0.0.71 "GET /v2.0/ports?device_id=5dcf9315-3124-4808-a20c-0265aadbff45 HTTP/1.1" status: 200 len: 210 time: 0.0351529
2026-07-02 06:23:16.699 9 INFO neutron.notifiers.nova [-] Nova event matching ['req-5cffe149-a279-4447-9ed6-8df82ca9fbc6'] response: {'server_uuid': '156c4207-0e40-43a1-9db5-9d1fbccf240d', 'name': 'network-vif-unplugged', 'status': 'completed', 'tag': '81243740-2b61-49eb-836f-3b515020fb4b', 'code': 200}
2026-07-02 06:23:16.700 9 INFO neutron.notifiers.nova [-] Nova event matching ['req-5cffe149-a279-4447-9ed6-8df82ca9fbc6'] response: {'server_uuid': '156c4207-0e40-43a1-9db5-9d1fbccf240d', 'name': 'network-vif-plugged', 'status': 'completed', 'tag': '81243740-2b61-49eb-836f-3b515020fb4b', 'code': 200}
2026-07-02 06:23:17.408 10 INFO neutron.wsgi [req-bf893a82-87c4-44c6-9480-7b188a0f2b41 req-6c5b7c60-d7fe-409a-ac85-44993dcf6692 0a488cf514da4ea4996650b52ffdcb35 82a932334c7f4acab978cf7b4e9b5c99 - - default default] 199.19.213.151 "GET /v2.0/networks?id=a0330b42-3e42-4300-9243-3a5e2c0ebe26 HTTP/1.1" status: 200 len: 859 time: 0.0612800
2026-07-02 06:23:17.465 10 INFO neutron.wsgi [req-bf893a82-87c4-44c6-9480-7b188a0f2b41 req-eadeb73f-e861-4923-8570-f79e3327d796 0a488cf514da4ea4996650b52ffdcb35 82a932334c7f4acab978cf7b4e9b5c99 - - default default] 199.19.213.151 "GET /v2.0/security-groups?fields=id&fields=name&tenant_id=82a932334c7f4acab978cf7b4e9b5c99 HTTP/1.1" status: 200 len: 471 time: 0.0518410
2026-07-02 06:23:17.701 9 INFO neutron.wsgi [None req-183cb6c5-0300-43bf-8e5e-803d8f926aa9 42917a2121a841d1b00aecc30c4a5c59 5112d5aff6a74dad93280c763d9502b4 - - - -] 10.0.0.79 "POST /v2.0/subnetpools HTTP/1.1" status: 201 len: 715 time: 0.2942729
2026-07-02 06:23:17.756 9 INFO neutron.wsgi [req-c1742866-4378-4fc8-be6e-dbcc54ee90a4 req-0ef46de3-5f05-4078-9a6c-10e9a0d9ecd1 0a488cf514da4ea4996650b52ffdcb35 82a932334c7f4acab978cf7b4e9b5c99 - - default default] 10.0.0.71 "GET /v2.0/ports?device_id=5dcf9315-3124-4808-a20c-0265aadbff45 HTTP/1.1" status: 200 len: 210 time: 0.0199130
2026-07-02 06:23:17.771 9 INFO neutron.wsgi [None req-7c75ac9d-a58d-44e7-ad20-7492ab2f71a4 42917a2121a841d1b00aecc30c4a5c59 5112d5aff6a74dad93280c763d9502b4 - - - -] 10.0.0.79 "POST /v2.0/subnetpools HTTP/1.1" status: 201 len: 715 time: 0.0654764
2026-07-02 06:23:17.788 10 WARNING neutron.scheduler.dhcp_agent_scheduler [None req-182da483-b734-49a7-867e-fbe681772f80 0a488cf514da4ea4996650b52ffdcb35 82a932334c7f4acab978cf7b4e9b5c99 - - - -] No more DHCP agents
2026-07-02 06:23:17.790 10 WARNING neutron.api.rpc.agentnotifiers.dhcp_rpc_agent_api [None req-182da483-b734-49a7-867e-fbe681772f80 0a488cf514da4ea4996650b52ffdcb35 82a932334c7f4acab978cf7b4e9b5c99 - - - -] Unable to schedule network a0330b42-3e42-4300-9243-3a5e2c0ebe26: no agents available; will retry on subsequent port and subnet creation events.
2026-07-02 06:23:17.828 9 INFO neutron.wsgi [None req-2df98acb-e976-479a-bcb1-db318f8bced8 42917a2121a841d1b00aecc30c4a5c59 5112d5aff6a74dad93280c763d9502b4 - - - -] 10.0.0.79 "POST /v2.0/subnetpools HTTP/1.1" status: 201 len: 715 time: 0.0533755
2026-07-02 06:23:17.882 9 INFO neutron.wsgi [None req-c12b45d4-333f-4108-9097-d27ae9e80f9a 42917a2121a841d1b00aecc30c4a5c59 5112d5aff6a74dad93280c763d9502b4 - - - -] 10.0.0.79 "POST /v2.0/subnetpools HTTP/1.1" status: 201 len: 715 time: 0.0503402
2026-07-02 06:23:17.921 10 INFO neutron.db.ovn_revision_numbers_db [None req-182da483-b734-49a7-867e-fbe681772f80 0a488cf514da4ea4996650b52ffdcb35 82a932334c7f4acab978cf7b4e9b5c99 - - - -] Successfully bumped revision number for resource 383f048f-19fc-48fb-ad6d-678d51196c41 (type: ports) to 1
2026-07-02 06:23:17.941 10 INFO neutron.wsgi [None req-182da483-b734-49a7-867e-fbe681772f80 0a488cf514da4ea4996650b52ffdcb35 82a932334c7f4acab978cf7b4e9b5c99 - - - -] 199.19.213.151 "POST /v2.0/ports HTTP/1.1" status: 201 len: 1162 time: 0.4703271 /var/lib/openstack/lib/python3.10/site-packages/pycadf/identifier.py:71: UserWarning: Invalid uuid: neutron. To ensure interoperability, identifiers should be a valid uuid. warnings.warn(('Invalid uuid: %s. To ensure interoperability, '
2026-07-02 06:23:17.954 9 INFO neutron.wsgi [None req-2f2dbbed-2d64-4aa2-97c1-d2d7b7933ca5 42917a2121a841d1b00aecc30c4a5c59 5112d5aff6a74dad93280c763d9502b4 - - - -] 10.0.0.79 "POST /v2.0/subnetpools HTTP/1.1" status: 201 len: 715 time: 0.0661643
2026-07-02 06:23:18.008 9 INFO neutron.wsgi [None req-8d0d8745-2b08-4b60-b221-fbe5a2662b6a 42917a2121a841d1b00aecc30c4a5c59 5112d5aff6a74dad93280c763d9502b4 - - - -] 10.0.0.79 "PUT /v2.0/subnetpools/6253e008-fb36-44cf-9af9-e8b59663a721/tags HTTP/1.1" status: 200 len: 210 time: 0.0489502
2026-07-02 06:23:18.054 9 INFO neutron.wsgi [None req-e8c75dc3-a5d6-4b0c-98eb-7404be3ba5ed 42917a2121a841d1b00aecc30c4a5c59 5112d5aff6a74dad93280c763d9502b4 - - - -] 10.0.0.79 "PUT /v2.0/subnetpools/3f4d933f-6fb1-43af-b8b9-1429c0b2a13b/tags HTTP/1.1" status: 200 len: 218 time: 0.0370886
2026-07-02 06:23:18.093 9 INFO neutron.wsgi [None req-a265f0d9-e425-493d-8c19-a8319146fb6a 42917a2121a841d1b00aecc30c4a5c59 5112d5aff6a74dad93280c763d9502b4 - - - -] 10.0.0.79 "PUT /v2.0/subnetpools/27c7f5d5-8e67-4afb-bb79-7a758b034b59/tags HTTP/1.1" status: 200 len: 227 time: 0.0303249
2026-07-02 06:23:18.146 9 INFO neutron.wsgi [None req-bf108686-2eef-434c-9071-2ddaff4078af 42917a2121a841d1b00aecc30c4a5c59 5112d5aff6a74dad93280c763d9502b4 - - - -] 10.0.0.79 "PUT /v2.0/subnetpools/166e9071-9d88-49ac-900e-a8a6067597b6/tags HTTP/1.1" status: 200 len: 212 time: 0.0456948
2026-07-02 06:23:18.183 9 INFO neutron.wsgi [None req-e22ab1bc-8f45-44b1-b402-97fd7b012ec6 42917a2121a841d1b00aecc30c4a5c59 5112d5aff6a74dad93280c763d9502b4 - - default default] 10.0.0.79 "GET /v2.0/subnetpools?tags=red HTTP/1.1" status: 200 len: 1758 time: 0.0315781
2026-07-02 06:23:18.214 9 INFO neutron.wsgi [None req-d01cbf19-7ae3-48a3-afa1-1d527d243314 42917a2121a841d1b00aecc30c4a5c59 5112d5aff6a74dad93280c763d9502b4 - - default default] 10.0.0.79 "GET /v2.0/subnetpools?tags=red%2Cblue HTTP/1.1" status: 200 len: 1251 time: 0.0271871
2026-07-02 06:23:18.263 9 INFO neutron.wsgi [None req-a8e35cb9-f97f-4aa0-8567-dc91fc0fb336 42917a2121a841d1b00aecc30c4a5c59 5112d5aff6a74dad93280c763d9502b4 - - default default] 10.0.0.79 "GET /v2.0/subnetpools?tags-any=blue HTTP/1.1" status: 200 len: 1251 time: 0.0313160
2026-07-02 06:23:18.294 9 INFO neutron.wsgi [None req-a9338b55-ccdd-4b8a-b3e2-6e29fe831f43 42917a2121a841d1b00aecc30c4a5c59 5112d5aff6a74dad93280c763d9502b4 - - default default] 10.0.0.79 "GET /v2.0/subnetpools?tags-any=red%2Cblue HTTP/1.1" status: 200 len: 1758 time: 0.0233636
2026-07-02 06:23:18.325 9 INFO neutron.wsgi [None req-58da1b46-338c-423c-add0-30ac7d4e7108 42917a2121a841d1b00aecc30c4a5c59 5112d5aff6a74dad93280c763d9502b4 - - default default] 10.0.0.79 "GET /v2.0/subnetpools?not-tags=red HTTP/1.1" status: 200 len: 1223 time: 0.0268683 /var/lib/openstack/lib/python3.10/site-packages/pycadf/identifier.py:71: UserWarning: Invalid uuid: neutron. To ensure interoperability, identifiers should be a valid uuid. warnings.warn(('Invalid uuid: %s. To ensure interoperability, '
2026-07-02 06:23:18.380 10 INFO neutron.wsgi [None req-b87259f7-68f3-4870-997b-cca5299d3006 42917a2121a841d1b00aecc30c4a5c59 5112d5aff6a74dad93280c763d9502b4 - - default default] 10.0.0.79 "GET /v2.0/subnetpools?not-tags=red%2Cblue HTTP/1.1" status: 200 len: 1730 time: 0.0470579
2026-07-02 06:23:18.425 9 INFO neutron.wsgi [None req-54eb5edb-7106-4eb9-98aa-87de4e44ac21 42917a2121a841d1b00aecc30c4a5c59 5112d5aff6a74dad93280c763d9502b4 - - default default] 10.0.0.79 "GET /v2.0/subnetpools?not-tags-any=blue HTTP/1.1" status: 200 len: 1730 time: 0.0390513
2026-07-02 06:23:18.450 9 INFO neutron.wsgi [None req-55ce70a1-a98b-4602-97b0-ab1975b662fe 42917a2121a841d1b00aecc30c4a5c59 5112d5aff6a74dad93280c763d9502b4 - - default default] 10.0.0.79 "GET /v2.0/subnetpools?not-tags-any=red%2Cblue HTTP/1.1" status: 200 len: 1223 time: 0.0205719
2026-07-02 06:23:18.456 10 INFO neutron.db.ovn_revision_numbers_db [None req-d11ba6b2-a06f-42be-b20d-42418922dff1 61185dab1d68427ebbc3201dcb371977 bceb53729f44493ca424a3ca25f841ce - - - -] Successfully bumped revision number for resource 383f048f-19fc-48fb-ad6d-678d51196c41 (type: ports) to 2
2026-07-02 06:23:18.515 9 INFO neutron.wsgi [None req-8aa3fc04-8d4b-479e-bd4c-d29c437d6c2a 42917a2121a841d1b00aecc30c4a5c59 5112d5aff6a74dad93280c763d9502b4 - - - -] 10.0.0.79 "DELETE /v2.0/subnetpools/6253e008-fb36-44cf-9af9-e8b59663a721 HTTP/1.1" status: 204 len: 168 time: 0.0569067
2026-07-02 06:23:18.572 9 INFO neutron.wsgi [None req-ca3a3bfe-22e6-40f5-80d1-6ebbd90c0b0f 42917a2121a841d1b00aecc30c4a5c59 5112d5aff6a74dad93280c763d9502b4 - - - -] 10.0.0.79 "DELETE /v2.0/subnetpools/3f4d933f-6fb1-43af-b8b9-1429c0b2a13b HTTP/1.1" status: 204 len: 168 time: 0.0502203
2026-07-02 06:23:18.638 9 INFO neutron.wsgi [None req-bf45267e-70eb-4944-bc25-22767a2aa100 42917a2121a841d1b00aecc30c4a5c59 5112d5aff6a74dad93280c763d9502b4 - - - -] 10.0.0.79 "DELETE /v2.0/subnetpools/27c7f5d5-8e67-4afb-bb79-7a758b034b59 HTTP/1.1" status: 204 len: 168 time: 0.0583329
2026-07-02 06:23:18.689 10 INFO neutron.db.ovn_revision_numbers_db [None req-d11ba6b2-a06f-42be-b20d-42418922dff1 61185dab1d68427ebbc3201dcb371977 bceb53729f44493ca424a3ca25f841ce - - - -] Successfully bumped revision number for resource 383f048f-19fc-48fb-ad6d-678d51196c41 (type: ports) to 2
2026-07-02 06:23:18.692 9 INFO neutron.wsgi [None req-2baf4ca9-80ba-4674-9319-fbddeb960d9a 42917a2121a841d1b00aecc30c4a5c59 5112d5aff6a74dad93280c763d9502b4 - - - -] 10.0.0.79 "DELETE /v2.0/subnetpools/166e9071-9d88-49ac-900e-a8a6067597b6 HTTP/1.1" status: 204 len: 168 time: 0.0489497
2026-07-02 06:23:18.713 10 INFO neutron.wsgi [None req-d11ba6b2-a06f-42be-b20d-42418922dff1 61185dab1d68427ebbc3201dcb371977 bceb53729f44493ca424a3ca25f841ce - - - -] 199.19.213.151 "PUT /v2.0/ports/383f048f-19fc-48fb-ad6d-678d51196c41 HTTP/1.1" status: 200 len: 1332 time: 0.7671642
2026-07-02 06:23:18.747 9 INFO neutron.wsgi [None req-bd1c99d2-2380-4935-9e35-ae8cb4fe1f47 42917a2121a841d1b00aecc30c4a5c59 5112d5aff6a74dad93280c763d9502b4 - - - -] 10.0.0.79 "DELETE /v2.0/subnetpools/dede9c4a-914f-4306-a4f8-3b10047e5d45 HTTP/1.1" status: 204 len: 168 time: 0.0473552
2026-07-02 06:23:18.749 10 INFO neutron.notifiers.nova [-] Nova event matching ['req-34520c89-3859-427e-a7cf-2bce2809dc8c'] response: {'name': 'network-changed', 'server_uuid': '5dcf9315-3124-4808-a20c-0265aadbff45', 'tag': '383f048f-19fc-48fb-ad6d-678d51196c41', 'status': 'completed', 'code': 200} /var/lib/openstack/lib/python3.10/site-packages/pycadf/identifier.py:71: UserWarning: Invalid uuid: neutron. To ensure interoperability, identifiers should be a valid uuid. warnings.warn(('Invalid uuid: %s. To ensure interoperability, '
2026-07-02 06:23:18.793 10 INFO neutron.wsgi [req-bf893a82-87c4-44c6-9480-7b188a0f2b41 req-93e218ca-6db7-4373-8731-57cbdf7d735b 61185dab1d68427ebbc3201dcb371977 bceb53729f44493ca424a3ca25f841ce - - a5e034bf6ba748e8b33b73356ae16185 a5e034bf6ba748e8b33b73356ae16185] 199.19.213.151 "GET /v2.0/ports?tenant_id=82a932334c7f4acab978cf7b4e9b5c99&device_id=5dcf9315-3124-4808-a20c-0265aadbff45 HTTP/1.1" status: 200 len: 1363 time: 0.0417137
2026-07-02 06:23:18.829 10 INFO neutron.wsgi [req-bf893a82-87c4-44c6-9480-7b188a0f2b41 req-99342c27-5f61-49d1-abf1-e7b93d4c7dab 61185dab1d68427ebbc3201dcb371977 bceb53729f44493ca424a3ca25f841ce - - a5e034bf6ba748e8b33b73356ae16185 a5e034bf6ba748e8b33b73356ae16185] 199.19.213.151 "GET /v2.0/floatingips?fixed_ip_address=10.100.0.14&port_id=383f048f-19fc-48fb-ad6d-678d51196c41 HTTP/1.1" status: 200 len: 217 time: 0.0231171
2026-07-02 06:23:18.873 9 INFO neutron.wsgi [req-9912191b-5a31-4e75-9796-9298d27fd3db req-50640e34-4b0e-42c1-8f78-90b124ab6e23 0a488cf514da4ea4996650b52ffdcb35 82a932334c7f4acab978cf7b4e9b5c99 - - default default] 10.0.0.71 "GET /v2.0/ports?device_id=5dcf9315-3124-4808-a20c-0265aadbff45 HTTP/1.1" status: 200 len: 1172 time: 0.0460379
2026-07-02 06:23:18.879 10 INFO neutron.wsgi [req-bf893a82-87c4-44c6-9480-7b188a0f2b41 req-929cd7cc-f018-4c8d-9bc7-c04fbccb29a5 61185dab1d68427ebbc3201dcb371977 bceb53729f44493ca424a3ca25f841ce - - a5e034bf6ba748e8b33b73356ae16185 a5e034bf6ba748e8b33b73356ae16185] 199.19.213.151 "GET /v2.0/subnets?id=825b4dad-039b-4e05-a722-ef567171987b HTTP/1.1" status: 200 len: 852 time: 0.0444932
2026-07-02 06:23:18.908 10 INFO neutron.wsgi [req-bf893a82-87c4-44c6-9480-7b188a0f2b41 req-e5c29c02-f112-46c9-a951-91923e4a97a0 61185dab1d68427ebbc3201dcb371977 bceb53729f44493ca424a3ca25f841ce - - a5e034bf6ba748e8b33b73356ae16185 a5e034bf6ba748e8b33b73356ae16185] 199.19.213.151 "GET /v2.0/ports?network_id=a0330b42-3e42-4300-9243-3a5e2c0ebe26&device_owner=network%3Adhcp HTTP/1.1" status: 200 len: 210 time: 0.0207214
2026-07-02 06:23:18.909 9 INFO neutron.wsgi [req-9912191b-5a31-4e75-9796-9298d27fd3db req-4da69a0a-703b-4a51-92b9-c83103a8159a 0a488cf514da4ea4996650b52ffdcb35 82a932334c7f4acab978cf7b4e9b5c99 - - default default] 10.0.0.71 "GET /v2.0/security-groups?id=f1c63e89-2602-400d-bc55-166360a4354a&fields=id&fields=name HTTP/1.1" status: 200 len: 311 time: 0.0287819
2026-07-02 06:23:19.022 10 INFO neutron.wsgi [req-bf893a82-87c4-44c6-9480-7b188a0f2b41 req-f8a4415b-5dae-48e2-8a9b-179b9a8287c3 61185dab1d68427ebbc3201dcb371977 bceb53729f44493ca424a3ca25f841ce - - a5e034bf6ba748e8b33b73356ae16185 a5e034bf6ba748e8b33b73356ae16185] 199.19.213.151 "GET /v2.0/networks/a0330b42-3e42-4300-9243-3a5e2c0ebe26?fields=segments HTTP/1.1" status: 200 len: 212 time: 0.1033289
2026-07-02 06:23:19.102 10 INFO neutron.wsgi [req-bf893a82-87c4-44c6-9480-7b188a0f2b41 req-30779292-9705-44f0-a866-1f6b01a9a568 61185dab1d68427ebbc3201dcb371977 bceb53729f44493ca424a3ca25f841ce - - a5e034bf6ba748e8b33b73356ae16185 a5e034bf6ba748e8b33b73356ae16185] 199.19.213.151 "GET /v2.0/networks/a0330b42-3e42-4300-9243-3a5e2c0ebe26?fields=provider%3Aphysical_network&fields=provider%3Anetwork_type HTTP/1.1" status: 200 len: 277 time: 0.0741658
2026-07-02 06:23:19.189 10 INFO neutron.wsgi [req-b2a917b3-3376-4f6b-8618-1d949fe4d943 req-fa0acc78-9bc1-4175-8ff1-5f884fe853a3 61185dab1d68427ebbc3201dcb371977 bceb53729f44493ca424a3ca25f841ce - - a5e034bf6ba748e8b33b73356ae16185 a5e034bf6ba748e8b33b73356ae16185] 199.19.213.151 "GET /v2.0/ports?tenant_id=82a932334c7f4acab978cf7b4e9b5c99&device_id=5dcf9315-3124-4808-a20c-0265aadbff45 HTTP/1.1" status: 200 len: 1363 time: 0.0348928
2026-07-02 06:23:19.195 9 INFO neutron.db.ovn_revision_numbers_db [None req-d6a0a0fa-9925-4425-abc0-b58eac4b775d 5b4e09e9bcaf40b5999b61b45af84c86 7d4e6bf08eb9424884271f3739462231 - - default default] Successfully bumped revision number for resource a0e056d6-697e-4409-a5ed-3b2242df71af (type: security_groups) to 1
2026-07-02 06:23:19.222 9 INFO neutron.wsgi [None req-d6a0a0fa-9925-4425-abc0-b58eac4b775d 5b4e09e9bcaf40b5999b61b45af84c86 7d4e6bf08eb9424884271f3739462231 - - default default] 10.0.0.79 "GET /v2.0/security-groups?tenant_id=1d1d4f1d3e864c94bf4a5c26397e6f75&name=default HTTP/1.1" status: 200 len: 2996 time: 0.4152286
2026-07-02 06:23:19.293 10 INFO neutron.wsgi [req-b2a917b3-3376-4f6b-8618-1d949fe4d943 req-ac8c1c98-7596-44ca-bf81-a339200528f7 61185dab1d68427ebbc3201dcb371977 bceb53729f44493ca424a3ca25f841ce - - a5e034bf6ba748e8b33b73356ae16185 a5e034bf6ba748e8b33b73356ae16185] 199.19.213.151 "GET /v2.0/networks?id=a0330b42-3e42-4300-9243-3a5e2c0ebe26 HTTP/1.1" status: 200 len: 958 time: 0.0980501
2026-07-02 06:23:19.325 10 INFO neutron.plugins.ml2.drivers.ovn.mech_driver.mech_driver [None req-a8cc8614-9749-4c6b-9893-936db2bc6ecf - - - - - -] OVN reports status up for port: 383f048f-19fc-48fb-ad6d-678d51196c41
2026-07-02 06:23:19.328 10 INFO neutron.wsgi [req-b2a917b3-3376-4f6b-8618-1d949fe4d943 req-a461e9ea-a8f5-4f5e-bdf7-43e16bbefcfd 61185dab1d68427ebbc3201dcb371977 bceb53729f44493ca424a3ca25f841ce - - a5e034bf6ba748e8b33b73356ae16185 a5e034bf6ba748e8b33b73356ae16185] 199.19.213.151 "GET /v2.0/floatingips?fixed_ip_address=10.100.0.14&port_id=383f048f-19fc-48fb-ad6d-678d51196c41 HTTP/1.1" status: 200 len: 217 time: 0.0291588
2026-07-02 06:23:19.350 10 INFO neutron.plugins.ml2.plugin [None req-a8cc8614-9749-4c6b-9893-936db2bc6ecf - - - - - -] Attempt 1 to provision port 383f048f-19fc-48fb-ad6d-678d51196c41
2026-07-02 06:23:19.392 10 INFO neutron.wsgi [req-b2a917b3-3376-4f6b-8618-1d949fe4d943 req-89c4e80c-a6e8-4271-bc8b-6057d1990a40 61185dab1d68427ebbc3201dcb371977 bceb53729f44493ca424a3ca25f841ce - - a5e034bf6ba748e8b33b73356ae16185 a5e034bf6ba748e8b33b73356ae16185] 199.19.213.151 "GET /v2.0/subnets?id=825b4dad-039b-4e05-a722-ef567171987b HTTP/1.1" status: 200 len: 852 time: 0.0595124
2026-07-02 06:23:19.419 10 INFO neutron.wsgi [req-b2a917b3-3376-4f6b-8618-1d949fe4d943 req-29c3f75a-f076-4684-a051-62d8d4c03654 61185dab1d68427ebbc3201dcb371977 bceb53729f44493ca424a3ca25f841ce - - a5e034bf6ba748e8b33b73356ae16185 a5e034bf6ba748e8b33b73356ae16185] 199.19.213.151 "GET /v2.0/ports?network_id=a0330b42-3e42-4300-9243-3a5e2c0ebe26&device_owner=network%3Adhcp HTTP/1.1" status: 200 len: 210 time: 0.0229025
2026-07-02 06:23:19.432 9 INFO neutron.wsgi [None req-7e47e623-4e3e-4f84-9649-1f8968e5019b 5b4e09e9bcaf40b5999b61b45af84c86 7d4e6bf08eb9424884271f3739462231 - - - -] 10.0.0.79 "DELETE /v2.0/security-groups/a0e056d6-697e-4409-a5ed-3b2242df71af HTTP/1.1" status: 204 len: 168 time: 0.2059658
2026-07-02 06:23:19.523 10 INFO neutron.wsgi [req-b2a917b3-3376-4f6b-8618-1d949fe4d943 req-89ad0ede-02a2-4806-9730-8c733a382932 61185dab1d68427ebbc3201dcb371977 bceb53729f44493ca424a3ca25f841ce - - a5e034bf6ba748e8b33b73356ae16185 a5e034bf6ba748e8b33b73356ae16185] 199.19.213.151 "GET /v2.0/networks/a0330b42-3e42-4300-9243-3a5e2c0ebe26?fields=segments HTTP/1.1" status: 200 len: 212 time: 0.0942273
2026-07-02 06:23:19.678 9 INFO neutron.db.ovn_revision_numbers_db [None req-62539382-4ca5-4fb7-b499-19c41168f9cb 5b4e09e9bcaf40b5999b61b45af84c86 7d4e6bf08eb9424884271f3739462231 - - default default] Successfully bumped revision number for resource 0587afa7-a63e-442e-8f9f-7ddd07a252cd (type: security_groups) to 1
2026-07-02 06:23:19.704 9 INFO neutron.wsgi [None req-62539382-4ca5-4fb7-b499-19c41168f9cb 5b4e09e9bcaf40b5999b61b45af84c86 7d4e6bf08eb9424884271f3739462231 - - default default] 10.0.0.79 "GET /v2.0/security-groups?tenant_id=ff7528a2428d4fa4aeb86010eae08323&name=default HTTP/1.1" status: 200 len: 2996 time: 0.1217983
2026-07-02 06:23:19.873 9 INFO neutron.wsgi [None req-e7b82011-7784-4351-bb0b-8c616721d1d7 5b4e09e9bcaf40b5999b61b45af84c86 7d4e6bf08eb9424884271f3739462231 - - - -] 10.0.0.79 "DELETE /v2.0/security-groups/0587afa7-a63e-442e-8f9f-7ddd07a252cd HTTP/1.1" status: 204 len: 168 time: 0.1611614
2026-07-02 06:23:19.925 10 INFO neutron.wsgi [req-b2a917b3-3376-4f6b-8618-1d949fe4d943 req-8acddf56-7e73-4103-95b8-18af3d468617 61185dab1d68427ebbc3201dcb371977 bceb53729f44493ca424a3ca25f841ce - - a5e034bf6ba748e8b33b73356ae16185 a5e034bf6ba748e8b33b73356ae16185] 199.19.213.151 "GET /v2.0/networks/a0330b42-3e42-4300-9243-3a5e2c0ebe26?fields=provider%3Aphysical_network&fields=provider%3Anetwork_type HTTP/1.1" status: 200 len: 277 time: 0.3983741
2026-07-02 06:23:19.990 9 INFO neutron.db.ovn_revision_numbers_db [None req-2d8cbaab-3d12-40cf-b2f3-e5b185f94de2 5b4e09e9bcaf40b5999b61b45af84c86 7d4e6bf08eb9424884271f3739462231 - - default default] Successfully bumped revision number for resource 1fb6c7c4-d9da-4889-a477-e6cee9136418 (type: security_groups) to 1
2026-07-02 06:23:20.028 9 INFO neutron.wsgi [None req-2d8cbaab-3d12-40cf-b2f3-e5b185f94de2 5b4e09e9bcaf40b5999b61b45af84c86 7d4e6bf08eb9424884271f3739462231 - - default default] 10.0.0.79 "GET /v2.0/security-groups?tenant_id=c2ce72a4750442b2a0eeed999a901e6a&name=default HTTP/1.1" status: 200 len: 2996 time: 0.3370557
2026-07-02 06:23:20.056 9 INFO neutron.wsgi [req-222ac17d-bbac-43cd-b311-b64cd8b2f986 req-d99207a0-17b5-401e-a793-07f5e759dd9c 0a488cf514da4ea4996650b52ffdcb35 82a932334c7f4acab978cf7b4e9b5c99 - - default default] 10.0.0.71 "GET /v2.0/ports?device_id=5dcf9315-3124-4808-a20c-0265aadbff45 HTTP/1.1" status: 200 len: 1174 time: 0.0465667
2026-07-02 06:23:20.101 9 INFO neutron.wsgi [req-222ac17d-bbac-43cd-b311-b64cd8b2f986 req-61976428-e932-4c6f-8123-1d5202abbf5b 0a488cf514da4ea4996650b52ffdcb35 82a932334c7f4acab978cf7b4e9b5c99 - - default default] 10.0.0.71 "GET /v2.0/security-groups?id=f1c63e89-2602-400d-bc55-166360a4354a&fields=id&fields=name HTTP/1.1" status: 200 len: 311 time: 0.0372620
2026-07-02 06:23:20.119 10 INFO neutron.db.ovn_revision_numbers_db [None req-a8cc8614-9749-4c6b-9893-936db2bc6ecf - - - - - -] Successfully bumped revision number for resource 383f048f-19fc-48fb-ad6d-678d51196c41 (type: ports) to 4
2026-07-02 06:23:20.213 10 INFO neutron.wsgi [None req-f8dea152-5606-4e85-815f-f710675ef9ab 5b4e09e9bcaf40b5999b61b45af84c86 7d4e6bf08eb9424884271f3739462231 - - - -] 10.0.0.79 "PUT /v2.0/routers/54e7a838-7239-4ab2-9dee-014697eeb1f8/remove_router_interface HTTP/1.1" status: 200 len: 503 time: 1.8173995 /var/lib/openstack/lib/python3.10/site-packages/pycadf/identifier.py:71: UserWarning: Invalid uuid: neutron. To ensure interoperability, identifiers should be a valid uuid. warnings.warn(('Invalid uuid: %s. To ensure interoperability, '
2026-07-02 06:23:20.436 10 INFO neutron.wsgi [None req-e6c808fb-f892-432c-905e-f87bdac0e3aa 5b4e09e9bcaf40b5999b61b45af84c86 7d4e6bf08eb9424884271f3739462231 - - - -] 10.0.0.79 "DELETE /v2.0/security-groups/1fb6c7c4-d9da-4889-a477-e6cee9136418 HTTP/1.1" status: 204 len: 168 time: 0.4000857
2026-07-02 06:23:20.653 9 INFO neutron.db.ovn_revision_numbers_db [None req-2735cbdc-57a6-450b-9d54-8047a52b0fb0 5b4e09e9bcaf40b5999b61b45af84c86 7d4e6bf08eb9424884271f3739462231 - - default default] Successfully bumped revision number for resource 3725bf80-19ce-4b81-9cda-12ed4970bd88 (type: security_groups) to 1
2026-07-02 06:23:20.678 9 INFO neutron.wsgi [None req-2735cbdc-57a6-450b-9d54-8047a52b0fb0 5b4e09e9bcaf40b5999b61b45af84c86 7d4e6bf08eb9424884271f3739462231 - - default default] 10.0.0.79 "GET /v2.0/security-groups?tenant_id=8995bad80c3b41c78029fd78426d6032&name=default HTTP/1.1" status: 200 len: 2996 time: 0.1396325
2026-07-02 06:23:20.800 10 INFO neutron.notifiers.nova [-] Nova event matching ['req-c195dbd2-208d-43a5-a0ed-0d8fe81d82c6'] response: {'server_uuid': '5dcf9315-3124-4808-a20c-0265aadbff45', 'name': 'network-vif-plugged', 'status': 'completed', 'tag': '383f048f-19fc-48fb-ad6d-678d51196c41', 'code': 200}
2026-07-02 06:23:20.803 10 INFO neutron.notifiers.nova [-] Nova event matching ['req-c195dbd2-208d-43a5-a0ed-0d8fe81d82c6'] response: {'server_uuid': '5dcf9315-3124-4808-a20c-0265aadbff45', 'name': 'network-vif-plugged', 'status': 'completed', 'tag': '383f048f-19fc-48fb-ad6d-678d51196c41', 'code': 200}
2026-07-02 06:23:20.913 9 INFO neutron.wsgi [None req-5a75ede2-6018-4477-88b4-ea05931580e0 5b4e09e9bcaf40b5999b61b45af84c86 7d4e6bf08eb9424884271f3739462231 - - - -] 10.0.0.79 "DELETE /v2.0/security-groups/3725bf80-19ce-4b81-9cda-12ed4970bd88 HTTP/1.1" status: 204 len: 168 time: 0.2296503
2026-07-02 06:23:20.914 10 INFO neutron.wsgi [None req-d04e1663-5a84-4c21-9de2-5834a3c56b5b 5b4e09e9bcaf40b5999b61b45af84c86 7d4e6bf08eb9424884271f3739462231 - - - -] 10.0.0.79 "DELETE /v2.0/routers/54e7a838-7239-4ab2-9dee-014697eeb1f8 HTTP/1.1" status: 204 len: 168 time: 0.6926003
2026-07-02 06:23:21.149 10 INFO neutron.db.ovn_revision_numbers_db [None req-d78bbc18-af22-4d2e-a675-66be52b62b15 5b4e09e9bcaf40b5999b61b45af84c86 7d4e6bf08eb9424884271f3739462231 - - default default] Successfully bumped revision number for resource 9ae5474e-0c10-496a-89b1-5d4056d9209f (type: security_groups) to 1
2026-07-02 06:23:21.194 10 INFO neutron.wsgi [None req-d78bbc18-af22-4d2e-a675-66be52b62b15 5b4e09e9bcaf40b5999b61b45af84c86 7d4e6bf08eb9424884271f3739462231 - - default default] 10.0.0.79 "GET /v2.0/security-groups?tenant_id=5112d5aff6a74dad93280c763d9502b4&name=default HTTP/1.1" status: 200 len: 2996 time: 0.1406100
2026-07-02 06:23:21.217 9 INFO neutron.wsgi [None req-8e045f5a-869a-496e-9176-2ba74da7bca5 5b4e09e9bcaf40b5999b61b45af84c86 7d4e6bf08eb9424884271f3739462231 - - - -] 10.0.0.79 "DELETE /v2.0/subnets/89931b9e-c97b-45b1-b9e0-605acc9b39ff HTTP/1.1" status: 204 len: 168 time: 0.2896719
2026-07-02 06:23:21.232 9 INFO neutron.wsgi [req-da85ea83-7c56-4343-bf26-56cb6858189e req-8ae46a8d-c3ac-4847-b4ff-acfd5e63ecdf 0a488cf514da4ea4996650b52ffdcb35 82a932334c7f4acab978cf7b4e9b5c99 - - default default] 10.0.0.71 "GET /v2.0/ports?device_id=5dcf9315-3124-4808-a20c-0265aadbff45 HTTP/1.1" status: 200 len: 1174 time: 0.0480168
2026-07-02 06:23:21.276 9 INFO neutron.wsgi [req-da85ea83-7c56-4343-bf26-56cb6858189e req-19b02580-8614-4a28-859e-c1dab714487b 0a488cf514da4ea4996650b52ffdcb35 82a932334c7f4acab978cf7b4e9b5c99 - - default default] 10.0.0.71 "GET /v2.0/security-groups?id=f1c63e89-2602-400d-bc55-166360a4354a&fields=id&fields=name HTTP/1.1" status: 200 len: 311 time: 0.0359123
2026-07-02 06:23:21.451 9 INFO neutron.wsgi [req-8d9f3253-b528-4ead-b46b-b6eaa07fba78 req-72f803b2-d0e7-43de-b842-f18af1cdccea 0a488cf514da4ea4996650b52ffdcb35 82a932334c7f4acab978cf7b4e9b5c99 - - default default] 10.0.0.71 "GET /v2.0/ports?device_id=5dcf9315-3124-4808-a20c-0265aadbff45 HTTP/1.1" status: 200 len: 1174 time: 0.0902638
2026-07-02 06:23:21.504 9 INFO neutron.wsgi [req-8d9f3253-b528-4ead-b46b-b6eaa07fba78 req-95709a8f-85fb-4ffa-88d6-2c05f62973d3 0a488cf514da4ea4996650b52ffdcb35 82a932334c7f4acab978cf7b4e9b5c99 - - default default] 10.0.0.71 "GET /v2.0/security-groups?id=f1c63e89-2602-400d-bc55-166360a4354a&fields=id&fields=name HTTP/1.1" status: 200 len: 311 time: 0.0472710
2026-07-02 06:23:21.525 10 INFO neutron.wsgi [None req-20e5a156-0b99-4995-9600-3d602a8f5ee6 5b4e09e9bcaf40b5999b61b45af84c86 7d4e6bf08eb9424884271f3739462231 - - - -] 10.0.0.79 "DELETE /v2.0/security-groups/9ae5474e-0c10-496a-89b1-5d4056d9209f HTTP/1.1" status: 204 len: 168 time: 0.3200581
2026-07-02 06:23:21.582 10 INFO neutron.wsgi [None req-d29924b1-a5c9-46f9-b756-e5b613ea3f4c 80f1fa1714344c47910c28aea925ea3b 4af5271be7344583a65983dbfbbfb62a - - default default] 10.0.0.79 "GET /v2.0/ports?device_id=5dcf9315-3124-4808-a20c-0265aadbff45 HTTP/1.1" status: 200 len: 1360 time: 0.0540743
2026-07-02 06:23:21.651 10 INFO neutron.services.segments.plugin [-] Segment 618983b4-d94a-4021-be74-ee6a86370fcc resource provider aggregate not found
2026-07-02 06:23:21.656 10 INFO neutron.services.segments.plugin [-] Segment 618983b4-d94a-4021-be74-ee6a86370fcc resource provider aggregate not found
2026-07-02 06:23:21.695 10 INFO neutron.services.segments.plugin [-] Segment 618983b4-d94a-4021-be74-ee6a86370fcc resource provider not found; error: Placement Client Error (4xx): {"errors": [{"status": 404, "title": "Not Found", "detail": "The resource could not be found.\n\n No resource provider with uuid 618983b4-d94a-4021-be74-ee6a86370fcc found for delete ", "request_id": "req-6085ed59-8e32-47d5-a198-d9495b6799f6"}]}
2026-07-02 06:23:21.697 10 INFO neutron.services.segments.plugin [-] Segment 618983b4-d94a-4021-be74-ee6a86370fcc resource provider not found; error: Placement Client Error (4xx): {"errors": [{"status": 404, "title": "Not Found", "detail": "The resource could not be found.\n\n No resource provider with uuid 618983b4-d94a-4021-be74-ee6a86370fcc found for delete ", "request_id": "req-362f35ee-0ee5-4728-a6b8-5d613ddbdd4e"}]}
2026-07-02 06:23:21.712 10 INFO neutron.wsgi [None req-6300f67d-0ee2-41e0-b2d7-d6508bd18dd2 5b4e09e9bcaf40b5999b61b45af84c86 7d4e6bf08eb9424884271f3739462231 - - - -] 10.0.0.79 "DELETE /v2.0/networks/da4c3f28-bad8-4ce6-af62-145c402b1646 HTTP/1.1" status: 204 len: 168 time: 0.4903655
2026-07-02 06:23:21.850 9 INFO neutron.db.l3_db [None req-6a0a12c2-5652-4f8f-9999-043d32efa42a 0a488cf514da4ea4996650b52ffdcb35 82a932334c7f4acab978cf7b4e9b5c99 - - - -] Floating IP 317ed257-72bc-4acb-b998-8b849ce54488 associated. External IP: 10.96.250.220, port: 383f048f-19fc-48fb-ad6d-678d51196c41.
2026-07-02 06:23:21.935 9 INFO neutron.wsgi [None req-45e62304-3183-44b1-9e35-00f19863d919 5b4e09e9bcaf40b5999b61b45af84c86 7d4e6bf08eb9424884271f3739462231 - - default default] 10.0.0.79 "GET /v2.0/security-groups?tenant_id=c3558104e1f340829d1e917c090980df&name=default HTTP/1.1" status: 200 len: 2996 time: 0.0569549
2026-07-02 06:23:22.101 9 INFO neutron.db.ovn_revision_numbers_db [None req-6a0a12c2-5652-4f8f-9999-043d32efa42a 0a488cf514da4ea4996650b52ffdcb35 82a932334c7f4acab978cf7b4e9b5c99 - - - -] Successfully bumped revision number for resource 317ed257-72bc-4acb-b998-8b849ce54488 (type: floatingips) to 4
2026-07-02 06:23:22.177 9 INFO neutron.db.ovn_revision_numbers_db [None req-6a0a12c2-5652-4f8f-9999-043d32efa42a 0a488cf514da4ea4996650b52ffdcb35 82a932334c7f4acab978cf7b4e9b5c99 - - - -] Successfully bumped revision number for resource 317ed257-72bc-4acb-b998-8b849ce54488 (type: floatingips) to 5
2026-07-02 06:23:22.205 9 INFO neutron.wsgi [None req-6a0a12c2-5652-4f8f-9999-043d32efa42a 0a488cf514da4ea4996650b52ffdcb35 82a932334c7f4acab978cf7b4e9b5c99 - - - -] 10.0.0.79 "PUT /v2.0/floatingips/317ed257-72bc-4acb-b998-8b849ce54488 HTTP/1.1" status: 200 len: 1050 time: 0.6174138 /var/lib/openstack/lib/python3.10/site-packages/pycadf/identifier.py:71: UserWarning: Invalid uuid: neutron. To ensure interoperability, identifiers should be a valid uuid. warnings.warn(('Invalid uuid: %s. To ensure interoperability, '
2026-07-02 06:23:22.240 9 INFO neutron.notifiers.nova [-] Nova event matching ['req-8400066e-ba41-424b-a4dd-3b989cfe2f4b'] response: {'name': 'network-changed', 'server_uuid': '5dcf9315-3124-4808-a20c-0265aadbff45', 'tag': '383f048f-19fc-48fb-ad6d-678d51196c41', 'status': 'completed', 'code': 200}
2026-07-02 06:23:22.278 10 INFO neutron.wsgi [None req-8c07e84b-93cd-48f5-aba8-87234ad3cc0f 5b4e09e9bcaf40b5999b61b45af84c86 7d4e6bf08eb9424884271f3739462231 - - - -] 10.0.0.79 "DELETE /v2.0/security-groups/1eb2454e-ebe6-4f49-90e8-a58eb749a49c HTTP/1.1" status: 204 len: 168 time: 0.3361177
2026-07-02 06:23:22.281 10 INFO neutron.wsgi [None req-2db55710-a643-4a2a-8e46-3090f466a03d 0a488cf514da4ea4996650b52ffdcb35 82a932334c7f4acab978cf7b4e9b5c99 - - default default] 10.0.0.79 "GET /v2.0/floatingips/317ed257-72bc-4acb-b998-8b849ce54488 HTTP/1.1" status: 200 len: 1052 time: 0.0688293
2026-07-02 06:23:22.302 10 INFO neutron.wsgi [req-f86afc49-16ab-4ce2-8c35-9f6b3bc55a34 req-76470d42-146c-4087-b7c0-08143d34bd28 61185dab1d68427ebbc3201dcb371977 bceb53729f44493ca424a3ca25f841ce - - a5e034bf6ba748e8b33b73356ae16185 a5e034bf6ba748e8b33b73356ae16185] 199.19.213.151 "GET /v2.0/ports?tenant_id=82a932334c7f4acab978cf7b4e9b5c99&device_id=5dcf9315-3124-4808-a20c-0265aadbff45 HTTP/1.1" status: 200 len: 1365 time: 0.0406814
2026-07-02 06:23:22.365 10 INFO neutron.wsgi [req-f86afc49-16ab-4ce2-8c35-9f6b3bc55a34 req-d72da652-e2e7-46a7-bfe2-54c2b8d50b83 61185dab1d68427ebbc3201dcb371977 bceb53729f44493ca424a3ca25f841ce - - a5e034bf6ba748e8b33b73356ae16185 a5e034bf6ba748e8b33b73356ae16185] 199.19.213.151 "GET /v2.0/networks?id=a0330b42-3e42-4300-9243-3a5e2c0ebe26 HTTP/1.1" status: 200 len: 958 time: 0.0563138
2026-07-02 06:23:22.407 10 INFO neutron.wsgi [req-f86afc49-16ab-4ce2-8c35-9f6b3bc55a34 req-f63011f0-0648-419e-94ab-746492d3a9be 61185dab1d68427ebbc3201dcb371977 bceb53729f44493ca424a3ca25f841ce - - a5e034bf6ba748e8b33b73356ae16185 a5e034bf6ba748e8b33b73356ae16185] 199.19.213.151 "GET /v2.0/floatingips?fixed_ip_address=10.100.0.14&port_id=383f048f-19fc-48fb-ad6d-678d51196c41 HTTP/1.1" status: 200 len: 1060 time: 0.0337903
2026-07-02 06:23:22.442 10 INFO neutron.wsgi [req-f86afc49-16ab-4ce2-8c35-9f6b3bc55a34 req-f1c5755f-50fb-4c3a-87a5-e60416517188 61185dab1d68427ebbc3201dcb371977 bceb53729f44493ca424a3ca25f841ce - - a5e034bf6ba748e8b33b73356ae16185 a5e034bf6ba748e8b33b73356ae16185] 199.19.213.151 "GET /v2.0/subnets?id=825b4dad-039b-4e05-a722-ef567171987b HTTP/1.1" status: 200 len: 852 time: 0.0275378
2026-07-02 06:23:22.465 10 INFO neutron.wsgi [req-f86afc49-16ab-4ce2-8c35-9f6b3bc55a34 req-d4a3dc8e-b60b-4a87-9529-45a5e2fff63e 61185dab1d68427ebbc3201dcb371977 bceb53729f44493ca424a3ca25f841ce - - a5e034bf6ba748e8b33b73356ae16185 a5e034bf6ba748e8b33b73356ae16185] 199.19.213.151 "GET /v2.0/ports?network_id=a0330b42-3e42-4300-9243-3a5e2c0ebe26&device_owner=network%3Adhcp HTTP/1.1" status: 200 len: 210 time: 0.0163105
2026-07-02 06:23:22.532 10 INFO neutron.wsgi [req-f86afc49-16ab-4ce2-8c35-9f6b3bc55a34 req-ea8842c9-d334-415f-b122-1d6ef10eeb96 61185dab1d68427ebbc3201dcb371977 bceb53729f44493ca424a3ca25f841ce - - a5e034bf6ba748e8b33b73356ae16185 a5e034bf6ba748e8b33b73356ae16185] 199.19.213.151 "GET /v2.0/networks/a0330b42-3e42-4300-9243-3a5e2c0ebe26?fields=segments HTTP/1.1" status: 200 len: 212 time: 0.0590603
