2026-07-02 06:22:54.664 9 INFO neutron.wsgi [None req-b8110519-3956-45b6-b4dd-38523ad386a6 5b4e09e9bcaf40b5999b61b45af84c86 7d4e6bf08eb9424884271f3739462231 - - - -] 10.0.0.79 "DELETE /v2.0/security-groups/b5e7336b-a430-4d79-8b11-a50cdaae9227 HTTP/1.1" status: 204 len: 168 time: 0.1952984
2026-07-02 06:22:54.870 10 WARNING neutron.scheduler.dhcp_agent_scheduler [None req-6646835a-d788-448f-8de5-5e85b42d745f 0a488cf514da4ea4996650b52ffdcb35 82a932334c7f4acab978cf7b4e9b5c99 - - - -] No more DHCP agents
2026-07-02 06:22:54.871 10 WARNING neutron.api.rpc.agentnotifiers.dhcp_rpc_agent_api [None req-6646835a-d788-448f-8de5-5e85b42d745f 0a488cf514da4ea4996650b52ffdcb35 82a932334c7f4acab978cf7b4e9b5c99 - - - -] Unable to schedule network a0330b42-3e42-4300-9243-3a5e2c0ebe26: no agents available; will retry on subsequent port and subnet creation events.
2026-07-02 06:22:54.899 9 INFO neutron.wsgi [req-6069003b-f243-4132-ae2c-90caa79054a7 req-d2392c28-f946-4d4a-91c3-23ca4ac8fb25 0a488cf514da4ea4996650b52ffdcb35 82a932334c7f4acab978cf7b4e9b5c99 - - default default] 10.0.0.71 "GET /v2.0/ports?device_id=18f76623-288a-4232-a1d8-0750242d66cd HTTP/1.1" status: 200 len: 1160 time: 0.0329297
2026-07-02 06:22:54.930 9 INFO neutron.wsgi [req-6069003b-f243-4132-ae2c-90caa79054a7 req-fb27f76c-52c1-47e5-8e36-84a94fa4f210 0a488cf514da4ea4996650b52ffdcb35 82a932334c7f4acab978cf7b4e9b5c99 - - default default] 10.0.0.71 "GET /v2.0/security-groups?id=bf4de9aa-080e-4a32-9024-c3a8af756532&fields=id&fields=name HTTP/1.1" status: 200 len: 313 time: 0.0264626
2026-07-02 06:22:55.040 10 INFO neutron.db.ovn_revision_numbers_db [None req-6646835a-d788-448f-8de5-5e85b42d745f 0a488cf514da4ea4996650b52ffdcb35 82a932334c7f4acab978cf7b4e9b5c99 - - - -] Successfully bumped revision number for resource 9dbaeda2-02c3-4493-9f97-e0960629c7d9 (type: ports) to 1
2026-07-02 06:22:55.063 10 INFO neutron.wsgi [None req-6646835a-d788-448f-8de5-5e85b42d745f 0a488cf514da4ea4996650b52ffdcb35 82a932334c7f4acab978cf7b4e9b5c99 - - - -] 199.19.213.151 "POST /v2.0/ports HTTP/1.1" status: 201 len: 1162 time: 0.5172460 /var/lib/openstack/lib/python3.10/site-packages/pycadf/identifier.py:71: UserWarning: Invalid uuid: neutron. To ensure interoperability, identifiers should be a valid uuid. warnings.warn(('Invalid uuid: %s. To ensure interoperability, '
2026-07-02 06:22:55.409 10 INFO neutron.db.ovn_revision_numbers_db [None req-f3fab4e9-3305-41a4-8b6b-d9dcb77b4d73 61185dab1d68427ebbc3201dcb371977 bceb53729f44493ca424a3ca25f841ce - - - -] Successfully bumped revision number for resource 9dbaeda2-02c3-4493-9f97-e0960629c7d9 (type: ports) to 2
2026-07-02 06:22:55.566 10 WARNING neutron.plugins.ml2.drivers.ovn.mech_driver.ovsdb.ovn_client [None req-a8cc8614-9749-4c6b-9893-936db2bc6ecf - - - - - -] No hosting information found for port 5851f38a-3e78-4d05-81d9-1705bfa23f8d: RuntimeError: No hosting information found for port 5851f38a-3e78-4d05-81d9-1705bfa23f8d
2026-07-02 06:22:55.569 10 INFO neutron.db.ovn_revision_numbers_db [None req-f3fab4e9-3305-41a4-8b6b-d9dcb77b4d73 61185dab1d68427ebbc3201dcb371977 bceb53729f44493ca424a3ca25f841ce - - - -] Successfully bumped revision number for resource 9dbaeda2-02c3-4493-9f97-e0960629c7d9 (type: ports) to 2
2026-07-02 06:22:55.581 10 INFO neutron.wsgi [None req-f3fab4e9-3305-41a4-8b6b-d9dcb77b4d73 61185dab1d68427ebbc3201dcb371977 bceb53729f44493ca424a3ca25f841ce - - - -] 199.19.213.151 "PUT /v2.0/ports/9dbaeda2-02c3-4493-9f97-e0960629c7d9 HTTP/1.1" status: 200 len: 1332 time: 0.5117524 /var/lib/openstack/lib/python3.10/site-packages/pycadf/identifier.py:71: UserWarning: Invalid uuid: neutron. To ensure interoperability, identifiers should be a valid uuid. warnings.warn(('Invalid uuid: %s. To ensure interoperability, '
2026-07-02 06:22:55.620 10 INFO neutron.notifiers.nova [-] Nova event matching ['req-8eb6d182-6508-4769-985a-2656786abb06'] response: {'name': 'network-changed', 'server_uuid': '18f76623-288a-4232-a1d8-0750242d66cd', 'tag': '9dbaeda2-02c3-4493-9f97-e0960629c7d9', 'status': 'completed', 'code': 200}
2026-07-02 06:22:55.646 10 INFO neutron.wsgi [req-775c09b4-cb7a-44e8-a7f8-80f2dea60a2d req-b8378f94-4cec-4e24-a265-4927c4335eb2 61185dab1d68427ebbc3201dcb371977 bceb53729f44493ca424a3ca25f841ce - - a5e034bf6ba748e8b33b73356ae16185 a5e034bf6ba748e8b33b73356ae16185] 199.19.213.151 "GET /v2.0/ports?tenant_id=82a932334c7f4acab978cf7b4e9b5c99&device_id=18f76623-288a-4232-a1d8-0750242d66cd HTTP/1.1" status: 200 len: 1363 time: 0.0367093
2026-07-02 06:22:55.670 10 INFO neutron.wsgi [req-775c09b4-cb7a-44e8-a7f8-80f2dea60a2d req-b659e993-37b4-4ea5-bb03-42ed9eda3329 61185dab1d68427ebbc3201dcb371977 bceb53729f44493ca424a3ca25f841ce - - a5e034bf6ba748e8b33b73356ae16185 a5e034bf6ba748e8b33b73356ae16185] 199.19.213.151 "GET /v2.0/floatingips?fixed_ip_address=10.100.0.12&port_id=9dbaeda2-02c3-4493-9f97-e0960629c7d9 HTTP/1.1" status: 200 len: 217 time: 0.0203893
2026-07-02 06:22:55.720 10 INFO neutron.wsgi [req-775c09b4-cb7a-44e8-a7f8-80f2dea60a2d req-3b318acf-7094-442b-8af2-eb77a24fa466 61185dab1d68427ebbc3201dcb371977 bceb53729f44493ca424a3ca25f841ce - - a5e034bf6ba748e8b33b73356ae16185 a5e034bf6ba748e8b33b73356ae16185] 199.19.213.151 "GET /v2.0/subnets?id=825b4dad-039b-4e05-a722-ef567171987b HTTP/1.1" status: 200 len: 852 time: 0.0467091
2026-07-02 06:22:55.749 10 INFO neutron.wsgi [req-775c09b4-cb7a-44e8-a7f8-80f2dea60a2d req-e684413f-c112-4105-b792-96e8381d6b88 61185dab1d68427ebbc3201dcb371977 bceb53729f44493ca424a3ca25f841ce - - a5e034bf6ba748e8b33b73356ae16185 a5e034bf6ba748e8b33b73356ae16185] 199.19.213.151 "GET /v2.0/ports?network_id=a0330b42-3e42-4300-9243-3a5e2c0ebe26&device_owner=network%3Adhcp HTTP/1.1" status: 200 len: 210 time: 0.0231900
2026-07-02 06:22:55.814 10 INFO neutron.wsgi [req-775c09b4-cb7a-44e8-a7f8-80f2dea60a2d req-50c16f8e-3ecd-45ea-b22a-4c7622bc9f76 61185dab1d68427ebbc3201dcb371977 bceb53729f44493ca424a3ca25f841ce - - a5e034bf6ba748e8b33b73356ae16185 a5e034bf6ba748e8b33b73356ae16185] 199.19.213.151 "GET /v2.0/networks/a0330b42-3e42-4300-9243-3a5e2c0ebe26?fields=segments HTTP/1.1" status: 200 len: 212 time: 0.0561669
2026-07-02 06:22:55.877 10 INFO neutron.wsgi [req-775c09b4-cb7a-44e8-a7f8-80f2dea60a2d req-422ba447-3ad9-4d43-ae72-b8646e78f5a7 61185dab1d68427ebbc3201dcb371977 bceb53729f44493ca424a3ca25f841ce - - a5e034bf6ba748e8b33b73356ae16185 a5e034bf6ba748e8b33b73356ae16185] 199.19.213.151 "GET /v2.0/networks/a0330b42-3e42-4300-9243-3a5e2c0ebe26?fields=provider%3Aphysical_network&fields=provider%3Anetwork_type HTTP/1.1" status: 200 len: 277 time: 0.0553932
2026-07-02 06:22:55.967 10 INFO neutron.wsgi [req-fa046aab-6435-4468-a791-b17cfe137a43 req-36271fd3-f75b-453c-8c7c-45db11e2dbd6 61185dab1d68427ebbc3201dcb371977 bceb53729f44493ca424a3ca25f841ce - - a5e034bf6ba748e8b33b73356ae16185 a5e034bf6ba748e8b33b73356ae16185] 199.19.213.151 "GET /v2.0/ports?tenant_id=82a932334c7f4acab978cf7b4e9b5c99&device_id=18f76623-288a-4232-a1d8-0750242d66cd HTTP/1.1" status: 200 len: 1363 time: 0.0504544
2026-07-02 06:22:56.059 10 INFO neutron.plugins.ml2.drivers.ovn.mech_driver.mech_driver [None req-a8cc8614-9749-4c6b-9893-936db2bc6ecf - - - - - -] OVN reports status up for port: 9dbaeda2-02c3-4493-9f97-e0960629c7d9
2026-07-02 06:22:56.068 9 INFO neutron.wsgi [req-204ac304-f3a5-45b6-ae83-3005ac9007e2 req-184fefa1-f0b7-4058-b283-7da6951bd3af 0a488cf514da4ea4996650b52ffdcb35 82a932334c7f4acab978cf7b4e9b5c99 - - default default] 10.0.0.71 "GET /v2.0/ports?device_id=18f76623-288a-4232-a1d8-0750242d66cd HTTP/1.1" status: 200 len: 1172 time: 0.0637116
2026-07-02 06:22:56.083 10 INFO neutron.wsgi [req-fa046aab-6435-4468-a791-b17cfe137a43 req-c5ac0df3-f0d8-4406-8e6d-ed86aca7dd86 61185dab1d68427ebbc3201dcb371977 bceb53729f44493ca424a3ca25f841ce - - a5e034bf6ba748e8b33b73356ae16185 a5e034bf6ba748e8b33b73356ae16185] 199.19.213.151 "GET /v2.0/networks?id=a0330b42-3e42-4300-9243-3a5e2c0ebe26 HTTP/1.1" status: 200 len: 958 time: 0.1093974
2026-07-02 06:22:56.096 10 INFO neutron.plugins.ml2.plugin [None req-a8cc8614-9749-4c6b-9893-936db2bc6ecf - - - - - -] Attempt 1 to provision port 9dbaeda2-02c3-4493-9f97-e0960629c7d9
2026-07-02 06:22:56.127 9 INFO neutron.wsgi [req-204ac304-f3a5-45b6-ae83-3005ac9007e2 req-b7217287-530f-41fc-bcc1-cbc3f4ac9c99 0a488cf514da4ea4996650b52ffdcb35 82a932334c7f4acab978cf7b4e9b5c99 - - default default] 10.0.0.71 "GET /v2.0/security-groups?id=bf4de9aa-080e-4a32-9024-c3a8af756532&fields=id&fields=name HTTP/1.1" status: 200 len: 313 time: 0.0498183
2026-07-02 06:22:56.134 10 INFO neutron.wsgi [req-fa046aab-6435-4468-a791-b17cfe137a43 req-3dd93d05-8eff-4f78-a5df-c56f50576407 61185dab1d68427ebbc3201dcb371977 bceb53729f44493ca424a3ca25f841ce - - a5e034bf6ba748e8b33b73356ae16185 a5e034bf6ba748e8b33b73356ae16185] 199.19.213.151 "GET /v2.0/floatingips?fixed_ip_address=10.100.0.12&port_id=9dbaeda2-02c3-4493-9f97-e0960629c7d9 HTTP/1.1" status: 200 len: 217 time: 0.0454681
2026-07-02 06:22:56.184 10 INFO neutron.wsgi [req-fa046aab-6435-4468-a791-b17cfe137a43 req-fb02027f-40e6-4afe-9c4d-89439663ad61 61185dab1d68427ebbc3201dcb371977 bceb53729f44493ca424a3ca25f841ce - - a5e034bf6ba748e8b33b73356ae16185 a5e034bf6ba748e8b33b73356ae16185] 199.19.213.151 "GET /v2.0/subnets?id=825b4dad-039b-4e05-a722-ef567171987b HTTP/1.1" status: 200 len: 852 time: 0.0432870
2026-07-02 06:22:56.215 10 INFO neutron.wsgi [req-fa046aab-6435-4468-a791-b17cfe137a43 req-5a586440-cb95-4679-b77b-24761b3e07c6 61185dab1d68427ebbc3201dcb371977 bceb53729f44493ca424a3ca25f841ce - - a5e034bf6ba748e8b33b73356ae16185 a5e034bf6ba748e8b33b73356ae16185] 199.19.213.151 "GET /v2.0/ports?network_id=a0330b42-3e42-4300-9243-3a5e2c0ebe26&device_owner=network%3Adhcp HTTP/1.1" status: 200 len: 210 time: 0.0254793
2026-07-02 06:22:56.311 10 INFO neutron.wsgi [req-fa046aab-6435-4468-a791-b17cfe137a43 req-158d4deb-0191-47fe-b4fa-7f75160fb7cb 61185dab1d68427ebbc3201dcb371977 bceb53729f44493ca424a3ca25f841ce - - a5e034bf6ba748e8b33b73356ae16185 a5e034bf6ba748e8b33b73356ae16185] 199.19.213.151 "GET /v2.0/networks/a0330b42-3e42-4300-9243-3a5e2c0ebe26?fields=segments HTTP/1.1" status: 200 len: 212 time: 0.0856268
2026-07-02 06:22:56.407 10 INFO neutron.wsgi [req-fa046aab-6435-4468-a791-b17cfe137a43 req-b21404e6-42b6-461f-8c25-e270df54ad5e 61185dab1d68427ebbc3201dcb371977 bceb53729f44493ca424a3ca25f841ce - - a5e034bf6ba748e8b33b73356ae16185 a5e034bf6ba748e8b33b73356ae16185] 199.19.213.151 "GET /v2.0/networks/a0330b42-3e42-4300-9243-3a5e2c0ebe26?fields=provider%3Aphysical_network&fields=provider%3Anetwork_type HTTP/1.1" status: 200 len: 277 time: 0.0914254
2026-07-02 06:22:56.446 10 INFO neutron.db.ovn_revision_numbers_db [None req-a8cc8614-9749-4c6b-9893-936db2bc6ecf - - - - - -] Successfully bumped revision number for resource 9dbaeda2-02c3-4493-9f97-e0960629c7d9 (type: ports) to 4
2026-07-02 06:22:56.659 9 INFO neutron.db.ovn_revision_numbers_db [None req-a5f1643f-552f-4818-b1ef-51acd026c0e4 5b4e09e9bcaf40b5999b61b45af84c86 7d4e6bf08eb9424884271f3739462231 - - - -] Successfully bumped revision number for resource 7e7baa65-1072-4690-8aa6-131cd91a9207 (type: security_groups) to 1
2026-07-02 06:22:56.711 9 INFO neutron.db.segments_db [None req-a5f1643f-552f-4818-b1ef-51acd026c0e4 5b4e09e9bcaf40b5999b61b45af84c86 7d4e6bf08eb9424884271f3739462231 - - - -] Added segment 7480a76d-1df9-4e83-964e-09602cfa3c3d of type geneve for network 7a8202ec-34e1-4e99-8a77-3972d1d2951f
2026-07-02 06:22:56.856 9 INFO neutron.db.ovn_revision_numbers_db [None req-a5f1643f-552f-4818-b1ef-51acd026c0e4 5b4e09e9bcaf40b5999b61b45af84c86 7d4e6bf08eb9424884271f3739462231 - - - -] Successfully bumped revision number for resource 7a8202ec-34e1-4e99-8a77-3972d1d2951f (type: networks) to 1
2026-07-02 06:22:57.038 9 WARNING neutron.scheduler.dhcp_agent_scheduler [None req-a5f1643f-552f-4818-b1ef-51acd026c0e4 5b4e09e9bcaf40b5999b61b45af84c86 7d4e6bf08eb9424884271f3739462231 - - - -] No more DHCP agents
2026-07-02 06:22:57.040 9 WARNING neutron.api.rpc.agentnotifiers.dhcp_rpc_agent_api [None req-a5f1643f-552f-4818-b1ef-51acd026c0e4 5b4e09e9bcaf40b5999b61b45af84c86 7d4e6bf08eb9424884271f3739462231 - - - -] Unable to schedule network 7a8202ec-34e1-4e99-8a77-3972d1d2951f: no agents available; will retry on subsequent port and subnet creation events. /var/lib/openstack/lib/python3.10/site-packages/pycadf/identifier.py:71: UserWarning: Invalid uuid: neutron. To ensure interoperability, identifiers should be a valid uuid. warnings.warn(('Invalid uuid: %s. To ensure interoperability, '
2026-07-02 06:22:57.105 9 INFO neutron.db.ovn_revision_numbers_db [None req-a5f1643f-552f-4818-b1ef-51acd026c0e4 5b4e09e9bcaf40b5999b61b45af84c86 7d4e6bf08eb9424884271f3739462231 - - - -] Successfully bumped revision number for resource f0cee429-d8bb-4ebe-8e64-3c560d0e6128 (type: ports) to 1
2026-07-02 06:22:57.129 9 INFO neutron.wsgi [None req-a5f1643f-552f-4818-b1ef-51acd026c0e4 5b4e09e9bcaf40b5999b61b45af84c86 7d4e6bf08eb9424884271f3739462231 - - - -] 10.0.0.79 "POST /v2.0/networks HTTP/1.1" status: 201 len: 948 time: 0.7307212
2026-07-02 06:22:57.144 10 INFO neutron.db.ovn_revision_numbers_db [None req-9e595f1d-aed6-4040-8364-4f37c97ef538 5b4e09e9bcaf40b5999b61b45af84c86 7d4e6bf08eb9424884271f3739462231 - - default default] Successfully bumped revision number for resource 4bd22c39-9e6d-4977-baba-ab8ac7096977 (type: security_groups) to 1
2026-07-02 06:22:57.166 10 INFO neutron.wsgi [None req-9e595f1d-aed6-4040-8364-4f37c97ef538 5b4e09e9bcaf40b5999b61b45af84c86 7d4e6bf08eb9424884271f3739462231 - - default default] 10.0.0.79 "GET /v2.0/security-groups?tenant_id=2d26d852ad264a6ab5c28893e37632a1&name=default HTTP/1.1" status: 200 len: 2996 time: 0.3467054
2026-07-02 06:22:57.229 9 INFO neutron.wsgi [req-095428bd-4b6b-4c18-b569-f2c49959416d req-98255ab3-ae94-4965-b09a-852715cd4246 0a488cf514da4ea4996650b52ffdcb35 82a932334c7f4acab978cf7b4e9b5c99 - - default default] 10.0.0.71 "GET /v2.0/ports?device_id=18f76623-288a-4232-a1d8-0750242d66cd HTTP/1.1" status: 200 len: 1174 time: 0.0361454
2026-07-02 06:22:57.297 9 INFO neutron.wsgi [req-095428bd-4b6b-4c18-b569-f2c49959416d req-10a6fc2c-7c61-4a4f-91f9-44901424c8da 0a488cf514da4ea4996650b52ffdcb35 82a932334c7f4acab978cf7b4e9b5c99 - - default default] 10.0.0.71 "GET /v2.0/security-groups?id=bf4de9aa-080e-4a32-9024-c3a8af756532&fields=id&fields=name HTTP/1.1" status: 200 len: 313 time: 0.0602558
2026-07-02 06:22:57.332 9 WARNING neutron.scheduler.dhcp_agent_scheduler [None req-93268d0b-4107-48f1-97a4-0051a0524bd3 5b4e09e9bcaf40b5999b61b45af84c86 7d4e6bf08eb9424884271f3739462231 - - - -] No more DHCP agents
2026-07-02 06:22:57.337 9 WARNING neutron.api.rpc.agentnotifiers.dhcp_rpc_agent_api [None req-93268d0b-4107-48f1-97a4-0051a0524bd3 5b4e09e9bcaf40b5999b61b45af84c86 7d4e6bf08eb9424884271f3739462231 - - - -] Unable to schedule network 7a8202ec-34e1-4e99-8a77-3972d1d2951f: no agents available; will retry on subsequent port and subnet creation events.
2026-07-02 06:22:57.352 10 INFO neutron.wsgi [None req-f1053be5-518c-4872-a3e0-c7cae4a9a7cb 5b4e09e9bcaf40b5999b61b45af84c86 7d4e6bf08eb9424884271f3739462231 - - - -] 10.0.0.79 "DELETE /v2.0/security-groups/4bd22c39-9e6d-4977-baba-ab8ac7096977 HTTP/1.1" status: 204 len: 168 time: 0.1794682
2026-07-02 06:22:57.653 10 INFO neutron.notifiers.nova [-] Nova event matching ['req-55e2578c-fe76-4d52-8bbd-b6f43c5de4f2'] response: {'server_uuid': '18f76623-288a-4232-a1d8-0750242d66cd', 'name': 'network-vif-plugged', 'status': 'completed', 'tag': '9dbaeda2-02c3-4493-9f97-e0960629c7d9', 'code': 200}
2026-07-02 06:22:57.654 10 INFO neutron.notifiers.nova [-] Nova event matching ['req-55e2578c-fe76-4d52-8bbd-b6f43c5de4f2'] response: {'server_uuid': '18f76623-288a-4232-a1d8-0750242d66cd', 'name': 'network-vif-plugged', 'status': 'completed', 'tag': '9dbaeda2-02c3-4493-9f97-e0960629c7d9', 'code': 200}
2026-07-02 06:22:57.801 9 INFO neutron.db.ovn_revision_numbers_db [None req-93268d0b-4107-48f1-97a4-0051a0524bd3 5b4e09e9bcaf40b5999b61b45af84c86 7d4e6bf08eb9424884271f3739462231 - - - -] Successfully bumped revision number for resource f0cee429-d8bb-4ebe-8e64-3c560d0e6128 (type: ports) to 2
2026-07-02 06:22:57.815 9 INFO neutron.db.ovn_revision_numbers_db [None req-93268d0b-4107-48f1-97a4-0051a0524bd3 5b4e09e9bcaf40b5999b61b45af84c86 7d4e6bf08eb9424884271f3739462231 - - - -] Successfully bumped revision number for resource 633322c3-527e-4394-8d5f-e7d27f298c54 (type: subnets) to 0
2026-07-02 06:22:57.828 9 INFO neutron.wsgi [None req-93268d0b-4107-48f1-97a4-0051a0524bd3 5b4e09e9bcaf40b5999b61b45af84c86 7d4e6bf08eb9424884271f3739462231 - - - -] 10.0.0.79 "POST /v2.0/subnets HTTP/1.1" status: 201 len: 868 time: 0.6918790
2026-07-02 06:22:58.542 9 INFO neutron.wsgi [req-2f876868-e356-472c-b48f-135f38703e5f req-24b9f122-d474-4827-bdf1-289240a4ac6f 0a488cf514da4ea4996650b52ffdcb35 82a932334c7f4acab978cf7b4e9b5c99 - - default default] 10.0.0.71 "GET /v2.0/ports?device_id=18f76623-288a-4232-a1d8-0750242d66cd HTTP/1.1" status: 200 len: 1174 time: 0.0959222
2026-07-02 06:22:58.573 9 WARNING neutron.scheduler.dhcp_agent_scheduler [None req-a3c91b15-2c20-45b5-b816-9790605831f5 5b4e09e9bcaf40b5999b61b45af84c86 7d4e6bf08eb9424884271f3739462231 - - - -] No more DHCP agents
2026-07-02 06:22:58.575 9 WARNING neutron.api.rpc.agentnotifiers.dhcp_rpc_agent_api [None req-a3c91b15-2c20-45b5-b816-9790605831f5 5b4e09e9bcaf40b5999b61b45af84c86 7d4e6bf08eb9424884271f3739462231 - - - -] Unable to schedule network 2d20c1bb-5ca9-4351-9d53-2ca61206d10b: no agents available; will retry on subsequent port and subnet creation events.
2026-07-02 06:22:58.597 9 INFO neutron.wsgi [req-2f876868-e356-472c-b48f-135f38703e5f req-4e7d9851-a9f1-4dbb-836c-2a4195fe6e66 0a488cf514da4ea4996650b52ffdcb35 82a932334c7f4acab978cf7b4e9b5c99 - - default default] 10.0.0.71 "GET /v2.0/security-groups?id=bf4de9aa-080e-4a32-9024-c3a8af756532&fields=id&fields=name HTTP/1.1" status: 200 len: 313 time: 0.0418689
2026-07-02 06:22:58.698 9 INFO neutron.wsgi [req-da06829a-adf4-41cd-80ef-55045785a4f6 req-d4eadf96-9d49-42ef-8309-4462ecceb797 0a488cf514da4ea4996650b52ffdcb35 82a932334c7f4acab978cf7b4e9b5c99 - - default default] 10.0.0.71 "GET /v2.0/ports?device_id=18f76623-288a-4232-a1d8-0750242d66cd HTTP/1.1" status: 200 len: 1174 time: 0.0408607
2026-07-02 06:22:58.741 9 INFO neutron.db.ovn_revision_numbers_db [None req-a3c91b15-2c20-45b5-b816-9790605831f5 5b4e09e9bcaf40b5999b61b45af84c86 7d4e6bf08eb9424884271f3739462231 - - - -] Successfully bumped revision number for resource ae230c9f-6c81-42aa-891b-e4e5f31c12b1 (type: ports) to 1
2026-07-02 06:22:58.744 9 INFO neutron.wsgi [req-da06829a-adf4-41cd-80ef-55045785a4f6 req-b0ab0b92-0c60-483b-bc24-9ad1e7bd8119 0a488cf514da4ea4996650b52ffdcb35 82a932334c7f4acab978cf7b4e9b5c99 - - default default] 10.0.0.71 "GET /v2.0/security-groups?id=bf4de9aa-080e-4a32-9024-c3a8af756532&fields=id&fields=name HTTP/1.1" status: 200 len: 313 time: 0.0386891
2026-07-02 06:22:58.825 9 INFO neutron.wsgi [None req-175fe5be-815a-49b8-bb7a-664ac9dcde0f 80f1fa1714344c47910c28aea925ea3b 4af5271be7344583a65983dbfbbfb62a - - default default] 10.0.0.79 "GET /v2.0/ports?device_id=18f76623-288a-4232-a1d8-0750242d66cd HTTP/1.1" status: 200 len: 1360 time: 0.0547426
2026-07-02 06:22:58.848 10 INFO neutron.wsgi [None req-28f32639-9430-4205-a4a4-f50bb30ef844 5e1b8352255a47698e8b3f36530c89c1 8fc907011675418ab054f9a77b6ec187 - - - -] 10.0.0.79 "POST /v2.0/qos/policies HTTP/1.1" status: 201 len: 558 time: 0.2870958
2026-07-02 06:22:58.908 10 INFO neutron.wsgi [None req-cf8f74ea-09fb-44b5-b575-2fa95a55bc39 5e1b8352255a47698e8b3f36530c89c1 8fc907011675418ab054f9a77b6ec187 - - - -] 10.0.0.79 "POST /v2.0/qos/policies HTTP/1.1" status: 201 len: 558 time: 0.0550611
2026-07-02 06:22:58.997 9 INFO neutron.wsgi [None req-6524e151-2214-4725-94bb-9531371c6466 5e1b8352255a47698e8b3f36530c89c1 8fc907011675418ab054f9a77b6ec187 - - - -] 10.0.0.79 "POST /v2.0/qos/policies HTTP/1.1" status: 201 len: 558 time: 0.0844796
2026-07-02 06:22:59.073 9 INFO neutron.wsgi [None req-5ec15d1b-6188-41d0-8bd9-9d56815edc2c 5e1b8352255a47698e8b3f36530c89c1 8fc907011675418ab054f9a77b6ec187 - - - -] 10.0.0.79 "POST /v2.0/qos/policies HTTP/1.1" status: 201 len: 558 time: 0.0711017
2026-07-02 06:22:59.129 9 INFO neutron.wsgi [None req-d85b7f16-3b54-4840-872a-3c00d5b4fd4c 5e1b8352255a47698e8b3f36530c89c1 8fc907011675418ab054f9a77b6ec187 - - - -] 10.0.0.79 "POST /v2.0/qos/policies HTTP/1.1" status: 201 len: 558 time: 0.0525107
2026-07-02 06:22:59.164 9 INFO neutron.wsgi [None req-77aa3259-c829-4252-8efb-baa37b9dcb73 5e1b8352255a47698e8b3f36530c89c1 8fc907011675418ab054f9a77b6ec187 - - - -] 10.0.0.79 "PUT /v2.0/policies/e733efd2-9e7f-4261-989a-b76f896689cf/tags HTTP/1.1" status: 200 len: 210 time: 0.0290003
2026-07-02 06:22:59.192 9 INFO neutron.wsgi [None req-ec0c1eef-2118-4896-b3d9-99456701729f 5e1b8352255a47698e8b3f36530c89c1 8fc907011675418ab054f9a77b6ec187 - - - -] 10.0.0.79 "PUT /v2.0/policies/d55a01ac-2ce9-4f93-a7a3-8737c5b8bd8a/tags HTTP/1.1" status: 200 len: 218 time: 0.0211940
2026-07-02 06:22:59.228 9 INFO neutron.wsgi [None req-d78f0c04-4da3-4196-971d-f2fcfe64f99c 5e1b8352255a47698e8b3f36530c89c1 8fc907011675418ab054f9a77b6ec187 - - - -] 10.0.0.79 "PUT /v2.0/policies/f190966d-1f37-451a-9f4c-0540d9252fbe/tags HTTP/1.1" status: 200 len: 227 time: 0.0314174
2026-07-02 06:22:59.259 9 INFO neutron.wsgi [None req-0ad02f49-d241-4245-b253-c77aa4fa29f5 5e1b8352255a47698e8b3f36530c89c1 8fc907011675418ab054f9a77b6ec187 - - - -] 10.0.0.79 "PUT /v2.0/policies/1e8a50bc-75ab-431f-a8b9-7ed2f27ad9a0/tags HTTP/1.1" status: 200 len: 212 time: 0.0267105
2026-07-02 06:22:59.351 9 INFO neutron.plugins.ml2.drivers.ovn.mech_driver.mech_driver [None req-88340fd5-c39a-472f-8088-4e6bd594532e - - - - - -] OVN reports status up for port: ae230c9f-6c81-42aa-891b-e4e5f31c12b1
2026-07-02 06:22:59.362 9 INFO neutron.plugins.ml2.plugin [None req-88340fd5-c39a-472f-8088-4e6bd594532e - - - - - -] Attempt 1 to provision port ae230c9f-6c81-42aa-891b-e4e5f31c12b1
2026-07-02 06:22:59.371 10 INFO neutron.plugins.ml2.drivers.ovn.mech_driver.ovsdb.ovsdb_monitor [None req-8409fe82-1956-4582-8c5d-182b86b78869 - - - - - -] Router 888e49ac-439a-4e51-9540-e17fcfe9abb3 is bound to host instance
2026-07-02 06:22:59.372 9 INFO neutron.db.ovn_revision_numbers_db [None req-a3c91b15-2c20-45b5-b816-9790605831f5 5b4e09e9bcaf40b5999b61b45af84c86 7d4e6bf08eb9424884271f3739462231 - - - -] Successfully bumped revision number for resource ae230c9f-6c81-42aa-891b-e4e5f31c12b1 (type: router_ports) to 1
2026-07-02 06:22:59.423 10 WARNING neutron.scheduler.dhcp_agent_scheduler [None req-77f555cc-8ecd-4d2e-a3bf-e5077c320ab1 0a488cf514da4ea4996650b52ffdcb35 82a932334c7f4acab978cf7b4e9b5c99 - - - -] No more DHCP agents
2026-07-02 06:22:59.427 10 WARNING neutron.api.rpc.agentnotifiers.dhcp_rpc_agent_api [None req-77f555cc-8ecd-4d2e-a3bf-e5077c320ab1 0a488cf514da4ea4996650b52ffdcb35 82a932334c7f4acab978cf7b4e9b5c99 - - - -] Unable to schedule network 2d20c1bb-5ca9-4351-9d53-2ca61206d10b: no agents available; will retry on subsequent port and subnet creation events.
2026-07-02 06:22:59.447 9 INFO neutron.db.ovn_revision_numbers_db [None req-a3c91b15-2c20-45b5-b816-9790605831f5 5b4e09e9bcaf40b5999b61b45af84c86 7d4e6bf08eb9424884271f3739462231 - - - -] Successfully bumped revision number for resource 888e49ac-439a-4e51-9540-e17fcfe9abb3 (type: routers) to 3
2026-07-02 06:22:59.462 9 INFO neutron.wsgi [None req-a3c91b15-2c20-45b5-b816-9790605831f5 5b4e09e9bcaf40b5999b61b45af84c86 7d4e6bf08eb9424884271f3739462231 - - - -] 10.0.0.79 "POST /v2.0/routers HTTP/1.1" status: 201 len: 879 time: 1.6285138
2026-07-02 06:22:59.830 9 INFO neutron.wsgi [None req-dad6eb53-feee-4cee-8a3b-875738d091b7 485029cec04641bcb26d263efc658763 6ad5b15b797841e68690a87f80fef922 - - default default] 10.0.0.79 "GET /v2.0/qos/policies?tags=red HTTP/1.1" status: 200 len: 1296 time: 0.2431865
2026-07-02 06:22:59.910 9 WARNING neutron.scheduler.dhcp_agent_scheduler [None req-f18034d1-a4f3-4228-9de8-1c2145f30650 5b4e09e9bcaf40b5999b61b45af84c86 7d4e6bf08eb9424884271f3739462231 - - default default] No more DHCP agents
2026-07-02 06:22:59.911 9 WARNING neutron.api.rpc.agentnotifiers.dhcp_rpc_agent_api [None req-f18034d1-a4f3-4228-9de8-1c2145f30650 5b4e09e9bcaf40b5999b61b45af84c86 7d4e6bf08eb9424884271f3739462231 - - default default] Unable to schedule network 7a8202ec-34e1-4e99-8a77-3972d1d2951f: no agents available; will retry on subsequent port and subnet creation events.
2026-07-02 06:22:59.929 9 INFO neutron.wsgi [None req-40c7b018-afd2-431c-b39e-b028a0ce1c31 485029cec04641bcb26d263efc658763 6ad5b15b797841e68690a87f80fef922 - - default default] 10.0.0.79 "GET /v2.0/qos/policies?tags=red%2Cblue HTTP/1.1" status: 200 len: 941 time: 0.0941606
2026-07-02 06:22:59.950 10 INFO neutron.db.ovn_revision_numbers_db [None req-324a7d27-f297-4d86-a3b5-ceec1b571194 5b4e09e9bcaf40b5999b61b45af84c86 7d4e6bf08eb9424884271f3739462231 - - default default] Successfully bumped revision number for resource 495c9c56-1afc-4b04-ad91-648cc1fc7a31 (type: security_groups) to 1
2026-07-02 06:22:59.984 10 INFO neutron.wsgi [None req-324a7d27-f297-4d86-a3b5-ceec1b571194 5b4e09e9bcaf40b5999b61b45af84c86 7d4e6bf08eb9424884271f3739462231 - - default default] 10.0.0.79 "GET /v2.0/security-groups?tenant_id=cb4aaad9969a4c8a9383a69896d3a08d&name=default HTTP/1.1" status: 200 len: 2996 time: 0.4739954
2026-07-02 06:23:00.015 9 INFO neutron.wsgi [None req-c7d09d5c-9b7c-44f7-a015-424ed7938f14 485029cec04641bcb26d263efc658763 6ad5b15b797841e68690a87f80fef922 - - default default] 10.0.0.79 "GET /v2.0/qos/policies?tags-any=blue HTTP/1.1" status: 200 len: 941 time: 0.0809081
2026-07-02 06:23:00.140 10 INFO neutron.db.l3_db [None req-77f555cc-8ecd-4d2e-a3bf-e5077c320ab1 0a488cf514da4ea4996650b52ffdcb35 82a932334c7f4acab978cf7b4e9b5c99 - - - -] Floating IP 317ed257-72bc-4acb-b998-8b849ce54488 associated. External IP: 10.96.250.220, port: 9dbaeda2-02c3-4493-9f97-e0960629c7d9.
2026-07-02 06:23:00.285 10 INFO neutron.db.ovn_revision_numbers_db [None req-8409fe82-1956-4582-8c5d-182b86b78869 - - - - - -] Successfully bumped revision number for resource ae230c9f-6c81-42aa-891b-e4e5f31c12b1 (type: ports) to 1
2026-07-02 06:23:00.325 9 INFO neutron.db.ovn_revision_numbers_db [None req-f18034d1-a4f3-4228-9de8-1c2145f30650 5b4e09e9bcaf40b5999b61b45af84c86 7d4e6bf08eb9424884271f3739462231 - - default default] Successfully bumped revision number for resource 1a5836ae-60fd-487d-ad11-c6d023ef14d4 (type: ports) to 1
2026-07-02 06:23:00.376 9 INFO neutron.wsgi [None req-70f42e5b-76db-4f61-b025-33c6c154ac81 485029cec04641bcb26d263efc658763 6ad5b15b797841e68690a87f80fef922 - - default default] 10.0.0.79 "GET /v2.0/qos/policies?tags-any=red%2Cblue HTTP/1.1" status: 200 len: 1296 time: 0.3546634
2026-07-02 06:23:00.466 10 INFO neutron.db.ovn_revision_numbers_db [None req-77f555cc-8ecd-4d2e-a3bf-e5077c320ab1 0a488cf514da4ea4996650b52ffdcb35 82a932334c7f4acab978cf7b4e9b5c99 - - - -] Successfully bumped revision number for resource 317ed257-72bc-4acb-b998-8b849ce54488 (type: floatingips) to 0
2026-07-02 06:23:00.472 10 INFO neutron.wsgi [None req-b0479c0c-e26c-4004-adca-252597145f8a 5b4e09e9bcaf40b5999b61b45af84c86 7d4e6bf08eb9424884271f3739462231 - - - -] 10.0.0.79 "DELETE /v2.0/security-groups/495c9c56-1afc-4b04-ad91-648cc1fc7a31 HTTP/1.1" status: 204 len: 168 time: 0.4813685
2026-07-02 06:23:00.750 9 INFO neutron.db.ovn_revision_numbers_db [None req-f18034d1-a4f3-4228-9de8-1c2145f30650 5b4e09e9bcaf40b5999b61b45af84c86 7d4e6bf08eb9424884271f3739462231 - - default default] Successfully bumped revision number for resource 1a5836ae-60fd-487d-ad11-c6d023ef14d4 (type: router_ports) to 2
2026-07-02 06:23:00.831 10 INFO neutron.plugins.ml2.drivers.ovn.mech_driver.mech_driver [None req-a8cc8614-9749-4c6b-9893-936db2bc6ecf - - - - - -] OVN reports status up for port: 1a5836ae-60fd-487d-ad11-c6d023ef14d4
2026-07-02 06:23:00.834 10 INFO neutron.wsgi [None req-f49f1ab8-c49b-4919-907c-7bb333ca16a2 485029cec04641bcb26d263efc658763 6ad5b15b797841e68690a87f80fef922 - - default default] 10.0.0.79 "GET /v2.0/qos/policies?not-tags=red HTTP/1.1" status: 200 len: 913 time: 0.4503641 /var/lib/openstack/lib/python3.10/site-packages/pycadf/identifier.py:71: UserWarning: Invalid uuid: neutron. To ensure interoperability, identifiers should be a valid uuid. warnings.warn(('Invalid uuid: %s. To ensure interoperability, '
2026-07-02 06:23:00.874 10 INFO neutron.db.ovn_revision_numbers_db [None req-77f555cc-8ecd-4d2e-a3bf-e5077c320ab1 0a488cf514da4ea4996650b52ffdcb35 82a932334c7f4acab978cf7b4e9b5c99 - - - -] Successfully bumped revision number for resource 317ed257-72bc-4acb-b998-8b849ce54488 (type: floatingips) to 1
2026-07-02 06:23:00.874 9 INFO neutron.db.ovn_revision_numbers_db [None req-f18034d1-a4f3-4228-9de8-1c2145f30650 5b4e09e9bcaf40b5999b61b45af84c86 7d4e6bf08eb9424884271f3739462231 - - default default] Successfully bumped revision number for resource 1a5836ae-60fd-487d-ad11-c6d023ef14d4 (type: ports) to 2
2026-07-02 06:23:00.883 10 INFO neutron.plugins.ml2.plugin [None req-a8cc8614-9749-4c6b-9893-936db2bc6ecf - - - - - -] Attempt 1 to provision port 1a5836ae-60fd-487d-ad11-c6d023ef14d4
2026-07-02 06:23:00.939 10 INFO neutron.wsgi [None req-77f555cc-8ecd-4d2e-a3bf-e5077c320ab1 0a488cf514da4ea4996650b52ffdcb35 82a932334c7f4acab978cf7b4e9b5c99 - - - -] 10.0.0.79 "POST /v2.0/floatingips HTTP/1.1" status: 201 len: 1055 time: 2.1099808
2026-07-02 06:23:00.948 9 WARNING neutron.scheduler.dhcp_agent_scheduler [None req-f18034d1-a4f3-4228-9de8-1c2145f30650 5b4e09e9bcaf40b5999b61b45af84c86 7d4e6bf08eb9424884271f3739462231 - - default default] No more DHCP agents
2026-07-02 06:23:00.956 9 WARNING neutron.api.rpc.agentnotifiers.dhcp_rpc_agent_api [None req-f18034d1-a4f3-4228-9de8-1c2145f30650 5b4e09e9bcaf40b5999b61b45af84c86 7d4e6bf08eb9424884271f3739462231 - - default default] Unable to schedule network 7a8202ec-34e1-4e99-8a77-3972d1d2951f: no agents available; will retry on subsequent port and subnet creation events.
2026-07-02 06:23:00.996 10 INFO neutron.notifiers.nova [-] Nova event matching ['req-9a0722d5-a659-4382-8ab5-0100ac536480'] response: {'name': 'network-changed', 'server_uuid': '18f76623-288a-4232-a1d8-0750242d66cd', 'tag': '9dbaeda2-02c3-4493-9f97-e0960629c7d9', 'status': 'completed', 'code': 200}
2026-07-02 06:23:01.033 9 INFO neutron.wsgi [None req-f4c9beb0-2843-4801-a754-77c2d53dad29 0a488cf514da4ea4996650b52ffdcb35 82a932334c7f4acab978cf7b4e9b5c99 - - default default] 10.0.0.79 "GET /v2.0/floatingips/317ed257-72bc-4acb-b998-8b849ce54488 HTTP/1.1" status: 200 len: 1052 time: 0.0862627
2026-07-02 06:23:01.034 10 INFO neutron.db.ovn_revision_numbers_db [None req-8409fe82-1956-4582-8c5d-182b86b78869 - - - - - -] Successfully bumped revision number for resource ae230c9f-6c81-42aa-891b-e4e5f31c12b1 (type: router_ports) to 3
2026-07-02 06:23:01.072 10 INFO neutron.wsgi [None req-ba08f1c9-22e3-4510-9515-c50420f9375c 485029cec04641bcb26d263efc658763 6ad5b15b797841e68690a87f80fef922 - - default default] 10.0.0.79 "GET /v2.0/qos/policies?not-tags=red%2Cblue HTTP/1.1" status: 200 len: 1268 time: 0.2318094
2026-07-02 06:23:01.075 10 INFO neutron.wsgi [req-aba72821-dea9-4856-b220-de885c1cd76b req-c652f7ed-b66e-4feb-a915-4a6dcd6edda2 61185dab1d68427ebbc3201dcb371977 bceb53729f44493ca424a3ca25f841ce - - a5e034bf6ba748e8b33b73356ae16185 a5e034bf6ba748e8b33b73356ae16185] 199.19.213.151 "GET /v2.0/ports?tenant_id=82a932334c7f4acab978cf7b4e9b5c99&device_id=18f76623-288a-4232-a1d8-0750242d66cd HTTP/1.1" status: 200 len: 1365 time: 0.0578728
2026-07-02 06:23:01.199 10 INFO neutron.wsgi [req-aba72821-dea9-4856-b220-de885c1cd76b req-0576d489-d189-4991-a437-38710bcb93fb 61185dab1d68427ebbc3201dcb371977 bceb53729f44493ca424a3ca25f841ce - - a5e034bf6ba748e8b33b73356ae16185 a5e034bf6ba748e8b33b73356ae16185] 199.19.213.151 "GET /v2.0/networks?id=a0330b42-3e42-4300-9243-3a5e2c0ebe26 HTTP/1.1" status: 200 len: 958 time: 0.1171849
2026-07-02 06:23:01.293 10 INFO neutron.wsgi [req-aba72821-dea9-4856-b220-de885c1cd76b req-42cde2fc-0a0a-4198-b91d-7fa54257f642 61185dab1d68427ebbc3201dcb371977 bceb53729f44493ca424a3ca25f841ce - - a5e034bf6ba748e8b33b73356ae16185 a5e034bf6ba748e8b33b73356ae16185] 199.19.213.151 "GET /v2.0/floatingips?fixed_ip_address=10.100.0.12&port_id=9dbaeda2-02c3-4493-9f97-e0960629c7d9 HTTP/1.1" status: 200 len: 1060 time: 0.0869527
2026-07-02 06:23:01.335 10 INFO neutron.db.ovn_revision_numbers_db [None req-8409fe82-1956-4582-8c5d-182b86b78869 - - - - - -] Successfully bumped revision number for resource ae230c9f-6c81-42aa-891b-e4e5f31c12b1 (type: ports) to 2
2026-07-02 06:23:01.347 10 INFO neutron.wsgi [None req-cc797f21-e747-4340-8c40-90d777de6207 485029cec04641bcb26d263efc658763 6ad5b15b797841e68690a87f80fef922 - - default default] 10.0.0.79 "GET /v2.0/qos/policies?not-tags-any=blue HTTP/1.1" status: 200 len: 1268 time: 0.2665477
2026-07-02 06:23:01.349 10 INFO neutron.wsgi [req-aba72821-dea9-4856-b220-de885c1cd76b req-14596f67-d10a-4e7e-91b6-f74489b0915b 61185dab1d68427ebbc3201dcb371977 bceb53729f44493ca424a3ca25f841ce - - a5e034bf6ba748e8b33b73356ae16185 a5e034bf6ba748e8b33b73356ae16185] 199.19.213.151 "GET /v2.0/subnets?id=825b4dad-039b-4e05-a722-ef567171987b HTTP/1.1" status: 200 len: 852 time: 0.0507543
2026-07-02 06:23:01.350 10 INFO neutron.db.ovn_revision_numbers_db [None req-a8cc8614-9749-4c6b-9893-936db2bc6ecf - - - - - -] Successfully bumped revision number for resource 1a5836ae-60fd-487d-ad11-c6d023ef14d4 (type: ports) to 3
2026-07-02 06:23:01.402 10 INFO neutron.wsgi [req-aba72821-dea9-4856-b220-de885c1cd76b req-f5b27f53-8105-459f-90ec-ace411bb7d60 61185dab1d68427ebbc3201dcb371977 bceb53729f44493ca424a3ca25f841ce - - a5e034bf6ba748e8b33b73356ae16185 a5e034bf6ba748e8b33b73356ae16185] 199.19.213.151 "GET /v2.0/ports?network_id=a0330b42-3e42-4300-9243-3a5e2c0ebe26&device_owner=network%3Adhcp HTTP/1.1" status: 200 len: 210 time: 0.0439961
2026-07-02 06:23:01.519 10 INFO neutron.wsgi [None req-ca194f6f-4617-4405-8e9f-c36ef7ccf357 485029cec04641bcb26d263efc658763 6ad5b15b797841e68690a87f80fef922 - - default default] 10.0.0.79 "GET /v2.0/qos/policies?not-tags-any=red%2Cblue HTTP/1.1" status: 200 len: 913 time: 0.1665564
2026-07-02 06:23:01.535 10 INFO neutron.wsgi [req-aba72821-dea9-4856-b220-de885c1cd76b req-f5744c7c-7afa-4c3a-9779-b9a298fadf3f 61185dab1d68427ebbc3201dcb371977 bceb53729f44493ca424a3ca25f841ce - - a5e034bf6ba748e8b33b73356ae16185 a5e034bf6ba748e8b33b73356ae16185] 199.19.213.151 "GET /v2.0/networks/a0330b42-3e42-4300-9243-3a5e2c0ebe26?fields=segments HTTP/1.1" status: 200 len: 212 time: 0.1224611
2026-07-02 06:23:01.546 10 INFO neutron.db.ovn_revision_numbers_db [None req-a8cc8614-9749-4c6b-9893-936db2bc6ecf - - - - - -] Successfully bumped revision number for resource 1a5836ae-60fd-487d-ad11-c6d023ef14d4 (type: router_ports) to 3
2026-07-02 06:23:01.563 9 INFO neutron.wsgi [None req-f18034d1-a4f3-4228-9de8-1c2145f30650 5b4e09e9bcaf40b5999b61b45af84c86 7d4e6bf08eb9424884271f3739462231 - - - -] 10.0.0.79 "PUT /v2.0/routers/888e49ac-439a-4e51-9540-e17fcfe9abb3/add_router_interface HTTP/1.1" status: 200 len: 503 time: 2.0971317
2026-07-02 06:23:01.591 9 INFO neutron.wsgi [None req-daf8a190-4568-4be6-8010-aea055ea6195 5e1b8352255a47698e8b3f36530c89c1 8fc907011675418ab054f9a77b6ec187 - - - -] 10.0.0.79 "DELETE /v2.0/qos/policies/e733efd2-9e7f-4261-989a-b76f896689cf HTTP/1.1" status: 204 len: 168 time: 0.0642850
2026-07-02 06:23:01.628 10 INFO neutron.wsgi [req-aba72821-dea9-4856-b220-de885c1cd76b req-725ab761-1ead-40e6-b0a1-f16c9d4d1161 61185dab1d68427ebbc3201dcb371977 bceb53729f44493ca424a3ca25f841ce - - a5e034bf6ba748e8b33b73356ae16185 a5e034bf6ba748e8b33b73356ae16185] 199.19.213.151 "GET /v2.0/networks/a0330b42-3e42-4300-9243-3a5e2c0ebe26?fields=provider%3Aphysical_network&fields=provider%3Anetwork_type HTTP/1.1" status: 200 len: 277 time: 0.0868752
2026-07-02 06:23:01.641 9 INFO neutron.wsgi [None req-90075b98-018c-4007-98df-3850605848d5 5e1b8352255a47698e8b3f36530c89c1 8fc907011675418ab054f9a77b6ec187 - - - -] 10.0.0.79 "DELETE /v2.0/qos/policies/d55a01ac-2ce9-4f93-a7a3-8737c5b8bd8a HTTP/1.1" status: 204 len: 168 time: 0.0441992
2026-07-02 06:23:01.689 10 INFO neutron.db.ovn_revision_numbers_db [None req-8409fe82-1956-4582-8c5d-182b86b78869 - - - - - -] Successfully bumped revision number for resource ae230c9f-6c81-42aa-891b-e4e5f31c12b1 (type: ports) to 4
2026-07-02 06:23:01.698 9 INFO neutron.wsgi [None req-233ba3d4-c7c9-40a5-9c92-e5880065c448 5e1b8352255a47698e8b3f36530c89c1 8fc907011675418ab054f9a77b6ec187 - - - -] 10.0.0.79 "DELETE /v2.0/qos/policies/f190966d-1f37-451a-9f4c-0540d9252fbe HTTP/1.1" status: 204 len: 168 time: 0.0496092
2026-07-02 06:23:01.756 9 INFO neutron.wsgi [None req-88ba24f6-92c0-4a9a-a26a-7a2d992e51f8 5e1b8352255a47698e8b3f36530c89c1 8fc907011675418ab054f9a77b6ec187 - - - -] 10.0.0.79 "DELETE /v2.0/qos/policies/1e8a50bc-75ab-431f-a8b9-7ed2f27ad9a0 HTTP/1.1" status: 204 len: 168 time: 0.0541112
2026-07-02 06:23:01.807 9 INFO neutron.wsgi [None req-37ae212e-0ef4-4f78-b20d-885fdd34352f 5e1b8352255a47698e8b3f36530c89c1 8fc907011675418ab054f9a77b6ec187 - - - -] 10.0.0.79 "DELETE /v2.0/qos/policies/191d00ad-23c6-4695-984f-2309bd38af18 HTTP/1.1" status: 204 len: 168 time: 0.0457838
2026-07-02 06:23:01.880 10 INFO neutron.db.ovn_revision_numbers_db [None req-8409fe82-1956-4582-8c5d-182b86b78869 - - - - - -] Successfully bumped revision number for resource ae230c9f-6c81-42aa-891b-e4e5f31c12b1 (type: router_ports) to 4
2026-07-02 06:23:02.308 10 INFO neutron.db.ovn_revision_numbers_db [None req-9c332989-91dd-41d7-bd9a-fd211eccb996 5b4e09e9bcaf40b5999b61b45af84c86 7d4e6bf08eb9424884271f3739462231 - - - -] Successfully bumped revision number for resource 1eb2454e-ebe6-4f49-90e8-a58eb749a49c (type: security_groups) to 1
2026-07-02 06:23:02.364 10 INFO neutron.db.segments_db [None req-9c332989-91dd-41d7-bd9a-fd211eccb996 5b4e09e9bcaf40b5999b61b45af84c86 7d4e6bf08eb9424884271f3739462231 - - - -] Added segment 618983b4-d94a-4021-be74-ee6a86370fcc of type geneve for network da4c3f28-bad8-4ce6-af62-145c402b1646
2026-07-02 06:23:02.490 10 INFO neutron.db.ovn_revision_numbers_db [None req-9c332989-91dd-41d7-bd9a-fd211eccb996 5b4e09e9bcaf40b5999b61b45af84c86 7d4e6bf08eb9424884271f3739462231 - - - -] Successfully bumped revision number for resource da4c3f28-bad8-4ce6-af62-145c402b1646 (type: networks) to 1
2026-07-02 06:23:02.517 9 INFO neutron.wsgi [req-22c3504f-396b-47c4-94c5-c0c243c5bd17 req-34e4e2c1-ed6f-4101-9256-33c79a78ed70 fb81a15de25f424981b872f5b6a04cdb 4ef43e243d0d4facb758dd401e1dc185 - - default default] 10.0.0.71 "GET /v2.0/networks?id=7a8202ec-34e1-4e99-8a77-3972d1d2951f HTTP/1.1" status: 200 len: 877 time: 0.0633116
2026-07-02 06:23:02.530 9 INFO neutron.wsgi [req-22c3504f-396b-47c4-94c5-c0c243c5bd17 req-7f1a2137-1d1a-4dd7-96ae-bf4ea8e36309 fb81a15de25f424981b872f5b6a04cdb 4ef43e243d0d4facb758dd401e1dc185 - - default default] 10.0.0.71 "GET /v2.0/quotas/4ef43e243d0d4facb758dd401e1dc185 HTTP/1.1" status: 200 len: 386 time: 0.0080645
2026-07-02 06:23:02.610 9 INFO neutron.wsgi [req-22c3504f-396b-47c4-94c5-c0c243c5bd17 req-3de85ab2-dd04-4890-825c-63c24f70b4ca fb81a15de25f424981b872f5b6a04cdb 4ef43e243d0d4facb758dd401e1dc185 - - default default] 10.0.0.71 "GET /v2.0/ports?tenant_id=4ef43e243d0d4facb758dd401e1dc185&fields=id HTTP/1.1" status: 200 len: 302 time: 0.0752256
2026-07-02 06:23:02.667 9 INFO neutron.wsgi [req-22c3504f-396b-47c4-94c5-c0c243c5bd17 req-d03c22aa-a7f7-453d-ba1f-9324fb3bdf26 61185dab1d68427ebbc3201dcb371977 bceb53729f44493ca424a3ca25f841ce - - a5e034bf6ba748e8b33b73356ae16185 a5e034bf6ba748e8b33b73356ae16185] 10.0.0.71 "GET /v2.0/networks/7a8202ec-34e1-4e99-8a77-3972d1d2951f?fields=segments HTTP/1.1" status: 200 len: 212 time: 0.0486643
2026-07-02 06:23:02.693 10 WARNING neutron.scheduler.dhcp_agent_scheduler [None req-9c332989-91dd-41d7-bd9a-fd211eccb996 5b4e09e9bcaf40b5999b61b45af84c86 7d4e6bf08eb9424884271f3739462231 - - - -] No more DHCP agents
2026-07-02 06:23:02.697 10 WARNING neutron.api.rpc.agentnotifiers.dhcp_rpc_agent_api [None req-9c332989-91dd-41d7-bd9a-fd211eccb996 5b4e09e9bcaf40b5999b61b45af84c86 7d4e6bf08eb9424884271f3739462231 - - - -] Unable to schedule network da4c3f28-bad8-4ce6-af62-145c402b1646: no agents available; will retry on subsequent port and subnet creation events.
2026-07-02 06:23:02.719 9 INFO neutron.wsgi [req-22c3504f-396b-47c4-94c5-c0c243c5bd17 req-729f95cc-e15c-4097-a61b-39d05154692d 61185dab1d68427ebbc3201dcb371977 bceb53729f44493ca424a3ca25f841ce - - a5e034bf6ba748e8b33b73356ae16185 a5e034bf6ba748e8b33b73356ae16185] 10.0.0.71 "GET /v2.0/networks/7a8202ec-34e1-4e99-8a77-3972d1d2951f?fields=provider%3Aphysical_network&fields=provider%3Anetwork_type HTTP/1.1" status: 200 len: 277 time: 0.0459840
2026-07-02 06:23:02.768 10 INFO neutron.db.ovn_revision_numbers_db [None req-9c332989-91dd-41d7-bd9a-fd211eccb996 5b4e09e9bcaf40b5999b61b45af84c86 7d4e6bf08eb9424884271f3739462231 - - - -] Successfully bumped revision number for resource 4ddac701-520a-4e59-b041-8a15ff60e6a7 (type: ports) to 1
2026-07-02 06:23:02.776 10 INFO neutron.db.ovn_revision_numbers_db [None req-20224566-fe2d-48f8-90fa-23abda496a33 5b4e09e9bcaf40b5999b61b45af84c86 7d4e6bf08eb9424884271f3739462231 - - default default] Successfully bumped revision number for resource 746724a1-ffbb-4c36-aaa0-1887edbfdf3e (type: security_groups) to 1
2026-07-02 06:23:02.794 10 INFO neutron.wsgi [None req-9c332989-91dd-41d7-bd9a-fd211eccb996 5b4e09e9bcaf40b5999b61b45af84c86 7d4e6bf08eb9424884271f3739462231 - - - -] 10.0.0.79 "POST /v2.0/networks HTTP/1.1" status: 201 len: 943 time: 0.7251642
2026-07-02 06:23:02.798 10 INFO neutron.wsgi [None req-20224566-fe2d-48f8-90fa-23abda496a33 5b4e09e9bcaf40b5999b61b45af84c86 7d4e6bf08eb9424884271f3739462231 - - default default] 10.0.0.79 "GET /v2.0/security-groups?tenant_id=6ad5b15b797841e68690a87f80fef922&name=default HTTP/1.1" status: 200 len: 2996 time: 0.2601867
2026-07-02 06:23:02.849 9 INFO neutron.wsgi [req-23c7cf5d-4eda-4dc9-8d90-5e6ab3058c29 req-fd0bbcb2-0576-4197-a1d5-84ec14b24885 fb81a15de25f424981b872f5b6a04cdb 4ef43e243d0d4facb758dd401e1dc185 - - default default] 10.0.0.71 "GET /v2.0/ports?device_id=52a97bf3-d30c-4943-b3b5-383101265eef HTTP/1.1" status: 200 len: 210 time: 0.0188479
2026-07-02 06:23:02.953 10 WARNING neutron.scheduler.dhcp_agent_scheduler [None req-5bee3f12-4bbb-484a-aa82-030ff403ab45 5b4e09e9bcaf40b5999b61b45af84c86 7d4e6bf08eb9424884271f3739462231 - - - -] No more DHCP agents
2026-07-02 06:23:02.955 10 WARNING neutron.api.rpc.agentnotifiers.dhcp_rpc_agent_api [None req-5bee3f12-4bbb-484a-aa82-030ff403ab45 5b4e09e9bcaf40b5999b61b45af84c86 7d4e6bf08eb9424884271f3739462231 - - - -] Unable to schedule network da4c3f28-bad8-4ce6-af62-145c402b1646: no agents available; will retry on subsequent port and subnet creation events.
2026-07-02 06:23:03.027 9 INFO neutron.wsgi [None req-16a2dc6f-b884-46ff-88a4-f13d97c328e3 5b4e09e9bcaf40b5999b61b45af84c86 7d4e6bf08eb9424884271f3739462231 - - - -] 10.0.0.79 "DELETE /v2.0/security-groups/746724a1-ffbb-4c36-aaa0-1887edbfdf3e HTTP/1.1" status: 204 len: 168 time: 0.2246985
2026-07-02 06:23:03.286 10 INFO neutron.db.ovn_revision_numbers_db [None req-f46f120f-4226-48c5-bed3-4e946dd4dcb2 5b4e09e9bcaf40b5999b61b45af84c86 7d4e6bf08eb9424884271f3739462231 - - default default] Successfully bumped revision number for resource 75a57465-6c01-4986-bba5-afc7dd798ee7 (type: security_groups) to 1
2026-07-02 06:23:03.322 10 INFO neutron.wsgi [None req-f46f120f-4226-48c5-bed3-4e946dd4dcb2 5b4e09e9bcaf40b5999b61b45af84c86 7d4e6bf08eb9424884271f3739462231 - - default default] 10.0.0.79 "GET /v2.0/security-groups?tenant_id=8fc907011675418ab054f9a77b6ec187&name=default HTTP/1.1" status: 200 len: 2996 time: 0.1882362
2026-07-02 06:23:03.454 10 INFO neutron.db.ovn_revision_numbers_db [None req-5bee3f12-4bbb-484a-aa82-030ff403ab45 5b4e09e9bcaf40b5999b61b45af84c86 7d4e6bf08eb9424884271f3739462231 - - - -] Successfully bumped revision number for resource 4ddac701-520a-4e59-b041-8a15ff60e6a7 (type: ports) to 2
2026-07-02 06:23:03.468 10 INFO neutron.db.ovn_revision_numbers_db [None req-5bee3f12-4bbb-484a-aa82-030ff403ab45 5b4e09e9bcaf40b5999b61b45af84c86 7d4e6bf08eb9424884271f3739462231 - - - -] Successfully bumped revision number for resource 89931b9e-c97b-45b1-b9e0-605acc9b39ff (type: subnets) to 0
2026-07-02 06:23:03.498 10 INFO neutron.wsgi [None req-5bee3f12-4bbb-484a-aa82-030ff403ab45 5b4e09e9bcaf40b5999b61b45af84c86 7d4e6bf08eb9424884271f3739462231 - - - -] 10.0.0.79 "POST /v2.0/subnets HTTP/1.1" status: 201 len: 863 time: 0.6991322
2026-07-02 06:23:03.542 9 INFO neutron.wsgi [None req-ebe79df0-82dc-41d8-a564-4521c2c9b948 5b4e09e9bcaf40b5999b61b45af84c86 7d4e6bf08eb9424884271f3739462231 - - - -] 10.0.0.79 "DELETE /v2.0/security-groups/75a57465-6c01-4986-bba5-afc7dd798ee7 HTTP/1.1" status: 204 len: 168 time: 0.2148018
2026-07-02 06:23:03.562 10 INFO neutron.wsgi [req-22c3504f-396b-47c4-94c5-c0c243c5bd17 req-7bf2a0af-6849-47b7-b17b-51894a85fbda fb81a15de25f424981b872f5b6a04cdb 4ef43e243d0d4facb758dd401e1dc185 - - default default] 199.19.213.151 "GET /v2.0/networks?id=7a8202ec-34e1-4e99-8a77-3972d1d2951f HTTP/1.1" status: 200 len: 877 time: 0.0830564
2026-07-02 06:23:03.845 10 INFO neutron.db.ovn_revision_numbers_db [None req-8eb0c5d9-bd3d-4ad2-9e27-3e1f9fe5f34c 5b4e09e9bcaf40b5999b61b45af84c86 7d4e6bf08eb9424884271f3739462231 - - default default] Successfully bumped revision number for resource 486ea708-954d-4ee3-9590-eca8e9e0dba8 (type: security_groups) to 1
2026-07-02 06:23:03.874 10 INFO neutron.wsgi [None req-8eb0c5d9-bd3d-4ad2-9e27-3e1f9fe5f34c 5b4e09e9bcaf40b5999b61b45af84c86 7d4e6bf08eb9424884271f3739462231 - - default default] 10.0.0.79 "GET /v2.0/security-groups?tenant_id=b17ce45788d2463ba188301ffe21a9a5&name=default HTTP/1.1" status: 200 len: 2996 time: 0.1560497
2026-07-02 06:23:03.973 9 INFO neutron.wsgi [req-00999f39-1b02-46fe-a5ea-00d71658bd7e req-bef53f0b-19c8-4c81-9302-b63d8baddcf5 fb81a15de25f424981b872f5b6a04cdb 4ef43e243d0d4facb758dd401e1dc185 - - default default] 10.0.0.71 "GET /v2.0/ports?device_id=52a97bf3-d30c-4943-b3b5-383101265eef HTTP/1.1" status: 200 len: 1160 time: 0.0585759
2026-07-02 06:23:04.045 9 INFO neutron.wsgi [req-00999f39-1b02-46fe-a5ea-00d71658bd7e req-4474aea4-30e7-4486-8465-8daad14d3027 fb81a15de25f424981b872f5b6a04cdb 4ef43e243d0d4facb758dd401e1dc185 - - default default] 10.0.0.71 "GET /v2.0/security-groups?id=7e7baa65-1072-4690-8aa6-131cd91a9207&fields=id&fields=name HTTP/1.1" status: 200 len: 286 time: 0.0667546
2026-07-02 06:23:04.093 9 WARNING neutron.scheduler.dhcp_agent_scheduler [None req-f596bdbc-411b-412f-9c9d-b22fb5c9ec5b 5b4e09e9bcaf40b5999b61b45af84c86 7d4e6bf08eb9424884271f3739462231 - - - -] No more DHCP agents
2026-07-02 06:23:04.095 9 WARNING neutron.api.rpc.agentnotifiers.dhcp_rpc_agent_api [None req-f596bdbc-411b-412f-9c9d-b22fb5c9ec5b 5b4e09e9bcaf40b5999b61b45af84c86 7d4e6bf08eb9424884271f3739462231 - - - -] Unable to schedule network 2d20c1bb-5ca9-4351-9d53-2ca61206d10b: no agents available; will retry on subsequent port and subnet creation events.
2026-07-02 06:23:04.195 10 WARNING neutron.scheduler.dhcp_agent_scheduler [None req-5b6f4b9d-392f-4f4a-894f-8f36406d29ec fb81a15de25f424981b872f5b6a04cdb 4ef43e243d0d4facb758dd401e1dc185 - - - -] No more DHCP agents
2026-07-02 06:23:04.197 10 WARNING neutron.api.rpc.agentnotifiers.dhcp_rpc_agent_api [None req-5b6f4b9d-392f-4f4a-894f-8f36406d29ec fb81a15de25f424981b872f5b6a04cdb 4ef43e243d0d4facb758dd401e1dc185 - - - -] Unable to schedule network 7a8202ec-34e1-4e99-8a77-3972d1d2951f: no agents available; will retry on subsequent port and subnet creation events.
2026-07-02 06:23:04.263 9 INFO neutron.wsgi [None req-9eabd3c5-0b4a-4bfc-bb1f-b6bd7c14bf14 5b4e09e9bcaf40b5999b61b45af84c86 7d4e6bf08eb9424884271f3739462231 - - - -] 10.0.0.79 "DELETE /v2.0/security-groups/486ea708-954d-4ee3-9590-eca8e9e0dba8 HTTP/1.1" status: 204 len: 168 time: 0.3742247
2026-07-02 06:23:04.282 9 INFO neutron.db.ovn_revision_numbers_db [None req-f596bdbc-411b-412f-9c9d-b22fb5c9ec5b 5b4e09e9bcaf40b5999b61b45af84c86 7d4e6bf08eb9424884271f3739462231 - - - -] Successfully bumped revision number for resource afaae1b0-7d55-4715-9a47-ab4ad16950b0 (type: ports) to 1
2026-07-02 06:23:04.355 10 INFO neutron.db.ovn_revision_numbers_db [None req-5b6f4b9d-392f-4f4a-894f-8f36406d29ec fb81a15de25f424981b872f5b6a04cdb 4ef43e243d0d4facb758dd401e1dc185 - - - -] Successfully bumped revision number for resource cae3170a-9726-48e8-bbbf-0509c77e570e (type: ports) to 1
2026-07-02 06:23:04.377 10 INFO neutron.wsgi [None req-5b6f4b9d-392f-4f4a-894f-8f36406d29ec fb81a15de25f424981b872f5b6a04cdb 4ef43e243d0d4facb758dd401e1dc185 - - - -] 199.19.213.151 "POST /v2.0/ports HTTP/1.1" status: 201 len: 1162 time: 0.8072069 /var/lib/openstack/lib/python3.10/site-packages/pycadf/identifier.py:71: UserWarning: Invalid uuid: neutron. To ensure interoperability, identifiers should be a valid uuid. warnings.warn(('Invalid uuid: %s. To ensure interoperability, '
2026-07-02 06:23:04.772 10 INFO neutron.db.ovn_revision_numbers_db [None req-73256ed4-47c5-40db-954b-0d8829ab70a9 61185dab1d68427ebbc3201dcb371977 bceb53729f44493ca424a3ca25f841ce - - - -] Successfully bumped revision number for resource cae3170a-9726-48e8-bbbf-0509c77e570e (type: ports) to 2
2026-07-02 06:23:04.928 10 INFO neutron.db.ovn_revision_numbers_db [None req-73256ed4-47c5-40db-954b-0d8829ab70a9 61185dab1d68427ebbc3201dcb371977 bceb53729f44493ca424a3ca25f841ce - - - -] Successfully bumped revision number for resource cae3170a-9726-48e8-bbbf-0509c77e570e (type: ports) to 2
2026-07-02 06:23:04.950 10 INFO neutron.wsgi [None req-73256ed4-47c5-40db-954b-0d8829ab70a9 61185dab1d68427ebbc3201dcb371977 bceb53729f44493ca424a3ca25f841ce - - - -] 199.19.213.151 "PUT /v2.0/ports/cae3170a-9726-48e8-bbbf-0509c77e570e HTTP/1.1" status: 200 len: 1332 time: 0.5637290
