2026-07-02 06:22:03.646 10 INFO neutron.wsgi [None req-7bba23f3-4bdb-4ad4-b3c7-9f0728bf8e26 5b4e09e9bcaf40b5999b61b45af84c86 7d4e6bf08eb9424884271f3739462231 - - - -] 10.0.0.79 "DELETE /v2.0/security-groups/364c648f-ff17-4c34-9576-20ceb15e377f HTTP/1.1" status: 204 len: 168 time: 0.2967417
2026-07-02 06:22:03.737 10 INFO neutron.db.ovn_revision_numbers_db [None req-8409fe82-1956-4582-8c5d-182b86b78869 - - - - - -] Successfully bumped revision number for resource 1808be54-d77e-4195-ae65-3826c132ad74 (type: router_ports) to 4
2026-07-02 06:22:03.800 9 INFO neutron.db.ovn_revision_numbers_db [None req-72b398f4-0359-42e0-a682-4256c6b4bc0e 5b4e09e9bcaf40b5999b61b45af84c86 7d4e6bf08eb9424884271f3739462231 - - - -] Successfully bumped revision number for resource 4b7c1322-946a-45b2-88ea-564a774e1ed2 (type: router_ports) to 3
2026-07-02 06:22:03.802 9 INFO neutron.wsgi [None req-72b398f4-0359-42e0-a682-4256c6b4bc0e 5b4e09e9bcaf40b5999b61b45af84c86 7d4e6bf08eb9424884271f3739462231 - - - -] 10.0.0.79 "PUT /v2.0/routers/8c19d985-26a2-493a-9e60-6a728c4e39b7/add_router_interface HTTP/1.1" status: 200 len: 503 time: 2.0838370
2026-07-02 06:22:03.808 9 WARNING neutron.scheduler.dhcp_agent_scheduler [None req-c2dc0629-004d-4d51-8692-8bf5aaf8374e 70c19e1e71334f52aa8732c03d62bdc3 5a2c4c80f0b6456c9a6fe524016ae2de - - - -] No more DHCP agents
2026-07-02 06:22:03.810 9 WARNING neutron.api.rpc.agentnotifiers.dhcp_rpc_agent_api [None req-c2dc0629-004d-4d51-8692-8bf5aaf8374e 70c19e1e71334f52aa8732c03d62bdc3 5a2c4c80f0b6456c9a6fe524016ae2de - - - -] Unable to schedule network 240e289e-cdd4-44b5-a67d-f93048aab0ba: no agents available; will retry on subsequent port and subnet creation events.
2026-07-02 06:22:03.865 9 INFO neutron.db.ovn_revision_numbers_db [None req-c2dc0629-004d-4d51-8692-8bf5aaf8374e 70c19e1e71334f52aa8732c03d62bdc3 5a2c4c80f0b6456c9a6fe524016ae2de - - - -] Successfully bumped revision number for resource 3ab47be1-95cd-4269-974a-36faa9f15e58 (type: ports) to 1
2026-07-02 06:22:03.888 9 WARNING neutron.scheduler.dhcp_agent_scheduler [None req-c2dc0629-004d-4d51-8692-8bf5aaf8374e 70c19e1e71334f52aa8732c03d62bdc3 5a2c4c80f0b6456c9a6fe524016ae2de - - - -] No more DHCP agents
2026-07-02 06:22:03.891 9 WARNING neutron.api.rpc.agentnotifiers.dhcp_rpc_agent_api [None req-c2dc0629-004d-4d51-8692-8bf5aaf8374e 70c19e1e71334f52aa8732c03d62bdc3 5a2c4c80f0b6456c9a6fe524016ae2de - - - -] Unable to schedule network 24167453-1600-4206-9af4-f87320ecfad9: no agents available; will retry on subsequent port and subnet creation events.
2026-07-02 06:22:03.986 9 INFO neutron.plugins.ml2.drivers.ovn.mech_driver.mech_driver [None req-88340fd5-c39a-472f-8088-4e6bd594532e - - - - - -] OVN reports status up for port: 3a1599a2-73a5-4789-b77c-d82467b450c2
2026-07-02 06:22:03.988 9 INFO neutron.db.ovn_revision_numbers_db [None req-c2dc0629-004d-4d51-8692-8bf5aaf8374e 70c19e1e71334f52aa8732c03d62bdc3 5a2c4c80f0b6456c9a6fe524016ae2de - - - -] Successfully bumped revision number for resource b775a708-211f-4bbd-8c7a-4700330e8731 (type: ports) to 1
2026-07-02 06:22:04.002 9 INFO neutron.plugins.ml2.plugin [None req-88340fd5-c39a-472f-8088-4e6bd594532e - - - - - -] Attempt 1 to provision port 3a1599a2-73a5-4789-b77c-d82467b450c2
2026-07-02 06:22:04.033 9 INFO neutron.wsgi [None req-c2dc0629-004d-4d51-8692-8bf5aaf8374e 70c19e1e71334f52aa8732c03d62bdc3 5a2c4c80f0b6456c9a6fe524016ae2de - - - -] 10.0.0.79 "POST /v2.0/ports HTTP/1.1" status: 201 len: 1705 time: 1.0268955
2026-07-02 06:22:04.172 10 INFO neutron.wsgi [None req-273a95da-4bdd-4946-af09-408f2257177d 70c19e1e71334f52aa8732c03d62bdc3 5a2c4c80f0b6456c9a6fe524016ae2de - - default default] 10.0.0.79 "GET /v2.0/ports HTTP/1.1" status: 200 len: 3212 time: 0.1327171
2026-07-02 06:22:04.244 9 INFO neutron.db.ovn_revision_numbers_db [None req-88340fd5-c39a-472f-8088-4e6bd594532e - - - - - -] Successfully bumped revision number for resource 3a1599a2-73a5-4789-b77c-d82467b450c2 (type: ports) to 3 /var/lib/openstack/lib/python3.10/site-packages/pycadf/identifier.py:71: UserWarning: Invalid uuid: neutron. To ensure interoperability, identifiers should be a valid uuid. warnings.warn(('Invalid uuid: %s. To ensure interoperability, '
2026-07-02 06:22:04.361 9 INFO neutron.db.ovn_revision_numbers_db [None req-88340fd5-c39a-472f-8088-4e6bd594532e - - - - - -] Successfully bumped revision number for resource 3a1599a2-73a5-4789-b77c-d82467b450c2 (type: router_ports) to 3
2026-07-02 06:22:04.383 9 INFO neutron.wsgi [None req-44fad5cf-7c92-4292-a537-0789a7c81adc c49592b282ec4717a70a77ee7231efc7 69160d9cf1a14d7aadae74d559d95891 - - default default] 10.0.0.79 "GET /v2.0/ports/3a1599a2-73a5-4789-b77c-d82467b450c2 HTTP/1.1" status: 200 len: 1141 time: 0.0411713
2026-07-02 06:22:04.409 10 INFO neutron.wsgi [None req-47866b5d-ab77-4a04-a4ec-9d61818b6727 70c19e1e71334f52aa8732c03d62bdc3 5a2c4c80f0b6456c9a6fe524016ae2de - - - -] 10.0.0.79 "DELETE /v2.0/ports/3ab47be1-95cd-4269-974a-36faa9f15e58 HTTP/1.1" status: 204 len: 168 time: 0.2323527
2026-07-02 06:22:04.541 10 INFO neutron.db.ovn_revision_numbers_db [None req-4c4ece03-9f55-4362-adaa-e42e9f0de779 ada276366ca548c3b48f350584c59343 0addd3a385d149e9878ec2a9b47b3d6e - - - -] Successfully bumped revision number for resource fcfadce3-16d0-4b06-aa54-69ca791a0c28 (type: security_groups) to 1
2026-07-02 06:22:04.566 10 INFO neutron.wsgi [None req-4c4ece03-9f55-4362-adaa-e42e9f0de779 ada276366ca548c3b48f350584c59343 0addd3a385d149e9878ec2a9b47b3d6e - - - -] 10.0.0.79 "POST /v2.0/security-groups HTTP/1.1" status: 201 len: 1795 time: 0.1709106
2026-07-02 06:22:04.662 10 INFO neutron.wsgi [None req-83248ffc-3f5f-481d-99bb-e465516ae602 70c19e1e71334f52aa8732c03d62bdc3 5a2c4c80f0b6456c9a6fe524016ae2de - - - -] 10.0.0.79 "DELETE /v2.0/ports/b775a708-211f-4bbd-8c7a-4700330e8731 HTTP/1.1" status: 204 len: 168 time: 0.2445893
2026-07-02 06:22:04.694 10 INFO neutron.wsgi [None req-ec0ee88a-995d-4cfe-a6c6-0402633785b5 70c19e1e71334f52aa8732c03d62bdc3 5a2c4c80f0b6456c9a6fe524016ae2de - - default default] 10.0.0.79 "GET /v2.0/ports HTTP/1.1" status: 200 len: 1718 time: 0.0271878
2026-07-02 06:22:04.763 10 INFO neutron.db.segments_db [None req-38528bb0-e5ee-4a11-b7de-66d33bdc0663 70c19e1e71334f52aa8732c03d62bdc3 5a2c4c80f0b6456c9a6fe524016ae2de - - - -] Added segment 1ec33e3d-9f77-470f-acd8-12e76fe52977 of type geneve for network f990fbd2-2f31-4b77-977c-6f95464b8e34
2026-07-02 06:22:04.822 9 INFO neutron.db.ovn_revision_numbers_db [None req-82874a48-f71f-4d72-830d-f712fa5bf344 ada276366ca548c3b48f350584c59343 0addd3a385d149e9878ec2a9b47b3d6e - - - -] Successfully bumped revision number for resource d50b4526-b50d-4ce5-b820-da9d661d22ac (type: security_group_rules) to 0
2026-07-02 06:22:04.877 9 INFO neutron.wsgi [None req-82874a48-f71f-4d72-830d-f712fa5bf344 ada276366ca548c3b48f350584c59343 0addd3a385d149e9878ec2a9b47b3d6e - - - -] 10.0.0.79 "POST /v2.0/security-group-rules HTTP/1.1" status: 201 len: 764 time: 0.2970459
2026-07-02 06:22:04.880 10 INFO neutron.db.ovn_revision_numbers_db [None req-38528bb0-e5ee-4a11-b7de-66d33bdc0663 70c19e1e71334f52aa8732c03d62bdc3 5a2c4c80f0b6456c9a6fe524016ae2de - - - -] Successfully bumped revision number for resource f990fbd2-2f31-4b77-977c-6f95464b8e34 (type: networks) to 1
2026-07-02 06:22:05.101 9 INFO neutron.db.ovn_revision_numbers_db [None req-c6551094-8ec1-412a-b35a-dd73e2821447 ada276366ca548c3b48f350584c59343 0addd3a385d149e9878ec2a9b47b3d6e - - - -] Successfully bumped revision number for resource cf979faf-50f4-4d31-a698-7630eb98b8cf (type: security_group_rules) to 0
2026-07-02 06:22:05.146 9 INFO neutron.wsgi [None req-c6551094-8ec1-412a-b35a-dd73e2821447 ada276366ca548c3b48f350584c59343 0addd3a385d149e9878ec2a9b47b3d6e - - - -] 10.0.0.79 "POST /v2.0/security-group-rules HTTP/1.1" status: 201 len: 769 time: 0.2604804
2026-07-02 06:22:05.296 10 WARNING neutron.scheduler.dhcp_agent_scheduler [None req-38528bb0-e5ee-4a11-b7de-66d33bdc0663 70c19e1e71334f52aa8732c03d62bdc3 5a2c4c80f0b6456c9a6fe524016ae2de - - - -] No more DHCP agents
2026-07-02 06:22:05.298 10 WARNING neutron.api.rpc.agentnotifiers.dhcp_rpc_agent_api [None req-38528bb0-e5ee-4a11-b7de-66d33bdc0663 70c19e1e71334f52aa8732c03d62bdc3 5a2c4c80f0b6456c9a6fe524016ae2de - - - -] Unable to schedule network f990fbd2-2f31-4b77-977c-6f95464b8e34: no agents available; will retry on subsequent port and subnet creation events.
2026-07-02 06:22:05.298 9 INFO neutron.wsgi [None req-3776273c-6d42-4ffe-ae62-befa73f76224 c49592b282ec4717a70a77ee7231efc7 69160d9cf1a14d7aadae74d559d95891 - - - -] 10.0.0.79 "PUT /v2.0/routers/8a26a06a-6db7-486a-95fd-2135a1eb6e40/remove_router_interface HTTP/1.1" status: 200 len: 503 time: 0.9091709 /var/lib/openstack/lib/python3.10/site-packages/pycadf/identifier.py:71: UserWarning: Invalid uuid: neutron. To ensure interoperability, identifiers should be a valid uuid. warnings.warn(('Invalid uuid: %s. To ensure interoperability, '
2026-07-02 06:22:05.331 9 INFO neutron.wsgi [None req-4058f8cd-b0b0-47a7-8f64-1d4e6c0b6f7d c49592b282ec4717a70a77ee7231efc7 69160d9cf1a14d7aadae74d559d95891 - - default default] 10.0.0.79 "GET /v2.0/ports?device_id=8a26a06a-6db7-486a-95fd-2135a1eb6e40 HTTP/1.1" status: 200 len: 205 time: 0.0249653
2026-07-02 06:22:05.358 10 INFO neutron.db.ovn_revision_numbers_db [None req-38528bb0-e5ee-4a11-b7de-66d33bdc0663 70c19e1e71334f52aa8732c03d62bdc3 5a2c4c80f0b6456c9a6fe524016ae2de - - - -] Successfully bumped revision number for resource 8b7af714-c221-4a05-8633-6b5fed1cbdf4 (type: ports) to 1
2026-07-02 06:22:05.377 10 INFO neutron.wsgi [None req-38528bb0-e5ee-4a11-b7de-66d33bdc0663 70c19e1e71334f52aa8732c03d62bdc3 5a2c4c80f0b6456c9a6fe524016ae2de - - - -] 10.0.0.79 "POST /v2.0/networks HTTP/1.1" status: 201 len: 853 time: 0.6762617
2026-07-02 06:22:05.464 10 INFO neutron.db.segments_db [None req-b9063c8b-8549-4d4d-833d-b7d4c5c57593 70c19e1e71334f52aa8732c03d62bdc3 5a2c4c80f0b6456c9a6fe524016ae2de - - - -] Added segment 556b99e9-6f8c-4a25-a531-2b1eff9a24b3 of type geneve for network 53a38af6-107f-45ca-9db2-0dc53fb27c04
2026-07-02 06:22:05.595 10 INFO neutron.db.ovn_revision_numbers_db [None req-b9063c8b-8549-4d4d-833d-b7d4c5c57593 70c19e1e71334f52aa8732c03d62bdc3 5a2c4c80f0b6456c9a6fe524016ae2de - - - -] Successfully bumped revision number for resource 53a38af6-107f-45ca-9db2-0dc53fb27c04 (type: networks) to 1
2026-07-02 06:22:05.818 10 WARNING neutron.scheduler.dhcp_agent_scheduler [None req-b9063c8b-8549-4d4d-833d-b7d4c5c57593 70c19e1e71334f52aa8732c03d62bdc3 5a2c4c80f0b6456c9a6fe524016ae2de - - - -] No more DHCP agents
2026-07-02 06:22:05.820 10 WARNING neutron.api.rpc.agentnotifiers.dhcp_rpc_agent_api [None req-b9063c8b-8549-4d4d-833d-b7d4c5c57593 70c19e1e71334f52aa8732c03d62bdc3 5a2c4c80f0b6456c9a6fe524016ae2de - - - -] Unable to schedule network 53a38af6-107f-45ca-9db2-0dc53fb27c04: no agents available; will retry on subsequent port and subnet creation events.
2026-07-02 06:22:05.881 10 INFO neutron.db.ovn_revision_numbers_db [None req-b9063c8b-8549-4d4d-833d-b7d4c5c57593 70c19e1e71334f52aa8732c03d62bdc3 5a2c4c80f0b6456c9a6fe524016ae2de - - - -] Successfully bumped revision number for resource 64232515-2245-4e12-a7a3-44e1b46108aa (type: ports) to 1
2026-07-02 06:22:05.900 10 INFO neutron.wsgi [None req-b9063c8b-8549-4d4d-833d-b7d4c5c57593 70c19e1e71334f52aa8732c03d62bdc3 5a2c4c80f0b6456c9a6fe524016ae2de - - - -] 10.0.0.79 "POST /v2.0/networks HTTP/1.1" status: 201 len: 853 time: 0.5178745
2026-07-02 06:22:06.119 9 INFO neutron.wsgi [None req-2318c6cc-e7d6-4c2f-b829-aa15b2f6b45d c49592b282ec4717a70a77ee7231efc7 69160d9cf1a14d7aadae74d559d95891 - - - -] 10.0.0.79 "DELETE /v2.0/routers/8a26a06a-6db7-486a-95fd-2135a1eb6e40 HTTP/1.1" status: 204 len: 168 time: 0.7838676
2026-07-02 06:22:06.149 9 WARNING neutron.scheduler.dhcp_agent_scheduler [None req-a26dd9d3-8789-47d4-a122-80f0859c30df ada276366ca548c3b48f350584c59343 0addd3a385d149e9878ec2a9b47b3d6e - - - -] No more DHCP agents
2026-07-02 06:22:06.151 9 WARNING neutron.api.rpc.agentnotifiers.dhcp_rpc_agent_api [None req-a26dd9d3-8789-47d4-a122-80f0859c30df ada276366ca548c3b48f350584c59343 0addd3a385d149e9878ec2a9b47b3d6e - - - -] Unable to schedule network 2d20c1bb-5ca9-4351-9d53-2ca61206d10b: no agents available; will retry on subsequent port and subnet creation events.
2026-07-02 06:22:06.295 10 INFO neutron.wsgi [None req-40143ffa-2d55-4723-9422-9a0c3951f828 c49592b282ec4717a70a77ee7231efc7 69160d9cf1a14d7aadae74d559d95891 - - - -] 10.0.0.79 "DELETE /v2.0/subnets/98b90fef-fcad-45c8-a148-702fd281a0f0 HTTP/1.1" status: 204 len: 168 time: 0.1689174
2026-07-02 06:22:06.694 9 INFO neutron.db.ovn_revision_numbers_db [None req-a26dd9d3-8789-47d4-a122-80f0859c30df ada276366ca548c3b48f350584c59343 0addd3a385d149e9878ec2a9b47b3d6e - - - -] Successfully bumped revision number for resource 6e17854f-6f60-437e-bf04-d50c285549e2 (type: floatingips) to 0
2026-07-02 06:22:06.730 9 INFO neutron.wsgi [None req-a26dd9d3-8789-47d4-a122-80f0859c30df ada276366ca548c3b48f350584c59343 0addd3a385d149e9878ec2a9b47b3d6e - - - -] 10.0.0.79 "POST /v2.0/floatingips HTTP/1.1" status: 201 len: 751 time: 1.5762641
2026-07-02 06:22:06.912 9 INFO neutron.services.segments.plugin [-] Segment e7d96f15-3b69-4f53-a849-af8b5fe2325e resource provider aggregate not found
2026-07-02 06:22:06.918 9 INFO neutron.services.segments.plugin [-] Segment e7d96f15-3b69-4f53-a849-af8b5fe2325e resource provider aggregate not found
2026-07-02 06:22:06.963 9 INFO neutron.services.segments.plugin [-] Segment e7d96f15-3b69-4f53-a849-af8b5fe2325e resource provider not found; error: Placement Client Error (4xx): {"errors": [{"status": 404, "title": "Not Found", "detail": "The resource could not be found.\n\n No resource provider with uuid e7d96f15-3b69-4f53-a849-af8b5fe2325e found for delete ", "request_id": "req-fa198db7-245f-43ab-9196-83ce0a03a9ae"}]}
2026-07-02 06:22:06.970 9 INFO neutron.services.segments.plugin [-] Segment e7d96f15-3b69-4f53-a849-af8b5fe2325e resource provider not found; error: Placement Client Error (4xx): {"errors": [{"status": 404, "title": "Not Found", "detail": "The resource could not be found.\n\n No resource provider with uuid e7d96f15-3b69-4f53-a849-af8b5fe2325e found for delete ", "request_id": "req-24330676-54a0-4948-8325-a5e566a1c8a3"}]}
2026-07-02 06:22:07.021 9 INFO neutron.wsgi [None req-b1ecf90c-92a8-4aeb-a875-ac13ffc334a9 c49592b282ec4717a70a77ee7231efc7 69160d9cf1a14d7aadae74d559d95891 - - - -] 10.0.0.79 "DELETE /v2.0/networks/e51b13c7-5db0-44ce-a3e0-20d6bf1129f3 HTTP/1.1" status: 204 len: 168 time: 0.7143369
2026-07-02 06:22:07.152 9 WARNING neutron.scheduler.dhcp_agent_scheduler [None req-567005ee-126f-48b7-ab16-2cbaaefd305c 70c19e1e71334f52aa8732c03d62bdc3 5a2c4c80f0b6456c9a6fe524016ae2de - - - -] No more DHCP agents
2026-07-02 06:22:07.154 9 WARNING neutron.api.rpc.agentnotifiers.dhcp_rpc_agent_api [None req-567005ee-126f-48b7-ab16-2cbaaefd305c 70c19e1e71334f52aa8732c03d62bdc3 5a2c4c80f0b6456c9a6fe524016ae2de - - - -] Unable to schedule network f990fbd2-2f31-4b77-977c-6f95464b8e34: no agents available; will retry on subsequent port and subnet creation events.
2026-07-02 06:22:07.172 9 INFO neutron.db.ovn_revision_numbers_db [None req-567005ee-126f-48b7-ab16-2cbaaefd305c 70c19e1e71334f52aa8732c03d62bdc3 5a2c4c80f0b6456c9a6fe524016ae2de - - - -] Successfully bumped revision number for resource 3e2dbc27-5876-4513-8ead-0c44a02b7771 (type: subnets) to 0
2026-07-02 06:22:07.209 9 WARNING neutron.scheduler.dhcp_agent_scheduler [None req-567005ee-126f-48b7-ab16-2cbaaefd305c 70c19e1e71334f52aa8732c03d62bdc3 5a2c4c80f0b6456c9a6fe524016ae2de - - - -] No more DHCP agents
2026-07-02 06:22:07.213 9 WARNING neutron.api.rpc.agentnotifiers.dhcp_rpc_agent_api [None req-567005ee-126f-48b7-ab16-2cbaaefd305c 70c19e1e71334f52aa8732c03d62bdc3 5a2c4c80f0b6456c9a6fe524016ae2de - - - -] Unable to schedule network 53a38af6-107f-45ca-9db2-0dc53fb27c04: no agents available; will retry on subsequent port and subnet creation events.
2026-07-02 06:22:07.218 9 INFO neutron.wsgi [req-5c0db56d-98dc-4fda-9347-e5d56339568c req-b7ed9df2-9028-4758-a15f-ac6c6579e920 ada276366ca548c3b48f350584c59343 0addd3a385d149e9878ec2a9b47b3d6e - - default default] 10.0.0.71 "GET /v2.0/security-groups?name=tempest-securitygroup--901824009&fields=id&tenant_id=0addd3a385d149e9878ec2a9b47b3d6e HTTP/1.1" status: 200 len: 267 time: 0.0521109
2026-07-02 06:22:07.236 9 INFO neutron.db.ovn_revision_numbers_db [None req-567005ee-126f-48b7-ab16-2cbaaefd305c 70c19e1e71334f52aa8732c03d62bdc3 5a2c4c80f0b6456c9a6fe524016ae2de - - - -] Successfully bumped revision number for resource 61bfcd49-83a7-4fc2-ae97-e661602b3bf0 (type: subnets) to 0
2026-07-02 06:22:07.269 9 INFO neutron.wsgi [None req-567005ee-126f-48b7-ab16-2cbaaefd305c 70c19e1e71334f52aa8732c03d62bdc3 5a2c4c80f0b6456c9a6fe524016ae2de - - - -] 10.0.0.79 "POST /v2.0/subnets HTTP/1.1" status: 201 len: 1476 time: 0.9276140
2026-07-02 06:22:07.304 9 INFO neutron.wsgi [req-5c0db56d-98dc-4fda-9347-e5d56339568c req-421a2e89-643d-4b81-b358-e726ccddb92f ada276366ca548c3b48f350584c59343 0addd3a385d149e9878ec2a9b47b3d6e - - default default] 10.0.0.71 "GET /v2.0/networks?id=4aad77e3-0f91-437a-9238-0cfd83153dfc HTTP/1.1" status: 200 len: 874 time: 0.0770350
2026-07-02 06:22:07.316 9 INFO neutron.wsgi [None req-3e17f8e9-b131-4550-a3f7-20ff47a58d13 70c19e1e71334f52aa8732c03d62bdc3 5a2c4c80f0b6456c9a6fe524016ae2de - - default default] 10.0.0.79 "GET /v2.0/subnets HTTP/1.1" status: 200 len: 2084 time: 0.0415924
2026-07-02 06:22:07.325 9 INFO neutron.wsgi [req-5c0db56d-98dc-4fda-9347-e5d56339568c req-671895af-370e-4f74-b213-e9558cefc714 ada276366ca548c3b48f350584c59343 0addd3a385d149e9878ec2a9b47b3d6e - - default default] 10.0.0.71 "GET /v2.0/quotas/0addd3a385d149e9878ec2a9b47b3d6e HTTP/1.1" status: 200 len: 386 time: 0.0081987
2026-07-02 06:22:07.420 9 INFO neutron.wsgi [req-5c0db56d-98dc-4fda-9347-e5d56339568c req-068240fa-3e46-4d43-8992-5279bb0866b2 ada276366ca548c3b48f350584c59343 0addd3a385d149e9878ec2a9b47b3d6e - - default default] 10.0.0.71 "GET /v2.0/ports?tenant_id=0addd3a385d149e9878ec2a9b47b3d6e&fields=id HTTP/1.1" status: 200 len: 302 time: 0.0892038
2026-07-02 06:22:07.497 9 INFO neutron.wsgi [req-5c0db56d-98dc-4fda-9347-e5d56339568c req-8b778895-8018-4499-a493-6772f5fcec15 61185dab1d68427ebbc3201dcb371977 bceb53729f44493ca424a3ca25f841ce - - a5e034bf6ba748e8b33b73356ae16185 a5e034bf6ba748e8b33b73356ae16185] 10.0.0.71 "GET /v2.0/networks/4aad77e3-0f91-437a-9238-0cfd83153dfc?fields=segments HTTP/1.1" status: 200 len: 212 time: 0.0642853
2026-07-02 06:22:07.561 10 WARNING neutron.scheduler.dhcp_agent_scheduler [None req-9b87cb27-df32-4d62-aa47-7531380a0646 c49592b282ec4717a70a77ee7231efc7 69160d9cf1a14d7aadae74d559d95891 - - - -] No more DHCP agents
2026-07-02 06:22:07.564 9 INFO neutron.wsgi [req-5c0db56d-98dc-4fda-9347-e5d56339568c req-bf0ccf16-de8c-4f8f-b3da-318a7199b662 61185dab1d68427ebbc3201dcb371977 bceb53729f44493ca424a3ca25f841ce - - a5e034bf6ba748e8b33b73356ae16185 a5e034bf6ba748e8b33b73356ae16185] 10.0.0.71 "GET /v2.0/networks/4aad77e3-0f91-437a-9238-0cfd83153dfc?fields=provider%3Aphysical_network&fields=provider%3Anetwork_type HTTP/1.1" status: 200 len: 277 time: 0.0591815
2026-07-02 06:22:07.564 10 WARNING neutron.api.rpc.agentnotifiers.dhcp_rpc_agent_api [None req-9b87cb27-df32-4d62-aa47-7531380a0646 c49592b282ec4717a70a77ee7231efc7 69160d9cf1a14d7aadae74d559d95891 - - - -] Unable to schedule network 2d20c1bb-5ca9-4351-9d53-2ca61206d10b: no agents available; will retry on subsequent port and subnet creation events.
2026-07-02 06:22:07.589 10 INFO neutron.wsgi [None req-e95ca767-f558-4f60-b51e-60aebce2cf88 70c19e1e71334f52aa8732c03d62bdc3 5a2c4c80f0b6456c9a6fe524016ae2de - - - -] 10.0.0.79 "DELETE /v2.0/subnets/3e2dbc27-5876-4513-8ead-0c44a02b7771 HTTP/1.1" status: 204 len: 168 time: 0.2604687
2026-07-02 06:22:07.745 9 INFO neutron.wsgi [req-25f09b04-b784-40b6-8385-7c52e3da125b req-7a31ebe8-b0f8-4b30-af01-0f089188f9c1 ada276366ca548c3b48f350584c59343 0addd3a385d149e9878ec2a9b47b3d6e - - default default] 10.0.0.71 "GET /v2.0/ports?device_id=6303d3cc-980c-4055-85f8-7789b7d1acab HTTP/1.1" status: 200 len: 210 time: 0.0370514
2026-07-02 06:22:07.764 10 INFO neutron.db.ovn_revision_numbers_db [None req-9b87cb27-df32-4d62-aa47-7531380a0646 c49592b282ec4717a70a77ee7231efc7 69160d9cf1a14d7aadae74d559d95891 - - - -] Successfully bumped revision number for resource 768adf9c-ce16-42d3-a5fe-84beb8ddabf6 (type: ports) to 1
2026-07-02 06:22:07.838 10 INFO neutron.wsgi [-] 10.0.0.185 "GET / HTTP/1.1" status: 200 len: 247 time: 0.0016596
2026-07-02 06:22:07.840 10 INFO neutron.wsgi [-] 10.0.0.185 "GET / HTTP/1.1" status: 200 len: 247 time: 0.0009067
2026-07-02 06:22:07.861 10 INFO neutron.wsgi [None req-fac46dcf-6efa-46c2-b9f0-3e8347264a86 70c19e1e71334f52aa8732c03d62bdc3 5a2c4c80f0b6456c9a6fe524016ae2de - - - -] 10.0.0.79 "DELETE /v2.0/subnets/61bfcd49-83a7-4fc2-ae97-e661602b3bf0 HTTP/1.1" status: 204 len: 168 time: 0.2676258
2026-07-02 06:22:07.911 9 INFO neutron.wsgi [None req-f30fa524-6dec-407c-b292-35ab0adf323d 70c19e1e71334f52aa8732c03d62bdc3 5a2c4c80f0b6456c9a6fe524016ae2de - - default default] 10.0.0.79 "GET /v2.0/subnets HTTP/1.1" status: 200 len: 820 time: 0.0434391
2026-07-02 06:22:08.362 9 INFO neutron.wsgi [None req-ee9c4e40-aa5f-46f9-96db-975f62c53bd7 70c19e1e71334f52aa8732c03d62bdc3 5a2c4c80f0b6456c9a6fe524016ae2de - - - -] 10.0.0.79 "DELETE /v2.0/networks/53a38af6-107f-45ca-9db2-0dc53fb27c04 HTTP/1.1" status: 204 len: 168 time: 0.4433939
2026-07-02 06:22:08.406 10 INFO neutron.wsgi [req-5c0db56d-98dc-4fda-9347-e5d56339568c req-85e6cb7c-5126-49dd-be9b-ed1a8877d472 ada276366ca548c3b48f350584c59343 0addd3a385d149e9878ec2a9b47b3d6e - - default default] 199.19.213.151 "GET /v2.0/networks?id=4aad77e3-0f91-437a-9238-0cfd83153dfc HTTP/1.1" status: 200 len: 874 time: 0.0883105
2026-07-02 06:22:08.467 10 INFO neutron.wsgi [req-5c0db56d-98dc-4fda-9347-e5d56339568c req-9dba805c-a969-4a9d-8223-9b36a6490db6 ada276366ca548c3b48f350584c59343 0addd3a385d149e9878ec2a9b47b3d6e - - default default] 199.19.213.151 "GET /v2.0/security-groups?fields=id&fields=name&tenant_id=0addd3a385d149e9878ec2a9b47b3d6e HTTP/1.1" status: 200 len: 379 time: 0.0459504
2026-07-02 06:22:08.468 10 INFO neutron.db.ovn_revision_numbers_db [None req-9b87cb27-df32-4d62-aa47-7531380a0646 c49592b282ec4717a70a77ee7231efc7 69160d9cf1a14d7aadae74d559d95891 - - - -] Successfully bumped revision number for resource 768adf9c-ce16-42d3-a5fe-84beb8ddabf6 (type: router_ports) to 1
2026-07-02 06:22:08.801 10 WARNING neutron.plugins.ml2.drivers.ovn.mech_driver.ovsdb.ovn_client [None req-a8cc8614-9749-4c6b-9893-936db2bc6ecf - - - - - -] No hosting information found for port 4b7c1322-946a-45b2-88ea-564a774e1ed2: RuntimeError: No hosting information found for port 4b7c1322-946a-45b2-88ea-564a774e1ed2
2026-07-02 06:22:08.801 10 INFO neutron.plugins.ml2.drivers.ovn.mech_driver.mech_driver [None req-a8cc8614-9749-4c6b-9893-936db2bc6ecf - - - - - -] OVN reports status up for port: 768adf9c-ce16-42d3-a5fe-84beb8ddabf6
2026-07-02 06:22:08.828 10 INFO neutron.plugins.ml2.plugin [None req-a8cc8614-9749-4c6b-9893-936db2bc6ecf - - - - - -] Attempt 1 to provision port 768adf9c-ce16-42d3-a5fe-84beb8ddabf6
2026-07-02 06:22:08.832 10 INFO neutron.db.ovn_revision_numbers_db [None req-9b87cb27-df32-4d62-aa47-7531380a0646 c49592b282ec4717a70a77ee7231efc7 69160d9cf1a14d7aadae74d559d95891 - - - -] Successfully bumped revision number for resource 132a6aac-3990-4608-b853-a8ec7fcf9d7b (type: routers) to 3
2026-07-02 06:22:08.841 9 INFO neutron.wsgi [req-9656a9ef-f60b-4716-8293-2ccd17c29d23 req-3f19b510-dad7-4291-ad7d-14b90fc34e2f ada276366ca548c3b48f350584c59343 0addd3a385d149e9878ec2a9b47b3d6e - - default default] 10.0.0.71 "GET /v2.0/ports?device_id=6303d3cc-980c-4055-85f8-7789b7d1acab HTTP/1.1" status: 200 len: 210 time: 0.0327325
2026-07-02 06:22:08.873 10 INFO neutron.wsgi [None req-9b87cb27-df32-4d62-aa47-7531380a0646 c49592b282ec4717a70a77ee7231efc7 69160d9cf1a14d7aadae74d559d95891 - - - -] 10.0.0.79 "POST /v2.0/routers HTTP/1.1" status: 201 len: 871 time: 1.8379874
2026-07-02 06:22:08.956 9 INFO neutron.wsgi [None req-4ef5eb0d-13b7-43c9-93cf-4168dadbc6f4 c49592b282ec4717a70a77ee7231efc7 69160d9cf1a14d7aadae74d559d95891 - - default default] 10.0.0.79 "GET /v2.0/routers/132a6aac-3990-4608-b853-a8ec7fcf9d7b HTTP/1.1" status: 200 len: 872 time: 0.0761230
2026-07-02 06:22:09.017 9 INFO neutron.services.segments.plugin [-] Segment 556b99e9-6f8c-4a25-a531-2b1eff9a24b3 resource provider aggregate not found
2026-07-02 06:22:09.043 9 INFO neutron.services.segments.plugin [-] Segment 556b99e9-6f8c-4a25-a531-2b1eff9a24b3 resource provider not found; error: Placement Client Error (4xx): {"errors": [{"status": 404, "title": "Not Found", "detail": "The resource could not be found.\n\n No resource provider with uuid 556b99e9-6f8c-4a25-a531-2b1eff9a24b3 found for delete ", "request_id": "req-8b93e14a-d139-4d9a-9cba-9a0f1b642632"}]}
2026-07-02 06:22:09.043 9 INFO neutron.services.segments.plugin [-] Segment 556b99e9-6f8c-4a25-a531-2b1eff9a24b3 resource provider aggregate not found
2026-07-02 06:22:09.084 9 INFO neutron.services.segments.plugin [-] Segment 556b99e9-6f8c-4a25-a531-2b1eff9a24b3 resource provider not found; error: Placement Client Error (4xx): {"errors": [{"status": 404, "title": "Not Found", "detail": "The resource could not be found.\n\n No resource provider with uuid 556b99e9-6f8c-4a25-a531-2b1eff9a24b3 found for delete ", "request_id": "req-463bf250-1a39-4fbf-9125-3976a5896fda"}]}
2026-07-02 06:22:09.103 9 WARNING neutron.plugins.ml2.drivers.ovn.mech_driver.ovsdb.ovn_client [None req-88340fd5-c39a-472f-8088-4e6bd594532e - - - - - -] No port found with ID 3a1599a2-73a5-4789-b77c-d82467b450c2: RuntimeError: No port found with ID 3a1599a2-73a5-4789-b77c-d82467b450c2
2026-07-02 06:22:09.123 9 INFO neutron.wsgi [None req-972eabc0-1972-40cc-aa58-b63427325ae7 c49592b282ec4717a70a77ee7231efc7 69160d9cf1a14d7aadae74d559d95891 - - default default] 10.0.0.79 "GET /v2.0/routers HTTP/1.1" status: 200 len: 875 time: 0.1604466
2026-07-02 06:22:09.155 10 INFO neutron.services.segments.plugin [-] Segment 1ec33e3d-9f77-470f-acd8-12e76fe52977 resource provider aggregate not found
2026-07-02 06:22:09.169 10 INFO neutron.services.segments.plugin [-] Segment 1ec33e3d-9f77-470f-acd8-12e76fe52977 resource provider aggregate not found
2026-07-02 06:22:09.185 10 INFO neutron.services.segments.plugin [-] Segment 1ec33e3d-9f77-470f-acd8-12e76fe52977 resource provider not found; error: Placement Client Error (4xx): {"errors": [{"status": 404, "title": "Not Found", "detail": "The resource could not be found.\n\n No resource provider with uuid 1ec33e3d-9f77-470f-acd8-12e76fe52977 found for delete ", "request_id": "req-ae8eb106-d2cd-4f95-8505-18632f7f791f"}]}
2026-07-02 06:22:09.192 10 INFO neutron.services.segments.plugin [-] Segment 1ec33e3d-9f77-470f-acd8-12e76fe52977 resource provider not found; error: Placement Client Error (4xx): {"errors": [{"status": 404, "title": "Not Found", "detail": "The resource could not be found.\n\n No resource provider with uuid 1ec33e3d-9f77-470f-acd8-12e76fe52977 found for delete ", "request_id": "req-e9158759-88b6-427d-be9a-b643a6f693af"}]}
2026-07-02 06:22:09.216 10 INFO neutron.wsgi [None req-42523ba5-d05d-4c95-b416-590645d247f2 70c19e1e71334f52aa8732c03d62bdc3 5a2c4c80f0b6456c9a6fe524016ae2de - - - -] 10.0.0.79 "DELETE /v2.0/networks/f990fbd2-2f31-4b77-977c-6f95464b8e34 HTTP/1.1" status: 204 len: 168 time: 0.8396173
2026-07-02 06:22:09.225 10 WARNING neutron.scheduler.dhcp_agent_scheduler [None req-ece4a25a-19e6-4f31-9d2f-9b951e613144 ada276366ca548c3b48f350584c59343 0addd3a385d149e9878ec2a9b47b3d6e - - - -] No more DHCP agents
2026-07-02 06:22:09.227 10 WARNING neutron.api.rpc.agentnotifiers.dhcp_rpc_agent_api [None req-ece4a25a-19e6-4f31-9d2f-9b951e613144 ada276366ca548c3b48f350584c59343 0addd3a385d149e9878ec2a9b47b3d6e - - - -] Unable to schedule network 4aad77e3-0f91-437a-9238-0cfd83153dfc: no agents available; will retry on subsequent port and subnet creation events.
2026-07-02 06:22:09.364 10 INFO neutron.db.ovn_revision_numbers_db [None req-ece4a25a-19e6-4f31-9d2f-9b951e613144 ada276366ca548c3b48f350584c59343 0addd3a385d149e9878ec2a9b47b3d6e - - - -] Successfully bumped revision number for resource 5dc889df-9b1e-4426-8105-7527a9632321 (type: ports) to 1
2026-07-02 06:22:09.385 10 INFO neutron.wsgi [None req-ece4a25a-19e6-4f31-9d2f-9b951e613144 ada276366ca548c3b48f350584c59343 0addd3a385d149e9878ec2a9b47b3d6e - - - -] 199.19.213.151 "POST /v2.0/ports HTTP/1.1" status: 201 len: 1158 time: 0.9036939 /var/lib/openstack/lib/python3.10/site-packages/pycadf/identifier.py:71: UserWarning: Invalid uuid: neutron. To ensure interoperability, identifiers should be a valid uuid. warnings.warn(('Invalid uuid: %s. To ensure interoperability, '
2026-07-02 06:22:09.794 10 INFO neutron.db.ovn_revision_numbers_db [None req-5ecaecbb-2bcb-46d1-9a1e-244bd873936a 61185dab1d68427ebbc3201dcb371977 bceb53729f44493ca424a3ca25f841ce - - - -] Successfully bumped revision number for resource 5dc889df-9b1e-4426-8105-7527a9632321 (type: ports) to 2
2026-07-02 06:22:09.944 9 INFO neutron.db.ovn_revision_numbers_db [None req-25b75300-7564-4a94-a800-8d5eff3276d5 c49592b282ec4717a70a77ee7231efc7 69160d9cf1a14d7aadae74d559d95891 - - - -] Successfully bumped revision number for resource 132a6aac-3990-4608-b853-a8ec7fcf9d7b (type: routers) to 4
2026-07-02 06:22:09.947 9 INFO neutron.wsgi [None req-25b75300-7564-4a94-a800-8d5eff3276d5 c49592b282ec4717a70a77ee7231efc7 69160d9cf1a14d7aadae74d559d95891 - - - -] 10.0.0.79 "PUT /v2.0/routers/132a6aac-3990-4608-b853-a8ec7fcf9d7b HTTP/1.1" status: 200 len: 879 time: 0.8196840
2026-07-02 06:22:09.967 9 INFO neutron.wsgi [req-2fb31a46-8406-47fc-a9d9-36450eaa39a9 req-7007541f-9cb3-4bba-8b9c-7fda8bd91994 ada276366ca548c3b48f350584c59343 0addd3a385d149e9878ec2a9b47b3d6e - - default default] 10.0.0.71 "GET /v2.0/ports?device_id=6303d3cc-980c-4055-85f8-7789b7d1acab HTTP/1.1" status: 200 len: 1168 time: 0.0589824
2026-07-02 06:22:09.969 10 INFO neutron.db.ovn_revision_numbers_db [None req-5ecaecbb-2bcb-46d1-9a1e-244bd873936a 61185dab1d68427ebbc3201dcb371977 bceb53729f44493ca424a3ca25f841ce - - - -] Successfully bumped revision number for resource 5dc889df-9b1e-4426-8105-7527a9632321 (type: ports) to 2
2026-07-02 06:22:09.992 10 INFO neutron.wsgi [None req-5ecaecbb-2bcb-46d1-9a1e-244bd873936a 61185dab1d68427ebbc3201dcb371977 bceb53729f44493ca424a3ca25f841ce - - - -] 199.19.213.151 "PUT /v2.0/ports/5dc889df-9b1e-4426-8105-7527a9632321 HTTP/1.1" status: 200 len: 1328 time: 0.5970473
2026-07-02 06:22:10.032 10 INFO neutron.notifiers.nova [-] Nova event matching ['req-d1937de4-786b-487a-a785-8f678616f473'] response: {'name': 'network-changed', 'server_uuid': '6303d3cc-980c-4055-85f8-7789b7d1acab', 'tag': '5dc889df-9b1e-4426-8105-7527a9632321', 'status': 'completed', 'code': 200}
2026-07-02 06:22:10.061 9 INFO neutron.wsgi [req-2fb31a46-8406-47fc-a9d9-36450eaa39a9 req-3e378d6b-310c-4671-acd1-cd0fa8005f15 ada276366ca548c3b48f350584c59343 0addd3a385d149e9878ec2a9b47b3d6e - - default default] 10.0.0.71 "GET /v2.0/security-groups?id=fcfadce3-16d0-4b06-aa54-69ca791a0c28&fields=id&fields=name HTTP/1.1" status: 200 len: 312 time: 0.0830126
2026-07-02 06:22:10.076 9 INFO neutron.wsgi [None req-0647e1a4-fdfe-4abb-990b-1ce5ca5897d5 70c19e1e71334f52aa8732c03d62bdc3 5a2c4c80f0b6456c9a6fe524016ae2de - - - -] 10.0.0.79 "DELETE /v2.0/networks/24167453-1600-4206-9af4-f87320ecfad9 HTTP/1.1" status: 204 len: 168 time: 0.8548231
2026-07-02 06:22:10.080 9 INFO neutron.wsgi [None req-849ef155-154c-4240-a8c2-d6717e7c5709 c49592b282ec4717a70a77ee7231efc7 69160d9cf1a14d7aadae74d559d95891 - - default default] 10.0.0.79 "GET /v2.0/routers/132a6aac-3990-4608-b853-a8ec7fcf9d7b HTTP/1.1" status: 200 len: 879 time: 0.1264968 /var/lib/openstack/lib/python3.10/site-packages/pycadf/identifier.py:71: UserWarning: Invalid uuid: neutron. To ensure interoperability, identifiers should be a valid uuid. warnings.warn(('Invalid uuid: %s. To ensure interoperability, '
2026-07-02 06:22:10.105 9 INFO neutron.wsgi [None req-a4bbb637-8ba8-473d-9b22-980ad0cb0c35 c49592b282ec4717a70a77ee7231efc7 69160d9cf1a14d7aadae74d559d95891 - - default default] 10.0.0.79 "GET /v2.0/ports?device_id=132a6aac-3990-4608-b853-a8ec7fcf9d7b HTTP/1.1" status: 200 len: 205 time: 0.0192389
2026-07-02 06:22:10.202 10 INFO neutron.wsgi [req-0fb988eb-59c3-454f-8d60-d0449fe25253 req-1c4219f7-9dea-4b3c-92e3-a166a7a67e30 61185dab1d68427ebbc3201dcb371977 bceb53729f44493ca424a3ca25f841ce - - a5e034bf6ba748e8b33b73356ae16185 a5e034bf6ba748e8b33b73356ae16185] 199.19.213.151 "GET /v2.0/ports?tenant_id=0addd3a385d149e9878ec2a9b47b3d6e&device_id=6303d3cc-980c-4055-85f8-7789b7d1acab HTTP/1.1" status: 200 len: 1359 time: 0.0318847
2026-07-02 06:22:10.317 10 INFO neutron.wsgi [req-0fb988eb-59c3-454f-8d60-d0449fe25253 req-ef247157-4935-411c-baf1-8bc5d6c52c04 61185dab1d68427ebbc3201dcb371977 bceb53729f44493ca424a3ca25f841ce - - a5e034bf6ba748e8b33b73356ae16185 a5e034bf6ba748e8b33b73356ae16185] 199.19.213.151 "GET /v2.0/networks?tenant_id=0addd3a385d149e9878ec2a9b47b3d6e&shared=False HTTP/1.1" status: 200 len: 973 time: 0.1107104
2026-07-02 06:22:10.390 10 INFO neutron.wsgi [req-0fb988eb-59c3-454f-8d60-d0449fe25253 req-854cfa8e-96b3-4a79-856e-234c6d06b089 61185dab1d68427ebbc3201dcb371977 bceb53729f44493ca424a3ca25f841ce - - a5e034bf6ba748e8b33b73356ae16185 a5e034bf6ba748e8b33b73356ae16185] 199.19.213.151 "GET /v2.0/networks?shared=True HTTP/1.1" status: 200 len: 952 time: 0.0684943
2026-07-02 06:22:10.467 10 INFO neutron.wsgi [req-5c0db56d-98dc-4fda-9347-e5d56339568c req-f905a16c-acc1-4ecf-9c89-c85439492dc0 61185dab1d68427ebbc3201dcb371977 bceb53729f44493ca424a3ca25f841ce - - a5e034bf6ba748e8b33b73356ae16185 a5e034bf6ba748e8b33b73356ae16185] 199.19.213.151 "GET /v2.0/ports?tenant_id=0addd3a385d149e9878ec2a9b47b3d6e&device_id=6303d3cc-980c-4055-85f8-7789b7d1acab HTTP/1.1" status: 200 len: 1359 time: 0.0392981
2026-07-02 06:22:10.517 10 INFO neutron.wsgi [req-5c0db56d-98dc-4fda-9347-e5d56339568c req-cec21052-22c7-4245-a3f7-53a7ff622c02 61185dab1d68427ebbc3201dcb371977 bceb53729f44493ca424a3ca25f841ce - - a5e034bf6ba748e8b33b73356ae16185 a5e034bf6ba748e8b33b73356ae16185] 199.19.213.151 "GET /v2.0/floatingips?fixed_ip_address=10.100.0.3&port_id=5dc889df-9b1e-4426-8105-7527a9632321 HTTP/1.1" status: 200 len: 217 time: 0.0330749
2026-07-02 06:22:10.565 10 INFO neutron.wsgi [req-5c0db56d-98dc-4fda-9347-e5d56339568c req-5f2dee8d-1322-4980-aa40-c127c5784dde 61185dab1d68427ebbc3201dcb371977 bceb53729f44493ca424a3ca25f841ce - - a5e034bf6ba748e8b33b73356ae16185 a5e034bf6ba748e8b33b73356ae16185] 199.19.213.151 "GET /v2.0/subnets?id=c45b04c1-7335-46cf-8ae0-d391e0cfb1f3 HTTP/1.1" status: 200 len: 868 time: 0.0416465
2026-07-02 06:22:10.614 10 INFO neutron.wsgi [req-5c0db56d-98dc-4fda-9347-e5d56339568c req-7b68bdb3-8b20-42a0-a226-dd5769b42493 61185dab1d68427ebbc3201dcb371977 bceb53729f44493ca424a3ca25f841ce - - a5e034bf6ba748e8b33b73356ae16185 a5e034bf6ba748e8b33b73356ae16185] 199.19.213.151 "GET /v2.0/ports?network_id=4aad77e3-0f91-437a-9238-0cfd83153dfc&device_owner=network%3Adhcp HTTP/1.1" status: 200 len: 210 time: 0.0401545
2026-07-02 06:22:10.638 10 INFO neutron.db.ovn_revision_numbers_db [None req-2a631623-8558-4342-b882-09eaef4aa77b 5b4e09e9bcaf40b5999b61b45af84c86 7d4e6bf08eb9424884271f3739462231 - - default default] Successfully bumped revision number for resource 0e03b068-20e5-4382-9828-248f12a0531a (type: security_groups) to 1
2026-07-02 06:22:10.671 10 INFO neutron.wsgi [None req-6d300a58-245c-497c-8cbf-f99f5a17dd33 70c19e1e71334f52aa8732c03d62bdc3 5a2c4c80f0b6456c9a6fe524016ae2de - - - -] 10.0.0.79 "DELETE /v2.0/networks/240e289e-cdd4-44b5-a67d-f93048aab0ba HTTP/1.1" status: 204 len: 168 time: 0.5913904
2026-07-02 06:22:10.688 10 INFO neutron.wsgi [None req-2a631623-8558-4342-b882-09eaef4aa77b 5b4e09e9bcaf40b5999b61b45af84c86 7d4e6bf08eb9424884271f3739462231 - - default default] 10.0.0.79 "GET /v2.0/security-groups?tenant_id=8bdd4353f824459ebcaa6580b1cd5c78&name=default HTTP/1.1" status: 200 len: 2996 time: 0.4638383
2026-07-02 06:22:10.709 10 INFO neutron.wsgi [req-5c0db56d-98dc-4fda-9347-e5d56339568c req-06071ea8-7dcc-44a6-b4fe-629146053dce 61185dab1d68427ebbc3201dcb371977 bceb53729f44493ca424a3ca25f841ce - - a5e034bf6ba748e8b33b73356ae16185 a5e034bf6ba748e8b33b73356ae16185] 199.19.213.151 "GET /v2.0/networks/4aad77e3-0f91-437a-9238-0cfd83153dfc?fields=segments HTTP/1.1" status: 200 len: 212 time: 0.0861745
2026-07-02 06:22:10.745 9 INFO neutron.wsgi [None req-89c7903b-181c-4b04-8888-106c0c5cbace c49592b282ec4717a70a77ee7231efc7 69160d9cf1a14d7aadae74d559d95891 - - - -] 10.0.0.79 "DELETE /v2.0/routers/132a6aac-3990-4608-b853-a8ec7fcf9d7b HTTP/1.1" status: 204 len: 168 time: 0.6339078
2026-07-02 06:22:10.773 9 INFO neutron.wsgi [None req-f36ba46b-6542-44dd-8eb1-7ef29317f5b2 c49592b282ec4717a70a77ee7231efc7 69160d9cf1a14d7aadae74d559d95891 - - default default] 10.0.0.79 "GET /v2.0/ports?device_id=132a6aac-3990-4608-b853-a8ec7fcf9d7b HTTP/1.1" status: 200 len: 205 time: 0.0203760
2026-07-02 06:22:10.780 10 INFO neutron.wsgi [req-5c0db56d-98dc-4fda-9347-e5d56339568c req-d7e2ab8d-543c-4cf6-870a-1eb62503d7ef 61185dab1d68427ebbc3201dcb371977 bceb53729f44493ca424a3ca25f841ce - - a5e034bf6ba748e8b33b73356ae16185 a5e034bf6ba748e8b33b73356ae16185] 199.19.213.151 "GET /v2.0/networks/4aad77e3-0f91-437a-9238-0cfd83153dfc?fields=provider%3Aphysical_network&fields=provider%3Anetwork_type HTTP/1.1" status: 200 len: 277 time: 0.0637345
2026-07-02 06:22:10.804 9 INFO neutron.api.v2.resource [None req-6950c4a7-30a8-4efa-9044-3e2d534eb416 c49592b282ec4717a70a77ee7231efc7 69160d9cf1a14d7aadae74d559d95891 - - - -] delete failed (client error): The resource could not be found.
2026-07-02 06:22:10.806 9 INFO neutron.wsgi [None req-6950c4a7-30a8-4efa-9044-3e2d534eb416 c49592b282ec4717a70a77ee7231efc7 69160d9cf1a14d7aadae74d559d95891 - - - -] 10.0.0.79 "DELETE /v2.0/routers/132a6aac-3990-4608-b853-a8ec7fcf9d7b HTTP/1.1" status: 404 len: 336 time: 0.0275126
2026-07-02 06:22:10.834 9 INFO neutron.wsgi [None req-654896c8-2f5e-429a-9a08-1b05c91130fb c49592b282ec4717a70a77ee7231efc7 69160d9cf1a14d7aadae74d559d95891 - - default default] 10.0.0.79 "GET /v2.0/ports?device_id=8a26a06a-6db7-486a-95fd-2135a1eb6e40 HTTP/1.1" status: 200 len: 205 time: 0.0237577
2026-07-02 06:22:10.861 9 INFO neutron.api.v2.resource [None req-64494bd4-df38-4b7e-9668-2f39fbe38fe8 c49592b282ec4717a70a77ee7231efc7 69160d9cf1a14d7aadae74d559d95891 - - - -] delete failed (client error): The resource could not be found.
2026-07-02 06:22:10.862 9 INFO neutron.wsgi [None req-64494bd4-df38-4b7e-9668-2f39fbe38fe8 c49592b282ec4717a70a77ee7231efc7 69160d9cf1a14d7aadae74d559d95891 - - - -] 10.0.0.79 "DELETE /v2.0/routers/8a26a06a-6db7-486a-95fd-2135a1eb6e40 HTTP/1.1" status: 404 len: 336 time: 0.0237904
2026-07-02 06:22:10.890 10 INFO neutron.wsgi [None req-63b17583-0c14-4f2c-bf51-22dfe8701344 5b4e09e9bcaf40b5999b61b45af84c86 7d4e6bf08eb9424884271f3739462231 - - - -] 10.0.0.79 "DELETE /v2.0/security-groups/0e03b068-20e5-4382-9828-248f12a0531a HTTP/1.1" status: 204 len: 168 time: 0.1945691
2026-07-02 06:22:10.897 9 INFO neutron.pecan_wsgi.hooks.translation [None req-31ef5e24-fe27-4bf9-b82a-4d6bd72b605c c49592b282ec4717a70a77ee7231efc7 69160d9cf1a14d7aadae74d559d95891 - - - -] DELETE failed (client error): The resource could not be found.
2026-07-02 06:22:10.899 9 INFO neutron.wsgi [None req-31ef5e24-fe27-4bf9-b82a-4d6bd72b605c c49592b282ec4717a70a77ee7231efc7 69160d9cf1a14d7aadae74d559d95891 - - - -] 10.0.0.79 "DELETE /v2.0/subnets/98b90fef-fcad-45c8-a148-702fd281a0f0 HTTP/1.1" status: 404 len: 337 time: 0.0287931
2026-07-02 06:22:10.927 9 INFO neutron.wsgi [None req-b84d734e-4fb3-43f1-92a6-af9a6fde619c c49592b282ec4717a70a77ee7231efc7 69160d9cf1a14d7aadae74d559d95891 - - default default] 10.0.0.79 "GET /v2.0/ports?device_id=3cee6ee7-efc7-4c8a-a3a1-875716bdf8e1 HTTP/1.1" status: 200 len: 205 time: 0.0246525
2026-07-02 06:22:10.976 9 INFO neutron.plugins.ml2.drivers.ovn.mech_driver.mech_driver [None req-88340fd5-c39a-472f-8088-4e6bd594532e - - - - - -] OVN reports status up for port: 5dc889df-9b1e-4426-8105-7527a9632321
2026-07-02 06:22:10.989 10 INFO neutron.api.v2.resource [None req-df5cea24-2cbb-40ae-ba00-61532a724ad1 c49592b282ec4717a70a77ee7231efc7 69160d9cf1a14d7aadae74d559d95891 - - - -] delete failed (client error): The resource could not be found.
2026-07-02 06:22:10.993 10 INFO neutron.wsgi [None req-df5cea24-2cbb-40ae-ba00-61532a724ad1 c49592b282ec4717a70a77ee7231efc7 69160d9cf1a14d7aadae74d559d95891 - - - -] 10.0.0.79 "DELETE /v2.0/routers/3cee6ee7-efc7-4c8a-a3a1-875716bdf8e1 HTTP/1.1" status: 404 len: 336 time: 0.0581708
2026-07-02 06:22:10.996 9 INFO neutron.plugins.ml2.plugin [None req-88340fd5-c39a-472f-8088-4e6bd594532e - - - - - -] Attempt 1 to provision port 5dc889df-9b1e-4426-8105-7527a9632321
2026-07-02 06:22:11.019 9 INFO neutron.pecan_wsgi.hooks.translation [None req-b190d52f-81f5-4d40-b30e-0f68f22b04d7 c49592b282ec4717a70a77ee7231efc7 69160d9cf1a14d7aadae74d559d95891 - - - -] DELETE failed (client error): The resource could not be found.
2026-07-02 06:22:11.021 9 INFO neutron.wsgi [None req-b190d52f-81f5-4d40-b30e-0f68f22b04d7 c49592b282ec4717a70a77ee7231efc7 69160d9cf1a14d7aadae74d559d95891 - - - -] 10.0.0.79 "DELETE /v2.0/subnets/673fca32-1dbb-409d-88d8-fb5d134218c7 HTTP/1.1" status: 404 len: 337 time: 0.0255733
2026-07-02 06:22:11.052 10 INFO neutron.wsgi [None req-4957284e-1e4b-4211-b03f-a6b9102d7b74 c49592b282ec4717a70a77ee7231efc7 69160d9cf1a14d7aadae74d559d95891 - - default default] 10.0.0.79 "GET /v2.0/ports?device_id=84d0c5bd-c9dc-4aab-b8a9-d4e4d4769a1a HTTP/1.1" status: 200 len: 205 time: 0.0257704
2026-07-02 06:22:11.077 9 INFO neutron.services.segments.plugin [-] Segment b78be3fb-a3c6-44da-b9aa-96e6d1808e47 resource provider aggregate not found
2026-07-02 06:22:11.084 10 INFO neutron.api.v2.resource [None req-61adbd45-2ff2-4425-9896-614e1a6af9eb c49592b282ec4717a70a77ee7231efc7 69160d9cf1a14d7aadae74d559d95891 - - - -] delete failed (client error): The resource could not be found.
2026-07-02 06:22:11.085 10 INFO neutron.wsgi [None req-61adbd45-2ff2-4425-9896-614e1a6af9eb c49592b282ec4717a70a77ee7231efc7 69160d9cf1a14d7aadae74d559d95891 - - - -] 10.0.0.79 "DELETE /v2.0/routers/84d0c5bd-c9dc-4aab-b8a9-d4e4d4769a1a HTTP/1.1" status: 404 len: 336 time: 0.0279989
2026-07-02 06:22:11.101 9 INFO neutron.services.segments.plugin [-] Segment b78be3fb-a3c6-44da-b9aa-96e6d1808e47 resource provider not found; error: Placement Client Error (4xx): {"errors": [{"status": 404, "title": "Not Found", "detail": "The resource could not be found.\n\n No resource provider with uuid b78be3fb-a3c6-44da-b9aa-96e6d1808e47 found for delete ", "request_id": "req-3837b935-f512-42e1-8347-f3f076e0571f"}]}
2026-07-02 06:22:11.107 9 INFO neutron.services.segments.plugin [-] Segment b78be3fb-a3c6-44da-b9aa-96e6d1808e47 resource provider aggregate not found
2026-07-02 06:22:11.110 10 INFO neutron.pecan_wsgi.hooks.translation [None req-e256c264-9ba6-49f0-900c-8e9b4f2eeebf c49592b282ec4717a70a77ee7231efc7 69160d9cf1a14d7aadae74d559d95891 - - - -] DELETE failed (client error): The resource could not be found.
2026-07-02 06:22:11.114 10 INFO neutron.wsgi [None req-e256c264-9ba6-49f0-900c-8e9b4f2eeebf c49592b282ec4717a70a77ee7231efc7 69160d9cf1a14d7aadae74d559d95891 - - - -] 10.0.0.79 "DELETE /v2.0/subnets/1869ef27-ddaf-4091-8d9a-2303a25b9c78 HTTP/1.1" status: 404 len: 337 time: 0.0245006
2026-07-02 06:22:11.127 9 INFO neutron.services.segments.plugin [-] Segment b78be3fb-a3c6-44da-b9aa-96e6d1808e47 resource provider not found; error: Placement Client Error (4xx): {"errors": [{"status": 404, "title": "Not Found", "detail": "The resource could not be found.\n\n No resource provider with uuid b78be3fb-a3c6-44da-b9aa-96e6d1808e47 found for delete ", "request_id": "req-87f86e02-8b5f-46b2-8478-6ff53dfaa78c"}]}
2026-07-02 06:22:11.145 10 INFO neutron.pecan_wsgi.hooks.translation [None req-8b8347dd-2168-44f3-a746-66ec65d04464 c49592b282ec4717a70a77ee7231efc7 69160d9cf1a14d7aadae74d559d95891 - - - -] DELETE failed (client error): The resource could not be found.
2026-07-02 06:22:11.148 10 INFO neutron.wsgi [None req-8b8347dd-2168-44f3-a746-66ec65d04464 c49592b282ec4717a70a77ee7231efc7 69160d9cf1a14d7aadae74d559d95891 - - - -] 10.0.0.79 "DELETE /v2.0/subnets/613722ba-771f-4a57-bb73-9dc35e50bdc5 HTTP/1.1" status: 404 len: 337 time: 0.0293696
2026-07-02 06:22:11.176 9 INFO neutron.notifiers.nova [-] Nova event matching ['req-9da080e4-db2f-4d0d-a279-5efa0b1fbb9b'] response: {'server_uuid': '6303d3cc-980c-4055-85f8-7789b7d1acab', 'name': 'network-vif-plugged', 'status': 'completed', 'tag': '5dc889df-9b1e-4426-8105-7527a9632321', 'code': 200}
2026-07-02 06:22:11.190 9 INFO neutron.wsgi [req-b1f306ec-ed24-427d-a9ed-dfda398da675 req-d2bdb5f0-7c63-4eca-ab5c-0be5affdee83 ada276366ca548c3b48f350584c59343 0addd3a385d149e9878ec2a9b47b3d6e - - default default] 10.0.0.71 "GET /v2.0/ports?device_id=6303d3cc-980c-4055-85f8-7789b7d1acab HTTP/1.1" status: 200 len: 1170 time: 0.0455182
2026-07-02 06:22:11.216 10 INFO neutron.services.segments.plugin [-] Segment 210f7c82-2044-4c3a-b8f5-baa6828cf386 resource provider aggregate not found
2026-07-02 06:22:11.222 10 INFO neutron.services.segments.plugin [-] Segment 210f7c82-2044-4c3a-b8f5-baa6828cf386 resource provider aggregate not found
2026-07-02 06:22:11.241 10 INFO neutron.services.segments.plugin [-] Segment 210f7c82-2044-4c3a-b8f5-baa6828cf386 resource provider not found; error: Placement Client Error (4xx): {"errors": [{"status": 404, "title": "Not Found", "detail": "The resource could not be found.\n\n No resource provider with uuid 210f7c82-2044-4c3a-b8f5-baa6828cf386 found for delete ", "request_id": "req-f86a6599-ed7e-4473-9566-34a5bde8461b"}]}
2026-07-02 06:22:11.243 10 INFO neutron.services.segments.plugin [-] Segment 210f7c82-2044-4c3a-b8f5-baa6828cf386 resource provider not found; error: Placement Client Error (4xx): {"errors": [{"status": 404, "title": "Not Found", "detail": "The resource could not be found.\n\n No resource provider with uuid 210f7c82-2044-4c3a-b8f5-baa6828cf386 found for delete ", "request_id": "req-ca586598-3dbc-4667-96e6-e0c8183ee1d5"}]}
2026-07-02 06:22:11.256 9 INFO neutron.wsgi [req-b1f306ec-ed24-427d-a9ed-dfda398da675 req-5ac26259-e0ee-471b-b320-d52a83257da6 ada276366ca548c3b48f350584c59343 0addd3a385d149e9878ec2a9b47b3d6e - - default default] 10.0.0.71 "GET /v2.0/security-groups?id=fcfadce3-16d0-4b06-aa54-69ca791a0c28&fields=id&fields=name HTTP/1.1" status: 200 len: 312 time: 0.0553470
2026-07-02 06:22:11.260 9 INFO neutron.db.ovn_revision_numbers_db [None req-1029b078-5eb5-4bff-a88d-1b83730a5960 5b4e09e9bcaf40b5999b61b45af84c86 7d4e6bf08eb9424884271f3739462231 - - default default] Successfully bumped revision number for resource abcaa5d1-98ca-4044-8429-299466a64963 (type: security_groups) to 1
2026-07-02 06:22:11.302 9 INFO neutron.wsgi [None req-1029b078-5eb5-4bff-a88d-1b83730a5960 5b4e09e9bcaf40b5999b61b45af84c86 7d4e6bf08eb9424884271f3739462231 - - default default] 10.0.0.79 "GET /v2.0/security-groups?tenant_id=135a10a466bd43f78fd0ab8ce7a25f50&name=default HTTP/1.1" status: 200 len: 2996 time: 0.2211976
2026-07-02 06:22:11.372 9 INFO neutron.db.ovn_revision_numbers_db [None req-88340fd5-c39a-472f-8088-4e6bd594532e - - - - - -] Successfully bumped revision number for resource 5dc889df-9b1e-4426-8105-7527a9632321 (type: ports) to 4
2026-07-02 06:22:11.453 10 INFO neutron.wsgi [None req-80327ade-a15e-4307-9960-e6a9dd67111a 5b4e09e9bcaf40b5999b61b45af84c86 7d4e6bf08eb9424884271f3739462231 - - default default] 10.0.0.79 "GET /v2.0/security-groups?tenant_id=5a2c4c80f0b6456c9a6fe524016ae2de&name=default HTTP/1.1" status: 200 len: 2996 time: 0.2875290
2026-07-02 06:22:11.495 10 INFO neutron.wsgi [None req-7d007d2a-9e6c-4243-8204-f3b5d086d9a7 5b4e09e9bcaf40b5999b61b45af84c86 7d4e6bf08eb9424884271f3739462231 - - - -] 10.0.0.79 "DELETE /v2.0/security-groups/abcaa5d1-98ca-4044-8429-299466a64963 HTTP/1.1" status: 204 len: 168 time: 0.1884615
2026-07-02 06:22:11.633 10 INFO neutron.wsgi [None req-39279d7b-01b2-4bfc-9270-61a1da833b8a 5b4e09e9bcaf40b5999b61b45af84c86 7d4e6bf08eb9424884271f3739462231 - - - -] 10.0.0.79 "DELETE /v2.0/security-groups/8e2f0af7-03cb-4125-a228-a03cfe75ed5a HTTP/1.1" status: 204 len: 168 time: 0.1741650
2026-07-02 06:22:11.914 10 INFO neutron.wsgi [None req-fe5a3f5c-ad53-49e2-80a4-20943a02fb9d 5b4e09e9bcaf40b5999b61b45af84c86 7d4e6bf08eb9424884271f3739462231 - - default default] 10.0.0.79 "GET /v2.0/security-groups?tenant_id=69160d9cf1a14d7aadae74d559d95891&name=default HTTP/1.1" status: 200 len: 2996 time: 0.2576718
2026-07-02 06:22:12.160 10 INFO neutron.wsgi [None req-6ef5f6db-af64-45c0-aac9-c1b39f94917b 5b4e09e9bcaf40b5999b61b45af84c86 7d4e6bf08eb9424884271f3739462231 - - - -] 10.0.0.79 "DELETE /v2.0/security-groups/ca38786d-ab05-4231-bf2d-e38db744d780 HTTP/1.1" status: 204 len: 168 time: 0.2404394 /var/lib/openstack/lib/python3.10/site-packages/pycadf/identifier.py:71: UserWarning: Invalid uuid: neutron. To ensure interoperability, identifiers should be a valid uuid. warnings.warn(('Invalid uuid: %s. To ensure interoperability, '
2026-07-02 06:22:12.367 9 INFO neutron.wsgi [req-d8593f5c-3922-4b6c-af7a-cc2d40bc1a83 req-95d36f1e-1019-4648-915d-a116b6e652aa ada276366ca548c3b48f350584c59343 0addd3a385d149e9878ec2a9b47b3d6e - - default default] 10.0.0.71 "GET /v2.0/ports?device_id=6303d3cc-980c-4055-85f8-7789b7d1acab HTTP/1.1" status: 200 len: 1170 time: 0.0461035
