2026-07-02 06:22:12.417 9 INFO neutron.wsgi [req-d8593f5c-3922-4b6c-af7a-cc2d40bc1a83 req-149652f3-ef44-4f52-8f68-f4e177ab8384 ada276366ca548c3b48f350584c59343 0addd3a385d149e9878ec2a9b47b3d6e - - default default] 10.0.0.71 "GET /v2.0/security-groups?id=fcfadce3-16d0-4b06-aa54-69ca791a0c28&fields=id&fields=name HTTP/1.1" status: 200 len: 312 time: 0.0415978
2026-07-02 06:22:12.593 9 INFO neutron.wsgi [req-7d365aef-e189-48cd-8b0d-82d8d309506b req-ac772c80-2054-4a1b-862f-31d6c7197628 ada276366ca548c3b48f350584c59343 0addd3a385d149e9878ec2a9b47b3d6e - - default default] 10.0.0.71 "GET /v2.0/ports?device_id=6303d3cc-980c-4055-85f8-7789b7d1acab HTTP/1.1" status: 200 len: 1170 time: 0.1009717
2026-07-02 06:22:12.837 9 INFO neutron.db.l3_db [None req-870e8cc9-43e8-47ab-aca8-0ec73572114b ada276366ca548c3b48f350584c59343 0addd3a385d149e9878ec2a9b47b3d6e - - - -] Floating IP 6e17854f-6f60-437e-bf04-d50c285549e2 associated. External IP: 10.96.250.205, port: 5dc889df-9b1e-4426-8105-7527a9632321.
2026-07-02 06:22:13.045 9 INFO neutron.db.ovn_revision_numbers_db [None req-870e8cc9-43e8-47ab-aca8-0ec73572114b ada276366ca548c3b48f350584c59343 0addd3a385d149e9878ec2a9b47b3d6e - - - -] Successfully bumped revision number for resource 6e17854f-6f60-437e-bf04-d50c285549e2 (type: floatingips) to 1
2026-07-02 06:22:13.127 9 INFO neutron.db.ovn_revision_numbers_db [None req-870e8cc9-43e8-47ab-aca8-0ec73572114b ada276366ca548c3b48f350584c59343 0addd3a385d149e9878ec2a9b47b3d6e - - - -] Successfully bumped revision number for resource 6e17854f-6f60-437e-bf04-d50c285549e2 (type: floatingips) to 2
2026-07-02 06:22:13.152 9 INFO neutron.wsgi [None req-870e8cc9-43e8-47ab-aca8-0ec73572114b ada276366ca548c3b48f350584c59343 0addd3a385d149e9878ec2a9b47b3d6e - - - -] 10.0.0.79 "PUT /v2.0/floatingips/6e17854f-6f60-437e-bf04-d50c285549e2 HTTP/1.1" status: 200 len: 1049 time: 0.5447049
2026-07-02 06:22:13.214 9 INFO neutron.notifiers.nova [-] Nova event matching ['req-6a414de3-1e96-4150-b61c-abae56d2d4f7'] response: {'server_uuid': '6303d3cc-980c-4055-85f8-7789b7d1acab', 'name': 'network-vif-plugged', 'status': 'completed', 'tag': '5dc889df-9b1e-4426-8105-7527a9632321', 'code': 200}
2026-07-02 06:22:13.215 9 INFO neutron.notifiers.nova [-] Nova event matching ['req-6a414de3-1e96-4150-b61c-abae56d2d4f7'] response: {'name': 'network-changed', 'server_uuid': '6303d3cc-980c-4055-85f8-7789b7d1acab', 'tag': '5dc889df-9b1e-4426-8105-7527a9632321', 'status': 'completed', 'code': 200}
2026-07-02 06:22:13.272 10 INFO neutron.wsgi [req-c5c63c6f-7d20-4345-a4c5-c71580fc4dc1 req-b05027ca-005c-47cd-addb-129173aa593a 61185dab1d68427ebbc3201dcb371977 bceb53729f44493ca424a3ca25f841ce - - a5e034bf6ba748e8b33b73356ae16185 a5e034bf6ba748e8b33b73356ae16185] 199.19.213.151 "GET /v2.0/ports?tenant_id=0addd3a385d149e9878ec2a9b47b3d6e&device_id=6303d3cc-980c-4055-85f8-7789b7d1acab HTTP/1.1" status: 200 len: 1361 time: 0.0366433
2026-07-02 06:22:13.329 10 INFO neutron.wsgi [req-c5c63c6f-7d20-4345-a4c5-c71580fc4dc1 req-c3fea404-63c7-4436-bf6f-7b92d07cade0 61185dab1d68427ebbc3201dcb371977 bceb53729f44493ca424a3ca25f841ce - - a5e034bf6ba748e8b33b73356ae16185 a5e034bf6ba748e8b33b73356ae16185] 199.19.213.151 "GET /v2.0/networks?id=4aad77e3-0f91-437a-9238-0cfd83153dfc HTTP/1.1" status: 200 len: 973 time: 0.0494668
2026-07-02 06:22:13.383 10 INFO neutron.wsgi [req-c5c63c6f-7d20-4345-a4c5-c71580fc4dc1 req-e83d0d5f-a7e6-4918-9359-31584f33c062 61185dab1d68427ebbc3201dcb371977 bceb53729f44493ca424a3ca25f841ce - - a5e034bf6ba748e8b33b73356ae16185 a5e034bf6ba748e8b33b73356ae16185] 199.19.213.151 "GET /v2.0/floatingips?fixed_ip_address=10.100.0.3&port_id=5dc889df-9b1e-4426-8105-7527a9632321 HTTP/1.1" status: 200 len: 1059 time: 0.0488486
2026-07-02 06:22:13.420 10 INFO neutron.wsgi [req-c5c63c6f-7d20-4345-a4c5-c71580fc4dc1 req-459c05bf-8cf6-40ba-a2fd-d5a6d5738c61 61185dab1d68427ebbc3201dcb371977 bceb53729f44493ca424a3ca25f841ce - - a5e034bf6ba748e8b33b73356ae16185 a5e034bf6ba748e8b33b73356ae16185] 199.19.213.151 "GET /v2.0/subnets?id=c45b04c1-7335-46cf-8ae0-d391e0cfb1f3 HTTP/1.1" status: 200 len: 868 time: 0.0313127
2026-07-02 06:22:13.458 10 INFO neutron.wsgi [req-c5c63c6f-7d20-4345-a4c5-c71580fc4dc1 req-a403104d-7fa8-4d4e-95d5-89421fb01319 61185dab1d68427ebbc3201dcb371977 bceb53729f44493ca424a3ca25f841ce - - a5e034bf6ba748e8b33b73356ae16185 a5e034bf6ba748e8b33b73356ae16185] 199.19.213.151 "GET /v2.0/ports?network_id=4aad77e3-0f91-437a-9238-0cfd83153dfc&device_owner=network%3Adhcp HTTP/1.1" status: 200 len: 210 time: 0.0309267
2026-07-02 06:22:13.458 10 WARNING neutron.plugins.ml2.drivers.ovn.mech_driver.ovsdb.ovn_client [None req-a8cc8614-9749-4c6b-9893-936db2bc6ecf - - - - - -] No port found with ID 768adf9c-ce16-42d3-a5fe-84beb8ddabf6: RuntimeError: No port found with ID 768adf9c-ce16-42d3-a5fe-84beb8ddabf6
2026-07-02 06:22:13.519 10 INFO neutron.wsgi [req-c5c63c6f-7d20-4345-a4c5-c71580fc4dc1 req-30e25ece-6a8c-47c0-beea-ab6493e29895 61185dab1d68427ebbc3201dcb371977 bceb53729f44493ca424a3ca25f841ce - - a5e034bf6ba748e8b33b73356ae16185 a5e034bf6ba748e8b33b73356ae16185] 199.19.213.151 "GET /v2.0/networks/4aad77e3-0f91-437a-9238-0cfd83153dfc?fields=segments HTTP/1.1" status: 200 len: 212 time: 0.0561233
2026-07-02 06:22:13.574 10 INFO neutron.wsgi [req-c5c63c6f-7d20-4345-a4c5-c71580fc4dc1 req-885e7bf4-a875-4607-b438-031858ef5c58 61185dab1d68427ebbc3201dcb371977 bceb53729f44493ca424a3ca25f841ce - - a5e034bf6ba748e8b33b73356ae16185 a5e034bf6ba748e8b33b73356ae16185] 199.19.213.151 "GET /v2.0/networks/4aad77e3-0f91-437a-9238-0cfd83153dfc?fields=provider%3Aphysical_network&fields=provider%3Anetwork_type HTTP/1.1" status: 200 len: 277 time: 0.0475559
2026-07-02 06:22:13.763 10 INFO neutron.db.ovn_revision_numbers_db [None req-8ad744cb-0856-4a98-913f-7f5431c1fdbc adf1fd32710b408b82c0fb61bdd15377 1a4015cc5c5d4603b189641da297f24c - - - -] Successfully bumped revision number for resource ff0f7266-e5bc-4dfd-98cc-36687ac804ac (type: security_groups) to 1
2026-07-02 06:22:13.816 10 INFO neutron.db.segments_db [None req-8ad744cb-0856-4a98-913f-7f5431c1fdbc adf1fd32710b408b82c0fb61bdd15377 1a4015cc5c5d4603b189641da297f24c - - - -] Added segment 3eb7a83a-a00e-4846-8a16-2016b963a240 of type geneve for network 975e28de-45b7-4f37-a5ab-0b6a8a87f513
2026-07-02 06:22:13.946 10 INFO neutron.db.ovn_revision_numbers_db [None req-8ad744cb-0856-4a98-913f-7f5431c1fdbc adf1fd32710b408b82c0fb61bdd15377 1a4015cc5c5d4603b189641da297f24c - - - -] Successfully bumped revision number for resource 975e28de-45b7-4f37-a5ab-0b6a8a87f513 (type: networks) to 1
2026-07-02 06:22:14.127 10 WARNING neutron.scheduler.dhcp_agent_scheduler [None req-8ad744cb-0856-4a98-913f-7f5431c1fdbc adf1fd32710b408b82c0fb61bdd15377 1a4015cc5c5d4603b189641da297f24c - - - -] No more DHCP agents
2026-07-02 06:22:14.132 10 WARNING neutron.api.rpc.agentnotifiers.dhcp_rpc_agent_api [None req-8ad744cb-0856-4a98-913f-7f5431c1fdbc adf1fd32710b408b82c0fb61bdd15377 1a4015cc5c5d4603b189641da297f24c - - - -] Unable to schedule network 975e28de-45b7-4f37-a5ab-0b6a8a87f513: no agents available; will retry on subsequent port and subnet creation events.
2026-07-02 06:22:14.217 10 INFO neutron.db.ovn_revision_numbers_db [None req-8ad744cb-0856-4a98-913f-7f5431c1fdbc adf1fd32710b408b82c0fb61bdd15377 1a4015cc5c5d4603b189641da297f24c - - - -] Successfully bumped revision number for resource 5180e4da-e9f4-4208-80d0-bcfba3022ae3 (type: ports) to 1
2026-07-02 06:22:14.246 10 INFO neutron.db.ovn_revision_numbers_db [None req-0c6ae630-00a3-41d5-8f33-90b66f45b003 e6f52b0ae49e4568bff09b131a5cf3e8 94a39ea234864c21bd396e16074e970e - - - -] Successfully bumped revision number for resource cf6840f3-3301-4e53-9f84-a0ca37fd1c64 (type: security_groups) to 1
2026-07-02 06:22:14.260 10 INFO neutron.wsgi [None req-8ad744cb-0856-4a98-913f-7f5431c1fdbc adf1fd32710b408b82c0fb61bdd15377 1a4015cc5c5d4603b189641da297f24c - - - -] 10.0.0.79 "POST /v2.0/networks HTTP/1.1" status: 201 len: 843 time: 0.8214643 /var/lib/openstack/lib/python3.10/site-packages/pycadf/identifier.py:71: UserWarning: Invalid uuid: neutron. To ensure interoperability, identifiers should be a valid uuid. warnings.warn(('Invalid uuid: %s. To ensure interoperability, '
2026-07-02 06:22:14.321 10 INFO neutron.db.ovn_revision_numbers_db [None req-0c6ae630-00a3-41d5-8f33-90b66f45b003 e6f52b0ae49e4568bff09b131a5cf3e8 94a39ea234864c21bd396e16074e970e - - - -] Successfully bumped revision number for resource cf16dab4-88cc-45a8-aa4c-96ae7ab20842 (type: security_groups) to 1
2026-07-02 06:22:14.339 10 INFO neutron.wsgi [None req-0c6ae630-00a3-41d5-8f33-90b66f45b003 e6f52b0ae49e4568bff09b131a5cf3e8 94a39ea234864c21bd396e16074e970e - - - -] 10.0.0.79 "POST /v2.0/security-groups HTTP/1.1" status: 201 len: 1761 time: 0.4343858
2026-07-02 06:22:14.380 10 INFO neutron.wsgi [None req-1f29834a-8fae-4240-82b7-f9092ef80ef5 e6f52b0ae49e4568bff09b131a5cf3e8 94a39ea234864c21bd396e16074e970e - - default default] 10.0.0.79 "GET /v2.0/security-groups HTTP/1.1" status: 200 len: 4539 time: 0.0368409
2026-07-02 06:22:14.460 10 INFO neutron.db.ovn_revision_numbers_db [None req-838e6b7e-5aa0-41b2-909f-3aaab2469796 e6f52b0ae49e4568bff09b131a5cf3e8 94a39ea234864c21bd396e16074e970e - - - -] Successfully bumped revision number for resource cf16dab4-88cc-45a8-aa4c-96ae7ab20842 (type: security_groups) to 2
2026-07-02 06:22:14.465 10 INFO neutron.wsgi [None req-838e6b7e-5aa0-41b2-909f-3aaab2469796 e6f52b0ae49e4568bff09b131a5cf3e8 94a39ea234864c21bd396e16074e970e - - - -] 10.0.0.79 "PUT /v2.0/security-groups/cf16dab4-88cc-45a8-aa4c-96ae7ab20842 HTTP/1.1" status: 200 len: 1795 time: 0.0814061
2026-07-02 06:22:14.498 10 INFO neutron.wsgi [None req-f47538dd-3fb7-408a-a57a-24348d6618ef e6f52b0ae49e4568bff09b131a5cf3e8 94a39ea234864c21bd396e16074e970e - - default default] 10.0.0.79 "GET /v2.0/security-groups/cf16dab4-88cc-45a8-aa4c-96ae7ab20842 HTTP/1.1" status: 200 len: 1795 time: 0.0277948
2026-07-02 06:22:14.515 9 WARNING neutron.scheduler.dhcp_agent_scheduler [None req-e23c79e3-2098-4b1e-8d86-4ddc686d1d8c adf1fd32710b408b82c0fb61bdd15377 1a4015cc5c5d4603b189641da297f24c - - - -] No more DHCP agents
2026-07-02 06:22:14.517 9 WARNING neutron.api.rpc.agentnotifiers.dhcp_rpc_agent_api [None req-e23c79e3-2098-4b1e-8d86-4ddc686d1d8c adf1fd32710b408b82c0fb61bdd15377 1a4015cc5c5d4603b189641da297f24c - - - -] Unable to schedule network 975e28de-45b7-4f37-a5ab-0b6a8a87f513: no agents available; will retry on subsequent port and subnet creation events.
2026-07-02 06:22:14.607 10 INFO neutron.wsgi [None req-e5a3dc66-c0c3-4f19-9ed6-711d75e46077 e6f52b0ae49e4568bff09b131a5cf3e8 94a39ea234864c21bd396e16074e970e - - - -] 10.0.0.79 "DELETE /v2.0/security-groups/cf16dab4-88cc-45a8-aa4c-96ae7ab20842 HTTP/1.1" status: 204 len: 168 time: 0.1039331
2026-07-02 06:22:14.637 10 INFO neutron.wsgi [None req-86735d95-f58a-482f-a8a3-018a218807b0 e6f52b0ae49e4568bff09b131a5cf3e8 94a39ea234864c21bd396e16074e970e - - default default] 10.0.0.79 "GET /v2.0/security-groups HTTP/1.1" status: 200 len: 2996 time: 0.0269098
2026-07-02 06:22:14.651 10 INFO neutron.api.v2.resource [None req-e3f7e326-bbc8-47f2-8079-ab40c9529715 e6f52b0ae49e4568bff09b131a5cf3e8 94a39ea234864c21bd396e16074e970e - - - -] delete failed (client error): The resource could not be found.
2026-07-02 06:22:14.653 10 INFO neutron.wsgi [None req-e3f7e326-bbc8-47f2-8079-ab40c9529715 e6f52b0ae49e4568bff09b131a5cf3e8 94a39ea234864c21bd396e16074e970e - - - -] 10.0.0.79 "DELETE /v2.0/security-groups/cf16dab4-88cc-45a8-aa4c-96ae7ab20842 HTTP/1.1" status: 404 len: 347 time: 0.0122316
2026-07-02 06:22:14.739 10 INFO neutron.db.ovn_revision_numbers_db [None req-5a0ddf4d-bf31-4d55-9b25-20abbb9c1f7e e6f52b0ae49e4568bff09b131a5cf3e8 94a39ea234864c21bd396e16074e970e - - - -] Successfully bumped revision number for resource 07f765c6-926a-426c-8665-9514710bc465 (type: security_groups) to 1
2026-07-02 06:22:14.759 10 INFO neutron.wsgi [None req-5a0ddf4d-bf31-4d55-9b25-20abbb9c1f7e e6f52b0ae49e4568bff09b131a5cf3e8 94a39ea234864c21bd396e16074e970e - - - -] 10.0.0.79 "POST /v2.0/security-groups HTTP/1.1" status: 201 len: 1760 time: 0.1013973
2026-07-02 06:22:14.837 9 INFO neutron.db.ovn_revision_numbers_db [None req-e23c79e3-2098-4b1e-8d86-4ddc686d1d8c adf1fd32710b408b82c0fb61bdd15377 1a4015cc5c5d4603b189641da297f24c - - - -] Successfully bumped revision number for resource fa692d5c-e4fb-488d-adcc-cc685ac0cc72 (type: ports) to 1
2026-07-02 06:22:14.873 9 INFO neutron.wsgi [None req-e23c79e3-2098-4b1e-8d86-4ddc686d1d8c adf1fd32710b408b82c0fb61bdd15377 1a4015cc5c5d4603b189641da297f24c - - - -] 10.0.0.79 "POST /v2.0/ports HTTP/1.1" status: 201 len: 973 time: 0.6059601
2026-07-02 06:22:14.892 10 INFO neutron.db.ovn_revision_numbers_db [None req-484e9490-bed6-41c6-a296-be672aa36f61 e6f52b0ae49e4568bff09b131a5cf3e8 94a39ea234864c21bd396e16074e970e - - - -] Successfully bumped revision number for resource a8eca032-8922-45ac-885c-e245c4fdbeff (type: security_group_rules) to 0
2026-07-02 06:22:14.921 10 INFO neutron.wsgi [None req-484e9490-bed6-41c6-a296-be672aa36f61 e6f52b0ae49e4568bff09b131a5cf3e8 94a39ea234864c21bd396e16074e970e - - - -] 10.0.0.79 "POST /v2.0/security-group-rules HTTP/1.1" status: 201 len: 768 time: 0.1575546 /var/lib/openstack/lib/python3.10/site-packages/pycadf/identifier.py:71: UserWarning: Invalid uuid: neutron. To ensure interoperability, identifiers should be a valid uuid. warnings.warn(('Invalid uuid: %s. To ensure interoperability, '
2026-07-02 06:22:14.945 9 INFO neutron.wsgi [None req-3e32c2b2-5df9-4543-838e-4d41f3271c56 e6f52b0ae49e4568bff09b131a5cf3e8 94a39ea234864c21bd396e16074e970e - - default default] 10.0.0.79 "GET /v2.0/security-group-rules/a8eca032-8922-45ac-885c-e245c4fdbeff HTTP/1.1" status: 200 len: 763 time: 0.0171518
2026-07-02 06:22:14.973 10 INFO neutron.db.segments_db [None req-ba39626d-a213-41c0-927c-9b87df9db40b adf1fd32710b408b82c0fb61bdd15377 1a4015cc5c5d4603b189641da297f24c - - - -] Added segment 89849b5b-d839-48c5-8443-1ced4159d640 of type geneve for network ab9686d3-d0a1-4a08-80e3-603d71023e88
2026-07-02 06:22:14.999 9 INFO neutron.wsgi [None req-c9ea2b37-07d8-4028-8440-598bd8571fa4 e6f52b0ae49e4568bff09b131a5cf3e8 94a39ea234864c21bd396e16074e970e - - default default] 10.0.0.79 "GET /v2.0/security-group-rules HTTP/1.1" status: 200 len: 4113 time: 0.0412576
2026-07-02 06:22:15.110 10 INFO neutron.db.ovn_revision_numbers_db [None req-ba39626d-a213-41c0-927c-9b87df9db40b adf1fd32710b408b82c0fb61bdd15377 1a4015cc5c5d4603b189641da297f24c - - - -] Successfully bumped revision number for resource ab9686d3-d0a1-4a08-80e3-603d71023e88 (type: networks) to 1
2026-07-02 06:22:15.155 9 INFO neutron.wsgi [None req-9e50c75a-5323-48a5-8907-20128516eeb9 e6f52b0ae49e4568bff09b131a5cf3e8 94a39ea234864c21bd396e16074e970e - - - -] 10.0.0.79 "DELETE /v2.0/security-group-rules/a8eca032-8922-45ac-885c-e245c4fdbeff HTTP/1.1" status: 204 len: 168 time: 0.1415956
2026-07-02 06:22:15.186 9 INFO neutron.wsgi [None req-dc71bdf6-2c29-40a1-a79a-216bce4e4b24 e6f52b0ae49e4568bff09b131a5cf3e8 94a39ea234864c21bd396e16074e970e - - default default] 10.0.0.79 "GET /v2.0/security-group-rules HTTP/1.1" status: 200 len: 3567 time: 0.0260646
2026-07-02 06:22:15.289 9 INFO neutron.db.ovn_revision_numbers_db [None req-a5864936-3601-438b-915d-b7d026f24018 e6f52b0ae49e4568bff09b131a5cf3e8 94a39ea234864c21bd396e16074e970e - - - -] Successfully bumped revision number for resource 8e355eab-98fd-4694-bcbe-29a01295db19 (type: security_group_rules) to 0
2026-07-02 06:22:15.302 10 WARNING neutron.scheduler.dhcp_agent_scheduler [None req-ba39626d-a213-41c0-927c-9b87df9db40b adf1fd32710b408b82c0fb61bdd15377 1a4015cc5c5d4603b189641da297f24c - - - -] No more DHCP agents
2026-07-02 06:22:15.304 10 WARNING neutron.api.rpc.agentnotifiers.dhcp_rpc_agent_api [None req-ba39626d-a213-41c0-927c-9b87df9db40b adf1fd32710b408b82c0fb61bdd15377 1a4015cc5c5d4603b189641da297f24c - - - -] Unable to schedule network ab9686d3-d0a1-4a08-80e3-603d71023e88: no agents available; will retry on subsequent port and subnet creation events.
2026-07-02 06:22:15.308 9 INFO neutron.wsgi [None req-a5864936-3601-438b-915d-b7d026f24018 e6f52b0ae49e4568bff09b131a5cf3e8 94a39ea234864c21bd396e16074e970e - - - -] 10.0.0.79 "POST /v2.0/security-group-rules HTTP/1.1" status: 201 len: 768 time: 0.1175084
2026-07-02 06:22:15.324 9 INFO neutron.wsgi [None req-1ca48583-0615-4efc-b9b8-1fff1eaf3de0 e6f52b0ae49e4568bff09b131a5cf3e8 94a39ea234864c21bd396e16074e970e - - default default] 10.0.0.79 "GET /v2.0/security-group-rules/8e355eab-98fd-4694-bcbe-29a01295db19 HTTP/1.1" status: 200 len: 763 time: 0.0103374
2026-07-02 06:22:15.371 9 INFO neutron.wsgi [None req-60dbb621-074a-4db3-911c-5d53c39ec9cb e6f52b0ae49e4568bff09b131a5cf3e8 94a39ea234864c21bd396e16074e970e - - default default] 10.0.0.79 "GET /v2.0/security-group-rules HTTP/1.1" status: 200 len: 4113 time: 0.0434771
2026-07-02 06:22:15.379 10 INFO neutron.db.ovn_revision_numbers_db [None req-ba39626d-a213-41c0-927c-9b87df9db40b adf1fd32710b408b82c0fb61bdd15377 1a4015cc5c5d4603b189641da297f24c - - - -] Successfully bumped revision number for resource ed4b12d4-da82-45a8-be92-d461b5dc835d (type: ports) to 1
2026-07-02 06:22:15.409 10 INFO neutron.wsgi [None req-ba39626d-a213-41c0-927c-9b87df9db40b adf1fd32710b408b82c0fb61bdd15377 1a4015cc5c5d4603b189641da297f24c - - - -] 10.0.0.79 "POST /v2.0/networks HTTP/1.1" status: 201 len: 830 time: 0.5308361
2026-07-02 06:22:15.512 9 INFO neutron.wsgi [None req-13558228-c044-447a-9d1d-bd0bffd150f4 e6f52b0ae49e4568bff09b131a5cf3e8 94a39ea234864c21bd396e16074e970e - - - -] 10.0.0.79 "DELETE /v2.0/security-group-rules/8e355eab-98fd-4694-bcbe-29a01295db19 HTTP/1.1" status: 204 len: 168 time: 0.1371877
2026-07-02 06:22:15.556 10 INFO neutron.wsgi [None req-4e8acb42-5c19-4388-9170-26a3dfa4de08 e6f52b0ae49e4568bff09b131a5cf3e8 94a39ea234864c21bd396e16074e970e - - default default] 10.0.0.79 "GET /v2.0/security-group-rules HTTP/1.1" status: 200 len: 3567 time: 0.0381613
2026-07-02 06:22:15.613 9 INFO neutron.db.ovn_revision_numbers_db [None req-d0f8ae9d-68d5-44e2-a5df-ef5fc92cc064 5b4e09e9bcaf40b5999b61b45af84c86 7d4e6bf08eb9424884271f3739462231 - - default default] Successfully bumped revision number for resource 2d5f4868-9e49-4e77-b654-8c6ee91020d0 (type: security_groups) to 1
2026-07-02 06:22:15.652 9 INFO neutron.wsgi [None req-d0f8ae9d-68d5-44e2-a5df-ef5fc92cc064 5b4e09e9bcaf40b5999b61b45af84c86 7d4e6bf08eb9424884271f3739462231 - - default default] 10.0.0.79 "GET /v2.0/security-groups?tenant_id=03b40c8ad5d940549363e18f433e2e5e&name=default HTTP/1.1" status: 200 len: 2996 time: 0.4508924
2026-07-02 06:22:15.689 10 INFO neutron.db.ovn_revision_numbers_db [None req-6503f9a3-c36c-4018-b14c-9d253bf03aba e6f52b0ae49e4568bff09b131a5cf3e8 94a39ea234864c21bd396e16074e970e - - - -] Successfully bumped revision number for resource f245b66d-5c61-4e4a-87ad-cb8c8d4d50ba (type: security_group_rules) to 0
2026-07-02 06:22:15.723 10 INFO neutron.wsgi [None req-6503f9a3-c36c-4018-b14c-9d253bf03aba e6f52b0ae49e4568bff09b131a5cf3e8 94a39ea234864c21bd396e16074e970e - - - -] 10.0.0.79 "POST /v2.0/security-group-rules HTTP/1.1" status: 201 len: 769 time: 0.1611571
2026-07-02 06:22:15.739 9 WARNING neutron.scheduler.dhcp_agent_scheduler [None req-b75ef471-a743-46a2-8f6f-fa9c93eae7dc adf1fd32710b408b82c0fb61bdd15377 1a4015cc5c5d4603b189641da297f24c - - - -] No more DHCP agents
2026-07-02 06:22:15.742 9 WARNING neutron.api.rpc.agentnotifiers.dhcp_rpc_agent_api [None req-b75ef471-a743-46a2-8f6f-fa9c93eae7dc adf1fd32710b408b82c0fb61bdd15377 1a4015cc5c5d4603b189641da297f24c - - - -] Unable to schedule network ab9686d3-d0a1-4a08-80e3-603d71023e88: no agents available; will retry on subsequent port and subnet creation events.
2026-07-02 06:22:15.742 10 INFO neutron.wsgi [None req-499e3552-4abb-4914-a914-f1a79f8fdbe6 e6f52b0ae49e4568bff09b131a5cf3e8 94a39ea234864c21bd396e16074e970e - - default default] 10.0.0.79 "GET /v2.0/security-group-rules/f245b66d-5c61-4e4a-87ad-cb8c8d4d50ba HTTP/1.1" status: 200 len: 764 time: 0.0135777
2026-07-02 06:22:15.801 9 INFO neutron.wsgi [None req-292c600b-b684-4d4f-b48d-181d6e4e13df e6f52b0ae49e4568bff09b131a5cf3e8 94a39ea234864c21bd396e16074e970e - - default default] 10.0.0.79 "GET /v2.0/security-group-rules HTTP/1.1" status: 200 len: 4114 time: 0.0546079
2026-07-02 06:22:15.909 10 INFO neutron.wsgi [None req-72248c4d-1aa6-40ac-987a-d32106afa9f4 e6f52b0ae49e4568bff09b131a5cf3e8 94a39ea234864c21bd396e16074e970e - - - -] 10.0.0.79 "DELETE /v2.0/security-group-rules/f245b66d-5c61-4e4a-87ad-cb8c8d4d50ba HTTP/1.1" status: 204 len: 168 time: 0.1037662
2026-07-02 06:22:15.939 9 INFO neutron.wsgi [None req-510d83e7-f05b-4b49-b2dd-2ed21db44e5b 5b4e09e9bcaf40b5999b61b45af84c86 7d4e6bf08eb9424884271f3739462231 - - - -] 10.0.0.79 "DELETE /v2.0/security-groups/2d5f4868-9e49-4e77-b654-8c6ee91020d0 HTTP/1.1" status: 204 len: 168 time: 0.2813156
2026-07-02 06:22:15.954 10 INFO neutron.wsgi [None req-0e13262c-bf7b-4947-b7b8-daafbc5bddba e6f52b0ae49e4568bff09b131a5cf3e8 94a39ea234864c21bd396e16074e970e - - default default] 10.0.0.79 "GET /v2.0/security-group-rules HTTP/1.1" status: 200 len: 3567 time: 0.0388486
2026-07-02 06:22:16.087 10 INFO neutron.wsgi [None req-287fa88a-cd8f-441b-aadd-05238947b5f4 e6f52b0ae49e4568bff09b131a5cf3e8 94a39ea234864c21bd396e16074e970e - - - -] 10.0.0.79 "DELETE /v2.0/security-groups/07f765c6-926a-426c-8665-9514710bc465 HTTP/1.1" status: 204 len: 168 time: 0.1288729
2026-07-02 06:22:16.123 10 INFO neutron.wsgi [None req-fdabc327-ec09-4783-bec0-9d962d101095 e6f52b0ae49e4568bff09b131a5cf3e8 94a39ea234864c21bd396e16074e970e - - default default] 10.0.0.79 "GET /v2.0/security-groups HTTP/1.1" status: 200 len: 2996 time: 0.0312715
2026-07-02 06:22:16.163 10 INFO neutron.db.ovn_revision_numbers_db [None req-62d16eea-7edd-4048-92c1-9304b2d5d1d3 5b4e09e9bcaf40b5999b61b45af84c86 7d4e6bf08eb9424884271f3739462231 - - default default] Successfully bumped revision number for resource 4b8b710a-509b-4fc6-a4b5-fe63a0788a7d (type: security_groups) to 1
2026-07-02 06:22:16.172 10 INFO neutron.wsgi [None req-6e0cfa56-5025-4c24-b4da-b2720e11fa42 e6f52b0ae49e4568bff09b131a5cf3e8 94a39ea234864c21bd396e16074e970e - - default default] 10.0.0.79 "GET /v2.0/security-groups HTTP/1.1" status: 200 len: 2996 time: 0.0431507
2026-07-02 06:22:16.193 10 INFO neutron.wsgi [None req-62d16eea-7edd-4048-92c1-9304b2d5d1d3 5b4e09e9bcaf40b5999b61b45af84c86 7d4e6bf08eb9424884271f3739462231 - - default default] 10.0.0.79 "GET /v2.0/security-groups?tenant_id=fb871623b6de4fd884481680a036b430&name=default HTTP/1.1" status: 200 len: 2996 time: 0.1549394
2026-07-02 06:22:16.286 9 INFO neutron.db.ovn_revision_numbers_db [None req-b75ef471-a743-46a2-8f6f-fa9c93eae7dc adf1fd32710b408b82c0fb61bdd15377 1a4015cc5c5d4603b189641da297f24c - - - -] Successfully bumped revision number for resource ed4b12d4-da82-45a8-be92-d461b5dc835d (type: ports) to 2
2026-07-02 06:22:16.304 9 INFO neutron.db.ovn_revision_numbers_db [None req-b75ef471-a743-46a2-8f6f-fa9c93eae7dc adf1fd32710b408b82c0fb61bdd15377 1a4015cc5c5d4603b189641da297f24c - - - -] Successfully bumped revision number for resource d9020435-5e56-4256-8915-6649048ece22 (type: subnets) to 0
2026-07-02 06:22:16.321 9 INFO neutron.wsgi [None req-b75ef471-a743-46a2-8f6f-fa9c93eae7dc adf1fd32710b408b82c0fb61bdd15377 1a4015cc5c5d4603b189641da297f24c - - - -] 10.0.0.79 "POST /v2.0/subnets HTTP/1.1" status: 201 len: 801 time: 0.9066057
2026-07-02 06:22:16.358 10 INFO neutron.wsgi [None req-a3c374af-52b2-4f29-90a8-9b7b2c6aecf5 5b4e09e9bcaf40b5999b61b45af84c86 7d4e6bf08eb9424884271f3739462231 - - - -] 10.0.0.79 "DELETE /v2.0/security-groups/4b8b710a-509b-4fc6-a4b5-fe63a0788a7d HTTP/1.1" status: 204 len: 168 time: 0.1622930
2026-07-02 06:22:16.627 9 WARNING neutron.scheduler.dhcp_agent_scheduler [None req-fa925b93-942d-46aa-8ec6-78b87c648d45 adf1fd32710b408b82c0fb61bdd15377 1a4015cc5c5d4603b189641da297f24c - - - -] No more DHCP agents
2026-07-02 06:22:16.629 9 WARNING neutron.api.rpc.agentnotifiers.dhcp_rpc_agent_api [None req-fa925b93-942d-46aa-8ec6-78b87c648d45 adf1fd32710b408b82c0fb61bdd15377 1a4015cc5c5d4603b189641da297f24c - - - -] Unable to schedule network ab9686d3-d0a1-4a08-80e3-603d71023e88: no agents available; will retry on subsequent port and subnet creation events.
2026-07-02 06:22:16.771 9 INFO neutron.db.ovn_revision_numbers_db [None req-fa925b93-942d-46aa-8ec6-78b87c648d45 adf1fd32710b408b82c0fb61bdd15377 1a4015cc5c5d4603b189641da297f24c - - - -] Successfully bumped revision number for resource f1234f9f-a956-4989-8cf4-20fab3b6df37 (type: ports) to 1
2026-07-02 06:22:16.798 9 INFO neutron.wsgi [None req-fa925b93-942d-46aa-8ec6-78b87c648d45 adf1fd32710b408b82c0fb61bdd15377 1a4015cc5c5d4603b189641da297f24c - - - -] 10.0.0.79 "POST /v2.0/ports HTTP/1.1" status: 201 len: 1152 time: 0.4728084 /var/lib/openstack/lib/python3.10/site-packages/pycadf/identifier.py:71: UserWarning: Invalid uuid: neutron. To ensure interoperability, identifiers should be a valid uuid. warnings.warn(('Invalid uuid: %s. To ensure interoperability, '
2026-07-02 06:22:16.900 10 INFO neutron.wsgi [None req-4578b274-a81f-4b21-b951-d3d81af3cbe8 5b4e09e9bcaf40b5999b61b45af84c86 7d4e6bf08eb9424884271f3739462231 - - default default] 10.0.0.79 "GET /v2.0/security-groups?tenant_id=94a39ea234864c21bd396e16074e970e&name=default HTTP/1.1" status: 200 len: 2996 time: 0.1852353
2026-07-02 06:22:17.129 10 INFO neutron.wsgi [None req-ba7bcd77-44d8-4fc2-8922-3231f007efd0 5b4e09e9bcaf40b5999b61b45af84c86 7d4e6bf08eb9424884271f3739462231 - - - -] 10.0.0.79 "DELETE /v2.0/security-groups/cf6840f3-3301-4e53-9f84-a0ca37fd1c64 HTTP/1.1" status: 204 len: 168 time: 0.2235019
2026-07-02 06:22:17.188 9 INFO neutron.wsgi [None req-c703543d-a415-4f6c-a0e2-0b997d41104f adf1fd32710b408b82c0fb61bdd15377 1a4015cc5c5d4603b189641da297f24c - - - -] 10.0.0.79 "DELETE /v2.0/ports/f1234f9f-a956-4989-8cf4-20fab3b6df37 HTTP/1.1" status: 204 len: 168 time: 0.3837998
2026-07-02 06:22:17.209 9 INFO neutron.pecan_wsgi.hooks.translation [None req-371881e4-8e9d-405c-955c-684b559549ed adf1fd32710b408b82c0fb61bdd15377 1a4015cc5c5d4603b189641da297f24c - - - -] DELETE failed (client error): The resource could not be found.
2026-07-02 06:22:17.211 9 INFO neutron.wsgi [None req-371881e4-8e9d-405c-955c-684b559549ed adf1fd32710b408b82c0fb61bdd15377 1a4015cc5c5d4603b189641da297f24c - - - -] 10.0.0.79 "DELETE /v2.0/ports/f1234f9f-a956-4989-8cf4-20fab3b6df37 HTTP/1.1" status: 404 len: 333 time: 0.0182710
2026-07-02 06:22:17.232 9 INFO neutron.pecan_wsgi.hooks.translation [None req-4cea77cf-eeea-4b69-ac3b-1619240e709d adf1fd32710b408b82c0fb61bdd15377 1a4015cc5c5d4603b189641da297f24c - - default default] GET failed (client error): The resource could not be found.
2026-07-02 06:22:17.233 9 INFO neutron.wsgi [None req-4cea77cf-eeea-4b69-ac3b-1619240e709d adf1fd32710b408b82c0fb61bdd15377 1a4015cc5c5d4603b189641da297f24c - - default default] 10.0.0.79 "GET /v2.0/ports/f1234f9f-a956-4989-8cf4-20fab3b6df37 HTTP/1.1" status: 404 len: 333 time: 0.0171723
2026-07-02 06:22:17.421 9 INFO neutron.wsgi [None req-9a7082f8-7deb-492f-adb8-10df2d2b24fb adf1fd32710b408b82c0fb61bdd15377 1a4015cc5c5d4603b189641da297f24c - - - -] 10.0.0.79 "DELETE /v2.0/subnets/d9020435-5e56-4256-8915-6649048ece22 HTTP/1.1" status: 204 len: 168 time: 0.1831143
2026-07-02 06:22:18.004 9 INFO neutron.services.segments.plugin [-] Segment 89849b5b-d839-48c5-8443-1ced4159d640 resource provider aggregate not found
2026-07-02 06:22:18.023 9 INFO neutron.services.segments.plugin [-] Segment 89849b5b-d839-48c5-8443-1ced4159d640 resource provider aggregate not found
2026-07-02 06:22:18.032 9 INFO neutron.services.segments.plugin [-] Segment 89849b5b-d839-48c5-8443-1ced4159d640 resource provider not found; error: Placement Client Error (4xx): {"errors": [{"status": 404, "title": "Not Found", "detail": "The resource could not be found.\n\n No resource provider with uuid 89849b5b-d839-48c5-8443-1ced4159d640 found for delete ", "request_id": "req-60274602-7b86-440c-831c-d537346099a5"}]}
2026-07-02 06:22:18.060 9 INFO neutron.wsgi [None req-a9230540-4214-4e69-86a0-aec6351a5ae4 adf1fd32710b408b82c0fb61bdd15377 1a4015cc5c5d4603b189641da297f24c - - - -] 10.0.0.79 "DELETE /v2.0/networks/ab9686d3-d0a1-4a08-80e3-603d71023e88 HTTP/1.1" status: 204 len: 168 time: 0.6340706
2026-07-02 06:22:18.117 9 INFO neutron.services.segments.plugin [-] Segment 89849b5b-d839-48c5-8443-1ced4159d640 resource provider not found; error: Placement Client Error (4xx): {"errors": [{"status": 404, "title": "Not Found", "detail": "The resource could not be found.\n\n No resource provider with uuid 89849b5b-d839-48c5-8443-1ced4159d640 found for delete ", "request_id": "req-1be5193f-6fe4-4b95-8c9e-c1d39bab803e"}]}
2026-07-02 06:22:18.159 9 INFO neutron.db.segments_db [None req-a503da97-e0f3-4b0d-a044-1d31f8a37598 adf1fd32710b408b82c0fb61bdd15377 1a4015cc5c5d4603b189641da297f24c - - - -] Added segment 4e4c2b14-7e57-4aa4-8ad4-cd33cc9b811c of type geneve for network 1665c492-3c52-461c-9569-0490e4616006
2026-07-02 06:22:18.296 9 INFO neutron.db.ovn_revision_numbers_db [None req-a503da97-e0f3-4b0d-a044-1d31f8a37598 adf1fd32710b408b82c0fb61bdd15377 1a4015cc5c5d4603b189641da297f24c - - - -] Successfully bumped revision number for resource 1665c492-3c52-461c-9569-0490e4616006 (type: networks) to 1
2026-07-02 06:22:18.473 9 WARNING neutron.scheduler.dhcp_agent_scheduler [None req-a503da97-e0f3-4b0d-a044-1d31f8a37598 adf1fd32710b408b82c0fb61bdd15377 1a4015cc5c5d4603b189641da297f24c - - - -] No more DHCP agents
2026-07-02 06:22:18.476 9 WARNING neutron.api.rpc.agentnotifiers.dhcp_rpc_agent_api [None req-a503da97-e0f3-4b0d-a044-1d31f8a37598 adf1fd32710b408b82c0fb61bdd15377 1a4015cc5c5d4603b189641da297f24c - - - -] Unable to schedule network 1665c492-3c52-461c-9569-0490e4616006: no agents available; will retry on subsequent port and subnet creation events.
2026-07-02 06:22:18.541 9 INFO neutron.db.ovn_revision_numbers_db [None req-a503da97-e0f3-4b0d-a044-1d31f8a37598 adf1fd32710b408b82c0fb61bdd15377 1a4015cc5c5d4603b189641da297f24c - - - -] Successfully bumped revision number for resource 2f2404ab-ce17-4dde-83d3-e6c1510f028f (type: ports) to 1
2026-07-02 06:22:18.543 9 INFO neutron.db.ovn_revision_numbers_db [None req-782df2d2-9af8-4e73-b7d0-cac519ac17e6 ab2bab398e364d279af69ee4b298977c f32a178f434b4227940ee72e1c65426d - - - -] Successfully bumped revision number for resource 278e75b6-5708-4823-a7da-0526d75f2e3a (type: security_groups) to 1
2026-07-02 06:22:18.571 9 INFO neutron.wsgi [None req-a503da97-e0f3-4b0d-a044-1d31f8a37598 adf1fd32710b408b82c0fb61bdd15377 1a4015cc5c5d4603b189641da297f24c - - - -] 10.0.0.79 "POST /v2.0/networks HTTP/1.1" status: 201 len: 831 time: 0.5008664
2026-07-02 06:22:18.622 9 INFO neutron.db.segments_db [None req-782df2d2-9af8-4e73-b7d0-cac519ac17e6 ab2bab398e364d279af69ee4b298977c f32a178f434b4227940ee72e1c65426d - - - -] Added segment feca2012-8952-47c4-8269-9319ceb2c32c of type geneve for network f9c1a374-85dc-406d-8b3c-aa009943ee88
2026-07-02 06:22:18.764 9 INFO neutron.db.ovn_revision_numbers_db [None req-782df2d2-9af8-4e73-b7d0-cac519ac17e6 ab2bab398e364d279af69ee4b298977c f32a178f434b4227940ee72e1c65426d - - - -] Successfully bumped revision number for resource f9c1a374-85dc-406d-8b3c-aa009943ee88 (type: networks) to 1
2026-07-02 06:22:18.937 9 WARNING neutron.scheduler.dhcp_agent_scheduler [None req-f910827f-18b3-4216-818a-e383d622a5cb adf1fd32710b408b82c0fb61bdd15377 1a4015cc5c5d4603b189641da297f24c - - - -] No more DHCP agents
2026-07-02 06:22:18.938 9 WARNING neutron.api.rpc.agentnotifiers.dhcp_rpc_agent_api [None req-f910827f-18b3-4216-818a-e383d622a5cb adf1fd32710b408b82c0fb61bdd15377 1a4015cc5c5d4603b189641da297f24c - - - -] Unable to schedule network 1665c492-3c52-461c-9569-0490e4616006: no agents available; will retry on subsequent port and subnet creation events.
2026-07-02 06:22:18.974 9 WARNING neutron.scheduler.dhcp_agent_scheduler [None req-782df2d2-9af8-4e73-b7d0-cac519ac17e6 ab2bab398e364d279af69ee4b298977c f32a178f434b4227940ee72e1c65426d - - - -] No more DHCP agents
2026-07-02 06:22:18.975 9 WARNING neutron.api.rpc.agentnotifiers.dhcp_rpc_agent_api [None req-782df2d2-9af8-4e73-b7d0-cac519ac17e6 ab2bab398e364d279af69ee4b298977c f32a178f434b4227940ee72e1c65426d - - - -] Unable to schedule network f9c1a374-85dc-406d-8b3c-aa009943ee88: no agents available; will retry on subsequent port and subnet creation events.
2026-07-02 06:22:19.074 9 INFO neutron.db.ovn_revision_numbers_db [None req-782df2d2-9af8-4e73-b7d0-cac519ac17e6 ab2bab398e364d279af69ee4b298977c f32a178f434b4227940ee72e1c65426d - - - -] Successfully bumped revision number for resource 88998fd9-3ad4-437a-a0c6-7f6c02f81fc9 (type: ports) to 1
2026-07-02 06:22:19.103 9 INFO neutron.wsgi [None req-782df2d2-9af8-4e73-b7d0-cac519ac17e6 ab2bab398e364d279af69ee4b298977c f32a178f434b4227940ee72e1c65426d - - - -] 10.0.0.79 "POST /v2.0/networks HTTP/1.1" status: 201 len: 847 time: 0.8333783
2026-07-02 06:22:19.599 9 INFO neutron.db.ovn_revision_numbers_db [None req-f910827f-18b3-4216-818a-e383d622a5cb adf1fd32710b408b82c0fb61bdd15377 1a4015cc5c5d4603b189641da297f24c - - - -] Successfully bumped revision number for resource 2f2404ab-ce17-4dde-83d3-e6c1510f028f (type: ports) to 2
2026-07-02 06:22:19.607 10 WARNING neutron.scheduler.dhcp_agent_scheduler [None req-31b86c0f-82e4-4912-88a5-147688d2e6ed ab2bab398e364d279af69ee4b298977c f32a178f434b4227940ee72e1c65426d - - - -] No more DHCP agents
2026-07-02 06:22:19.609 10 WARNING neutron.api.rpc.agentnotifiers.dhcp_rpc_agent_api [None req-31b86c0f-82e4-4912-88a5-147688d2e6ed ab2bab398e364d279af69ee4b298977c f32a178f434b4227940ee72e1c65426d - - - -] Unable to schedule network f9c1a374-85dc-406d-8b3c-aa009943ee88: no agents available; will retry on subsequent port and subnet creation events.
2026-07-02 06:22:19.610 9 INFO neutron.db.ovn_revision_numbers_db [None req-f910827f-18b3-4216-818a-e383d622a5cb adf1fd32710b408b82c0fb61bdd15377 1a4015cc5c5d4603b189641da297f24c - - - -] Successfully bumped revision number for resource 4773862d-9f1e-4d8d-8e9a-9c4fdb9454ed (type: subnets) to 0
2026-07-02 06:22:19.618 10 INFO neutron.db.ovn_revision_numbers_db [None req-31b86c0f-82e4-4912-88a5-147688d2e6ed ab2bab398e364d279af69ee4b298977c f32a178f434b4227940ee72e1c65426d - - - -] Successfully bumped revision number for resource 45d85bdb-48bb-4747-921a-9582076de4ab (type: subnets) to 0
2026-07-02 06:22:19.623 9 INFO neutron.wsgi [None req-f910827f-18b3-4216-818a-e383d622a5cb adf1fd32710b408b82c0fb61bdd15377 1a4015cc5c5d4603b189641da297f24c - - - -] 10.0.0.79 "POST /v2.0/subnets HTTP/1.1" status: 201 len: 801 time: 1.0404053
2026-07-02 06:22:19.632 10 INFO neutron.wsgi [None req-31b86c0f-82e4-4912-88a5-147688d2e6ed ab2bab398e364d279af69ee4b298977c f32a178f434b4227940ee72e1c65426d - - - -] 10.0.0.79 "POST /v2.0/subnets HTTP/1.1" status: 201 len: 802 time: 0.5227318
2026-07-02 06:22:19.916 9 WARNING neutron.scheduler.dhcp_agent_scheduler [None req-f39ae406-8b41-488b-9f6d-ecee534a3c2e adf1fd32710b408b82c0fb61bdd15377 1a4015cc5c5d4603b189641da297f24c - - - -] No more DHCP agents
2026-07-02 06:22:19.919 9 WARNING neutron.api.rpc.agentnotifiers.dhcp_rpc_agent_api [None req-f39ae406-8b41-488b-9f6d-ecee534a3c2e adf1fd32710b408b82c0fb61bdd15377 1a4015cc5c5d4603b189641da297f24c - - - -] Unable to schedule network 1665c492-3c52-461c-9569-0490e4616006: no agents available; will retry on subsequent port and subnet creation events.
2026-07-02 06:22:20.056 9 INFO neutron.db.ovn_revision_numbers_db [None req-f39ae406-8b41-488b-9f6d-ecee534a3c2e adf1fd32710b408b82c0fb61bdd15377 1a4015cc5c5d4603b189641da297f24c - - - -] Successfully bumped revision number for resource c321cd10-5eb0-4954-8969-5919e153e4bb (type: ports) to 1
2026-07-02 06:22:20.073 9 INFO neutron.wsgi [None req-f39ae406-8b41-488b-9f6d-ecee534a3c2e adf1fd32710b408b82c0fb61bdd15377 1a4015cc5c5d4603b189641da297f24c - - - -] 10.0.0.79 "POST /v2.0/ports HTTP/1.1" status: 201 len: 1115 time: 0.4437306
2026-07-02 06:22:20.155 10 WARNING neutron.scheduler.dhcp_agent_scheduler [None req-1b514fc2-48a5-4043-b412-71807d783086 ab2bab398e364d279af69ee4b298977c f32a178f434b4227940ee72e1c65426d - - - -] No more DHCP agents
2026-07-02 06:22:20.157 10 WARNING neutron.api.rpc.agentnotifiers.dhcp_rpc_agent_api [None req-1b514fc2-48a5-4043-b412-71807d783086 ab2bab398e364d279af69ee4b298977c f32a178f434b4227940ee72e1c65426d - - - -] Unable to schedule network 2d20c1bb-5ca9-4351-9d53-2ca61206d10b: no agents available; will retry on subsequent port and subnet creation events.
2026-07-02 06:22:20.306 10 INFO neutron.db.ovn_revision_numbers_db [None req-1b514fc2-48a5-4043-b412-71807d783086 ab2bab398e364d279af69ee4b298977c f32a178f434b4227940ee72e1c65426d - - - -] Successfully bumped revision number for resource 07eb706f-9c61-468f-889e-59abb2624af8 (type: ports) to 1
2026-07-02 06:22:20.595 9 INFO neutron.wsgi [None req-058f025c-9509-43d2-997b-2245471b8517 adf1fd32710b408b82c0fb61bdd15377 1a4015cc5c5d4603b189641da297f24c - - - -] 10.0.0.79 "DELETE /v2.0/ports/c321cd10-5eb0-4954-8969-5919e153e4bb HTTP/1.1" status: 204 len: 168 time: 0.5164380
2026-07-02 06:22:20.617 9 INFO neutron.pecan_wsgi.hooks.translation [None req-48ef13ad-d7ba-4c62-a519-1a67fb69ec8d adf1fd32710b408b82c0fb61bdd15377 1a4015cc5c5d4603b189641da297f24c - - default default] GET failed (client error): The resource could not be found.
2026-07-02 06:22:20.619 9 INFO neutron.wsgi [None req-48ef13ad-d7ba-4c62-a519-1a67fb69ec8d adf1fd32710b408b82c0fb61bdd15377 1a4015cc5c5d4603b189641da297f24c - - default default] 10.0.0.79 "GET /v2.0/ports/c321cd10-5eb0-4954-8969-5919e153e4bb HTTP/1.1" status: 404 len: 333 time: 0.0198095
2026-07-02 06:22:20.810 9 INFO neutron.wsgi [None req-831765ba-c6a3-408d-9c0e-d2b24e314963 adf1fd32710b408b82c0fb61bdd15377 1a4015cc5c5d4603b189641da297f24c - - - -] 10.0.0.79 "DELETE /v2.0/subnets/4773862d-9f1e-4d8d-8e9a-9c4fdb9454ed HTTP/1.1" status: 204 len: 168 time: 0.1860704
2026-07-02 06:22:20.836 10 INFO neutron.plugins.ml2.drivers.ovn.mech_driver.mech_driver [None req-a8cc8614-9749-4c6b-9893-936db2bc6ecf - - - - - -] OVN reports status up for port: 07eb706f-9c61-468f-889e-59abb2624af8
2026-07-02 06:22:20.843 10 INFO neutron.plugins.ml2.plugin [None req-a8cc8614-9749-4c6b-9893-936db2bc6ecf - - - - - -] Attempt 1 to provision port 07eb706f-9c61-468f-889e-59abb2624af8
2026-07-02 06:22:20.845 10 INFO neutron.db.ovn_revision_numbers_db [None req-1b514fc2-48a5-4043-b412-71807d783086 ab2bab398e364d279af69ee4b298977c f32a178f434b4227940ee72e1c65426d - - - -] Successfully bumped revision number for resource 07eb706f-9c61-468f-889e-59abb2624af8 (type: router_ports) to 1
2026-07-02 06:22:20.927 10 INFO neutron.db.ovn_revision_numbers_db [None req-1b514fc2-48a5-4043-b412-71807d783086 ab2bab398e364d279af69ee4b298977c f32a178f434b4227940ee72e1c65426d - - - -] Successfully bumped revision number for resource 0b77235f-a739-4e6b-bfe2-b241942dfccf (type: routers) to 3
2026-07-02 06:22:20.945 10 INFO neutron.wsgi [None req-1b514fc2-48a5-4043-b412-71807d783086 ab2bab398e364d279af69ee4b298977c f32a178f434b4227940ee72e1c65426d - - - -] 10.0.0.79 "POST /v2.0/routers HTTP/1.1" status: 201 len: 875 time: 1.3088679
2026-07-02 06:22:21.246 9 INFO neutron.services.segments.plugin [-] Segment 4e4c2b14-7e57-4aa4-8ad4-cd33cc9b811c resource provider aggregate not found
2026-07-02 06:22:21.265 9 INFO neutron.services.segments.plugin [-] Segment 4e4c2b14-7e57-4aa4-8ad4-cd33cc9b811c resource provider not found; error: Placement Client Error (4xx): {"errors": [{"status": 404, "title": "Not Found", "detail": "The resource could not be found.\n\n No resource provider with uuid 4e4c2b14-7e57-4aa4-8ad4-cd33cc9b811c found for delete ", "request_id": "req-d9c576d1-b1f2-46ba-8cfd-d2dabf64aa2b"}]}
2026-07-02 06:22:21.287 9 INFO neutron.wsgi [None req-45c7f04d-213a-4d28-8845-dfa54b5c7f36 adf1fd32710b408b82c0fb61bdd15377 1a4015cc5c5d4603b189641da297f24c - - - -] 10.0.0.79 "DELETE /v2.0/networks/1665c492-3c52-461c-9569-0490e4616006 HTTP/1.1" status: 204 len: 168 time: 0.4718568
2026-07-02 06:22:21.288 9 INFO neutron.services.segments.plugin [-] Segment 4e4c2b14-7e57-4aa4-8ad4-cd33cc9b811c resource provider aggregate not found
2026-07-02 06:22:21.308 9 INFO neutron.services.segments.plugin [-] Segment 4e4c2b14-7e57-4aa4-8ad4-cd33cc9b811c resource provider not found; error: Placement Client Error (4xx): {"errors": [{"status": 404, "title": "Not Found", "detail": "The resource could not be found.\n\n No resource provider with uuid 4e4c2b14-7e57-4aa4-8ad4-cd33cc9b811c found for delete ", "request_id": "req-7a4aa6a3-cd9b-453b-9018-2a666d92d4d0"}]}
2026-07-02 06:22:21.538 10 WARNING neutron.scheduler.dhcp_agent_scheduler [None req-a9adb8e5-d349-4a85-8f04-a9ef0b6d9efc ab2bab398e364d279af69ee4b298977c f32a178f434b4227940ee72e1c65426d - - default default] No more DHCP agents
2026-07-02 06:22:21.541 10 WARNING neutron.api.rpc.agentnotifiers.dhcp_rpc_agent_api [None req-a9adb8e5-d349-4a85-8f04-a9ef0b6d9efc ab2bab398e364d279af69ee4b298977c f32a178f434b4227940ee72e1c65426d - - default default] Unable to schedule network f9c1a374-85dc-406d-8b3c-aa009943ee88: no agents available; will retry on subsequent port and subnet creation events.
2026-07-02 06:22:21.577 10 WARNING neutron.scheduler.dhcp_agent_scheduler [None req-089375a6-24e4-42ac-abad-86487bdae189 adf1fd32710b408b82c0fb61bdd15377 1a4015cc5c5d4603b189641da297f24c - - - -] No more DHCP agents
2026-07-02 06:22:21.588 10 WARNING neutron.api.rpc.agentnotifiers.dhcp_rpc_agent_api [None req-089375a6-24e4-42ac-abad-86487bdae189 adf1fd32710b408b82c0fb61bdd15377 1a4015cc5c5d4603b189641da297f24c - - - -] Unable to schedule network 975e28de-45b7-4f37-a5ab-0b6a8a87f513: no agents available; will retry on subsequent port and subnet creation events.
2026-07-02 06:22:21.661 10 INFO neutron.db.ovn_revision_numbers_db [None req-089375a6-24e4-42ac-abad-86487bdae189 adf1fd32710b408b82c0fb61bdd15377 1a4015cc5c5d4603b189641da297f24c - - - -] Successfully bumped revision number for resource f03feade-b835-433e-8fc7-ef9281e102a1 (type: ports) to 1
2026-07-02 06:22:21.694 10 INFO neutron.wsgi [None req-089375a6-24e4-42ac-abad-86487bdae189 adf1fd32710b408b82c0fb61bdd15377 1a4015cc5c5d4603b189641da297f24c - - - -] 10.0.0.79 "POST /v2.0/ports HTTP/1.1" status: 201 len: 974 time: 0.4023428
2026-07-02 06:22:21.723 10 INFO neutron.db.ovn_revision_numbers_db [None req-a9adb8e5-d349-4a85-8f04-a9ef0b6d9efc ab2bab398e364d279af69ee4b298977c f32a178f434b4227940ee72e1c65426d - - default default] Successfully bumped revision number for resource 394704b6-35d0-4cba-81e5-719594fdc494 (type: ports) to 1
2026-07-02 06:22:21.924 9 INFO neutron.db.ovn_revision_numbers_db [None req-3a296d43-7074-418f-bf24-84726d99b7c1 adf1fd32710b408b82c0fb61bdd15377 1a4015cc5c5d4603b189641da297f24c - - - -] Successfully bumped revision number for resource f03feade-b835-433e-8fc7-ef9281e102a1 (type: ports) to 2
2026-07-02 06:22:21.940 9 INFO neutron.wsgi [None req-3a296d43-7074-418f-bf24-84726d99b7c1 adf1fd32710b408b82c0fb61bdd15377 1a4015cc5c5d4603b189641da297f24c - - - -] 10.0.0.79 "PUT /v2.0/ports/f03feade-b835-433e-8fc7-ef9281e102a1 HTTP/1.1" status: 200 len: 946 time: 0.2403681 /var/lib/openstack/lib/python3.10/site-packages/pycadf/identifier.py:71: UserWarning: Invalid uuid: neutron. To ensure interoperability, identifiers should be a valid uuid. warnings.warn(('Invalid uuid: %s. To ensure interoperability, '
2026-07-02 06:22:22.203 9 INFO neutron.plugins.ml2.drivers.ovn.mech_driver.mech_driver [None req-88340fd5-c39a-472f-8088-4e6bd594532e - - - - - -] OVN reports status up for port: 394704b6-35d0-4cba-81e5-719594fdc494
2026-07-02 06:22:22.207 10 INFO neutron.db.ovn_revision_numbers_db [None req-a9adb8e5-d349-4a85-8f04-a9ef0b6d9efc ab2bab398e364d279af69ee4b298977c f32a178f434b4227940ee72e1c65426d - - default default] Successfully bumped revision number for resource 394704b6-35d0-4cba-81e5-719594fdc494 (type: router_ports) to 2
2026-07-02 06:22:22.209 9 INFO neutron.wsgi [None req-1128894e-555f-4f1f-9951-596718b8df92 adf1fd32710b408b82c0fb61bdd15377 1a4015cc5c5d4603b189641da297f24c - - - -] 10.0.0.79 "DELETE /v2.0/ports/f03feade-b835-433e-8fc7-ef9281e102a1 HTTP/1.1" status: 204 len: 168 time: 0.2578211
2026-07-02 06:22:22.218 9 INFO neutron.plugins.ml2.plugin [None req-88340fd5-c39a-472f-8088-4e6bd594532e - - - - - -] Attempt 1 to provision port 394704b6-35d0-4cba-81e5-719594fdc494 /var/lib/openstack/lib/python3.10/site-packages/pycadf/identifier.py:71: UserWarning: Invalid uuid: neutron. To ensure interoperability, identifiers should be a valid uuid. warnings.warn(('Invalid uuid: %s. To ensure interoperability, '
2026-07-02 06:22:22.240 9 INFO neutron.db.ovn_revision_numbers_db [None req-7e2f4713-33bf-4feb-94cd-f2b1fa1be361 5b4e09e9bcaf40b5999b61b45af84c86 7d4e6bf08eb9424884271f3739462231 - - default default] Successfully bumped revision number for resource 2b71583c-ece2-4d88-9916-e10d31e8661f (type: security_groups) to 1
2026-07-02 06:22:22.269 9 INFO neutron.wsgi [None req-7e2f4713-33bf-4feb-94cd-f2b1fa1be361 5b4e09e9bcaf40b5999b61b45af84c86 7d4e6bf08eb9424884271f3739462231 - - default default] 10.0.0.79 "GET /v2.0/security-groups?tenant_id=3c8cea8dc4bb45698a3a90884f74caad&name=default HTTP/1.1" status: 200 len: 2996 time: 0.2908337
2026-07-02 06:22:22.306 10 INFO neutron.wsgi [None req-51f33a71-8802-4337-abbc-8501dfebc411 adf1fd32710b408b82c0fb61bdd15377 1a4015cc5c5d4603b189641da297f24c - - default default] 10.0.0.79 "GET /v2.0/ports HTTP/1.1" status: 200 len: 1728 time: 0.0937855
2026-07-02 06:22:22.334 9 INFO neutron.pecan_wsgi.hooks.translation [None req-b984e7c5-7faa-47c1-8cad-4dbbe801555e adf1fd32710b408b82c0fb61bdd15377 1a4015cc5c5d4603b189641da297f24c - - default default] GET failed (client error): The resource could not be found.
2026-07-02 06:22:22.335 9 INFO neutron.wsgi [None req-b984e7c5-7faa-47c1-8cad-4dbbe801555e adf1fd32710b408b82c0fb61bdd15377 1a4015cc5c5d4603b189641da297f24c - - default default] 10.0.0.79 "GET /v2.0/ports/f03feade-b835-433e-8fc7-ef9281e102a1 HTTP/1.1" status: 404 len: 333 time: 0.0202880
2026-07-02 06:22:22.392 10 INFO neutron.db.ovn_revision_numbers_db [None req-a9adb8e5-d349-4a85-8f04-a9ef0b6d9efc ab2bab398e364d279af69ee4b298977c f32a178f434b4227940ee72e1c65426d - - default default] Successfully bumped revision number for resource 394704b6-35d0-4cba-81e5-719594fdc494 (type: ports) to 2
2026-07-02 06:22:22.445 9 INFO neutron.wsgi [None req-acf3a720-2e5e-4123-940a-8f910a89ac91 adf1fd32710b408b82c0fb61bdd15377 1a4015cc5c5d4603b189641da297f24c - - default default] 10.0.0.79 "GET /v2.0/ports HTTP/1.1" status: 200 len: 1728 time: 0.1002343
2026-07-02 06:22:22.454 10 WARNING neutron.scheduler.dhcp_agent_scheduler [None req-a9adb8e5-d349-4a85-8f04-a9ef0b6d9efc ab2bab398e364d279af69ee4b298977c f32a178f434b4227940ee72e1c65426d - - default default] No more DHCP agents
2026-07-02 06:22:22.458 10 WARNING neutron.api.rpc.agentnotifiers.dhcp_rpc_agent_api [None req-a9adb8e5-d349-4a85-8f04-a9ef0b6d9efc ab2bab398e364d279af69ee4b298977c f32a178f434b4227940ee72e1c65426d - - default default] Unable to schedule network f9c1a374-85dc-406d-8b3c-aa009943ee88: no agents available; will retry on subsequent port and subnet creation events.
2026-07-02 06:22:22.496 10 INFO neutron.wsgi [None req-3fdd8e75-3e0f-41ac-958a-459b6455c6a2 adf1fd32710b408b82c0fb61bdd15377 1a4015cc5c5d4603b189641da297f24c - - default default] 10.0.0.79 "GET /v2.0/ports/fa692d5c-e4fb-488d-adcc-cc685ac0cc72 HTTP/1.1" status: 200 len: 968 time: 0.0410028
2026-07-02 06:22:22.524 9 INFO neutron.pecan_wsgi.hooks.translation [None req-f176c373-14c7-4400-820e-482653fb9af8 adf1fd32710b408b82c0fb61bdd15377 1a4015cc5c5d4603b189641da297f24c - - - -] DELETE failed (client error): The resource could not be found.
2026-07-02 06:22:22.526 9 INFO neutron.wsgi [None req-f176c373-14c7-4400-820e-482653fb9af8 adf1fd32710b408b82c0fb61bdd15377 1a4015cc5c5d4603b189641da297f24c - - - -] 10.0.0.79 "DELETE /v2.0/ports/c321cd10-5eb0-4954-8969-5919e153e4bb HTTP/1.1" status: 404 len: 333 time: 0.0208912
2026-07-02 06:22:22.546 9 INFO neutron.pecan_wsgi.hooks.translation [None req-8e06f623-7acc-4ba1-96ed-3fdbfc91ee35 adf1fd32710b408b82c0fb61bdd15377 1a4015cc5c5d4603b189641da297f24c - - - -] DELETE failed (client error): The resource could not be found.
2026-07-02 06:22:22.548 9 INFO neutron.wsgi [None req-8e06f623-7acc-4ba1-96ed-3fdbfc91ee35 adf1fd32710b408b82c0fb61bdd15377 1a4015cc5c5d4603b189641da297f24c - - - -] 10.0.0.79 "DELETE /v2.0/subnets/4773862d-9f1e-4d8d-8e9a-9c4fdb9454ed HTTP/1.1" status: 404 len: 337 time: 0.0174906
2026-07-02 06:22:22.549 9 INFO neutron.db.ovn_revision_numbers_db [None req-88340fd5-c39a-472f-8088-4e6bd594532e - - - - - -] Successfully bumped revision number for resource 394704b6-35d0-4cba-81e5-719594fdc494 (type: ports) to 3
2026-07-02 06:22:22.568 9 INFO neutron.pecan_wsgi.hooks.translation [None req-24fad504-3051-4aae-9b48-bdd858405923 adf1fd32710b408b82c0fb61bdd15377 1a4015cc5c5d4603b189641da297f24c - - - -] DELETE failed (client error): The resource could not be found.
2026-07-02 06:22:22.571 9 INFO neutron.wsgi [None req-24fad504-3051-4aae-9b48-bdd858405923 adf1fd32710b408b82c0fb61bdd15377 1a4015cc5c5d4603b189641da297f24c - - - -] 10.0.0.79 "DELETE /v2.0/subnets/d9020435-5e56-4256-8915-6649048ece22 HTTP/1.1" status: 404 len: 337 time: 0.0172811
2026-07-02 06:22:22.609 9 INFO neutron.wsgi [None req-dbfe33a5-4f3e-44fb-8f76-46e7054268b7 5b4e09e9bcaf40b5999b61b45af84c86 7d4e6bf08eb9424884271f3739462231 - - - -] 10.0.0.79 "DELETE /v2.0/security-groups/2b71583c-ece2-4d88-9916-e10d31e8661f HTTP/1.1" status: 204 len: 168 time: 0.3356822
