2026-07-02 06:22:46.018 9 INFO neutron.wsgi [None req-e8148507-35fd-45f9-94a9-a1993a6180ca e39a4bc378994e679cafaa6aaff7a09c d4183d68f75641fd832f71d5942ddfd9 - - - -] 10.0.0.79 "POST /v2.0/security-groups HTTP/1.1" status: 201 len: 1761 time: 0.4988043 /var/lib/openstack/lib/python3.10/site-packages/pycadf/identifier.py:71: UserWarning: Invalid uuid: neutron. To ensure interoperability, identifiers should be a valid uuid. warnings.warn(('Invalid uuid: %s. To ensure interoperability, '
2026-07-02 06:22:46.059 10 INFO neutron.wsgi [None req-9229289f-50f3-45b9-bd55-e13b4166e661 b568dc7f9fa142c0b57968e022f5e34b 83993dec79a54b7cba3ee1c5bdccf39c - - - -] 10.0.0.79 "PUT /v2.0/ports/999ce087-86b6-4821-a697-e70a1b64ac3a/tags HTTP/1.1" status: 200 len: 210 time: 0.0403657
2026-07-02 06:22:46.109 10 INFO neutron.wsgi [None req-257e6c68-9e18-412c-b82c-563d3e8142bb b568dc7f9fa142c0b57968e022f5e34b 83993dec79a54b7cba3ee1c5bdccf39c - - - -] 10.0.0.79 "PUT /v2.0/ports/9e2c5dc5-b425-4552-859e-19f239fb3aca/tags HTTP/1.1" status: 200 len: 218 time: 0.0418475
2026-07-02 06:22:46.167 10 INFO neutron.wsgi [None req-b9ab97da-75c5-45b2-b3e2-1d9c226ff9db b568dc7f9fa142c0b57968e022f5e34b 83993dec79a54b7cba3ee1c5bdccf39c - - - -] 10.0.0.79 "PUT /v2.0/ports/32ecb5b9-8679-4e85-a8e4-c24876c25bb0/tags HTTP/1.1" status: 200 len: 227 time: 0.0406950
2026-07-02 06:22:46.218 10 INFO neutron.wsgi [None req-5c86bd3c-26e0-4474-bc1f-a44c3876a191 b568dc7f9fa142c0b57968e022f5e34b 83993dec79a54b7cba3ee1c5bdccf39c - - - -] 10.0.0.79 "PUT /v2.0/ports/6e52266f-e662-4ac1-be6f-e1904c086b34/tags HTTP/1.1" status: 200 len: 212 time: 0.0444894
2026-07-02 06:22:46.385 9 INFO neutron.wsgi [None req-8e0a369a-e957-4815-b256-ee4b98dc9ecd e39a4bc378994e679cafaa6aaff7a09c d4183d68f75641fd832f71d5942ddfd9 - - default default] 10.0.0.79 "GET /v2.0/security-groups HTTP/1.1" status: 200 len: 4539 time: 0.3630719
2026-07-02 06:22:46.463 10 INFO neutron.wsgi [None req-1d3e8414-d73f-4614-b920-90d4fd433b8c b568dc7f9fa142c0b57968e022f5e34b 83993dec79a54b7cba3ee1c5bdccf39c - - default default] 10.0.0.79 "GET /v2.0/ports?tags=red HTTP/1.1" status: 200 len: 2448 time: 0.2250466
2026-07-02 06:22:46.485 9 INFO neutron.db.ovn_revision_numbers_db [None req-8f21e9d1-4461-45cd-a936-549ab631397f e39a4bc378994e679cafaa6aaff7a09c d4183d68f75641fd832f71d5942ddfd9 - - - -] Successfully bumped revision number for resource 5125fcb7-5d1e-48ee-a2ce-15f51248269f (type: security_groups) to 2
2026-07-02 06:22:46.488 9 INFO neutron.wsgi [None req-8f21e9d1-4461-45cd-a936-549ab631397f e39a4bc378994e679cafaa6aaff7a09c d4183d68f75641fd832f71d5942ddfd9 - - - -] 10.0.0.79 "PUT /v2.0/security-groups/5125fcb7-5d1e-48ee-a2ce-15f51248269f HTTP/1.1" status: 200 len: 1795 time: 0.0982609
2026-07-02 06:22:46.551 10 INFO neutron.wsgi [None req-45e6ba13-9cd4-4918-8a1f-85dfbf81a0a9 b568dc7f9fa142c0b57968e022f5e34b 83993dec79a54b7cba3ee1c5bdccf39c - - default default] 10.0.0.79 "GET /v2.0/ports?tags=red%2Cblue HTTP/1.1" status: 200 len: 1708 time: 0.0823469
2026-07-02 06:22:46.572 9 WARNING neutron.scheduler.dhcp_agent_scheduler [None req-b8bf50a0-a211-4f82-b59d-f91a5cc3a21e 0a488cf514da4ea4996650b52ffdcb35 82a932334c7f4acab978cf7b4e9b5c99 - - - -] No more DHCP agents
2026-07-02 06:22:46.574 9 WARNING neutron.api.rpc.agentnotifiers.dhcp_rpc_agent_api [None req-b8bf50a0-a211-4f82-b59d-f91a5cc3a21e 0a488cf514da4ea4996650b52ffdcb35 82a932334c7f4acab978cf7b4e9b5c99 - - - -] Unable to schedule network a0330b42-3e42-4300-9243-3a5e2c0ebe26: no agents available; will retry on subsequent port and subnet creation events.
2026-07-02 06:22:46.593 10 INFO neutron.wsgi [None req-88cc3c64-349d-49d1-80a1-dfad5431059f e39a4bc378994e679cafaa6aaff7a09c d4183d68f75641fd832f71d5942ddfd9 - - default default] 10.0.0.79 "GET /v2.0/security-groups/5125fcb7-5d1e-48ee-a2ce-15f51248269f HTTP/1.1" status: 200 len: 1795 time: 0.1004603
2026-07-02 06:22:46.608 10 INFO neutron.db.ovn_revision_numbers_db [None req-8409fe82-1956-4582-8c5d-182b86b78869 - - - - - -] Successfully bumped revision number for resource e9065d00-283c-4394-9c0b-f4e131700726 (type: ports) to 1
2026-07-02 06:22:46.615 10 INFO neutron.wsgi [None req-dd602b51-eeea-4bef-ba99-50484f4f70e9 b568dc7f9fa142c0b57968e022f5e34b 83993dec79a54b7cba3ee1c5bdccf39c - - default default] 10.0.0.79 "GET /v2.0/ports?tags-any=blue HTTP/1.1" status: 200 len: 1708 time: 0.0548184
2026-07-02 06:22:46.660 10 INFO neutron.wsgi [None req-8c09ccb9-94b4-4f61-a44c-1fb5f4b1503c b568dc7f9fa142c0b57968e022f5e34b 83993dec79a54b7cba3ee1c5bdccf39c - - default default] 10.0.0.79 "GET /v2.0/ports?tags-any=red%2Cblue HTTP/1.1" status: 200 len: 2448 time: 0.0396166
2026-07-02 06:22:46.761 9 INFO neutron.wsgi [None req-464c2d3a-46d5-429f-96c0-b9fa268f1af1 e39a4bc378994e679cafaa6aaff7a09c d4183d68f75641fd832f71d5942ddfd9 - - - -] 10.0.0.79 "DELETE /v2.0/security-groups/5125fcb7-5d1e-48ee-a2ce-15f51248269f HTTP/1.1" status: 204 len: 168 time: 0.1622102
2026-07-02 06:22:46.803 9 INFO neutron.wsgi [None req-87b9d31d-7de7-413f-965d-b31193bf7dbb e39a4bc378994e679cafaa6aaff7a09c d4183d68f75641fd832f71d5942ddfd9 - - default default] 10.0.0.79 "GET /v2.0/security-groups HTTP/1.1" status: 200 len: 2996 time: 0.0360048
2026-07-02 06:22:46.843 10 INFO neutron.wsgi [None req-0f205537-362a-45a7-b176-054204777f3f b568dc7f9fa142c0b57968e022f5e34b 83993dec79a54b7cba3ee1c5bdccf39c - - default default] 10.0.0.79 "GET /v2.0/ports?not-tags=red HTTP/1.1" status: 200 len: 5463 time: 0.1747143
2026-07-02 06:22:46.846 10 INFO neutron.api.v2.resource [None req-c411d010-fb11-4754-863f-7278a63abb2c e39a4bc378994e679cafaa6aaff7a09c d4183d68f75641fd832f71d5942ddfd9 - - - -] delete failed (client error): The resource could not be found.
2026-07-02 06:22:46.847 10 INFO neutron.wsgi [None req-c411d010-fb11-4754-863f-7278a63abb2c e39a4bc378994e679cafaa6aaff7a09c d4183d68f75641fd832f71d5942ddfd9 - - - -] 10.0.0.79 "DELETE /v2.0/security-groups/5125fcb7-5d1e-48ee-a2ce-15f51248269f HTTP/1.1" status: 404 len: 347 time: 0.0339582
2026-07-02 06:22:46.957 10 INFO neutron.db.ovn_revision_numbers_db [None req-8409fe82-1956-4582-8c5d-182b86b78869 - - - - - -] Successfully bumped revision number for resource e9065d00-283c-4394-9c0b-f4e131700726 (type: router_ports) to 3
2026-07-02 06:22:47.154 9 INFO neutron.db.ovn_revision_numbers_db [None req-4222d8eb-8479-4e9d-9169-4d04c5db3df8 e39a4bc378994e679cafaa6aaff7a09c d4183d68f75641fd832f71d5942ddfd9 - - - -] Successfully bumped revision number for resource b9a37a59-e5a0-4c83-b426-3bfe8e9eb030 (type: security_groups) to 1
2026-07-02 06:22:47.197 9 INFO neutron.wsgi [None req-4222d8eb-8479-4e9d-9169-4d04c5db3df8 e39a4bc378994e679cafaa6aaff7a09c d4183d68f75641fd832f71d5942ddfd9 - - - -] 10.0.0.79 "POST /v2.0/security-groups HTTP/1.1" status: 201 len: 1760 time: 0.3362100
2026-07-02 06:22:47.296 10 INFO neutron.db.ovn_revision_numbers_db [None req-8409fe82-1956-4582-8c5d-182b86b78869 - - - - - -] Successfully bumped revision number for resource e9065d00-283c-4394-9c0b-f4e131700726 (type: ports) to 2
2026-07-02 06:22:47.297 9 INFO neutron.wsgi [None req-e4283157-b198-4715-987b-128cb7aa3eef b568dc7f9fa142c0b57968e022f5e34b 83993dec79a54b7cba3ee1c5bdccf39c - - default default] 10.0.0.79 "GET /v2.0/ports?not-tags=red%2Cblue HTTP/1.1" status: 200 len: 6203 time: 0.4488356
2026-07-02 06:22:47.355 9 INFO neutron.db.ovn_revision_numbers_db [None req-b8bf50a0-a211-4f82-b59d-f91a5cc3a21e 0a488cf514da4ea4996650b52ffdcb35 82a932334c7f4acab978cf7b4e9b5c99 - - - -] Successfully bumped revision number for resource 1ea82767-51ad-43f3-8542-9ecce8e47d4b (type: ports) to 2
2026-07-02 06:22:47.376 10 INFO neutron.wsgi [None req-6cb9a367-cc41-4925-9772-a3953bd655e1 b568dc7f9fa142c0b57968e022f5e34b 83993dec79a54b7cba3ee1c5bdccf39c - - default default] 10.0.0.79 "GET /v2.0/ports?not-tags-any=blue HTTP/1.1" status: 200 len: 6203 time: 0.0740497
2026-07-02 06:22:47.384 9 INFO neutron.db.ovn_revision_numbers_db [None req-b8bf50a0-a211-4f82-b59d-f91a5cc3a21e 0a488cf514da4ea4996650b52ffdcb35 82a932334c7f4acab978cf7b4e9b5c99 - - - -] Successfully bumped revision number for resource 825b4dad-039b-4e05-a722-ef567171987b (type: subnets) to 0
2026-07-02 06:22:47.413 9 INFO neutron.wsgi [None req-b8bf50a0-a211-4f82-b59d-f91a5cc3a21e 0a488cf514da4ea4996650b52ffdcb35 82a932334c7f4acab978cf7b4e9b5c99 - - - -] 10.0.0.79 "POST /v2.0/subnets HTTP/1.1" status: 201 len: 831 time: 1.4127569
2026-07-02 06:22:47.423 9 INFO neutron.db.ovn_revision_numbers_db [None req-91d08d48-3adf-4e24-8ea8-c2854b23036b e39a4bc378994e679cafaa6aaff7a09c d4183d68f75641fd832f71d5942ddfd9 - - - -] Successfully bumped revision number for resource 75a69afd-a203-4987-88bf-d016759f3aef (type: security_group_rules) to 0
2026-07-02 06:22:47.428 9 INFO neutron.wsgi [req-40d27c75-b619-466b-ae73-18c1c82d0480 req-1c1ea3d1-2df7-4c68-9b0c-78ffb8e3b3cf ada276366ca548c3b48f350584c59343 0addd3a385d149e9878ec2a9b47b3d6e - - default default] 10.0.0.71 "GET /v2.0/ports?device_id=6303d3cc-980c-4055-85f8-7789b7d1acab HTTP/1.1" status: 200 len: 1170 time: 0.1007738
2026-07-02 06:22:47.453 9 INFO neutron.wsgi [None req-91d08d48-3adf-4e24-8ea8-c2854b23036b e39a4bc378994e679cafaa6aaff7a09c d4183d68f75641fd832f71d5942ddfd9 - - - -] 10.0.0.79 "POST /v2.0/security-group-rules HTTP/1.1" status: 201 len: 768 time: 0.2424126
2026-07-02 06:22:47.466 10 INFO neutron.wsgi [None req-734bc84e-239e-449f-b399-8f0f7590704a b568dc7f9fa142c0b57968e022f5e34b 83993dec79a54b7cba3ee1c5bdccf39c - - default default] 10.0.0.79 "GET /v2.0/ports?not-tags-any=red%2Cblue HTTP/1.1" status: 200 len: 5463 time: 0.0862653
2026-07-02 06:22:47.471 9 INFO neutron.wsgi [req-40d27c75-b619-466b-ae73-18c1c82d0480 req-a99c9cbc-2e89-4ad0-9261-c15d6487b91d ada276366ca548c3b48f350584c59343 0addd3a385d149e9878ec2a9b47b3d6e - - default default] 10.0.0.71 "GET /v2.0/security-groups?id=fcfadce3-16d0-4b06-aa54-69ca791a0c28&fields=id&fields=name HTTP/1.1" status: 200 len: 312 time: 0.0342565
2026-07-02 06:22:47.478 9 INFO neutron.wsgi [None req-4b02c347-282a-41f4-a3ab-154ea7ee434e e39a4bc378994e679cafaa6aaff7a09c d4183d68f75641fd832f71d5942ddfd9 - - default default] 10.0.0.79 "GET /v2.0/security-group-rules/75a69afd-a203-4987-88bf-d016759f3aef HTTP/1.1" status: 200 len: 763 time: 0.0180893
2026-07-02 06:22:47.513 9 INFO neutron.wsgi [None req-cd977a02-1c86-4737-93bd-490db8b2c704 e39a4bc378994e679cafaa6aaff7a09c d4183d68f75641fd832f71d5942ddfd9 - - default default] 10.0.0.79 "GET /v2.0/security-group-rules HTTP/1.1" status: 200 len: 4113 time: 0.0316200
2026-07-02 06:22:47.612 9 INFO neutron.wsgi [None req-384ab1ec-ca2c-4647-8cbf-15acb20565c3 e39a4bc378994e679cafaa6aaff7a09c d4183d68f75641fd832f71d5942ddfd9 - - - -] 10.0.0.79 "DELETE /v2.0/security-group-rules/75a69afd-a203-4987-88bf-d016759f3aef HTTP/1.1" status: 204 len: 168 time: 0.0926061
2026-07-02 06:22:47.647 9 INFO neutron.wsgi [None req-649d0c46-c01f-41c9-ace3-0364be53bccf e39a4bc378994e679cafaa6aaff7a09c d4183d68f75641fd832f71d5942ddfd9 - - default default] 10.0.0.79 "GET /v2.0/security-group-rules HTTP/1.1" status: 200 len: 3567 time: 0.0300858
2026-07-02 06:22:47.682 9 INFO neutron.wsgi [req-77f61f83-9a94-4aa8-bb54-fe26e2f72892 req-5eff4e50-2064-4fd7-a90f-d9a37bf3b711 ada276366ca548c3b48f350584c59343 0addd3a385d149e9878ec2a9b47b3d6e - - default default] 10.0.0.71 "GET /v2.0/ports?device_id=6303d3cc-980c-4055-85f8-7789b7d1acab HTTP/1.1" status: 200 len: 1170 time: 0.0339155
2026-07-02 06:22:47.713 9 INFO neutron.plugins.ml2.drivers.ovn.mech_driver.mech_driver [None req-88340fd5-c39a-472f-8088-4e6bd594532e - - - - - -] OVN reports status down for port: 5dc889df-9b1e-4426-8105-7527a9632321
2026-07-02 06:22:47.742 9 INFO neutron.wsgi [req-77f61f83-9a94-4aa8-bb54-fe26e2f72892 req-20af6233-2abf-470a-87c2-01f9d36b0c34 ada276366ca548c3b48f350584c59343 0addd3a385d149e9878ec2a9b47b3d6e - - default default] 10.0.0.71 "GET /v2.0/security-groups?id=fcfadce3-16d0-4b06-aa54-69ca791a0c28&fields=id&fields=name HTTP/1.1" status: 200 len: 312 time: 0.0488150
2026-07-02 06:22:47.830 10 INFO neutron.db.ovn_revision_numbers_db [None req-8409fe82-1956-4582-8c5d-182b86b78869 - - - - - -] Successfully bumped revision number for resource e9065d00-283c-4394-9c0b-f4e131700726 (type: ports) to 4
2026-07-02 06:22:47.833 9 INFO neutron.notifiers.nova [-] Nova event matching ['req-7b33097a-ea30-4f87-87fb-ddefd7458385'] response: {'server_uuid': '6303d3cc-980c-4055-85f8-7789b7d1acab', 'name': 'network-vif-unplugged', 'status': 'completed', 'tag': '5dc889df-9b1e-4426-8105-7527a9632321', 'code': 200}
2026-07-02 06:22:47.844 9 INFO neutron.db.ovn_revision_numbers_db [None req-accf5a38-1fcf-495c-bfab-d2db1e99ff7e e39a4bc378994e679cafaa6aaff7a09c d4183d68f75641fd832f71d5942ddfd9 - - - -] Successfully bumped revision number for resource 59347ca4-07a5-43b8-8c35-37566143ee5a (type: security_group_rules) to 0
2026-07-02 06:22:47.882 10 INFO neutron.wsgi [None req-ed5892e7-4569-4533-883a-6f7fcacdab92 b568dc7f9fa142c0b57968e022f5e34b 83993dec79a54b7cba3ee1c5bdccf39c - - - -] 10.0.0.79 "DELETE /v2.0/ports/999ce087-86b6-4821-a697-e70a1b64ac3a HTTP/1.1" status: 204 len: 168 time: 0.4082162
2026-07-02 06:22:47.882 9 INFO neutron.wsgi [None req-accf5a38-1fcf-495c-bfab-d2db1e99ff7e e39a4bc378994e679cafaa6aaff7a09c d4183d68f75641fd832f71d5942ddfd9 - - - -] 10.0.0.79 "POST /v2.0/security-group-rules HTTP/1.1" status: 201 len: 768 time: 0.2275062
2026-07-02 06:22:47.924 9 INFO neutron.wsgi [None req-079f078e-b72b-4468-b7cc-c66d44cd4ca8 e39a4bc378994e679cafaa6aaff7a09c d4183d68f75641fd832f71d5942ddfd9 - - default default] 10.0.0.79 "GET /v2.0/security-group-rules/59347ca4-07a5-43b8-8c35-37566143ee5a HTTP/1.1" status: 200 len: 763 time: 0.0366831
2026-07-02 06:22:47.972 9 INFO neutron.wsgi [None req-7f93ab8a-902f-4ee2-9a6f-9406b21b692e e39a4bc378994e679cafaa6aaff7a09c d4183d68f75641fd832f71d5942ddfd9 - - default default] 10.0.0.79 "GET /v2.0/security-group-rules HTTP/1.1" status: 200 len: 4113 time: 0.0432160
2026-07-02 06:22:48.069 9 INFO neutron.db.ovn_revision_numbers_db [None req-88340fd5-c39a-472f-8088-4e6bd594532e - - - - - -] Successfully bumped revision number for resource 5dc889df-9b1e-4426-8105-7527a9632321 (type: ports) to 7
2026-07-02 06:22:48.155 10 INFO neutron.wsgi [req-56d4bbe5-59de-468a-9240-3cf5265e55d0 req-d1a0455a-982c-4d67-9f07-efdbe5bdc126 ada276366ca548c3b48f350584c59343 0addd3a385d149e9878ec2a9b47b3d6e - - default default] 199.19.213.151 "GET /v2.0/ports?device_id=6303d3cc-980c-4055-85f8-7789b7d1acab HTTP/1.1" status: 200 len: 1168 time: 0.1867816
2026-07-02 06:22:48.186 9 INFO neutron.wsgi [None req-5ce15f31-ad42-4198-8178-5c1576c0f654 b568dc7f9fa142c0b57968e022f5e34b 83993dec79a54b7cba3ee1c5bdccf39c - - - -] 10.0.0.79 "DELETE /v2.0/ports/9e2c5dc5-b425-4552-859e-19f239fb3aca HTTP/1.1" status: 204 len: 168 time: 0.2998111 /var/lib/openstack/lib/python3.10/site-packages/pycadf/identifier.py:71: UserWarning: Invalid uuid: neutron. To ensure interoperability, identifiers should be a valid uuid. warnings.warn(('Invalid uuid: %s. To ensure interoperability, '
2026-07-02 06:22:48.225 10 INFO neutron.db.ovn_revision_numbers_db [None req-8409fe82-1956-4582-8c5d-182b86b78869 - - - - - -] Successfully bumped revision number for resource e9065d00-283c-4394-9c0b-f4e131700726 (type: router_ports) to 4
2026-07-02 06:22:48.291 10 INFO neutron.wsgi [None req-8f88b7c9-58f9-40a9-b105-79e10b81d129 e39a4bc378994e679cafaa6aaff7a09c d4183d68f75641fd832f71d5942ddfd9 - - - -] 10.0.0.79 "DELETE /v2.0/security-group-rules/59347ca4-07a5-43b8-8c35-37566143ee5a HTTP/1.1" status: 204 len: 168 time: 0.3087931
2026-07-02 06:22:48.374 10 INFO neutron.wsgi [None req-f1a6a6be-cdbe-47e4-9740-f76c3c5f7c5f e39a4bc378994e679cafaa6aaff7a09c d4183d68f75641fd832f71d5942ddfd9 - - default default] 10.0.0.79 "GET /v2.0/security-group-rules HTTP/1.1" status: 200 len: 3567 time: 0.0680196
2026-07-02 06:22:48.416 9 INFO neutron.db.securitygroups_db [None req-77548241-1399-409d-8e5a-570802086d66 e39a4bc378994e679cafaa6aaff7a09c d4183d68f75641fd832f71d5942ddfd9 - - - -] Project d4183d68f75641fd832f71d5942ddfd9 added a security group rule with legacy IPv6 ICMP protocol name icmp, ipv6-icmp should be used instead. It was automatically converted.
2026-07-02 06:22:48.425 9 INFO neutron.wsgi [None req-04a9eb39-1276-4f56-a1fa-837155105edf b568dc7f9fa142c0b57968e022f5e34b 83993dec79a54b7cba3ee1c5bdccf39c - - - -] 10.0.0.79 "DELETE /v2.0/ports/32ecb5b9-8679-4e85-a8e4-c24876c25bb0 HTTP/1.1" status: 204 len: 168 time: 0.2319884
2026-07-02 06:22:48.524 9 INFO neutron.db.ovn_revision_numbers_db [None req-77548241-1399-409d-8e5a-570802086d66 e39a4bc378994e679cafaa6aaff7a09c d4183d68f75641fd832f71d5942ddfd9 - - - -] Successfully bumped revision number for resource 029585b9-ecf1-4f77-96c1-fa0c70beb287 (type: security_group_rules) to 0
2026-07-02 06:22:48.578 9 INFO neutron.wsgi [None req-77548241-1399-409d-8e5a-570802086d66 e39a4bc378994e679cafaa6aaff7a09c d4183d68f75641fd832f71d5942ddfd9 - - - -] 10.0.0.79 "POST /v2.0/security-group-rules HTTP/1.1" status: 201 len: 774 time: 0.1987126
2026-07-02 06:22:48.597 10 WARNING neutron.scheduler.dhcp_agent_scheduler [None req-b4218c20-da78-4260-b858-94a5ece4b8c3 0a488cf514da4ea4996650b52ffdcb35 82a932334c7f4acab978cf7b4e9b5c99 - - default default] No more DHCP agents
2026-07-02 06:22:48.604 10 WARNING neutron.api.rpc.agentnotifiers.dhcp_rpc_agent_api [None req-b4218c20-da78-4260-b858-94a5ece4b8c3 0a488cf514da4ea4996650b52ffdcb35 82a932334c7f4acab978cf7b4e9b5c99 - - default default] Unable to schedule network a0330b42-3e42-4300-9243-3a5e2c0ebe26: no agents available; will retry on subsequent port and subnet creation events.
2026-07-02 06:22:48.802 9 INFO neutron.wsgi [None req-870e23db-0a43-4cf1-8c70-7fc97fffd8fc e39a4bc378994e679cafaa6aaff7a09c d4183d68f75641fd832f71d5942ddfd9 - - default default] 10.0.0.79 "GET /v2.0/security-group-rules/029585b9-ecf1-4f77-96c1-fa0c70beb287 HTTP/1.1" status: 200 len: 769 time: 0.2138641
2026-07-02 06:22:48.862 9 INFO neutron.wsgi [req-471ab08e-bc92-4155-834c-2073e031fefb req-8eb82ca5-f154-4bf0-a1ee-a9afee09de37 ada276366ca548c3b48f350584c59343 0addd3a385d149e9878ec2a9b47b3d6e - - default default] 10.0.0.71 "GET /v2.0/ports?device_id=6303d3cc-980c-4055-85f8-7789b7d1acab HTTP/1.1" status: 200 len: 1168 time: 0.0528834
2026-07-02 06:22:48.871 10 INFO neutron.db.l3_db [None req-e2f5dadf-cead-4bed-abdf-11288680b35b ada276366ca548c3b48f350584c59343 0addd3a385d149e9878ec2a9b47b3d6e - - - -] Floating IP 6e17854f-6f60-437e-bf04-d50c285549e2 disassociated. External IP: 10.96.250.205, port: 5dc889df-9b1e-4426-8105-7527a9632321.
2026-07-02 06:22:48.875 10 INFO neutron.db.ovn_revision_numbers_db [None req-b4218c20-da78-4260-b858-94a5ece4b8c3 0a488cf514da4ea4996650b52ffdcb35 82a932334c7f4acab978cf7b4e9b5c99 - - default default] Successfully bumped revision number for resource 5851f38a-3e78-4d05-81d9-1705bfa23f8d (type: ports) to 1
2026-07-02 06:22:48.920 9 INFO neutron.wsgi [None req-c888ee71-d990-4aa0-a032-c7d73561e5ef e39a4bc378994e679cafaa6aaff7a09c d4183d68f75641fd832f71d5942ddfd9 - - default default] 10.0.0.79 "GET /v2.0/security-group-rules HTTP/1.1" status: 200 len: 4119 time: 0.1120331
2026-07-02 06:22:48.963 9 INFO neutron.wsgi [req-471ab08e-bc92-4155-834c-2073e031fefb req-7ab4c129-992d-48a4-9753-5a120e940aa8 ada276366ca548c3b48f350584c59343 0addd3a385d149e9878ec2a9b47b3d6e - - default default] 10.0.0.71 "GET /v2.0/security-groups?id=fcfadce3-16d0-4b06-aa54-69ca791a0c28&fields=id&fields=name HTTP/1.1" status: 200 len: 312 time: 0.0950658
2026-07-02 06:22:48.975 9 INFO neutron.wsgi [None req-64cbd9ae-a0e1-4fef-97f7-bd1dbe7cf815 b568dc7f9fa142c0b57968e022f5e34b 83993dec79a54b7cba3ee1c5bdccf39c - - - -] 10.0.0.79 "DELETE /v2.0/ports/6e52266f-e662-4ac1-be6f-e1904c086b34 HTTP/1.1" status: 204 len: 168 time: 0.5446875 /var/lib/openstack/lib/python3.10/site-packages/pycadf/identifier.py:71: UserWarning: Invalid uuid: neutron. To ensure interoperability, identifiers should be a valid uuid. warnings.warn(('Invalid uuid: %s. To ensure interoperability, '
2026-07-02 06:22:49.137 10 INFO neutron.wsgi [None req-d9247a27-27b9-4848-95f3-61d76f834856 e39a4bc378994e679cafaa6aaff7a09c d4183d68f75641fd832f71d5942ddfd9 - - - -] 10.0.0.79 "DELETE /v2.0/security-group-rules/029585b9-ecf1-4f77-96c1-fa0c70beb287 HTTP/1.1" status: 204 len: 168 time: 0.2067409
2026-07-02 06:22:49.165 10 INFO neutron.wsgi [None req-e2f5dadf-cead-4bed-abdf-11288680b35b ada276366ca548c3b48f350584c59343 0addd3a385d149e9878ec2a9b47b3d6e - - - -] 199.19.213.151 "DELETE /v2.0/ports/5dc889df-9b1e-4426-8105-7527a9632321 HTTP/1.1" status: 204 len: 173 time: 1.0006077
2026-07-02 06:22:49.200 10 INFO neutron.notifiers.nova [-] Nova event matching ['req-a0a0ed91-57bf-49a1-9f7d-5537c3566b27'] response: {'server_uuid': '6303d3cc-980c-4055-85f8-7789b7d1acab', 'name': 'network-vif-deleted', 'tag': '5dc889df-9b1e-4426-8105-7527a9632321', 'status': 'completed', 'code': 200}
2026-07-02 06:22:49.201 9 INFO neutron.wsgi [None req-6d8648e2-2c11-49b5-93e3-dae6bdcd2f36 e39a4bc378994e679cafaa6aaff7a09c d4183d68f75641fd832f71d5942ddfd9 - - default default] 10.0.0.79 "GET /v2.0/security-group-rules HTTP/1.1" status: 200 len: 3567 time: 0.0597374
2026-07-02 06:22:49.253 9 INFO neutron.wsgi [None req-018e68df-d7f5-4aa5-a386-05246080eba8 b568dc7f9fa142c0b57968e022f5e34b 83993dec79a54b7cba3ee1c5bdccf39c - - - -] 10.0.0.79 "DELETE /v2.0/ports/712b27e1-6efb-4aed-a840-62b592dab5d5 HTTP/1.1" status: 204 len: 168 time: 0.2736635
2026-07-02 06:22:49.386 10 INFO neutron.wsgi [None req-db14a3fb-9c34-4ca9-bec7-faf81c4c2cb3 e39a4bc378994e679cafaa6aaff7a09c d4183d68f75641fd832f71d5942ddfd9 - - - -] 10.0.0.79 "DELETE /v2.0/security-groups/b9a37a59-e5a0-4c83-b426-3bfe8e9eb030 HTTP/1.1" status: 204 len: 168 time: 0.1760437
2026-07-02 06:22:49.439 10 INFO neutron.wsgi [None req-35941072-9799-4fe1-ba66-a29450a21deb e39a4bc378994e679cafaa6aaff7a09c d4183d68f75641fd832f71d5942ddfd9 - - default default] 10.0.0.79 "GET /v2.0/security-groups HTTP/1.1" status: 200 len: 2996 time: 0.0491517
2026-07-02 06:22:49.513 10 INFO neutron.wsgi [None req-029ecab0-4058-4d96-b789-d256c0f997f9 e39a4bc378994e679cafaa6aaff7a09c d4183d68f75641fd832f71d5942ddfd9 - - default default] 10.0.0.79 "GET /v2.0/security-groups HTTP/1.1" status: 200 len: 2996 time: 0.0651228
2026-07-02 06:22:49.578 10 INFO neutron.plugins.ml2.drivers.ovn.mech_driver.mech_driver [None req-a8cc8614-9749-4c6b-9893-936db2bc6ecf - - - - - -] OVN reports status up for port: 5851f38a-3e78-4d05-81d9-1705bfa23f8d
2026-07-02 06:22:49.588 10 INFO neutron.plugins.ml2.plugin [None req-a8cc8614-9749-4c6b-9893-936db2bc6ecf - - - - - -] Attempt 1 to provision port 5851f38a-3e78-4d05-81d9-1705bfa23f8d
2026-07-02 06:22:49.590 10 INFO neutron.db.ovn_revision_numbers_db [None req-b4218c20-da78-4260-b858-94a5ece4b8c3 0a488cf514da4ea4996650b52ffdcb35 82a932334c7f4acab978cf7b4e9b5c99 - - default default] Successfully bumped revision number for resource 5851f38a-3e78-4d05-81d9-1705bfa23f8d (type: router_ports) to 2
2026-07-02 06:22:49.612 9 INFO neutron.services.segments.plugin [-] Segment 6342e314-a045-4a17-85bc-20d4c57101c0 resource provider aggregate not found
2026-07-02 06:22:49.618 9 INFO neutron.services.segments.plugin [-] Segment 6342e314-a045-4a17-85bc-20d4c57101c0 resource provider aggregate not found
2026-07-02 06:22:49.629 9 INFO neutron.services.segments.plugin [-] Segment 6342e314-a045-4a17-85bc-20d4c57101c0 resource provider not found; error: Placement Client Error (4xx): {"errors": [{"status": 404, "title": "Not Found", "detail": "The resource could not be found.\n\n No resource provider with uuid 6342e314-a045-4a17-85bc-20d4c57101c0 found for delete ", "request_id": "req-dcf98ec4-38e5-4064-bf38-fff9f2e17ddf"}]}
2026-07-02 06:22:49.644 9 INFO neutron.services.segments.plugin [-] Segment 6342e314-a045-4a17-85bc-20d4c57101c0 resource provider not found; error: Placement Client Error (4xx): {"errors": [{"status": 404, "title": "Not Found", "detail": "The resource could not be found.\n\n No resource provider with uuid 6342e314-a045-4a17-85bc-20d4c57101c0 found for delete ", "request_id": "req-b148788d-e447-4770-81ef-52c23c55b2f9"}]}
2026-07-02 06:22:49.673 9 INFO neutron.wsgi [None req-f6558ef5-d2c0-4316-ab0f-176b631b6778 b568dc7f9fa142c0b57968e022f5e34b 83993dec79a54b7cba3ee1c5bdccf39c - - - -] 10.0.0.79 "DELETE /v2.0/networks/5ad228a4-5c2f-4976-bda6-c3d04142a339 HTTP/1.1" status: 204 len: 168 time: 0.4157393
2026-07-02 06:22:49.758 10 INFO neutron.db.ovn_revision_numbers_db [None req-b4218c20-da78-4260-b858-94a5ece4b8c3 0a488cf514da4ea4996650b52ffdcb35 82a932334c7f4acab978cf7b4e9b5c99 - - default default] Successfully bumped revision number for resource 5851f38a-3e78-4d05-81d9-1705bfa23f8d (type: ports) to 2
2026-07-02 06:22:49.855 10 WARNING neutron.scheduler.dhcp_agent_scheduler [None req-b4218c20-da78-4260-b858-94a5ece4b8c3 0a488cf514da4ea4996650b52ffdcb35 82a932334c7f4acab978cf7b4e9b5c99 - - default default] No more DHCP agents
2026-07-02 06:22:49.860 10 WARNING neutron.api.rpc.agentnotifiers.dhcp_rpc_agent_api [None req-b4218c20-da78-4260-b858-94a5ece4b8c3 0a488cf514da4ea4996650b52ffdcb35 82a932334c7f4acab978cf7b4e9b5c99 - - default default] Unable to schedule network a0330b42-3e42-4300-9243-3a5e2c0ebe26: no agents available; will retry on subsequent port and subnet creation events.
2026-07-02 06:22:49.879 9 INFO neutron.notifiers.nova [-] Nova event matching ['req-b64d850c-eaab-4766-9c80-a5a4445af740'] response: {'server_uuid': '6303d3cc-980c-4055-85f8-7789b7d1acab', 'name': 'network-vif-plugged', 'status': 'completed', 'tag': '5dc889df-9b1e-4426-8105-7527a9632321', 'code': 200}
2026-07-02 06:22:49.879 10 INFO neutron.db.ovn_revision_numbers_db [None req-a8cc8614-9749-4c6b-9893-936db2bc6ecf - - - - - -] Successfully bumped revision number for resource 5851f38a-3e78-4d05-81d9-1705bfa23f8d (type: ports) to 3
2026-07-02 06:22:50.122 9 INFO neutron.wsgi [None req-22de13a5-dfd9-44dd-aaec-1cad03f0ea89 b568dc7f9fa142c0b57968e022f5e34b 83993dec79a54b7cba3ee1c5bdccf39c - - - -] 10.0.0.79 "DELETE /v2.0/networks/56206596-154b-4c15-b693-0dc98b612404 HTTP/1.1" status: 204 len: 168 time: 0.4416671
2026-07-02 06:22:50.256 9 INFO neutron.wsgi [None req-4a09a31d-9ddc-4499-be0d-e2c42ec08e46 ada276366ca548c3b48f350584c59343 0addd3a385d149e9878ec2a9b47b3d6e - - - -] 10.0.0.79 "DELETE /v2.0/security-groups/fcfadce3-16d0-4b06-aa54-69ca791a0c28 HTTP/1.1" status: 204 len: 168 time: 0.1983910
2026-07-02 06:22:50.268 10 INFO neutron.db.ovn_revision_numbers_db [None req-a8cc8614-9749-4c6b-9893-936db2bc6ecf - - - - - -] Successfully bumped revision number for resource 5851f38a-3e78-4d05-81d9-1705bfa23f8d (type: router_ports) to 3
2026-07-02 06:22:50.280 10 INFO neutron.api.v2.resource [None req-a681cdce-7f4d-4025-bdb3-cf7e243279a1 ada276366ca548c3b48f350584c59343 0addd3a385d149e9878ec2a9b47b3d6e - - default default] show failed (client error): The resource could not be found.
2026-07-02 06:22:50.282 10 INFO neutron.wsgi [None req-a681cdce-7f4d-4025-bdb3-cf7e243279a1 ada276366ca548c3b48f350584c59343 0addd3a385d149e9878ec2a9b47b3d6e - - default default] 10.0.0.79 "GET /v2.0/security-groups/fcfadce3-16d0-4b06-aa54-69ca791a0c28 HTTP/1.1" status: 404 len: 347 time: 0.0211635
2026-07-02 06:22:50.311 9 INFO neutron.wsgi [None req-1a9b5717-45d8-4b3d-8396-b8a665c6283f 5b4e09e9bcaf40b5999b61b45af84c86 7d4e6bf08eb9424884271f3739462231 - - default default] 10.0.0.79 "GET /v2.0/security-groups?tenant_id=d4183d68f75641fd832f71d5942ddfd9&name=default HTTP/1.1" status: 200 len: 2996 time: 0.1575828
2026-07-02 06:22:50.509 9 INFO neutron.wsgi [None req-ea37a9a7-7597-480b-83ae-c154c9f1e865 b568dc7f9fa142c0b57968e022f5e34b 83993dec79a54b7cba3ee1c5bdccf39c - - - -] 10.0.0.79 "DELETE /v2.0/networks/d6637f94-5c56-43c2-b705-032224b7b771 HTTP/1.1" status: 204 len: 168 time: 0.3763912
2026-07-02 06:22:50.578 10 INFO neutron.db.ovn_revision_numbers_db [None req-b4218c20-da78-4260-b858-94a5ece4b8c3 0a488cf514da4ea4996650b52ffdcb35 82a932334c7f4acab978cf7b4e9b5c99 - - - -] Successfully bumped revision number for resource 5851f38a-3e78-4d05-81d9-1705bfa23f8d (type: router_ports) to 3
2026-07-02 06:22:50.580 10 INFO neutron.wsgi [None req-b4218c20-da78-4260-b858-94a5ece4b8c3 0a488cf514da4ea4996650b52ffdcb35 82a932334c7f4acab978cf7b4e9b5c99 - - - -] 10.0.0.79 "PUT /v2.0/routers/f1f630d3-c01a-42fd-8238-586d870f9e06/add_router_interface HTTP/1.1" status: 200 len: 503 time: 3.1610589
2026-07-02 06:22:50.662 9 INFO neutron.wsgi [None req-7a3ec8af-91b8-40c8-99ec-847ec47cdeb7 80f1fa1714344c47910c28aea925ea3b 4af5271be7344583a65983dbfbbfb62a - - default default] 10.0.0.79 "GET /v2.0/networks HTTP/1.1" status: 200 len: 5285 time: 0.0703995
2026-07-02 06:22:50.705 10 INFO neutron.wsgi [None req-87ceb8be-688d-4a4f-8921-cd2a8291a7bb 5b4e09e9bcaf40b5999b61b45af84c86 7d4e6bf08eb9424884271f3739462231 - - - -] 10.0.0.79 "DELETE /v2.0/security-groups/e9f7a2bf-3a5a-4a57-917e-70efe3adbc47 HTTP/1.1" status: 204 len: 168 time: 0.3828280
2026-07-02 06:22:50.711 9 INFO neutron.wsgi [None req-3ca1fe85-449a-4e0b-ba10-e9cfe544c75c 80f1fa1714344c47910c28aea925ea3b 4af5271be7344583a65983dbfbbfb62a - - default default] 10.0.0.79 "GET /v2.0/subnets HTTP/1.1" status: 200 len: 2752 time: 0.0408385
2026-07-02 06:22:50.814 10 INFO neutron.wsgi [None req-9508c522-84da-43a5-8b2d-f537dfbf8ebb ada276366ca548c3b48f350584c59343 0addd3a385d149e9878ec2a9b47b3d6e - - - -] 10.0.0.79 "DELETE /v2.0/floatingips/6e17854f-6f60-437e-bf04-d50c285549e2 HTTP/1.1" status: 204 len: 168 time: 0.5179904
2026-07-02 06:22:50.850 10 INFO neutron.wsgi [None req-9f9d06aa-e029-4594-80be-fd23dced78b2 80f1fa1714344c47910c28aea925ea3b 4af5271be7344583a65983dbfbbfb62a - - default default] 10.0.0.79 "GET /v2.0/routers HTTP/1.1" status: 200 len: 1553 time: 0.1267128
2026-07-02 06:22:50.919 9 INFO neutron.wsgi [None req-1c07f77e-589a-4f85-9c5a-8a4cdc18a0a2 b568dc7f9fa142c0b57968e022f5e34b 83993dec79a54b7cba3ee1c5bdccf39c - - - -] 10.0.0.79 "DELETE /v2.0/networks/fcdbd253-14d2-4e3e-b5d2-b4c4fa624aae HTTP/1.1" status: 204 len: 168 time: 0.4033689
2026-07-02 06:22:51.206 10 INFO neutron.db.ovn_revision_numbers_db [None req-a55e5906-4c6c-46c7-8e84-3c9666eb013a 0a488cf514da4ea4996650b52ffdcb35 82a932334c7f4acab978cf7b4e9b5c99 - - - -] Successfully bumped revision number for resource bf4de9aa-080e-4a32-9024-c3a8af756532 (type: security_groups) to 1
2026-07-02 06:22:51.237 10 INFO neutron.wsgi [None req-a55e5906-4c6c-46c7-8e84-3c9666eb013a 0a488cf514da4ea4996650b52ffdcb35 82a932334c7f4acab978cf7b4e9b5c99 - - - -] 10.0.0.79 "POST /v2.0/security-groups HTTP/1.1" status: 201 len: 1811 time: 0.3123038
2026-07-02 06:22:51.406 9 INFO neutron.db.ovn_revision_numbers_db [None req-f46ec65e-b3d0-4d9d-a2e3-3f0169a8c4cc 0a488cf514da4ea4996650b52ffdcb35 82a932334c7f4acab978cf7b4e9b5c99 - - - -] Successfully bumped revision number for resource 3447c7d5-612c-4129-bc2c-14a616aba1be (type: security_group_rules) to 0
2026-07-02 06:22:51.433 9 INFO neutron.wsgi [None req-f46ec65e-b3d0-4d9d-a2e3-3f0169a8c4cc 0a488cf514da4ea4996650b52ffdcb35 82a932334c7f4acab978cf7b4e9b5c99 - - - -] 10.0.0.79 "POST /v2.0/security-group-rules HTTP/1.1" status: 201 len: 764 time: 0.1893747
2026-07-02 06:22:51.562 9 INFO neutron.db.ovn_revision_numbers_db [None req-3fff9dc9-8e37-4bc5-bcb3-e341c717fc23 0a488cf514da4ea4996650b52ffdcb35 82a932334c7f4acab978cf7b4e9b5c99 - - - -] Successfully bumped revision number for resource 0ac23bf2-d58f-4fb4-93de-155fae83a458 (type: security_group_rules) to 0
2026-07-02 06:22:51.585 9 INFO neutron.wsgi [None req-3fff9dc9-8e37-4bc5-bcb3-e341c717fc23 0a488cf514da4ea4996650b52ffdcb35 82a932334c7f4acab978cf7b4e9b5c99 - - - -] 10.0.0.79 "POST /v2.0/security-group-rules HTTP/1.1" status: 201 len: 763 time: 0.1476283
2026-07-02 06:22:51.649 9 INFO neutron.services.segments.plugin [-] Segment d246ecf7-896f-4b7f-b329-5c26031af0f6 resource provider aggregate not found
2026-07-02 06:22:51.665 9 INFO neutron.services.segments.plugin [-] Segment d246ecf7-896f-4b7f-b329-5c26031af0f6 resource provider aggregate not found
2026-07-02 06:22:51.671 9 INFO neutron.services.segments.plugin [-] Segment d246ecf7-896f-4b7f-b329-5c26031af0f6 resource provider not found; error: Placement Client Error (4xx): {"errors": [{"status": 404, "title": "Not Found", "detail": "The resource could not be found.\n\n No resource provider with uuid d246ecf7-896f-4b7f-b329-5c26031af0f6 found for delete ", "request_id": "req-ff23e60d-a393-4a94-bb6a-ca64e977899a"}]}
2026-07-02 06:22:51.680 9 INFO neutron.services.segments.plugin [-] Segment d246ecf7-896f-4b7f-b329-5c26031af0f6 resource provider not found; error: Placement Client Error (4xx): {"errors": [{"status": 404, "title": "Not Found", "detail": "The resource could not be found.\n\n No resource provider with uuid d246ecf7-896f-4b7f-b329-5c26031af0f6 found for delete ", "request_id": "req-2df15a2b-6569-4aee-8792-143f72c01b3b"}]}
2026-07-02 06:22:51.691 9 INFO neutron.services.segments.plugin [-] Segment f17e4b4f-1c4a-408d-9588-dda8620a3902 resource provider aggregate not found
2026-07-02 06:22:51.700 9 INFO neutron.services.segments.plugin [-] Segment f17e4b4f-1c4a-408d-9588-dda8620a3902 resource provider aggregate not found
2026-07-02 06:22:51.706 9 INFO neutron.services.segments.plugin [-] Segment f17e4b4f-1c4a-408d-9588-dda8620a3902 resource provider not found; error: Placement Client Error (4xx): {"errors": [{"status": 404, "title": "Not Found", "detail": "The resource could not be found.\n\n No resource provider with uuid f17e4b4f-1c4a-408d-9588-dda8620a3902 found for delete ", "request_id": "req-67d826db-d0a9-45ed-b754-133a8311b413"}]}
2026-07-02 06:22:51.720 9 INFO neutron.services.segments.plugin [-] Segment f17e4b4f-1c4a-408d-9588-dda8620a3902 resource provider not found; error: Placement Client Error (4xx): {"errors": [{"status": 404, "title": "Not Found", "detail": "The resource could not be found.\n\n No resource provider with uuid f17e4b4f-1c4a-408d-9588-dda8620a3902 found for delete ", "request_id": "req-f3f33c07-11d5-414e-9448-1617f962fa33"}]}
2026-07-02 06:22:51.730 9 INFO neutron.services.segments.plugin [-] Segment 347c2f7f-55a4-4227-92fc-bcc816764703 resource provider aggregate not found
2026-07-02 06:22:51.735 9 INFO neutron.db.ovn_revision_numbers_db [None req-3d1432c5-bd7d-4405-a126-3122bd24c21b 0a488cf514da4ea4996650b52ffdcb35 82a932334c7f4acab978cf7b4e9b5c99 - - - -] Successfully bumped revision number for resource db42310e-7636-429e-9424-5a4e55f6bd6b (type: security_group_rules) to 0
2026-07-02 06:22:51.742 9 INFO neutron.services.segments.plugin [-] Segment 347c2f7f-55a4-4227-92fc-bcc816764703 resource provider aggregate not found
2026-07-02 06:22:51.749 9 INFO neutron.services.segments.plugin [-] Segment 347c2f7f-55a4-4227-92fc-bcc816764703 resource provider not found; error: Placement Client Error (4xx): {"errors": [{"status": 404, "title": "Not Found", "detail": "The resource could not be found.\n\n No resource provider with uuid 347c2f7f-55a4-4227-92fc-bcc816764703 found for delete ", "request_id": "req-2aa4b19a-3afc-4414-b7a8-34c7cbbaca2c"}]}
2026-07-02 06:22:51.761 9 INFO neutron.services.segments.plugin [-] Segment 347c2f7f-55a4-4227-92fc-bcc816764703 resource provider not found; error: Placement Client Error (4xx): {"errors": [{"status": 404, "title": "Not Found", "detail": "The resource could not be found.\n\n No resource provider with uuid 347c2f7f-55a4-4227-92fc-bcc816764703 found for delete ", "request_id": "req-8e445718-de75-40ea-8574-ad19b57c3ffd"}]}
2026-07-02 06:22:51.765 9 INFO neutron.wsgi [None req-3d1432c5-bd7d-4405-a126-3122bd24c21b 0a488cf514da4ea4996650b52ffdcb35 82a932334c7f4acab978cf7b4e9b5c99 - - - -] 10.0.0.79 "POST /v2.0/security-group-rules HTTP/1.1" status: 201 len: 769 time: 0.1762416
2026-07-02 06:22:51.811 10 INFO neutron.services.segments.plugin [-] Segment 9697380b-77ee-4879-8587-d2c81f2c2691 resource provider aggregate not found
2026-07-02 06:22:51.827 10 INFO neutron.services.segments.plugin [-] Segment 9697380b-77ee-4879-8587-d2c81f2c2691 resource provider aggregate not found
2026-07-02 06:22:51.849 10 INFO neutron.services.segments.plugin [-] Segment 9697380b-77ee-4879-8587-d2c81f2c2691 resource provider not found; error: Placement Client Error (4xx): {"errors": [{"status": 404, "title": "Not Found", "detail": "The resource could not be found.\n\n No resource provider with uuid 9697380b-77ee-4879-8587-d2c81f2c2691 found for delete ", "request_id": "req-1b0ccf20-fe6c-4cbc-a19e-0e49dcf219a9"}]}
2026-07-02 06:22:51.850 10 INFO neutron.services.segments.plugin [-] Segment 9697380b-77ee-4879-8587-d2c81f2c2691 resource provider not found; error: Placement Client Error (4xx): {"errors": [{"status": 404, "title": "Not Found", "detail": "The resource could not be found.\n\n No resource provider with uuid 9697380b-77ee-4879-8587-d2c81f2c2691 found for delete ", "request_id": "req-ab121464-ea05-4bef-befd-4a0f20da8fb5"}]}
2026-07-02 06:22:51.881 9 INFO neutron.db.ovn_revision_numbers_db [None req-5b5bf89b-afb4-4426-9596-50bb24a55bda 0a488cf514da4ea4996650b52ffdcb35 82a932334c7f4acab978cf7b4e9b5c99 - - - -] Successfully bumped revision number for resource cb12f57a-5384-4666-8876-1b043dc612db (type: security_group_rules) to 0
2026-07-02 06:22:51.882 10 INFO neutron.wsgi [None req-d17bf4dc-461a-40e9-ade6-4a341e498299 b568dc7f9fa142c0b57968e022f5e34b 83993dec79a54b7cba3ee1c5bdccf39c - - - -] 10.0.0.79 "DELETE /v2.0/networks/d43ae25b-cb16-42fc-b597-1f7bf76a2d1f HTTP/1.1" status: 204 len: 168 time: 0.9554796
2026-07-02 06:22:51.903 9 INFO neutron.wsgi [None req-5b5bf89b-afb4-4426-9596-50bb24a55bda 0a488cf514da4ea4996650b52ffdcb35 82a932334c7f4acab978cf7b4e9b5c99 - - - -] 10.0.0.79 "POST /v2.0/security-group-rules HTTP/1.1" status: 201 len: 768 time: 0.1330853
2026-07-02 06:22:51.937 9 INFO neutron.db.securitygroups_db [None req-248770e7-d284-4d67-a5bb-3184847daa24 0a488cf514da4ea4996650b52ffdcb35 82a932334c7f4acab978cf7b4e9b5c99 - - - -] Project 82a932334c7f4acab978cf7b4e9b5c99 added a security group rule with legacy IPv6 ICMP protocol name icmp, ipv6-icmp should be used instead. It was automatically converted.
2026-07-02 06:22:52.042 9 INFO neutron.db.ovn_revision_numbers_db [None req-248770e7-d284-4d67-a5bb-3184847daa24 0a488cf514da4ea4996650b52ffdcb35 82a932334c7f4acab978cf7b4e9b5c99 - - - -] Successfully bumped revision number for resource f04545dc-3ab4-427f-85b8-f4c6b9915fc9 (type: security_group_rules) to 0
2026-07-02 06:22:52.070 9 INFO neutron.wsgi [None req-248770e7-d284-4d67-a5bb-3184847daa24 0a488cf514da4ea4996650b52ffdcb35 82a932334c7f4acab978cf7b4e9b5c99 - - - -] 10.0.0.79 "POST /v2.0/security-group-rules HTTP/1.1" status: 201 len: 774 time: 0.1627669
2026-07-02 06:22:52.099 9 INFO neutron.db.securitygroups_db [None req-cbca231d-26de-4365-9975-6d15d339481e 0a488cf514da4ea4996650b52ffdcb35 82a932334c7f4acab978cf7b4e9b5c99 - - - -] Project 82a932334c7f4acab978cf7b4e9b5c99 added a security group rule with legacy IPv6 ICMP protocol name icmp, ipv6-icmp should be used instead. It was automatically converted.
2026-07-02 06:22:52.184 9 INFO neutron.db.ovn_revision_numbers_db [None req-cbca231d-26de-4365-9975-6d15d339481e 0a488cf514da4ea4996650b52ffdcb35 82a932334c7f4acab978cf7b4e9b5c99 - - - -] Successfully bumped revision number for resource e4d49d67-122b-46a3-b053-d8a4d381004e (type: security_group_rules) to 0
2026-07-02 06:22:52.208 9 INFO neutron.wsgi [None req-cbca231d-26de-4365-9975-6d15d339481e 0a488cf514da4ea4996650b52ffdcb35 82a932334c7f4acab978cf7b4e9b5c99 - - - -] 10.0.0.79 "POST /v2.0/security-group-rules HTTP/1.1" status: 201 len: 773 time: 0.1322808
2026-07-02 06:22:52.363 9 INFO neutron.wsgi [-] 10.0.0.79 "GET / HTTP/1.1" status: 200 len: 279 time: 0.0025005
2026-07-02 06:22:52.459 10 INFO neutron.wsgi [None req-9b42adbc-955f-4cea-94f0-fec63f0fce6a 5b4e09e9bcaf40b5999b61b45af84c86 7d4e6bf08eb9424884271f3739462231 - - - -] 10.0.0.79 "PUT /v2.0/routers/8c19d985-26a2-493a-9e60-6a728c4e39b7/remove_router_interface HTTP/1.1" status: 200 len: 503 time: 1.6383705
2026-07-02 06:22:52.493 9 INFO neutron.wsgi [None req-6ea666d7-cc82-4417-9f74-526aed18f225 70fdd3e65ad44f3f9792aa6adaefc232 d27a036747094cbca193a854d5a35afe - - default default] 10.0.0.79 "GET /v2.0/ HTTP/1.1" status: 200 len: 826 time: 0.1242163
2026-07-02 06:22:52.731 9 INFO neutron.wsgi [None req-191475c6-51c6-4218-b92d-88da8f51637f 0a488cf514da4ea4996650b52ffdcb35 82a932334c7f4acab978cf7b4e9b5c99 - - default default] 10.0.0.79 "GET /v2.0/networks HTTP/1.1" status: 200 len: 1492 time: 0.1622064 /var/lib/openstack/lib/python3.10/site-packages/pycadf/identifier.py:71: UserWarning: Invalid uuid: neutron. To ensure interoperability, identifiers should be a valid uuid. warnings.warn(('Invalid uuid: %s. To ensure interoperability, '
2026-07-02 06:22:52.845 9 INFO neutron.wsgi [-] 10.0.0.185 "GET / HTTP/1.1" status: 200 len: 247 time: 0.0024688
2026-07-02 06:22:52.849 9 INFO neutron.wsgi [-] 10.0.0.185 "GET / HTTP/1.1" status: 200 len: 247 time: 0.0018830
2026-07-02 06:22:52.867 9 INFO neutron.wsgi [req-775c09b4-cb7a-44e8-a7f8-80f2dea60a2d req-a23adc6d-ed5e-4278-90fa-fcd80522e82d 0a488cf514da4ea4996650b52ffdcb35 82a932334c7f4acab978cf7b4e9b5c99 - - default default] 10.0.0.71 "GET /v2.0/security-groups?name=tempest-secgroup-smoke-1720995010&fields=id&tenant_id=82a932334c7f4acab978cf7b4e9b5c99 HTTP/1.1" status: 200 len: 267 time: 0.0599439
2026-07-02 06:22:52.940 10 INFO neutron.db.ovn_revision_numbers_db [None req-8e741630-16b3-4ef9-b758-397a5520c575 5b4e09e9bcaf40b5999b61b45af84c86 7d4e6bf08eb9424884271f3739462231 - - default default] Successfully bumped revision number for resource 51577549-f15b-4a89-8966-c6147a6ea0e8 (type: security_groups) to 1
2026-07-02 06:22:52.965 10 INFO neutron.wsgi [None req-8e741630-16b3-4ef9-b758-397a5520c575 5b4e09e9bcaf40b5999b61b45af84c86 7d4e6bf08eb9424884271f3739462231 - - default default] 10.0.0.79 "GET /v2.0/security-groups?tenant_id=ba8ef563ba724ee9a319b291d42e5d3f&name=default HTTP/1.1" status: 200 len: 2996 time: 0.3398468
2026-07-02 06:22:53.143 10 INFO neutron.wsgi [None req-a52776fe-01e4-4c96-a371-4637c00c5bc5 5b4e09e9bcaf40b5999b61b45af84c86 7d4e6bf08eb9424884271f3739462231 - - - -] 10.0.0.79 "DELETE /v2.0/security-groups/51577549-f15b-4a89-8966-c6147a6ea0e8 HTTP/1.1" status: 204 len: 168 time: 0.1736782
2026-07-02 06:22:53.269 9 INFO neutron.wsgi [req-775c09b4-cb7a-44e8-a7f8-80f2dea60a2d req-c4224211-a794-421a-af73-58db163bbf6c 0a488cf514da4ea4996650b52ffdcb35 82a932334c7f4acab978cf7b4e9b5c99 - - default default] 10.0.0.71 "GET /v2.0/networks?id=a0330b42-3e42-4300-9243-3a5e2c0ebe26 HTTP/1.1" status: 200 len: 859 time: 0.3877544
2026-07-02 06:22:53.287 10 INFO neutron.db.ovn_revision_numbers_db [None req-1829f4e6-bb64-47c9-8626-1ebd74228982 5b4e09e9bcaf40b5999b61b45af84c86 7d4e6bf08eb9424884271f3739462231 - - default default] Successfully bumped revision number for resource 1bfc5ad3-1ff2-4eab-ace8-86f93ba8ad11 (type: security_groups) to 1
2026-07-02 06:22:53.315 9 INFO neutron.wsgi [req-775c09b4-cb7a-44e8-a7f8-80f2dea60a2d req-ee8e1c20-4d34-4b9b-b2ec-dfd60a591ada 0a488cf514da4ea4996650b52ffdcb35 82a932334c7f4acab978cf7b4e9b5c99 - - default default] 10.0.0.71 "GET /v2.0/quotas/82a932334c7f4acab978cf7b4e9b5c99 HTTP/1.1" status: 200 len: 386 time: 0.0398722
2026-07-02 06:22:53.317 10 INFO neutron.wsgi [None req-e1000437-d6fd-41d3-8343-04431cf13fae 5b4e09e9bcaf40b5999b61b45af84c86 7d4e6bf08eb9424884271f3739462231 - - default default] 10.0.0.79 "GET /v2.0/security-groups?tenant_id=83993dec79a54b7cba3ee1c5bdccf39c&name=default HTTP/1.1" status: 200 len: 2996 time: 0.0544395
2026-07-02 06:22:53.320 10 INFO neutron.wsgi [None req-1829f4e6-bb64-47c9-8626-1ebd74228982 5b4e09e9bcaf40b5999b61b45af84c86 7d4e6bf08eb9424884271f3739462231 - - default default] 10.0.0.79 "GET /v2.0/security-groups?tenant_id=d27a036747094cbca193a854d5a35afe&name=default HTTP/1.1" status: 200 len: 2996 time: 0.2504714
2026-07-02 06:22:53.449 9 INFO neutron.wsgi [req-775c09b4-cb7a-44e8-a7f8-80f2dea60a2d req-7ed3c262-cdf0-4bba-a7e5-d609da19ab88 0a488cf514da4ea4996650b52ffdcb35 82a932334c7f4acab978cf7b4e9b5c99 - - default default] 10.0.0.71 "GET /v2.0/ports?tenant_id=82a932334c7f4acab978cf7b4e9b5c99&fields=id HTTP/1.1" status: 200 len: 302 time: 0.1241751
2026-07-02 06:22:53.537 10 INFO neutron.wsgi [None req-0dbe7a79-423f-4cbe-b8fd-23bd9ed69d31 5b4e09e9bcaf40b5999b61b45af84c86 7d4e6bf08eb9424884271f3739462231 - - - -] 10.0.0.79 "DELETE /v2.0/security-groups/1bfc5ad3-1ff2-4eab-ace8-86f93ba8ad11 HTTP/1.1" status: 204 len: 168 time: 0.2089665
2026-07-02 06:22:53.548 10 INFO neutron.wsgi [None req-1f7df74a-7a1e-4cad-9269-cb856de83fd0 5b4e09e9bcaf40b5999b61b45af84c86 7d4e6bf08eb9424884271f3739462231 - - - -] 10.0.0.79 "DELETE /v2.0/security-groups/516319ae-ca5d-4ec3-933f-3d6c1d47f4a9 HTTP/1.1" status: 204 len: 168 time: 0.2266557
2026-07-02 06:22:53.590 9 INFO neutron.wsgi [req-775c09b4-cb7a-44e8-a7f8-80f2dea60a2d req-666ec1ef-2558-4ba5-912a-3524188ca167 61185dab1d68427ebbc3201dcb371977 bceb53729f44493ca424a3ca25f841ce - - a5e034bf6ba748e8b33b73356ae16185 a5e034bf6ba748e8b33b73356ae16185] 10.0.0.71 "GET /v2.0/networks/a0330b42-3e42-4300-9243-3a5e2c0ebe26?fields=segments HTTP/1.1" status: 200 len: 212 time: 0.1243382
2026-07-02 06:22:53.608 9 INFO neutron.wsgi [None req-a86ecafb-fa46-4932-a4ff-51a99ab01fd4 5b4e09e9bcaf40b5999b61b45af84c86 7d4e6bf08eb9424884271f3739462231 - - - -] 10.0.0.79 "DELETE /v2.0/routers/8c19d985-26a2-493a-9e60-6a728c4e39b7 HTTP/1.1" status: 204 len: 168 time: 1.1459484
2026-07-02 06:22:53.655 9 INFO neutron.wsgi [req-775c09b4-cb7a-44e8-a7f8-80f2dea60a2d req-58bb79db-35b6-4a22-97b9-1490abd79f9c 61185dab1d68427ebbc3201dcb371977 bceb53729f44493ca424a3ca25f841ce - - a5e034bf6ba748e8b33b73356ae16185 a5e034bf6ba748e8b33b73356ae16185] 10.0.0.71 "GET /v2.0/networks/a0330b42-3e42-4300-9243-3a5e2c0ebe26?fields=provider%3Aphysical_network&fields=provider%3Anetwork_type HTTP/1.1" status: 200 len: 277 time: 0.0580375
2026-07-02 06:22:53.790 9 INFO neutron.wsgi [req-d4601736-26e4-41fc-8a62-f07ab4c27dbf req-f5abccd8-bbc7-49ad-ad96-a465c3d0ea29 0a488cf514da4ea4996650b52ffdcb35 82a932334c7f4acab978cf7b4e9b5c99 - - default default] 10.0.0.71 "GET /v2.0/ports?device_id=18f76623-288a-4232-a1d8-0750242d66cd HTTP/1.1" status: 200 len: 210 time: 0.0236340
2026-07-02 06:22:53.843 10 INFO neutron.wsgi [None req-26f3e778-99a3-40c1-a420-e7c6dc25e527 5b4e09e9bcaf40b5999b61b45af84c86 7d4e6bf08eb9424884271f3739462231 - - - -] 10.0.0.79 "DELETE /v2.0/subnets/c45b04c1-7335-46cf-8ae0-d391e0cfb1f3 HTTP/1.1" status: 204 len: 168 time: 0.2274694
2026-07-02 06:22:53.851 10 INFO neutron.db.ovn_revision_numbers_db [None req-f36100d2-6789-4c42-baa5-9770341d18cd 5b4e09e9bcaf40b5999b61b45af84c86 7d4e6bf08eb9424884271f3739462231 - - default default] Successfully bumped revision number for resource 1942bba0-98e0-4d72-bbd5-87c0628233e0 (type: security_groups) to 1
2026-07-02 06:22:53.872 10 INFO neutron.wsgi [None req-f36100d2-6789-4c42-baa5-9770341d18cd 5b4e09e9bcaf40b5999b61b45af84c86 7d4e6bf08eb9424884271f3739462231 - - default default] 10.0.0.79 "GET /v2.0/security-groups?tenant_id=9eb87a698c5d4313a1b73ecf27e090c3&name=default HTTP/1.1" status: 200 len: 2996 time: 0.1574156
2026-07-02 06:22:54.077 10 INFO neutron.wsgi [None req-fa04724e-efb2-46f6-8926-5c1604cf51d5 5b4e09e9bcaf40b5999b61b45af84c86 7d4e6bf08eb9424884271f3739462231 - - - -] 10.0.0.79 "DELETE /v2.0/security-groups/1942bba0-98e0-4d72-bbd5-87c0628233e0 HTTP/1.1" status: 204 len: 168 time: 0.2000716
2026-07-02 06:22:54.220 9 INFO neutron.services.segments.plugin [-] Segment fa9837b2-1ff1-406c-888e-f4a7b76ae225 resource provider aggregate not found
2026-07-02 06:22:54.224 9 INFO neutron.services.segments.plugin [-] Segment fa9837b2-1ff1-406c-888e-f4a7b76ae225 resource provider aggregate not found
2026-07-02 06:22:54.240 9 INFO neutron.services.segments.plugin [-] Segment fa9837b2-1ff1-406c-888e-f4a7b76ae225 resource provider not found; error: Placement Client Error (4xx): {"errors": [{"status": 404, "title": "Not Found", "detail": "The resource could not be found.\n\n No resource provider with uuid fa9837b2-1ff1-406c-888e-f4a7b76ae225 found for delete ", "request_id": "req-ba7ae406-352e-40d1-bd02-59f5b93e67e3"}]}
2026-07-02 06:22:54.248 9 INFO neutron.services.segments.plugin [-] Segment fa9837b2-1ff1-406c-888e-f4a7b76ae225 resource provider not found; error: Placement Client Error (4xx): {"errors": [{"status": 404, "title": "Not Found", "detail": "The resource could not be found.\n\n No resource provider with uuid fa9837b2-1ff1-406c-888e-f4a7b76ae225 found for delete ", "request_id": "req-a68ef93b-a1e9-450a-8a68-7d9f6f66c528"}]}
2026-07-02 06:22:54.254 9 INFO neutron.wsgi [None req-0d5fbc98-59da-442e-80b2-f4f7d70c3372 5b4e09e9bcaf40b5999b61b45af84c86 7d4e6bf08eb9424884271f3739462231 - - - -] 10.0.0.79 "DELETE /v2.0/networks/4aad77e3-0f91-437a-9238-0cfd83153dfc HTTP/1.1" status: 204 len: 168 time: 0.4017720
2026-07-02 06:22:54.461 9 INFO neutron.wsgi [None req-664be0ae-0654-4967-a059-2323b25b70ea 5b4e09e9bcaf40b5999b61b45af84c86 7d4e6bf08eb9424884271f3739462231 - - default default] 10.0.0.79 "GET /v2.0/security-groups?tenant_id=0addd3a385d149e9878ec2a9b47b3d6e&name=default HTTP/1.1" status: 200 len: 2996 time: 0.0340354
2026-07-02 06:22:54.471 10 INFO neutron.wsgi [req-775c09b4-cb7a-44e8-a7f8-80f2dea60a2d req-c544dc39-22e7-4ed1-84f3-3ac53d91b509 0a488cf514da4ea4996650b52ffdcb35 82a932334c7f4acab978cf7b4e9b5c99 - - default default] 199.19.213.151 "GET /v2.0/networks?id=a0330b42-3e42-4300-9243-3a5e2c0ebe26 HTTP/1.1" status: 200 len: 859 time: 0.0719528
2026-07-02 06:22:54.534 10 INFO neutron.wsgi [req-775c09b4-cb7a-44e8-a7f8-80f2dea60a2d req-d19e0d78-a446-4b96-8d28-585e46a8c4e6 0a488cf514da4ea4996650b52ffdcb35 82a932334c7f4acab978cf7b4e9b5c99 - - default default] 199.19.213.151 "GET /v2.0/security-groups?fields=id&fields=name&tenant_id=82a932334c7f4acab978cf7b4e9b5c99 HTTP/1.1" status: 200 len: 380 time: 0.0563855
