2026-07-02 06:21:26.009 10 INFO neutron.wsgi [req-40b3e9bb-0428-4968-8874-2be6e7cadb1b req-1048d44e-5dfb-4263-b5a9-0a24f2b67bb4 61185dab1d68427ebbc3201dcb371977 bceb53729f44493ca424a3ca25f841ce - - a5e034bf6ba748e8b33b73356ae16185 a5e034bf6ba748e8b33b73356ae16185] 199.19.213.151 "GET /v2.0/ports?tenant_id=eced2309f32a47a6a6354de1734b111c&device_id=742cefdd-cb6f-4d54-b0d1-18a6540022d0 HTTP/1.1" status: 200 len: 1359 time: 0.0653398
2026-07-02 06:21:26.022 9 INFO neutron.wsgi [req-d922ed64-0071-4975-b17d-cce370c8bdce req-9a46bcac-7c0a-46a7-a77e-5b16d9b2fd65 5634dc897b2644d18f7a5453212deb30 fc59a32c89234a1eafcf57164b225b80 - - default default] 10.0.0.71 "GET /v2.0/security-groups?id=a672d058-1e95-4467-a314-dc11de6a443f&fields=id&fields=name HTTP/1.1" status: 200 len: 313 time: 0.0535531
2026-07-02 06:21:26.034 9 INFO neutron.db.ovn_revision_numbers_db [None req-88340fd5-c39a-472f-8088-4e6bd594532e - - - - - -] Successfully bumped revision number for resource 55a660d9-8ae0-4ae8-b1e1-62d7e6cfd6a5 (type: ports) to 4
2026-07-02 06:21:26.079 9 INFO neutron.wsgi [req-f6eee3db-59e8-4e55-8948-444b8f000cab req-b3cee757-18b6-4a1d-a801-ef482b6be5ca 54a53125641846598ee5ae49e9415815 0ce8419fb0a4451581447271163609c3 - - default default] 10.0.0.71 "GET /v2.0/ports?device_id=e34886a9-d707-4854-9bbf-783c7108d903 HTTP/1.1" status: 200 len: 1170 time: 0.0555780 /var/lib/openstack/lib/python3.10/site-packages/pycadf/identifier.py:71: UserWarning: Invalid uuid: neutron. To ensure interoperability, identifiers should be a valid uuid. warnings.warn(('Invalid uuid: %s. To ensure interoperability, '
2026-07-02 06:21:26.112 10 INFO neutron.wsgi [req-40b3e9bb-0428-4968-8874-2be6e7cadb1b req-5184906b-de31-47ad-b11b-d6597b4c2e98 61185dab1d68427ebbc3201dcb371977 bceb53729f44493ca424a3ca25f841ce - - a5e034bf6ba748e8b33b73356ae16185 a5e034bf6ba748e8b33b73356ae16185] 199.19.213.151 "GET /v2.0/networks?id=8869bf7c-9cd3-46be-b6e5-37627326af07 HTTP/1.1" status: 200 len: 980 time: 0.0978293
2026-07-02 06:21:26.133 9 INFO neutron.plugins.ml2.drivers.ovn.mech_driver.mech_driver [None req-88340fd5-c39a-472f-8088-4e6bd594532e - - - - - -] OVN reports status up for port: fee20611-077c-4d17-9fe4-6f144c27e5db
2026-07-02 06:21:26.144 10 INFO neutron.wsgi [req-40b3e9bb-0428-4968-8874-2be6e7cadb1b req-fd536fb9-b500-4c5e-a3d2-3d6083e4891c 61185dab1d68427ebbc3201dcb371977 bceb53729f44493ca424a3ca25f841ce - - a5e034bf6ba748e8b33b73356ae16185 a5e034bf6ba748e8b33b73356ae16185] 199.19.213.151 "GET /v2.0/floatingips?fixed_ip_address=10.100.0.3&port_id=fee20611-077c-4d17-9fe4-6f144c27e5db HTTP/1.1" status: 200 len: 217 time: 0.0238566
2026-07-02 06:21:26.151 9 INFO neutron.plugins.ml2.plugin [None req-88340fd5-c39a-472f-8088-4e6bd594532e - - - - - -] Attempt 1 to provision port fee20611-077c-4d17-9fe4-6f144c27e5db
2026-07-02 06:21:26.183 9 INFO neutron.wsgi [req-f6eee3db-59e8-4e55-8948-444b8f000cab req-c6a1b049-b427-4831-b031-229fc4a6eb3f 54a53125641846598ee5ae49e9415815 0ce8419fb0a4451581447271163609c3 - - default default] 10.0.0.71 "GET /v2.0/security-groups?id=1e0d2781-f826-49eb-99df-10f17a987f80&fields=id&fields=name HTTP/1.1" status: 200 len: 313 time: 0.0949335
2026-07-02 06:21:26.202 10 INFO neutron.wsgi [req-40b3e9bb-0428-4968-8874-2be6e7cadb1b req-8b8e538b-7f0a-4681-b32c-8cd45e07d10e 61185dab1d68427ebbc3201dcb371977 bceb53729f44493ca424a3ca25f841ce - - a5e034bf6ba748e8b33b73356ae16185 a5e034bf6ba748e8b33b73356ae16185] 199.19.213.151 "GET /v2.0/subnets?id=cb46835c-a673-4abf-ba58-32e0c2421fe7 HTTP/1.1" status: 200 len: 876 time: 0.0525885
2026-07-02 06:21:26.257 10 INFO neutron.services.segments.plugin [-] Segment 13dff72e-fff5-4e86-aee5-d67a6aa9ce13 resource provider aggregate not found
2026-07-02 06:21:26.269 10 INFO neutron.services.segments.plugin [-] Segment 13dff72e-fff5-4e86-aee5-d67a6aa9ce13 resource provider aggregate not found
2026-07-02 06:21:26.288 10 INFO neutron.wsgi [req-40b3e9bb-0428-4968-8874-2be6e7cadb1b req-d2165697-4511-4dbc-9d52-9fd07374e6c9 61185dab1d68427ebbc3201dcb371977 bceb53729f44493ca424a3ca25f841ce - - a5e034bf6ba748e8b33b73356ae16185 a5e034bf6ba748e8b33b73356ae16185] 199.19.213.151 "GET /v2.0/ports?network_id=8869bf7c-9cd3-46be-b6e5-37627326af07&device_owner=network%3Adhcp HTTP/1.1" status: 200 len: 210 time: 0.0766509
2026-07-02 06:21:26.307 10 INFO neutron.services.segments.plugin [-] Segment 13dff72e-fff5-4e86-aee5-d67a6aa9ce13 resource provider not found; error: Placement Client Error (4xx): {"errors": [{"status": 404, "title": "Not Found", "detail": "The resource could not be found.\n\n No resource provider with uuid 13dff72e-fff5-4e86-aee5-d67a6aa9ce13 found for delete ", "request_id": "req-b65caef5-a2f3-4f64-9815-b48fe72cb386"}]}
2026-07-02 06:21:26.307 10 INFO neutron.services.segments.plugin [-] Segment 13dff72e-fff5-4e86-aee5-d67a6aa9ce13 resource provider not found; error: Placement Client Error (4xx): {"errors": [{"status": 404, "title": "Not Found", "detail": "The resource could not be found.\n\n No resource provider with uuid 13dff72e-fff5-4e86-aee5-d67a6aa9ce13 found for delete ", "request_id": "req-8dbc384d-0909-43b2-a07e-a6217bd841d9"}]}
2026-07-02 06:21:26.337 10 INFO neutron.wsgi [None req-585ca300-8b1c-461d-afdf-94858ffaea13 a7e8555a431646ba98391f9a04e0c4d5 28661122fddb4c05981dcf579e20fc18 - - - -] 10.0.0.79 "DELETE /v2.0/networks/7cc17dde-19b4-43f2-ad0d-2b7f2432c7f2 HTTP/1.1" status: 204 len: 168 time: 0.7657561 /var/lib/openstack/lib/python3.10/site-packages/pycadf/identifier.py:71: UserWarning: Invalid uuid: neutron. To ensure interoperability, identifiers should be a valid uuid. warnings.warn(('Invalid uuid: %s. To ensure interoperability, '
2026-07-02 06:21:26.373 10 INFO neutron.wsgi [req-40b3e9bb-0428-4968-8874-2be6e7cadb1b req-7758321a-4298-4fd8-849c-b276a9a3753d 61185dab1d68427ebbc3201dcb371977 bceb53729f44493ca424a3ca25f841ce - - a5e034bf6ba748e8b33b73356ae16185 a5e034bf6ba748e8b33b73356ae16185] 199.19.213.151 "GET /v2.0/networks/8869bf7c-9cd3-46be-b6e5-37627326af07?fields=segments HTTP/1.1" status: 200 len: 212 time: 0.0789061
2026-07-02 06:21:26.449 9 INFO neutron.db.ovn_revision_numbers_db [None req-88340fd5-c39a-472f-8088-4e6bd594532e - - - - - -] Successfully bumped revision number for resource fee20611-077c-4d17-9fe4-6f144c27e5db (type: ports) to 4
2026-07-02 06:21:26.469 10 INFO neutron.wsgi [req-40b3e9bb-0428-4968-8874-2be6e7cadb1b req-5e98b7e1-e8e0-41fd-b011-a764180a0f16 61185dab1d68427ebbc3201dcb371977 bceb53729f44493ca424a3ca25f841ce - - a5e034bf6ba748e8b33b73356ae16185 a5e034bf6ba748e8b33b73356ae16185] 199.19.213.151 "GET /v2.0/networks/8869bf7c-9cd3-46be-b6e5-37627326af07?fields=provider%3Aphysical_network&fields=provider%3Anetwork_type HTTP/1.1" status: 200 len: 277 time: 0.0874190 /var/lib/openstack/lib/python3.10/site-packages/pycadf/identifier.py:71: UserWarning: Invalid uuid: neutron. To ensure interoperability, identifiers should be a valid uuid. warnings.warn(('Invalid uuid: %s. To ensure interoperability, '
2026-07-02 06:21:26.595 9 INFO neutron.plugins.ml2.drivers.ovn.mech_driver.mech_driver [None req-88340fd5-c39a-472f-8088-4e6bd594532e - - - - - -] OVN reports status down for port: e042857d-14c8-4573-8983-41066acf0a7a
2026-07-02 06:21:26.682 9 INFO neutron.wsgi [req-af3acac9-142a-4383-8061-ecc963cd1ece req-eed1baba-5f37-43fc-b844-2a42ce624bb6 54a53125641846598ee5ae49e9415815 0ce8419fb0a4451581447271163609c3 - - default default] 10.0.0.71 "GET /v2.0/ports?device_id=e34886a9-d707-4854-9bbf-783c7108d903 HTTP/1.1" status: 200 len: 1170 time: 0.1145051
2026-07-02 06:21:26.748 9 INFO neutron.wsgi [req-af3acac9-142a-4383-8061-ecc963cd1ece req-da3c1441-dbcc-4287-a81a-5dd99e04d8ad 54a53125641846598ee5ae49e9415815 0ce8419fb0a4451581447271163609c3 - - default default] 10.0.0.71 "GET /v2.0/security-groups?id=1e0d2781-f826-49eb-99df-10f17a987f80&fields=id&fields=name HTTP/1.1" status: 200 len: 313 time: 0.0575671
2026-07-02 06:21:26.858 9 INFO neutron.services.segments.plugin [-] Segment f78327fb-098a-4df7-8357-8e7ad6ce63d6 resource provider aggregate not found
2026-07-02 06:21:26.877 9 INFO neutron.services.segments.plugin [-] Segment f78327fb-098a-4df7-8357-8e7ad6ce63d6 resource provider not found; error: Placement Client Error (4xx): {"errors": [{"status": 404, "title": "Not Found", "detail": "The resource could not be found.\n\n No resource provider with uuid f78327fb-098a-4df7-8357-8e7ad6ce63d6 found for delete ", "request_id": "req-2217574d-002a-47a8-bb13-f6415a5b398e"}]}
2026-07-02 06:21:26.878 9 INFO neutron.services.segments.plugin [-] Segment f78327fb-098a-4df7-8357-8e7ad6ce63d6 resource provider aggregate not found
2026-07-02 06:21:26.902 9 INFO neutron.services.segments.plugin [-] Segment f78327fb-098a-4df7-8357-8e7ad6ce63d6 resource provider not found; error: Placement Client Error (4xx): {"errors": [{"status": 404, "title": "Not Found", "detail": "The resource could not be found.\n\n No resource provider with uuid f78327fb-098a-4df7-8357-8e7ad6ce63d6 found for delete ", "request_id": "req-1c838e62-fc2b-4689-bb08-2b73445287b1"}]}
2026-07-02 06:21:26.923 9 INFO neutron.wsgi [None req-b0a36672-6459-49ba-85c2-b47ec507f74e a7e8555a431646ba98391f9a04e0c4d5 28661122fddb4c05981dcf579e20fc18 - - - -] 10.0.0.79 "DELETE /v2.0/networks/1315d345-039b-474e-ad87-4f7c76c669d6 HTTP/1.1" status: 204 len: 168 time: 0.5816693
2026-07-02 06:21:27.046 10 INFO neutron.wsgi [req-b5c01c71-e266-49ad-b864-bc6fd33beddc req-1909adc0-d2c0-40c2-8dcb-868db302bc80 54a53125641846598ee5ae49e9415815 0ce8419fb0a4451581447271163609c3 - - default default] 199.19.213.151 "GET /v2.0/ports?device_id=e34886a9-d707-4854-9bbf-783c7108d903 HTTP/1.1" status: 200 len: 1168 time: 0.1195755
2026-07-02 06:21:27.073 9 INFO neutron.db.ovn_revision_numbers_db [None req-88340fd5-c39a-472f-8088-4e6bd594532e - - - - - -] Successfully bumped revision number for resource e042857d-14c8-4573-8983-41066acf0a7a (type: ports) to 5
2026-07-02 06:21:27.148 9 INFO neutron.wsgi [req-ef9b6a5b-4601-4caa-b6f3-7dcad3d2c8f2 req-0c828720-8d06-4c3e-a627-1a4a256d3c0c 931dfb8080334d0dab959d3ad1bbba12 eced2309f32a47a6a6354de1734b111c - - default default] 10.0.0.71 "GET /v2.0/ports?device_id=742cefdd-cb6f-4d54-b0d1-18a6540022d0 HTTP/1.1" status: 200 len: 1170 time: 0.2058737
2026-07-02 06:21:27.184 9 INFO neutron.wsgi [req-93f7aff3-db81-438b-9b43-384fb793227f req-10e1580f-1ea6-4dad-852d-fadad861ffe6 5634dc897b2644d18f7a5453212deb30 fc59a32c89234a1eafcf57164b225b80 - - default default] 10.0.0.71 "GET /v2.0/ports?device_id=d4846964-329f-4385-a2d7-ada4289b6fd3 HTTP/1.1" status: 200 len: 1174 time: 0.0889080 /var/lib/openstack/lib/python3.10/site-packages/pycadf/identifier.py:71: UserWarning: Invalid uuid: neutron. To ensure interoperability, identifiers should be a valid uuid. warnings.warn(('Invalid uuid: %s. To ensure interoperability, '
2026-07-02 06:21:27.223 9 INFO neutron.wsgi [req-ef9b6a5b-4601-4caa-b6f3-7dcad3d2c8f2 req-b740ccaf-3827-4aff-97ca-ffca9fafa0ad 931dfb8080334d0dab959d3ad1bbba12 eced2309f32a47a6a6354de1734b111c - - default default] 10.0.0.71 "GET /v2.0/security-groups?id=5cb1d221-3c28-431a-87a6-807cb70bea9d&fields=id&fields=name HTTP/1.1" status: 200 len: 313 time: 0.0656750
2026-07-02 06:21:27.239 9 INFO neutron.wsgi [req-93f7aff3-db81-438b-9b43-384fb793227f req-bcf7d4c8-0abb-43b3-ade0-ab542664c3cc 5634dc897b2644d18f7a5453212deb30 fc59a32c89234a1eafcf57164b225b80 - - default default] 10.0.0.71 "GET /v2.0/security-groups?id=a672d058-1e95-4467-a314-dc11de6a443f&fields=id&fields=name HTTP/1.1" status: 200 len: 313 time: 0.0443797
2026-07-02 06:21:27.336 9 INFO neutron.wsgi [req-893f9138-a982-472a-915b-5e3be1073f3c req-293322ac-f70e-4e76-ad49-4bda37955786 5634dc897b2644d18f7a5453212deb30 fc59a32c89234a1eafcf57164b225b80 - - default default] 10.0.0.71 "GET /v2.0/ports?device_id=d4846964-329f-4385-a2d7-ada4289b6fd3 HTTP/1.1" status: 200 len: 1174 time: 0.0374799
2026-07-02 06:21:27.367 10 INFO neutron.db.l3_db [None req-cdf5f706-a6df-45fd-9820-d7905198abdb 54a53125641846598ee5ae49e9415815 0ce8419fb0a4451581447271163609c3 - - - -] Floating IP 361131c6-1fc7-4776-9e37-92d7f2995dde disassociated. External IP: 10.96.250.210, port: e042857d-14c8-4573-8983-41066acf0a7a.
2026-07-02 06:21:27.472 9 INFO neutron.wsgi [None req-2766e0b4-b39e-4b59-acde-854b23b098ae a7e8555a431646ba98391f9a04e0c4d5 28661122fddb4c05981dcf579e20fc18 - - - -] 10.0.0.79 "DELETE /v2.0/networks/a91d26e3-3e74-40f7-ae76-3fe71db19486 HTTP/1.1" status: 204 len: 168 time: 0.5425940 /var/lib/openstack/lib/python3.10/site-packages/pycadf/identifier.py:71: UserWarning: Invalid uuid: neutron. To ensure interoperability, identifiers should be a valid uuid. warnings.warn(('Invalid uuid: %s. To ensure interoperability, '
2026-07-02 06:21:27.856 9 INFO neutron.wsgi [req-9535711d-1d6b-4c64-8d6d-5361f0b23a5c req-712fa27e-9e48-4e6c-8484-563da7f8015f 54a53125641846598ee5ae49e9415815 0ce8419fb0a4451581447271163609c3 - - default default] 10.0.0.71 "GET /v2.0/ports?device_id=e34886a9-d707-4854-9bbf-783c7108d903 HTTP/1.1" status: 200 len: 1168 time: 0.0503395
2026-07-02 06:21:27.878 10 INFO neutron.db.l3_db [None req-0e118723-4620-4706-a52d-ddca34d6533d 5634dc897b2644d18f7a5453212deb30 fc59a32c89234a1eafcf57164b225b80 - - - -] Floating IP 959295c2-4eeb-4dea-ad2f-035a875461e7 associated. External IP: 10.96.250.201, port: 55a660d9-8ae0-4ae8-b1e1-62d7e6cfd6a5.
2026-07-02 06:21:27.906 9 INFO neutron.wsgi [req-9535711d-1d6b-4c64-8d6d-5361f0b23a5c req-a295ce7f-1383-4648-b78c-18681f1f527a 54a53125641846598ee5ae49e9415815 0ce8419fb0a4451581447271163609c3 - - default default] 10.0.0.71 "GET /v2.0/security-groups?id=1e0d2781-f826-49eb-99df-10f17a987f80&fields=id&fields=name HTTP/1.1" status: 200 len: 313 time: 0.0412016
2026-07-02 06:21:27.968 10 INFO neutron.wsgi [None req-cdf5f706-a6df-45fd-9820-d7905198abdb 54a53125641846598ee5ae49e9415815 0ce8419fb0a4451581447271163609c3 - - - -] 199.19.213.151 "DELETE /v2.0/ports/e042857d-14c8-4573-8983-41066acf0a7a HTTP/1.1" status: 204 len: 173 time: 0.9171784
2026-07-02 06:21:28.000 9 INFO neutron.notifiers.nova [-] Nova event matching ['req-362a5c43-701c-401c-a6fc-f672629a5cd3'] response: {'name': 'network-changed', 'server_uuid': 'e34886a9-d707-4854-9bbf-783c7108d903', 'tag': 'e042857d-14c8-4573-8983-41066acf0a7a', 'status': 'completed', 'code': 200}
2026-07-02 06:21:28.000 9 INFO neutron.notifiers.nova [-] Nova event matching ['req-362a5c43-701c-401c-a6fc-f672629a5cd3'] response: {'server_uuid': 'd4846964-329f-4385-a2d7-ada4289b6fd3', 'name': 'network-vif-plugged', 'status': 'completed', 'tag': '55a660d9-8ae0-4ae8-b1e1-62d7e6cfd6a5', 'code': 200}
2026-07-02 06:21:28.001 9 INFO neutron.notifiers.nova [-] Nova event matching ['req-362a5c43-701c-401c-a6fc-f672629a5cd3'] response: {'server_uuid': '742cefdd-cb6f-4d54-b0d1-18a6540022d0', 'name': 'network-vif-plugged', 'status': 'completed', 'tag': 'fee20611-077c-4d17-9fe4-6f144c27e5db', 'code': 200}
2026-07-02 06:21:28.001 9 INFO neutron.notifiers.nova [-] Nova event matching ['req-362a5c43-701c-401c-a6fc-f672629a5cd3'] response: {'server_uuid': '742cefdd-cb6f-4d54-b0d1-18a6540022d0', 'name': 'network-vif-plugged', 'status': 'completed', 'tag': 'fee20611-077c-4d17-9fe4-6f144c27e5db', 'code': 200}
2026-07-02 06:21:28.001 9 INFO neutron.notifiers.nova [-] Nova event matching ['req-362a5c43-701c-401c-a6fc-f672629a5cd3'] response: {'server_uuid': 'e34886a9-d707-4854-9bbf-783c7108d903', 'name': 'network-vif-unplugged', 'status': 'completed', 'tag': 'e042857d-14c8-4573-8983-41066acf0a7a', 'code': 200}
2026-07-02 06:21:28.002 9 INFO neutron.notifiers.nova [-] Nova event matching ['req-362a5c43-701c-401c-a6fc-f672629a5cd3'] response: {'server_uuid': 'e34886a9-d707-4854-9bbf-783c7108d903', 'name': 'network-vif-plugged', 'status': 'completed', 'tag': 'e042857d-14c8-4573-8983-41066acf0a7a', 'code': 200}
2026-07-02 06:21:28.014 10 INFO neutron.notifiers.nova [-] Nova event matching ['req-bf295176-f612-4fc1-8323-e0a3ea5a3aef'] response: {'server_uuid': 'e34886a9-d707-4854-9bbf-783c7108d903', 'name': 'network-vif-deleted', 'tag': 'e042857d-14c8-4573-8983-41066acf0a7a', 'status': 'completed', 'code': 200}
2026-07-02 06:21:28.055 10 INFO neutron.wsgi [req-80e86fab-30bc-4ce3-b2b2-6e9ace95fafb req-25fee609-6ac0-47d8-96b4-492db7fcfb34 61185dab1d68427ebbc3201dcb371977 bceb53729f44493ca424a3ca25f841ce - - a5e034bf6ba748e8b33b73356ae16185 a5e034bf6ba748e8b33b73356ae16185] 199.19.213.151 "GET /v2.0/ports?tenant_id=0ce8419fb0a4451581447271163609c3&device_id=e34886a9-d707-4854-9bbf-783c7108d903 HTTP/1.1" status: 200 len: 210 time: 0.0239334
2026-07-02 06:21:28.207 10 INFO neutron.wsgi [req-80e86fab-30bc-4ce3-b2b2-6e9ace95fafb req-dedcf0c7-af00-4c90-986a-e65aa639f5fb 61185dab1d68427ebbc3201dcb371977 bceb53729f44493ca424a3ca25f841ce - - a5e034bf6ba748e8b33b73356ae16185 a5e034bf6ba748e8b33b73356ae16185] 199.19.213.151 "GET /v2.0/networks?tenant_id=0ce8419fb0a4451581447271163609c3&shared=False HTTP/1.1" status: 200 len: 977 time: 0.1383021
2026-07-02 06:21:28.285 10 INFO neutron.db.ovn_revision_numbers_db [None req-0e118723-4620-4706-a52d-ddca34d6533d 5634dc897b2644d18f7a5453212deb30 fc59a32c89234a1eafcf57164b225b80 - - - -] Successfully bumped revision number for resource 959295c2-4eeb-4dea-ad2f-035a875461e7 (type: floatingips) to 1 /var/lib/openstack/lib/python3.10/site-packages/pycadf/identifier.py:71: UserWarning: Invalid uuid: neutron. To ensure interoperability, identifiers should be a valid uuid. warnings.warn(('Invalid uuid: %s. To ensure interoperability, '
2026-07-02 06:21:28.335 9 INFO neutron.wsgi [req-4f73f5e0-6b12-4ef2-827d-9cc8c624f8f3 req-3c75a922-0856-43ab-a2ee-47aa5291cca1 931dfb8080334d0dab959d3ad1bbba12 eced2309f32a47a6a6354de1734b111c - - default default] 10.0.0.71 "GET /v2.0/ports?device_id=742cefdd-cb6f-4d54-b0d1-18a6540022d0 HTTP/1.1" status: 200 len: 1170 time: 0.0473316
2026-07-02 06:21:28.361 10 INFO neutron.wsgi [req-80e86fab-30bc-4ce3-b2b2-6e9ace95fafb req-671e0e5f-1c7b-4f58-9616-aed4686702cd 61185dab1d68427ebbc3201dcb371977 bceb53729f44493ca424a3ca25f841ce - - a5e034bf6ba748e8b33b73356ae16185 a5e034bf6ba748e8b33b73356ae16185] 199.19.213.151 "GET /v2.0/networks?shared=True HTTP/1.1" status: 200 len: 952 time: 0.1491289
2026-07-02 06:21:28.375 9 INFO neutron.wsgi [req-4f73f5e0-6b12-4ef2-827d-9cc8c624f8f3 req-bfd8f224-1638-4e39-9ce4-ff4330b19781 931dfb8080334d0dab959d3ad1bbba12 eced2309f32a47a6a6354de1734b111c - - default default] 10.0.0.71 "GET /v2.0/security-groups?id=5cb1d221-3c28-431a-87a6-807cb70bea9d&fields=id&fields=name HTTP/1.1" status: 200 len: 313 time: 0.0339625
2026-07-02 06:21:28.418 10 INFO neutron.services.segments.plugin [-] Segment bb19350c-a3b7-44f5-a5bc-9097d42bcb37 resource provider aggregate not found
2026-07-02 06:21:28.425 10 INFO neutron.services.segments.plugin [-] Segment bb19350c-a3b7-44f5-a5bc-9097d42bcb37 resource provider aggregate not found
2026-07-02 06:21:28.435 10 INFO neutron.services.segments.plugin [-] Segment bb19350c-a3b7-44f5-a5bc-9097d42bcb37 resource provider not found; error: Placement Client Error (4xx): {"errors": [{"status": 404, "title": "Not Found", "detail": "The resource could not be found.\n\n No resource provider with uuid bb19350c-a3b7-44f5-a5bc-9097d42bcb37 found for delete ", "request_id": "req-8966ad5e-b025-4e3c-bfee-4442751a4bae"}]}
2026-07-02 06:21:28.450 10 INFO neutron.services.segments.plugin [-] Segment bb19350c-a3b7-44f5-a5bc-9097d42bcb37 resource provider not found; error: Placement Client Error (4xx): {"errors": [{"status": 404, "title": "Not Found", "detail": "The resource could not be found.\n\n No resource provider with uuid bb19350c-a3b7-44f5-a5bc-9097d42bcb37 found for delete ", "request_id": "req-b51421e9-4eb5-4db4-8c0c-a3c8605c0307"}]}
2026-07-02 06:21:28.473 10 INFO neutron.wsgi [None req-1d6635eb-c0ab-4019-8168-cbe30d19b5c1 a7e8555a431646ba98391f9a04e0c4d5 28661122fddb4c05981dcf579e20fc18 - - - -] 10.0.0.79 "DELETE /v2.0/networks/890df27a-c6e9-4b38-9790-d2813f53b954 HTTP/1.1" status: 204 len: 168 time: 0.9967635
2026-07-02 06:21:28.482 10 INFO neutron.db.ovn_revision_numbers_db [None req-0e118723-4620-4706-a52d-ddca34d6533d 5634dc897b2644d18f7a5453212deb30 fc59a32c89234a1eafcf57164b225b80 - - - -] Successfully bumped revision number for resource 959295c2-4eeb-4dea-ad2f-035a875461e7 (type: floatingips) to 2
2026-07-02 06:21:28.505 10 INFO neutron.wsgi [None req-0e118723-4620-4706-a52d-ddca34d6533d 5634dc897b2644d18f7a5453212deb30 fc59a32c89234a1eafcf57164b225b80 - - - -] 10.0.0.79 "PUT /v2.0/floatingips/959295c2-4eeb-4dea-ad2f-035a875461e7 HTTP/1.1" status: 200 len: 1050 time: 1.1577501
2026-07-02 06:21:28.589 9 INFO neutron.wsgi [req-08cdf556-1abf-442e-8ee7-72f0e285a72a req-8d65abbe-1d50-4821-85ea-218409743f71 5634dc897b2644d18f7a5453212deb30 fc59a32c89234a1eafcf57164b225b80 - - default default] 10.0.0.71 "GET /v2.0/ports?device_id=d4846964-329f-4385-a2d7-ada4289b6fd3 HTTP/1.1" status: 200 len: 1174 time: 0.0468538
2026-07-02 06:21:28.629 9 INFO neutron.wsgi [req-08cdf556-1abf-442e-8ee7-72f0e285a72a req-98c79dde-0be7-4348-8fc7-817e14f0f7f5 5634dc897b2644d18f7a5453212deb30 fc59a32c89234a1eafcf57164b225b80 - - default default] 10.0.0.71 "GET /v2.0/security-groups?id=a672d058-1e95-4467-a314-dc11de6a443f&fields=id&fields=name HTTP/1.1" status: 200 len: 313 time: 0.0301855
2026-07-02 06:21:28.894 9 INFO neutron.services.segments.plugin [-] Segment 47f5d1a4-8e67-4114-97e3-b179188fb523 resource provider aggregate not found
2026-07-02 06:21:28.913 9 INFO neutron.services.segments.plugin [-] Segment 47f5d1a4-8e67-4114-97e3-b179188fb523 resource provider not found; error: Placement Client Error (4xx): {"errors": [{"status": 404, "title": "Not Found", "detail": "The resource could not be found.\n\n No resource provider with uuid 47f5d1a4-8e67-4114-97e3-b179188fb523 found for delete ", "request_id": "req-b701b0c6-c9a8-4d13-927f-a24ae3829fdb"}]}
2026-07-02 06:21:28.915 9 INFO neutron.services.segments.plugin [-] Segment 47f5d1a4-8e67-4114-97e3-b179188fb523 resource provider aggregate not found
2026-07-02 06:21:28.946 9 INFO neutron.services.segments.plugin [-] Segment 47f5d1a4-8e67-4114-97e3-b179188fb523 resource provider not found; error: Placement Client Error (4xx): {"errors": [{"status": 404, "title": "Not Found", "detail": "The resource could not be found.\n\n No resource provider with uuid 47f5d1a4-8e67-4114-97e3-b179188fb523 found for delete ", "request_id": "req-f7ac86e6-27ca-4b93-aa18-fddf892537ff"}]}
2026-07-02 06:21:28.955 9 INFO neutron.plugins.ml2.drivers.ovn.mech_driver.mech_driver [None req-88340fd5-c39a-472f-8088-4e6bd594532e - - - - - -] OVN reports status down for port: 55a660d9-8ae0-4ae8-b1e1-62d7e6cfd6a5
2026-07-02 06:21:28.974 9 INFO neutron.wsgi [req-38a01f2c-74d3-4bf8-ae5b-636b4f93cfce req-1e15176c-3b9a-4f75-b564-7999e01b77f8 5634dc897b2644d18f7a5453212deb30 fc59a32c89234a1eafcf57164b225b80 - - default default] 10.0.0.71 "GET /v2.0/ports?device_id=d4846964-329f-4385-a2d7-ada4289b6fd3 HTTP/1.1" status: 200 len: 1174 time: 0.0538340
2026-07-02 06:21:29.039 9 INFO neutron.wsgi [req-38a01f2c-74d3-4bf8-ae5b-636b4f93cfce req-5512e453-1f74-42b5-8033-f024a8120e05 5634dc897b2644d18f7a5453212deb30 fc59a32c89234a1eafcf57164b225b80 - - default default] 10.0.0.71 "GET /v2.0/security-groups?id=a672d058-1e95-4467-a314-dc11de6a443f&fields=id&fields=name HTTP/1.1" status: 200 len: 313 time: 0.0542326
2026-07-02 06:21:29.190 10 INFO neutron.wsgi [None req-4b73e912-0fd2-4125-9d4e-9d538f283c61 54a53125641846598ee5ae49e9415815 0ce8419fb0a4451581447271163609c3 - - - -] 10.0.0.79 "DELETE /v2.0/security-groups/1e0d2781-f826-49eb-99df-10f17a987f80 HTTP/1.1" status: 204 len: 168 time: 0.1573629
2026-07-02 06:21:29.208 9 INFO neutron.wsgi [None req-738ec306-e959-4123-ac3a-f18dcf7c4b87 5b4e09e9bcaf40b5999b61b45af84c86 7d4e6bf08eb9424884271f3739462231 - - default default] 10.0.0.79 "GET /v2.0/security-groups?tenant_id=28661122fddb4c05981dcf579e20fc18&name=default HTTP/1.1" status: 200 len: 2996 time: 0.1568251
2026-07-02 06:21:29.215 10 INFO neutron.api.v2.resource [None req-c6c94d07-d885-4bdc-b9f8-bda09d19c55b 54a53125641846598ee5ae49e9415815 0ce8419fb0a4451581447271163609c3 - - default default] show failed (client error): The resource could not be found.
2026-07-02 06:21:29.216 10 INFO neutron.wsgi [None req-c6c94d07-d885-4bdc-b9f8-bda09d19c55b 54a53125641846598ee5ae49e9415815 0ce8419fb0a4451581447271163609c3 - - default default] 10.0.0.79 "GET /v2.0/security-groups/1e0d2781-f826-49eb-99df-10f17a987f80 HTTP/1.1" status: 404 len: 347 time: 0.0164382
2026-07-02 06:21:29.242 9 INFO neutron.db.ovn_revision_numbers_db [None req-88340fd5-c39a-472f-8088-4e6bd594532e - - - - - -] Successfully bumped revision number for resource 55a660d9-8ae0-4ae8-b1e1-62d7e6cfd6a5 (type: ports) to 5
2026-07-02 06:21:29.357 10 INFO neutron.wsgi [req-fa0821d8-66d6-44fa-8ed0-66a1572e86e6 req-01563c65-82e6-4d9b-8aca-1c66cc275d6d 5634dc897b2644d18f7a5453212deb30 fc59a32c89234a1eafcf57164b225b80 - - default default] 199.19.213.151 "GET /v2.0/ports?device_id=d4846964-329f-4385-a2d7-ada4289b6fd3 HTTP/1.1" status: 200 len: 1172 time: 0.1272366
2026-07-02 06:21:29.403 9 INFO neutron.wsgi [None req-a39833f3-b871-47e0-8ee8-84faeb145332 5b4e09e9bcaf40b5999b61b45af84c86 7d4e6bf08eb9424884271f3739462231 - - - -] 10.0.0.79 "DELETE /v2.0/security-groups/3d3cd33c-f6b4-426f-a1a3-df6ecdedf1b0 HTTP/1.1" status: 204 len: 168 time: 0.1904273 /var/lib/openstack/lib/python3.10/site-packages/pycadf/identifier.py:71: UserWarning: Invalid uuid: neutron. To ensure interoperability, identifiers should be a valid uuid. warnings.warn(('Invalid uuid: %s. To ensure interoperability, '
2026-07-02 06:21:29.494 9 INFO neutron.wsgi [req-e50a66c5-940e-4cf6-81dc-3696a4cedc14 req-027fdff6-6c5e-4894-9baf-bb18a71746ad 931dfb8080334d0dab959d3ad1bbba12 eced2309f32a47a6a6354de1734b111c - - default default] 10.0.0.71 "GET /v2.0/ports?device_id=742cefdd-cb6f-4d54-b0d1-18a6540022d0 HTTP/1.1" status: 200 len: 1170 time: 0.0382211
2026-07-02 06:21:29.529 9 INFO neutron.wsgi [req-e50a66c5-940e-4cf6-81dc-3696a4cedc14 req-59f5e592-a29f-4f34-bb6f-4e3a46edba69 931dfb8080334d0dab959d3ad1bbba12 eced2309f32a47a6a6354de1734b111c - - default default] 10.0.0.71 "GET /v2.0/security-groups?id=5cb1d221-3c28-431a-87a6-807cb70bea9d&fields=id&fields=name HTTP/1.1" status: 200 len: 313 time: 0.0301645
2026-07-02 06:21:29.630 9 INFO neutron.wsgi [req-db0aaa3d-ad9d-4a48-8ba9-2e345da3e2e9 req-fe85eb10-082c-4876-b4b3-6849c7127749 931dfb8080334d0dab959d3ad1bbba12 eced2309f32a47a6a6354de1734b111c - - default default] 10.0.0.71 "GET /v2.0/ports?device_id=742cefdd-cb6f-4d54-b0d1-18a6540022d0 HTTP/1.1" status: 200 len: 1170 time: 0.0403249
2026-07-02 06:21:29.850 9 INFO neutron.db.l3_db [None req-b1a35209-9c3e-4f83-9cc0-b475ae3f4ea6 931dfb8080334d0dab959d3ad1bbba12 eced2309f32a47a6a6354de1734b111c - - - -] Floating IP e02bd173-7ac9-446d-96a6-5e99e29c7290 associated. External IP: 10.96.250.213, port: fee20611-077c-4d17-9fe4-6f144c27e5db.
2026-07-02 06:21:29.906 10 INFO neutron.wsgi [None req-5bec9092-6f1a-4f9f-b56e-5afd7181cef3 54a53125641846598ee5ae49e9415815 0ce8419fb0a4451581447271163609c3 - - - -] 10.0.0.79 "DELETE /v2.0/floatingips/361131c6-1fc7-4776-9e37-92d7f2995dde HTTP/1.1" status: 204 len: 168 time: 0.6859562
2026-07-02 06:21:29.934 10 INFO neutron.db.l3_db [None req-f0adca0f-39c9-47dd-b60e-26533d9c3ca6 5634dc897b2644d18f7a5453212deb30 fc59a32c89234a1eafcf57164b225b80 - - - -] Floating IP 959295c2-4eeb-4dea-ad2f-035a875461e7 disassociated. External IP: 10.96.250.201, port: 55a660d9-8ae0-4ae8-b1e1-62d7e6cfd6a5.
2026-07-02 06:21:30.049 9 INFO neutron.notifiers.nova [-] Nova event matching ['req-d88ffceb-5727-4a93-9a45-d4e226609b6f'] response: {'server_uuid': 'd4846964-329f-4385-a2d7-ada4289b6fd3', 'name': 'network-vif-unplugged', 'status': 'completed', 'tag': '55a660d9-8ae0-4ae8-b1e1-62d7e6cfd6a5', 'code': 200}
2026-07-02 06:21:30.049 9 INFO neutron.notifiers.nova [-] Nova event matching ['req-d88ffceb-5727-4a93-9a45-d4e226609b6f'] response: {'server_uuid': 'd4846964-329f-4385-a2d7-ada4289b6fd3', 'name': 'network-vif-plugged', 'status': 'completed', 'tag': '55a660d9-8ae0-4ae8-b1e1-62d7e6cfd6a5', 'code': 200}
2026-07-02 06:21:30.064 10 INFO neutron.notifiers.nova [-] Nova event matching ['req-76698ec0-cbdc-4ade-b087-abd59cfe3bcc'] response: {'name': 'network-changed', 'server_uuid': 'd4846964-329f-4385-a2d7-ada4289b6fd3', 'tag': '55a660d9-8ae0-4ae8-b1e1-62d7e6cfd6a5', 'status': 'completed', 'code': 200}
2026-07-02 06:21:30.072 9 INFO neutron.db.ovn_revision_numbers_db [None req-b1a35209-9c3e-4f83-9cc0-b475ae3f4ea6 931dfb8080334d0dab959d3ad1bbba12 eced2309f32a47a6a6354de1734b111c - - - -] Successfully bumped revision number for resource e02bd173-7ac9-446d-96a6-5e99e29c7290 (type: floatingips) to 1 /var/lib/openstack/lib/python3.10/site-packages/pycadf/identifier.py:71: UserWarning: Invalid uuid: neutron. To ensure interoperability, identifiers should be a valid uuid. warnings.warn(('Invalid uuid: %s. To ensure interoperability, ' /var/lib/openstack/lib/python3.10/site-packages/pycadf/identifier.py:71: UserWarning: Invalid uuid: neutron. To ensure interoperability, identifiers should be a valid uuid. warnings.warn(('Invalid uuid: %s. To ensure interoperability, '
2026-07-02 06:21:30.148 9 INFO neutron.wsgi [req-bda9a758-9df2-4813-acf8-c8fb98d1a2df req-dcf062fc-915d-41ca-846c-7baa107825d7 5634dc897b2644d18f7a5453212deb30 fc59a32c89234a1eafcf57164b225b80 - - default default] 10.0.0.71 "GET /v2.0/ports?device_id=d4846964-329f-4385-a2d7-ada4289b6fd3 HTTP/1.1" status: 200 len: 1172 time: 0.0461166
2026-07-02 06:21:30.156 10 INFO neutron.wsgi [req-f5828d87-a09b-47b3-9284-24248e8ae407 req-e3f194b5-f4b7-45dc-8ba4-70f8d1355024 61185dab1d68427ebbc3201dcb371977 bceb53729f44493ca424a3ca25f841ce - - a5e034bf6ba748e8b33b73356ae16185 a5e034bf6ba748e8b33b73356ae16185] 199.19.213.151 "GET /v2.0/ports?tenant_id=fc59a32c89234a1eafcf57164b225b80&device_id=d4846964-329f-4385-a2d7-ada4289b6fd3 HTTP/1.1" status: 200 len: 1363 time: 0.0596590
2026-07-02 06:21:30.177 9 INFO neutron.db.ovn_revision_numbers_db [None req-b1a35209-9c3e-4f83-9cc0-b475ae3f4ea6 931dfb8080334d0dab959d3ad1bbba12 eced2309f32a47a6a6354de1734b111c - - - -] Successfully bumped revision number for resource e02bd173-7ac9-446d-96a6-5e99e29c7290 (type: floatingips) to 2
2026-07-02 06:21:30.182 9 INFO neutron.wsgi [req-bda9a758-9df2-4813-acf8-c8fb98d1a2df req-2c39239c-66cf-45d7-accd-00b5c89f3e8c 5634dc897b2644d18f7a5453212deb30 fc59a32c89234a1eafcf57164b225b80 - - default default] 10.0.0.71 "GET /v2.0/security-groups?id=a672d058-1e95-4467-a314-dc11de6a443f&fields=id&fields=name HTTP/1.1" status: 200 len: 313 time: 0.0283537
2026-07-02 06:21:30.195 9 INFO neutron.wsgi [None req-b1a35209-9c3e-4f83-9cc0-b475ae3f4ea6 931dfb8080334d0dab959d3ad1bbba12 eced2309f32a47a6a6354de1734b111c - - - -] 10.0.0.79 "PUT /v2.0/floatingips/e02bd173-7ac9-446d-96a6-5e99e29c7290 HTTP/1.1" status: 200 len: 1049 time: 0.5524380
2026-07-02 06:21:30.250 10 INFO neutron.wsgi [None req-f0adca0f-39c9-47dd-b60e-26533d9c3ca6 5634dc897b2644d18f7a5453212deb30 fc59a32c89234a1eafcf57164b225b80 - - - -] 199.19.213.151 "DELETE /v2.0/ports/55a660d9-8ae0-4ae8-b1e1-62d7e6cfd6a5 HTTP/1.1" status: 204 len: 173 time: 0.8872101
2026-07-02 06:21:30.261 10 INFO neutron.wsgi [req-f5828d87-a09b-47b3-9284-24248e8ae407 req-1d636957-5d2c-4c43-b162-4d0d02664760 61185dab1d68427ebbc3201dcb371977 bceb53729f44493ca424a3ca25f841ce - - a5e034bf6ba748e8b33b73356ae16185 a5e034bf6ba748e8b33b73356ae16185] 199.19.213.151 "GET /v2.0/networks?id=7288ebce-9d00-4193-b278-23ecda5c7670 HTTP/1.1" status: 200 len: 974 time: 0.0984867
2026-07-02 06:21:30.275 9 INFO neutron.wsgi [req-d22c7dc1-0fc2-439f-90af-9566edad82c3 req-8b158e7b-cfac-416c-bc66-33ef7ded7940 931dfb8080334d0dab959d3ad1bbba12 eced2309f32a47a6a6354de1734b111c - - default default] 10.0.0.71 "GET /v2.0/ports?device_id=742cefdd-cb6f-4d54-b0d1-18a6540022d0 HTTP/1.1" status: 200 len: 1170 time: 0.0295994
2026-07-02 06:21:30.294 10 INFO neutron.wsgi [req-f5828d87-a09b-47b3-9284-24248e8ae407 req-8be4a853-ee8c-4efa-b71a-4ae6b3b544db 61185dab1d68427ebbc3201dcb371977 bceb53729f44493ca424a3ca25f841ce - - a5e034bf6ba748e8b33b73356ae16185 a5e034bf6ba748e8b33b73356ae16185] 199.19.213.151 "GET /v2.0/floatingips?fixed_ip_address=10.100.0.10&port_id=55a660d9-8ae0-4ae8-b1e1-62d7e6cfd6a5 HTTP/1.1" status: 200 len: 217 time: 0.0280495
2026-07-02 06:21:30.310 9 INFO neutron.wsgi [req-d22c7dc1-0fc2-439f-90af-9566edad82c3 req-a843acf3-479a-4bb2-827d-09c7c5a477ec 931dfb8080334d0dab959d3ad1bbba12 eced2309f32a47a6a6354de1734b111c - - default default] 10.0.0.71 "GET /v2.0/security-groups?id=5cb1d221-3c28-431a-87a6-807cb70bea9d&fields=id&fields=name HTTP/1.1" status: 200 len: 313 time: 0.0274549
2026-07-02 06:21:30.330 10 INFO neutron.wsgi [req-f5828d87-a09b-47b3-9284-24248e8ae407 req-c4c84fbe-3196-4eb1-8d91-d407f481cfde 61185dab1d68427ebbc3201dcb371977 bceb53729f44493ca424a3ca25f841ce - - a5e034bf6ba748e8b33b73356ae16185 a5e034bf6ba748e8b33b73356ae16185] 199.19.213.151 "GET /v2.0/subnets?id=e4a6f16d-fe2f-46e1-9fde-afd316886ccb HTTP/1.1" status: 200 len: 869 time: 0.0301054
2026-07-02 06:21:30.373 10 INFO neutron.wsgi [req-f5828d87-a09b-47b3-9284-24248e8ae407 req-ad5d6264-f2b8-45d8-908c-c5c86f6ca124 61185dab1d68427ebbc3201dcb371977 bceb53729f44493ca424a3ca25f841ce - - a5e034bf6ba748e8b33b73356ae16185 a5e034bf6ba748e8b33b73356ae16185] 199.19.213.151 "GET /v2.0/ports?network_id=7288ebce-9d00-4193-b278-23ecda5c7670&device_owner=network%3Adhcp HTTP/1.1" status: 200 len: 210 time: 0.0328231
2026-07-02 06:21:30.457 10 INFO neutron.wsgi [req-f5828d87-a09b-47b3-9284-24248e8ae407 req-60383702-f1a1-4c94-aa36-bc2e25de16e5 61185dab1d68427ebbc3201dcb371977 bceb53729f44493ca424a3ca25f841ce - - a5e034bf6ba748e8b33b73356ae16185 a5e034bf6ba748e8b33b73356ae16185] 199.19.213.151 "GET /v2.0/networks/7288ebce-9d00-4193-b278-23ecda5c7670?fields=segments HTTP/1.1" status: 200 len: 212 time: 0.0789907
2026-07-02 06:21:30.531 10 INFO neutron.wsgi [req-f5828d87-a09b-47b3-9284-24248e8ae407 req-5471a20c-4af3-471d-bf56-eb8798e84792 61185dab1d68427ebbc3201dcb371977 bceb53729f44493ca424a3ca25f841ce - - a5e034bf6ba748e8b33b73356ae16185 a5e034bf6ba748e8b33b73356ae16185] 199.19.213.151 "GET /v2.0/networks/7288ebce-9d00-4193-b278-23ecda5c7670?fields=provider%3Aphysical_network&fields=provider%3Anetwork_type HTTP/1.1" status: 200 len: 277 time: 0.0682473
2026-07-02 06:21:31.227 10 INFO neutron.wsgi [None req-a3a2e007-f1b7-47e6-88d4-f46329b084e3 5b4e09e9bcaf40b5999b61b45af84c86 7d4e6bf08eb9424884271f3739462231 - - - -] 10.0.0.79 "PUT /v2.0/routers/9295e07b-a9a9-4dc7-8cd7-581eeafb3b15/remove_router_interface HTTP/1.1" status: 200 len: 503 time: 1.3153641
2026-07-02 06:21:31.486 9 INFO neutron.db.ovn_revision_numbers_db [None req-117a01c6-fdc6-4084-b5dc-b1befdbd5008 daf42aa392b142c6a145666e4c0a2b3d b79bd5643a344cb3886998844043df46 - - - -] Successfully bumped revision number for resource fd9cce62-06d1-41da-9c09-2f9ff562e3fc (type: security_groups) to 1
2026-07-02 06:21:31.509 9 INFO neutron.wsgi [None req-b8556e22-428a-41ac-a309-49b19e5e0a53 5634dc897b2644d18f7a5453212deb30 fc59a32c89234a1eafcf57164b225b80 - - - -] 10.0.0.79 "DELETE /v2.0/security-groups/a672d058-1e95-4467-a314-dc11de6a443f HTTP/1.1" status: 204 len: 168 time: 0.2078869 /var/lib/openstack/lib/python3.10/site-packages/pycadf/identifier.py:71: UserWarning: Invalid uuid: neutron. To ensure interoperability, identifiers should be a valid uuid. warnings.warn(('Invalid uuid: %s. To ensure interoperability, '
2026-07-02 06:21:31.544 10 INFO neutron.api.v2.resource [None req-8ec45dc2-cd59-4af3-82ed-3e445d74a04e 5634dc897b2644d18f7a5453212deb30 fc59a32c89234a1eafcf57164b225b80 - - default default] show failed (client error): The resource could not be found.
2026-07-02 06:21:31.545 10 INFO neutron.wsgi [None req-8ec45dc2-cd59-4af3-82ed-3e445d74a04e 5634dc897b2644d18f7a5453212deb30 fc59a32c89234a1eafcf57164b225b80 - - default default] 10.0.0.79 "GET /v2.0/security-groups/a672d058-1e95-4467-a314-dc11de6a443f HTTP/1.1" status: 404 len: 347 time: 0.0293589
2026-07-02 06:21:31.555 9 INFO neutron.db.segments_db [None req-117a01c6-fdc6-4084-b5dc-b1befdbd5008 daf42aa392b142c6a145666e4c0a2b3d b79bd5643a344cb3886998844043df46 - - - -] Added segment d2f5d743-2343-4d59-98f4-1d4d48ed67dc of type geneve for network c91ac8f4-e1ab-4178-adfe-ceacf0092826
2026-07-02 06:21:31.717 9 INFO neutron.db.ovn_revision_numbers_db [None req-117a01c6-fdc6-4084-b5dc-b1befdbd5008 daf42aa392b142c6a145666e4c0a2b3d b79bd5643a344cb3886998844043df46 - - - -] Successfully bumped revision number for resource c91ac8f4-e1ab-4178-adfe-ceacf0092826 (type: networks) to 1
2026-07-02 06:21:31.865 10 INFO neutron.wsgi [None req-c90d6853-d75f-4018-bac0-8d9a433fd58d 5634dc897b2644d18f7a5453212deb30 fc59a32c89234a1eafcf57164b225b80 - - - -] 10.0.0.79 "DELETE /v2.0/floatingips/959295c2-4eeb-4dea-ad2f-035a875461e7 HTTP/1.1" status: 204 len: 168 time: 0.3163395
2026-07-02 06:21:31.942 9 WARNING neutron.scheduler.dhcp_agent_scheduler [None req-117a01c6-fdc6-4084-b5dc-b1befdbd5008 daf42aa392b142c6a145666e4c0a2b3d b79bd5643a344cb3886998844043df46 - - - -] No more DHCP agents
2026-07-02 06:21:31.944 9 WARNING neutron.api.rpc.agentnotifiers.dhcp_rpc_agent_api [None req-117a01c6-fdc6-4084-b5dc-b1befdbd5008 daf42aa392b142c6a145666e4c0a2b3d b79bd5643a344cb3886998844043df46 - - - -] Unable to schedule network c91ac8f4-e1ab-4178-adfe-ceacf0092826: no agents available; will retry on subsequent port and subnet creation events.
2026-07-02 06:21:32.060 9 INFO neutron.db.ovn_revision_numbers_db [None req-117a01c6-fdc6-4084-b5dc-b1befdbd5008 daf42aa392b142c6a145666e4c0a2b3d b79bd5643a344cb3886998844043df46 - - - -] Successfully bumped revision number for resource 81509f40-8fba-4b61-9cfe-7596949f8557 (type: ports) to 1
2026-07-02 06:21:32.079 9 INFO neutron.wsgi [None req-ff4f107c-43da-4d1b-a4c9-13980a1561e3 5b4e09e9bcaf40b5999b61b45af84c86 7d4e6bf08eb9424884271f3739462231 - - - -] 10.0.0.79 "DELETE /v2.0/routers/9295e07b-a9a9-4dc7-8cd7-581eeafb3b15 HTTP/1.1" status: 204 len: 168 time: 0.8480351
2026-07-02 06:21:32.091 9 INFO neutron.wsgi [None req-117a01c6-fdc6-4084-b5dc-b1befdbd5008 daf42aa392b142c6a145666e4c0a2b3d b79bd5643a344cb3886998844043df46 - - - -] 10.0.0.79 "POST /v2.0/networks HTTP/1.1" status: 201 len: 847 time: 0.9526553
2026-07-02 06:21:32.106 9 INFO neutron.notifiers.nova [-] Nova event matching ['req-0199cba1-cfe2-4807-a11d-a3e30c1458d6'] response: {'name': 'network-changed', 'server_uuid': '742cefdd-cb6f-4d54-b0d1-18a6540022d0', 'tag': 'fee20611-077c-4d17-9fe4-6f144c27e5db', 'status': 'completed', 'code': 200}
2026-07-02 06:21:32.153 10 INFO neutron.notifiers.nova [-] Nova event matching ['req-7279f1ee-7d33-4e33-96cf-ae3e2340869a'] response: {'server_uuid': 'd4846964-329f-4385-a2d7-ada4289b6fd3', 'name': 'network-vif-deleted', 'tag': '55a660d9-8ae0-4ae8-b1e1-62d7e6cfd6a5', 'status': 'completed', 'code': 200}
2026-07-02 06:21:32.172 10 INFO neutron.wsgi [req-a7fa37ba-7698-49c7-b5aa-a049c8043ee3 req-4ade0965-dc42-4ead-8511-f883eebc363c 61185dab1d68427ebbc3201dcb371977 bceb53729f44493ca424a3ca25f841ce - - a5e034bf6ba748e8b33b73356ae16185 a5e034bf6ba748e8b33b73356ae16185] 199.19.213.151 "GET /v2.0/ports?tenant_id=eced2309f32a47a6a6354de1734b111c&device_id=742cefdd-cb6f-4d54-b0d1-18a6540022d0 HTTP/1.1" status: 200 len: 1361 time: 0.0423357
2026-07-02 06:21:32.243 10 INFO neutron.wsgi [req-a7fa37ba-7698-49c7-b5aa-a049c8043ee3 req-4fb6985f-a699-44be-a681-e172328ac4c1 61185dab1d68427ebbc3201dcb371977 bceb53729f44493ca424a3ca25f841ce - - a5e034bf6ba748e8b33b73356ae16185 a5e034bf6ba748e8b33b73356ae16185] 199.19.213.151 "GET /v2.0/networks?id=8869bf7c-9cd3-46be-b6e5-37627326af07 HTTP/1.1" status: 200 len: 980 time: 0.0667956
2026-07-02 06:21:32.261 9 INFO neutron.wsgi [None req-961b3fb6-c266-47a0-8f08-679a99b7ae55 5b4e09e9bcaf40b5999b61b45af84c86 7d4e6bf08eb9424884271f3739462231 - - - -] 10.0.0.79 "DELETE /v2.0/subnets/f88a58be-3d97-485c-9310-4fcf9de9cbaf HTTP/1.1" status: 204 len: 168 time: 0.1779022
2026-07-02 06:21:32.323 10 INFO neutron.wsgi [req-a7fa37ba-7698-49c7-b5aa-a049c8043ee3 req-62894963-c187-4857-bb86-9df075c040bd 61185dab1d68427ebbc3201dcb371977 bceb53729f44493ca424a3ca25f841ce - - a5e034bf6ba748e8b33b73356ae16185 a5e034bf6ba748e8b33b73356ae16185] 199.19.213.151 "GET /v2.0/floatingips?fixed_ip_address=10.100.0.3&port_id=fee20611-077c-4d17-9fe4-6f144c27e5db HTTP/1.1" status: 200 len: 1059 time: 0.0686135
2026-07-02 06:21:32.376 10 INFO neutron.wsgi [req-a7fa37ba-7698-49c7-b5aa-a049c8043ee3 req-173a4a0a-73e1-47d3-aa73-c6394e18a49c 61185dab1d68427ebbc3201dcb371977 bceb53729f44493ca424a3ca25f841ce - - a5e034bf6ba748e8b33b73356ae16185 a5e034bf6ba748e8b33b73356ae16185] 199.19.213.151 "GET /v2.0/subnets?id=cb46835c-a673-4abf-ba58-32e0c2421fe7 HTTP/1.1" status: 200 len: 876 time: 0.0468481
2026-07-02 06:21:32.404 10 INFO neutron.wsgi [req-a7fa37ba-7698-49c7-b5aa-a049c8043ee3 req-a51aa60b-a9a6-402a-bc99-d3fbce2e416e 61185dab1d68427ebbc3201dcb371977 bceb53729f44493ca424a3ca25f841ce - - a5e034bf6ba748e8b33b73356ae16185 a5e034bf6ba748e8b33b73356ae16185] 199.19.213.151 "GET /v2.0/ports?network_id=8869bf7c-9cd3-46be-b6e5-37627326af07&device_owner=network%3Adhcp HTTP/1.1" status: 200 len: 210 time: 0.0186567
2026-07-02 06:21:32.471 10 INFO neutron.wsgi [req-a7fa37ba-7698-49c7-b5aa-a049c8043ee3 req-68ba8d5c-4783-45b8-8e85-aeb6e70ec288 61185dab1d68427ebbc3201dcb371977 bceb53729f44493ca424a3ca25f841ce - - a5e034bf6ba748e8b33b73356ae16185 a5e034bf6ba748e8b33b73356ae16185] 199.19.213.151 "GET /v2.0/networks/8869bf7c-9cd3-46be-b6e5-37627326af07?fields=segments HTTP/1.1" status: 200 len: 212 time: 0.0608296
2026-07-02 06:21:32.556 10 INFO neutron.wsgi [req-a7fa37ba-7698-49c7-b5aa-a049c8043ee3 req-ea65bb19-1b82-4a99-adfb-9fee535c1531 61185dab1d68427ebbc3201dcb371977 bceb53729f44493ca424a3ca25f841ce - - a5e034bf6ba748e8b33b73356ae16185 a5e034bf6ba748e8b33b73356ae16185] 199.19.213.151 "GET /v2.0/networks/8869bf7c-9cd3-46be-b6e5-37627326af07?fields=provider%3Aphysical_network&fields=provider%3Anetwork_type HTTP/1.1" status: 200 len: 277 time: 0.0777118
2026-07-02 06:21:32.883 9 INFO neutron.services.segments.plugin [-] Segment 9ffe6826-6568-4b04-b739-85b863340edd resource provider aggregate not found
2026-07-02 06:21:32.890 9 INFO neutron.services.segments.plugin [-] Segment 9ffe6826-6568-4b04-b739-85b863340edd resource provider aggregate not found
2026-07-02 06:21:32.905 9 INFO neutron.services.segments.plugin [-] Segment 9ffe6826-6568-4b04-b739-85b863340edd resource provider not found; error: Placement Client Error (4xx): {"errors": [{"status": 404, "title": "Not Found", "detail": "The resource could not be found.\n\n No resource provider with uuid 9ffe6826-6568-4b04-b739-85b863340edd found for delete ", "request_id": "req-187e5efe-4e8e-4d92-b34b-a48680162f6a"}]}
2026-07-02 06:21:32.920 9 INFO neutron.services.segments.plugin [-] Segment 9ffe6826-6568-4b04-b739-85b863340edd resource provider not found; error: Placement Client Error (4xx): {"errors": [{"status": 404, "title": "Not Found", "detail": "The resource could not be found.\n\n No resource provider with uuid 9ffe6826-6568-4b04-b739-85b863340edd found for delete ", "request_id": "req-63f8c38a-256b-4ae9-ba39-1587b9385304"}]}
2026-07-02 06:21:32.972 9 INFO neutron.wsgi [None req-bdfec2ac-3bbe-4641-8e6e-c05324c30bb0 5b4e09e9bcaf40b5999b61b45af84c86 7d4e6bf08eb9424884271f3739462231 - - - -] 10.0.0.79 "DELETE /v2.0/networks/bc5f318f-eef9-4557-bb16-1a92102922fd HTTP/1.1" status: 204 len: 168 time: 0.7037513
2026-07-02 06:21:33.093 9 WARNING neutron.scheduler.dhcp_agent_scheduler [None req-c496770e-9bc7-484a-8cda-04cc4922d709 daf42aa392b142c6a145666e4c0a2b3d b79bd5643a344cb3886998844043df46 - - - -] No more DHCP agents
2026-07-02 06:21:33.095 9 WARNING neutron.api.rpc.agentnotifiers.dhcp_rpc_agent_api [None req-c496770e-9bc7-484a-8cda-04cc4922d709 daf42aa392b142c6a145666e4c0a2b3d b79bd5643a344cb3886998844043df46 - - - -] Unable to schedule network c91ac8f4-e1ab-4178-adfe-ceacf0092826: no agents available; will retry on subsequent port and subnet creation events.
2026-07-02 06:21:33.106 9 INFO neutron.db.ovn_revision_numbers_db [None req-c496770e-9bc7-484a-8cda-04cc4922d709 daf42aa392b142c6a145666e4c0a2b3d b79bd5643a344cb3886998844043df46 - - - -] Successfully bumped revision number for resource 29a36a16-db87-4461-ac0d-6c3f4ac1b080 (type: subnets) to 0
2026-07-02 06:21:33.120 9 INFO neutron.wsgi [None req-c496770e-9bc7-484a-8cda-04cc4922d709 daf42aa392b142c6a145666e4c0a2b3d b79bd5643a344cb3886998844043df46 - - - -] 10.0.0.79 "POST /v2.0/subnets HTTP/1.1" status: 201 len: 848 time: 0.5804281
2026-07-02 06:21:33.168 9 INFO neutron.wsgi [None req-d9c9af9c-0fef-4e61-89f1-93e17ccd73ae 5b4e09e9bcaf40b5999b61b45af84c86 7d4e6bf08eb9424884271f3739462231 - - default default] 10.0.0.79 "GET /v2.0/security-groups?tenant_id=0ce8419fb0a4451581447271163609c3&name=default HTTP/1.1" status: 200 len: 2992 time: 0.0422158
2026-07-02 06:21:33.220 10 INFO neutron.wsgi [None req-3fb20697-e0ce-4fb2-aec0-ac3f7cc6cf8a 5b4e09e9bcaf40b5999b61b45af84c86 7d4e6bf08eb9424884271f3739462231 - - - -] 10.0.0.79 "PUT /v2.0/routers/72d643a7-1910-43a1-a4c5-59b0698cd271/remove_router_interface HTTP/1.1" status: 200 len: 503 time: 1.3490393
2026-07-02 06:21:33.224 9 INFO neutron.db.segments_db [None req-6f6036b5-2d32-4acf-9200-a5e96afe5e75 daf42aa392b142c6a145666e4c0a2b3d b79bd5643a344cb3886998844043df46 - - - -] Added segment 14c5e3a0-b711-4846-9404-79e0cc450985 of type geneve for network 55e4f16f-c9ef-4a26-8573-03e990dc7d15 /var/lib/openstack/lib/python3.10/site-packages/pycadf/identifier.py:71: UserWarning: Invalid uuid: neutron. To ensure interoperability, identifiers should be a valid uuid. warnings.warn(('Invalid uuid: %s. To ensure interoperability, '
2026-07-02 06:21:33.356 9 INFO neutron.db.ovn_revision_numbers_db [None req-6f6036b5-2d32-4acf-9200-a5e96afe5e75 daf42aa392b142c6a145666e4c0a2b3d b79bd5643a344cb3886998844043df46 - - - -] Successfully bumped revision number for resource 55e4f16f-c9ef-4a26-8573-03e990dc7d15 (type: networks) to 1
2026-07-02 06:21:33.442 9 INFO neutron.wsgi [None req-b4fadaf8-20da-4876-9615-095f22c2cfe5 5b4e09e9bcaf40b5999b61b45af84c86 7d4e6bf08eb9424884271f3739462231 - - - -] 10.0.0.79 "DELETE /v2.0/security-groups/d45e7580-1b1b-401c-88bc-706d47e60311 HTTP/1.1" status: 204 len: 168 time: 0.2689605
2026-07-02 06:21:33.535 9 WARNING neutron.scheduler.dhcp_agent_scheduler [None req-6f6036b5-2d32-4acf-9200-a5e96afe5e75 daf42aa392b142c6a145666e4c0a2b3d b79bd5643a344cb3886998844043df46 - - - -] No more DHCP agents
2026-07-02 06:21:33.537 9 WARNING neutron.api.rpc.agentnotifiers.dhcp_rpc_agent_api [None req-6f6036b5-2d32-4acf-9200-a5e96afe5e75 daf42aa392b142c6a145666e4c0a2b3d b79bd5643a344cb3886998844043df46 - - - -] Unable to schedule network 55e4f16f-c9ef-4a26-8573-03e990dc7d15: no agents available; will retry on subsequent port and subnet creation events.
2026-07-02 06:21:33.588 9 INFO neutron.db.ovn_revision_numbers_db [None req-6f6036b5-2d32-4acf-9200-a5e96afe5e75 daf42aa392b142c6a145666e4c0a2b3d b79bd5643a344cb3886998844043df46 - - - -] Successfully bumped revision number for resource 966a6407-4706-4c1a-a807-942590ff5c7f (type: ports) to 1
2026-07-02 06:21:33.616 9 INFO neutron.wsgi [None req-6f6036b5-2d32-4acf-9200-a5e96afe5e75 daf42aa392b142c6a145666e4c0a2b3d b79bd5643a344cb3886998844043df46 - - - -] 10.0.0.79 "POST /v2.0/networks HTTP/1.1" status: 201 len: 846 time: 0.4890709
2026-07-02 06:21:33.782 9 INFO neutron.wsgi [None req-264b502e-01ab-41c2-bff6-be9ebfc42e47 5b4e09e9bcaf40b5999b61b45af84c86 7d4e6bf08eb9424884271f3739462231 - - default default] 10.0.0.46 "GET /v2.0/agents HTTP/1.1" status: 200 len: 997 time: 0.1161392
2026-07-02 06:21:33.789 9 INFO neutron.db.ovn_revision_numbers_db [None req-c110c3d5-9d57-4ad8-8680-e83ee9ae8c6f daf42aa392b142c6a145666e4c0a2b3d b79bd5643a344cb3886998844043df46 - - - -] Successfully bumped revision number for resource 55e4f16f-c9ef-4a26-8573-03e990dc7d15 (type: networks) to 2
2026-07-02 06:21:33.793 9 INFO neutron.wsgi [None req-c110c3d5-9d57-4ad8-8680-e83ee9ae8c6f daf42aa392b142c6a145666e4c0a2b3d b79bd5643a344cb3886998844043df46 - - - -] 10.0.0.79 "PUT /v2.0/networks/55e4f16f-c9ef-4a26-8573-03e990dc7d15 HTTP/1.1" status: 200 len: 792 time: 0.1728282
2026-07-02 06:21:33.870 10 INFO neutron.wsgi [None req-f4d4302f-1af3-43fe-a3f9-676c4211901b 5b4e09e9bcaf40b5999b61b45af84c86 7d4e6bf08eb9424884271f3739462231 - - - -] 10.0.0.79 "DELETE /v2.0/routers/72d643a7-1910-43a1-a4c5-59b0698cd271 HTTP/1.1" status: 204 len: 168 time: 0.6452031
2026-07-02 06:21:33.897 9 INFO neutron.wsgi [None req-a6618c22-d9ac-4a8c-9a2d-a32de743536e 5b4e09e9bcaf40b5999b61b45af84c86 7d4e6bf08eb9424884271f3739462231 - - default default] 10.0.0.46 "GET /v2.0/routers HTTP/1.1" status: 200 len: 1357 time: 0.1140532
2026-07-02 06:21:33.910 9 INFO neutron.wsgi [None req-854b1c60-0740-43cc-833a-c35ce94247da 5b4e09e9bcaf40b5999b61b45af84c86 7d4e6bf08eb9424884271f3739462231 - - default default] 10.0.0.46 "GET /v2.0/agents?binary=ovn-controller HTTP/1.1" status: 200 len: 591 time: 0.0113168
2026-07-02 06:21:34.013 9 INFO neutron.wsgi [None req-5e257fde-3799-46f1-bc34-326426ed0ac0 5b4e09e9bcaf40b5999b61b45af84c86 7d4e6bf08eb9424884271f3739462231 - - default default] 10.0.0.46 "GET /v2.0/security-groups HTTP/1.1" status: 200 len: 27880 time: 0.1015978
2026-07-02 06:21:34.067 9 INFO neutron.wsgi [None req-f18e74c8-e09b-49d1-9bba-23239698ada0 5b4e09e9bcaf40b5999b61b45af84c86 7d4e6bf08eb9424884271f3739462231 - - default default] 10.0.0.46 "GET /v2.0/ports HTTP/1.1" status: 200 len: 13376 time: 0.0433044
2026-07-02 06:21:34.109 9 INFO neutron.wsgi [None req-535e6d1f-f660-421c-a562-19e4a1c05446 5b4e09e9bcaf40b5999b61b45af84c86 7d4e6bf08eb9424884271f3739462231 - - default default] 10.0.0.46 "GET /v2.0/subnets HTTP/1.1" status: 200 len: 3415 time: 0.0345321
