2026-07-02 06:26:33.666 10 INFO neutron.notifiers.nova [-] Nova event matching ['req-81d4a2a2-5370-4bcd-a572-f1866d515bf8'] response: {'name': 'network-changed', 'server_uuid': '062cb467-f687-4dbb-b279-57ac0c8ca827', 'tag': '946e6c79-4e77-42c6-a007-5d40d4d02aab', 'status': 'completed', 'code': 200}
2026-07-02 06:26:33.685 9 INFO neutron.wsgi [None req-7255daa3-a5f9-4e64-90d3-577b502cd21d 5b4e09e9bcaf40b5999b61b45af84c86 7d4e6bf08eb9424884271f3739462231 - - default default] 10.0.0.46 "GET /v2.0/network-ip-availabilities HTTP/1.1" status: 200 len: 3361 time: 0.0133455
2026-07-02 06:26:33.691 10 INFO neutron.wsgi [None req-7f1341a0-015f-433c-9c09-49f682925137 5b4e09e9bcaf40b5999b61b45af84c86 7d4e6bf08eb9424884271f3739462231 - - default default] 199.19.213.151 "GET /v2.0/networks/5155fab2-6943-4e39-9dae-15a7bc567b00 HTTP/1.1" status: 200 len: 1000 time: 0.0592945
2026-07-02 06:26:33.722 10 INFO neutron.wsgi [req-8feab8fa-805f-4622-aaf5-b45d20264f89 req-7a934837-c16d-439e-99db-14ccf6e2fee3 61185dab1d68427ebbc3201dcb371977 bceb53729f44493ca424a3ca25f841ce - - a5e034bf6ba748e8b33b73356ae16185 a5e034bf6ba748e8b33b73356ae16185] 199.19.213.151 "GET /v2.0/ports?tenant_id=7d4e6bf08eb9424884271f3739462231&device_id=062cb467-f687-4dbb-b279-57ac0c8ca827 HTTP/1.1" status: 200 len: 3607 time: 0.0413194
2026-07-02 06:26:33.734 10 INFO neutron.wsgi [None req-aeca39cc-f0e5-40d2-9716-9f007276bb5c 5b4e09e9bcaf40b5999b61b45af84c86 7d4e6bf08eb9424884271f3739462231 - - default default] 199.19.213.151 "GET /v2.0/ports?device_id=062cb467-f687-4dbb-b279-57ac0c8ca827 HTTP/1.1" status: 200 len: 3607 time: 0.0346904
2026-07-02 06:26:33.766 9 INFO neutron.wsgi [None req-2a488970-8325-4aa0-b9db-9c7db14659fb 5b4e09e9bcaf40b5999b61b45af84c86 7d4e6bf08eb9424884271f3739462231 - - default default] 10.0.0.46 "GET /v2.0/routers HTTP/1.1" status: 200 len: 850 time: 0.0786881
2026-07-02 06:26:33.781 9 INFO neutron.wsgi [None req-5e652c97-5831-4a9d-b886-be8f2e9ec9f7 5b4e09e9bcaf40b5999b61b45af84c86 7d4e6bf08eb9424884271f3739462231 - - default default] 10.0.0.46 "GET /v2.0/agents?binary=ovn-controller HTTP/1.1" status: 200 len: 591 time: 0.0135956
2026-07-02 06:26:33.788 10 INFO neutron.wsgi [req-8feab8fa-805f-4622-aaf5-b45d20264f89 req-7cd71e0d-d05d-460e-8f83-eac2f4657bb8 61185dab1d68427ebbc3201dcb371977 bceb53729f44493ca424a3ca25f841ce - - a5e034bf6ba748e8b33b73356ae16185 a5e034bf6ba748e8b33b73356ae16185] 199.19.213.151 "GET /v2.0/networks?id=5155fab2-6943-4e39-9dae-15a7bc567b00 HTTP/1.1" status: 200 len: 1003 time: 0.0607793
2026-07-02 06:26:33.794 9 INFO neutron.wsgi [None req-aa31f06b-8678-4b21-bc8a-80e5adecf3b8 5b4e09e9bcaf40b5999b61b45af84c86 7d4e6bf08eb9424884271f3739462231 - - default default] 10.0.0.46 "GET /v2.0/agents HTTP/1.1" status: 200 len: 997 time: 0.0104589
2026-07-02 06:26:33.830 9 INFO neutron.wsgi [None req-056368c4-7a82-412c-abc2-de5e2b112b77 5b4e09e9bcaf40b5999b61b45af84c86 7d4e6bf08eb9424884271f3739462231 - - default default] 10.0.0.46 "GET /v2.0/subnets HTTP/1.1" status: 200 len: 5494 time: 0.0350001
2026-07-02 06:26:33.847 10 INFO neutron.wsgi [None req-2bdf0204-7452-48c9-b191-66eac9fe7a24 5b4e09e9bcaf40b5999b61b45af84c86 7d4e6bf08eb9424884271f3739462231 - - default default] 199.19.213.151 "GET /v2.0/ports?device_id=062cb467-f687-4dbb-b279-57ac0c8ca827 HTTP/1.1" status: 200 len: 3607 time: 0.0429935
2026-07-02 06:26:33.864 10 INFO neutron.wsgi [req-8feab8fa-805f-4622-aaf5-b45d20264f89 req-5f66c437-7620-4b3e-9dbe-49db80de4bd7 61185dab1d68427ebbc3201dcb371977 bceb53729f44493ca424a3ca25f841ce - - a5e034bf6ba748e8b33b73356ae16185 a5e034bf6ba748e8b33b73356ae16185] 199.19.213.151 "GET /v2.0/networks/5155fab2-6943-4e39-9dae-15a7bc567b00?fields=segments HTTP/1.1" status: 200 len: 212 time: 0.0727360
2026-07-02 06:26:33.867 9 INFO neutron.wsgi [None req-fe87be76-8b62-47fc-9d62-59a9ac223957 5b4e09e9bcaf40b5999b61b45af84c86 7d4e6bf08eb9424884271f3739462231 - - default default] 10.0.0.46 "GET /v2.0/subnets HTTP/1.1" status: 200 len: 5494 time: 0.0341651
2026-07-02 06:26:33.883 9 INFO neutron.wsgi [None req-4705c04d-67ac-401d-830f-8dd342200b9c 5b4e09e9bcaf40b5999b61b45af84c86 7d4e6bf08eb9424884271f3739462231 - - default default] 10.0.0.46 "GET /v2.0/subnetpools HTTP/1.1" status: 200 len: 193 time: 0.0135572
2026-07-02 06:26:33.915 9 INFO neutron.wsgi [None req-81ee7e03-ed51-439e-a6ed-f4aff6122091 5b4e09e9bcaf40b5999b61b45af84c86 7d4e6bf08eb9424884271f3739462231 - - default default] 10.0.0.46 "GET /v2.0/floatingips HTTP/1.1" status: 200 len: 2765 time: 0.0307248
2026-07-02 06:26:33.954 10 INFO neutron.wsgi [req-8feab8fa-805f-4622-aaf5-b45d20264f89 req-e5c2c349-d323-4c52-a6af-2337533f7d78 61185dab1d68427ebbc3201dcb371977 bceb53729f44493ca424a3ca25f841ce - - a5e034bf6ba748e8b33b73356ae16185 a5e034bf6ba748e8b33b73356ae16185] 199.19.213.151 "GET /v2.0/networks/5155fab2-6943-4e39-9dae-15a7bc567b00?fields=provider%3Aphysical_network&fields=provider%3Anetwork_type HTTP/1.1" status: 200 len: 277 time: 0.0793128
2026-07-02 06:26:33.997 9 INFO neutron.wsgi [None req-92f5cab9-2933-4ed2-b819-5a98bb79495b 5b4e09e9bcaf40b5999b61b45af84c86 7d4e6bf08eb9424884271f3739462231 - - default default] 10.0.0.46 "GET /v2.0/networks HTTP/1.1" status: 200 len: 4721 time: 0.0778618
2026-07-02 06:26:34.086 9 INFO neutron.wsgi [None req-96be34a4-8e1e-4bb2-920a-344dc679e483 5b4e09e9bcaf40b5999b61b45af84c86 7d4e6bf08eb9424884271f3739462231 - - default default] 10.0.0.46 "GET /v2.0/security-groups HTTP/1.1" status: 200 len: 30227 time: 0.0846589
2026-07-02 06:26:34.105 9 INFO neutron.plugins.ml2.drivers.ovn.mech_driver.mech_driver [None req-88340fd5-c39a-472f-8088-4e6bd594532e - - - - - -] OVN reports status down for port: 946e6c79-4e77-42c6-a007-5d40d4d02aab
2026-07-02 06:26:34.178 10 INFO neutron.wsgi [req-52668d25-19ea-4f7c-8652-85eb723a4169 req-abc9c40c-5aeb-48f9-bb12-f6c8edd4a601 61185dab1d68427ebbc3201dcb371977 bceb53729f44493ca424a3ca25f841ce - - a5e034bf6ba748e8b33b73356ae16185 a5e034bf6ba748e8b33b73356ae16185] 199.19.213.151 "GET /v2.0/ports/946e6c79-4e77-42c6-a007-5d40d4d02aab HTTP/1.1" status: 200 len: 1182 time: 0.0385842
2026-07-02 06:26:34.295 9 INFO neutron.notifiers.nova [-] Nova event matching ['req-7f7c59c6-6c1f-4b0c-b45b-155fdda13ded'] response: {'server_uuid': '062cb467-f687-4dbb-b279-57ac0c8ca827', 'name': 'network-vif-unplugged', 'status': 'completed', 'tag': '946e6c79-4e77-42c6-a007-5d40d4d02aab', 'code': 200}
2026-07-02 06:26:34.370 9 INFO neutron.db.ovn_revision_numbers_db [None req-88340fd5-c39a-472f-8088-4e6bd594532e - - - - - -] Successfully bumped revision number for resource 946e6c79-4e77-42c6-a007-5d40d4d02aab (type: ports) to 7
2026-07-02 06:26:34.424 10 INFO neutron.wsgi [None req-a9826d71-d9c4-4c6b-a704-9128dee75dac 5b4e09e9bcaf40b5999b61b45af84c86 7d4e6bf08eb9424884271f3739462231 - - - -] 199.19.213.151 "DELETE /v2.0/ports/946e6c79-4e77-42c6-a007-5d40d4d02aab HTTP/1.1" status: 204 len: 173 time: 0.2342162
2026-07-02 06:26:34.506 10 INFO neutron.wsgi [req-52668d25-19ea-4f7c-8652-85eb723a4169 req-9d9b1e98-166a-4a5f-80b5-e0f09cc99da1 61185dab1d68427ebbc3201dcb371977 bceb53729f44493ca424a3ca25f841ce - - a5e034bf6ba748e8b33b73356ae16185 a5e034bf6ba748e8b33b73356ae16185] 199.19.213.151 "GET /v2.0/ports?tenant_id=7d4e6bf08eb9424884271f3739462231&device_id=062cb467-f687-4dbb-b279-57ac0c8ca827 HTTP/1.1" status: 200 len: 2632 time: 0.0338180
2026-07-02 06:26:34.579 10 INFO neutron.wsgi [req-52668d25-19ea-4f7c-8652-85eb723a4169 req-6ec360a5-7a3d-4256-a03f-55f5b2978429 61185dab1d68427ebbc3201dcb371977 bceb53729f44493ca424a3ca25f841ce - - a5e034bf6ba748e8b33b73356ae16185 a5e034bf6ba748e8b33b73356ae16185] 199.19.213.151 "GET /v2.0/networks?id=c37f7af3-312d-4e26-a45a-936b1454b65a&id=1c37447f-5722-477e-bfa2-c90f4fc02b06&id=5155fab2-6943-4e39-9dae-15a7bc567b00 HTTP/1.1" status: 200 len: 2519 time: 0.0668519
2026-07-02 06:26:34.609 10 INFO neutron.wsgi [req-52668d25-19ea-4f7c-8652-85eb723a4169 req-56afe5a0-690a-4ac2-98a5-c402b020297a 61185dab1d68427ebbc3201dcb371977 bceb53729f44493ca424a3ca25f841ce - - a5e034bf6ba748e8b33b73356ae16185 a5e034bf6ba748e8b33b73356ae16185] 199.19.213.151 "GET /v2.0/floatingips?fixed_ip_address=172.24.1.163&port_id=2f176b3d-d723-4069-9002-6dab4301cabf HTTP/1.1" status: 200 len: 217 time: 0.0228102
2026-07-02 06:26:34.648 10 INFO neutron.wsgi [req-52668d25-19ea-4f7c-8652-85eb723a4169 req-06d01179-78b4-452f-9cb5-ddee1c54cb1d 61185dab1d68427ebbc3201dcb371977 bceb53729f44493ca424a3ca25f841ce - - a5e034bf6ba748e8b33b73356ae16185 a5e034bf6ba748e8b33b73356ae16185] 199.19.213.151 "GET /v2.0/subnets?id=9c784733-efba-4f42-a4f1-5f97d762e693 HTTP/1.1" status: 200 len: 829 time: 0.0310445
2026-07-02 06:26:34.681 10 INFO neutron.wsgi [req-52668d25-19ea-4f7c-8652-85eb723a4169 req-0f53f3bf-bdc2-412d-b574-e024000eb208 61185dab1d68427ebbc3201dcb371977 bceb53729f44493ca424a3ca25f841ce - - a5e034bf6ba748e8b33b73356ae16185 a5e034bf6ba748e8b33b73356ae16185] 199.19.213.151 "GET /v2.0/ports?network_id=c37f7af3-312d-4e26-a45a-936b1454b65a&device_owner=network%3Adhcp HTTP/1.1" status: 200 len: 210 time: 0.0222540
2026-07-02 06:26:34.744 10 INFO neutron.wsgi [req-52668d25-19ea-4f7c-8652-85eb723a4169 req-82d8e218-ce1a-4361-9dba-666cf11c6c99 61185dab1d68427ebbc3201dcb371977 bceb53729f44493ca424a3ca25f841ce - - a5e034bf6ba748e8b33b73356ae16185 a5e034bf6ba748e8b33b73356ae16185] 199.19.213.151 "GET /v2.0/networks/c37f7af3-312d-4e26-a45a-936b1454b65a?fields=segments HTTP/1.1" status: 200 len: 212 time: 0.0561779
2026-07-02 06:26:34.799 10 INFO neutron.wsgi [req-52668d25-19ea-4f7c-8652-85eb723a4169 req-220847e1-094d-4cc1-9785-4e6326278626 61185dab1d68427ebbc3201dcb371977 bceb53729f44493ca424a3ca25f841ce - - a5e034bf6ba748e8b33b73356ae16185 a5e034bf6ba748e8b33b73356ae16185] 199.19.213.151 "GET /v2.0/networks/c37f7af3-312d-4e26-a45a-936b1454b65a?fields=provider%3Aphysical_network&fields=provider%3Anetwork_type HTTP/1.1" status: 200 len: 277 time: 0.0478792
2026-07-02 06:26:34.829 10 INFO neutron.wsgi [req-52668d25-19ea-4f7c-8652-85eb723a4169 req-85ddb767-74a3-4ea9-9fdc-3fe9418139b0 61185dab1d68427ebbc3201dcb371977 bceb53729f44493ca424a3ca25f841ce - - a5e034bf6ba748e8b33b73356ae16185 a5e034bf6ba748e8b33b73356ae16185] 199.19.213.151 "GET /v2.0/floatingips?fixed_ip_address=10.1.1.113&port_id=bb7d60ea-be0d-4316-9662-c404a01244eb HTTP/1.1" status: 200 len: 217 time: 0.0225544
2026-07-02 06:26:34.878 10 INFO neutron.wsgi [req-52668d25-19ea-4f7c-8652-85eb723a4169 req-52129614-d4a8-4a1b-a92d-1df31a17fa44 61185dab1d68427ebbc3201dcb371977 bceb53729f44493ca424a3ca25f841ce - - a5e034bf6ba748e8b33b73356ae16185 a5e034bf6ba748e8b33b73356ae16185] 199.19.213.151 "GET /v2.0/subnets?id=f3451a67-0889-45af-88d6-f9936cc35a2d HTTP/1.1" status: 200 len: 852 time: 0.0428720
2026-07-02 06:26:34.888 10 INFO neutron.wsgi [None req-7f28712f-39b4-4d29-bb36-ad95444e2ba5 5b4e09e9bcaf40b5999b61b45af84c86 7d4e6bf08eb9424884271f3739462231 - - default default] 199.19.213.151 "GET /v2.0/ports?device_id=062cb467-f687-4dbb-b279-57ac0c8ca827 HTTP/1.1" status: 200 len: 2632 time: 0.0323489
2026-07-02 06:26:34.906 10 INFO neutron.wsgi [req-52668d25-19ea-4f7c-8652-85eb723a4169 req-27b1086d-9f01-469f-992c-8fe500572748 61185dab1d68427ebbc3201dcb371977 bceb53729f44493ca424a3ca25f841ce - - a5e034bf6ba748e8b33b73356ae16185 a5e034bf6ba748e8b33b73356ae16185] 199.19.213.151 "GET /v2.0/ports?network_id=1c37447f-5722-477e-bfa2-c90f4fc02b06&device_owner=network%3Adhcp HTTP/1.1" status: 200 len: 210 time: 0.0211141
2026-07-02 06:26:34.913 10 INFO neutron.pecan_wsgi.hooks.translation [None req-d350da75-3026-4c4a-b153-a3fb48ee38db 5b4e09e9bcaf40b5999b61b45af84c86 7d4e6bf08eb9424884271f3739462231 - - - -] DELETE failed (client error): The resource could not be found.
2026-07-02 06:26:34.915 10 INFO neutron.wsgi [None req-d350da75-3026-4c4a-b153-a3fb48ee38db 5b4e09e9bcaf40b5999b61b45af84c86 7d4e6bf08eb9424884271f3739462231 - - - -] 199.19.213.151 "DELETE /v2.0/ports/946e6c79-4e77-42c6-a007-5d40d4d02aab HTTP/1.1" status: 404 len: 338 time: 0.0208216
2026-07-02 06:26:35.212 10 INFO neutron.wsgi [None req-1d4e4b7e-00ab-442f-9e79-e7b487ff8089 5b4e09e9bcaf40b5999b61b45af84c86 7d4e6bf08eb9424884271f3739462231 - - default default] 199.19.213.151 "GET /v2.0/extensions/security-group HTTP/1.1" status: 200 len: 369 time: 0.0046949
2026-07-02 06:26:35.223 10 INFO neutron.wsgi [None req-61b5e9c8-e5d8-4a4f-ba96-41e2f0a8fd0a 5b4e09e9bcaf40b5999b61b45af84c86 7d4e6bf08eb9424884271f3739462231 - - default default] 199.19.213.151 "GET /v2.0/extensions/dns-integration HTTP/1.1" status: 200 len: 371 time: 0.0041046
2026-07-02 06:26:35.227 10 INFO neutron.wsgi [req-52668d25-19ea-4f7c-8652-85eb723a4169 req-77a3a757-f22a-41f6-890e-36e36171d40f 61185dab1d68427ebbc3201dcb371977 bceb53729f44493ca424a3ca25f841ce - - a5e034bf6ba748e8b33b73356ae16185 a5e034bf6ba748e8b33b73356ae16185] 199.19.213.151 "GET /v2.0/networks/1c37447f-5722-477e-bfa2-c90f4fc02b06?fields=segments HTTP/1.1" status: 200 len: 212 time: 0.3142154
2026-07-02 06:26:35.232 10 INFO neutron.wsgi [None req-2cf152ae-24c5-4e7b-a5fe-8c8bc47be98a 5b4e09e9bcaf40b5999b61b45af84c86 7d4e6bf08eb9424884271f3739462231 - - default default] 199.19.213.151 "GET /v2.0/extensions/qos HTTP/1.1" status: 200 len: 365 time: 0.0033913
2026-07-02 06:26:35.243 10 INFO neutron.wsgi [None req-a9bba795-1718-4b05-9166-6ede29163397 5b4e09e9bcaf40b5999b61b45af84c86 7d4e6bf08eb9424884271f3739462231 - - default default] 199.19.213.151 "GET /v2.0/extensions/allowed-address-pairs HTTP/1.1" status: 200 len: 383 time: 0.0036891
2026-07-02 06:26:35.294 10 INFO neutron.wsgi [None req-dfaf81a4-38f6-4f9e-a817-b6cb6d3003f7 5b4e09e9bcaf40b5999b61b45af84c86 7d4e6bf08eb9424884271f3739462231 - - default default] 199.19.213.151 "GET /v2.0/subnets/f3451a67-0889-45af-88d6-f9936cc35a2d HTTP/1.1" status: 200 len: 849 time: 0.0410488
2026-07-02 06:26:35.303 10 INFO neutron.wsgi [req-52668d25-19ea-4f7c-8652-85eb723a4169 req-e479bf49-a6d0-43cc-a462-ead34e75f806 61185dab1d68427ebbc3201dcb371977 bceb53729f44493ca424a3ca25f841ce - - a5e034bf6ba748e8b33b73356ae16185 a5e034bf6ba748e8b33b73356ae16185] 199.19.213.151 "GET /v2.0/networks/1c37447f-5722-477e-bfa2-c90f4fc02b06?fields=provider%3Aphysical_network&fields=provider%3Anetwork_type HTTP/1.1" status: 200 len: 277 time: 0.0702515
2026-07-02 06:26:35.330 10 INFO neutron.wsgi [None req-c906dbfc-a1d0-4e1e-b95c-965d260c62b3 5b4e09e9bcaf40b5999b61b45af84c86 7d4e6bf08eb9424884271f3739462231 - - default default] 199.19.213.151 "GET /v2.0/ports/1daf0d99-ea23-4907-a782-8aa82e3113d5 HTTP/1.1" status: 200 len: 1340 time: 0.0290275
2026-07-02 06:26:35.362 10 INFO neutron.wsgi [None req-250cb99c-4755-4416-b95d-eabe2d37003d 5b4e09e9bcaf40b5999b61b45af84c86 7d4e6bf08eb9424884271f3739462231 - - default default] 199.19.213.151 "GET /v2.0/ports/bb7d60ea-be0d-4316-9662-c404a01244eb HTTP/1.1" status: 200 len: 1471 time: 0.0267611
2026-07-02 06:26:35.397 10 INFO neutron.wsgi [None req-f77eb244-82e5-48b3-a7c3-a85789a85791 5b4e09e9bcaf40b5999b61b45af84c86 7d4e6bf08eb9424884271f3739462231 - - default default] 199.19.213.151 "GET /v2.0/subnets/f3451a67-0889-45af-88d6-f9936cc35a2d HTTP/1.1" status: 200 len: 849 time: 0.0288498
2026-07-02 06:26:35.462 10 INFO neutron.wsgi [None req-ccc1f7dd-66f0-4d02-b778-781c3a267ce1 5b4e09e9bcaf40b5999b61b45af84c86 7d4e6bf08eb9424884271f3739462231 - - default default] 199.19.213.151 "GET /v2.0/networks/1c37447f-5722-477e-bfa2-c90f4fc02b06 HTTP/1.1" status: 200 len: 1001 time: 0.0589778
2026-07-02 06:26:35.504 10 INFO neutron.wsgi [None req-d4a5dd84-c5b5-4483-80ec-04208bccf3a7 5b4e09e9bcaf40b5999b61b45af84c86 7d4e6bf08eb9424884271f3739462231 - - default default] 199.19.213.151 "GET /v2.0/ports/1daf0d99-ea23-4907-a782-8aa82e3113d5 HTTP/1.1" status: 200 len: 1340 time: 0.0350437
2026-07-02 06:26:35.536 10 INFO neutron.wsgi [None req-e96d607a-4b49-49ac-98af-4d5b5e69a73c 5b4e09e9bcaf40b5999b61b45af84c86 7d4e6bf08eb9424884271f3739462231 - - default default] 199.19.213.151 "GET /v2.0/subnets/f3451a67-0889-45af-88d6-f9936cc35a2d HTTP/1.1" status: 200 len: 849 time: 0.0272002
2026-07-02 06:26:35.703 10 INFO neutron.notifiers.nova [-] Nova event matching ['req-e972d3e6-aacc-40c1-9459-cf429b3d40ca'] response: {'server_uuid': '062cb467-f687-4dbb-b279-57ac0c8ca827', 'name': 'network-vif-deleted', 'tag': '946e6c79-4e77-42c6-a007-5d40d4d02aab', 'status': 'completed', 'code': 200}
2026-07-02 06:26:36.333 9 INFO neutron.notifiers.nova [-] Nova event matching ['req-910eceb7-74be-4e2d-9609-811beb261645'] response: {'server_uuid': '062cb467-f687-4dbb-b279-57ac0c8ca827', 'name': 'network-vif-plugged', 'status': 'completed', 'tag': '946e6c79-4e77-42c6-a007-5d40d4d02aab', 'code': 200}
2026-07-02 06:26:37.838 9 INFO neutron.wsgi [-] 10.0.0.185 "GET / HTTP/1.1" status: 200 len: 247 time: 0.0028210
2026-07-02 06:26:37.839 10 INFO neutron.wsgi [-] 10.0.0.185 "GET / HTTP/1.1" status: 200 len: 247 time: 0.0033243
2026-07-02 06:26:44.237 10 INFO neutron.wsgi [None req-05ec0c62-2882-4af9-ab2c-7367378667d0 5b4e09e9bcaf40b5999b61b45af84c86 7d4e6bf08eb9424884271f3739462231 - - default default] 199.19.213.151 "GET /v2.0/extensions/security-group HTTP/1.1" status: 200 len: 369 time: 0.0075648
2026-07-02 06:26:44.244 10 INFO neutron.wsgi [None req-7f5915d7-31d0-4445-85b0-520d512532e1 5b4e09e9bcaf40b5999b61b45af84c86 7d4e6bf08eb9424884271f3739462231 - - default default] 199.19.213.151 "GET /v2.0/extensions/dns-integration HTTP/1.1" status: 200 len: 371 time: 0.0031321
2026-07-02 06:26:44.252 10 INFO neutron.wsgi [None req-025bfa4b-fbdf-4cb3-939e-b759d6d98015 5b4e09e9bcaf40b5999b61b45af84c86 7d4e6bf08eb9424884271f3739462231 - - default default] 199.19.213.151 "GET /v2.0/extensions/qos HTTP/1.1" status: 200 len: 365 time: 0.0053124
2026-07-02 06:26:44.261 10 INFO neutron.wsgi [None req-9210a30f-01e2-4f84-b58e-1090356a188f 5b4e09e9bcaf40b5999b61b45af84c86 7d4e6bf08eb9424884271f3739462231 - - default default] 199.19.213.151 "GET /v2.0/extensions/allowed-address-pairs HTTP/1.1" status: 200 len: 383 time: 0.0044751
2026-07-02 06:26:44.296 10 INFO neutron.wsgi [None req-ce8f9662-cefa-4254-9bf0-e9b162591cb8 5b4e09e9bcaf40b5999b61b45af84c86 7d4e6bf08eb9424884271f3739462231 - - default default] 199.19.213.151 "GET /v2.0/security-groups?name=lb-25753515-6ca0-4977-80c3-8f5b621e8ed5 HTTP/1.1" status: 200 len: 2939 time: 0.0297618
2026-07-02 06:26:44.318 10 INFO neutron.wsgi [None req-c0e687a9-e111-4a4c-a220-89d66e9e91ca 5b4e09e9bcaf40b5999b61b45af84c86 7d4e6bf08eb9424884271f3739462231 - - default default] 199.19.213.151 "GET /v2.0/security-group-rules?security_group_id=b1957827-9dca-46ee-af56-b933dd37b73f HTTP/1.1" status: 200 len: 2406 time: 0.0183525
2026-07-02 06:26:44.415 10 INFO neutron.wsgi [None req-e18b6781-df40-4ef1-b680-5f1fe22bf3b5 5b4e09e9bcaf40b5999b61b45af84c86 7d4e6bf08eb9424884271f3739462231 - - - -] 199.19.213.151 "DELETE /v2.0/security-group-rules/3e21e198-1970-4e58-b6d4-40b7062f6f1d HTTP/1.1" status: 204 len: 173 time: 0.0932322
2026-07-02 06:26:44.510 10 INFO neutron.wsgi [None req-b7c8cf8b-388c-4369-8334-1acaad563c6a 5b4e09e9bcaf40b5999b61b45af84c86 7d4e6bf08eb9424884271f3739462231 - - - -] 199.19.213.151 "DELETE /v2.0/security-group-rules/ec8ce977-c0ff-4da5-afda-3262a7c4442e HTTP/1.1" status: 204 len: 173 time: 0.0911117
2026-07-02 06:26:49.008 9 INFO neutron.db.l3_db [None req-4a516d06-f7fc-4cd6-98e8-7ecf85b71b2c a44de2ab1d9242d19a7f9e1308c00e45 47da10434456473e8cbba21381724dd6 - - - -] Floating IP e54dcf8c-7ee3-4e2d-80ed-45349c7068eb disassociated (deleted). External IP: 10.96.250.203, port: 1daf0d99-ea23-4907-a782-8aa82e3113d5.
2026-07-02 06:26:49.115 9 INFO neutron.wsgi [None req-4a516d06-f7fc-4cd6-98e8-7ecf85b71b2c a44de2ab1d9242d19a7f9e1308c00e45 47da10434456473e8cbba21381724dd6 - - - -] 10.0.0.79 "DELETE /v2.0/floatingips/e54dcf8c-7ee3-4e2d-80ed-45349c7068eb HTTP/1.1" status: 204 len: 168 time: 0.4785163 /var/lib/openstack/lib/python3.10/site-packages/pycadf/identifier.py:71: UserWarning: Invalid uuid: neutron. To ensure interoperability, identifiers should be a valid uuid. warnings.warn(('Invalid uuid: %s. To ensure interoperability, '
2026-07-02 06:26:49.154 10 INFO neutron.api.v2.resource [None req-49e9403d-0de6-40a0-95cd-9595e2f7136f a44de2ab1d9242d19a7f9e1308c00e45 47da10434456473e8cbba21381724dd6 - - default default] show failed (client error): The resource could not be found.
2026-07-02 06:26:49.155 10 INFO neutron.wsgi [None req-49e9403d-0de6-40a0-95cd-9595e2f7136f a44de2ab1d9242d19a7f9e1308c00e45 47da10434456473e8cbba21381724dd6 - - default default] 10.0.0.79 "GET /v2.0/floatingips/e54dcf8c-7ee3-4e2d-80ed-45349c7068eb HTTP/1.1" status: 404 len: 345 time: 0.0343931
2026-07-02 06:26:49.453 10 INFO neutron.wsgi [None req-244f1e25-9001-48be-9b6c-e412d27293a8 5b4e09e9bcaf40b5999b61b45af84c86 7d4e6bf08eb9424884271f3739462231 - - default default] 199.19.213.151 "GET /v2.0/extensions/security-group HTTP/1.1" status: 200 len: 369 time: 0.0097053
2026-07-02 06:26:49.465 10 INFO neutron.wsgi [None req-45df9706-b053-497e-97cc-bab3509dcbca 5b4e09e9bcaf40b5999b61b45af84c86 7d4e6bf08eb9424884271f3739462231 - - default default] 199.19.213.151 "GET /v2.0/extensions/dns-integration HTTP/1.1" status: 200 len: 371 time: 0.0045519
2026-07-02 06:26:49.473 10 INFO neutron.wsgi [None req-3fe961e0-c3e9-4ff0-a826-7514c83662a6 5b4e09e9bcaf40b5999b61b45af84c86 7d4e6bf08eb9424884271f3739462231 - - default default] 199.19.213.151 "GET /v2.0/extensions/qos HTTP/1.1" status: 200 len: 365 time: 0.0044456
2026-07-02 06:26:49.484 10 INFO neutron.wsgi [None req-8da832a8-db09-4462-988b-c03f73eda580 5b4e09e9bcaf40b5999b61b45af84c86 7d4e6bf08eb9424884271f3739462231 - - default default] 199.19.213.151 "GET /v2.0/extensions/allowed-address-pairs HTTP/1.1" status: 200 len: 383 time: 0.0055926
2026-07-02 06:26:49.533 10 INFO neutron.wsgi [None req-86223b9e-07e2-4704-ab28-f45da5a4f263 5b4e09e9bcaf40b5999b61b45af84c86 7d4e6bf08eb9424884271f3739462231 - - default default] 199.19.213.151 "GET /v2.0/subnets/f3451a67-0889-45af-88d6-f9936cc35a2d HTTP/1.1" status: 200 len: 849 time: 0.0417910
2026-07-02 06:26:49.593 10 INFO neutron.wsgi [None req-6a220fb6-f0b9-4d68-8c76-6e3737e19cc8 5b4e09e9bcaf40b5999b61b45af84c86 7d4e6bf08eb9424884271f3739462231 - - default default] 199.19.213.151 "GET /v2.0/ports?device_id=062cb467-f687-4dbb-b279-57ac0c8ca827 HTTP/1.1" status: 200 len: 2632 time: 0.0513890
2026-07-02 06:26:49.640 10 INFO neutron.wsgi [None req-73b73fef-a9e8-43c4-9bd1-7fe8d09c53a3 5b4e09e9bcaf40b5999b61b45af84c86 7d4e6bf08eb9424884271f3739462231 - - default default] 199.19.213.151 "GET /v2.0/ports?device_id=062cb467-f687-4dbb-b279-57ac0c8ca827 HTTP/1.1" status: 200 len: 2632 time: 0.0399899
2026-07-02 06:26:49.724 10 INFO neutron.wsgi [None req-81575a25-7258-4ce6-b98e-02090db63982 5b4e09e9bcaf40b5999b61b45af84c86 7d4e6bf08eb9424884271f3739462231 - - default default] 199.19.213.151 "GET /v2.0/ports?device_id=062cb467-f687-4dbb-b279-57ac0c8ca827 HTTP/1.1" status: 200 len: 2632 time: 0.0322540
2026-07-02 06:26:49.983 9 INFO neutron.plugins.ml2.drivers.ovn.mech_driver.mech_driver [None req-88340fd5-c39a-472f-8088-4e6bd594532e - - - - - -] OVN reports status down for port: 1daf0d99-ea23-4907-a782-8aa82e3113d5
2026-07-02 06:26:50.038 10 INFO neutron.wsgi [req-d358d886-7de0-4495-875a-ac50e800ba87 req-c0686ab2-0ba3-44fa-9515-102e249aca2f 61185dab1d68427ebbc3201dcb371977 bceb53729f44493ca424a3ca25f841ce - - a5e034bf6ba748e8b33b73356ae16185 a5e034bf6ba748e8b33b73356ae16185] 199.19.213.151 "GET /v2.0/ports/bb7d60ea-be0d-4316-9662-c404a01244eb HTTP/1.1" status: 200 len: 1471 time: 0.0363171
2026-07-02 06:26:50.070 10 INFO neutron.wsgi [req-d358d886-7de0-4495-875a-ac50e800ba87 req-e0238f63-7f6b-470a-a359-89372f88ebc0 5b4e09e9bcaf40b5999b61b45af84c86 7d4e6bf08eb9424884271f3739462231 - - default default] 199.19.213.151 "GET /v2.0/ports/bb7d60ea-be0d-4316-9662-c404a01244eb?fields=binding%3Aprofile&fields=network_id HTTP/1.1" status: 200 len: 281 time: 0.0287042
2026-07-02 06:26:50.087 9 INFO neutron.plugins.ml2.drivers.ovn.mech_driver.mech_driver [None req-88340fd5-c39a-472f-8088-4e6bd594532e - - - - - -] OVN reports status down for port: bb7d60ea-be0d-4316-9662-c404a01244eb
2026-07-02 06:26:50.129 10 INFO neutron.wsgi [req-d358d886-7de0-4495-875a-ac50e800ba87 req-8ce8c139-cdd9-4cca-9667-d6df940e6c32 5b4e09e9bcaf40b5999b61b45af84c86 7d4e6bf08eb9424884271f3739462231 - - default default] 199.19.213.151 "GET /v2.0/networks/1c37447f-5722-477e-bfa2-c90f4fc02b06?fields=dns_domain HTTP/1.1" status: 200 len: 227 time: 0.0536079
2026-07-02 06:26:50.209 9 INFO neutron.notifiers.nova [-] Nova event matching ['req-af5cbf19-4bad-46a0-b357-fd82ecaafecc'] response: {'server_uuid': '062cb467-f687-4dbb-b279-57ac0c8ca827', 'name': 'network-vif-unplugged', 'status': 'completed', 'tag': 'bb7d60ea-be0d-4316-9662-c404a01244eb', 'code': 200}
2026-07-02 06:26:50.336 9 INFO neutron.db.ovn_revision_numbers_db [None req-88340fd5-c39a-472f-8088-4e6bd594532e - - - - - -] Successfully bumped revision number for resource bb7d60ea-be0d-4316-9662-c404a01244eb (type: ports) to 7
2026-07-02 06:26:50.458 10 INFO neutron.db.ovn_revision_numbers_db [None req-cc2ec56b-d5ab-4c30-b216-4f002f995893 61185dab1d68427ebbc3201dcb371977 bceb53729f44493ca424a3ca25f841ce - - - -] Successfully bumped revision number for resource bb7d60ea-be0d-4316-9662-c404a01244eb (type: ports) to 8
2026-07-02 06:26:50.471 10 INFO neutron.wsgi [None req-cc2ec56b-d5ab-4c30-b216-4f002f995893 61185dab1d68427ebbc3201dcb371977 bceb53729f44493ca424a3ca25f841ce - - - -] 199.19.213.151 "PUT /v2.0/ports/bb7d60ea-be0d-4316-9662-c404a01244eb HTTP/1.1" status: 200 len: 1351 time: 0.3353064 /var/lib/openstack/lib/python3.10/site-packages/pycadf/identifier.py:71: UserWarning: Invalid uuid: neutron. To ensure interoperability, identifiers should be a valid uuid. warnings.warn(('Invalid uuid: %s. To ensure interoperability, '
2026-07-02 06:26:50.561 10 INFO neutron.wsgi [req-d358d886-7de0-4495-875a-ac50e800ba87 req-7fc7356a-5afd-4657-bcb5-8d6b1c0a161e 61185dab1d68427ebbc3201dcb371977 bceb53729f44493ca424a3ca25f841ce - - a5e034bf6ba748e8b33b73356ae16185 a5e034bf6ba748e8b33b73356ae16185] 199.19.213.151 "GET /v2.0/ports?tenant_id=7d4e6bf08eb9424884271f3739462231&device_id=062cb467-f687-4dbb-b279-57ac0c8ca827 HTTP/1.1" status: 200 len: 1369 time: 0.0302341
2026-07-02 06:26:50.627 10 INFO neutron.wsgi [req-d358d886-7de0-4495-875a-ac50e800ba87 req-717b1515-4ccf-41f3-9151-ca88e99cffbf 61185dab1d68427ebbc3201dcb371977 bceb53729f44493ca424a3ca25f841ce - - a5e034bf6ba748e8b33b73356ae16185 a5e034bf6ba748e8b33b73356ae16185] 199.19.213.151 "GET /v2.0/networks?id=c37f7af3-312d-4e26-a45a-936b1454b65a&id=1c37447f-5722-477e-bfa2-c90f4fc02b06 HTTP/1.1" status: 200 len: 1729 time: 0.0609651
2026-07-02 06:26:50.658 10 INFO neutron.wsgi [req-d358d886-7de0-4495-875a-ac50e800ba87 req-6d96db4f-ef3e-45ef-8b73-5d0ea72ec9b3 61185dab1d68427ebbc3201dcb371977 bceb53729f44493ca424a3ca25f841ce - - a5e034bf6ba748e8b33b73356ae16185 a5e034bf6ba748e8b33b73356ae16185] 199.19.213.151 "GET /v2.0/floatingips?fixed_ip_address=172.24.1.163&port_id=2f176b3d-d723-4069-9002-6dab4301cabf HTTP/1.1" status: 200 len: 217 time: 0.0257502
2026-07-02 06:26:50.697 10 INFO neutron.wsgi [req-d358d886-7de0-4495-875a-ac50e800ba87 req-2387d652-7c1e-49dc-aeed-361719718bf7 61185dab1d68427ebbc3201dcb371977 bceb53729f44493ca424a3ca25f841ce - - a5e034bf6ba748e8b33b73356ae16185 a5e034bf6ba748e8b33b73356ae16185] 199.19.213.151 "GET /v2.0/subnets?id=9c784733-efba-4f42-a4f1-5f97d762e693 HTTP/1.1" status: 200 len: 829 time: 0.0325222
2026-07-02 06:26:50.724 10 INFO neutron.wsgi [req-d358d886-7de0-4495-875a-ac50e800ba87 req-ca34d57d-e2fb-4b9a-873f-48481f7eeb53 61185dab1d68427ebbc3201dcb371977 bceb53729f44493ca424a3ca25f841ce - - a5e034bf6ba748e8b33b73356ae16185 a5e034bf6ba748e8b33b73356ae16185] 199.19.213.151 "GET /v2.0/ports?network_id=c37f7af3-312d-4e26-a45a-936b1454b65a&device_owner=network%3Adhcp HTTP/1.1" status: 200 len: 210 time: 0.0211027
2026-07-02 06:26:50.779 10 INFO neutron.wsgi [None req-d8da1fe3-6a03-4729-a550-825fc2432d0d 5b4e09e9bcaf40b5999b61b45af84c86 7d4e6bf08eb9424884271f3739462231 - - default default] 199.19.213.151 "GET /v2.0/ports?device_id=062cb467-f687-4dbb-b279-57ac0c8ca827 HTTP/1.1" status: 200 len: 1369 time: 0.0462165
2026-07-02 06:26:50.809 10 INFO neutron.wsgi [req-d358d886-7de0-4495-875a-ac50e800ba87 req-3e27e4af-afc3-4b41-86b1-750abe9ab967 61185dab1d68427ebbc3201dcb371977 bceb53729f44493ca424a3ca25f841ce - - a5e034bf6ba748e8b33b73356ae16185 a5e034bf6ba748e8b33b73356ae16185] 199.19.213.151 "GET /v2.0/networks/c37f7af3-312d-4e26-a45a-936b1454b65a?fields=segments HTTP/1.1" status: 200 len: 212 time: 0.0779781
2026-07-02 06:26:50.884 10 INFO neutron.wsgi [req-d358d886-7de0-4495-875a-ac50e800ba87 req-b64cf9f5-9f52-4767-b3ea-dff72b9ca481 61185dab1d68427ebbc3201dcb371977 bceb53729f44493ca424a3ca25f841ce - - a5e034bf6ba748e8b33b73356ae16185 a5e034bf6ba748e8b33b73356ae16185] 199.19.213.151 "GET /v2.0/networks/c37f7af3-312d-4e26-a45a-936b1454b65a?fields=provider%3Aphysical_network&fields=provider%3Anetwork_type HTTP/1.1" status: 200 len: 277 time: 0.0693064
2026-07-02 06:26:51.249 10 INFO neutron.db.ovn_revision_numbers_db [None req-9e9f0731-a5ac-4eae-9534-5befac2f184e 5b4e09e9bcaf40b5999b61b45af84c86 7d4e6bf08eb9424884271f3739462231 - - - -] Successfully bumped revision number for resource bb7d60ea-be0d-4316-9662-c404a01244eb (type: ports) to 9
2026-07-02 06:26:51.268 10 INFO neutron.wsgi [None req-9e9f0731-a5ac-4eae-9534-5befac2f184e 5b4e09e9bcaf40b5999b61b45af84c86 7d4e6bf08eb9424884271f3739462231 - - - -] 199.19.213.151 "PUT /v2.0/ports/bb7d60ea-be0d-4316-9662-c404a01244eb HTTP/1.1" status: 200 len: 1290 time: 0.4804842 /var/lib/openstack/lib/python3.10/site-packages/pycadf/identifier.py:71: UserWarning: Invalid uuid: neutron. To ensure interoperability, identifiers should be a valid uuid. warnings.warn(('Invalid uuid: %s. To ensure interoperability, '
2026-07-02 06:26:51.303 10 INFO neutron.wsgi [None req-4186279a-9489-4efb-8f5a-bce1e4c4900a 5b4e09e9bcaf40b5999b61b45af84c86 7d4e6bf08eb9424884271f3739462231 - - default default] 199.19.213.151 "GET /v2.0/ports/bb7d60ea-be0d-4316-9662-c404a01244eb HTTP/1.1" status: 200 len: 1290 time: 0.0263379
2026-07-02 06:26:51.582 10 INFO neutron.wsgi [None req-62c13215-41f0-4181-8722-68b3eee15b84 5b4e09e9bcaf40b5999b61b45af84c86 7d4e6bf08eb9424884271f3739462231 - - - -] 199.19.213.151 "DELETE /v2.0/ports/bb7d60ea-be0d-4316-9662-c404a01244eb HTTP/1.1" status: 204 len: 173 time: 0.2708323
2026-07-02 06:26:51.615 10 INFO neutron.wsgi [None req-d88d07d4-a327-47af-b59d-5b08484188ba 5b4e09e9bcaf40b5999b61b45af84c86 7d4e6bf08eb9424884271f3739462231 - - default default] 199.19.213.151 "GET /v2.0/extensions/security-group HTTP/1.1" status: 200 len: 369 time: 0.0050466
2026-07-02 06:26:51.622 10 INFO neutron.wsgi [None req-65796e59-217c-4f51-ad18-5a307eb83042 5b4e09e9bcaf40b5999b61b45af84c86 7d4e6bf08eb9424884271f3739462231 - - default default] 199.19.213.151 "GET /v2.0/extensions/dns-integration HTTP/1.1" status: 200 len: 371 time: 0.0041549
2026-07-02 06:26:51.632 10 INFO neutron.wsgi [None req-52ebeb06-eae4-46a4-9610-7160efa87345 5b4e09e9bcaf40b5999b61b45af84c86 7d4e6bf08eb9424884271f3739462231 - - default default] 199.19.213.151 "GET /v2.0/extensions/qos HTTP/1.1" status: 200 len: 365 time: 0.0041807
2026-07-02 06:26:51.641 10 INFO neutron.wsgi [None req-75e9a39e-3c40-4c18-95af-8e0eb8510af9 5b4e09e9bcaf40b5999b61b45af84c86 7d4e6bf08eb9424884271f3739462231 - - default default] 199.19.213.151 "GET /v2.0/extensions/allowed-address-pairs HTTP/1.1" status: 200 len: 383 time: 0.0044699
2026-07-02 06:26:51.663 10 INFO neutron.pecan_wsgi.hooks.translation [None req-edcaa7b8-24b6-43ce-82f8-36c1b2abddc7 5b4e09e9bcaf40b5999b61b45af84c86 7d4e6bf08eb9424884271f3739462231 - - - -] DELETE failed (client error): The resource could not be found.
2026-07-02 06:26:51.665 10 INFO neutron.wsgi [None req-edcaa7b8-24b6-43ce-82f8-36c1b2abddc7 5b4e09e9bcaf40b5999b61b45af84c86 7d4e6bf08eb9424884271f3739462231 - - - -] 199.19.213.151 "DELETE /v2.0/ports/bb7d60ea-be0d-4316-9662-c404a01244eb HTTP/1.1" status: 404 len: 338 time: 0.0190535
2026-07-02 06:26:51.694 10 INFO neutron.wsgi [None req-3ebd23be-c035-4b1e-b207-e68f43375dfe 5b4e09e9bcaf40b5999b61b45af84c86 7d4e6bf08eb9424884271f3739462231 - - default default] 199.19.213.151 "GET /v2.0/ports/1daf0d99-ea23-4907-a782-8aa82e3113d5 HTTP/1.1" status: 200 len: 1333 time: 0.0231862
2026-07-02 06:26:51.725 10 INFO neutron.wsgi [None req-21cec88a-f3fe-4bbc-ab07-afce5b469d75 5b4e09e9bcaf40b5999b61b45af84c86 7d4e6bf08eb9424884271f3739462231 - - default default] 199.19.213.151 "GET /v2.0/security-groups?name=lb-25753515-6ca0-4977-80c3-8f5b621e8ed5 HTTP/1.1" status: 200 len: 1775 time: 0.0253854
2026-07-02 06:26:51.757 10 INFO neutron.wsgi [None req-2c63566f-8ac1-4e25-92dd-4dd1d32a6f93 5b4e09e9bcaf40b5999b61b45af84c86 7d4e6bf08eb9424884271f3739462231 - - default default] 199.19.213.151 "GET /v2.0/ports/1daf0d99-ea23-4907-a782-8aa82e3113d5 HTTP/1.1" status: 200 len: 1333 time: 0.0264621
2026-07-02 06:26:52.096 10 INFO neutron.db.ovn_revision_numbers_db [None req-daafa62c-351e-4af1-97c2-f871b719d176 5b4e09e9bcaf40b5999b61b45af84c86 7d4e6bf08eb9424884271f3739462231 - - - -] Successfully bumped revision number for resource 1daf0d99-ea23-4907-a782-8aa82e3113d5 (type: ports) to 17
2026-07-02 06:26:52.110 10 INFO neutron.wsgi [None req-daafa62c-351e-4af1-97c2-f871b719d176 5b4e09e9bcaf40b5999b61b45af84c86 7d4e6bf08eb9424884271f3739462231 - - - -] 199.19.213.151 "PUT /v2.0/ports/1daf0d99-ea23-4907-a782-8aa82e3113d5 HTTP/1.1" status: 200 len: 1295 time: 0.3473310
2026-07-02 06:26:52.201 10 INFO neutron.wsgi [None req-da835ea2-3473-49a0-8728-fb921d402788 5b4e09e9bcaf40b5999b61b45af84c86 7d4e6bf08eb9424884271f3739462231 - - - -] 199.19.213.151 "DELETE /v2.0/security-groups/b1957827-9dca-46ee-af56-b933dd37b73f HTTP/1.1" status: 204 len: 173 time: 0.0871887
2026-07-02 06:26:52.245 9 INFO neutron.notifiers.nova [-] Nova event matching ['req-1c5d9560-e26c-4566-91b2-9fcab5b361bb'] response: {'server_uuid': '062cb467-f687-4dbb-b279-57ac0c8ca827', 'name': 'network-vif-plugged', 'status': 'completed', 'tag': 'bb7d60ea-be0d-4316-9662-c404a01244eb', 'code': 200}
2026-07-02 06:26:52.495 10 INFO neutron.wsgi [None req-aedb7a1b-31a2-41a3-bc33-c93047343bc8 5b4e09e9bcaf40b5999b61b45af84c86 7d4e6bf08eb9424884271f3739462231 - - - -] 199.19.213.151 "DELETE /v2.0/ports/1daf0d99-ea23-4907-a782-8aa82e3113d5 HTTP/1.1" status: 204 len: 173 time: 0.2876184
2026-07-02 06:26:52.764 10 INFO neutron.plugins.ml2.drivers.ovn.mech_driver.mech_driver [None req-a8cc8614-9749-4c6b-9893-936db2bc6ecf - - - - - -] OVN reports status down for port: 2f176b3d-d723-4069-9002-6dab4301cabf
2026-07-02 06:26:52.839 9 INFO neutron.wsgi [-] 10.0.0.185 "GET / HTTP/1.1" status: 200 len: 247 time: 0.0027595
2026-07-02 06:26:52.841 9 INFO neutron.wsgi [-] 10.0.0.185 "GET / HTTP/1.1" status: 200 len: 247 time: 0.0012362
2026-07-02 06:26:52.883 10 INFO neutron.notifiers.nova [-] Nova event matching ['req-384e4f6a-565b-4672-95ef-4a3e2cb984fe'] response: {'server_uuid': '062cb467-f687-4dbb-b279-57ac0c8ca827', 'name': 'network-vif-unplugged', 'status': 'completed', 'tag': '2f176b3d-d723-4069-9002-6dab4301cabf', 'code': 200}
2026-07-02 06:26:53.065 10 INFO neutron.wsgi [req-12396366-85ff-4e6d-b410-b88f6d7d07cd req-8704d146-ec9a-4aea-8464-ed1ed8183dcd 5b4e09e9bcaf40b5999b61b45af84c86 7d4e6bf08eb9424884271f3739462231 - - default default] 199.19.213.151 "GET /v2.0/ports?device_id=062cb467-f687-4dbb-b279-57ac0c8ca827 HTTP/1.1" status: 200 len: 1367 time: 0.0439649
2026-07-02 06:26:53.075 10 INFO neutron.db.ovn_revision_numbers_db [None req-a8cc8614-9749-4c6b-9893-936db2bc6ecf - - - - - -] Successfully bumped revision number for resource 2f176b3d-d723-4069-9002-6dab4301cabf (type: ports) to 5
2026-07-02 06:26:53.333 10 INFO neutron.wsgi [None req-0803c245-6d23-4241-8aec-8862015e8585 5b4e09e9bcaf40b5999b61b45af84c86 7d4e6bf08eb9424884271f3739462231 - - - -] 199.19.213.151 "DELETE /v2.0/ports/2f176b3d-d723-4069-9002-6dab4301cabf HTTP/1.1" status: 204 len: 173 time: 0.2632561 /var/lib/openstack/lib/python3.10/site-packages/pycadf/identifier.py:71: UserWarning: Invalid uuid: neutron. To ensure interoperability, identifiers should be a valid uuid. warnings.warn(('Invalid uuid: %s. To ensure interoperability, '
2026-07-02 06:26:54.741 9 INFO neutron.db.l3_db [None req-13461ee4-8d23-4cc9-b951-da23185b55ef a44de2ab1d9242d19a7f9e1308c00e45 47da10434456473e8cbba21381724dd6 - - - -] Floating IP 05b7c4de-a823-4f15-b13c-707d73907a0f disassociated (deleted). External IP: 10.96.250.220, port: 229f5d43-0aef-424b-a458-e4ff5f928172.
2026-07-02 06:26:54.815 9 INFO neutron.wsgi [None req-13461ee4-8d23-4cc9-b951-da23185b55ef a44de2ab1d9242d19a7f9e1308c00e45 47da10434456473e8cbba21381724dd6 - - - -] 10.0.0.79 "DELETE /v2.0/floatingips/05b7c4de-a823-4f15-b13c-707d73907a0f HTTP/1.1" status: 204 len: 168 time: 0.4270833 /var/lib/openstack/lib/python3.10/site-packages/pycadf/identifier.py:71: UserWarning: Invalid uuid: neutron. To ensure interoperability, identifiers should be a valid uuid. warnings.warn(('Invalid uuid: %s. To ensure interoperability, '
2026-07-02 06:26:54.845 10 INFO neutron.api.v2.resource [None req-1e1aa5ca-a382-4dba-852c-065318ae3a37 a44de2ab1d9242d19a7f9e1308c00e45 47da10434456473e8cbba21381724dd6 - - default default] show failed (client error): The resource could not be found.
2026-07-02 06:26:54.846 10 INFO neutron.wsgi [None req-1e1aa5ca-a382-4dba-852c-065318ae3a37 a44de2ab1d9242d19a7f9e1308c00e45 47da10434456473e8cbba21381724dd6 - - default default] 10.0.0.79 "GET /v2.0/floatingips/05b7c4de-a823-4f15-b13c-707d73907a0f HTTP/1.1" status: 404 len: 345 time: 0.0273581
2026-07-02 06:26:54.848 9 INFO neutron.notifiers.nova [-] Nova event matching ['req-dd88063e-b8d6-4ea9-86a8-19f98c4c1d0e'] response: {'name': 'network-changed', 'server_uuid': '3e169b85-a7d0-4738-a066-19b97b77c6ae', 'tag': '229f5d43-0aef-424b-a458-e4ff5f928172', 'status': 'completed', 'code': 200}
2026-07-02 06:26:54.908 10 INFO neutron.wsgi [req-06368c98-5e0f-47b0-a3d1-84adf1a6ad19 req-c5012bf5-a511-4fa4-ab97-687045ec6558 61185dab1d68427ebbc3201dcb371977 bceb53729f44493ca424a3ca25f841ce - - a5e034bf6ba748e8b33b73356ae16185 a5e034bf6ba748e8b33b73356ae16185] 199.19.213.151 "GET /v2.0/ports?tenant_id=47da10434456473e8cbba21381724dd6&device_id=3e169b85-a7d0-4738-a066-19b97b77c6ae HTTP/1.1" status: 200 len: 1586 time: 0.0382185
2026-07-02 06:26:54.934 10 INFO neutron.notifiers.nova [-] Nova event matching ['req-00d0baee-06b0-416e-af92-c925a0635a99'] response: {'server_uuid': '062cb467-f687-4dbb-b279-57ac0c8ca827', 'name': 'network-vif-plugged', 'status': 'completed', 'tag': '2f176b3d-d723-4069-9002-6dab4301cabf', 'code': 200}
2026-07-02 06:26:54.934 10 INFO neutron.notifiers.nova [-] Nova event matching ['req-00d0baee-06b0-416e-af92-c925a0635a99'] response: {'server_uuid': '062cb467-f687-4dbb-b279-57ac0c8ca827', 'name': 'network-vif-deleted', 'tag': '2f176b3d-d723-4069-9002-6dab4301cabf', 'status': 'completed', 'code': 200}
2026-07-02 06:26:54.980 10 INFO neutron.wsgi [req-06368c98-5e0f-47b0-a3d1-84adf1a6ad19 req-4e5715af-d9d7-4aac-9cc2-a9e9ffd04a77 61185dab1d68427ebbc3201dcb371977 bceb53729f44493ca424a3ca25f841ce - - a5e034bf6ba748e8b33b73356ae16185 a5e034bf6ba748e8b33b73356ae16185] 199.19.213.151 "GET /v2.0/networks?id=acdf511f-91c6-40e5-83d7-3af648a15a17 HTTP/1.1" status: 200 len: 1003 time: 0.0662127
2026-07-02 06:26:55.016 10 INFO neutron.wsgi [req-06368c98-5e0f-47b0-a3d1-84adf1a6ad19 req-6e17f30a-3144-4858-ac4c-88948bca57a2 61185dab1d68427ebbc3201dcb371977 bceb53729f44493ca424a3ca25f841ce - - a5e034bf6ba748e8b33b73356ae16185 a5e034bf6ba748e8b33b73356ae16185] 199.19.213.151 "GET /v2.0/floatingips?fixed_ip_address=10.2.2.139&port_id=229f5d43-0aef-424b-a458-e4ff5f928172 HTTP/1.1" status: 200 len: 217 time: 0.0295959 /var/lib/openstack/lib/python3.10/site-packages/pycadf/identifier.py:71: UserWarning: Invalid uuid: neutron. To ensure interoperability, identifiers should be a valid uuid. warnings.warn(('Invalid uuid: %s. To ensure interoperability, '
2026-07-02 06:26:55.131 9 INFO neutron.wsgi [req-c2f58c91-3b9c-4a7b-8cb8-5df88f0e2900 req-6f1c78cb-574d-46cc-9705-c65a09c70578 a44de2ab1d9242d19a7f9e1308c00e45 47da10434456473e8cbba21381724dd6 - - default default] 10.0.0.71 "GET /v2.0/ports?device_id=3e169b85-a7d0-4738-a066-19b97b77c6ae HTTP/1.1" status: 200 len: 1396 time: 0.1103294
2026-07-02 06:26:55.185 9 INFO neutron.wsgi [req-c2f58c91-3b9c-4a7b-8cb8-5df88f0e2900 req-ee2e0819-ae4c-4e99-a9d0-66eb6df76f50 a44de2ab1d9242d19a7f9e1308c00e45 47da10434456473e8cbba21381724dd6 - - default default] 10.0.0.71 "GET /v2.0/security-groups?id=8ce5a28b-76d9-4677-b0a4-a14367ac4561&fields=id&fields=name HTTP/1.1" status: 200 len: 309 time: 0.0467899
2026-07-02 06:26:55.269 10 INFO neutron.plugins.ml2.drivers.ovn.mech_driver.mech_driver [None req-a8cc8614-9749-4c6b-9893-936db2bc6ecf - - - - - -] OVN reports status down for port: 229f5d43-0aef-424b-a458-e4ff5f928172
2026-07-02 06:26:55.271 10 INFO neutron.wsgi [req-06368c98-5e0f-47b0-a3d1-84adf1a6ad19 req-58b98c49-d706-4b68-bb49-b13bb3ac2234 61185dab1d68427ebbc3201dcb371977 bceb53729f44493ca424a3ca25f841ce - - a5e034bf6ba748e8b33b73356ae16185 a5e034bf6ba748e8b33b73356ae16185] 199.19.213.151 "GET /v2.0/floatingips?fixed_ip_address=fd77%3A1457%3A4cf0%3A26a8%3A%3Ac&port_id=229f5d43-0aef-424b-a458-e4ff5f928172 HTTP/1.1" status: 200 len: 217 time: 0.2459962
2026-07-02 06:26:55.324 10 INFO neutron.wsgi [req-06368c98-5e0f-47b0-a3d1-84adf1a6ad19 req-41889615-6c7f-484c-86e4-75bd4915e283 61185dab1d68427ebbc3201dcb371977 bceb53729f44493ca424a3ca25f841ce - - a5e034bf6ba748e8b33b73356ae16185 a5e034bf6ba748e8b33b73356ae16185] 199.19.213.151 "GET /v2.0/subnets?id=f1d9b581-345e-4fff-9d95-83a2c390486e&id=cb83948f-7f10-4796-bdd0-295c38fba44d HTTP/1.1" status: 200 len: 1566 time: 0.0419805
2026-07-02 06:26:55.369 10 INFO neutron.wsgi [req-06368c98-5e0f-47b0-a3d1-84adf1a6ad19 req-ceabaf84-1473-47e9-9de9-2c9052fae9d0 61185dab1d68427ebbc3201dcb371977 bceb53729f44493ca424a3ca25f841ce - - a5e034bf6ba748e8b33b73356ae16185 a5e034bf6ba748e8b33b73356ae16185] 199.19.213.151 "GET /v2.0/ports?network_id=acdf511f-91c6-40e5-83d7-3af648a15a17&device_owner=network%3Adhcp HTTP/1.1" status: 200 len: 210 time: 0.0385392
2026-07-02 06:26:55.402 10 INFO neutron.wsgi [req-06368c98-5e0f-47b0-a3d1-84adf1a6ad19 req-d4636189-7240-4d60-9eb9-d1dd6a971a16 61185dab1d68427ebbc3201dcb371977 bceb53729f44493ca424a3ca25f841ce - - a5e034bf6ba748e8b33b73356ae16185 a5e034bf6ba748e8b33b73356ae16185] 199.19.213.151 "GET /v2.0/ports?network_id=acdf511f-91c6-40e5-83d7-3af648a15a17&device_owner=network%3Adhcp HTTP/1.1" status: 200 len: 210 time: 0.0253367
2026-07-02 06:26:55.517 10 INFO neutron.wsgi [req-203dd548-690f-437c-b024-c2ac3a3c9ab0 req-56975073-6dbc-400c-b45c-0fa1f6383a13 a44de2ab1d9242d19a7f9e1308c00e45 47da10434456473e8cbba21381724dd6 - - default default] 199.19.213.151 "GET /v2.0/ports?device_id=3e169b85-a7d0-4738-a066-19b97b77c6ae HTTP/1.1" status: 200 len: 1396 time: 0.1674483
2026-07-02 06:26:55.533 10 INFO neutron.wsgi [req-06368c98-5e0f-47b0-a3d1-84adf1a6ad19 req-eb965f09-4260-464a-a812-b354aeb63736 61185dab1d68427ebbc3201dcb371977 bceb53729f44493ca424a3ca25f841ce - - a5e034bf6ba748e8b33b73356ae16185 a5e034bf6ba748e8b33b73356ae16185] 199.19.213.151 "GET /v2.0/networks/acdf511f-91c6-40e5-83d7-3af648a15a17?fields=segments HTTP/1.1" status: 200 len: 212 time: 0.1211162
2026-07-02 06:26:55.633 10 INFO neutron.wsgi [req-06368c98-5e0f-47b0-a3d1-84adf1a6ad19 req-77bfaf8c-dd7b-418d-95a1-9dbb9855f0d7 61185dab1d68427ebbc3201dcb371977 bceb53729f44493ca424a3ca25f841ce - - a5e034bf6ba748e8b33b73356ae16185 a5e034bf6ba748e8b33b73356ae16185] 199.19.213.151 "GET /v2.0/networks/acdf511f-91c6-40e5-83d7-3af648a15a17?fields=provider%3Aphysical_network&fields=provider%3Anetwork_type HTTP/1.1" status: 200 len: 277 time: 0.0875750
2026-07-02 06:26:55.738 10 INFO neutron.db.ovn_revision_numbers_db [None req-a8cc8614-9749-4c6b-9893-936db2bc6ecf - - - - - -] Successfully bumped revision number for resource 229f5d43-0aef-424b-a458-e4ff5f928172 (type: ports) to 5
2026-07-02 06:26:55.918 10 INFO neutron.wsgi [None req-8d457464-7ee8-475b-8d10-6b7e85bcf17d a44de2ab1d9242d19a7f9e1308c00e45 47da10434456473e8cbba21381724dd6 - - - -] 199.19.213.151 "DELETE /v2.0/ports/229f5d43-0aef-424b-a458-e4ff5f928172 HTTP/1.1" status: 204 len: 173 time: 0.3942344
2026-07-02 06:26:56.984 10 INFO neutron.notifiers.nova [-] Nova event matching ['req-9ec90bee-d407-4661-8122-cc69748f1c95'] response: {'server_uuid': '3e169b85-a7d0-4738-a066-19b97b77c6ae', 'name': 'network-vif-unplugged', 'status': 'completed', 'tag': '229f5d43-0aef-424b-a458-e4ff5f928172', 'code': 200}
2026-07-02 06:26:56.984 10 INFO neutron.notifiers.nova [-] Nova event matching ['req-9ec90bee-d407-4661-8122-cc69748f1c95'] response: {'server_uuid': '3e169b85-a7d0-4738-a066-19b97b77c6ae', 'name': 'network-vif-plugged', 'status': 'completed', 'tag': '229f5d43-0aef-424b-a458-e4ff5f928172', 'code': 200}
2026-07-02 06:26:56.984 10 INFO neutron.notifiers.nova [-] Nova event matching ['req-9ec90bee-d407-4661-8122-cc69748f1c95'] response: {'server_uuid': '3e169b85-a7d0-4738-a066-19b97b77c6ae', 'name': 'network-vif-deleted', 'tag': '229f5d43-0aef-424b-a458-e4ff5f928172', 'status': 'completed', 'code': 200}
2026-07-02 06:27:00.601 9 INFO neutron.db.l3_db [None req-6e970ae8-f22b-4b0b-bee9-893c83208771 a44de2ab1d9242d19a7f9e1308c00e45 47da10434456473e8cbba21381724dd6 - - - -] Floating IP 25c00f83-146b-47be-bc2c-1adb121aff30 disassociated (deleted). External IP: 10.96.250.205, port: 429a760d-0a58-43d7-85f7-303d2e362c08.
2026-07-02 06:27:00.639 9 INFO neutron.wsgi [None req-6e970ae8-f22b-4b0b-bee9-893c83208771 a44de2ab1d9242d19a7f9e1308c00e45 47da10434456473e8cbba21381724dd6 - - - -] 10.0.0.79 "DELETE /v2.0/floatingips/25c00f83-146b-47be-bc2c-1adb121aff30 HTTP/1.1" status: 204 len: 168 time: 0.3955758 /var/lib/openstack/lib/python3.10/site-packages/pycadf/identifier.py:71: UserWarning: Invalid uuid: neutron. To ensure interoperability, identifiers should be a valid uuid. warnings.warn(('Invalid uuid: %s. To ensure interoperability, '
2026-07-02 06:27:00.675 10 INFO neutron.api.v2.resource [None req-4e0f5899-4ee9-4d0c-95dc-7be341923e17 a44de2ab1d9242d19a7f9e1308c00e45 47da10434456473e8cbba21381724dd6 - - default default] show failed (client error): The resource could not be found.
2026-07-02 06:27:00.676 9 INFO neutron.notifiers.nova [-] Nova event matching ['req-289d26f4-ec15-41e7-bc96-fb9db43626fe'] response: {'name': 'network-changed', 'server_uuid': '4f0f1111-c874-4cb7-b559-6cedc96bfd2d', 'tag': '429a760d-0a58-43d7-85f7-303d2e362c08', 'status': 'completed', 'code': 200}
2026-07-02 06:27:00.677 10 INFO neutron.wsgi [None req-4e0f5899-4ee9-4d0c-95dc-7be341923e17 a44de2ab1d9242d19a7f9e1308c00e45 47da10434456473e8cbba21381724dd6 - - default default] 10.0.0.79 "GET /v2.0/floatingips/25c00f83-146b-47be-bc2c-1adb121aff30 HTTP/1.1" status: 404 len: 345 time: 0.0318379
2026-07-02 06:27:00.741 10 INFO neutron.wsgi [req-78938091-db67-40ec-a61d-d883f71ac513 req-007113c4-f292-4092-80f9-d46591bafc86 61185dab1d68427ebbc3201dcb371977 bceb53729f44493ca424a3ca25f841ce - - a5e034bf6ba748e8b33b73356ae16185 a5e034bf6ba748e8b33b73356ae16185] 199.19.213.151 "GET /v2.0/ports?tenant_id=47da10434456473e8cbba21381724dd6&device_id=4f0f1111-c874-4cb7-b559-6cedc96bfd2d HTTP/1.1" status: 200 len: 1586 time: 0.0444810
2026-07-02 06:27:00.803 10 INFO neutron.wsgi [req-78938091-db67-40ec-a61d-d883f71ac513 req-8d594cf2-6e78-43f5-9785-266bb74c51df 61185dab1d68427ebbc3201dcb371977 bceb53729f44493ca424a3ca25f841ce - - a5e034bf6ba748e8b33b73356ae16185 a5e034bf6ba748e8b33b73356ae16185] 199.19.213.151 "GET /v2.0/networks?id=5155fab2-6943-4e39-9dae-15a7bc567b00 HTTP/1.1" status: 200 len: 1003 time: 0.0557461
2026-07-02 06:27:00.836 10 INFO neutron.wsgi [req-78938091-db67-40ec-a61d-d883f71ac513 req-e0f44dd4-6e33-4fa4-832d-ea53c6e08198 61185dab1d68427ebbc3201dcb371977 bceb53729f44493ca424a3ca25f841ce - - a5e034bf6ba748e8b33b73356ae16185 a5e034bf6ba748e8b33b73356ae16185] 199.19.213.151 "GET /v2.0/floatingips?fixed_ip_address=10.2.1.91&port_id=429a760d-0a58-43d7-85f7-303d2e362c08 HTTP/1.1" status: 200 len: 217 time: 0.0257578
2026-07-02 06:27:00.872 10 INFO neutron.wsgi [req-78938091-db67-40ec-a61d-d883f71ac513 req-9d7def5d-8093-4a86-be0f-c16f2ae37f22 61185dab1d68427ebbc3201dcb371977 bceb53729f44493ca424a3ca25f841ce - - a5e034bf6ba748e8b33b73356ae16185 a5e034bf6ba748e8b33b73356ae16185] 199.19.213.151 "GET /v2.0/floatingips?fixed_ip_address=fd7b%3Af9f7%3Afff%3A4eca%3A%3A22a&port_id=429a760d-0a58-43d7-85f7-303d2e362c08 HTTP/1.1" status: 200 len: 217 time: 0.0304034
2026-07-02 06:27:00.888 9 INFO neutron.plugins.ml2.drivers.ovn.mech_driver.mech_driver [None req-88340fd5-c39a-472f-8088-4e6bd594532e - - - - - -] OVN reports status down for port: 429a760d-0a58-43d7-85f7-303d2e362c08
2026-07-02 06:27:00.912 10 INFO neutron.wsgi [req-78938091-db67-40ec-a61d-d883f71ac513 req-40ce72c8-f9f4-425c-b007-a2b6119d4b45 61185dab1d68427ebbc3201dcb371977 bceb53729f44493ca424a3ca25f841ce - - a5e034bf6ba748e8b33b73356ae16185 a5e034bf6ba748e8b33b73356ae16185] 199.19.213.151 "GET /v2.0/subnets?id=d6cd0833-dd9e-4344-aea5-f39ff98ca1dc&id=dce3d3f8-ba0b-4602-8cf0-e44dfb2634fd HTTP/1.1" status: 200 len: 1562 time: 0.0324712
2026-07-02 06:27:00.921 9 INFO neutron.wsgi [req-449fbce3-0597-4d63-b932-66c8d3431553 req-00c92d1a-b798-43f6-8fdc-64bdcc0e9dc7 a44de2ab1d9242d19a7f9e1308c00e45 47da10434456473e8cbba21381724dd6 - - default default] 10.0.0.71 "GET /v2.0/ports?device_id=4f0f1111-c874-4cb7-b559-6cedc96bfd2d HTTP/1.1" status: 200 len: 1396 time: 0.1093547
