2026-07-02 06:24:58.841 9 INFO neutron.wsgi [req-8df8eb6c-ecc0-45ba-8658-e7863be5724b req-7263ee90-abea-4dcb-a8fb-d91ac66c88f6 5b4e09e9bcaf40b5999b61b45af84c86 7d4e6bf08eb9424884271f3739462231 - - default default] 10.0.0.71 "GET /v2.0/quotas/7d4e6bf08eb9424884271f3739462231 HTTP/1.1" status: 200 len: 385 time: 0.0106950
2026-07-02 06:24:58.917 9 INFO neutron.wsgi [req-8df8eb6c-ecc0-45ba-8658-e7863be5724b req-5e175dbe-eeea-49be-88e5-3c39c50f3892 5b4e09e9bcaf40b5999b61b45af84c86 7d4e6bf08eb9424884271f3739462231 - - default default] 10.0.0.71 "GET /v2.0/ports?tenant_id=7d4e6bf08eb9424884271f3739462231&fields=id HTTP/1.1" status: 200 len: 348 time: 0.0657728
2026-07-02 06:24:59.010 9 INFO neutron.wsgi [req-8df8eb6c-ecc0-45ba-8658-e7863be5724b req-a5a39b88-1282-4e76-9850-e5c8e5602b0f 61185dab1d68427ebbc3201dcb371977 bceb53729f44493ca424a3ca25f841ce - - a5e034bf6ba748e8b33b73356ae16185 a5e034bf6ba748e8b33b73356ae16185] 10.0.0.71 "GET /v2.0/networks/c37f7af3-312d-4e26-a45a-936b1454b65a?fields=segments HTTP/1.1" status: 200 len: 212 time: 0.0758779
2026-07-02 06:24:59.084 9 INFO neutron.wsgi [req-8df8eb6c-ecc0-45ba-8658-e7863be5724b req-8858e975-b8c5-41a8-bee3-31e3aeaeea75 61185dab1d68427ebbc3201dcb371977 bceb53729f44493ca424a3ca25f841ce - - a5e034bf6ba748e8b33b73356ae16185 a5e034bf6ba748e8b33b73356ae16185] 10.0.0.71 "GET /v2.0/networks/c37f7af3-312d-4e26-a45a-936b1454b65a?fields=provider%3Aphysical_network&fields=provider%3Anetwork_type HTTP/1.1" status: 200 len: 277 time: 0.0619738
2026-07-02 06:24:59.409 9 INFO neutron.wsgi [req-8bdad6f0-1c32-4ed8-a53c-0acee55cf3e5 req-ed9c5893-7c7a-4f36-abed-67948e97d3f3 5b4e09e9bcaf40b5999b61b45af84c86 7d4e6bf08eb9424884271f3739462231 - - default default] 10.0.0.71 "GET /v2.0/ports?device_id=062cb467-f687-4dbb-b279-57ac0c8ca827 HTTP/1.1" status: 200 len: 210 time: 0.0283635
2026-07-02 06:24:59.487 9 INFO neutron.wsgi [req-216816bf-ac78-4d1c-840f-bb8879a6eb7e req-0ff31752-f271-44e7-8ed8-3bd9018cfe9e 5b4e09e9bcaf40b5999b61b45af84c86 7d4e6bf08eb9424884271f3739462231 - - default default] 10.0.0.71 "GET /v2.0/ports?device_id=062cb467-f687-4dbb-b279-57ac0c8ca827 HTTP/1.1" status: 200 len: 210 time: 0.0282357
2026-07-02 06:24:59.843 9 INFO neutron.db.ovn_revision_numbers_db [None req-73f67148-c923-4dc7-9a6a-05f262b38c18 b8f20591d6034475a1afb11e1d031f7e 7e3fc30c1a514e7fb65d870e2be0d004 - - - -] Successfully bumped revision number for resource add1e42d-8269-4707-be8e-6eb5b02091ce (type: security_groups) to 1
2026-07-02 06:24:59.897 9 INFO neutron.db.segments_db [None req-73f67148-c923-4dc7-9a6a-05f262b38c18 b8f20591d6034475a1afb11e1d031f7e 7e3fc30c1a514e7fb65d870e2be0d004 - - - -] Added segment 077f44ef-97a8-4b6a-ae99-f66d0fffb879 of type geneve for network dbe68680-4612-4a8e-9efd-50ea01930e65
2026-07-02 06:25:00.059 9 INFO neutron.db.ovn_revision_numbers_db [None req-73f67148-c923-4dc7-9a6a-05f262b38c18 b8f20591d6034475a1afb11e1d031f7e 7e3fc30c1a514e7fb65d870e2be0d004 - - - -] Successfully bumped revision number for resource dbe68680-4612-4a8e-9efd-50ea01930e65 (type: networks) to 1
2026-07-02 06:25:00.131 10 INFO neutron.wsgi [req-8df8eb6c-ecc0-45ba-8658-e7863be5724b req-a59b5634-51eb-4b80-8444-79efa615ee17 5b4e09e9bcaf40b5999b61b45af84c86 7d4e6bf08eb9424884271f3739462231 - - default default] 199.19.213.151 "GET /v2.0/networks?id=c37f7af3-312d-4e26-a45a-936b1454b65a HTTP/1.1" status: 200 len: 937 time: 0.0583959
2026-07-02 06:25:00.211 10 INFO neutron.wsgi [req-8df8eb6c-ecc0-45ba-8658-e7863be5724b req-97510099-00b3-40c4-975d-6a4bf586fd89 5b4e09e9bcaf40b5999b61b45af84c86 7d4e6bf08eb9424884271f3739462231 - - default default] 199.19.213.151 "GET /v2.0/security-groups?fields=id&fields=name&tenant_id=7d4e6bf08eb9424884271f3739462231 HTTP/1.1" status: 200 len: 542 time: 0.0665252
2026-07-02 06:25:00.277 9 WARNING neutron.scheduler.dhcp_agent_scheduler [None req-73f67148-c923-4dc7-9a6a-05f262b38c18 b8f20591d6034475a1afb11e1d031f7e 7e3fc30c1a514e7fb65d870e2be0d004 - - - -] No more DHCP agents
2026-07-02 06:25:00.280 9 WARNING neutron.api.rpc.agentnotifiers.dhcp_rpc_agent_api [None req-73f67148-c923-4dc7-9a6a-05f262b38c18 b8f20591d6034475a1afb11e1d031f7e 7e3fc30c1a514e7fb65d870e2be0d004 - - - -] Unable to schedule network dbe68680-4612-4a8e-9efd-50ea01930e65: no agents available; will retry on subsequent port and subnet creation events.
2026-07-02 06:25:00.352 9 INFO neutron.db.ovn_revision_numbers_db [None req-73f67148-c923-4dc7-9a6a-05f262b38c18 b8f20591d6034475a1afb11e1d031f7e 7e3fc30c1a514e7fb65d870e2be0d004 - - - -] Successfully bumped revision number for resource 5a6056f0-bd25-4d1b-92e9-87a8a188cd2e (type: ports) to 1
2026-07-02 06:25:00.375 9 INFO neutron.wsgi [None req-73f67148-c923-4dc7-9a6a-05f262b38c18 b8f20591d6034475a1afb11e1d031f7e 7e3fc30c1a514e7fb65d870e2be0d004 - - - -] 10.0.0.79 "POST /v2.0/networks HTTP/1.1" status: 201 len: 830 time: 0.8088889
2026-07-02 06:25:00.399 9 INFO neutron.db.ovn_revision_numbers_db [None req-8ecbcd91-8ae2-4119-86d3-f822a4a116e6 7876928da634413888c3b918e98b3eba e3f7b66a43da463b8275a846fad3a60c - - - -] Successfully bumped revision number for resource 60e858dd-6ce9-401f-93ff-bf71b18759fd (type: security_groups) to 1
2026-07-02 06:25:00.464 9 INFO neutron.db.segments_db [None req-8ecbcd91-8ae2-4119-86d3-f822a4a116e6 7876928da634413888c3b918e98b3eba e3f7b66a43da463b8275a846fad3a60c - - - -] Added segment 5c07d33a-51fa-422f-b6bc-f9f14ac8e682 of type geneve for network ce26a9cf-90e7-410a-9238-5f222b0dc694
2026-07-02 06:25:00.494 10 WARNING neutron.scheduler.dhcp_agent_scheduler [None req-83ee972e-344c-41d7-a5f3-a412d63e7b21 5b4e09e9bcaf40b5999b61b45af84c86 7d4e6bf08eb9424884271f3739462231 - - - -] No more DHCP agents
2026-07-02 06:25:00.495 10 WARNING neutron.api.rpc.agentnotifiers.dhcp_rpc_agent_api [None req-83ee972e-344c-41d7-a5f3-a412d63e7b21 5b4e09e9bcaf40b5999b61b45af84c86 7d4e6bf08eb9424884271f3739462231 - - - -] Unable to schedule network c37f7af3-312d-4e26-a45a-936b1454b65a: no agents available; will retry on subsequent port and subnet creation events.
2026-07-02 06:25:00.645 10 INFO neutron.db.ovn_revision_numbers_db [None req-83ee972e-344c-41d7-a5f3-a412d63e7b21 5b4e09e9bcaf40b5999b61b45af84c86 7d4e6bf08eb9424884271f3739462231 - - - -] Successfully bumped revision number for resource 2f176b3d-d723-4069-9002-6dab4301cabf (type: ports) to 1
2026-07-02 06:25:00.667 10 INFO neutron.wsgi [None req-83ee972e-344c-41d7-a5f3-a412d63e7b21 5b4e09e9bcaf40b5999b61b45af84c86 7d4e6bf08eb9424884271f3739462231 - - - -] 199.19.213.151 "POST /v2.0/ports HTTP/1.1" status: 201 len: 1287 time: 0.4511454
2026-07-02 06:25:00.676 9 INFO neutron.db.ovn_revision_numbers_db [None req-8ecbcd91-8ae2-4119-86d3-f822a4a116e6 7876928da634413888c3b918e98b3eba e3f7b66a43da463b8275a846fad3a60c - - - -] Successfully bumped revision number for resource ce26a9cf-90e7-410a-9238-5f222b0dc694 (type: networks) to 1 /var/lib/openstack/lib/python3.10/site-packages/pycadf/identifier.py:71: UserWarning: Invalid uuid: neutron. To ensure interoperability, identifiers should be a valid uuid. warnings.warn(('Invalid uuid: %s. To ensure interoperability, '
2026-07-02 06:25:00.718 9 WARNING neutron.scheduler.dhcp_agent_scheduler [None req-70b4e3a6-a82a-4e67-ad27-fccf054c1cc1 b8f20591d6034475a1afb11e1d031f7e 7e3fc30c1a514e7fb65d870e2be0d004 - - - -] No more DHCP agents
2026-07-02 06:25:00.725 9 WARNING neutron.api.rpc.agentnotifiers.dhcp_rpc_agent_api [None req-70b4e3a6-a82a-4e67-ad27-fccf054c1cc1 b8f20591d6034475a1afb11e1d031f7e 7e3fc30c1a514e7fb65d870e2be0d004 - - - -] Unable to schedule network dbe68680-4612-4a8e-9efd-50ea01930e65: no agents available; will retry on subsequent port and subnet creation events.
2026-07-02 06:25:00.813 9 INFO neutron.db.ovn_revision_numbers_db [None req-70b4e3a6-a82a-4e67-ad27-fccf054c1cc1 b8f20591d6034475a1afb11e1d031f7e 7e3fc30c1a514e7fb65d870e2be0d004 - - - -] Successfully bumped revision number for resource aa051184-9fed-4817-b4f8-651fe4b8382b (type: ports) to 1
2026-07-02 06:25:00.845 9 INFO neutron.wsgi [None req-70b4e3a6-a82a-4e67-ad27-fccf054c1cc1 b8f20591d6034475a1afb11e1d031f7e 7e3fc30c1a514e7fb65d870e2be0d004 - - - -] 10.0.0.79 "POST /v2.0/ports HTTP/1.1" status: 201 len: 942 time: 0.4643927
2026-07-02 06:25:00.913 9 WARNING neutron.scheduler.dhcp_agent_scheduler [None req-8ecbcd91-8ae2-4119-86d3-f822a4a116e6 7876928da634413888c3b918e98b3eba e3f7b66a43da463b8275a846fad3a60c - - - -] No more DHCP agents
2026-07-02 06:25:00.915 9 WARNING neutron.api.rpc.agentnotifiers.dhcp_rpc_agent_api [None req-8ecbcd91-8ae2-4119-86d3-f822a4a116e6 7876928da634413888c3b918e98b3eba e3f7b66a43da463b8275a846fad3a60c - - - -] Unable to schedule network ce26a9cf-90e7-410a-9238-5f222b0dc694: no agents available; will retry on subsequent port and subnet creation events.
2026-07-02 06:25:00.981 9 INFO neutron.db.ovn_revision_numbers_db [None req-8ecbcd91-8ae2-4119-86d3-f822a4a116e6 7876928da634413888c3b918e98b3eba e3f7b66a43da463b8275a846fad3a60c - - - -] Successfully bumped revision number for resource 98515eec-86a7-4f61-98ce-2133a4fb8ddd (type: ports) to 1
2026-07-02 06:25:01.002 9 INFO neutron.wsgi [None req-8ecbcd91-8ae2-4119-86d3-f822a4a116e6 7876928da634413888c3b918e98b3eba e3f7b66a43da463b8275a846fad3a60c - - - -] 10.0.0.79 "POST /v2.0/networks HTTP/1.1" status: 201 len: 831 time: 0.8048458 /var/lib/openstack/lib/python3.10/site-packages/pycadf/identifier.py:71: UserWarning: Invalid uuid: neutron. To ensure interoperability, identifiers should be a valid uuid. warnings.warn(('Invalid uuid: %s. To ensure interoperability, '
2026-07-02 06:25:01.098 9 INFO neutron.db.segments_db [None req-f4aacd45-3115-4f64-886a-016c99d7e121 7876928da634413888c3b918e98b3eba e3f7b66a43da463b8275a846fad3a60c - - - -] Added segment e9bc7489-3085-426d-9608-2a8b5bb3eb99 of type geneve for network 02af179f-b37d-4c46-9e44-0946c06b1f2c
2026-07-02 06:25:01.215 9 INFO neutron.db.ovn_revision_numbers_db [None req-f4aacd45-3115-4f64-886a-016c99d7e121 7876928da634413888c3b918e98b3eba e3f7b66a43da463b8275a846fad3a60c - - - -] Successfully bumped revision number for resource 02af179f-b37d-4c46-9e44-0946c06b1f2c (type: networks) to 1
2026-07-02 06:25:01.410 9 WARNING neutron.scheduler.dhcp_agent_scheduler [None req-f4aacd45-3115-4f64-886a-016c99d7e121 7876928da634413888c3b918e98b3eba e3f7b66a43da463b8275a846fad3a60c - - - -] No more DHCP agents
2026-07-02 06:25:01.412 9 WARNING neutron.api.rpc.agentnotifiers.dhcp_rpc_agent_api [None req-f4aacd45-3115-4f64-886a-016c99d7e121 7876928da634413888c3b918e98b3eba e3f7b66a43da463b8275a846fad3a60c - - - -] Unable to schedule network 02af179f-b37d-4c46-9e44-0946c06b1f2c: no agents available; will retry on subsequent port and subnet creation events.
2026-07-02 06:25:01.418 10 INFO neutron.db.ovn_revision_numbers_db [None req-d4fc7910-5fc2-46dc-885c-8b7d90d28424 61185dab1d68427ebbc3201dcb371977 bceb53729f44493ca424a3ca25f841ce - - - -] Successfully bumped revision number for resource 2f176b3d-d723-4069-9002-6dab4301cabf (type: ports) to 2
2026-07-02 06:25:01.466 10 INFO neutron.wsgi [None req-5e0bd316-4134-45cd-ad15-cd9005ededa0 b8f20591d6034475a1afb11e1d031f7e 7e3fc30c1a514e7fb65d870e2be0d004 - - - -] 10.0.0.79 "POST /v2.0/trunks HTTP/1.1" status: 201 len: 608 time: 0.6060302 /var/lib/openstack/lib/python3.10/site-packages/pycadf/identifier.py:71: UserWarning: Invalid uuid: neutron. To ensure interoperability, identifiers should be a valid uuid. warnings.warn(('Invalid uuid: %s. To ensure interoperability, '
2026-07-02 06:25:01.484 9 INFO neutron.db.ovn_revision_numbers_db [None req-f4aacd45-3115-4f64-886a-016c99d7e121 7876928da634413888c3b918e98b3eba e3f7b66a43da463b8275a846fad3a60c - - - -] Successfully bumped revision number for resource 3949df7d-42b1-4ad8-9948-b1b2461e33e2 (type: ports) to 1
2026-07-02 06:25:01.506 9 INFO neutron.wsgi [None req-f4aacd45-3115-4f64-886a-016c99d7e121 7876928da634413888c3b918e98b3eba e3f7b66a43da463b8275a846fad3a60c - - - -] 10.0.0.79 "POST /v2.0/networks HTTP/1.1" status: 201 len: 831 time: 0.4986691
2026-07-02 06:25:01.584 10 INFO neutron.db.segments_db [None req-4ebea97c-44c4-4f7e-ae6f-d4c1b3c667b2 b8f20591d6034475a1afb11e1d031f7e 7e3fc30c1a514e7fb65d870e2be0d004 - - - -] Added segment 5d8f05ed-b191-409d-a2d0-a2c849b732fb of type geneve for network f15cf5d3-42a7-4540-8f86-51a6a5ab5567
2026-07-02 06:25:01.585 9 INFO neutron.db.segments_db [None req-7e1e0ff7-07bb-4a3a-b1b5-d29cee26ee8e 7876928da634413888c3b918e98b3eba e3f7b66a43da463b8275a846fad3a60c - - - -] Added segment b5c84a03-542f-4bcf-9cd6-3dbefdb7d876 of type geneve for network 2a46816f-6503-4843-97b5-371f37f39f8c
2026-07-02 06:25:01.614 10 INFO neutron.db.ovn_revision_numbers_db [None req-d4fc7910-5fc2-46dc-885c-8b7d90d28424 61185dab1d68427ebbc3201dcb371977 bceb53729f44493ca424a3ca25f841ce - - - -] Successfully bumped revision number for resource 2f176b3d-d723-4069-9002-6dab4301cabf (type: ports) to 2
2026-07-02 06:25:01.640 10 INFO neutron.wsgi [None req-d4fc7910-5fc2-46dc-885c-8b7d90d28424 61185dab1d68427ebbc3201dcb371977 bceb53729f44493ca424a3ca25f841ce - - - -] 199.19.213.151 "PUT /v2.0/ports/2f176b3d-d723-4069-9002-6dab4301cabf HTTP/1.1" status: 200 len: 1336 time: 0.9611232
2026-07-02 06:25:01.679 9 INFO neutron.wsgi [req-b9352f79-18aa-4c1c-ab14-22e582a5537e req-139134bc-6d9b-45a0-a8e1-cbaf04e4fbc8 5b4e09e9bcaf40b5999b61b45af84c86 7d4e6bf08eb9424884271f3739462231 - - default default] 10.0.0.71 "GET /v2.0/ports?device_id=062cb467-f687-4dbb-b279-57ac0c8ca827 HTTP/1.1" status: 200 len: 1367 time: 0.0512464
2026-07-02 06:25:01.688 10 INFO neutron.notifiers.nova [-] Nova event matching ['req-acdf6670-da77-4a38-befe-932c523f7c37'] response: {'name': 'network-changed', 'server_uuid': '062cb467-f687-4dbb-b279-57ac0c8ca827', 'tag': '2f176b3d-d723-4069-9002-6dab4301cabf', 'status': 'completed', 'code': 200} /var/lib/openstack/lib/python3.10/site-packages/pycadf/identifier.py:71: UserWarning: Invalid uuid: neutron. To ensure interoperability, identifiers should be a valid uuid. warnings.warn(('Invalid uuid: %s. To ensure interoperability, '
2026-07-02 06:25:01.735 10 INFO neutron.wsgi [req-8df8eb6c-ecc0-45ba-8658-e7863be5724b req-59742137-f677-4f17-afd4-884e29327dbe 61185dab1d68427ebbc3201dcb371977 bceb53729f44493ca424a3ca25f841ce - - a5e034bf6ba748e8b33b73356ae16185 a5e034bf6ba748e8b33b73356ae16185] 199.19.213.151 "GET /v2.0/ports?tenant_id=7d4e6bf08eb9424884271f3739462231&device_id=062cb467-f687-4dbb-b279-57ac0c8ca827 HTTP/1.1" status: 200 len: 1367 time: 0.0460188
2026-07-02 06:25:01.736 10 INFO neutron.db.ovn_revision_numbers_db [None req-4ebea97c-44c4-4f7e-ae6f-d4c1b3c667b2 b8f20591d6034475a1afb11e1d031f7e 7e3fc30c1a514e7fb65d870e2be0d004 - - - -] Successfully bumped revision number for resource f15cf5d3-42a7-4540-8f86-51a6a5ab5567 (type: networks) to 1
2026-07-02 06:25:01.748 9 INFO neutron.wsgi [req-b9352f79-18aa-4c1c-ab14-22e582a5537e req-82137ea1-5f56-417b-870e-d541833de1e6 5b4e09e9bcaf40b5999b61b45af84c86 7d4e6bf08eb9424884271f3739462231 - - default default] 10.0.0.71 "GET /v2.0/security-groups?id=9d1e954a-a623-4ab8-948e-cd80e32ddb5f&fields=id&fields=name HTTP/1.1" status: 200 len: 294 time: 0.0586669
2026-07-02 06:25:01.749 9 INFO neutron.db.ovn_revision_numbers_db [None req-7e1e0ff7-07bb-4a3a-b1b5-d29cee26ee8e 7876928da634413888c3b918e98b3eba e3f7b66a43da463b8275a846fad3a60c - - - -] Successfully bumped revision number for resource 2a46816f-6503-4843-97b5-371f37f39f8c (type: networks) to 1
2026-07-02 06:25:01.771 10 INFO neutron.wsgi [req-8df8eb6c-ecc0-45ba-8658-e7863be5724b req-341024c4-f8bf-4977-bea4-85c70cb3da46 61185dab1d68427ebbc3201dcb371977 bceb53729f44493ca424a3ca25f841ce - - a5e034bf6ba748e8b33b73356ae16185 a5e034bf6ba748e8b33b73356ae16185] 199.19.213.151 "GET /v2.0/floatingips?fixed_ip_address=172.24.1.163&port_id=2f176b3d-d723-4069-9002-6dab4301cabf HTTP/1.1" status: 200 len: 217 time: 0.0251820
2026-07-02 06:25:01.823 10 INFO neutron.wsgi [req-8df8eb6c-ecc0-45ba-8658-e7863be5724b req-0ae2e87c-cced-40f7-9c74-db71870d2601 61185dab1d68427ebbc3201dcb371977 bceb53729f44493ca424a3ca25f841ce - - a5e034bf6ba748e8b33b73356ae16185 a5e034bf6ba748e8b33b73356ae16185] 199.19.213.151 "GET /v2.0/subnets?id=9c784733-efba-4f42-a4f1-5f97d762e693 HTTP/1.1" status: 200 len: 829 time: 0.0457995
2026-07-02 06:25:01.851 10 INFO neutron.wsgi [req-8df8eb6c-ecc0-45ba-8658-e7863be5724b req-40628127-8209-45f4-9743-1bcfdc1a2665 61185dab1d68427ebbc3201dcb371977 bceb53729f44493ca424a3ca25f841ce - - a5e034bf6ba748e8b33b73356ae16185 a5e034bf6ba748e8b33b73356ae16185] 199.19.213.151 "GET /v2.0/ports?network_id=c37f7af3-312d-4e26-a45a-936b1454b65a&device_owner=network%3Adhcp HTTP/1.1" status: 200 len: 210 time: 0.0225637
2026-07-02 06:25:01.861 9 INFO neutron.wsgi [req-47d6adc0-87a6-4114-9989-eece958eb417 req-ba717631-755b-4bbb-8496-bb3d16702391 5b4e09e9bcaf40b5999b61b45af84c86 7d4e6bf08eb9424884271f3739462231 - - default default] 10.0.0.71 "GET /v2.0/ports?device_id=062cb467-f687-4dbb-b279-57ac0c8ca827 HTTP/1.1" status: 200 len: 1367 time: 0.0410318
2026-07-02 06:25:01.949 10 INFO neutron.wsgi [req-8df8eb6c-ecc0-45ba-8658-e7863be5724b req-8a6607c8-4daa-49ed-8642-ce1d5a8726e9 61185dab1d68427ebbc3201dcb371977 bceb53729f44493ca424a3ca25f841ce - - a5e034bf6ba748e8b33b73356ae16185 a5e034bf6ba748e8b33b73356ae16185] 199.19.213.151 "GET /v2.0/networks/c37f7af3-312d-4e26-a45a-936b1454b65a?fields=segments HTTP/1.1" status: 200 len: 212 time: 0.0797284
2026-07-02 06:25:01.954 10 WARNING neutron.scheduler.dhcp_agent_scheduler [None req-4ebea97c-44c4-4f7e-ae6f-d4c1b3c667b2 b8f20591d6034475a1afb11e1d031f7e 7e3fc30c1a514e7fb65d870e2be0d004 - - - -] No more DHCP agents
2026-07-02 06:25:01.955 10 WARNING neutron.api.rpc.agentnotifiers.dhcp_rpc_agent_api [None req-4ebea97c-44c4-4f7e-ae6f-d4c1b3c667b2 b8f20591d6034475a1afb11e1d031f7e 7e3fc30c1a514e7fb65d870e2be0d004 - - - -] Unable to schedule network f15cf5d3-42a7-4540-8f86-51a6a5ab5567: no agents available; will retry on subsequent port and subnet creation events.
2026-07-02 06:25:02.042 10 INFO neutron.db.ovn_revision_numbers_db [None req-4ebea97c-44c4-4f7e-ae6f-d4c1b3c667b2 b8f20591d6034475a1afb11e1d031f7e 7e3fc30c1a514e7fb65d870e2be0d004 - - - -] Successfully bumped revision number for resource 4a3aec30-4314-4989-94ef-02fb1936942c (type: ports) to 1
2026-07-02 06:25:02.045 10 INFO neutron.wsgi [req-8df8eb6c-ecc0-45ba-8658-e7863be5724b req-22fce4fa-6042-4825-b39b-6e6bf6cc80c8 61185dab1d68427ebbc3201dcb371977 bceb53729f44493ca424a3ca25f841ce - - a5e034bf6ba748e8b33b73356ae16185 a5e034bf6ba748e8b33b73356ae16185] 199.19.213.151 "GET /v2.0/networks/c37f7af3-312d-4e26-a45a-936b1454b65a?fields=provider%3Aphysical_network&fields=provider%3Anetwork_type HTTP/1.1" status: 200 len: 277 time: 0.0877728
2026-07-02 06:25:02.068 10 INFO neutron.wsgi [None req-4ebea97c-44c4-4f7e-ae6f-d4c1b3c667b2 b8f20591d6034475a1afb11e1d031f7e 7e3fc30c1a514e7fb65d870e2be0d004 - - - -] 10.0.0.79 "POST /v2.0/networks HTTP/1.1" status: 201 len: 831 time: 0.5946801
2026-07-02 06:25:02.134 10 INFO neutron.wsgi [req-9043733f-d4ba-4a47-9fd3-77fb040b775b req-76a8eb77-31e5-407f-8b24-d04a1ec40ea9 61185dab1d68427ebbc3201dcb371977 bceb53729f44493ca424a3ca25f841ce - - a5e034bf6ba748e8b33b73356ae16185 a5e034bf6ba748e8b33b73356ae16185] 199.19.213.151 "GET /v2.0/ports?tenant_id=7d4e6bf08eb9424884271f3739462231&device_id=062cb467-f687-4dbb-b279-57ac0c8ca827 HTTP/1.1" status: 200 len: 1367 time: 0.0414717
2026-07-02 06:25:02.219 10 INFO neutron.wsgi [req-9043733f-d4ba-4a47-9fd3-77fb040b775b req-62e057af-f324-406d-b42e-35086574756e 61185dab1d68427ebbc3201dcb371977 bceb53729f44493ca424a3ca25f841ce - - a5e034bf6ba748e8b33b73356ae16185 a5e034bf6ba748e8b33b73356ae16185] 199.19.213.151 "GET /v2.0/networks?id=c37f7af3-312d-4e26-a45a-936b1454b65a HTTP/1.1" status: 200 len: 937 time: 0.0750058
2026-07-02 06:25:02.262 10 INFO neutron.wsgi [req-9043733f-d4ba-4a47-9fd3-77fb040b775b req-8284e867-249b-4a41-a34b-6d6569e833cf 61185dab1d68427ebbc3201dcb371977 bceb53729f44493ca424a3ca25f841ce - - a5e034bf6ba748e8b33b73356ae16185 a5e034bf6ba748e8b33b73356ae16185] 199.19.213.151 "GET /v2.0/floatingips?fixed_ip_address=172.24.1.163&port_id=2f176b3d-d723-4069-9002-6dab4301cabf HTTP/1.1" status: 200 len: 217 time: 0.0370510
2026-07-02 06:25:02.295 10 INFO neutron.wsgi [req-3edb2527-c286-42ef-8480-5d8f852b8f67 req-c8f9cec0-03f5-4552-b5c7-8b7c6599b3cd 61185dab1d68427ebbc3201dcb371977 bceb53729f44493ca424a3ca25f841ce - - a5e034bf6ba748e8b33b73356ae16185 a5e034bf6ba748e8b33b73356ae16185] 199.19.213.151 "GET /v2.0/ports?device_id=062cb467-f687-4dbb-b279-57ac0c8ca827 HTTP/1.1" status: 200 len: 1367 time: 0.0742846
2026-07-02 06:25:02.331 10 INFO neutron.wsgi [req-9043733f-d4ba-4a47-9fd3-77fb040b775b req-3aa16e51-f9f2-4502-a7f2-7eca318bd8d4 61185dab1d68427ebbc3201dcb371977 bceb53729f44493ca424a3ca25f841ce - - a5e034bf6ba748e8b33b73356ae16185 a5e034bf6ba748e8b33b73356ae16185] 199.19.213.151 "GET /v2.0/subnets?id=9c784733-efba-4f42-a4f1-5f97d762e693 HTTP/1.1" status: 200 len: 829 time: 0.0640547 /var/lib/openstack/lib/python3.10/site-packages/pycadf/identifier.py:71: UserWarning: Invalid uuid: neutron. To ensure interoperability, identifiers should be a valid uuid. warnings.warn(('Invalid uuid: %s. To ensure interoperability, '
2026-07-02 06:25:02.363 10 INFO neutron.wsgi [req-3edb2527-c286-42ef-8480-5d8f852b8f67 req-a71a4149-e0f3-4198-af4d-7e0e78422b53 61185dab1d68427ebbc3201dcb371977 bceb53729f44493ca424a3ca25f841ce - - a5e034bf6ba748e8b33b73356ae16185 a5e034bf6ba748e8b33b73356ae16185] 199.19.213.151 "GET /v2.0/security-groups?id=9d1e954a-a623-4ab8-948e-cd80e32ddb5f&fields=id&fields=name HTTP/1.1" status: 200 len: 294 time: 0.0600142
2026-07-02 06:25:02.364 9 WARNING neutron.scheduler.dhcp_agent_scheduler [None req-7e1e0ff7-07bb-4a3a-b1b5-d29cee26ee8e 7876928da634413888c3b918e98b3eba e3f7b66a43da463b8275a846fad3a60c - - - -] No more DHCP agents
2026-07-02 06:25:02.366 9 WARNING neutron.api.rpc.agentnotifiers.dhcp_rpc_agent_api [None req-7e1e0ff7-07bb-4a3a-b1b5-d29cee26ee8e 7876928da634413888c3b918e98b3eba e3f7b66a43da463b8275a846fad3a60c - - - -] Unable to schedule network 2a46816f-6503-4843-97b5-371f37f39f8c: no agents available; will retry on subsequent port and subnet creation events.
2026-07-02 06:25:02.371 10 INFO neutron.wsgi [req-9043733f-d4ba-4a47-9fd3-77fb040b775b req-a2509cff-8981-4136-8815-58a4ad7ef8f3 61185dab1d68427ebbc3201dcb371977 bceb53729f44493ca424a3ca25f841ce - - a5e034bf6ba748e8b33b73356ae16185 a5e034bf6ba748e8b33b73356ae16185] 199.19.213.151 "GET /v2.0/ports?network_id=c37f7af3-312d-4e26-a45a-936b1454b65a&device_owner=network%3Adhcp HTTP/1.1" status: 200 len: 210 time: 0.0305598
2026-07-02 06:25:02.381 10 WARNING neutron.scheduler.dhcp_agent_scheduler [None req-c5bad744-8890-41b3-955a-296091ba2454 b8f20591d6034475a1afb11e1d031f7e 7e3fc30c1a514e7fb65d870e2be0d004 - - - -] No more DHCP agents
2026-07-02 06:25:02.383 10 WARNING neutron.api.rpc.agentnotifiers.dhcp_rpc_agent_api [None req-c5bad744-8890-41b3-955a-296091ba2454 b8f20591d6034475a1afb11e1d031f7e 7e3fc30c1a514e7fb65d870e2be0d004 - - - -] Unable to schedule network f15cf5d3-42a7-4540-8f86-51a6a5ab5567: no agents available; will retry on subsequent port and subnet creation events. /var/lib/openstack/lib/python3.10/site-packages/pycadf/identifier.py:71: UserWarning: Invalid uuid: neutron. To ensure interoperability, identifiers should be a valid uuid. warnings.warn(('Invalid uuid: %s. To ensure interoperability, '
2026-07-02 06:25:02.461 10 INFO neutron.plugins.ml2.drivers.ovn.mech_driver.mech_driver [None req-a8cc8614-9749-4c6b-9893-936db2bc6ecf - - - - - -] OVN reports status up for port: 2f176b3d-d723-4069-9002-6dab4301cabf
2026-07-02 06:25:02.463 9 INFO neutron.db.ovn_revision_numbers_db [None req-7e1e0ff7-07bb-4a3a-b1b5-d29cee26ee8e 7876928da634413888c3b918e98b3eba e3f7b66a43da463b8275a846fad3a60c - - - -] Successfully bumped revision number for resource 8a07b1f5-6305-4fdc-851c-4111863460d1 (type: ports) to 1
2026-07-02 06:25:02.476 10 INFO neutron.plugins.ml2.plugin [None req-a8cc8614-9749-4c6b-9893-936db2bc6ecf - - - - - -] Attempt 1 to provision port 2f176b3d-d723-4069-9002-6dab4301cabf
2026-07-02 06:25:02.481 10 INFO neutron.wsgi [req-9043733f-d4ba-4a47-9fd3-77fb040b775b req-8248d509-a436-47c3-98f5-ed143814271a 61185dab1d68427ebbc3201dcb371977 bceb53729f44493ca424a3ca25f841ce - - a5e034bf6ba748e8b33b73356ae16185 a5e034bf6ba748e8b33b73356ae16185] 199.19.213.151 "GET /v2.0/networks/c37f7af3-312d-4e26-a45a-936b1454b65a?fields=segments HTTP/1.1" status: 200 len: 212 time: 0.0857053
2026-07-02 06:25:02.488 9 INFO neutron.wsgi [None req-7e1e0ff7-07bb-4a3a-b1b5-d29cee26ee8e 7876928da634413888c3b918e98b3eba e3f7b66a43da463b8275a846fad3a60c - - - -] 10.0.0.79 "POST /v2.0/networks HTTP/1.1" status: 201 len: 831 time: 0.9780083
2026-07-02 06:25:02.514 10 INFO neutron.db.ovn_revision_numbers_db [None req-c5bad744-8890-41b3-955a-296091ba2454 b8f20591d6034475a1afb11e1d031f7e 7e3fc30c1a514e7fb65d870e2be0d004 - - - -] Successfully bumped revision number for resource 50a27dae-26bf-4118-8f9e-c65c83c68a1a (type: ports) to 1
2026-07-02 06:25:02.553 10 INFO neutron.wsgi [None req-c5bad744-8890-41b3-955a-296091ba2454 b8f20591d6034475a1afb11e1d031f7e 7e3fc30c1a514e7fb65d870e2be0d004 - - - -] 10.0.0.79 "POST /v2.0/ports HTTP/1.1" status: 201 len: 942 time: 0.4787323
2026-07-02 06:25:02.567 10 INFO neutron.wsgi [req-9043733f-d4ba-4a47-9fd3-77fb040b775b req-b303c0da-8854-4738-8cf2-7650d56717f9 61185dab1d68427ebbc3201dcb371977 bceb53729f44493ca424a3ca25f841ce - - a5e034bf6ba748e8b33b73356ae16185 a5e034bf6ba748e8b33b73356ae16185] 199.19.213.151 "GET /v2.0/networks/c37f7af3-312d-4e26-a45a-936b1454b65a?fields=provider%3Aphysical_network&fields=provider%3Anetwork_type HTTP/1.1" status: 200 len: 277 time: 0.0740969
2026-07-02 06:25:02.581 9 INFO neutron.db.segments_db [None req-90a4c643-6986-4026-bd95-1292b5a8ec97 7876928da634413888c3b918e98b3eba e3f7b66a43da463b8275a846fad3a60c - - - -] Added segment 29fa453d-7c5e-461f-a16c-36502d765318 of type geneve for network 7b78b9ba-2276-4db7-814b-698929dc0778
2026-07-02 06:25:02.746 10 INFO neutron.db.ovn_revision_numbers_db [None req-a8cc8614-9749-4c6b-9893-936db2bc6ecf - - - - - -] Successfully bumped revision number for resource 2f176b3d-d723-4069-9002-6dab4301cabf (type: ports) to 4
2026-07-02 06:25:02.760 9 INFO neutron.db.ovn_revision_numbers_db [None req-90a4c643-6986-4026-bd95-1292b5a8ec97 7876928da634413888c3b918e98b3eba e3f7b66a43da463b8275a846fad3a60c - - - -] Successfully bumped revision number for resource 7b78b9ba-2276-4db7-814b-698929dc0778 (type: networks) to 1
2026-07-02 06:25:02.911 9 INFO neutron.wsgi [None req-49ba45d4-0f93-4be0-9a0d-ae079dab825d b8f20591d6034475a1afb11e1d031f7e 7e3fc30c1a514e7fb65d870e2be0d004 - - - -] 10.0.0.79 "POST /v2.0/trunks HTTP/1.1" status: 201 len: 608 time: 0.3491936
2026-07-02 06:25:03.025 9 WARNING neutron.scheduler.dhcp_agent_scheduler [None req-90a4c643-6986-4026-bd95-1292b5a8ec97 7876928da634413888c3b918e98b3eba e3f7b66a43da463b8275a846fad3a60c - - - -] No more DHCP agents
2026-07-02 06:25:03.029 9 WARNING neutron.api.rpc.agentnotifiers.dhcp_rpc_agent_api [None req-90a4c643-6986-4026-bd95-1292b5a8ec97 7876928da634413888c3b918e98b3eba e3f7b66a43da463b8275a846fad3a60c - - - -] Unable to schedule network 7b78b9ba-2276-4db7-814b-698929dc0778: no agents available; will retry on subsequent port and subnet creation events.
2026-07-02 06:25:03.033 9 INFO neutron.db.segments_db [None req-bd7795c8-0d46-479d-8f8e-d4ed0090df51 b8f20591d6034475a1afb11e1d031f7e 7e3fc30c1a514e7fb65d870e2be0d004 - - - -] Added segment 7c6232ba-d702-4eb5-8be2-f809653e6b40 of type geneve for network 3dd80c0f-3061-4917-8921-627c8a2b0edf
2026-07-02 06:25:03.131 9 INFO neutron.db.ovn_revision_numbers_db [None req-90a4c643-6986-4026-bd95-1292b5a8ec97 7876928da634413888c3b918e98b3eba e3f7b66a43da463b8275a846fad3a60c - - - -] Successfully bumped revision number for resource dae5787c-c135-4474-991b-cfc3643494b0 (type: ports) to 1
2026-07-02 06:25:03.163 9 INFO neutron.wsgi [None req-90a4c643-6986-4026-bd95-1292b5a8ec97 7876928da634413888c3b918e98b3eba e3f7b66a43da463b8275a846fad3a60c - - - -] 10.0.0.79 "POST /v2.0/networks HTTP/1.1" status: 201 len: 831 time: 0.6700413 /var/lib/openstack/lib/python3.10/site-packages/pycadf/identifier.py:71: UserWarning: Invalid uuid: neutron. To ensure interoperability, identifiers should be a valid uuid. warnings.warn(('Invalid uuid: %s. To ensure interoperability, '
2026-07-02 06:25:03.194 9 INFO neutron.db.ovn_revision_numbers_db [None req-bd7795c8-0d46-479d-8f8e-d4ed0090df51 b8f20591d6034475a1afb11e1d031f7e 7e3fc30c1a514e7fb65d870e2be0d004 - - - -] Successfully bumped revision number for resource 3dd80c0f-3061-4917-8921-627c8a2b0edf (type: networks) to 1
2026-07-02 06:25:03.263 10 INFO neutron.db.segments_db [None req-f2fb4e17-aeee-4fb9-9ff2-623eaf948842 7876928da634413888c3b918e98b3eba e3f7b66a43da463b8275a846fad3a60c - - - -] Added segment 83c1a082-9698-40be-95e2-76410f6e0d67 of type geneve for network b6c00981-4d3e-4d9e-b6de-95e64a813e5f
2026-07-02 06:25:03.384 9 WARNING neutron.scheduler.dhcp_agent_scheduler [None req-bd7795c8-0d46-479d-8f8e-d4ed0090df51 b8f20591d6034475a1afb11e1d031f7e 7e3fc30c1a514e7fb65d870e2be0d004 - - - -] No more DHCP agents
2026-07-02 06:25:03.388 9 WARNING neutron.api.rpc.agentnotifiers.dhcp_rpc_agent_api [None req-bd7795c8-0d46-479d-8f8e-d4ed0090df51 b8f20591d6034475a1afb11e1d031f7e 7e3fc30c1a514e7fb65d870e2be0d004 - - - -] Unable to schedule network 3dd80c0f-3061-4917-8921-627c8a2b0edf: no agents available; will retry on subsequent port and subnet creation events.
2026-07-02 06:25:03.390 10 INFO neutron.db.ovn_revision_numbers_db [None req-f2fb4e17-aeee-4fb9-9ff2-623eaf948842 7876928da634413888c3b918e98b3eba e3f7b66a43da463b8275a846fad3a60c - - - -] Successfully bumped revision number for resource b6c00981-4d3e-4d9e-b6de-95e64a813e5f (type: networks) to 1
2026-07-02 06:25:03.444 9 INFO neutron.db.ovn_revision_numbers_db [None req-bd7795c8-0d46-479d-8f8e-d4ed0090df51 b8f20591d6034475a1afb11e1d031f7e 7e3fc30c1a514e7fb65d870e2be0d004 - - - -] Successfully bumped revision number for resource 85d708f2-7d91-4361-8eb7-85f0410381be (type: ports) to 1
2026-07-02 06:25:03.463 9 INFO neutron.wsgi [None req-bd7795c8-0d46-479d-8f8e-d4ed0090df51 b8f20591d6034475a1afb11e1d031f7e 7e3fc30c1a514e7fb65d870e2be0d004 - - - -] 10.0.0.79 "POST /v2.0/networks HTTP/1.1" status: 201 len: 831 time: 0.5467980
2026-07-02 06:25:03.591 10 WARNING neutron.scheduler.dhcp_agent_scheduler [None req-f2fb4e17-aeee-4fb9-9ff2-623eaf948842 7876928da634413888c3b918e98b3eba e3f7b66a43da463b8275a846fad3a60c - - - -] No more DHCP agents
2026-07-02 06:25:03.594 10 WARNING neutron.api.rpc.agentnotifiers.dhcp_rpc_agent_api [None req-f2fb4e17-aeee-4fb9-9ff2-623eaf948842 7876928da634413888c3b918e98b3eba e3f7b66a43da463b8275a846fad3a60c - - - -] Unable to schedule network b6c00981-4d3e-4d9e-b6de-95e64a813e5f: no agents available; will retry on subsequent port and subnet creation events.
2026-07-02 06:25:03.662 10 INFO neutron.db.ovn_revision_numbers_db [None req-f2fb4e17-aeee-4fb9-9ff2-623eaf948842 7876928da634413888c3b918e98b3eba e3f7b66a43da463b8275a846fad3a60c - - - -] Successfully bumped revision number for resource 246a0445-cd5a-447f-9362-2362f2d341ee (type: ports) to 1
2026-07-02 06:25:03.684 10 INFO neutron.wsgi [None req-f2fb4e17-aeee-4fb9-9ff2-623eaf948842 7876928da634413888c3b918e98b3eba e3f7b66a43da463b8275a846fad3a60c - - - -] 10.0.0.79 "POST /v2.0/networks HTTP/1.1" status: 201 len: 830 time: 0.5125239 /var/lib/openstack/lib/python3.10/site-packages/pycadf/identifier.py:71: UserWarning: Invalid uuid: neutron. To ensure interoperability, identifiers should be a valid uuid. warnings.warn(('Invalid uuid: %s. To ensure interoperability, '
2026-07-02 06:25:03.731 9 WARNING neutron.scheduler.dhcp_agent_scheduler [None req-bee8a974-245a-4403-a670-ba70a9ba7ce9 b8f20591d6034475a1afb11e1d031f7e 7e3fc30c1a514e7fb65d870e2be0d004 - - - -] No more DHCP agents
2026-07-02 06:25:03.732 10 INFO neutron.notifiers.nova [-] Nova event matching ['req-d3860f0a-f6af-4658-9e2f-2c1374d7440d'] response: {'server_uuid': '062cb467-f687-4dbb-b279-57ac0c8ca827', 'name': 'network-vif-plugged', 'status': 'completed', 'tag': '2f176b3d-d723-4069-9002-6dab4301cabf', 'code': 200}
2026-07-02 06:25:03.732 10 INFO neutron.notifiers.nova [-] Nova event matching ['req-d3860f0a-f6af-4658-9e2f-2c1374d7440d'] response: {'server_uuid': '062cb467-f687-4dbb-b279-57ac0c8ca827', 'name': 'network-vif-plugged', 'status': 'completed', 'tag': '2f176b3d-d723-4069-9002-6dab4301cabf', 'code': 200}
2026-07-02 06:25:03.735 9 WARNING neutron.api.rpc.agentnotifiers.dhcp_rpc_agent_api [None req-bee8a974-245a-4403-a670-ba70a9ba7ce9 b8f20591d6034475a1afb11e1d031f7e 7e3fc30c1a514e7fb65d870e2be0d004 - - - -] Unable to schedule network 3dd80c0f-3061-4917-8921-627c8a2b0edf: no agents available; will retry on subsequent port and subnet creation events.
2026-07-02 06:25:03.769 9 INFO neutron.wsgi [None req-99cea1d4-5c27-48c3-a89d-58c051b4833d 7876928da634413888c3b918e98b3eba e3f7b66a43da463b8275a846fad3a60c - - - -] 10.0.0.79 "PUT /v2.0/networks/ce26a9cf-90e7-410a-9238-5f222b0dc694/tags HTTP/1.1" status: 200 len: 210 time: 0.0747597 /var/lib/openstack/lib/python3.10/site-packages/pycadf/identifier.py:71: UserWarning: Invalid uuid: neutron. To ensure interoperability, identifiers should be a valid uuid. warnings.warn(('Invalid uuid: %s. To ensure interoperability, '
2026-07-02 06:25:03.841 9 INFO neutron.wsgi [None req-ba2d647b-28e7-4e31-9676-cc2ca512d22c 7876928da634413888c3b918e98b3eba e3f7b66a43da463b8275a846fad3a60c - - - -] 10.0.0.79 "PUT /v2.0/networks/02af179f-b37d-4c46-9e44-0946c06b1f2c/tags HTTP/1.1" status: 200 len: 218 time: 0.0651655
2026-07-02 06:25:03.843 9 INFO neutron.db.ovn_revision_numbers_db [None req-bee8a974-245a-4403-a670-ba70a9ba7ce9 b8f20591d6034475a1afb11e1d031f7e 7e3fc30c1a514e7fb65d870e2be0d004 - - - -] Successfully bumped revision number for resource 8a7c7800-136a-4619-9cb0-1c1a12b57044 (type: ports) to 1
2026-07-02 06:25:03.876 9 INFO neutron.wsgi [None req-bee8a974-245a-4403-a670-ba70a9ba7ce9 b8f20591d6034475a1afb11e1d031f7e 7e3fc30c1a514e7fb65d870e2be0d004 - - - -] 10.0.0.79 "POST /v2.0/ports HTTP/1.1" status: 201 len: 942 time: 0.4080486
2026-07-02 06:25:03.911 9 INFO neutron.wsgi [None req-87ef20b2-702b-4a41-9740-3e0be1c90a87 7876928da634413888c3b918e98b3eba e3f7b66a43da463b8275a846fad3a60c - - - -] 10.0.0.79 "PUT /v2.0/networks/2a46816f-6503-4843-97b5-371f37f39f8c/tags HTTP/1.1" status: 200 len: 227 time: 0.0639307
2026-07-02 06:25:03.986 9 INFO neutron.wsgi [None req-0a74b5cb-d54b-4fc0-bbd7-382593df0b09 7876928da634413888c3b918e98b3eba e3f7b66a43da463b8275a846fad3a60c - - - -] 10.0.0.79 "PUT /v2.0/networks/7b78b9ba-2276-4db7-814b-698929dc0778/tags HTTP/1.1" status: 200 len: 212 time: 0.0694761
2026-07-02 06:25:04.116 9 INFO neutron.wsgi [None req-59eb39b8-3c43-48d2-aebd-1558d244e4db 7876928da634413888c3b918e98b3eba e3f7b66a43da463b8275a846fad3a60c - - default default] 10.0.0.79 "GET /v2.0/networks?tags=red HTTP/1.1" status: 200 len: 2070 time: 0.1240993
2026-07-02 06:25:04.168 9 INFO neutron.wsgi [req-089e1871-042a-498d-b591-7b0307503a1c req-397b5769-7941-4e1b-8c01-8a998b2fca57 5b4e09e9bcaf40b5999b61b45af84c86 7d4e6bf08eb9424884271f3739462231 - - default default] 10.0.0.71 "GET /v2.0/ports?device_id=062cb467-f687-4dbb-b279-57ac0c8ca827 HTTP/1.1" status: 200 len: 1369 time: 0.0743647
2026-07-02 06:25:04.216 10 INFO neutron.wsgi [None req-c4006223-5874-4172-8de6-1255390eedd6 b8f20591d6034475a1afb11e1d031f7e 7e3fc30c1a514e7fb65d870e2be0d004 - - - -] 10.0.0.79 "POST /v2.0/trunks HTTP/1.1" status: 201 len: 608 time: 0.3282247
2026-07-02 06:25:04.220 9 INFO neutron.wsgi [None req-162d9741-2643-4808-ba7f-a6ccb93146b5 7876928da634413888c3b918e98b3eba e3f7b66a43da463b8275a846fad3a60c - - default default] 10.0.0.79 "GET /v2.0/networks?tags=red%2Cblue HTTP/1.1" status: 200 len: 1457 time: 0.0997734
2026-07-02 06:25:04.258 9 INFO neutron.wsgi [req-089e1871-042a-498d-b591-7b0307503a1c req-4bc00c35-1577-44ea-9327-d1bcf437a125 5b4e09e9bcaf40b5999b61b45af84c86 7d4e6bf08eb9424884271f3739462231 - - default default] 10.0.0.71 "GET /v2.0/security-groups?id=9d1e954a-a623-4ab8-948e-cd80e32ddb5f&fields=id&fields=name HTTP/1.1" status: 200 len: 294 time: 0.0734787
2026-07-02 06:25:04.304 10 INFO neutron.db.segments_db [None req-c34ab765-99a3-457d-8a73-f6e90651d7d5 b8f20591d6034475a1afb11e1d031f7e 7e3fc30c1a514e7fb65d870e2be0d004 - - - -] Added segment efb07244-582f-444a-a21a-c2367a5110ed of type geneve for network adf039f4-a891-4b13-9980-1bc8a4c4c21b
2026-07-02 06:25:04.326 9 INFO neutron.wsgi [None req-54093619-c1d6-481e-8118-4fcaa18de924 7876928da634413888c3b918e98b3eba e3f7b66a43da463b8275a846fad3a60c - - default default] 10.0.0.79 "GET /v2.0/networks?tags-any=blue HTTP/1.1" status: 200 len: 1457 time: 0.1006176
2026-07-02 06:25:04.347 9 INFO neutron.wsgi [req-b4aa2020-ca5c-4cd4-a613-01ed296d3b3f req-9f3f2628-e7d6-46a4-978a-1d7572d969fe 5b4e09e9bcaf40b5999b61b45af84c86 7d4e6bf08eb9424884271f3739462231 - - default default] 10.0.0.71 "GET /v2.0/ports?device_id=062cb467-f687-4dbb-b279-57ac0c8ca827 HTTP/1.1" status: 200 len: 1369 time: 0.0359731
2026-07-02 06:25:04.430 10 INFO neutron.wsgi [None req-ed796a2d-534f-430e-902b-bbab8bdccc15 7876928da634413888c3b918e98b3eba e3f7b66a43da463b8275a846fad3a60c - - default default] 10.0.0.79 "GET /v2.0/networks?tags-any=red%2Cblue HTTP/1.1" status: 200 len: 2070 time: 0.0964708
2026-07-02 06:25:04.483 10 INFO neutron.db.ovn_revision_numbers_db [None req-c34ab765-99a3-457d-8a73-f6e90651d7d5 b8f20591d6034475a1afb11e1d031f7e 7e3fc30c1a514e7fb65d870e2be0d004 - - - -] Successfully bumped revision number for resource adf039f4-a891-4b13-9980-1bc8a4c4c21b (type: networks) to 1
2026-07-02 06:25:04.756 9 INFO neutron.wsgi [None req-412c9f62-89c8-429a-a648-be619c40f0d1 7876928da634413888c3b918e98b3eba e3f7b66a43da463b8275a846fad3a60c - - default default] 10.0.0.79 "GET /v2.0/networks?not-tags=red HTTP/1.1" status: 200 len: 2068 time: 0.3191948
2026-07-02 06:25:04.893 9 INFO neutron.wsgi [None req-3a309b1f-7a05-4986-8754-4f4c9f053339 7876928da634413888c3b918e98b3eba e3f7b66a43da463b8275a846fad3a60c - - default default] 10.0.0.79 "GET /v2.0/networks?not-tags=red%2Cblue HTTP/1.1" status: 200 len: 2681 time: 0.1336339
2026-07-02 06:25:05.012 10 WARNING neutron.scheduler.dhcp_agent_scheduler [None req-c34ab765-99a3-457d-8a73-f6e90651d7d5 b8f20591d6034475a1afb11e1d031f7e 7e3fc30c1a514e7fb65d870e2be0d004 - - - -] No more DHCP agents
2026-07-02 06:25:05.015 10 WARNING neutron.api.rpc.agentnotifiers.dhcp_rpc_agent_api [None req-c34ab765-99a3-457d-8a73-f6e90651d7d5 b8f20591d6034475a1afb11e1d031f7e 7e3fc30c1a514e7fb65d870e2be0d004 - - - -] Unable to schedule network adf039f4-a891-4b13-9980-1bc8a4c4c21b: no agents available; will retry on subsequent port and subnet creation events.
2026-07-02 06:25:05.053 9 INFO neutron.wsgi [None req-7f2b3885-b999-4913-9ff0-e4c99eca924a 7876928da634413888c3b918e98b3eba e3f7b66a43da463b8275a846fad3a60c - - default default] 10.0.0.79 "GET /v2.0/networks?not-tags-any=blue HTTP/1.1" status: 200 len: 2681 time: 0.1452985
2026-07-02 06:25:05.080 10 INFO neutron.db.ovn_revision_numbers_db [None req-c34ab765-99a3-457d-8a73-f6e90651d7d5 b8f20591d6034475a1afb11e1d031f7e 7e3fc30c1a514e7fb65d870e2be0d004 - - - -] Successfully bumped revision number for resource cfc069b5-8fde-4b26-99e6-102feb05e7d0 (type: ports) to 1
2026-07-02 06:25:05.109 10 INFO neutron.wsgi [None req-c34ab765-99a3-457d-8a73-f6e90651d7d5 b8f20591d6034475a1afb11e1d031f7e 7e3fc30c1a514e7fb65d870e2be0d004 - - - -] 10.0.0.79 "POST /v2.0/networks HTTP/1.1" status: 201 len: 828 time: 0.8876426
2026-07-02 06:25:05.185 9 INFO neutron.wsgi [None req-5931071f-9f2b-4c1b-8602-c3c607e9a253 7876928da634413888c3b918e98b3eba e3f7b66a43da463b8275a846fad3a60c - - default default] 10.0.0.79 "GET /v2.0/networks?not-tags-any=red%2Cblue HTTP/1.1" status: 200 len: 2068 time: 0.1248500
2026-07-02 06:25:05.392 9 WARNING neutron.scheduler.dhcp_agent_scheduler [None req-458581c9-666b-4d01-af7d-23c2315fc999 b8f20591d6034475a1afb11e1d031f7e 7e3fc30c1a514e7fb65d870e2be0d004 - - - -] No more DHCP agents
2026-07-02 06:25:05.394 9 WARNING neutron.api.rpc.agentnotifiers.dhcp_rpc_agent_api [None req-458581c9-666b-4d01-af7d-23c2315fc999 b8f20591d6034475a1afb11e1d031f7e 7e3fc30c1a514e7fb65d870e2be0d004 - - - -] Unable to schedule network adf039f4-a891-4b13-9980-1bc8a4c4c21b: no agents available; will retry on subsequent port and subnet creation events.
2026-07-02 06:25:05.477 9 INFO neutron.db.ovn_revision_numbers_db [None req-458581c9-666b-4d01-af7d-23c2315fc999 b8f20591d6034475a1afb11e1d031f7e 7e3fc30c1a514e7fb65d870e2be0d004 - - - -] Successfully bumped revision number for resource 9ab3273f-d123-412e-931a-7eeb3e3954d3 (type: ports) to 1
2026-07-02 06:25:05.518 9 INFO neutron.wsgi [None req-458581c9-666b-4d01-af7d-23c2315fc999 b8f20591d6034475a1afb11e1d031f7e 7e3fc30c1a514e7fb65d870e2be0d004 - - - -] 10.0.0.79 "POST /v2.0/ports HTTP/1.1" status: 201 len: 942 time: 0.4029467 /var/lib/openstack/lib/python3.10/site-packages/pycadf/identifier.py:71: UserWarning: Invalid uuid: neutron. To ensure interoperability, identifiers should be a valid uuid. warnings.warn(('Invalid uuid: %s. To ensure interoperability, '
2026-07-02 06:25:05.590 10 INFO neutron.services.segments.plugin [-] Segment 5c07d33a-51fa-422f-b6bc-f9f14ac8e682 resource provider aggregate not found
2026-07-02 06:25:05.597 10 INFO neutron.services.segments.plugin [-] Segment 5c07d33a-51fa-422f-b6bc-f9f14ac8e682 resource provider aggregate not found
2026-07-02 06:25:05.619 10 INFO neutron.services.segments.plugin [-] Segment 5c07d33a-51fa-422f-b6bc-f9f14ac8e682 resource provider not found; error: Placement Client Error (4xx): {"errors": [{"status": 404, "title": "Not Found", "detail": "The resource could not be found.\n\n No resource provider with uuid 5c07d33a-51fa-422f-b6bc-f9f14ac8e682 found for delete ", "request_id": "req-eb04a283-aef0-45d2-a17e-4688d980204e"}]}
2026-07-02 06:25:05.623 10 INFO neutron.services.segments.plugin [-] Segment 5c07d33a-51fa-422f-b6bc-f9f14ac8e682 resource provider not found; error: Placement Client Error (4xx): {"errors": [{"status": 404, "title": "Not Found", "detail": "The resource could not be found.\n\n No resource provider with uuid 5c07d33a-51fa-422f-b6bc-f9f14ac8e682 found for delete ", "request_id": "req-3f3ab5de-0c5d-4f75-845e-4b7512bab658"}]}
2026-07-02 06:25:05.641 10 INFO neutron.wsgi [None req-f20c574a-43aa-4740-8820-308cae6a89ef 7876928da634413888c3b918e98b3eba e3f7b66a43da463b8275a846fad3a60c - - - -] 10.0.0.79 "DELETE /v2.0/networks/ce26a9cf-90e7-410a-9238-5f222b0dc694 HTTP/1.1" status: 204 len: 168 time: 0.4251647
2026-07-02 06:25:05.816 9 INFO neutron.wsgi [None req-cdeca495-ee60-4130-b43f-511d39d2f504 b8f20591d6034475a1afb11e1d031f7e 7e3fc30c1a514e7fb65d870e2be0d004 - - - -] 10.0.0.79 "POST /v2.0/trunks HTTP/1.1" status: 201 len: 608 time: 0.2905905
2026-07-02 06:25:05.893 10 INFO neutron.db.segments_db [None req-5b836067-9246-411c-bba7-8a6d70683f7a b8f20591d6034475a1afb11e1d031f7e 7e3fc30c1a514e7fb65d870e2be0d004 - - - -] Added segment 1207b008-6ca2-4cc6-8e76-1fac46b1f10f of type geneve for network f4443590-617c-4b32-bd51-73e078035fe1
2026-07-02 06:25:06.071 10 INFO neutron.db.ovn_revision_numbers_db [None req-5b836067-9246-411c-bba7-8a6d70683f7a b8f20591d6034475a1afb11e1d031f7e 7e3fc30c1a514e7fb65d870e2be0d004 - - - -] Successfully bumped revision number for resource f4443590-617c-4b32-bd51-73e078035fe1 (type: networks) to 1
2026-07-02 06:25:06.136 9 INFO neutron.services.segments.plugin [-] Segment e9bc7489-3085-426d-9608-2a8b5bb3eb99 resource provider aggregate not found
2026-07-02 06:25:06.141 9 INFO neutron.services.segments.plugin [-] Segment e9bc7489-3085-426d-9608-2a8b5bb3eb99 resource provider aggregate not found
2026-07-02 06:25:06.165 9 INFO neutron.services.segments.plugin [-] Segment e9bc7489-3085-426d-9608-2a8b5bb3eb99 resource provider not found; error: Placement Client Error (4xx): {"errors": [{"status": 404, "title": "Not Found", "detail": "The resource could not be found.\n\n No resource provider with uuid e9bc7489-3085-426d-9608-2a8b5bb3eb99 found for delete ", "request_id": "req-ceb6bbca-c564-451c-937e-ddd68a854b71"}]}
2026-07-02 06:25:06.168 9 INFO neutron.services.segments.plugin [-] Segment e9bc7489-3085-426d-9608-2a8b5bb3eb99 resource provider not found; error: Placement Client Error (4xx): {"errors": [{"status": 404, "title": "Not Found", "detail": "The resource could not be found.\n\n No resource provider with uuid e9bc7489-3085-426d-9608-2a8b5bb3eb99 found for delete ", "request_id": "req-cb7a3da0-c169-4cd1-82f2-0499bcf86c26"}]}
2026-07-02 06:25:06.201 9 INFO neutron.wsgi [None req-c96f674e-65d7-4cee-ac89-427f4da8a8e4 7876928da634413888c3b918e98b3eba e3f7b66a43da463b8275a846fad3a60c - - - -] 10.0.0.79 "DELETE /v2.0/networks/02af179f-b37d-4c46-9e44-0946c06b1f2c HTTP/1.1" status: 204 len: 168 time: 0.5532112
2026-07-02 06:25:06.338 10 WARNING neutron.scheduler.dhcp_agent_scheduler [None req-5b836067-9246-411c-bba7-8a6d70683f7a b8f20591d6034475a1afb11e1d031f7e 7e3fc30c1a514e7fb65d870e2be0d004 - - - -] No more DHCP agents
2026-07-02 06:25:06.340 10 WARNING neutron.api.rpc.agentnotifiers.dhcp_rpc_agent_api [None req-5b836067-9246-411c-bba7-8a6d70683f7a b8f20591d6034475a1afb11e1d031f7e 7e3fc30c1a514e7fb65d870e2be0d004 - - - -] Unable to schedule network f4443590-617c-4b32-bd51-73e078035fe1: no agents available; will retry on subsequent port and subnet creation events.
2026-07-02 06:25:06.431 10 INFO neutron.db.ovn_revision_numbers_db [None req-5b836067-9246-411c-bba7-8a6d70683f7a b8f20591d6034475a1afb11e1d031f7e 7e3fc30c1a514e7fb65d870e2be0d004 - - - -] Successfully bumped revision number for resource 9f3d3db9-3f10-44a5-8428-6fc9263ce9c8 (type: ports) to 1
2026-07-02 06:25:06.456 10 INFO neutron.wsgi [None req-5b836067-9246-411c-bba7-8a6d70683f7a b8f20591d6034475a1afb11e1d031f7e 7e3fc30c1a514e7fb65d870e2be0d004 - - - -] 10.0.0.79 "POST /v2.0/networks HTTP/1.1" status: 201 len: 830 time: 0.6341269
2026-07-02 06:25:06.666 9 INFO neutron.wsgi [None req-664952bf-f99e-4b06-abff-1f9228743e09 7876928da634413888c3b918e98b3eba e3f7b66a43da463b8275a846fad3a60c - - - -] 10.0.0.79 "DELETE /v2.0/networks/2a46816f-6503-4843-97b5-371f37f39f8c HTTP/1.1" status: 204 len: 168 time: 0.4563541
2026-07-02 06:25:06.773 10 WARNING neutron.scheduler.dhcp_agent_scheduler [None req-f48bf56c-3407-4069-9a9e-9e5b22dc46f9 b8f20591d6034475a1afb11e1d031f7e 7e3fc30c1a514e7fb65d870e2be0d004 - - - -] No more DHCP agents
2026-07-02 06:25:06.775 10 WARNING neutron.api.rpc.agentnotifiers.dhcp_rpc_agent_api [None req-f48bf56c-3407-4069-9a9e-9e5b22dc46f9 b8f20591d6034475a1afb11e1d031f7e 7e3fc30c1a514e7fb65d870e2be0d004 - - - -] Unable to schedule network f4443590-617c-4b32-bd51-73e078035fe1: no agents available; will retry on subsequent port and subnet creation events.
2026-07-02 06:25:06.845 10 INFO neutron.db.ovn_revision_numbers_db [None req-f48bf56c-3407-4069-9a9e-9e5b22dc46f9 b8f20591d6034475a1afb11e1d031f7e 7e3fc30c1a514e7fb65d870e2be0d004 - - - -] Successfully bumped revision number for resource 5047656d-9b45-41fc-8133-1d84c303ddab (type: ports) to 1
2026-07-02 06:25:06.876 10 INFO neutron.wsgi [None req-f48bf56c-3407-4069-9a9e-9e5b22dc46f9 b8f20591d6034475a1afb11e1d031f7e 7e3fc30c1a514e7fb65d870e2be0d004 - - - -] 10.0.0.79 "POST /v2.0/ports HTTP/1.1" status: 201 len: 942 time: 0.4145286 /var/lib/openstack/lib/python3.10/site-packages/pycadf/identifier.py:71: UserWarning: Invalid uuid: neutron. To ensure interoperability, identifiers should be a valid uuid. warnings.warn(('Invalid uuid: %s. To ensure interoperability, '
2026-07-02 06:25:07.116 10 INFO neutron.wsgi [None req-a88c0c03-5add-4f9c-a4bc-acb48ab30ad0 b8f20591d6034475a1afb11e1d031f7e 7e3fc30c1a514e7fb65d870e2be0d004 - - - -] 10.0.0.79 "POST /v2.0/trunks HTTP/1.1" status: 201 len: 608 time: 0.2350314
2026-07-02 06:25:07.147 10 INFO neutron.wsgi [None req-1bd98fee-659b-4937-b5ec-2dbb32515e84 b8f20591d6034475a1afb11e1d031f7e 7e3fc30c1a514e7fb65d870e2be0d004 - - - -] 10.0.0.79 "PUT /v2.0/trunks/375463cf-a9b1-440c-ba14-7f976f7c113d/tags HTTP/1.1" status: 200 len: 210 time: 0.0271921
2026-07-02 06:25:07.179 10 INFO neutron.wsgi [None req-46ab8886-06c5-4cd6-a24d-41726ff7fb98 b8f20591d6034475a1afb11e1d031f7e 7e3fc30c1a514e7fb65d870e2be0d004 - - - -] 10.0.0.79 "PUT /v2.0/trunks/0a0bca24-ed83-4615-9568-63b4d23bb516/tags HTTP/1.1" status: 200 len: 218 time: 0.0280898
2026-07-02 06:25:07.181 9 INFO neutron.wsgi [None req-6b4943d4-b627-46fd-be2d-e01a3562f97f 7876928da634413888c3b918e98b3eba e3f7b66a43da463b8275a846fad3a60c - - - -] 10.0.0.79 "DELETE /v2.0/networks/7b78b9ba-2276-4db7-814b-698929dc0778 HTTP/1.1" status: 204 len: 168 time: 0.5063856
2026-07-02 06:25:07.215 10 INFO neutron.wsgi [None req-c8229794-1c33-4c8f-b0b8-bf04cf1a73f1 b8f20591d6034475a1afb11e1d031f7e 7e3fc30c1a514e7fb65d870e2be0d004 - - - -] 10.0.0.79 "PUT /v2.0/trunks/238769d8-8364-4802-bf27-d40e17c83d69/tags HTTP/1.1" status: 200 len: 227 time: 0.0293036
2026-07-02 06:25:07.249 10 INFO neutron.wsgi [None req-68a2bd07-b9dc-4f6b-bb66-89d8528c23d0 b8f20591d6034475a1afb11e1d031f7e 7e3fc30c1a514e7fb65d870e2be0d004 - - - -] 10.0.0.79 "PUT /v2.0/trunks/1ea2a299-0ca0-44cf-90e8-70b4bb578640/tags HTTP/1.1" status: 200 len: 212 time: 0.0285978
2026-07-02 06:25:07.275 10 INFO neutron.wsgi [None req-3eccded3-0690-4ac0-8032-354f757ce53c b8f20591d6034475a1afb11e1d031f7e 7e3fc30c1a514e7fb65d870e2be0d004 - - default default] 10.0.0.79 "GET /v2.0/trunks?tags=red HTTP/1.1" status: 200 len: 1447 time: 0.0191851
2026-07-02 06:25:07.309 9 INFO neutron.wsgi [None req-07efd7bb-b28f-4fb7-a162-e98df692a31f b8f20591d6034475a1afb11e1d031f7e 7e3fc30c1a514e7fb65d870e2be0d004 - - default default] 10.0.0.79 "GET /v2.0/trunks?tags=red%2Cblue HTTP/1.1" status: 200 len: 1041 time: 0.0301571
