2026-07-02 06:25:07.335 10 INFO neutron.wsgi [None req-8ccf4d83-5a1b-4c4a-b218-00a62c80b450 b8f20591d6034475a1afb11e1d031f7e 7e3fc30c1a514e7fb65d870e2be0d004 - - default default] 10.0.0.79 "GET /v2.0/trunks?tags-any=blue HTTP/1.1" status: 200 len: 1041 time: 0.0213258
2026-07-02 06:25:07.357 10 INFO neutron.wsgi [None req-7ab15988-0220-461f-b87f-b6a076a076cb b8f20591d6034475a1afb11e1d031f7e 7e3fc30c1a514e7fb65d870e2be0d004 - - default default] 10.0.0.79 "GET /v2.0/trunks?tags-any=red%2Cblue HTTP/1.1" status: 200 len: 1447 time: 0.0177903
2026-07-02 06:25:07.383 10 INFO neutron.wsgi [None req-3b7d68af-d645-4222-8743-902e3e58816e b8f20591d6034475a1afb11e1d031f7e 7e3fc30c1a514e7fb65d870e2be0d004 - - default default] 10.0.0.79 "GET /v2.0/trunks?not-tags=red HTTP/1.1" status: 200 len: 1013 time: 0.0215993
2026-07-02 06:25:07.414 10 INFO neutron.wsgi [None req-d89e7afc-caee-4644-83a4-8397202de577 b8f20591d6034475a1afb11e1d031f7e 7e3fc30c1a514e7fb65d870e2be0d004 - - default default] 10.0.0.79 "GET /v2.0/trunks?not-tags=red%2Cblue HTTP/1.1" status: 200 len: 1419 time: 0.0275233
2026-07-02 06:25:07.445 10 INFO neutron.wsgi [None req-dab9be79-9e29-42cb-ab7e-ff4bc81fe394 b8f20591d6034475a1afb11e1d031f7e 7e3fc30c1a514e7fb65d870e2be0d004 - - default default] 10.0.0.79 "GET /v2.0/trunks?not-tags-any=blue HTTP/1.1" status: 200 len: 1419 time: 0.0252514
2026-07-02 06:25:07.465 10 INFO neutron.wsgi [None req-14df8bfd-bcc9-4fd6-82c3-3fdb5cf9cf56 b8f20591d6034475a1afb11e1d031f7e 7e3fc30c1a514e7fb65d870e2be0d004 - - default default] 10.0.0.79 "GET /v2.0/trunks?not-tags-any=red%2Cblue HTTP/1.1" status: 200 len: 1013 time: 0.0158460
2026-07-02 06:25:07.485 9 INFO neutron.wsgi [None req-3c788318-7c6f-407c-a6d7-6ef8d9689e42 b8f20591d6034475a1afb11e1d031f7e 7e3fc30c1a514e7fb65d870e2be0d004 - - default default] 10.0.0.79 "GET /v2.0/trunks/375463cf-a9b1-440c-ba14-7f976f7c113d HTTP/1.1" status: 200 len: 608 time: 0.0161912
2026-07-02 06:25:07.614 10 INFO neutron.wsgi [None req-4f1abc50-864d-4d0d-9819-04d62fbd9fe8 b8f20591d6034475a1afb11e1d031f7e 7e3fc30c1a514e7fb65d870e2be0d004 - - default default] 10.0.0.79 "GET /v2.0/ports/aa051184-9fed-4817-b4f8-651fe4b8382b HTTP/1.1" status: 200 len: 1020 time: 0.1232412
2026-07-02 06:25:07.662 9 INFO neutron.wsgi [None req-689b25b9-0093-438a-b770-a7bc5f23e54b 7876928da634413888c3b918e98b3eba e3f7b66a43da463b8275a846fad3a60c - - - -] 10.0.0.79 "DELETE /v2.0/networks/b6c00981-4d3e-4d9e-b6de-95e64a813e5f HTTP/1.1" status: 204 len: 168 time: 0.4748969
2026-07-02 06:25:07.744 9 INFO neutron.wsgi [None req-87d60cca-b0cb-4593-9a85-3402d5b4e60b b8f20591d6034475a1afb11e1d031f7e 7e3fc30c1a514e7fb65d870e2be0d004 - - - -] 10.0.0.79 "DELETE /v2.0/trunks/375463cf-a9b1-440c-ba14-7f976f7c113d HTTP/1.1" status: 204 len: 168 time: 0.1261785
2026-07-02 06:25:07.765 10 INFO neutron.wsgi [None req-94eb632c-5da6-45a1-9f11-62defbcfbb0b b8f20591d6034475a1afb11e1d031f7e 7e3fc30c1a514e7fb65d870e2be0d004 - - default default] 10.0.0.79 "GET /v2.0/trunks/0a0bca24-ed83-4615-9568-63b4d23bb516 HTTP/1.1" status: 200 len: 616 time: 0.0166600
2026-07-02 06:25:07.839 9 INFO neutron.wsgi [-] 10.0.0.185 "GET / HTTP/1.1" status: 200 len: 247 time: 0.0027583
2026-07-02 06:25:07.843 9 INFO neutron.wsgi [-] 10.0.0.185 "GET / HTTP/1.1" status: 200 len: 247 time: 0.0025237
2026-07-02 06:25:07.855 10 INFO neutron.wsgi [None req-e08b1e0c-0411-42a4-aefc-e8b1717e63e5 b8f20591d6034475a1afb11e1d031f7e 7e3fc30c1a514e7fb65d870e2be0d004 - - default default] 10.0.0.79 "GET /v2.0/ports/50a27dae-26bf-4118-8f9e-c65c83c68a1a HTTP/1.1" status: 200 len: 1020 time: 0.0857024
2026-07-02 06:25:07.940 10 INFO neutron.wsgi [None req-b6e2602e-cfdf-409d-b36c-8d59a1c3b3e7 b8f20591d6034475a1afb11e1d031f7e 7e3fc30c1a514e7fb65d870e2be0d004 - - - -] 10.0.0.79 "DELETE /v2.0/trunks/0a0bca24-ed83-4615-9568-63b4d23bb516 HTTP/1.1" status: 204 len: 168 time: 0.0812211
2026-07-02 06:25:07.977 10 INFO neutron.wsgi [None req-30b191df-8ee4-4ed3-a36d-62e662b289af b8f20591d6034475a1afb11e1d031f7e 7e3fc30c1a514e7fb65d870e2be0d004 - - default default] 10.0.0.79 "GET /v2.0/trunks/238769d8-8364-4802-bf27-d40e17c83d69 HTTP/1.1" status: 200 len: 625 time: 0.0310178
2026-07-02 06:25:08.068 10 INFO neutron.wsgi [None req-e6b6681e-9d4c-4ae7-9101-ddd3e28559ad b8f20591d6034475a1afb11e1d031f7e 7e3fc30c1a514e7fb65d870e2be0d004 - - default default] 10.0.0.79 "GET /v2.0/ports/8a7c7800-136a-4619-9cb0-1c1a12b57044 HTTP/1.1" status: 200 len: 1020 time: 0.0873222
2026-07-02 06:25:08.154 10 INFO neutron.wsgi [None req-9ce2d111-36f8-4a1c-9523-9552195db338 b8f20591d6034475a1afb11e1d031f7e 7e3fc30c1a514e7fb65d870e2be0d004 - - - -] 10.0.0.79 "DELETE /v2.0/trunks/238769d8-8364-4802-bf27-d40e17c83d69 HTTP/1.1" status: 204 len: 168 time: 0.0821769
2026-07-02 06:25:08.175 10 INFO neutron.wsgi [None req-095f2257-7d7a-4ad6-8a93-dc34d8a3d76f b8f20591d6034475a1afb11e1d031f7e 7e3fc30c1a514e7fb65d870e2be0d004 - - default default] 10.0.0.79 "GET /v2.0/trunks/1ea2a299-0ca0-44cf-90e8-70b4bb578640 HTTP/1.1" status: 200 len: 610 time: 0.0166430
2026-07-02 06:25:08.198 9 INFO neutron.services.segments.plugin [-] Segment b5c84a03-542f-4bcf-9cd6-3dbefdb7d876 resource provider aggregate not found
2026-07-02 06:25:08.215 9 INFO neutron.services.segments.plugin [-] Segment b5c84a03-542f-4bcf-9cd6-3dbefdb7d876 resource provider aggregate not found
2026-07-02 06:25:08.222 9 INFO neutron.services.segments.plugin [-] Segment b5c84a03-542f-4bcf-9cd6-3dbefdb7d876 resource provider not found; error: Placement Client Error (4xx): {"errors": [{"status": 404, "title": "Not Found", "detail": "The resource could not be found.\n\n No resource provider with uuid b5c84a03-542f-4bcf-9cd6-3dbefdb7d876 found for delete ", "request_id": "req-0400783c-b50f-4732-b4fd-fe1b1d3b2392"}]}
2026-07-02 06:25:08.238 9 INFO neutron.services.segments.plugin [-] Segment b5c84a03-542f-4bcf-9cd6-3dbefdb7d876 resource provider not found; error: Placement Client Error (4xx): {"errors": [{"status": 404, "title": "Not Found", "detail": "The resource could not be found.\n\n No resource provider with uuid b5c84a03-542f-4bcf-9cd6-3dbefdb7d876 found for delete ", "request_id": "req-6c835adb-ba73-44a4-aa11-227e2edc5211"}]}
2026-07-02 06:25:08.245 9 INFO neutron.services.segments.plugin [-] Segment 29fa453d-7c5e-461f-a16c-36502d765318 resource provider aggregate not found
2026-07-02 06:25:08.261 9 INFO neutron.services.segments.plugin [-] Segment 29fa453d-7c5e-461f-a16c-36502d765318 resource provider not found; error: Placement Client Error (4xx): {"errors": [{"status": 404, "title": "Not Found", "detail": "The resource could not be found.\n\n No resource provider with uuid 29fa453d-7c5e-461f-a16c-36502d765318 found for delete ", "request_id": "req-00bcdf35-7c7a-471d-9bc0-70be614ef322"}]}
2026-07-02 06:25:08.268 9 INFO neutron.services.segments.plugin [-] Segment 29fa453d-7c5e-461f-a16c-36502d765318 resource provider aggregate not found
2026-07-02 06:25:08.274 9 INFO neutron.services.segments.plugin [-] Segment 83c1a082-9698-40be-95e2-76410f6e0d67 resource provider aggregate not found
2026-07-02 06:25:08.282 9 INFO neutron.services.segments.plugin [-] Segment 29fa453d-7c5e-461f-a16c-36502d765318 resource provider not found; error: Placement Client Error (4xx): {"errors": [{"status": 404, "title": "Not Found", "detail": "The resource could not be found.\n\n No resource provider with uuid 29fa453d-7c5e-461f-a16c-36502d765318 found for delete ", "request_id": "req-0c478c4d-8c24-4c6c-8d43-3d3f5df9105a"}]}
2026-07-02 06:25:08.290 9 INFO neutron.services.segments.plugin [-] Segment 83c1a082-9698-40be-95e2-76410f6e0d67 resource provider not found; error: Placement Client Error (4xx): {"errors": [{"status": 404, "title": "Not Found", "detail": "The resource could not be found.\n\n No resource provider with uuid 83c1a082-9698-40be-95e2-76410f6e0d67 found for delete ", "request_id": "req-7c37d063-eee4-4eea-acb8-61d41c1ca3e0"}]}
2026-07-02 06:25:08.299 9 INFO neutron.services.segments.plugin [-] Segment 83c1a082-9698-40be-95e2-76410f6e0d67 resource provider aggregate not found
2026-07-02 06:25:08.314 9 INFO neutron.services.segments.plugin [-] Segment 83c1a082-9698-40be-95e2-76410f6e0d67 resource provider not found; error: Placement Client Error (4xx): {"errors": [{"status": 404, "title": "Not Found", "detail": "The resource could not be found.\n\n No resource provider with uuid 83c1a082-9698-40be-95e2-76410f6e0d67 found for delete ", "request_id": "req-d62962c1-282f-4ca0-99b2-94a4aec39e61"}]}
2026-07-02 06:25:08.323 10 INFO neutron.wsgi [None req-49a5ca24-f2ed-4645-b084-679609c7f807 b8f20591d6034475a1afb11e1d031f7e 7e3fc30c1a514e7fb65d870e2be0d004 - - default default] 10.0.0.79 "GET /v2.0/ports/9ab3273f-d123-412e-931a-7eeb3e3954d3 HTTP/1.1" status: 200 len: 1020 time: 0.1421812
2026-07-02 06:25:08.426 10 INFO neutron.wsgi [None req-2afd56e6-927c-4dbf-a398-d70db9aa988e b8f20591d6034475a1afb11e1d031f7e 7e3fc30c1a514e7fb65d870e2be0d004 - - - -] 10.0.0.79 "DELETE /v2.0/trunks/1ea2a299-0ca0-44cf-90e8-70b4bb578640 HTTP/1.1" status: 204 len: 168 time: 0.1001561
2026-07-02 06:25:08.452 10 INFO neutron.wsgi [None req-9edc14bd-b64e-4b93-b5b3-1fd23386f369 b8f20591d6034475a1afb11e1d031f7e 7e3fc30c1a514e7fb65d870e2be0d004 - - default default] 10.0.0.79 "GET /v2.0/trunks/cf817e5e-a931-46e8-aaeb-94ad277cf18f HTTP/1.1" status: 200 len: 603 time: 0.0203354
2026-07-02 06:25:08.847 9 INFO neutron.wsgi [None req-671a559c-a9eb-4925-a5bf-6a519bdc1c03 b8f20591d6034475a1afb11e1d031f7e 7e3fc30c1a514e7fb65d870e2be0d004 - - default default] 10.0.0.79 "GET /v2.0/ports/5047656d-9b45-41fc-8133-1d84c303ddab HTTP/1.1" status: 200 len: 1020 time: 0.3889871
2026-07-02 06:25:09.001 10 INFO neutron.wsgi [None req-0f8c4d94-0ce3-4c3c-ad5b-43bbeefbe5f9 b8f20591d6034475a1afb11e1d031f7e 7e3fc30c1a514e7fb65d870e2be0d004 - - - -] 10.0.0.79 "DELETE /v2.0/trunks/cf817e5e-a931-46e8-aaeb-94ad277cf18f HTTP/1.1" status: 204 len: 168 time: 0.1483166
2026-07-02 06:25:09.022 10 INFO neutron.db.ovn_revision_numbers_db [None req-33f3de6c-8620-4ba9-bc23-bb24156bca8f 5b4e09e9bcaf40b5999b61b45af84c86 7d4e6bf08eb9424884271f3739462231 - - default default] Successfully bumped revision number for resource c41b9eb5-57c9-4fc8-9e2d-3f6ea86ca8bb (type: security_groups) to 1
2026-07-02 06:25:09.047 10 INFO neutron.wsgi [None req-33f3de6c-8620-4ba9-bc23-bb24156bca8f 5b4e09e9bcaf40b5999b61b45af84c86 7d4e6bf08eb9424884271f3739462231 - - default default] 10.0.0.79 "GET /v2.0/security-groups?tenant_id=fecaad93502548cdbc7266b38cf3a724&name=default HTTP/1.1" status: 200 len: 3000 time: 0.4650173
2026-07-02 06:25:09.350 9 INFO neutron.wsgi [None req-5968cdb8-8708-4931-aadb-3aa455b59237 b8f20591d6034475a1afb11e1d031f7e 7e3fc30c1a514e7fb65d870e2be0d004 - - - -] 10.0.0.79 "DELETE /v2.0/ports/aa051184-9fed-4817-b4f8-651fe4b8382b HTTP/1.1" status: 204 len: 168 time: 0.3437560
2026-07-02 06:25:09.407 9 INFO neutron.wsgi [None req-fbe7dd3d-ca72-442f-ab07-5fddd7c0c815 5b4e09e9bcaf40b5999b61b45af84c86 7d4e6bf08eb9424884271f3739462231 - - - -] 10.0.0.79 "DELETE /v2.0/security-groups/c41b9eb5-57c9-4fc8-9e2d-3f6ea86ca8bb HTTP/1.1" status: 204 len: 168 time: 0.3534374
2026-07-02 06:25:09.566 9 INFO neutron.wsgi [None req-dd6f1bb7-971b-4bcb-a33e-c5ba29b8104b 5b4e09e9bcaf40b5999b61b45af84c86 7d4e6bf08eb9424884271f3739462231 - - default default] 10.0.0.79 "GET /v2.0/security-groups?tenant_id=e3f7b66a43da463b8275a846fad3a60c&name=default HTTP/1.1" status: 200 len: 3000 time: 0.0633013
2026-07-02 06:25:09.641 9 INFO neutron.wsgi [None req-4fff69cb-527e-4dd4-92b8-12783cab931d b8f20591d6034475a1afb11e1d031f7e 7e3fc30c1a514e7fb65d870e2be0d004 - - - -] 10.0.0.79 "DELETE /v2.0/ports/50a27dae-26bf-4118-8f9e-c65c83c68a1a HTTP/1.1" status: 204 len: 168 time: 0.2868538
2026-07-02 06:25:09.772 10 INFO neutron.wsgi [None req-d7cdf405-c9da-4670-8c60-dd391dc7843e 5b4e09e9bcaf40b5999b61b45af84c86 7d4e6bf08eb9424884271f3739462231 - - - -] 10.0.0.79 "DELETE /v2.0/security-groups/60e858dd-6ce9-401f-93ff-bf71b18759fd HTTP/1.1" status: 204 len: 168 time: 0.2007966
2026-07-02 06:25:09.866 9 INFO neutron.wsgi [None req-298faf21-16a5-497e-b443-13458199d355 b8f20591d6034475a1afb11e1d031f7e 7e3fc30c1a514e7fb65d870e2be0d004 - - - -] 10.0.0.79 "DELETE /v2.0/ports/8a7c7800-136a-4619-9cb0-1c1a12b57044 HTTP/1.1" status: 204 len: 168 time: 0.2198915
2026-07-02 06:25:10.034 10 INFO neutron.db.ovn_revision_numbers_db [None req-f7bc2510-3f11-483e-9650-4e09f1bbbd4b 5b4e09e9bcaf40b5999b61b45af84c86 7d4e6bf08eb9424884271f3739462231 - - default default] Successfully bumped revision number for resource fa2d66d5-06b4-491a-b674-62c28885ed36 (type: security_groups) to 1
2026-07-02 06:25:10.061 10 INFO neutron.wsgi [None req-f7bc2510-3f11-483e-9650-4e09f1bbbd4b 5b4e09e9bcaf40b5999b61b45af84c86 7d4e6bf08eb9424884271f3739462231 - - default default] 10.0.0.79 "GET /v2.0/security-groups?tenant_id=0dabb537d74c4ec3819a089fc4ccd6d8&name=default HTTP/1.1" status: 200 len: 3000 time: 0.1443381
2026-07-02 06:25:10.091 9 INFO neutron.wsgi [None req-d27001de-5e56-4679-a2d8-f3477837c260 b8f20591d6034475a1afb11e1d031f7e 7e3fc30c1a514e7fb65d870e2be0d004 - - - -] 10.0.0.79 "DELETE /v2.0/ports/9ab3273f-d123-412e-931a-7eeb3e3954d3 HTTP/1.1" status: 204 len: 168 time: 0.2200983
2026-07-02 06:25:10.354 10 INFO neutron.wsgi [None req-6c54eee7-5ab6-427e-8e7f-3b96e4c8fc5b 5b4e09e9bcaf40b5999b61b45af84c86 7d4e6bf08eb9424884271f3739462231 - - - -] 10.0.0.79 "DELETE /v2.0/security-groups/fa2d66d5-06b4-491a-b674-62c28885ed36 HTTP/1.1" status: 204 len: 168 time: 0.2877867
2026-07-02 06:25:10.362 10 INFO neutron.wsgi [None req-243fa48d-ed42-4c5a-9067-30e3b7a88434 b8f20591d6034475a1afb11e1d031f7e 7e3fc30c1a514e7fb65d870e2be0d004 - - - -] 10.0.0.79 "DELETE /v2.0/ports/5047656d-9b45-41fc-8133-1d84c303ddab HTTP/1.1" status: 204 len: 168 time: 0.2657027
2026-07-02 06:25:10.834 10 INFO neutron.services.segments.plugin [-] Segment 077f44ef-97a8-4b6a-ae99-f66d0fffb879 resource provider aggregate not found
2026-07-02 06:25:10.842 10 INFO neutron.services.segments.plugin [-] Segment 077f44ef-97a8-4b6a-ae99-f66d0fffb879 resource provider aggregate not found
2026-07-02 06:25:10.858 10 INFO neutron.services.segments.plugin [-] Segment 077f44ef-97a8-4b6a-ae99-f66d0fffb879 resource provider not found; error: Placement Client Error (4xx): {"errors": [{"status": 404, "title": "Not Found", "detail": "The resource could not be found.\n\n No resource provider with uuid 077f44ef-97a8-4b6a-ae99-f66d0fffb879 found for delete ", "request_id": "req-53d0ba3e-ba9d-4d19-bdd6-2d705c709344"}]}
2026-07-02 06:25:10.861 10 INFO neutron.services.segments.plugin [-] Segment 077f44ef-97a8-4b6a-ae99-f66d0fffb879 resource provider not found; error: Placement Client Error (4xx): {"errors": [{"status": 404, "title": "Not Found", "detail": "The resource could not be found.\n\n No resource provider with uuid 077f44ef-97a8-4b6a-ae99-f66d0fffb879 found for delete ", "request_id": "req-da8e990d-841d-4f4a-9167-8e1778ceae91"}]}
2026-07-02 06:25:10.894 10 INFO neutron.wsgi [None req-096e9218-14b1-4e44-9974-dd263310069f b8f20591d6034475a1afb11e1d031f7e 7e3fc30c1a514e7fb65d870e2be0d004 - - - -] 10.0.0.79 "DELETE /v2.0/networks/dbe68680-4612-4a8e-9efd-50ea01930e65 HTTP/1.1" status: 204 len: 168 time: 0.5271297
2026-07-02 06:25:11.362 10 INFO neutron.wsgi [None req-117bb341-9518-41c1-ae4f-db5c6e58bd41 b8f20591d6034475a1afb11e1d031f7e 7e3fc30c1a514e7fb65d870e2be0d004 - - - -] 10.0.0.79 "DELETE /v2.0/networks/f15cf5d3-42a7-4540-8f86-51a6a5ab5567 HTTP/1.1" status: 204 len: 168 time: 0.4599326
2026-07-02 06:25:11.678 9 INFO neutron.services.segments.plugin [-] Segment 7c6232ba-d702-4eb5-8be2-f809653e6b40 resource provider aggregate not found
2026-07-02 06:25:11.694 9 INFO neutron.services.segments.plugin [-] Segment 7c6232ba-d702-4eb5-8be2-f809653e6b40 resource provider aggregate not found
2026-07-02 06:25:11.699 9 INFO neutron.services.segments.plugin [-] Segment 7c6232ba-d702-4eb5-8be2-f809653e6b40 resource provider not found; error: Placement Client Error (4xx): {"errors": [{"status": 404, "title": "Not Found", "detail": "The resource could not be found.\n\n No resource provider with uuid 7c6232ba-d702-4eb5-8be2-f809653e6b40 found for delete ", "request_id": "req-31efae33-54bf-4d48-ae60-64a95944fcd1"}]}
2026-07-02 06:25:11.724 9 INFO neutron.wsgi [None req-9662ac52-3825-4446-99d3-1d40cd1be0ef b8f20591d6034475a1afb11e1d031f7e 7e3fc30c1a514e7fb65d870e2be0d004 - - - -] 10.0.0.79 "DELETE /v2.0/networks/3dd80c0f-3061-4917-8921-627c8a2b0edf HTTP/1.1" status: 204 len: 168 time: 0.3562121
2026-07-02 06:25:11.726 9 INFO neutron.services.segments.plugin [-] Segment 7c6232ba-d702-4eb5-8be2-f809653e6b40 resource provider not found; error: Placement Client Error (4xx): {"errors": [{"status": 404, "title": "Not Found", "detail": "The resource could not be found.\n\n No resource provider with uuid 7c6232ba-d702-4eb5-8be2-f809653e6b40 found for delete ", "request_id": "req-674b7d84-f319-4d7d-a885-56d4c7ab6475"}]}
2026-07-02 06:25:12.168 10 INFO neutron.wsgi [None req-f28029e7-18ad-408c-82fd-37c40d3a1603 b8f20591d6034475a1afb11e1d031f7e 7e3fc30c1a514e7fb65d870e2be0d004 - - - -] 10.0.0.79 "DELETE /v2.0/networks/adf039f4-a891-4b13-9980-1bc8a4c4c21b HTTP/1.1" status: 204 len: 168 time: 0.4387653
2026-07-02 06:25:12.624 9 INFO neutron.wsgi [None req-2241e2db-cad6-46fc-84dc-bbb4a38c6dcf b8f20591d6034475a1afb11e1d031f7e 7e3fc30c1a514e7fb65d870e2be0d004 - - - -] 10.0.0.79 "DELETE /v2.0/networks/f4443590-617c-4b32-bd51-73e078035fe1 HTTP/1.1" status: 204 len: 168 time: 0.4492617
2026-07-02 06:25:12.875 10 INFO neutron.services.segments.plugin [-] Segment 5d8f05ed-b191-409d-a2d0-a2c849b732fb resource provider aggregate not found
2026-07-02 06:25:12.885 10 INFO neutron.services.segments.plugin [-] Segment 5d8f05ed-b191-409d-a2d0-a2c849b732fb resource provider aggregate not found
2026-07-02 06:25:12.891 10 INFO neutron.services.segments.plugin [-] Segment 5d8f05ed-b191-409d-a2d0-a2c849b732fb resource provider not found; error: Placement Client Error (4xx): {"errors": [{"status": 404, "title": "Not Found", "detail": "The resource could not be found.\n\n No resource provider with uuid 5d8f05ed-b191-409d-a2d0-a2c849b732fb found for delete ", "request_id": "req-53a77501-d4cc-4e77-8fa8-73cac88210d6"}]}
2026-07-02 06:25:12.901 10 INFO neutron.services.segments.plugin [-] Segment 5d8f05ed-b191-409d-a2d0-a2c849b732fb resource provider not found; error: Placement Client Error (4xx): {"errors": [{"status": 404, "title": "Not Found", "detail": "The resource could not be found.\n\n No resource provider with uuid 5d8f05ed-b191-409d-a2d0-a2c849b732fb found for delete ", "request_id": "req-0bd90bee-9118-4c1b-851a-bb0080c98ae7"}]}
2026-07-02 06:25:12.916 10 INFO neutron.services.segments.plugin [-] Segment efb07244-582f-444a-a21a-c2367a5110ed resource provider aggregate not found
2026-07-02 06:25:12.920 10 INFO neutron.services.segments.plugin [-] Segment efb07244-582f-444a-a21a-c2367a5110ed resource provider aggregate not found
2026-07-02 06:25:12.944 10 INFO neutron.services.segments.plugin [-] Segment efb07244-582f-444a-a21a-c2367a5110ed resource provider not found; error: Placement Client Error (4xx): {"errors": [{"status": 404, "title": "Not Found", "detail": "The resource could not be found.\n\n No resource provider with uuid efb07244-582f-444a-a21a-c2367a5110ed found for delete ", "request_id": "req-e48d5f8c-f296-422c-84fb-6ebcbe8e3e2d"}]}
2026-07-02 06:25:12.945 10 INFO neutron.services.segments.plugin [-] Segment efb07244-582f-444a-a21a-c2367a5110ed resource provider not found; error: Placement Client Error (4xx): {"errors": [{"status": 404, "title": "Not Found", "detail": "The resource could not be found.\n\n No resource provider with uuid efb07244-582f-444a-a21a-c2367a5110ed found for delete ", "request_id": "req-8e6e6278-3eb5-422e-b07e-20be8b1025f6"}]}
2026-07-02 06:25:12.958 10 INFO neutron.wsgi [req-c55c6193-6ae2-4ef9-87b8-4d178fd51ebb req-6c31350f-d241-46d2-91d2-1ef5313110e5 61185dab1d68427ebbc3201dcb371977 bceb53729f44493ca424a3ca25f841ce - - a5e034bf6ba748e8b33b73356ae16185 a5e034bf6ba748e8b33b73356ae16185] 199.19.213.151 "GET /v2.0/ports?device_id=4f0f1111-c874-4cb7-b559-6cedc96bfd2d&fields=binding%3Ahost_id&fields=binding%3Avif_type HTTP/1.1" status: 200 len: 265 time: 0.0513678
2026-07-02 06:25:13.050 10 INFO neutron.wsgi [req-c55c6193-6ae2-4ef9-87b8-4d178fd51ebb req-04da01d1-c7c6-4fe9-9581-126b89435b7c 61185dab1d68427ebbc3201dcb371977 bceb53729f44493ca424a3ca25f841ce - - a5e034bf6ba748e8b33b73356ae16185 a5e034bf6ba748e8b33b73356ae16185] 199.19.213.151 "GET /v2.0/ports?tenant_id=47da10434456473e8cbba21381724dd6&device_id=4f0f1111-c874-4cb7-b559-6cedc96bfd2d HTTP/1.1" status: 200 len: 1586 time: 0.0419366
2026-07-02 06:25:13.136 10 INFO neutron.wsgi [req-c55c6193-6ae2-4ef9-87b8-4d178fd51ebb req-dd072b4b-14d4-41cc-ad17-c228168f7daa 61185dab1d68427ebbc3201dcb371977 bceb53729f44493ca424a3ca25f841ce - - a5e034bf6ba748e8b33b73356ae16185 a5e034bf6ba748e8b33b73356ae16185] 199.19.213.151 "GET /v2.0/networks?id=5155fab2-6943-4e39-9dae-15a7bc567b00 HTTP/1.1" status: 200 len: 1003 time: 0.0677006
2026-07-02 06:25:13.198 10 INFO neutron.wsgi [req-c55c6193-6ae2-4ef9-87b8-4d178fd51ebb req-03c8d064-6d2f-4d00-9f70-555f2135cddd 61185dab1d68427ebbc3201dcb371977 bceb53729f44493ca424a3ca25f841ce - - a5e034bf6ba748e8b33b73356ae16185 a5e034bf6ba748e8b33b73356ae16185] 199.19.213.151 "GET /v2.0/floatingips?fixed_ip_address=10.2.1.91&port_id=429a760d-0a58-43d7-85f7-303d2e362c08 HTTP/1.1" status: 200 len: 1058 time: 0.0545995
2026-07-02 06:25:13.237 10 INFO neutron.wsgi [req-c55c6193-6ae2-4ef9-87b8-4d178fd51ebb req-2cdd939a-e8a3-40c6-8fdd-cce78eb13f01 61185dab1d68427ebbc3201dcb371977 bceb53729f44493ca424a3ca25f841ce - - a5e034bf6ba748e8b33b73356ae16185 a5e034bf6ba748e8b33b73356ae16185] 199.19.213.151 "GET /v2.0/floatingips?fixed_ip_address=fd7b%3Af9f7%3Afff%3A4eca%3A%3A22a&port_id=429a760d-0a58-43d7-85f7-303d2e362c08 HTTP/1.1" status: 200 len: 217 time: 0.0323365
2026-07-02 06:25:13.282 10 INFO neutron.wsgi [req-c55c6193-6ae2-4ef9-87b8-4d178fd51ebb req-812e9791-04db-4dff-8bb3-7edcac8d9623 61185dab1d68427ebbc3201dcb371977 bceb53729f44493ca424a3ca25f841ce - - a5e034bf6ba748e8b33b73356ae16185 a5e034bf6ba748e8b33b73356ae16185] 199.19.213.151 "GET /v2.0/subnets?id=d6cd0833-dd9e-4344-aea5-f39ff98ca1dc&id=dce3d3f8-ba0b-4602-8cf0-e44dfb2634fd HTTP/1.1" status: 200 len: 1562 time: 0.0380809
2026-07-02 06:25:13.307 10 INFO neutron.wsgi [req-c55c6193-6ae2-4ef9-87b8-4d178fd51ebb req-5163db80-a780-4d41-a794-95781336ae5b 61185dab1d68427ebbc3201dcb371977 bceb53729f44493ca424a3ca25f841ce - - a5e034bf6ba748e8b33b73356ae16185 a5e034bf6ba748e8b33b73356ae16185] 199.19.213.151 "GET /v2.0/ports?network_id=5155fab2-6943-4e39-9dae-15a7bc567b00&device_owner=network%3Adhcp HTTP/1.1" status: 200 len: 210 time: 0.0189710
2026-07-02 06:25:13.341 10 INFO neutron.wsgi [req-c55c6193-6ae2-4ef9-87b8-4d178fd51ebb req-024a187a-b4f3-474c-8492-30e1845dc45d 61185dab1d68427ebbc3201dcb371977 bceb53729f44493ca424a3ca25f841ce - - a5e034bf6ba748e8b33b73356ae16185 a5e034bf6ba748e8b33b73356ae16185] 199.19.213.151 "GET /v2.0/ports?network_id=5155fab2-6943-4e39-9dae-15a7bc567b00&device_owner=network%3Adhcp HTTP/1.1" status: 200 len: 210 time: 0.0269108
2026-07-02 06:25:13.394 10 INFO neutron.wsgi [req-c55c6193-6ae2-4ef9-87b8-4d178fd51ebb req-3eb53793-4852-460b-879a-7e5e6add1f1d 61185dab1d68427ebbc3201dcb371977 bceb53729f44493ca424a3ca25f841ce - - a5e034bf6ba748e8b33b73356ae16185 a5e034bf6ba748e8b33b73356ae16185] 199.19.213.151 "GET /v2.0/networks/5155fab2-6943-4e39-9dae-15a7bc567b00?fields=segments HTTP/1.1" status: 200 len: 212 time: 0.0459623
2026-07-02 06:25:13.456 10 INFO neutron.wsgi [req-c55c6193-6ae2-4ef9-87b8-4d178fd51ebb req-8dc83cb9-9ad1-4def-9e9b-626cf187c987 61185dab1d68427ebbc3201dcb371977 bceb53729f44493ca424a3ca25f841ce - - a5e034bf6ba748e8b33b73356ae16185 a5e034bf6ba748e8b33b73356ae16185] 199.19.213.151 "GET /v2.0/networks/5155fab2-6943-4e39-9dae-15a7bc567b00?fields=provider%3Aphysical_network&fields=provider%3Anetwork_type HTTP/1.1" status: 200 len: 277 time: 0.0561693
2026-07-02 06:25:13.690 10 INFO neutron.db.ovn_revision_numbers_db [None req-f9d7a489-3b05-4112-92f3-694824d8c599 5b4e09e9bcaf40b5999b61b45af84c86 7d4e6bf08eb9424884271f3739462231 - - default default] Successfully bumped revision number for resource 01cd63d6-a111-463a-95e3-37378a14e3a1 (type: security_groups) to 1
2026-07-02 06:25:13.707 10 INFO neutron.wsgi [None req-f9d7a489-3b05-4112-92f3-694824d8c599 5b4e09e9bcaf40b5999b61b45af84c86 7d4e6bf08eb9424884271f3739462231 - - default default] 10.0.0.79 "GET /v2.0/security-groups?tenant_id=f118cb7ad244464e848817ab73423507&name=default HTTP/1.1" status: 200 len: 3000 time: 0.2245343
2026-07-02 06:25:13.719 9 INFO neutron.services.segments.plugin [-] Segment 1207b008-6ca2-4cc6-8e76-1fac46b1f10f resource provider aggregate not found
2026-07-02 06:25:13.742 9 INFO neutron.services.segments.plugin [-] Segment 1207b008-6ca2-4cc6-8e76-1fac46b1f10f resource provider not found; error: Placement Client Error (4xx): {"errors": [{"status": 404, "title": "Not Found", "detail": "The resource could not be found.\n\n No resource provider with uuid 1207b008-6ca2-4cc6-8e76-1fac46b1f10f found for delete ", "request_id": "req-1da064ce-801d-4663-8171-25c3e3d26209"}]}
2026-07-02 06:25:13.743 9 INFO neutron.services.segments.plugin [-] Segment 1207b008-6ca2-4cc6-8e76-1fac46b1f10f resource provider aggregate not found
2026-07-02 06:25:13.754 9 INFO neutron.services.segments.plugin [-] Segment 1207b008-6ca2-4cc6-8e76-1fac46b1f10f resource provider not found; error: Placement Client Error (4xx): {"errors": [{"status": 404, "title": "Not Found", "detail": "The resource could not be found.\n\n No resource provider with uuid 1207b008-6ca2-4cc6-8e76-1fac46b1f10f found for delete ", "request_id": "req-19662b1e-5897-447e-997d-8cd6c4a388d3"}]}
2026-07-02 06:25:13.886 10 INFO neutron.wsgi [None req-56db7be0-161d-4277-86c7-d8ce7a25699d 5b4e09e9bcaf40b5999b61b45af84c86 7d4e6bf08eb9424884271f3739462231 - - - -] 10.0.0.79 "DELETE /v2.0/security-groups/01cd63d6-a111-463a-95e3-37378a14e3a1 HTTP/1.1" status: 204 len: 168 time: 0.1742456
2026-07-02 06:25:14.156 10 INFO neutron.db.ovn_revision_numbers_db [None req-46eb9000-6a2b-404c-9f9c-545dd32ec3fa 5b4e09e9bcaf40b5999b61b45af84c86 7d4e6bf08eb9424884271f3739462231 - - default default] Successfully bumped revision number for resource 79ba9751-558c-4510-9723-2dd0414ba443 (type: security_groups) to 1
2026-07-02 06:25:14.179 10 INFO neutron.wsgi [None req-46eb9000-6a2b-404c-9f9c-545dd32ec3fa 5b4e09e9bcaf40b5999b61b45af84c86 7d4e6bf08eb9424884271f3739462231 - - default default] 10.0.0.79 "GET /v2.0/security-groups?tenant_id=ac09b8a022324101a2107a0c27e464ac&name=default HTTP/1.1" status: 200 len: 3000 time: 0.1216867
2026-07-02 06:25:14.380 9 INFO neutron.db.ovn_revision_numbers_db [None req-e4572020-dbd0-4dae-87f7-8840ce1e07bc 5b4e09e9bcaf40b5999b61b45af84c86 7d4e6bf08eb9424884271f3739462231 - - default default] Successfully bumped revision number for resource 31b24a02-c6db-4059-8cb0-37e0fea2e30e (type: security_groups) to 1
2026-07-02 06:25:14.403 9 INFO neutron.wsgi [None req-e4572020-dbd0-4dae-87f7-8840ce1e07bc 5b4e09e9bcaf40b5999b61b45af84c86 7d4e6bf08eb9424884271f3739462231 - - default default] 10.0.0.79 "GET /v2.0/security-groups?tenant_id=ddec0b1513dd4c03b22ab7e002268a8f&name=default HTTP/1.1" status: 200 len: 3000 time: 0.2642956
2026-07-02 06:25:14.593 9 INFO neutron.wsgi [None req-87e30b18-f022-4d60-9ad8-491b86038d2c 5b4e09e9bcaf40b5999b61b45af84c86 7d4e6bf08eb9424884271f3739462231 - - - -] 10.0.0.79 "DELETE /v2.0/security-groups/31b24a02-c6db-4059-8cb0-37e0fea2e30e HTTP/1.1" status: 204 len: 168 time: 0.1850853
2026-07-02 06:25:14.681 10 INFO neutron.wsgi [None req-2dbf921a-3ec1-478a-8059-a216c5fbbb1a 5b4e09e9bcaf40b5999b61b45af84c86 7d4e6bf08eb9424884271f3739462231 - - - -] 10.0.0.79 "DELETE /v2.0/security-groups/79ba9751-558c-4510-9723-2dd0414ba443 HTTP/1.1" status: 204 len: 168 time: 0.4976573
2026-07-02 06:25:14.790 10 INFO neutron.db.ovn_revision_numbers_db [None req-444fd4e1-8f24-454f-a413-dcea357b70d9 5b4e09e9bcaf40b5999b61b45af84c86 7d4e6bf08eb9424884271f3739462231 - - default default] Successfully bumped revision number for resource 0a085194-1b01-4a6f-b0b9-a54afd4b60d1 (type: security_groups) to 1
2026-07-02 06:25:14.811 10 INFO neutron.wsgi [None req-444fd4e1-8f24-454f-a413-dcea357b70d9 5b4e09e9bcaf40b5999b61b45af84c86 7d4e6bf08eb9424884271f3739462231 - - default default] 10.0.0.79 "GET /v2.0/security-groups?tenant_id=6739f3ad36fd4b2a9d3b5f05b5eaa611&name=default HTTP/1.1" status: 200 len: 3000 time: 0.1040740
2026-07-02 06:25:14.893 9 INFO neutron.wsgi [None req-ace5238b-a31b-4b4e-904b-9a210c24f973 5b4e09e9bcaf40b5999b61b45af84c86 7d4e6bf08eb9424884271f3739462231 - - default default] 10.0.0.79 "GET /v2.0/security-groups?tenant_id=7e3fc30c1a514e7fb65d870e2be0d004&name=default HTTP/1.1" status: 200 len: 2996 time: 0.0324843
2026-07-02 06:25:14.990 10 INFO neutron.wsgi [None req-3b96422f-c6b1-49c0-a82b-2dfe043d29bf 5b4e09e9bcaf40b5999b61b45af84c86 7d4e6bf08eb9424884271f3739462231 - - - -] 10.0.0.79 "DELETE /v2.0/security-groups/0a085194-1b01-4a6f-b0b9-a54afd4b60d1 HTTP/1.1" status: 204 len: 168 time: 0.1743639
2026-07-02 06:25:15.116 9 INFO neutron.wsgi [None req-f0585ad0-efc3-417d-a684-d373d8060403 5b4e09e9bcaf40b5999b61b45af84c86 7d4e6bf08eb9424884271f3739462231 - - - -] 10.0.0.79 "DELETE /v2.0/security-groups/add1e42d-8269-4707-be8e-6eb5b02091ce HTTP/1.1" status: 204 len: 168 time: 0.2142360
2026-07-02 06:25:18.727 9 INFO neutron.db.ovn_revision_numbers_db [None req-c13e8278-3887-4af5-8d13-ac9fde417345 b40a1a913a264151b4f9ae94a1b8389e 268cf60c707b405ba3c743a2e58ac568 - - - -] Successfully bumped revision number for resource bee06be3-184f-4578-98b7-10fb7c780e0e (type: security_groups) to 1
2026-07-02 06:25:18.780 9 INFO neutron.db.segments_db [None req-c13e8278-3887-4af5-8d13-ac9fde417345 b40a1a913a264151b4f9ae94a1b8389e 268cf60c707b405ba3c743a2e58ac568 - - - -] Added segment 70f8a749-6c82-46e4-b934-9f37fbc581cb of type geneve for network aed2ef96-c70f-4c57-9e8b-5a7522d13ded
2026-07-02 06:25:18.904 9 INFO neutron.db.ovn_revision_numbers_db [None req-c13e8278-3887-4af5-8d13-ac9fde417345 b40a1a913a264151b4f9ae94a1b8389e 268cf60c707b405ba3c743a2e58ac568 - - - -] Successfully bumped revision number for resource aed2ef96-c70f-4c57-9e8b-5a7522d13ded (type: networks) to 1
2026-07-02 06:25:19.117 9 WARNING neutron.scheduler.dhcp_agent_scheduler [None req-c13e8278-3887-4af5-8d13-ac9fde417345 b40a1a913a264151b4f9ae94a1b8389e 268cf60c707b405ba3c743a2e58ac568 - - - -] No more DHCP agents
2026-07-02 06:25:19.121 9 WARNING neutron.api.rpc.agentnotifiers.dhcp_rpc_agent_api [None req-c13e8278-3887-4af5-8d13-ac9fde417345 b40a1a913a264151b4f9ae94a1b8389e 268cf60c707b405ba3c743a2e58ac568 - - - -] Unable to schedule network aed2ef96-c70f-4c57-9e8b-5a7522d13ded: no agents available; will retry on subsequent port and subnet creation events.
2026-07-02 06:25:19.186 9 INFO neutron.db.ovn_revision_numbers_db [None req-c13e8278-3887-4af5-8d13-ac9fde417345 b40a1a913a264151b4f9ae94a1b8389e 268cf60c707b405ba3c743a2e58ac568 - - - -] Successfully bumped revision number for resource 68b850a6-c71d-4510-b9a6-8bc71cb6f5e7 (type: ports) to 1
2026-07-02 06:25:19.204 9 INFO neutron.wsgi [None req-c13e8278-3887-4af5-8d13-ac9fde417345 b40a1a913a264151b4f9ae94a1b8389e 268cf60c707b405ba3c743a2e58ac568 - - - -] 10.0.0.79 "POST /v2.0/networks HTTP/1.1" status: 201 len: 830 time: 0.7817352
2026-07-02 06:25:19.254 9 INFO neutron.wsgi [None req-286c8c45-1cff-4a66-a094-2c73c4ce0bc6 b40a1a913a264151b4f9ae94a1b8389e 268cf60c707b405ba3c743a2e58ac568 - - - -] 10.0.0.79 "PUT /v2.0/networks/aed2ef96-c70f-4c57-9e8b-5a7522d13ded/tags HTTP/1.1" status: 200 len: 218 time: 0.0459585
2026-07-02 06:25:19.302 9 INFO neutron.wsgi [None req-c8e9ac59-ef72-42bd-ba30-bfce4f8afae0 b40a1a913a264151b4f9ae94a1b8389e 268cf60c707b405ba3c743a2e58ac568 - - default default] 10.0.0.79 "GET /v2.0/networks/aed2ef96-c70f-4c57-9e8b-5a7522d13ded/tags HTTP/1.1" status: 200 len: 218 time: 0.0415015
2026-07-02 06:25:19.365 9 INFO neutron.wsgi [None req-e6d0e9b4-9372-4cc5-a73d-0e605a94e900 b40a1a913a264151b4f9ae94a1b8389e 268cf60c707b405ba3c743a2e58ac568 - - - -] 10.0.0.79 "PUT /v2.0/networks/aed2ef96-c70f-4c57-9e8b-5a7522d13ded/tags/green HTTP/1.1" status: 201 len: 201 time: 0.0534389
2026-07-02 06:25:19.428 9 INFO neutron.wsgi [None req-ab8903fd-35a2-46f0-8108-6a519070a816 b40a1a913a264151b4f9ae94a1b8389e 268cf60c707b405ba3c743a2e58ac568 - - default default] 10.0.0.79 "GET /v2.0/networks/aed2ef96-c70f-4c57-9e8b-5a7522d13ded/tags HTTP/1.1" status: 200 len: 227 time: 0.0560765
2026-07-02 06:25:19.483 9 INFO neutron.wsgi [None req-331a737b-27a3-4daf-a224-313d624c1895 b40a1a913a264151b4f9ae94a1b8389e 268cf60c707b405ba3c743a2e58ac568 - - - -] 10.0.0.79 "PUT /v2.0/networks/aed2ef96-c70f-4c57-9e8b-5a7522d13ded/tags/red HTTP/1.1" status: 201 len: 201 time: 0.0512745
2026-07-02 06:25:19.543 9 INFO neutron.wsgi [None req-7fcd7038-2d5b-40db-9d82-4f121f0e762b b40a1a913a264151b4f9ae94a1b8389e 268cf60c707b405ba3c743a2e58ac568 - - default default] 10.0.0.79 "GET /v2.0/networks/aed2ef96-c70f-4c57-9e8b-5a7522d13ded/tags HTTP/1.1" status: 200 len: 227 time: 0.0526505
2026-07-02 06:25:19.642 10 INFO neutron.wsgi [None req-2c1726f1-efd8-406e-9a48-6eb9c6df1b71 b40a1a913a264151b4f9ae94a1b8389e 268cf60c707b405ba3c743a2e58ac568 - - - -] 10.0.0.79 "PUT /v2.0/networks/aed2ef96-c70f-4c57-9e8b-5a7522d13ded/tags/black.or.white HTTP/1.1" status: 201 len: 201 time: 0.0927620
2026-07-02 06:25:19.710 10 INFO neutron.wsgi [None req-8852f05c-57f2-4735-a4c4-d82be40144b6 b40a1a913a264151b4f9ae94a1b8389e 268cf60c707b405ba3c743a2e58ac568 - - default default] 10.0.0.79 "GET /v2.0/networks/aed2ef96-c70f-4c57-9e8b-5a7522d13ded/tags HTTP/1.1" status: 200 len: 245 time: 0.0592947
2026-07-02 06:25:19.786 10 INFO neutron.wsgi [None req-e747363c-b41e-4696-bf00-a5639e0a8c50 b40a1a913a264151b4f9ae94a1b8389e 268cf60c707b405ba3c743a2e58ac568 - - - -] 10.0.0.79 "PUT /v2.0/networks/aed2ef96-c70f-4c57-9e8b-5a7522d13ded/tags HTTP/1.1" status: 200 len: 230 time: 0.0709054
2026-07-02 06:25:19.842 10 INFO neutron.wsgi [None req-1ab5e08c-6d6b-438d-8052-bf5b2ca1b62e b40a1a913a264151b4f9ae94a1b8389e 268cf60c707b405ba3c743a2e58ac568 - - default default] 10.0.0.79 "GET /v2.0/networks/aed2ef96-c70f-4c57-9e8b-5a7522d13ded/tags HTTP/1.1" status: 200 len: 230 time: 0.0502620
2026-07-02 06:25:19.895 9 INFO neutron.wsgi [None req-25741dde-ad90-4da9-83bb-f5655da14c4c b40a1a913a264151b4f9ae94a1b8389e 268cf60c707b405ba3c743a2e58ac568 - - default default] 10.0.0.79 "GET /v2.0/networks/aed2ef96-c70f-4c57-9e8b-5a7522d13ded/tags/red HTTP/1.1" status: 204 len: 168 time: 0.0479906
2026-07-02 06:25:19.939 9 INFO neutron.api.v2.resource [None req-5366b802-1cf6-4bd6-b408-77cbde0d3ec5 b40a1a913a264151b4f9ae94a1b8389e 268cf60c707b405ba3c743a2e58ac568 - - default default] show failed (client error): The resource could not be found.
2026-07-02 06:25:19.940 9 INFO neutron.wsgi [None req-5366b802-1cf6-4bd6-b408-77cbde0d3ec5 b40a1a913a264151b4f9ae94a1b8389e 268cf60c707b405ba3c743a2e58ac568 - - default default] 10.0.0.79 "GET /v2.0/networks/aed2ef96-c70f-4c57-9e8b-5a7522d13ded/tags/green HTTP/1.1" status: 404 len: 299 time: 0.0405891
2026-07-02 06:25:20.004 10 INFO neutron.wsgi [None req-e353359a-4f1a-49db-9c32-e24c60c504d6 b40a1a913a264151b4f9ae94a1b8389e 268cf60c707b405ba3c743a2e58ac568 - - - -] 10.0.0.79 "DELETE /v2.0/networks/aed2ef96-c70f-4c57-9e8b-5a7522d13ded/tags/red HTTP/1.1" status: 204 len: 168 time: 0.0566211
2026-07-02 06:25:20.065 10 INFO neutron.wsgi [None req-1c067fa9-0475-46f7-a9cb-640638a038b8 b40a1a913a264151b4f9ae94a1b8389e 268cf60c707b405ba3c743a2e58ac568 - - default default] 10.0.0.79 "GET /v2.0/networks/aed2ef96-c70f-4c57-9e8b-5a7522d13ded/tags HTTP/1.1" status: 200 len: 223 time: 0.0563588
2026-07-02 06:25:20.111 10 INFO neutron.api.v2.resource [None req-06619d27-66c5-47e3-9420-1ebdfab2468e b40a1a913a264151b4f9ae94a1b8389e 268cf60c707b405ba3c743a2e58ac568 - - - -] delete failed (client error): The resource could not be found.
2026-07-02 06:25:20.112 10 INFO neutron.wsgi [None req-06619d27-66c5-47e3-9420-1ebdfab2468e b40a1a913a264151b4f9ae94a1b8389e 268cf60c707b405ba3c743a2e58ac568 - - - -] 10.0.0.79 "DELETE /v2.0/networks/aed2ef96-c70f-4c57-9e8b-5a7522d13ded/tags/green HTTP/1.1" status: 404 len: 299 time: 0.0418069
2026-07-02 06:25:20.174 10 INFO neutron.wsgi [None req-9e9a4305-3515-4e22-a92e-9cb241ec21a3 b40a1a913a264151b4f9ae94a1b8389e 268cf60c707b405ba3c743a2e58ac568 - - - -] 10.0.0.79 "DELETE /v2.0/networks/aed2ef96-c70f-4c57-9e8b-5a7522d13ded/tags HTTP/1.1" status: 204 len: 168 time: 0.0545909
2026-07-02 06:25:20.227 9 INFO neutron.wsgi [None req-284d4375-a8a6-456c-ae8f-8c4436aa4349 b40a1a913a264151b4f9ae94a1b8389e 268cf60c707b405ba3c743a2e58ac568 - - default default] 10.0.0.79 "GET /v2.0/networks/aed2ef96-c70f-4c57-9e8b-5a7522d13ded/tags HTTP/1.1" status: 200 len: 205 time: 0.0470777
2026-07-02 06:25:20.539 9 INFO neutron.services.segments.plugin [-] Segment 70f8a749-6c82-46e4-b934-9f37fbc581cb resource provider aggregate not found
2026-07-02 06:25:20.544 9 INFO neutron.services.segments.plugin [-] Segment 70f8a749-6c82-46e4-b934-9f37fbc581cb resource provider aggregate not found
2026-07-02 06:25:20.560 9 INFO neutron.services.segments.plugin [-] Segment 70f8a749-6c82-46e4-b934-9f37fbc581cb resource provider not found; error: Placement Client Error (4xx): {"errors": [{"status": 404, "title": "Not Found", "detail": "The resource could not be found.\n\n No resource provider with uuid 70f8a749-6c82-46e4-b934-9f37fbc581cb found for delete ", "request_id": "req-1e078f46-a622-4d9c-a910-d109412d7024"}]}
2026-07-02 06:25:20.575 9 INFO neutron.services.segments.plugin [-] Segment 70f8a749-6c82-46e4-b934-9f37fbc581cb resource provider not found; error: Placement Client Error (4xx): {"errors": [{"status": 404, "title": "Not Found", "detail": "The resource could not be found.\n\n No resource provider with uuid 70f8a749-6c82-46e4-b934-9f37fbc581cb found for delete ", "request_id": "req-0893138d-afc0-4cd1-a378-f18ecb05572c"}]}
2026-07-02 06:25:20.590 9 INFO neutron.wsgi [None req-c6622e86-e94c-436a-ad05-d10e59b47bac b40a1a913a264151b4f9ae94a1b8389e 268cf60c707b405ba3c743a2e58ac568 - - - -] 10.0.0.79 "DELETE /v2.0/networks/aed2ef96-c70f-4c57-9e8b-5a7522d13ded HTTP/1.1" status: 204 len: 168 time: 0.3572428
2026-07-02 06:25:21.359 9 INFO neutron.wsgi [None req-88a2923a-d1ba-4360-9bd1-da5ac8a49494 5b4e09e9bcaf40b5999b61b45af84c86 7d4e6bf08eb9424884271f3739462231 - - default default] 10.0.0.79 "GET /v2.0/security-groups?tenant_id=268cf60c707b405ba3c743a2e58ac568&name=default HTTP/1.1" status: 200 len: 3000 time: 0.1356292
2026-07-02 06:25:21.533 9 INFO neutron.wsgi [None req-c7d753a1-d351-429c-bbd4-f2450068bdf6 5b4e09e9bcaf40b5999b61b45af84c86 7d4e6bf08eb9424884271f3739462231 - - - -] 10.0.0.79 "DELETE /v2.0/security-groups/bee06be3-184f-4578-98b7-10fb7c780e0e HTTP/1.1" status: 204 len: 168 time: 0.1663535
2026-07-02 06:25:21.733 9 INFO neutron.db.ovn_revision_numbers_db [None req-dafecc52-4c30-4fb6-8a8f-17521a691642 5b4e09e9bcaf40b5999b61b45af84c86 7d4e6bf08eb9424884271f3739462231 - - default default] Successfully bumped revision number for resource 9d255604-defb-4495-b292-cea921157ca5 (type: security_groups) to 1
2026-07-02 06:25:21.754 9 INFO neutron.wsgi [None req-dafecc52-4c30-4fb6-8a8f-17521a691642 5b4e09e9bcaf40b5999b61b45af84c86 7d4e6bf08eb9424884271f3739462231 - - default default] 10.0.0.79 "GET /v2.0/security-groups?tenant_id=7f613258994d4e40b1cc9cd03cadf56a&name=default HTTP/1.1" status: 200 len: 3000 time: 0.1264198
2026-07-02 06:25:21.946 9 INFO neutron.wsgi [None req-0522099c-51de-4af6-8c80-ed9e2461ee2c 5b4e09e9bcaf40b5999b61b45af84c86 7d4e6bf08eb9424884271f3739462231 - - - -] 10.0.0.79 "DELETE /v2.0/security-groups/9d255604-defb-4495-b292-cea921157ca5 HTTP/1.1" status: 204 len: 168 time: 0.1874413
2026-07-02 06:25:22.838 10 INFO neutron.wsgi [-] 10.0.0.185 "GET / HTTP/1.1" status: 200 len: 247 time: 0.0026281
2026-07-02 06:25:22.839 9 INFO neutron.wsgi [-] 10.0.0.185 "GET / HTTP/1.1" status: 200 len: 247 time: 0.0032692
2026-07-02 06:25:25.223 9 INFO neutron.db.ovn_revision_numbers_db [None req-4cf08136-71df-49ac-af32-5d68f5708a69 d6a1e2d322384ac99a402cb9d411ca2c ee124281dbb740669c7d42f9fa38e88a - - - -] Successfully bumped revision number for resource 507fcea6-a0bf-4ad2-99ba-43c07dc805a7 (type: security_groups) to 1
2026-07-02 06:25:25.316 9 INFO neutron.db.ovn_revision_numbers_db [None req-4cf08136-71df-49ac-af32-5d68f5708a69 d6a1e2d322384ac99a402cb9d411ca2c ee124281dbb740669c7d42f9fa38e88a - - - -] Successfully bumped revision number for resource 8174f194-adad-4bcf-8773-de08c9a2b3aa (type: security_groups) to 1
2026-07-02 06:25:25.346 9 INFO neutron.wsgi [None req-4cf08136-71df-49ac-af32-5d68f5708a69 d6a1e2d322384ac99a402cb9d411ca2c ee124281dbb740669c7d42f9fa38e88a - - - -] 10.0.0.79 "POST /v2.0/security-groups HTTP/1.1" status: 201 len: 1739 time: 0.3990276
2026-07-02 06:25:25.387 9 INFO neutron.wsgi [None req-7bfc530f-8e40-4416-82e9-b945d0454e64 d6a1e2d322384ac99a402cb9d411ca2c ee124281dbb740669c7d42f9fa38e88a - - - -] 10.0.0.79 "PUT /v2.0/security-groups/8174f194-adad-4bcf-8773-de08c9a2b3aa/tags HTTP/1.1" status: 200 len: 218 time: 0.0352793
2026-07-02 06:25:25.405 9 INFO neutron.wsgi [None req-b64ba15d-6be1-411e-9203-aa5cb8e293ff d6a1e2d322384ac99a402cb9d411ca2c ee124281dbb740669c7d42f9fa38e88a - - default default] 10.0.0.79 "GET /v2.0/security-groups/8174f194-adad-4bcf-8773-de08c9a2b3aa/tags HTTP/1.1" status: 200 len: 218 time: 0.0121210
2026-07-02 06:25:25.439 10 INFO neutron.wsgi [None req-d8b1e8a6-3e9e-49a1-b2f9-e2cb08ca0385 d6a1e2d322384ac99a402cb9d411ca2c ee124281dbb740669c7d42f9fa38e88a - - - -] 10.0.0.79 "PUT /v2.0/security-groups/8174f194-adad-4bcf-8773-de08c9a2b3aa/tags/green HTTP/1.1" status: 201 len: 201 time: 0.0306203
2026-07-02 06:25:25.458 10 INFO neutron.wsgi [None req-11b9ea71-8912-48cc-af0e-e28f814e5f84 d6a1e2d322384ac99a402cb9d411ca2c ee124281dbb740669c7d42f9fa38e88a - - default default] 10.0.0.79 "GET /v2.0/security-groups/8174f194-adad-4bcf-8773-de08c9a2b3aa/tags HTTP/1.1" status: 200 len: 227 time: 0.0146351
2026-07-02 06:25:25.477 10 INFO neutron.wsgi [None req-b07d568d-e656-4eae-8f12-5060407c7b8e d6a1e2d322384ac99a402cb9d411ca2c ee124281dbb740669c7d42f9fa38e88a - - - -] 10.0.0.79 "PUT /v2.0/security-groups/8174f194-adad-4bcf-8773-de08c9a2b3aa/tags/red HTTP/1.1" status: 201 len: 201 time: 0.0144286
2026-07-02 06:25:25.496 10 INFO neutron.wsgi [None req-ae71fb74-8880-42c0-89aa-d6081a7d1b52 d6a1e2d322384ac99a402cb9d411ca2c ee124281dbb740669c7d42f9fa38e88a - - default default] 10.0.0.79 "GET /v2.0/security-groups/8174f194-adad-4bcf-8773-de08c9a2b3aa/tags HTTP/1.1" status: 200 len: 227 time: 0.0144868
2026-07-02 06:25:25.525 9 INFO neutron.wsgi [None req-ed2d4a2a-a238-4579-9cd0-9b6b6cf7ef00 d6a1e2d322384ac99a402cb9d411ca2c ee124281dbb740669c7d42f9fa38e88a - - - -] 10.0.0.79 "PUT /v2.0/security-groups/8174f194-adad-4bcf-8773-de08c9a2b3aa/tags/black.or.white HTTP/1.1" status: 201 len: 201 time: 0.0242660
2026-07-02 06:25:25.542 9 INFO neutron.wsgi [None req-0eda37dd-7b71-4318-ba39-3e06e55023c4 d6a1e2d322384ac99a402cb9d411ca2c ee124281dbb740669c7d42f9fa38e88a - - default default] 10.0.0.79 "GET /v2.0/security-groups/8174f194-adad-4bcf-8773-de08c9a2b3aa/tags HTTP/1.1" status: 200 len: 245 time: 0.0126207
2026-07-02 06:25:25.576 9 INFO neutron.wsgi [None req-ed9d94ed-db17-4439-a6d0-0332f968c866 d6a1e2d322384ac99a402cb9d411ca2c ee124281dbb740669c7d42f9fa38e88a - - - -] 10.0.0.79 "PUT /v2.0/security-groups/8174f194-adad-4bcf-8773-de08c9a2b3aa/tags HTTP/1.1" status: 200 len: 230 time: 0.0275424
2026-07-02 06:25:25.602 9 INFO neutron.wsgi [None req-9fb6bf45-3f9c-438f-be42-3f00c9aa197f d6a1e2d322384ac99a402cb9d411ca2c ee124281dbb740669c7d42f9fa38e88a - - default default] 10.0.0.79 "GET /v2.0/security-groups/8174f194-adad-4bcf-8773-de08c9a2b3aa/tags HTTP/1.1" status: 200 len: 230 time: 0.0216963
2026-07-02 06:25:25.621 9 INFO neutron.wsgi [None req-2ded5d7d-df93-4002-b4d2-c8427b481497 d6a1e2d322384ac99a402cb9d411ca2c ee124281dbb740669c7d42f9fa38e88a - - default default] 10.0.0.79 "GET /v2.0/security-groups/8174f194-adad-4bcf-8773-de08c9a2b3aa/tags/red HTTP/1.1" status: 204 len: 168 time: 0.0152183
2026-07-02 06:25:25.638 9 INFO neutron.api.v2.resource [None req-9b002bd6-826a-4ad4-bf3a-b8af63cb609e d6a1e2d322384ac99a402cb9d411ca2c ee124281dbb740669c7d42f9fa38e88a - - default default] show failed (client error): The resource could not be found.
2026-07-02 06:25:25.639 9 INFO neutron.wsgi [None req-9b002bd6-826a-4ad4-bf3a-b8af63cb609e d6a1e2d322384ac99a402cb9d411ca2c ee124281dbb740669c7d42f9fa38e88a - - default default] 10.0.0.79 "GET /v2.0/security-groups/8174f194-adad-4bcf-8773-de08c9a2b3aa/tags/green HTTP/1.1" status: 404 len: 299 time: 0.0134158
2026-07-02 06:25:25.670 9 INFO neutron.wsgi [None req-24ee2a4a-74d2-487e-9210-bca412cdd70c d6a1e2d322384ac99a402cb9d411ca2c ee124281dbb740669c7d42f9fa38e88a - - - -] 10.0.0.79 "DELETE /v2.0/security-groups/8174f194-adad-4bcf-8773-de08c9a2b3aa/tags/red HTTP/1.1" status: 204 len: 168 time: 0.0258341
2026-07-02 06:25:25.687 9 INFO neutron.wsgi [None req-b180b312-c46d-4a64-b94a-5b01f9a7391c d6a1e2d322384ac99a402cb9d411ca2c ee124281dbb740669c7d42f9fa38e88a - - default default] 10.0.0.79 "GET /v2.0/security-groups/8174f194-adad-4bcf-8773-de08c9a2b3aa/tags HTTP/1.1" status: 200 len: 223 time: 0.0122952
2026-07-02 06:25:25.714 9 INFO neutron.api.v2.resource [None req-c6f9d2ca-0f8b-4aea-a2ea-506f514619d8 d6a1e2d322384ac99a402cb9d411ca2c ee124281dbb740669c7d42f9fa38e88a - - - -] delete failed (client error): The resource could not be found.
2026-07-02 06:25:25.716 9 INFO neutron.wsgi [None req-c6f9d2ca-0f8b-4aea-a2ea-506f514619d8 d6a1e2d322384ac99a402cb9d411ca2c ee124281dbb740669c7d42f9fa38e88a - - - -] 10.0.0.79 "DELETE /v2.0/security-groups/8174f194-adad-4bcf-8773-de08c9a2b3aa/tags/green HTTP/1.1" status: 404 len: 299 time: 0.0228009
2026-07-02 06:25:25.751 9 INFO neutron.wsgi [None req-98ee4262-9ad0-443b-9f60-53871e221e59 d6a1e2d322384ac99a402cb9d411ca2c ee124281dbb740669c7d42f9fa38e88a - - - -] 10.0.0.79 "DELETE /v2.0/security-groups/8174f194-adad-4bcf-8773-de08c9a2b3aa/tags HTTP/1.1" status: 204 len: 168 time: 0.0292604
2026-07-02 06:25:25.771 9 INFO neutron.wsgi [None req-c9a4dfa5-2c89-47e8-9e75-8d71418277ef d6a1e2d322384ac99a402cb9d411ca2c ee124281dbb740669c7d42f9fa38e88a - - default default] 10.0.0.79 "GET /v2.0/security-groups/8174f194-adad-4bcf-8773-de08c9a2b3aa/tags HTTP/1.1" status: 200 len: 205 time: 0.0150454
2026-07-02 06:25:25.903 9 INFO neutron.wsgi [None req-774c7645-d7ae-4f5f-afe7-13cf72f71fc4 d6a1e2d322384ac99a402cb9d411ca2c ee124281dbb740669c7d42f9fa38e88a - - - -] 10.0.0.79 "DELETE /v2.0/security-groups/8174f194-adad-4bcf-8773-de08c9a2b3aa HTTP/1.1" status: 204 len: 168 time: 0.1233766
2026-07-02 06:25:26.788 9 INFO neutron.db.ovn_revision_numbers_db [None req-51c654bc-8b9d-40da-bfa3-1b35da3834da 5b4e09e9bcaf40b5999b61b45af84c86 7d4e6bf08eb9424884271f3739462231 - - default default] Successfully bumped revision number for resource 0aaa8eac-d64b-4ae4-a765-0f429385236e (type: security_groups) to 1
2026-07-02 06:25:26.811 9 INFO neutron.wsgi [None req-51c654bc-8b9d-40da-bfa3-1b35da3834da 5b4e09e9bcaf40b5999b61b45af84c86 7d4e6bf08eb9424884271f3739462231 - - default default] 10.0.0.79 "GET /v2.0/security-groups?tenant_id=b754c012686c462bad910770051ef4e1&name=default HTTP/1.1" status: 200 len: 3000 time: 0.2319007
2026-07-02 06:25:26.998 9 INFO neutron.wsgi [None req-b6a77171-6638-491b-84ee-f53c28c53df7 5b4e09e9bcaf40b5999b61b45af84c86 7d4e6bf08eb9424884271f3739462231 - - - -] 10.0.0.79 "DELETE /v2.0/security-groups/0aaa8eac-d64b-4ae4-a765-0f429385236e HTTP/1.1" status: 204 len: 168 time: 0.1815150
2026-07-02 06:25:27.126 9 INFO neutron.wsgi [None req-9906dbfd-33e6-4d9c-b808-e75ca2ae2de7 5b4e09e9bcaf40b5999b61b45af84c86 7d4e6bf08eb9424884271f3739462231 - - default default] 10.0.0.79 "GET /v2.0/security-groups?tenant_id=ee124281dbb740669c7d42f9fa38e88a&name=default HTTP/1.1" status: 200 len: 3000 time: 0.0360401
2026-07-02 06:25:27.316 10 INFO neutron.wsgi [None req-b125773c-499c-4171-9592-de23adc6e386 5b4e09e9bcaf40b5999b61b45af84c86 7d4e6bf08eb9424884271f3739462231 - - - -] 10.0.0.79 "DELETE /v2.0/security-groups/507fcea6-a0bf-4ad2-99ba-43c07dc805a7 HTTP/1.1" status: 204 len: 168 time: 0.1857564
2026-07-02 06:25:29.146 15 INFO neutron.db.ovn_revision_numbers_db [None req-b0afdd4f-8df0-410d-8c78-da54e252e534 - - - - - -] Successfully bumped revision number for resource 1c37447f-5722-477e-bfa2-c90f4fc02b06 (type: networks) to 3
2026-07-02 06:25:29.222 15 INFO neutron.db.ovn_revision_numbers_db [None req-b0afdd4f-8df0-410d-8c78-da54e252e534 - - - - - -] Successfully bumped revision number for resource 5155fab2-6943-4e39-9dae-15a7bc567b00 (type: networks) to 3
2026-07-02 06:25:29.292 15 INFO neutron.db.ovn_revision_numbers_db [None req-b0afdd4f-8df0-410d-8c78-da54e252e534 - - - - - -] Successfully bumped revision number for resource acdf511f-91c6-40e5-83d7-3af648a15a17 (type: networks) to 3
2026-07-02 06:25:29.327 15 INFO neutron.db.ovn_revision_numbers_db [None req-b0afdd4f-8df0-410d-8c78-da54e252e534 - - - - - -] Successfully bumped revision number for resource 8ce5a28b-76d9-4677-b0a4-a14367ac4561 (type: security_groups) to 12
2026-07-02 06:25:29.722 15 INFO neutron.db.ovn_revision_numbers_db [None req-b0afdd4f-8df0-410d-8c78-da54e252e534 - - - - - -] Successfully bumped revision number for resource ed30f74d-2d2f-4c88-ba5d-e9c9cf8c944f (type: routers) to 6
2026-07-02 06:25:30.098 15 INFO neutron.plugins.ml2.drivers.ovn.mech_driver.ovsdb.maintenance [None req-b0afdd4f-8df0-410d-8c78-da54e252e534 - - - - - -] Maintenance task: Synchronization finished (took 1.02 seconds)
