2026-07-02 06:27:00.950 10 INFO neutron.wsgi [req-78938091-db67-40ec-a61d-d883f71ac513 req-9b7a56f3-4571-4ff7-a19e-cfa648883f2c 61185dab1d68427ebbc3201dcb371977 bceb53729f44493ca424a3ca25f841ce - - a5e034bf6ba748e8b33b73356ae16185 a5e034bf6ba748e8b33b73356ae16185] 199.19.213.151 "GET /v2.0/ports?network_id=5155fab2-6943-4e39-9dae-15a7bc567b00&device_owner=network%3Adhcp HTTP/1.1" status: 200 len: 210 time: 0.0303175
2026-07-02 06:27:00.982 10 INFO neutron.wsgi [req-78938091-db67-40ec-a61d-d883f71ac513 req-dc2e8455-1614-49b4-93f2-c64862ed1ef6 61185dab1d68427ebbc3201dcb371977 bceb53729f44493ca424a3ca25f841ce - - a5e034bf6ba748e8b33b73356ae16185 a5e034bf6ba748e8b33b73356ae16185] 199.19.213.151 "GET /v2.0/ports?network_id=5155fab2-6943-4e39-9dae-15a7bc567b00&device_owner=network%3Adhcp HTTP/1.1" status: 200 len: 210 time: 0.0237796
2026-07-02 06:27:00.997 9 INFO neutron.wsgi [req-449fbce3-0597-4d63-b932-66c8d3431553 req-6eb9c1ba-7c55-44ff-a1e2-0cd939e8843c a44de2ab1d9242d19a7f9e1308c00e45 47da10434456473e8cbba21381724dd6 - - default default] 10.0.0.71 "GET /v2.0/security-groups?id=8ce5a28b-76d9-4677-b0a4-a14367ac4561&fields=id&fields=name HTTP/1.1" status: 200 len: 309 time: 0.0681708
2026-07-02 06:27:01.063 10 INFO neutron.wsgi [req-78938091-db67-40ec-a61d-d883f71ac513 req-6ab344bb-3410-4dfa-91fa-f6703369c108 61185dab1d68427ebbc3201dcb371977 bceb53729f44493ca424a3ca25f841ce - - a5e034bf6ba748e8b33b73356ae16185 a5e034bf6ba748e8b33b73356ae16185] 199.19.213.151 "GET /v2.0/networks/5155fab2-6943-4e39-9dae-15a7bc567b00?fields=segments HTTP/1.1" status: 200 len: 212 time: 0.0735583
2026-07-02 06:27:01.130 10 INFO neutron.wsgi [req-78938091-db67-40ec-a61d-d883f71ac513 req-b60671e0-0e78-49b7-a0d5-df136b7c9d78 61185dab1d68427ebbc3201dcb371977 bceb53729f44493ca424a3ca25f841ce - - a5e034bf6ba748e8b33b73356ae16185 a5e034bf6ba748e8b33b73356ae16185] 199.19.213.151 "GET /v2.0/networks/5155fab2-6943-4e39-9dae-15a7bc567b00?fields=provider%3Aphysical_network&fields=provider%3Anetwork_type HTTP/1.1" status: 200 len: 277 time: 0.0606422
2026-07-02 06:27:01.178 9 INFO neutron.db.ovn_revision_numbers_db [None req-88340fd5-c39a-472f-8088-4e6bd594532e - - - - - -] Successfully bumped revision number for resource 429a760d-0a58-43d7-85f7-303d2e362c08 (type: ports) to 5
2026-07-02 06:27:01.216 10 INFO neutron.wsgi [req-23707d33-3758-45aa-a2e7-e96381b14e73 req-b3388a6c-2245-433e-96ee-6c9968c14f1e a44de2ab1d9242d19a7f9e1308c00e45 47da10434456473e8cbba21381724dd6 - - default default] 199.19.213.151 "GET /v2.0/ports?device_id=4f0f1111-c874-4cb7-b559-6cedc96bfd2d HTTP/1.1" status: 200 len: 1394 time: 0.0879319
2026-07-02 06:27:01.526 10 INFO neutron.wsgi [None req-f298a85c-5323-42f7-9839-c73cce26a174 a44de2ab1d9242d19a7f9e1308c00e45 47da10434456473e8cbba21381724dd6 - - - -] 199.19.213.151 "DELETE /v2.0/ports/429a760d-0a58-43d7-85f7-303d2e362c08 HTTP/1.1" status: 204 len: 173 time: 0.3053315
2026-07-02 06:27:01.564 10 INFO neutron.notifiers.nova [-] Nova event matching ['req-da14c2e1-df54-4a4b-80f7-4dc81725f4a7'] response: {'server_uuid': '4f0f1111-c874-4cb7-b559-6cedc96bfd2d', 'name': 'network-vif-deleted', 'tag': '429a760d-0a58-43d7-85f7-303d2e362c08', 'status': 'completed', 'code': 200}
2026-07-02 06:27:02.720 9 INFO neutron.notifiers.nova [-] Nova event matching ['req-74150ef1-3bf5-4359-a4f0-441d4a08cdec'] response: {'server_uuid': '4f0f1111-c874-4cb7-b559-6cedc96bfd2d', 'name': 'network-vif-unplugged', 'status': 'completed', 'tag': '429a760d-0a58-43d7-85f7-303d2e362c08', 'code': 200}
2026-07-02 06:27:02.720 9 INFO neutron.notifiers.nova [-] Nova event matching ['req-74150ef1-3bf5-4359-a4f0-441d4a08cdec'] response: {'server_uuid': '4f0f1111-c874-4cb7-b559-6cedc96bfd2d', 'name': 'network-vif-plugged', 'status': 'completed', 'tag': '429a760d-0a58-43d7-85f7-303d2e362c08', 'code': 200}
2026-07-02 06:27:06.190 10 INFO neutron.wsgi [None req-4996ca3d-fbd2-4c16-9849-d442a0d57afd a44de2ab1d9242d19a7f9e1308c00e45 47da10434456473e8cbba21381724dd6 - - - -] 10.0.0.79 "DELETE /v2.0/security-group-rules/7379c553-cac7-4b17-bace-696d56b7b0a2 HTTP/1.1" status: 204 len: 168 time: 0.1175370 /var/lib/openstack/lib/python3.10/site-packages/pycadf/identifier.py:71: UserWarning: Invalid uuid: neutron. To ensure interoperability, identifiers should be a valid uuid. warnings.warn(('Invalid uuid: %s. To ensure interoperability, '
2026-07-02 06:27:06.209 9 INFO neutron.api.v2.resource [None req-e340b450-a941-4f67-81f4-83227e830a0d a44de2ab1d9242d19a7f9e1308c00e45 47da10434456473e8cbba21381724dd6 - - default default] show failed (client error): The resource could not be found.
2026-07-02 06:27:06.210 9 INFO neutron.wsgi [None req-e340b450-a941-4f67-81f4-83227e830a0d a44de2ab1d9242d19a7f9e1308c00e45 47da10434456473e8cbba21381724dd6 - - default default] 10.0.0.79 "GET /v2.0/security-group-rules/7379c553-cac7-4b17-bace-696d56b7b0a2 HTTP/1.1" status: 404 len: 356 time: 0.0144913
2026-07-02 06:27:06.325 9 INFO neutron.wsgi [None req-d0565a29-5639-4f77-b32d-97df9a3b6076 a44de2ab1d9242d19a7f9e1308c00e45 47da10434456473e8cbba21381724dd6 - - - -] 10.0.0.79 "DELETE /v2.0/security-group-rules/c8129784-25e8-429c-ba86-8fe9bc3c5578 HTTP/1.1" status: 204 len: 168 time: 0.1100545
2026-07-02 06:27:06.342 10 INFO neutron.api.v2.resource [None req-6f6c9b5e-603c-48a7-92ed-75406b1c9b02 a44de2ab1d9242d19a7f9e1308c00e45 47da10434456473e8cbba21381724dd6 - - default default] show failed (client error): The resource could not be found.
2026-07-02 06:27:06.343 10 INFO neutron.wsgi [None req-6f6c9b5e-603c-48a7-92ed-75406b1c9b02 a44de2ab1d9242d19a7f9e1308c00e45 47da10434456473e8cbba21381724dd6 - - default default] 10.0.0.79 "GET /v2.0/security-group-rules/c8129784-25e8-429c-ba86-8fe9bc3c5578 HTTP/1.1" status: 404 len: 356 time: 0.0131183
2026-07-02 06:27:06.446 10 INFO neutron.wsgi [None req-df636656-9e17-4a80-b64c-911aa00b3e47 a44de2ab1d9242d19a7f9e1308c00e45 47da10434456473e8cbba21381724dd6 - - - -] 10.0.0.79 "DELETE /v2.0/security-group-rules/9d02b3ce-4053-476e-8a8c-016e85a7fa01 HTTP/1.1" status: 204 len: 168 time: 0.0977306
2026-07-02 06:27:06.460 10 INFO neutron.api.v2.resource [None req-cad70edc-73e2-445c-b815-a7bb34b28c24 a44de2ab1d9242d19a7f9e1308c00e45 47da10434456473e8cbba21381724dd6 - - default default] show failed (client error): The resource could not be found.
2026-07-02 06:27:06.461 10 INFO neutron.wsgi [None req-cad70edc-73e2-445c-b815-a7bb34b28c24 a44de2ab1d9242d19a7f9e1308c00e45 47da10434456473e8cbba21381724dd6 - - default default] 10.0.0.79 "GET /v2.0/security-group-rules/9d02b3ce-4053-476e-8a8c-016e85a7fa01 HTTP/1.1" status: 404 len: 356 time: 0.0098288
2026-07-02 06:27:06.555 10 INFO neutron.wsgi [None req-59e31891-7639-4722-95f7-173ea16933c1 a44de2ab1d9242d19a7f9e1308c00e45 47da10434456473e8cbba21381724dd6 - - - -] 10.0.0.79 "DELETE /v2.0/security-group-rules/d4ce7978-7d5c-48cd-9446-18b209b8fd5b HTTP/1.1" status: 204 len: 168 time: 0.0905869
2026-07-02 06:27:06.567 10 INFO neutron.api.v2.resource [None req-796d82d3-2a01-4bff-bca2-96f773b335d5 a44de2ab1d9242d19a7f9e1308c00e45 47da10434456473e8cbba21381724dd6 - - default default] show failed (client error): The resource could not be found.
2026-07-02 06:27:06.568 10 INFO neutron.wsgi [None req-796d82d3-2a01-4bff-bca2-96f773b335d5 a44de2ab1d9242d19a7f9e1308c00e45 47da10434456473e8cbba21381724dd6 - - default default] 10.0.0.79 "GET /v2.0/security-group-rules/d4ce7978-7d5c-48cd-9446-18b209b8fd5b HTTP/1.1" status: 404 len: 356 time: 0.0080364
2026-07-02 06:27:06.666 10 INFO neutron.wsgi [None req-0593a7f9-7cf8-4887-8618-7bd08a0d606d a44de2ab1d9242d19a7f9e1308c00e45 47da10434456473e8cbba21381724dd6 - - - -] 10.0.0.79 "DELETE /v2.0/security-group-rules/964357f7-4086-4aef-aa6c-32b85cf88e78 HTTP/1.1" status: 204 len: 168 time: 0.0945213
2026-07-02 06:27:06.678 10 INFO neutron.api.v2.resource [None req-4345ab32-c315-414c-b840-9e04c1902355 a44de2ab1d9242d19a7f9e1308c00e45 47da10434456473e8cbba21381724dd6 - - default default] show failed (client error): The resource could not be found.
2026-07-02 06:27:06.679 10 INFO neutron.wsgi [None req-4345ab32-c315-414c-b840-9e04c1902355 a44de2ab1d9242d19a7f9e1308c00e45 47da10434456473e8cbba21381724dd6 - - default default] 10.0.0.79 "GET /v2.0/security-group-rules/964357f7-4086-4aef-aa6c-32b85cf88e78 HTTP/1.1" status: 404 len: 356 time: 0.0085831
2026-07-02 06:27:06.779 9 INFO neutron.wsgi [None req-c5c6260c-de9f-420e-b46d-9d9741f89d5b a44de2ab1d9242d19a7f9e1308c00e45 47da10434456473e8cbba21381724dd6 - - - -] 10.0.0.79 "DELETE /v2.0/security-group-rules/81129bde-8584-4102-a76b-4e8814e966d7 HTTP/1.1" status: 204 len: 168 time: 0.0966098
2026-07-02 06:27:06.804 10 INFO neutron.api.v2.resource [None req-04e006f2-3a45-4533-b19d-54acd79a64df a44de2ab1d9242d19a7f9e1308c00e45 47da10434456473e8cbba21381724dd6 - - default default] show failed (client error): The resource could not be found.
2026-07-02 06:27:06.805 10 INFO neutron.wsgi [None req-04e006f2-3a45-4533-b19d-54acd79a64df a44de2ab1d9242d19a7f9e1308c00e45 47da10434456473e8cbba21381724dd6 - - default default] 10.0.0.79 "GET /v2.0/security-group-rules/81129bde-8584-4102-a76b-4e8814e966d7 HTTP/1.1" status: 404 len: 356 time: 0.0112948
2026-07-02 06:27:06.901 10 INFO neutron.wsgi [None req-afcebcfd-b909-4903-affe-d9ca49e9b1e2 a44de2ab1d9242d19a7f9e1308c00e45 47da10434456473e8cbba21381724dd6 - - - -] 10.0.0.79 "DELETE /v2.0/security-group-rules/55880386-7176-4f43-a0ac-7bf04b04d036 HTTP/1.1" status: 204 len: 168 time: 0.0915599
2026-07-02 06:27:06.912 10 INFO neutron.api.v2.resource [None req-abf06925-0154-4c7c-a029-b81bfe1507ac a44de2ab1d9242d19a7f9e1308c00e45 47da10434456473e8cbba21381724dd6 - - default default] show failed (client error): The resource could not be found.
2026-07-02 06:27:06.913 10 INFO neutron.wsgi [None req-abf06925-0154-4c7c-a029-b81bfe1507ac a44de2ab1d9242d19a7f9e1308c00e45 47da10434456473e8cbba21381724dd6 - - default default] 10.0.0.79 "GET /v2.0/security-group-rules/55880386-7176-4f43-a0ac-7bf04b04d036 HTTP/1.1" status: 404 len: 356 time: 0.0087874
2026-07-02 06:27:07.027 10 INFO neutron.wsgi [None req-c316574d-bb8b-4201-a9c4-6d8be46a1591 a44de2ab1d9242d19a7f9e1308c00e45 47da10434456473e8cbba21381724dd6 - - - -] 10.0.0.79 "DELETE /v2.0/security-group-rules/9cf397ab-798d-479e-81a8-5034fe4137bb HTTP/1.1" status: 204 len: 168 time: 0.1106689
2026-07-02 06:27:07.043 10 INFO neutron.api.v2.resource [None req-8a01d102-8b95-41b8-aa6c-b85c0e67d965 a44de2ab1d9242d19a7f9e1308c00e45 47da10434456473e8cbba21381724dd6 - - default default] show failed (client error): The resource could not be found.
2026-07-02 06:27:07.044 10 INFO neutron.wsgi [None req-8a01d102-8b95-41b8-aa6c-b85c0e67d965 a44de2ab1d9242d19a7f9e1308c00e45 47da10434456473e8cbba21381724dd6 - - default default] 10.0.0.79 "GET /v2.0/security-group-rules/9cf397ab-798d-479e-81a8-5034fe4137bb HTTP/1.1" status: 404 len: 356 time: 0.0131698
2026-07-02 06:27:07.138 10 INFO neutron.wsgi [None req-ee02c7e6-0166-4654-ab0a-8772ba83d578 a44de2ab1d9242d19a7f9e1308c00e45 47da10434456473e8cbba21381724dd6 - - - -] 10.0.0.79 "DELETE /v2.0/security-group-rules/3cd769b8-c858-4665-ae9a-1d980e58a381 HTTP/1.1" status: 204 len: 168 time: 0.0905776
2026-07-02 06:27:07.157 10 INFO neutron.api.v2.resource [None req-e6efd99d-be22-4b60-ba3c-abbe2967b7d0 a44de2ab1d9242d19a7f9e1308c00e45 47da10434456473e8cbba21381724dd6 - - default default] show failed (client error): The resource could not be found.
2026-07-02 06:27:07.160 10 INFO neutron.wsgi [None req-e6efd99d-be22-4b60-ba3c-abbe2967b7d0 a44de2ab1d9242d19a7f9e1308c00e45 47da10434456473e8cbba21381724dd6 - - default default] 10.0.0.79 "GET /v2.0/security-group-rules/3cd769b8-c858-4665-ae9a-1d980e58a381 HTTP/1.1" status: 404 len: 356 time: 0.0161324
2026-07-02 06:27:07.266 10 INFO neutron.wsgi [None req-e905ce71-9418-4bfa-abff-f91ea4cfebef a44de2ab1d9242d19a7f9e1308c00e45 47da10434456473e8cbba21381724dd6 - - - -] 10.0.0.79 "DELETE /v2.0/security-group-rules/4c3b9f03-7e13-451d-a85f-553a803ddfbc HTTP/1.1" status: 204 len: 168 time: 0.1020224
2026-07-02 06:27:07.279 10 INFO neutron.api.v2.resource [None req-6bd0aeb3-b8e7-4f4f-8717-6bf9dee16854 a44de2ab1d9242d19a7f9e1308c00e45 47da10434456473e8cbba21381724dd6 - - default default] show failed (client error): The resource could not be found.
2026-07-02 06:27:07.280 10 INFO neutron.wsgi [None req-6bd0aeb3-b8e7-4f4f-8717-6bf9dee16854 a44de2ab1d9242d19a7f9e1308c00e45 47da10434456473e8cbba21381724dd6 - - default default] 10.0.0.79 "GET /v2.0/security-group-rules/4c3b9f03-7e13-451d-a85f-553a803ddfbc HTTP/1.1" status: 404 len: 356 time: 0.0106168
2026-07-02 06:27:07.368 10 INFO neutron.wsgi [None req-dda51c91-d080-4c8d-a484-99a53ccc1135 a44de2ab1d9242d19a7f9e1308c00e45 47da10434456473e8cbba21381724dd6 - - - -] 10.0.0.79 "DELETE /v2.0/security-group-rules/6bdd9376-0acb-43b5-b593-a05d0a0fb89a HTTP/1.1" status: 204 len: 168 time: 0.0833066
2026-07-02 06:27:07.382 10 INFO neutron.api.v2.resource [None req-0df5317e-ae54-41f8-a1fd-0765977d59fa a44de2ab1d9242d19a7f9e1308c00e45 47da10434456473e8cbba21381724dd6 - - default default] show failed (client error): The resource could not be found.
2026-07-02 06:27:07.383 10 INFO neutron.wsgi [None req-0df5317e-ae54-41f8-a1fd-0765977d59fa a44de2ab1d9242d19a7f9e1308c00e45 47da10434456473e8cbba21381724dd6 - - default default] 10.0.0.79 "GET /v2.0/security-group-rules/6bdd9376-0acb-43b5-b593-a05d0a0fb89a HTTP/1.1" status: 404 len: 356 time: 0.0101347
2026-07-02 06:27:07.486 10 INFO neutron.wsgi [None req-35d6901f-e590-48fc-bcf2-8c1bd5a40214 a44de2ab1d9242d19a7f9e1308c00e45 47da10434456473e8cbba21381724dd6 - - - -] 10.0.0.79 "DELETE /v2.0/security-groups/8ce5a28b-76d9-4677-b0a4-a14367ac4561 HTTP/1.1" status: 204 len: 168 time: 0.0994234
2026-07-02 06:27:07.500 10 INFO neutron.api.v2.resource [None req-000bcc63-1788-4c6f-92e7-77a3da33e0c6 a44de2ab1d9242d19a7f9e1308c00e45 47da10434456473e8cbba21381724dd6 - - default default] show failed (client error): The resource could not be found.
2026-07-02 06:27:07.501 10 INFO neutron.wsgi [None req-000bcc63-1788-4c6f-92e7-77a3da33e0c6 a44de2ab1d9242d19a7f9e1308c00e45 47da10434456473e8cbba21381724dd6 - - default default] 10.0.0.79 "GET /v2.0/security-groups/8ce5a28b-76d9-4677-b0a4-a14367ac4561 HTTP/1.1" status: 404 len: 347 time: 0.0107892
2026-07-02 06:27:07.838 9 INFO neutron.wsgi [-] 10.0.0.185 "GET / HTTP/1.1" status: 200 len: 247 time: 0.0026469
2026-07-02 06:27:07.841 9 INFO neutron.wsgi [-] 10.0.0.185 "GET / HTTP/1.1" status: 200 len: 247 time: 0.0020685
2026-07-02 06:27:08.655 10 INFO neutron.wsgi [None req-09b350d4-9aae-4a1c-b099-75779c82ce76 a44de2ab1d9242d19a7f9e1308c00e45 47da10434456473e8cbba21381724dd6 - - - -] 10.0.0.79 "PUT /v2.0/routers/ed30f74d-2d2f-4c88-ba5d-e9c9cf8c944f/remove_router_interface HTTP/1.1" status: 200 len: 503 time: 1.1097577
2026-07-02 06:27:08.852 9 INFO neutron.api.v2.resource [None req-920608a9-027f-496e-a7e4-ad3cd4b2496d a44de2ab1d9242d19a7f9e1308c00e45 47da10434456473e8cbba21381724dd6 - - default default] remove_router_interface failed (client error): The resource could not be found.
2026-07-02 06:27:08.854 9 INFO neutron.wsgi [None req-920608a9-027f-496e-a7e4-ad3cd4b2496d a44de2ab1d9242d19a7f9e1308c00e45 47da10434456473e8cbba21381724dd6 - - default default] 10.0.0.79 "PUT /v2.0/routers/ed30f74d-2d2f-4c88-ba5d-e9c9cf8c944f/remove_router_interface HTTP/1.1" status: 404 len: 399 time: 0.1940849
2026-07-02 06:27:10.070 9 INFO neutron.wsgi [None req-34b8ba32-6d9c-4673-b45d-43420748b896 a44de2ab1d9242d19a7f9e1308c00e45 47da10434456473e8cbba21381724dd6 - - - -] 10.0.0.79 "PUT /v2.0/routers/ed30f74d-2d2f-4c88-ba5d-e9c9cf8c944f/remove_router_interface HTTP/1.1" status: 200 len: 503 time: 1.2110467 /var/lib/openstack/lib/python3.10/site-packages/pycadf/identifier.py:71: UserWarning: Invalid uuid: neutron. To ensure interoperability, identifiers should be a valid uuid. warnings.warn(('Invalid uuid: %s. To ensure interoperability, '
2026-07-02 06:27:10.205 9 INFO neutron.api.v2.resource [None req-ce2666ee-b3b4-472c-8466-303a994e7ca7 a44de2ab1d9242d19a7f9e1308c00e45 47da10434456473e8cbba21381724dd6 - - default default] remove_router_interface failed (client error): The resource could not be found.
2026-07-02 06:27:10.206 9 INFO neutron.wsgi [None req-ce2666ee-b3b4-472c-8466-303a994e7ca7 a44de2ab1d9242d19a7f9e1308c00e45 47da10434456473e8cbba21381724dd6 - - default default] 10.0.0.79 "PUT /v2.0/routers/ed30f74d-2d2f-4c88-ba5d-e9c9cf8c944f/remove_router_interface HTTP/1.1" status: 404 len: 399 time: 0.1321523
2026-07-02 06:27:11.050 9 INFO neutron.wsgi [None req-5dd2e22c-7800-4342-97b1-f5afd62529d0 a44de2ab1d9242d19a7f9e1308c00e45 47da10434456473e8cbba21381724dd6 - - - -] 10.0.0.79 "PUT /v2.0/routers/ed30f74d-2d2f-4c88-ba5d-e9c9cf8c944f/remove_router_interface HTTP/1.1" status: 200 len: 503 time: 0.8383436 /var/lib/openstack/lib/python3.10/site-packages/pycadf/identifier.py:71: UserWarning: Invalid uuid: neutron. To ensure interoperability, identifiers should be a valid uuid. warnings.warn(('Invalid uuid: %s. To ensure interoperability, '
2026-07-02 06:27:11.176 9 INFO neutron.api.v2.resource [None req-7c0dc207-59ca-4f67-a5ac-63f4b68175b0 a44de2ab1d9242d19a7f9e1308c00e45 47da10434456473e8cbba21381724dd6 - - default default] remove_router_interface failed (client error): The resource could not be found.
2026-07-02 06:27:11.178 9 INFO neutron.wsgi [None req-7c0dc207-59ca-4f67-a5ac-63f4b68175b0 a44de2ab1d9242d19a7f9e1308c00e45 47da10434456473e8cbba21381724dd6 - - default default] 10.0.0.79 "PUT /v2.0/routers/ed30f74d-2d2f-4c88-ba5d-e9c9cf8c944f/remove_router_interface HTTP/1.1" status: 404 len: 399 time: 0.1233208
2026-07-02 06:27:11.791 9 INFO neutron.wsgi [None req-35effaf3-0ae8-4e59-b991-fb8f1873f0e6 a44de2ab1d9242d19a7f9e1308c00e45 47da10434456473e8cbba21381724dd6 - - - -] 10.0.0.79 "DELETE /v2.0/routers/ed30f74d-2d2f-4c88-ba5d-e9c9cf8c944f HTTP/1.1" status: 204 len: 168 time: 0.6077037
2026-07-02 06:27:11.820 9 INFO neutron.api.v2.resource [None req-d5a032cd-fad2-4fa8-aa54-48571dfe6125 a44de2ab1d9242d19a7f9e1308c00e45 47da10434456473e8cbba21381724dd6 - - default default] show failed (client error): The resource could not be found.
2026-07-02 06:27:11.821 9 INFO neutron.wsgi [None req-d5a032cd-fad2-4fa8-aa54-48571dfe6125 a44de2ab1d9242d19a7f9e1308c00e45 47da10434456473e8cbba21381724dd6 - - default default] 10.0.0.79 "GET /v2.0/routers/ed30f74d-2d2f-4c88-ba5d-e9c9cf8c944f HTTP/1.1" status: 404 len: 336 time: 0.0267828
2026-07-02 06:27:12.043 9 INFO neutron.wsgi [None req-6dea6356-103d-46a7-96de-d5975738c13a a44de2ab1d9242d19a7f9e1308c00e45 47da10434456473e8cbba21381724dd6 - - - -] 10.0.0.79 "DELETE /v2.0/subnets/cb83948f-7f10-4796-bdd0-295c38fba44d HTTP/1.1" status: 204 len: 168 time: 0.2177782
2026-07-02 06:27:12.071 9 INFO neutron.pecan_wsgi.hooks.translation [None req-f6d40516-9ba8-4e78-8c42-a696c917c314 a44de2ab1d9242d19a7f9e1308c00e45 47da10434456473e8cbba21381724dd6 - - default default] GET failed (client error): The resource could not be found.
2026-07-02 06:27:12.072 9 INFO neutron.wsgi [None req-f6d40516-9ba8-4e78-8c42-a696c917c314 a44de2ab1d9242d19a7f9e1308c00e45 47da10434456473e8cbba21381724dd6 - - default default] 10.0.0.79 "GET /v2.0/subnets/cb83948f-7f10-4796-bdd0-295c38fba44d HTTP/1.1" status: 404 len: 337 time: 0.0225883
2026-07-02 06:27:12.304 9 INFO neutron.wsgi [None req-ccf17e2f-eb36-4aa1-9cb5-c93f53b77e05 a44de2ab1d9242d19a7f9e1308c00e45 47da10434456473e8cbba21381724dd6 - - - -] 10.0.0.79 "DELETE /v2.0/subnets/f1d9b581-345e-4fff-9d95-83a2c390486e HTTP/1.1" status: 204 len: 168 time: 0.2278616
2026-07-02 06:27:12.331 9 INFO neutron.pecan_wsgi.hooks.translation [None req-c1145863-7eaf-41bc-afdf-9327f9363594 a44de2ab1d9242d19a7f9e1308c00e45 47da10434456473e8cbba21381724dd6 - - default default] GET failed (client error): The resource could not be found.
2026-07-02 06:27:12.332 9 INFO neutron.wsgi [None req-c1145863-7eaf-41bc-afdf-9327f9363594 a44de2ab1d9242d19a7f9e1308c00e45 47da10434456473e8cbba21381724dd6 - - default default] 10.0.0.79 "GET /v2.0/subnets/f1d9b581-345e-4fff-9d95-83a2c390486e HTTP/1.1" status: 404 len: 337 time: 0.0204079
2026-07-02 06:27:12.667 9 INFO neutron.wsgi [None req-f1f36dc9-afb6-40e1-af53-7c5286b8db9e a44de2ab1d9242d19a7f9e1308c00e45 47da10434456473e8cbba21381724dd6 - - - -] 10.0.0.79 "DELETE /v2.0/networks/acdf511f-91c6-40e5-83d7-3af648a15a17 HTTP/1.1" status: 204 len: 168 time: 0.3307052 /var/lib/openstack/lib/python3.10/site-packages/pycadf/identifier.py:71: UserWarning: Invalid uuid: neutron. To ensure interoperability, identifiers should be a valid uuid. warnings.warn(('Invalid uuid: %s. To ensure interoperability, '
2026-07-02 06:27:12.697 10 INFO neutron.pecan_wsgi.hooks.translation [None req-0465c941-7e05-4ef2-a5d8-d0b18ef30a93 a44de2ab1d9242d19a7f9e1308c00e45 47da10434456473e8cbba21381724dd6 - - default default] GET failed (client error): The resource could not be found.
2026-07-02 06:27:12.699 10 INFO neutron.wsgi [None req-0465c941-7e05-4ef2-a5d8-d0b18ef30a93 a44de2ab1d9242d19a7f9e1308c00e45 47da10434456473e8cbba21381724dd6 - - default default] 10.0.0.79 "GET /v2.0/networks/acdf511f-91c6-40e5-83d7-3af648a15a17 HTTP/1.1" status: 404 len: 339 time: 0.0249505
2026-07-02 06:27:12.747 9 INFO neutron.services.segments.plugin [-] Segment 361df6c2-9740-4b7e-b64d-49f7a0e8a9d1 resource provider aggregate not found
2026-07-02 06:27:12.753 9 INFO neutron.services.segments.plugin [-] Segment 361df6c2-9740-4b7e-b64d-49f7a0e8a9d1 resource provider aggregate not found
2026-07-02 06:27:12.769 9 INFO neutron.services.segments.plugin [-] Segment 361df6c2-9740-4b7e-b64d-49f7a0e8a9d1 resource provider not found; error: Placement Client Error (4xx): {"errors": [{"status": 404, "title": "Not Found", "detail": "The resource could not be found.\n\n No resource provider with uuid 361df6c2-9740-4b7e-b64d-49f7a0e8a9d1 found for delete ", "request_id": "req-28c77909-606a-424b-aa0a-679a70c12466"}]}
2026-07-02 06:27:12.771 9 INFO neutron.services.segments.plugin [-] Segment 361df6c2-9740-4b7e-b64d-49f7a0e8a9d1 resource provider not found; error: Placement Client Error (4xx): {"errors": [{"status": 404, "title": "Not Found", "detail": "The resource could not be found.\n\n No resource provider with uuid 361df6c2-9740-4b7e-b64d-49f7a0e8a9d1 found for delete ", "request_id": "req-6bb5254a-f3b4-439c-885f-8eee72a42b0a"}]}
2026-07-02 06:27:12.883 10 INFO neutron.wsgi [None req-8284b43d-1800-4f7e-857a-f2ee63220417 a44de2ab1d9242d19a7f9e1308c00e45 47da10434456473e8cbba21381724dd6 - - - -] 10.0.0.79 "DELETE /v2.0/subnets/dce3d3f8-ba0b-4602-8cf0-e44dfb2634fd HTTP/1.1" status: 204 len: 168 time: 0.1785033
2026-07-02 06:27:12.908 10 INFO neutron.pecan_wsgi.hooks.translation [None req-952012e3-c6a8-4bfb-a1b0-e584442aaf5b a44de2ab1d9242d19a7f9e1308c00e45 47da10434456473e8cbba21381724dd6 - - default default] GET failed (client error): The resource could not be found.
2026-07-02 06:27:12.909 10 INFO neutron.wsgi [None req-952012e3-c6a8-4bfb-a1b0-e584442aaf5b a44de2ab1d9242d19a7f9e1308c00e45 47da10434456473e8cbba21381724dd6 - - default default] 10.0.0.79 "GET /v2.0/subnets/dce3d3f8-ba0b-4602-8cf0-e44dfb2634fd HTTP/1.1" status: 404 len: 337 time: 0.0212092
2026-07-02 06:27:13.146 10 INFO neutron.wsgi [None req-8068fbac-44cc-4203-acf3-2f398e5fd65a a44de2ab1d9242d19a7f9e1308c00e45 47da10434456473e8cbba21381724dd6 - - - -] 10.0.0.79 "DELETE /v2.0/subnets/d6cd0833-dd9e-4344-aea5-f39ff98ca1dc HTTP/1.1" status: 204 len: 168 time: 0.2324290
2026-07-02 06:27:13.168 10 INFO neutron.pecan_wsgi.hooks.translation [None req-25efea50-cdd8-4ebc-ae3e-6c92f83d30f4 a44de2ab1d9242d19a7f9e1308c00e45 47da10434456473e8cbba21381724dd6 - - default default] GET failed (client error): The resource could not be found.
2026-07-02 06:27:13.169 10 INFO neutron.wsgi [None req-25efea50-cdd8-4ebc-ae3e-6c92f83d30f4 a44de2ab1d9242d19a7f9e1308c00e45 47da10434456473e8cbba21381724dd6 - - default default] 10.0.0.79 "GET /v2.0/subnets/d6cd0833-dd9e-4344-aea5-f39ff98ca1dc HTTP/1.1" status: 404 len: 337 time: 0.0179160
2026-07-02 06:27:13.578 10 INFO neutron.wsgi [None req-d4c56a02-45a9-476e-82b8-9e58db5c68c1 a44de2ab1d9242d19a7f9e1308c00e45 47da10434456473e8cbba21381724dd6 - - - -] 10.0.0.79 "DELETE /v2.0/networks/5155fab2-6943-4e39-9dae-15a7bc567b00 HTTP/1.1" status: 204 len: 168 time: 0.4043348
2026-07-02 06:27:13.579 10 INFO neutron.services.segments.plugin [-] Segment e8f03cdf-4579-4cc9-a452-66214e95e35d resource provider aggregate not found
2026-07-02 06:27:13.586 10 INFO neutron.services.segments.plugin [-] Segment e8f03cdf-4579-4cc9-a452-66214e95e35d resource provider aggregate not found
2026-07-02 06:27:13.599 9 INFO neutron.pecan_wsgi.hooks.translation [None req-a525879d-1a99-4b55-9a35-736006a30c51 a44de2ab1d9242d19a7f9e1308c00e45 47da10434456473e8cbba21381724dd6 - - default default] GET failed (client error): The resource could not be found.
2026-07-02 06:27:13.600 9 INFO neutron.wsgi [None req-a525879d-1a99-4b55-9a35-736006a30c51 a44de2ab1d9242d19a7f9e1308c00e45 47da10434456473e8cbba21381724dd6 - - default default] 10.0.0.79 "GET /v2.0/networks/5155fab2-6943-4e39-9dae-15a7bc567b00 HTTP/1.1" status: 404 len: 339 time: 0.0180478
2026-07-02 06:27:13.603 10 INFO neutron.services.segments.plugin [-] Segment e8f03cdf-4579-4cc9-a452-66214e95e35d resource provider not found; error: Placement Client Error (4xx): {"errors": [{"status": 404, "title": "Not Found", "detail": "The resource could not be found.\n\n No resource provider with uuid e8f03cdf-4579-4cc9-a452-66214e95e35d found for delete ", "request_id": "req-1d8bad2f-8e69-47d8-a0b9-ec20b269f108"}]}
2026-07-02 06:27:13.605 10 INFO neutron.services.segments.plugin [-] Segment e8f03cdf-4579-4cc9-a452-66214e95e35d resource provider not found; error: Placement Client Error (4xx): {"errors": [{"status": 404, "title": "Not Found", "detail": "The resource could not be found.\n\n No resource provider with uuid e8f03cdf-4579-4cc9-a452-66214e95e35d found for delete ", "request_id": "req-a4fec08c-4210-4fb7-9160-386a5e6c06bf"}]}
2026-07-02 06:27:13.758 9 INFO neutron.wsgi [None req-0a37258f-f495-4352-912d-e73ad384ad78 a44de2ab1d9242d19a7f9e1308c00e45 47da10434456473e8cbba21381724dd6 - - - -] 10.0.0.79 "DELETE /v2.0/subnets/fdfa664c-f197-4e9f-8873-3d497a842163 HTTP/1.1" status: 204 len: 168 time: 0.1546109
2026-07-02 06:27:13.781 9 INFO neutron.pecan_wsgi.hooks.translation [None req-5b35cb45-bc1d-4d9b-b9a6-b6542020f03d a44de2ab1d9242d19a7f9e1308c00e45 47da10434456473e8cbba21381724dd6 - - default default] GET failed (client error): The resource could not be found.
2026-07-02 06:27:13.782 9 INFO neutron.wsgi [None req-5b35cb45-bc1d-4d9b-b9a6-b6542020f03d a44de2ab1d9242d19a7f9e1308c00e45 47da10434456473e8cbba21381724dd6 - - default default] 10.0.0.79 "GET /v2.0/subnets/fdfa664c-f197-4e9f-8873-3d497a842163 HTTP/1.1" status: 404 len: 337 time: 0.0196636
2026-07-02 06:27:13.993 9 INFO neutron.wsgi [None req-db853780-aeab-4f29-8ec8-c5d1fd6ee212 a44de2ab1d9242d19a7f9e1308c00e45 47da10434456473e8cbba21381724dd6 - - - -] 10.0.0.79 "DELETE /v2.0/subnets/f3451a67-0889-45af-88d6-f9936cc35a2d HTTP/1.1" status: 204 len: 168 time: 0.2060099
2026-07-02 06:27:14.020 9 INFO neutron.pecan_wsgi.hooks.translation [None req-63379f16-67b9-4b78-b6ad-c143ef84e57f a44de2ab1d9242d19a7f9e1308c00e45 47da10434456473e8cbba21381724dd6 - - default default] GET failed (client error): The resource could not be found.
2026-07-02 06:27:14.022 9 INFO neutron.wsgi [None req-63379f16-67b9-4b78-b6ad-c143ef84e57f a44de2ab1d9242d19a7f9e1308c00e45 47da10434456473e8cbba21381724dd6 - - default default] 10.0.0.79 "GET /v2.0/subnets/f3451a67-0889-45af-88d6-f9936cc35a2d HTTP/1.1" status: 404 len: 337 time: 0.0237825
2026-07-02 06:27:14.679 9 INFO neutron.wsgi [None req-b12bd325-0ff3-446a-8c1b-4007b274b3ec a44de2ab1d9242d19a7f9e1308c00e45 47da10434456473e8cbba21381724dd6 - - - -] 10.0.0.79 "DELETE /v2.0/networks/1c37447f-5722-477e-bfa2-c90f4fc02b06 HTTP/1.1" status: 204 len: 168 time: 0.6515815
2026-07-02 06:27:14.707 10 INFO neutron.pecan_wsgi.hooks.translation [None req-c408aeae-179e-4cd2-b67d-5cbf0b3603d0 a44de2ab1d9242d19a7f9e1308c00e45 47da10434456473e8cbba21381724dd6 - - default default] GET failed (client error): The resource could not be found.
2026-07-02 06:27:14.710 10 INFO neutron.wsgi [None req-c408aeae-179e-4cd2-b67d-5cbf0b3603d0 a44de2ab1d9242d19a7f9e1308c00e45 47da10434456473e8cbba21381724dd6 - - default default] 10.0.0.79 "GET /v2.0/networks/1c37447f-5722-477e-bfa2-c90f4fc02b06 HTTP/1.1" status: 404 len: 339 time: 0.0246644
2026-07-02 06:27:14.791 9 INFO neutron.services.segments.plugin [-] Segment 9907e3fd-58da-4542-84ad-26dff0d59546 resource provider aggregate not found
2026-07-02 06:27:14.797 9 INFO neutron.services.segments.plugin [-] Segment 9907e3fd-58da-4542-84ad-26dff0d59546 resource provider aggregate not found
2026-07-02 06:27:14.810 9 INFO neutron.services.segments.plugin [-] Segment 9907e3fd-58da-4542-84ad-26dff0d59546 resource provider not found; error: Placement Client Error (4xx): {"errors": [{"status": 404, "title": "Not Found", "detail": "The resource could not be found.\n\n No resource provider with uuid 9907e3fd-58da-4542-84ad-26dff0d59546 found for delete ", "request_id": "req-6d67a639-77d6-4162-abdb-f1e7c0d381c6"}]}
2026-07-02 06:27:14.814 9 INFO neutron.services.segments.plugin [-] Segment 9907e3fd-58da-4542-84ad-26dff0d59546 resource provider not found; error: Placement Client Error (4xx): {"errors": [{"status": 404, "title": "Not Found", "detail": "The resource could not be found.\n\n No resource provider with uuid 9907e3fd-58da-4542-84ad-26dff0d59546 found for delete ", "request_id": "req-1831b437-bad5-4f35-bf3f-b453b6c949ac"}]}
2026-07-02 06:27:16.919 9 INFO neutron.db.ovn_revision_numbers_db [None req-8290da37-c613-42d0-9260-64076dd653e9 5b4e09e9bcaf40b5999b61b45af84c86 7d4e6bf08eb9424884271f3739462231 - - default default] Successfully bumped revision number for resource bc7f0f6e-ae44-48e9-9574-3aa76fd2951f (type: security_groups) to 1
2026-07-02 06:27:16.950 9 INFO neutron.wsgi [None req-8290da37-c613-42d0-9260-64076dd653e9 5b4e09e9bcaf40b5999b61b45af84c86 7d4e6bf08eb9424884271f3739462231 - - default default] 10.0.0.79 "GET /v2.0/security-groups?tenant_id=d5ad3c7ec7f841d1a1b34da52fedfd05&name=default HTTP/1.1" status: 200 len: 3000 time: 0.2881055
2026-07-02 06:27:17.128 9 INFO neutron.wsgi [None req-b33333b8-5076-4691-8d72-77732c620905 5b4e09e9bcaf40b5999b61b45af84c86 7d4e6bf08eb9424884271f3739462231 - - - -] 10.0.0.79 "DELETE /v2.0/security-groups/bc7f0f6e-ae44-48e9-9574-3aa76fd2951f HTTP/1.1" status: 204 len: 168 time: 0.1723876
2026-07-02 06:27:17.320 9 INFO neutron.db.ovn_revision_numbers_db [None req-6b1f2118-55dc-41d1-a8c7-72d81844580d 5b4e09e9bcaf40b5999b61b45af84c86 7d4e6bf08eb9424884271f3739462231 - - default default] Successfully bumped revision number for resource 96118f89-f985-4f61-b5cd-d262a1f2ee41 (type: security_groups) to 1
2026-07-02 06:27:17.340 9 INFO neutron.wsgi [None req-6b1f2118-55dc-41d1-a8c7-72d81844580d 5b4e09e9bcaf40b5999b61b45af84c86 7d4e6bf08eb9424884271f3739462231 - - default default] 10.0.0.79 "GET /v2.0/security-groups?tenant_id=b1c1a530ccd64fa68e611f337abe6fef&name=default HTTP/1.1" status: 200 len: 3000 time: 0.1082213
2026-07-02 06:27:17.514 9 INFO neutron.wsgi [None req-d17c8830-42cd-4593-9756-a4a34ac4c20b 5b4e09e9bcaf40b5999b61b45af84c86 7d4e6bf08eb9424884271f3739462231 - - - -] 10.0.0.79 "DELETE /v2.0/security-groups/96118f89-f985-4f61-b5cd-d262a1f2ee41 HTTP/1.1" status: 204 len: 168 time: 0.1690423
2026-07-02 06:27:17.740 9 INFO neutron.db.ovn_revision_numbers_db [None req-d280108a-8e02-4c32-b629-b4650ea9e4c3 5b4e09e9bcaf40b5999b61b45af84c86 7d4e6bf08eb9424884271f3739462231 - - default default] Successfully bumped revision number for resource fc57d258-6688-4755-9258-ecea06bb2f2e (type: security_groups) to 1
2026-07-02 06:27:17.762 9 INFO neutron.wsgi [None req-d280108a-8e02-4c32-b629-b4650ea9e4c3 5b4e09e9bcaf40b5999b61b45af84c86 7d4e6bf08eb9424884271f3739462231 - - default default] 10.0.0.79 "GET /v2.0/security-groups?tenant_id=9cb148b75eca4277b49df981999bd7ac&name=default HTTP/1.1" status: 200 len: 3000 time: 0.1189644
2026-07-02 06:27:17.950 9 INFO neutron.wsgi [None req-ff8e37f6-8ba1-41c1-8dcd-c6fffb01ee2a 5b4e09e9bcaf40b5999b61b45af84c86 7d4e6bf08eb9424884271f3739462231 - - - -] 10.0.0.79 "DELETE /v2.0/security-groups/fc57d258-6688-4755-9258-ecea06bb2f2e HTTP/1.1" status: 204 len: 168 time: 0.1835294
2026-07-02 06:27:18.145 10 INFO neutron.wsgi [None req-27de419c-405f-43a2-b8bd-0eddf88767b1 5b4e09e9bcaf40b5999b61b45af84c86 7d4e6bf08eb9424884271f3739462231 - - default default] 10.0.0.79 "GET /v2.0/security-groups?tenant_id=47da10434456473e8cbba21381724dd6&name=default HTTP/1.1" status: 200 len: 2996 time: 0.0291111
2026-07-02 06:27:18.321 10 INFO neutron.wsgi [None req-80d47f75-9268-4a98-b37b-592998bce33b 5b4e09e9bcaf40b5999b61b45af84c86 7d4e6bf08eb9424884271f3739462231 - - - -] 10.0.0.79 "DELETE /v2.0/security-groups/35e761df-9385-46db-af34-dc4286f7abb3 HTTP/1.1" status: 204 len: 168 time: 0.1711886
2026-07-02 06:27:18.561 9 INFO neutron.db.ovn_revision_numbers_db [None req-1f9cf3e6-2866-4eb9-917a-8ed63ea25d71 5b4e09e9bcaf40b5999b61b45af84c86 7d4e6bf08eb9424884271f3739462231 - - default default] Successfully bumped revision number for resource 8ac829c3-4034-4e29-b7c2-5d65637ed8f0 (type: security_groups) to 1
2026-07-02 06:27:18.589 9 INFO neutron.wsgi [None req-1f9cf3e6-2866-4eb9-917a-8ed63ea25d71 5b4e09e9bcaf40b5999b61b45af84c86 7d4e6bf08eb9424884271f3739462231 - - default default] 10.0.0.79 "GET /v2.0/security-groups?tenant_id=8053478726154983a213369b136e29a3&name=default HTTP/1.1" status: 200 len: 3000 time: 0.1194460
2026-07-02 06:27:18.763 9 INFO neutron.wsgi [None req-19dbf2ed-3a99-42cb-9e43-b7e4be637b3f 5b4e09e9bcaf40b5999b61b45af84c86 7d4e6bf08eb9424884271f3739462231 - - - -] 10.0.0.79 "DELETE /v2.0/security-groups/8ac829c3-4034-4e29-b7c2-5d65637ed8f0 HTTP/1.1" status: 204 len: 168 time: 0.1694262
2026-07-02 06:27:19.031 9 INFO neutron.db.ovn_revision_numbers_db [None req-d45de03f-ae0b-436d-bc4f-62d609643eb7 5b4e09e9bcaf40b5999b61b45af84c86 7d4e6bf08eb9424884271f3739462231 - - default default] Successfully bumped revision number for resource 5607dcde-d032-4b98-965c-f4604b5ad4fa (type: security_groups) to 1
2026-07-02 06:27:19.066 9 INFO neutron.wsgi [None req-d45de03f-ae0b-436d-bc4f-62d609643eb7 5b4e09e9bcaf40b5999b61b45af84c86 7d4e6bf08eb9424884271f3739462231 - - default default] 10.0.0.79 "GET /v2.0/security-groups?tenant_id=e6e8f93890974c2f8503a5cfc6b7280a&name=default HTTP/1.1" status: 200 len: 3000 time: 0.1508150
2026-07-02 06:27:19.271 9 INFO neutron.wsgi [None req-05b38baf-4894-404d-82fe-0ff980195f73 5b4e09e9bcaf40b5999b61b45af84c86 7d4e6bf08eb9424884271f3739462231 - - - -] 10.0.0.79 "DELETE /v2.0/security-groups/5607dcde-d032-4b98-965c-f4604b5ad4fa HTTP/1.1" status: 204 len: 168 time: 0.2008002
2026-07-02 06:27:19.522 10 INFO neutron.db.ovn_revision_numbers_db [None req-07a1f894-8b91-49e6-98f1-4551a8732817 5b4e09e9bcaf40b5999b61b45af84c86 7d4e6bf08eb9424884271f3739462231 - - default default] Successfully bumped revision number for resource b3c76db8-612d-4dc6-9bf3-3669da19e9b1 (type: security_groups) to 1
2026-07-02 06:27:19.545 10 INFO neutron.wsgi [None req-07a1f894-8b91-49e6-98f1-4551a8732817 5b4e09e9bcaf40b5999b61b45af84c86 7d4e6bf08eb9424884271f3739462231 - - default default] 10.0.0.79 "GET /v2.0/security-groups?tenant_id=717a3e52ecc34e1db345a7b09faaf5c0&name=default HTTP/1.1" status: 200 len: 3000 time: 0.1168475
2026-07-02 06:27:19.710 10 INFO neutron.wsgi [None req-bef7513e-681c-467c-a7a1-7d7a6edb7c13 5b4e09e9bcaf40b5999b61b45af84c86 7d4e6bf08eb9424884271f3739462231 - - - -] 10.0.0.79 "DELETE /v2.0/security-groups/b3c76db8-612d-4dc6-9bf3-3669da19e9b1 HTTP/1.1" status: 204 len: 168 time: 0.1596427
2026-07-02 06:27:22.839 9 INFO neutron.wsgi [-] 10.0.0.185 "GET / HTTP/1.1" status: 200 len: 247 time: 0.0030525
2026-07-02 06:27:22.842 9 INFO neutron.wsgi [-] 10.0.0.185 "GET / HTTP/1.1" status: 200 len: 247 time: 0.0020566
2026-07-02 06:27:24.117 10 INFO neutron.db.ovn_revision_numbers_db [None req-422747f8-e5f3-47cf-a303-e3de63f5c402 716a1af05ad9471686869b54c46f1deb 7d1d74e20e33487597c1ac578145de09 - - - -] Successfully bumped revision number for resource df1ef2c2-7929-4de1-b509-2f32197ea9eb (type: routers) to 1
2026-07-02 06:27:24.131 10 INFO neutron.wsgi [None req-422747f8-e5f3-47cf-a303-e3de63f5c402 716a1af05ad9471686869b54c46f1deb 7d1d74e20e33487597c1ac578145de09 - - - -] 10.0.0.79 "POST /v2.0/routers HTTP/1.1" status: 201 len: 654 time: 0.3524165
2026-07-02 06:27:24.305 10 INFO neutron.db.ovn_revision_numbers_db [None req-c7b35c71-cc23-4d75-ae70-96d75b721bd0 716a1af05ad9471686869b54c46f1deb 7d1d74e20e33487597c1ac578145de09 - - - -] Successfully bumped revision number for resource 390c6779-8c6d-40ef-a48b-8be71cc40b6c (type: routers) to 1
2026-07-02 06:27:24.317 10 INFO neutron.wsgi [None req-c7b35c71-cc23-4d75-ae70-96d75b721bd0 716a1af05ad9471686869b54c46f1deb 7d1d74e20e33487597c1ac578145de09 - - - -] 10.0.0.79 "POST /v2.0/routers HTTP/1.1" status: 201 len: 654 time: 0.1811931
2026-07-02 06:27:24.482 10 INFO neutron.db.ovn_revision_numbers_db [None req-73836da8-70e6-4bc8-8f38-57110e9c62d7 716a1af05ad9471686869b54c46f1deb 7d1d74e20e33487597c1ac578145de09 - - - -] Successfully bumped revision number for resource bb797375-65e9-4c70-8097-7992747b7b97 (type: routers) to 1
2026-07-02 06:27:24.496 10 INFO neutron.wsgi [None req-73836da8-70e6-4bc8-8f38-57110e9c62d7 716a1af05ad9471686869b54c46f1deb 7d1d74e20e33487597c1ac578145de09 - - - -] 10.0.0.79 "POST /v2.0/routers HTTP/1.1" status: 201 len: 654 time: 0.1737218
2026-07-02 06:27:24.660 10 INFO neutron.db.ovn_revision_numbers_db [None req-ed081b85-2fe1-4b34-9b99-70db2a0d17c2 716a1af05ad9471686869b54c46f1deb 7d1d74e20e33487597c1ac578145de09 - - - -] Successfully bumped revision number for resource fabb5eb7-3417-4e46-8eaa-0c0e033f653c (type: routers) to 1
2026-07-02 06:27:24.678 10 INFO neutron.wsgi [None req-ed081b85-2fe1-4b34-9b99-70db2a0d17c2 716a1af05ad9471686869b54c46f1deb 7d1d74e20e33487597c1ac578145de09 - - - -] 10.0.0.79 "POST /v2.0/routers HTTP/1.1" status: 201 len: 654 time: 0.1766701
2026-07-02 06:27:24.861 9 INFO neutron.db.ovn_revision_numbers_db [None req-9a7a3939-1e4d-4c46-b40b-59def656c932 716a1af05ad9471686869b54c46f1deb 7d1d74e20e33487597c1ac578145de09 - - - -] Successfully bumped revision number for resource a3959fc1-80ee-4ab0-8cf5-8b586e458566 (type: routers) to 1
2026-07-02 06:27:24.879 9 INFO neutron.wsgi [None req-9a7a3939-1e4d-4c46-b40b-59def656c932 716a1af05ad9471686869b54c46f1deb 7d1d74e20e33487597c1ac578145de09 - - - -] 10.0.0.79 "POST /v2.0/routers HTTP/1.1" status: 201 len: 654 time: 0.1904705
2026-07-02 06:27:24.943 9 INFO neutron.wsgi [None req-ce1094de-2838-4d29-88fe-d45af1b72b5a 716a1af05ad9471686869b54c46f1deb 7d1d74e20e33487597c1ac578145de09 - - - -] 10.0.0.79 "PUT /v2.0/routers/df1ef2c2-7929-4de1-b509-2f32197ea9eb/tags HTTP/1.1" status: 200 len: 210 time: 0.0595610
2026-07-02 06:27:25.014 9 INFO neutron.wsgi [None req-64575b9d-8810-497f-a2ef-06f2354f6d3a 716a1af05ad9471686869b54c46f1deb 7d1d74e20e33487597c1ac578145de09 - - - -] 10.0.0.79 "PUT /v2.0/routers/390c6779-8c6d-40ef-a48b-8be71cc40b6c/tags HTTP/1.1" status: 200 len: 218 time: 0.0668693
2026-07-02 06:27:25.074 9 INFO neutron.wsgi [None req-f18b61d0-29ad-441c-9ee4-56d6e72c8614 716a1af05ad9471686869b54c46f1deb 7d1d74e20e33487597c1ac578145de09 - - - -] 10.0.0.79 "PUT /v2.0/routers/bb797375-65e9-4c70-8097-7992747b7b97/tags HTTP/1.1" status: 200 len: 227 time: 0.0557280
2026-07-02 06:27:25.143 10 INFO neutron.wsgi [None req-3f2868ab-8bc9-48ad-8808-ff65f5f985e1 716a1af05ad9471686869b54c46f1deb 7d1d74e20e33487597c1ac578145de09 - - - -] 10.0.0.79 "PUT /v2.0/routers/fabb5eb7-3417-4e46-8eaa-0c0e033f653c/tags HTTP/1.1" status: 200 len: 212 time: 0.0638175
2026-07-02 06:27:25.513 10 INFO neutron.wsgi [None req-71208ae4-e452-44a4-8a52-8a542291f388 716a1af05ad9471686869b54c46f1deb 7d1d74e20e33487597c1ac578145de09 - - default default] 10.0.0.79 "GET /v2.0/routers?tags=red HTTP/1.1" status: 200 len: 1601 time: 0.3643217
2026-07-02 06:27:25.596 10 INFO neutron.wsgi [None req-926bc7f8-eef8-4b20-b3b1-b7db98471d0e 716a1af05ad9471686869b54c46f1deb 7d1d74e20e33487597c1ac578145de09 - - default default] 10.0.0.79 "GET /v2.0/routers?tags=red%2Cblue HTTP/1.1" status: 200 len: 1144 time: 0.0773964
2026-07-02 06:27:25.700 10 INFO neutron.wsgi [None req-e066967b-ba05-4683-bad3-0350707e1834 716a1af05ad9471686869b54c46f1deb 7d1d74e20e33487597c1ac578145de09 - - default default] 10.0.0.79 "GET /v2.0/routers?tags-any=blue HTTP/1.1" status: 200 len: 1144 time: 0.0993330
2026-07-02 06:27:25.755 10 INFO neutron.wsgi [None req-513ca2a4-6206-45cc-b4ef-fae070cf1425 716a1af05ad9471686869b54c46f1deb 7d1d74e20e33487597c1ac578145de09 - - default default] 10.0.0.79 "GET /v2.0/routers?tags-any=red%2Cblue HTTP/1.1" status: 200 len: 1601 time: 0.0492435
2026-07-02 06:27:25.833 10 INFO neutron.wsgi [None req-be8f59dd-019f-4e5e-ac70-66b32fa6f1cd 716a1af05ad9471686869b54c46f1deb 7d1d74e20e33487597c1ac578145de09 - - default default] 10.0.0.79 "GET /v2.0/routers?not-tags=red HTTP/1.1" status: 200 len: 1116 time: 0.0710888
2026-07-02 06:27:25.913 10 INFO neutron.wsgi [None req-6685af7b-d8c7-439b-8f20-b1d7386bd434 716a1af05ad9471686869b54c46f1deb 7d1d74e20e33487597c1ac578145de09 - - default default] 10.0.0.79 "GET /v2.0/routers?not-tags=red%2Cblue HTTP/1.1" status: 200 len: 1573 time: 0.0752835
2026-07-02 06:27:26.008 10 INFO neutron.wsgi [None req-71e3a784-b46f-4d16-a49c-702fee0729ba 716a1af05ad9471686869b54c46f1deb 7d1d74e20e33487597c1ac578145de09 - - default default] 10.0.0.79 "GET /v2.0/routers?not-tags-any=blue HTTP/1.1" status: 200 len: 1573 time: 0.0900776
2026-07-02 06:27:26.079 10 INFO neutron.wsgi [None req-08442286-4837-44a4-b0a9-7b6746a4961c 716a1af05ad9471686869b54c46f1deb 7d1d74e20e33487597c1ac578145de09 - - default default] 10.0.0.79 "GET /v2.0/routers?not-tags-any=red%2Cblue HTTP/1.1" status: 200 len: 1116 time: 0.0662546
2026-07-02 06:27:26.136 10 INFO neutron.wsgi [None req-628449e5-c035-4cb0-afc7-f222e2326e94 716a1af05ad9471686869b54c46f1deb 7d1d74e20e33487597c1ac578145de09 - - default default] 10.0.0.79 "GET /v2.0/routers/df1ef2c2-7929-4de1-b509-2f32197ea9eb HTTP/1.1" status: 200 len: 660 time: 0.0500195
2026-07-02 06:27:26.799 10 INFO neutron.db.ovn_revision_numbers_db [None req-ae3f28c5-6f98-4adb-ae3c-5e1b6e374a20 716a1af05ad9471686869b54c46f1deb 7d1d74e20e33487597c1ac578145de09 - - - -] Successfully bumped revision number for resource df1ef2c2-7929-4de1-b509-2f32197ea9eb (type: routers) to 4
2026-07-02 06:27:26.802 10 INFO neutron.wsgi [None req-ae3f28c5-6f98-4adb-ae3c-5e1b6e374a20 716a1af05ad9471686869b54c46f1deb 7d1d74e20e33487597c1ac578145de09 - - - -] 10.0.0.79 "PUT /v2.0/routers/df1ef2c2-7929-4de1-b509-2f32197ea9eb HTTP/1.1" status: 200 len: 660 time: 0.6620858
2026-07-02 06:27:26.825 10 INFO neutron.wsgi [None req-a6452b1b-7270-4dd5-b295-10d24b4eb811 716a1af05ad9471686869b54c46f1deb 7d1d74e20e33487597c1ac578145de09 - - default default] 10.0.0.79 "GET /v2.0/ports?device_id=df1ef2c2-7929-4de1-b509-2f32197ea9eb HTTP/1.1" status: 200 len: 205 time: 0.0190089
2026-07-02 06:27:27.072 10 INFO neutron.wsgi [None req-51d749bd-eea7-48b2-a536-4a68f17328d4 716a1af05ad9471686869b54c46f1deb 7d1d74e20e33487597c1ac578145de09 - - - -] 10.0.0.79 "DELETE /v2.0/routers/df1ef2c2-7929-4de1-b509-2f32197ea9eb HTTP/1.1" status: 204 len: 168 time: 0.2416580
2026-07-02 06:27:27.127 10 INFO neutron.wsgi [None req-0a3609e4-7d47-4614-a7fa-2838a72008f1 716a1af05ad9471686869b54c46f1deb 7d1d74e20e33487597c1ac578145de09 - - default default] 10.0.0.79 "GET /v2.0/routers/390c6779-8c6d-40ef-a48b-8be71cc40b6c HTTP/1.1" status: 200 len: 668 time: 0.0508566
2026-07-02 06:27:27.563 10 INFO neutron.db.ovn_revision_numbers_db [None req-6af4552b-ea28-4ff6-9954-2d00c7a9ace4 716a1af05ad9471686869b54c46f1deb 7d1d74e20e33487597c1ac578145de09 - - - -] Successfully bumped revision number for resource 390c6779-8c6d-40ef-a48b-8be71cc40b6c (type: routers) to 4
2026-07-02 06:27:27.566 10 INFO neutron.wsgi [None req-6af4552b-ea28-4ff6-9954-2d00c7a9ace4 716a1af05ad9471686869b54c46f1deb 7d1d74e20e33487597c1ac578145de09 - - - -] 10.0.0.79 "PUT /v2.0/routers/390c6779-8c6d-40ef-a48b-8be71cc40b6c HTTP/1.1" status: 200 len: 668 time: 0.4341502
2026-07-02 06:27:27.592 10 INFO neutron.wsgi [None req-e1af0a68-06f1-4ce2-9aca-a13ab894eb48 716a1af05ad9471686869b54c46f1deb 7d1d74e20e33487597c1ac578145de09 - - default default] 10.0.0.79 "GET /v2.0/ports?device_id=390c6779-8c6d-40ef-a48b-8be71cc40b6c HTTP/1.1" status: 200 len: 205 time: 0.0205858
2026-07-02 06:27:27.822 10 INFO neutron.wsgi [None req-29805286-9d26-40a1-8ea8-3377984de9f6 716a1af05ad9471686869b54c46f1deb 7d1d74e20e33487597c1ac578145de09 - - - -] 10.0.0.79 "DELETE /v2.0/routers/390c6779-8c6d-40ef-a48b-8be71cc40b6c HTTP/1.1" status: 204 len: 168 time: 0.2256813
2026-07-02 06:27:27.870 10 INFO neutron.wsgi [None req-34562e39-1bb3-4ac3-82d5-bdc98f1a6090 716a1af05ad9471686869b54c46f1deb 7d1d74e20e33487597c1ac578145de09 - - default default] 10.0.0.79 "GET /v2.0/routers/bb797375-65e9-4c70-8097-7992747b7b97 HTTP/1.1" status: 200 len: 677 time: 0.0421152
2026-07-02 06:27:28.596 10 INFO neutron.db.ovn_revision_numbers_db [None req-78663163-13f3-4129-b82d-c8ec2576ad54 716a1af05ad9471686869b54c46f1deb 7d1d74e20e33487597c1ac578145de09 - - - -] Successfully bumped revision number for resource bb797375-65e9-4c70-8097-7992747b7b97 (type: routers) to 4
2026-07-02 06:27:28.599 10 INFO neutron.wsgi [None req-78663163-13f3-4129-b82d-c8ec2576ad54 716a1af05ad9471686869b54c46f1deb 7d1d74e20e33487597c1ac578145de09 - - - -] 10.0.0.79 "PUT /v2.0/routers/bb797375-65e9-4c70-8097-7992747b7b97 HTTP/1.1" status: 200 len: 677 time: 0.7256074
2026-07-02 06:27:28.623 10 INFO neutron.wsgi [None req-53ecf166-8765-456f-89f1-00a8e42783cc 716a1af05ad9471686869b54c46f1deb 7d1d74e20e33487597c1ac578145de09 - - default default] 10.0.0.79 "GET /v2.0/ports?device_id=bb797375-65e9-4c70-8097-7992747b7b97 HTTP/1.1" status: 200 len: 205 time: 0.0186062
2026-07-02 06:27:28.825 10 INFO neutron.wsgi [None req-31b56190-1e34-4f25-9d07-c765b2647d80 716a1af05ad9471686869b54c46f1deb 7d1d74e20e33487597c1ac578145de09 - - - -] 10.0.0.79 "DELETE /v2.0/routers/bb797375-65e9-4c70-8097-7992747b7b97 HTTP/1.1" status: 204 len: 168 time: 0.1973021
2026-07-02 06:27:28.876 10 INFO neutron.wsgi [None req-e9fd8c9e-0896-47b3-8817-07d64ed2fe98 716a1af05ad9471686869b54c46f1deb 7d1d74e20e33487597c1ac578145de09 - - default default] 10.0.0.79 "GET /v2.0/routers/fabb5eb7-3417-4e46-8eaa-0c0e033f653c HTTP/1.1" status: 200 len: 662 time: 0.0470839
2026-07-02 06:27:29.364 10 INFO neutron.db.ovn_revision_numbers_db [None req-520ae3e5-3a50-4722-b641-63a20234fa22 716a1af05ad9471686869b54c46f1deb 7d1d74e20e33487597c1ac578145de09 - - - -] Successfully bumped revision number for resource fabb5eb7-3417-4e46-8eaa-0c0e033f653c (type: routers) to 4
2026-07-02 06:27:29.368 10 INFO neutron.wsgi [None req-520ae3e5-3a50-4722-b641-63a20234fa22 716a1af05ad9471686869b54c46f1deb 7d1d74e20e33487597c1ac578145de09 - - - -] 10.0.0.79 "PUT /v2.0/routers/fabb5eb7-3417-4e46-8eaa-0c0e033f653c HTTP/1.1" status: 200 len: 662 time: 0.4871211
2026-07-02 06:27:29.395 10 INFO neutron.wsgi [None req-780b6ae2-cbdb-4342-a6d7-510d2513b610 716a1af05ad9471686869b54c46f1deb 7d1d74e20e33487597c1ac578145de09 - - default default] 10.0.0.79 "GET /v2.0/ports?device_id=fabb5eb7-3417-4e46-8eaa-0c0e033f653c HTTP/1.1" status: 200 len: 205 time: 0.0217483
2026-07-02 06:27:29.663 9 INFO neutron.wsgi [None req-409d65cd-ceb9-42d1-bf89-91d563ff6848 716a1af05ad9471686869b54c46f1deb 7d1d74e20e33487597c1ac578145de09 - - - -] 10.0.0.79 "DELETE /v2.0/routers/fabb5eb7-3417-4e46-8eaa-0c0e033f653c HTTP/1.1" status: 204 len: 168 time: 0.2604189
2026-07-02 06:27:29.720 9 INFO neutron.wsgi [None req-19d30c45-7fbc-460f-bd29-2d3ba35cabb4 716a1af05ad9471686869b54c46f1deb 7d1d74e20e33487597c1ac578145de09 - - default default] 10.0.0.79 "GET /v2.0/routers/a3959fc1-80ee-4ab0-8cf5-8b586e458566 HTTP/1.1" status: 200 len: 655 time: 0.0527601
2026-07-02 06:27:30.212 9 INFO neutron.db.ovn_revision_numbers_db [None req-7a8bcb87-fb96-401b-809f-3bf2fc9e360c 716a1af05ad9471686869b54c46f1deb 7d1d74e20e33487597c1ac578145de09 - - - -] Successfully bumped revision number for resource a3959fc1-80ee-4ab0-8cf5-8b586e458566 (type: routers) to 3
2026-07-02 06:27:30.215 9 INFO neutron.wsgi [None req-7a8bcb87-fb96-401b-809f-3bf2fc9e360c 716a1af05ad9471686869b54c46f1deb 7d1d74e20e33487597c1ac578145de09 - - - -] 10.0.0.79 "PUT /v2.0/routers/a3959fc1-80ee-4ab0-8cf5-8b586e458566 HTTP/1.1" status: 200 len: 655 time: 0.4907794
2026-07-02 06:27:30.236 9 INFO neutron.wsgi [None req-7d1239be-46af-4e35-b6ae-82600386ea58 716a1af05ad9471686869b54c46f1deb 7d1d74e20e33487597c1ac578145de09 - - default default] 10.0.0.79 "GET /v2.0/ports?device_id=a3959fc1-80ee-4ab0-8cf5-8b586e458566 HTTP/1.1" status: 200 len: 205 time: 0.0163939
2026-07-02 06:27:30.724 9 INFO neutron.wsgi [None req-7d37836f-b467-4a8c-b047-5adf2ed0ceaf 716a1af05ad9471686869b54c46f1deb 7d1d74e20e33487597c1ac578145de09 - - - -] 10.0.0.79 "DELETE /v2.0/routers/a3959fc1-80ee-4ab0-8cf5-8b586e458566 HTTP/1.1" status: 204 len: 168 time: 0.4828744
2026-07-02 06:27:31.769 9 INFO neutron.db.ovn_revision_numbers_db [None req-568a3856-86d0-42ab-9ee8-0f0b45df015d 5b4e09e9bcaf40b5999b61b45af84c86 7d4e6bf08eb9424884271f3739462231 - - default default] Successfully bumped revision number for resource 2f5d1574-ccd7-4229-9392-8862765d9f5a (type: security_groups) to 1
2026-07-02 06:27:31.790 9 INFO neutron.wsgi [None req-568a3856-86d0-42ab-9ee8-0f0b45df015d 5b4e09e9bcaf40b5999b61b45af84c86 7d4e6bf08eb9424884271f3739462231 - - default default] 10.0.0.79 "GET /v2.0/security-groups?tenant_id=7d1d74e20e33487597c1ac578145de09&name=default HTTP/1.1" status: 200 len: 3000 time: 0.2515304
