Jun 16 15:00:05.827898 np0000180764 systemd[1]: Starting devstack@n-api-meta.service - Devstack devstack@n-api-meta.service...
Jun 16 15:00:05.837595 np0000180764 devstack@n-api-meta.service[108423]: [uWSGI] getting INI configuration from /etc/nova/nova-metadata-uwsgi.ini
Jun 16 15:00:05.840785 np0000180764 devstack@n-api-meta.service[108423]: *** Starting uWSGI 2.0.24-debian (64bit) on [Tue Jun 16 15:00:05 2026] ***
Jun 16 15:00:05.840785 np0000180764 devstack@n-api-meta.service[108423]: compiled with version: 13.2.0 on 17 April 2024 16:23:48
Jun 16 15:00:05.840785 np0000180764 devstack@n-api-meta.service[108423]: os: Linux-6.8.0-124-generic #124-Ubuntu SMP PREEMPT_DYNAMIC Tue May 26 13:00:45 UTC 2026
Jun 16 15:00:05.840785 np0000180764 devstack@n-api-meta.service[108423]: nodename: np0000180764
Jun 16 15:00:05.840785 np0000180764 devstack@n-api-meta.service[108423]: machine: x86_64
Jun 16 15:00:05.840785 np0000180764 devstack@n-api-meta.service[108423]: clock source: unix
Jun 16 15:00:05.840785 np0000180764 devstack@n-api-meta.service[108423]: pcre jit disabled
Jun 16 15:00:05.840785 np0000180764 devstack@n-api-meta.service[108423]: detected number of CPU cores: 16
Jun 16 15:00:05.840785 np0000180764 devstack@n-api-meta.service[108423]: current working directory: /
Jun 16 15:00:05.840785 np0000180764 devstack@n-api-meta.service[108423]: detected binary path: /usr/bin/uwsgi-core
Jun 16 15:00:05.840785 np0000180764 devstack@n-api-meta.service[108423]: your processes number limit is 256917
Jun 16 15:00:05.840785 np0000180764 devstack@n-api-meta.service[108423]: your memory page size is 4096 bytes
Jun 16 15:00:05.840785 np0000180764 devstack@n-api-meta.service[108423]: detected max file descriptor number: 2048
Jun 16 15:00:05.840785 np0000180764 devstack@n-api-meta.service[108423]: lock engine: pthread robust mutexes
Jun 16 15:00:05.841687 np0000180764 devstack@n-api-meta.service[108423]: thunder lock: enabled
Jun 16 15:00:05.841687 np0000180764 devstack@n-api-meta.service[108423]: uWSGI http bound on 0.0.0.0:8775 fd 5
Jun 16 15:00:05.841687 np0000180764 devstack@n-api-meta.service[108423]: uwsgi socket 0 bound to TCP address 127.0.0.1:43529 (port auto-assigned) fd 4
Jun 16 15:00:05.841687 np0000180764 devstack@n-api-meta.service[108423]: Python version: 3.12.3 (main, Mar 23 2026, 19:04:32) [GCC 13.3.0]
Jun 16 15:00:05.841687 np0000180764 devstack@n-api-meta.service[108423]: PEP 405 virtualenv detected: /opt/stack/data/venv
Jun 16 15:00:05.841687 np0000180764 devstack@n-api-meta.service[108423]: Set PythonHome to /opt/stack/data/venv
Jun 16 15:00:05.877718 np0000180764 devstack@n-api-meta.service[108423]: Python main interpreter initialized at 0x790a244a3668
Jun 16 15:00:05.877718 np0000180764 devstack@n-api-meta.service[108423]: python threads support enabled
Jun 16 15:00:05.877718 np0000180764 devstack@n-api-meta.service[108423]: your server socket listen backlog is limited to 100 connections
Jun 16 15:00:05.877718 np0000180764 devstack@n-api-meta.service[108423]: your mercy for graceful operations on workers is 80 seconds
Jun 16 15:00:05.878254 np0000180764 devstack@n-api-meta.service[108423]: mapped 671795 bytes (656 KB) for 4 cores
Jun 16 15:00:05.878413 np0000180764 devstack@n-api-meta.service[108423]: *** Operational MODE: preforking ***
Jun 16 15:00:05.878619 np0000180764 devstack@n-api-meta.service[108423]: *** uWSGI is running in multiple interpreter mode ***
Jun 16 15:00:05.878619 np0000180764 devstack@n-api-meta.service[108423]: spawned uWSGI master process (pid: 108423)
Jun 16 15:00:05.878831 np0000180764 systemd[1]: Started devstack@n-api-meta.service - Devstack devstack@n-api-meta.service.
Jun 16 15:00:05.879478 np0000180764 devstack@n-api-meta.service[108423]: spawned uWSGI worker 1 (pid: 108424, cores: 1)
Jun 16 15:00:05.880071 np0000180764 devstack@n-api-meta.service[108423]: spawned uWSGI worker 2 (pid: 108425, cores: 1)
Jun 16 15:00:05.880570 np0000180764 devstack@n-api-meta.service[108423]: spawned uWSGI worker 3 (pid: 108426, cores: 1)
Jun 16 15:00:05.881218 np0000180764 devstack@n-api-meta.service[108423]: spawned uWSGI worker 4 (pid: 108427, cores: 1)
Jun 16 15:00:05.881800 np0000180764 devstack@n-api-meta.service[108423]: spawned uWSGI http 1 (pid: 108428)
Jun 16 15:00:05.881800 np0000180764 devstack@n-api-meta.service[108423]: running "unix_signal:15 gracefully_kill_them_all" (master-start)...
Jun 16 15:00:07.500924 np0000180764 devstack@n-api-meta.service[108425]: INFO dbcounter [None req-500c7276-3ee8-46b5-9f7d-7ef582c04a46 None None] Registered counter for database nova_api
Jun 16 15:00:07.552991 np0000180764 devstack@n-api-meta.service[108425]: DEBUG oslo_db.sqlalchemy.engines [None req-500c7276-3ee8-46b5-9f7d-7ef582c04a46 None None] MySQL server mode set to STRICT_TRANS_TABLES,STRICT_ALL_TABLES,NO_ZERO_IN_DATE,NO_ZERO_DATE,ERROR_FOR_DIVISION_BY_ZERO,TRADITIONAL,NO_ENGINE_SUBSTITUTION {{(pid=108425) _check_effective_sql_mode /opt/stack/data/venv/lib/python3.12/site-packages/oslo_db/sqlalchemy/engines.py:325}}
Jun 16 15:00:07.588699 np0000180764 devstack@n-api-meta.service[108425]: DEBUG dbcounter [-] [108425] Writer thread running {{(pid=108425) stat_writer /opt/stack/data/venv/lib/python3.12/site-packages/dbcounter.py:102}}
Jun 16 15:00:07.590380 np0000180764 devstack@n-api-meta.service[108425]: DEBUG nova.context [None req-500c7276-3ee8-46b5-9f7d-7ef582c04a46 None None] Found 2 cells: 00000000-0000-0000-0000-000000000000(cell0),a8be5c6b-30b0-423f-a333-97e187f21594(cell1) {{(pid=108425) load_cells /opt/stack/nova/nova/context.py:509}}
Jun 16 15:00:07.590613 np0000180764 devstack@n-api-meta.service[108425]: INFO nova.utils [None req-500c7276-3ee8-46b5-9f7d-7ef582c04a46 None None] The cell worker thread pool MainProcess.cell_worker is initialized
Jun 16 15:00:07.592538 np0000180764 devstack@n-api-meta.service[108425]: DEBUG oslo_concurrency.lockutils [None req-500c7276-3ee8-46b5-9f7d-7ef582c04a46 None None] Acquiring lock "00000000-0000-0000-0000-000000000000" by "nova.context.set_target_cell..get_or_set_cached_cell_and_set_connections" {{(pid=108425) inner /opt/stack/data/venv/lib/python3.12/site-packages/oslo_concurrency/lockutils.py:511}}
Jun 16 15:00:07.592689 np0000180764 devstack@n-api-meta.service[108425]: DEBUG oslo_concurrency.lockutils [None req-500c7276-3ee8-46b5-9f7d-7ef582c04a46 None None] Lock "00000000-0000-0000-0000-000000000000" acquired by "nova.context.set_target_cell..get_or_set_cached_cell_and_set_connections" :: waited 0.000s {{(pid=108425) inner /opt/stack/data/venv/lib/python3.12/site-packages/oslo_concurrency/lockutils.py:524}}
Jun 16 15:00:07.593062 np0000180764 devstack@n-api-meta.service[108425]: DEBUG oslo_concurrency.lockutils [None req-500c7276-3ee8-46b5-9f7d-7ef582c04a46 None None] Lock "00000000-0000-0000-0000-000000000000" "released" by "nova.context.set_target_cell..get_or_set_cached_cell_and_set_connections" :: held 0.000s {{(pid=108425) inner /opt/stack/data/venv/lib/python3.12/site-packages/oslo_concurrency/lockutils.py:543}}
Jun 16 15:00:07.594292 np0000180764 devstack@n-api-meta.service[108425]: DEBUG oslo_concurrency.lockutils [None req-500c7276-3ee8-46b5-9f7d-7ef582c04a46 None None] Acquiring lock "a8be5c6b-30b0-423f-a333-97e187f21594" by "nova.context.set_target_cell..get_or_set_cached_cell_and_set_connections" {{(pid=108425) inner /opt/stack/data/venv/lib/python3.12/site-packages/oslo_concurrency/lockutils.py:511}}
Jun 16 15:00:07.594610 np0000180764 devstack@n-api-meta.service[108425]: DEBUG oslo_concurrency.lockutils [None req-500c7276-3ee8-46b5-9f7d-7ef582c04a46 None None] Lock "a8be5c6b-30b0-423f-a333-97e187f21594" acquired by "nova.context.set_target_cell..get_or_set_cached_cell_and_set_connections" :: waited 0.000s {{(pid=108425) inner /opt/stack/data/venv/lib/python3.12/site-packages/oslo_concurrency/lockutils.py:524}}
Jun 16 15:00:07.596483 np0000180764 devstack@n-api-meta.service[108425]: DEBUG oslo_concurrency.lockutils [None req-500c7276-3ee8-46b5-9f7d-7ef582c04a46 None None] Lock "a8be5c6b-30b0-423f-a333-97e187f21594" "released" by "nova.context.set_target_cell..get_or_set_cached_cell_and_set_connections" :: held 0.002s {{(pid=108425) inner /opt/stack/data/venv/lib/python3.12/site-packages/oslo_concurrency/lockutils.py:543}}
Jun 16 15:00:07.600059 np0000180764 devstack@n-api-meta.service[108425]: INFO dbcounter [None req-500c7276-3ee8-46b5-9f7d-7ef582c04a46 None None] Registered counter for database nova_cell0
Jun 16 15:00:07.603921 np0000180764 devstack@n-api-meta.service[108426]: INFO dbcounter [None req-151e185a-d040-49fd-843c-a6d0ce8e5272 None None] Registered counter for database nova_api
Jun 16 15:00:07.606181 np0000180764 devstack@n-api-meta.service[108425]: INFO dbcounter [None req-500c7276-3ee8-46b5-9f7d-7ef582c04a46 None None] Registered counter for database nova_cell1
Jun 16 15:00:07.613434 np0000180764 devstack@n-api-meta.service[108427]: INFO dbcounter [None req-5c6a2d3d-1bdb-4a85-a04a-5d9a9590b7d3 None None] Registered counter for database nova_api
Jun 16 15:00:07.656160 np0000180764 devstack@n-api-meta.service[108426]: DEBUG oslo_db.sqlalchemy.engines [None req-151e185a-d040-49fd-843c-a6d0ce8e5272 None None] MySQL server mode set to STRICT_TRANS_TABLES,STRICT_ALL_TABLES,NO_ZERO_IN_DATE,NO_ZERO_DATE,ERROR_FOR_DIVISION_BY_ZERO,TRADITIONAL,NO_ENGINE_SUBSTITUTION {{(pid=108426) _check_effective_sql_mode /opt/stack/data/venv/lib/python3.12/site-packages/oslo_db/sqlalchemy/engines.py:325}}
Jun 16 15:00:07.662438 np0000180764 devstack@n-api-meta.service[108424]: INFO dbcounter [None req-ba53c0b3-2abb-404a-81b2-b76159ca9c6f None None] Registered counter for database nova_api
Jun 16 15:00:07.664953 np0000180764 devstack@n-api-meta.service[108427]: DEBUG oslo_db.sqlalchemy.engines [None req-5c6a2d3d-1bdb-4a85-a04a-5d9a9590b7d3 None None] MySQL server mode set to STRICT_TRANS_TABLES,STRICT_ALL_TABLES,NO_ZERO_IN_DATE,NO_ZERO_DATE,ERROR_FOR_DIVISION_BY_ZERO,TRADITIONAL,NO_ENGINE_SUBSTITUTION {{(pid=108427) _check_effective_sql_mode /opt/stack/data/venv/lib/python3.12/site-packages/oslo_db/sqlalchemy/engines.py:325}}
Jun 16 15:00:07.686397 np0000180764 devstack@n-api-meta.service[108425]: DEBUG oslo_db.sqlalchemy.engines [None req-500c7276-3ee8-46b5-9f7d-7ef582c04a46 None None] MySQL server mode set to STRICT_TRANS_TABLES,STRICT_ALL_TABLES,NO_ZERO_IN_DATE,NO_ZERO_DATE,ERROR_FOR_DIVISION_BY_ZERO,TRADITIONAL,NO_ENGINE_SUBSTITUTION {{(pid=108425) _check_effective_sql_mode /opt/stack/data/venv/lib/python3.12/site-packages/oslo_db/sqlalchemy/engines.py:325}}
Jun 16 15:00:07.689811 np0000180764 devstack@n-api-meta.service[108425]: DEBUG oslo_db.sqlalchemy.engines [None req-500c7276-3ee8-46b5-9f7d-7ef582c04a46 None None] MySQL server mode set to STRICT_TRANS_TABLES,STRICT_ALL_TABLES,NO_ZERO_IN_DATE,NO_ZERO_DATE,ERROR_FOR_DIVISION_BY_ZERO,TRADITIONAL,NO_ENGINE_SUBSTITUTION {{(pid=108425) _check_effective_sql_mode /opt/stack/data/venv/lib/python3.12/site-packages/oslo_db/sqlalchemy/engines.py:325}}
Jun 16 15:00:07.690990 np0000180764 devstack@n-api-meta.service[108426]: DEBUG dbcounter [-] [108426] Writer thread running {{(pid=108426) stat_writer /opt/stack/data/venv/lib/python3.12/site-packages/dbcounter.py:102}}
Jun 16 15:00:07.693900 np0000180764 devstack@n-api-meta.service[108426]: DEBUG nova.context [None req-151e185a-d040-49fd-843c-a6d0ce8e5272 None None] Found 2 cells: 00000000-0000-0000-0000-000000000000(cell0),a8be5c6b-30b0-423f-a333-97e187f21594(cell1) {{(pid=108426) load_cells /opt/stack/nova/nova/context.py:509}}
Jun 16 15:00:07.694160 np0000180764 devstack@n-api-meta.service[108426]: INFO nova.utils [None req-151e185a-d040-49fd-843c-a6d0ce8e5272 None None] The cell worker thread pool MainProcess.cell_worker is initialized
Jun 16 15:00:07.696161 np0000180764 devstack@n-api-meta.service[108426]: DEBUG oslo_concurrency.lockutils [None req-151e185a-d040-49fd-843c-a6d0ce8e5272 None None] Acquiring lock "00000000-0000-0000-0000-000000000000" by "nova.context.set_target_cell..get_or_set_cached_cell_and_set_connections" {{(pid=108426) inner /opt/stack/data/venv/lib/python3.12/site-packages/oslo_concurrency/lockutils.py:511}}
Jun 16 15:00:07.696354 np0000180764 devstack@n-api-meta.service[108426]: DEBUG oslo_concurrency.lockutils [None req-151e185a-d040-49fd-843c-a6d0ce8e5272 None None] Lock "00000000-0000-0000-0000-000000000000" acquired by "nova.context.set_target_cell..get_or_set_cached_cell_and_set_connections" :: waited 0.000s {{(pid=108426) inner /opt/stack/data/venv/lib/python3.12/site-packages/oslo_concurrency/lockutils.py:524}}
Jun 16 15:00:07.696711 np0000180764 devstack@n-api-meta.service[108426]: DEBUG oslo_concurrency.lockutils [None req-151e185a-d040-49fd-843c-a6d0ce8e5272 None None] Lock "00000000-0000-0000-0000-000000000000" "released" by "nova.context.set_target_cell..get_or_set_cached_cell_and_set_connections" :: held 0.000s {{(pid=108426) inner /opt/stack/data/venv/lib/python3.12/site-packages/oslo_concurrency/lockutils.py:543}}
Jun 16 15:00:07.697477 np0000180764 devstack@n-api-meta.service[108426]: DEBUG oslo_concurrency.lockutils [None req-151e185a-d040-49fd-843c-a6d0ce8e5272 None None] Acquiring lock "a8be5c6b-30b0-423f-a333-97e187f21594" by "nova.context.set_target_cell..get_or_set_cached_cell_and_set_connections" {{(pid=108426) inner /opt/stack/data/venv/lib/python3.12/site-packages/oslo_concurrency/lockutils.py:511}}
Jun 16 15:00:07.697622 np0000180764 devstack@n-api-meta.service[108426]: DEBUG oslo_concurrency.lockutils [None req-151e185a-d040-49fd-843c-a6d0ce8e5272 None None] Lock "a8be5c6b-30b0-423f-a333-97e187f21594" acquired by "nova.context.set_target_cell..get_or_set_cached_cell_and_set_connections" :: waited 0.000s {{(pid=108426) inner /opt/stack/data/venv/lib/python3.12/site-packages/oslo_concurrency/lockutils.py:524}}
Jun 16 15:00:07.697824 np0000180764 devstack@n-api-meta.service[108427]: DEBUG dbcounter [-] [108427] Writer thread running {{(pid=108427) stat_writer /opt/stack/data/venv/lib/python3.12/site-packages/dbcounter.py:102}}
Jun 16 15:00:07.698766 np0000180764 devstack@n-api-meta.service[108426]: DEBUG oslo_concurrency.lockutils [None req-151e185a-d040-49fd-843c-a6d0ce8e5272 None None] Lock "a8be5c6b-30b0-423f-a333-97e187f21594" "released" by "nova.context.set_target_cell..get_or_set_cached_cell_and_set_connections" :: held 0.001s {{(pid=108426) inner /opt/stack/data/venv/lib/python3.12/site-packages/oslo_concurrency/lockutils.py:543}}
Jun 16 15:00:07.702997 np0000180764 devstack@n-api-meta.service[108427]: DEBUG nova.context [None req-5c6a2d3d-1bdb-4a85-a04a-5d9a9590b7d3 None None] Found 2 cells: 00000000-0000-0000-0000-000000000000(cell0),a8be5c6b-30b0-423f-a333-97e187f21594(cell1) {{(pid=108427) load_cells /opt/stack/nova/nova/context.py:509}}
Jun 16 15:00:07.702997 np0000180764 devstack@n-api-meta.service[108427]: INFO nova.utils [None req-5c6a2d3d-1bdb-4a85-a04a-5d9a9590b7d3 None None] The cell worker thread pool MainProcess.cell_worker is initialized
Jun 16 15:00:07.703114 np0000180764 devstack@n-api-meta.service[108426]: INFO dbcounter [None req-151e185a-d040-49fd-843c-a6d0ce8e5272 None None] Registered counter for database nova_cell0
Jun 16 15:00:07.703149 np0000180764 devstack@n-api-meta.service[108427]: DEBUG oslo_concurrency.lockutils [None req-5c6a2d3d-1bdb-4a85-a04a-5d9a9590b7d3 None None] Acquiring lock "00000000-0000-0000-0000-000000000000" by "nova.context.set_target_cell..get_or_set_cached_cell_and_set_connections" {{(pid=108427) inner /opt/stack/data/venv/lib/python3.12/site-packages/oslo_concurrency/lockutils.py:511}}
Jun 16 15:00:07.703149 np0000180764 devstack@n-api-meta.service[108427]: DEBUG oslo_concurrency.lockutils [None req-5c6a2d3d-1bdb-4a85-a04a-5d9a9590b7d3 None None] Lock "00000000-0000-0000-0000-000000000000" acquired by "nova.context.set_target_cell..get_or_set_cached_cell_and_set_connections" :: waited 0.000s {{(pid=108427) inner /opt/stack/data/venv/lib/python3.12/site-packages/oslo_concurrency/lockutils.py:524}}
Jun 16 15:00:07.703515 np0000180764 devstack@n-api-meta.service[108427]: DEBUG oslo_concurrency.lockutils [None req-5c6a2d3d-1bdb-4a85-a04a-5d9a9590b7d3 None None] Lock "00000000-0000-0000-0000-000000000000" "released" by "nova.context.set_target_cell..get_or_set_cached_cell_and_set_connections" :: held 0.000s {{(pid=108427) inner /opt/stack/data/venv/lib/python3.12/site-packages/oslo_concurrency/lockutils.py:543}}
Jun 16 15:00:07.704381 np0000180764 devstack@n-api-meta.service[108427]: DEBUG oslo_concurrency.lockutils [None req-5c6a2d3d-1bdb-4a85-a04a-5d9a9590b7d3 None None] Acquiring lock "a8be5c6b-30b0-423f-a333-97e187f21594" by "nova.context.set_target_cell..get_or_set_cached_cell_and_set_connections" {{(pid=108427) inner /opt/stack/data/venv/lib/python3.12/site-packages/oslo_concurrency/lockutils.py:511}}
Jun 16 15:00:07.704557 np0000180764 devstack@n-api-meta.service[108427]: DEBUG oslo_concurrency.lockutils [None req-5c6a2d3d-1bdb-4a85-a04a-5d9a9590b7d3 None None] Lock "a8be5c6b-30b0-423f-a333-97e187f21594" acquired by "nova.context.set_target_cell..get_or_set_cached_cell_and_set_connections" :: waited 0.000s {{(pid=108427) inner /opt/stack/data/venv/lib/python3.12/site-packages/oslo_concurrency/lockutils.py:524}}
Jun 16 15:00:07.705511 np0000180764 devstack@n-api-meta.service[108427]: DEBUG oslo_concurrency.lockutils [None req-5c6a2d3d-1bdb-4a85-a04a-5d9a9590b7d3 None None] Lock "a8be5c6b-30b0-423f-a333-97e187f21594" "released" by "nova.context.set_target_cell..get_or_set_cached_cell_and_set_connections" :: held 0.001s {{(pid=108427) inner /opt/stack/data/venv/lib/python3.12/site-packages/oslo_concurrency/lockutils.py:543}}
Jun 16 15:00:07.711992 np0000180764 devstack@n-api-meta.service[108426]: INFO dbcounter [None req-151e185a-d040-49fd-843c-a6d0ce8e5272 None None] Registered counter for database nova_cell1
Jun 16 15:00:07.712087 np0000180764 devstack@n-api-meta.service[108427]: INFO dbcounter [None req-5c6a2d3d-1bdb-4a85-a04a-5d9a9590b7d3 None None] Registered counter for database nova_cell0
Jun 16 15:00:07.715290 np0000180764 devstack@n-api-meta.service[108427]: INFO dbcounter [None req-5c6a2d3d-1bdb-4a85-a04a-5d9a9590b7d3 None None] Registered counter for database nova_cell1
Jun 16 15:00:07.718188 np0000180764 devstack@n-api-meta.service[108424]: DEBUG oslo_db.sqlalchemy.engines [None req-ba53c0b3-2abb-404a-81b2-b76159ca9c6f None None] MySQL server mode set to STRICT_TRANS_TABLES,STRICT_ALL_TABLES,NO_ZERO_IN_DATE,NO_ZERO_DATE,ERROR_FOR_DIVISION_BY_ZERO,TRADITIONAL,NO_ENGINE_SUBSTITUTION {{(pid=108424) _check_effective_sql_mode /opt/stack/data/venv/lib/python3.12/site-packages/oslo_db/sqlalchemy/engines.py:325}}
Jun 16 15:00:07.753191 np0000180764 devstack@n-api-meta.service[108424]: DEBUG dbcounter [-] [108424] Writer thread running {{(pid=108424) stat_writer /opt/stack/data/venv/lib/python3.12/site-packages/dbcounter.py:102}}
Jun 16 15:00:07.758503 np0000180764 devstack@n-api-meta.service[108424]: DEBUG nova.context [None req-ba53c0b3-2abb-404a-81b2-b76159ca9c6f None None] Found 2 cells: 00000000-0000-0000-0000-000000000000(cell0),a8be5c6b-30b0-423f-a333-97e187f21594(cell1) {{(pid=108424) load_cells /opt/stack/nova/nova/context.py:509}}
Jun 16 15:00:07.758554 np0000180764 devstack@n-api-meta.service[108424]: INFO nova.utils [None req-ba53c0b3-2abb-404a-81b2-b76159ca9c6f None None] The cell worker thread pool MainProcess.cell_worker is initialized
Jun 16 15:00:07.760306 np0000180764 devstack@n-api-meta.service[108424]: DEBUG oslo_concurrency.lockutils [None req-ba53c0b3-2abb-404a-81b2-b76159ca9c6f None None] Acquiring lock "00000000-0000-0000-0000-000000000000" by "nova.context.set_target_cell..get_or_set_cached_cell_and_set_connections" {{(pid=108424) inner /opt/stack/data/venv/lib/python3.12/site-packages/oslo_concurrency/lockutils.py:511}}
Jun 16 15:00:07.760476 np0000180764 devstack@n-api-meta.service[108424]: DEBUG oslo_concurrency.lockutils [None req-ba53c0b3-2abb-404a-81b2-b76159ca9c6f None None] Lock "00000000-0000-0000-0000-000000000000" acquired by "nova.context.set_target_cell..get_or_set_cached_cell_and_set_connections" :: waited 0.000s {{(pid=108424) inner /opt/stack/data/venv/lib/python3.12/site-packages/oslo_concurrency/lockutils.py:524}}
Jun 16 15:00:07.760828 np0000180764 devstack@n-api-meta.service[108424]: DEBUG oslo_concurrency.lockutils [None req-ba53c0b3-2abb-404a-81b2-b76159ca9c6f None None] Lock "00000000-0000-0000-0000-000000000000" "released" by "nova.context.set_target_cell..get_or_set_cached_cell_and_set_connections" :: held 0.000s {{(pid=108424) inner /opt/stack/data/venv/lib/python3.12/site-packages/oslo_concurrency/lockutils.py:543}}
Jun 16 15:00:07.761791 np0000180764 devstack@n-api-meta.service[108424]: DEBUG oslo_concurrency.lockutils [None req-ba53c0b3-2abb-404a-81b2-b76159ca9c6f None None] Acquiring lock "a8be5c6b-30b0-423f-a333-97e187f21594" by "nova.context.set_target_cell..get_or_set_cached_cell_and_set_connections" {{(pid=108424) inner /opt/stack/data/venv/lib/python3.12/site-packages/oslo_concurrency/lockutils.py:511}}
Jun 16 15:00:07.761931 np0000180764 devstack@n-api-meta.service[108424]: DEBUG oslo_concurrency.lockutils [None req-ba53c0b3-2abb-404a-81b2-b76159ca9c6f None None] Lock "a8be5c6b-30b0-423f-a333-97e187f21594" acquired by "nova.context.set_target_cell..get_or_set_cached_cell_and_set_connections" :: waited 0.000s {{(pid=108424) inner /opt/stack/data/venv/lib/python3.12/site-packages/oslo_concurrency/lockutils.py:524}}
Jun 16 15:00:07.762819 np0000180764 devstack@n-api-meta.service[108424]: DEBUG oslo_concurrency.lockutils [None req-ba53c0b3-2abb-404a-81b2-b76159ca9c6f None None] Lock "a8be5c6b-30b0-423f-a333-97e187f21594" "released" by "nova.context.set_target_cell..get_or_set_cached_cell_and_set_connections" :: held 0.001s {{(pid=108424) inner /opt/stack/data/venv/lib/python3.12/site-packages/oslo_concurrency/lockutils.py:543}}
Jun 16 15:00:07.766280 np0000180764 devstack@n-api-meta.service[108424]: INFO dbcounter [None req-ba53c0b3-2abb-404a-81b2-b76159ca9c6f None None] Registered counter for database nova_cell0
Jun 16 15:00:07.775019 np0000180764 devstack@n-api-meta.service[108424]: INFO dbcounter [None req-ba53c0b3-2abb-404a-81b2-b76159ca9c6f None None] Registered counter for database nova_cell1
Jun 16 15:00:07.780959 np0000180764 devstack@n-api-meta.service[108425]: DEBUG dbcounter [-] [108425] Writer thread running {{(pid=108425) stat_writer /opt/stack/data/venv/lib/python3.12/site-packages/dbcounter.py:102}}
Jun 16 15:00:07.788026 np0000180764 devstack@n-api-meta.service[108425]: DEBUG dbcounter [-] [108425] Writer thread running {{(pid=108425) stat_writer /opt/stack/data/venv/lib/python3.12/site-packages/dbcounter.py:102}}
Jun 16 15:00:07.789675 np0000180764 devstack@n-api-meta.service[108426]: DEBUG oslo_db.sqlalchemy.engines [None req-151e185a-d040-49fd-843c-a6d0ce8e5272 None None] MySQL server mode set to STRICT_TRANS_TABLES,STRICT_ALL_TABLES,NO_ZERO_IN_DATE,NO_ZERO_DATE,ERROR_FOR_DIVISION_BY_ZERO,TRADITIONAL,NO_ENGINE_SUBSTITUTION {{(pid=108426) _check_effective_sql_mode /opt/stack/data/venv/lib/python3.12/site-packages/oslo_db/sqlalchemy/engines.py:325}}
Jun 16 15:00:07.791679 np0000180764 devstack@n-api-meta.service[108425]: INFO dbcounter [None req-500c7276-3ee8-46b5-9f7d-7ef582c04a46 None None] Registered counter for database nova_cell0
Jun 16 15:00:07.800824 np0000180764 devstack@n-api-meta.service[108427]: DEBUG oslo_db.sqlalchemy.engines [None req-5c6a2d3d-1bdb-4a85-a04a-5d9a9590b7d3 None None] MySQL server mode set to STRICT_TRANS_TABLES,STRICT_ALL_TABLES,NO_ZERO_IN_DATE,NO_ZERO_DATE,ERROR_FOR_DIVISION_BY_ZERO,TRADITIONAL,NO_ENGINE_SUBSTITUTION {{(pid=108427) _check_effective_sql_mode /opt/stack/data/venv/lib/python3.12/site-packages/oslo_db/sqlalchemy/engines.py:325}}
Jun 16 15:00:07.805288 np0000180764 devstack@n-api-meta.service[108427]: DEBUG oslo_db.sqlalchemy.engines [None req-5c6a2d3d-1bdb-4a85-a04a-5d9a9590b7d3 None None] MySQL server mode set to STRICT_TRANS_TABLES,STRICT_ALL_TABLES,NO_ZERO_IN_DATE,NO_ZERO_DATE,ERROR_FOR_DIVISION_BY_ZERO,TRADITIONAL,NO_ENGINE_SUBSTITUTION {{(pid=108427) _check_effective_sql_mode /opt/stack/data/venv/lib/python3.12/site-packages/oslo_db/sqlalchemy/engines.py:325}}
Jun 16 15:00:07.836289 np0000180764 devstack@n-api-meta.service[108424]: DEBUG oslo_db.sqlalchemy.engines [None req-ba53c0b3-2abb-404a-81b2-b76159ca9c6f None None] MySQL server mode set to STRICT_TRANS_TABLES,STRICT_ALL_TABLES,NO_ZERO_IN_DATE,NO_ZERO_DATE,ERROR_FOR_DIVISION_BY_ZERO,TRADITIONAL,NO_ENGINE_SUBSTITUTION {{(pid=108424) _check_effective_sql_mode /opt/stack/data/venv/lib/python3.12/site-packages/oslo_db/sqlalchemy/engines.py:325}}
Jun 16 15:00:07.840444 np0000180764 devstack@n-api-meta.service[108425]: DEBUG oslo_db.sqlalchemy.engines [None req-500c7276-3ee8-46b5-9f7d-7ef582c04a46 None None] MySQL server mode set to STRICT_TRANS_TABLES,STRICT_ALL_TABLES,NO_ZERO_IN_DATE,NO_ZERO_DATE,ERROR_FOR_DIVISION_BY_ZERO,TRADITIONAL,NO_ENGINE_SUBSTITUTION {{(pid=108425) _check_effective_sql_mode /opt/stack/data/venv/lib/python3.12/site-packages/oslo_db/sqlalchemy/engines.py:325}}
Jun 16 15:00:07.851694 np0000180764 devstack@n-api-meta.service[108424]: DEBUG oslo_db.sqlalchemy.engines [None req-ba53c0b3-2abb-404a-81b2-b76159ca9c6f None None] MySQL server mode set to STRICT_TRANS_TABLES,STRICT_ALL_TABLES,NO_ZERO_IN_DATE,NO_ZERO_DATE,ERROR_FOR_DIVISION_BY_ZERO,TRADITIONAL,NO_ENGINE_SUBSTITUTION {{(pid=108424) _check_effective_sql_mode /opt/stack/data/venv/lib/python3.12/site-packages/oslo_db/sqlalchemy/engines.py:325}}
Jun 16 15:00:07.855311 np0000180764 devstack@n-api-meta.service[108425]: DEBUG dbcounter [-] [108425] Writer thread running {{(pid=108425) stat_writer /opt/stack/data/venv/lib/python3.12/site-packages/dbcounter.py:102}}
Jun 16 15:00:07.856573 np0000180764 devstack@n-api-meta.service[108426]: DEBUG oslo_db.sqlalchemy.engines [None req-151e185a-d040-49fd-843c-a6d0ce8e5272 None None] MySQL server mode set to STRICT_TRANS_TABLES,STRICT_ALL_TABLES,NO_ZERO_IN_DATE,NO_ZERO_DATE,ERROR_FOR_DIVISION_BY_ZERO,TRADITIONAL,NO_ENGINE_SUBSTITUTION {{(pid=108426) _check_effective_sql_mode /opt/stack/data/venv/lib/python3.12/site-packages/oslo_db/sqlalchemy/engines.py:325}}
Jun 16 15:00:07.890537 np0000180764 devstack@n-api-meta.service[108426]: DEBUG dbcounter [-] [108426] Writer thread running {{(pid=108426) stat_writer /opt/stack/data/venv/lib/python3.12/site-packages/dbcounter.py:102}}
Jun 16 15:00:07.899256 np0000180764 devstack@n-api-meta.service[108426]: DEBUG dbcounter [-] [108426] Writer thread running {{(pid=108426) stat_writer /opt/stack/data/venv/lib/python3.12/site-packages/dbcounter.py:102}}
Jun 16 15:00:07.902466 np0000180764 devstack@n-api-meta.service[108425]: WARNING nova.api.metadata.handler [None req-500c7276-3ee8-46b5-9f7d-7ef582c04a46 None None] metadata_proxy_shared_secret is not configured, the metadata information returned by the proxy cannot be trusted
Jun 16 15:00:07.904158 np0000180764 devstack@n-api-meta.service[108426]: INFO dbcounter [None req-151e185a-d040-49fd-843c-a6d0ce8e5272 None None] Registered counter for database nova_cell0
Jun 16 15:00:07.904827 np0000180764 devstack@n-api-meta.service[108425]: DEBUG nova.api.openstack.wsgi_app [None req-500c7276-3ee8-46b5-9f7d-7ef582c04a46 None None] ******************************************************************************** {{(pid=108425) log_opt_values /opt/stack/data/venv/lib/python3.12/site-packages/oslo_config/cfg.py:3226}}
Jun 16 15:00:07.904945 np0000180764 devstack@n-api-meta.service[108425]: DEBUG nova.api.openstack.wsgi_app [None req-500c7276-3ee8-46b5-9f7d-7ef582c04a46 None None] Configuration options gathered from: {{(pid=108425) log_opt_values /opt/stack/data/venv/lib/python3.12/site-packages/oslo_config/cfg.py:3227}}
Jun 16 15:00:07.905060 np0000180764 devstack@n-api-meta.service[108425]: DEBUG nova.api.openstack.wsgi_app [None req-500c7276-3ee8-46b5-9f7d-7ef582c04a46 None None] command line args: [] {{(pid=108425) log_opt_values /opt/stack/data/venv/lib/python3.12/site-packages/oslo_config/cfg.py:3228}}
Jun 16 15:00:07.905220 np0000180764 devstack@n-api-meta.service[108425]: DEBUG nova.api.openstack.wsgi_app [None req-500c7276-3ee8-46b5-9f7d-7ef582c04a46 None None] config files: ['/etc/nova/api-paste.ini', '/etc/nova/nova.conf'] {{(pid=108425) log_opt_values /opt/stack/data/venv/lib/python3.12/site-packages/oslo_config/cfg.py:3229}}
Jun 16 15:00:07.905314 np0000180764 devstack@n-api-meta.service[108425]: DEBUG nova.api.openstack.wsgi_app [None req-500c7276-3ee8-46b5-9f7d-7ef582c04a46 None None] ================================================================================ {{(pid=108425) log_opt_values /opt/stack/data/venv/lib/python3.12/site-packages/oslo_config/cfg.py:3234}}
Jun 16 15:00:07.905569 np0000180764 devstack@n-api-meta.service[108425]: DEBUG nova.api.openstack.wsgi_app [None req-500c7276-3ee8-46b5-9f7d-7ef582c04a46 None None] allow_resize_to_same_host = True {{(pid=108425) log_opt_values /opt/stack/data/venv/lib/python3.12/site-packages/oslo_config/cfg.py:3242}}
Jun 16 15:00:07.905654 np0000180764 devstack@n-api-meta.service[108425]: DEBUG nova.api.openstack.wsgi_app [None req-500c7276-3ee8-46b5-9f7d-7ef582c04a46 None None] arq_binding_timeout = 300 {{(pid=108425) log_opt_values /opt/stack/data/venv/lib/python3.12/site-packages/oslo_config/cfg.py:3242}}
Jun 16 15:00:07.905806 np0000180764 devstack@n-api-meta.service[108425]: DEBUG nova.api.openstack.wsgi_app [None req-500c7276-3ee8-46b5-9f7d-7ef582c04a46 None None] block_device_allocate_retries = 60 {{(pid=108425) log_opt_values /opt/stack/data/venv/lib/python3.12/site-packages/oslo_config/cfg.py:3242}}
Jun 16 15:00:07.905926 np0000180764 devstack@n-api-meta.service[108425]: DEBUG nova.api.openstack.wsgi_app [None req-500c7276-3ee8-46b5-9f7d-7ef582c04a46 None None] block_device_allocate_retries_interval = 3 {{(pid=108425) log_opt_values /opt/stack/data/venv/lib/python3.12/site-packages/oslo_config/cfg.py:3242}}
Jun 16 15:00:07.906332 np0000180764 devstack@n-api-meta.service[108425]: DEBUG nova.api.openstack.wsgi_app [None req-500c7276-3ee8-46b5-9f7d-7ef582c04a46 None None] cell_worker_thread_pool_size = 5 {{(pid=108425) log_opt_values /opt/stack/data/venv/lib/python3.12/site-packages/oslo_config/cfg.py:3242}}
Jun 16 15:00:07.906457 np0000180764 devstack@n-api-meta.service[108425]: DEBUG nova.api.openstack.wsgi_app [None req-500c7276-3ee8-46b5-9f7d-7ef582c04a46 None None] cert = self.pem {{(pid=108425) log_opt_values /opt/stack/data/venv/lib/python3.12/site-packages/oslo_config/cfg.py:3242}}
Jun 16 15:00:07.906591 np0000180764 devstack@n-api-meta.service[108425]: DEBUG nova.api.openstack.wsgi_app [None req-500c7276-3ee8-46b5-9f7d-7ef582c04a46 None None] compute_driver = libvirt.LibvirtDriver {{(pid=108425) log_opt_values /opt/stack/data/venv/lib/python3.12/site-packages/oslo_config/cfg.py:3242}}
Jun 16 15:00:07.906725 np0000180764 devstack@n-api-meta.service[108425]: DEBUG nova.api.openstack.wsgi_app [None req-500c7276-3ee8-46b5-9f7d-7ef582c04a46 None None] compute_monitors = [] {{(pid=108425) log_opt_values /opt/stack/data/venv/lib/python3.12/site-packages/oslo_config/cfg.py:3242}}
Jun 16 15:00:07.906857 np0000180764 devstack@n-api-meta.service[108425]: DEBUG nova.api.openstack.wsgi_app [None req-500c7276-3ee8-46b5-9f7d-7ef582c04a46 None None] config_dir = [] {{(pid=108425) log_opt_values /opt/stack/data/venv/lib/python3.12/site-packages/oslo_config/cfg.py:3242}}
Jun 16 15:00:07.907009 np0000180764 devstack@n-api-meta.service[108425]: DEBUG nova.api.openstack.wsgi_app [None req-500c7276-3ee8-46b5-9f7d-7ef582c04a46 None None] config_drive_format = iso9660 {{(pid=108425) log_opt_values /opt/stack/data/venv/lib/python3.12/site-packages/oslo_config/cfg.py:3242}}
Jun 16 15:00:07.907118 np0000180764 devstack@n-api-meta.service[108425]: DEBUG nova.api.openstack.wsgi_app [None req-500c7276-3ee8-46b5-9f7d-7ef582c04a46 None None] config_file = ['/etc/nova/api-paste.ini', '/etc/nova/nova.conf'] {{(pid=108425) log_opt_values /opt/stack/data/venv/lib/python3.12/site-packages/oslo_config/cfg.py:3242}}
Jun 16 15:00:07.907265 np0000180764 devstack@n-api-meta.service[108425]: DEBUG nova.api.openstack.wsgi_app [None req-500c7276-3ee8-46b5-9f7d-7ef582c04a46 None None] config_source = [] {{(pid=108425) log_opt_values /opt/stack/data/venv/lib/python3.12/site-packages/oslo_config/cfg.py:3242}}
Jun 16 15:00:07.907386 np0000180764 devstack@n-api-meta.service[108425]: DEBUG nova.api.openstack.wsgi_app [None req-500c7276-3ee8-46b5-9f7d-7ef582c04a46 None None] console_host = np0000180764 {{(pid=108425) log_opt_values /opt/stack/data/venv/lib/python3.12/site-packages/oslo_config/cfg.py:3242}}
Jun 16 15:00:07.907518 np0000180764 devstack@n-api-meta.service[108425]: DEBUG nova.api.openstack.wsgi_app [None req-500c7276-3ee8-46b5-9f7d-7ef582c04a46 None None] control_exchange = nova {{(pid=108425) log_opt_values /opt/stack/data/venv/lib/python3.12/site-packages/oslo_config/cfg.py:3242}}
Jun 16 15:00:07.907652 np0000180764 devstack@n-api-meta.service[108425]: DEBUG nova.api.openstack.wsgi_app [None req-500c7276-3ee8-46b5-9f7d-7ef582c04a46 None None] cpu_allocation_ratio = None {{(pid=108425) log_opt_values /opt/stack/data/venv/lib/python3.12/site-packages/oslo_config/cfg.py:3242}}
Jun 16 15:00:07.907778 np0000180764 devstack@n-api-meta.service[108425]: DEBUG nova.api.openstack.wsgi_app [None req-500c7276-3ee8-46b5-9f7d-7ef582c04a46 None None] daemon = False {{(pid=108425) log_opt_values /opt/stack/data/venv/lib/python3.12/site-packages/oslo_config/cfg.py:3242}}
Jun 16 15:00:07.907909 np0000180764 devstack@n-api-meta.service[108425]: DEBUG nova.api.openstack.wsgi_app [None req-500c7276-3ee8-46b5-9f7d-7ef582c04a46 None None] debug = True {{(pid=108425) log_opt_values /opt/stack/data/venv/lib/python3.12/site-packages/oslo_config/cfg.py:3242}}
Jun 16 15:00:07.908056 np0000180764 devstack@n-api-meta.service[108425]: DEBUG nova.api.openstack.wsgi_app [None req-500c7276-3ee8-46b5-9f7d-7ef582c04a46 None None] default_access_ip_network_name = None {{(pid=108425) log_opt_values /opt/stack/data/venv/lib/python3.12/site-packages/oslo_config/cfg.py:3242}}
Jun 16 15:00:07.908188 np0000180764 devstack@n-api-meta.service[108425]: DEBUG nova.api.openstack.wsgi_app [None req-500c7276-3ee8-46b5-9f7d-7ef582c04a46 None None] default_availability_zone = nova {{(pid=108425) log_opt_values /opt/stack/data/venv/lib/python3.12/site-packages/oslo_config/cfg.py:3242}}
Jun 16 15:00:07.908319 np0000180764 devstack@n-api-meta.service[108425]: DEBUG nova.api.openstack.wsgi_app [None req-500c7276-3ee8-46b5-9f7d-7ef582c04a46 None None] default_ephemeral_format = ext4 {{(pid=108425) log_opt_values /opt/stack/data/venv/lib/python3.12/site-packages/oslo_config/cfg.py:3242}}
Jun 16 15:00:07.908447 np0000180764 devstack@n-api-meta.service[108425]: DEBUG nova.api.openstack.wsgi_app [None req-500c7276-3ee8-46b5-9f7d-7ef582c04a46 None None] default_green_pool_size = 1000 {{(pid=108425) log_opt_values /opt/stack/data/venv/lib/python3.12/site-packages/oslo_config/cfg.py:3242}}
Jun 16 15:00:07.908673 np0000180764 devstack@n-api-meta.service[108425]: DEBUG nova.api.openstack.wsgi_app [None req-500c7276-3ee8-46b5-9f7d-7ef582c04a46 None None] default_log_levels = ['amqp=WARN', 'boto=WARN', 'sqlalchemy=WARN', 'suds=INFO', 'oslo.messaging=INFO', 'oslo_messaging=INFO', 'iso8601=WARN', 'requests.packages.urllib3.connectionpool=WARN', 'urllib3.connectionpool=WARN', 'websocket=WARN', 'requests.packages.urllib3.util.retry=WARN', 'urllib3.util.retry=WARN', 'keystonemiddleware=WARN', 'routes.middleware=WARN', 'stevedore=WARN', 'taskflow=WARN', 'keystoneauth=WARN', 'oslo.cache=INFO', 'oslo_policy=INFO', 'dogpile.core.dogpile=INFO', 'glanceclient=WARN', 'oslo.privsep.daemon=INFO'] {{(pid=108425) log_opt_values /opt/stack/data/venv/lib/python3.12/site-packages/oslo_config/cfg.py:3242}}
Jun 16 15:00:07.908810 np0000180764 devstack@n-api-meta.service[108425]: DEBUG nova.api.openstack.wsgi_app [None req-500c7276-3ee8-46b5-9f7d-7ef582c04a46 None None] default_schedule_zone = None {{(pid=108425) log_opt_values /opt/stack/data/venv/lib/python3.12/site-packages/oslo_config/cfg.py:3242}}
Jun 16 15:00:07.908912 np0000180764 devstack@n-api-meta.service[108425]: DEBUG nova.api.openstack.wsgi_app [None req-500c7276-3ee8-46b5-9f7d-7ef582c04a46 None None] default_thread_pool_size = 10 {{(pid=108425) log_opt_values /opt/stack/data/venv/lib/python3.12/site-packages/oslo_config/cfg.py:3242}}
Jun 16 15:00:07.909052 np0000180764 devstack@n-api-meta.service[108425]: DEBUG nova.api.openstack.wsgi_app [None req-500c7276-3ee8-46b5-9f7d-7ef582c04a46 None None] disk_allocation_ratio = None {{(pid=108425) log_opt_values /opt/stack/data/venv/lib/python3.12/site-packages/oslo_config/cfg.py:3242}}
Jun 16 15:00:07.909185 np0000180764 devstack@n-api-meta.service[108425]: DEBUG nova.api.openstack.wsgi_app [None req-500c7276-3ee8-46b5-9f7d-7ef582c04a46 None None] enable_new_services = True {{(pid=108425) log_opt_values /opt/stack/data/venv/lib/python3.12/site-packages/oslo_config/cfg.py:3242}}
Jun 16 15:00:07.909311 np0000180764 devstack@n-api-meta.service[108425]: DEBUG nova.api.openstack.wsgi_app [None req-500c7276-3ee8-46b5-9f7d-7ef582c04a46 None None] flat_injected = False {{(pid=108425) log_opt_values /opt/stack/data/venv/lib/python3.12/site-packages/oslo_config/cfg.py:3242}}
Jun 16 15:00:07.909468 np0000180764 devstack@n-api-meta.service[108425]: DEBUG nova.api.openstack.wsgi_app [None req-500c7276-3ee8-46b5-9f7d-7ef582c04a46 None None] force_config_drive = False {{(pid=108425) log_opt_values /opt/stack/data/venv/lib/python3.12/site-packages/oslo_config/cfg.py:3242}}
Jun 16 15:00:07.909591 np0000180764 devstack@n-api-meta.service[108425]: DEBUG nova.api.openstack.wsgi_app [None req-500c7276-3ee8-46b5-9f7d-7ef582c04a46 None None] force_raw_images = True {{(pid=108425) log_opt_values /opt/stack/data/venv/lib/python3.12/site-packages/oslo_config/cfg.py:3242}}
Jun 16 15:00:07.909720 np0000180764 devstack@n-api-meta.service[108425]: DEBUG nova.api.openstack.wsgi_app [None req-500c7276-3ee8-46b5-9f7d-7ef582c04a46 None None] graceful_shutdown_timeout = 5 {{(pid=108425) log_opt_values /opt/stack/data/venv/lib/python3.12/site-packages/oslo_config/cfg.py:3242}}
Jun 16 15:00:07.909837 np0000180764 devstack@n-api-meta.service[108425]: DEBUG nova.api.openstack.wsgi_app [None req-500c7276-3ee8-46b5-9f7d-7ef582c04a46 None None] heal_instance_info_cache_interval = -1 {{(pid=108425) log_opt_values /opt/stack/data/venv/lib/python3.12/site-packages/oslo_config/cfg.py:3242}}
Jun 16 15:00:07.910024 np0000180764 devstack@n-api-meta.service[108425]: DEBUG nova.api.openstack.wsgi_app [None req-500c7276-3ee8-46b5-9f7d-7ef582c04a46 None None] host = np0000180764 {{(pid=108425) log_opt_values /opt/stack/data/venv/lib/python3.12/site-packages/oslo_config/cfg.py:3242}}
Jun 16 15:00:07.910164 np0000180764 devstack@n-api-meta.service[108425]: DEBUG nova.api.openstack.wsgi_app [None req-500c7276-3ee8-46b5-9f7d-7ef582c04a46 None None] initial_cpu_allocation_ratio = 4.0 {{(pid=108425) log_opt_values /opt/stack/data/venv/lib/python3.12/site-packages/oslo_config/cfg.py:3242}}
Jun 16 15:00:07.910292 np0000180764 devstack@n-api-meta.service[108425]: DEBUG nova.api.openstack.wsgi_app [None req-500c7276-3ee8-46b5-9f7d-7ef582c04a46 None None] initial_disk_allocation_ratio = 1.0 {{(pid=108425) log_opt_values /opt/stack/data/venv/lib/python3.12/site-packages/oslo_config/cfg.py:3242}}
Jun 16 15:00:07.910418 np0000180764 devstack@n-api-meta.service[108425]: DEBUG nova.api.openstack.wsgi_app [None req-500c7276-3ee8-46b5-9f7d-7ef582c04a46 None None] initial_ram_allocation_ratio = 1.0 {{(pid=108425) log_opt_values /opt/stack/data/venv/lib/python3.12/site-packages/oslo_config/cfg.py:3242}}
Jun 16 15:00:07.910591 np0000180764 devstack@n-api-meta.service[108425]: DEBUG nova.api.openstack.wsgi_app [None req-500c7276-3ee8-46b5-9f7d-7ef582c04a46 None None] injected_network_template = /opt/stack/nova/nova/virt/interfaces.template {{(pid=108425) log_opt_values /opt/stack/data/venv/lib/python3.12/site-packages/oslo_config/cfg.py:3242}}
Jun 16 15:00:07.910726 np0000180764 devstack@n-api-meta.service[108425]: DEBUG nova.api.openstack.wsgi_app [None req-500c7276-3ee8-46b5-9f7d-7ef582c04a46 None None] instance_build_timeout = 0 {{(pid=108425) log_opt_values /opt/stack/data/venv/lib/python3.12/site-packages/oslo_config/cfg.py:3242}}
Jun 16 15:00:07.910851 np0000180764 devstack@n-api-meta.service[108425]: DEBUG nova.api.openstack.wsgi_app [None req-500c7276-3ee8-46b5-9f7d-7ef582c04a46 None None] instance_delete_interval = 300 {{(pid=108425) log_opt_values /opt/stack/data/venv/lib/python3.12/site-packages/oslo_config/cfg.py:3242}}
Jun 16 15:00:07.911002 np0000180764 devstack@n-api-meta.service[108425]: DEBUG nova.api.openstack.wsgi_app [None req-500c7276-3ee8-46b5-9f7d-7ef582c04a46 None None] instance_format = [instance: %(uuid)s] {{(pid=108425) log_opt_values /opt/stack/data/venv/lib/python3.12/site-packages/oslo_config/cfg.py:3242}}
Jun 16 15:00:07.911140 np0000180764 devstack@n-api-meta.service[108425]: DEBUG nova.api.openstack.wsgi_app [None req-500c7276-3ee8-46b5-9f7d-7ef582c04a46 None None] instance_name_template = instance-%08x {{(pid=108425) log_opt_values /opt/stack/data/venv/lib/python3.12/site-packages/oslo_config/cfg.py:3242}}
Jun 16 15:00:07.911266 np0000180764 devstack@n-api-meta.service[108425]: DEBUG nova.api.openstack.wsgi_app [None req-500c7276-3ee8-46b5-9f7d-7ef582c04a46 None None] instance_usage_audit = False {{(pid=108425) log_opt_values /opt/stack/data/venv/lib/python3.12/site-packages/oslo_config/cfg.py:3242}}
Jun 16 15:00:07.911434 np0000180764 devstack@n-api-meta.service[108425]: DEBUG nova.api.openstack.wsgi_app [None req-500c7276-3ee8-46b5-9f7d-7ef582c04a46 None None] instance_usage_audit_period = month {{(pid=108425) log_opt_values /opt/stack/data/venv/lib/python3.12/site-packages/oslo_config/cfg.py:3242}}
Jun 16 15:00:07.911551 np0000180764 devstack@n-api-meta.service[108425]: DEBUG nova.api.openstack.wsgi_app [None req-500c7276-3ee8-46b5-9f7d-7ef582c04a46 None None] instance_uuid_format = [instance: %(uuid)s] {{(pid=108425) log_opt_values /opt/stack/data/venv/lib/python3.12/site-packages/oslo_config/cfg.py:3242}}
Jun 16 15:00:07.911665 np0000180764 devstack@n-api-meta.service[108425]: DEBUG nova.api.openstack.wsgi_app [None req-500c7276-3ee8-46b5-9f7d-7ef582c04a46 None None] instances_path = /opt/stack/data/nova/instances {{(pid=108425) log_opt_values /opt/stack/data/venv/lib/python3.12/site-packages/oslo_config/cfg.py:3242}}
Jun 16 15:00:07.911797 np0000180764 devstack@n-api-meta.service[108425]: DEBUG nova.api.openstack.wsgi_app [None req-500c7276-3ee8-46b5-9f7d-7ef582c04a46 None None] internal_service_availability_zone = internal {{(pid=108425) log_opt_values /opt/stack/data/venv/lib/python3.12/site-packages/oslo_config/cfg.py:3242}}
Jun 16 15:00:07.911920 np0000180764 devstack@n-api-meta.service[108425]: DEBUG nova.api.openstack.wsgi_app [None req-500c7276-3ee8-46b5-9f7d-7ef582c04a46 None None] key = None {{(pid=108425) log_opt_values /opt/stack/data/venv/lib/python3.12/site-packages/oslo_config/cfg.py:3242}}
Jun 16 15:00:07.912068 np0000180764 devstack@n-api-meta.service[108425]: DEBUG nova.api.openstack.wsgi_app [None req-500c7276-3ee8-46b5-9f7d-7ef582c04a46 None None] live_migration_retry_count = 30 {{(pid=108425) log_opt_values /opt/stack/data/venv/lib/python3.12/site-packages/oslo_config/cfg.py:3242}}
Jun 16 15:00:07.912212 np0000180764 devstack@n-api-meta.service[108425]: DEBUG nova.api.openstack.wsgi_app [None req-500c7276-3ee8-46b5-9f7d-7ef582c04a46 None None] log_color = False {{(pid=108425) log_opt_values /opt/stack/data/venv/lib/python3.12/site-packages/oslo_config/cfg.py:3242}}
Jun 16 15:00:07.912341 np0000180764 devstack@n-api-meta.service[108425]: DEBUG nova.api.openstack.wsgi_app [None req-500c7276-3ee8-46b5-9f7d-7ef582c04a46 None None] log_config_append = None {{(pid=108425) log_opt_values /opt/stack/data/venv/lib/python3.12/site-packages/oslo_config/cfg.py:3242}}
Jun 16 15:00:07.912474 np0000180764 devstack@n-api-meta.service[108425]: DEBUG nova.api.openstack.wsgi_app [None req-500c7276-3ee8-46b5-9f7d-7ef582c04a46 None None] log_date_format = %Y-%m-%d %H:%M:%S {{(pid=108425) log_opt_values /opt/stack/data/venv/lib/python3.12/site-packages/oslo_config/cfg.py:3242}}
Jun 16 15:00:07.912602 np0000180764 devstack@n-api-meta.service[108425]: DEBUG nova.api.openstack.wsgi_app [None req-500c7276-3ee8-46b5-9f7d-7ef582c04a46 None None] log_dir = None {{(pid=108425) log_opt_values /opt/stack/data/venv/lib/python3.12/site-packages/oslo_config/cfg.py:3242}}
Jun 16 15:00:07.912728 np0000180764 devstack@n-api-meta.service[108425]: DEBUG nova.api.openstack.wsgi_app [None req-500c7276-3ee8-46b5-9f7d-7ef582c04a46 None None] log_file = None {{(pid=108425) log_opt_values /opt/stack/data/venv/lib/python3.12/site-packages/oslo_config/cfg.py:3242}}
Jun 16 15:00:07.912899 np0000180764 devstack@n-api-meta.service[108425]: DEBUG nova.api.openstack.wsgi_app [None req-500c7276-3ee8-46b5-9f7d-7ef582c04a46 None None] log_options = True {{(pid=108425) log_opt_values /opt/stack/data/venv/lib/python3.12/site-packages/oslo_config/cfg.py:3242}}
Jun 16 15:00:07.912948 np0000180764 devstack@n-api-meta.service[108425]: DEBUG nova.api.openstack.wsgi_app [None req-500c7276-3ee8-46b5-9f7d-7ef582c04a46 None None] log_rotate_interval = 1 {{(pid=108425) log_opt_values /opt/stack/data/venv/lib/python3.12/site-packages/oslo_config/cfg.py:3242}}
Jun 16 15:00:07.913285 np0000180764 devstack@n-api-meta.service[108425]: DEBUG nova.api.openstack.wsgi_app [None req-500c7276-3ee8-46b5-9f7d-7ef582c04a46 None None] log_rotate_interval_type = days {{(pid=108425) log_opt_values /opt/stack/data/venv/lib/python3.12/site-packages/oslo_config/cfg.py:3242}}
Jun 16 15:00:07.913446 np0000180764 devstack@n-api-meta.service[108425]: DEBUG nova.api.openstack.wsgi_app [None req-500c7276-3ee8-46b5-9f7d-7ef582c04a46 None None] log_rotation_type = none {{(pid=108425) log_opt_values /opt/stack/data/venv/lib/python3.12/site-packages/oslo_config/cfg.py:3242}}
Jun 16 15:00:07.913548 np0000180764 devstack@n-api-meta.service[108425]: DEBUG nova.api.openstack.wsgi_app [None req-500c7276-3ee8-46b5-9f7d-7ef582c04a46 None None] logging_context_format_string = %(color)s%(levelname)s %(name)s [%(global_request_id)s %(request_id)s %(project_name)s %(user_name)s%(color)s] %(instance)s%(color)s%(message)s {{(pid=108425) log_opt_values /opt/stack/data/venv/lib/python3.12/site-packages/oslo_config/cfg.py:3242}}
Jun 16 15:00:07.913649 np0000180764 devstack@n-api-meta.service[108425]: DEBUG nova.api.openstack.wsgi_app [None req-500c7276-3ee8-46b5-9f7d-7ef582c04a46 None None] logging_debug_format_suffix = {{(pid=%(process)d) %(funcName)s %(pathname)s:%(lineno)d}} {{(pid=108425) log_opt_values /opt/stack/data/venv/lib/python3.12/site-packages/oslo_config/cfg.py:3242}}
Jun 16 15:00:07.913780 np0000180764 devstack@n-api-meta.service[108425]: DEBUG nova.api.openstack.wsgi_app [None req-500c7276-3ee8-46b5-9f7d-7ef582c04a46 None None] logging_default_format_string = %(color)s%(levelname)s %(name)s [-%(color)s] %(instance)s%(color)s%(message)s {{(pid=108425) log_opt_values /opt/stack/data/venv/lib/python3.12/site-packages/oslo_config/cfg.py:3242}}
Jun 16 15:00:07.913909 np0000180764 devstack@n-api-meta.service[108425]: DEBUG nova.api.openstack.wsgi_app [None req-500c7276-3ee8-46b5-9f7d-7ef582c04a46 None None] logging_exception_prefix = ERROR %(name)s %(instance)s {{(pid=108425) log_opt_values /opt/stack/data/venv/lib/python3.12/site-packages/oslo_config/cfg.py:3242}}
Jun 16 15:00:07.914028 np0000180764 devstack@n-api-meta.service[108425]: DEBUG nova.api.openstack.wsgi_app [None req-500c7276-3ee8-46b5-9f7d-7ef582c04a46 None None] logging_user_identity_format = %(user)s %(project)s %(domain)s %(system_scope)s %(user_domain)s %(project_domain)s {{(pid=108425) log_opt_values /opt/stack/data/venv/lib/python3.12/site-packages/oslo_config/cfg.py:3242}}
Jun 16 15:00:07.914157 np0000180764 devstack@n-api-meta.service[108425]: DEBUG nova.api.openstack.wsgi_app [None req-500c7276-3ee8-46b5-9f7d-7ef582c04a46 None None] long_rpc_timeout = 1800 {{(pid=108425) log_opt_values /opt/stack/data/venv/lib/python3.12/site-packages/oslo_config/cfg.py:3242}}
Jun 16 15:00:07.914281 np0000180764 devstack@n-api-meta.service[108425]: DEBUG nova.api.openstack.wsgi_app [None req-500c7276-3ee8-46b5-9f7d-7ef582c04a46 None None] manager_shutdown_timeout = 160 {{(pid=108425) log_opt_values /opt/stack/data/venv/lib/python3.12/site-packages/oslo_config/cfg.py:3242}}
Jun 16 15:00:07.914409 np0000180764 devstack@n-api-meta.service[108425]: DEBUG nova.api.openstack.wsgi_app [None req-500c7276-3ee8-46b5-9f7d-7ef582c04a46 None None] max_concurrent_builds = 10 {{(pid=108425) log_opt_values /opt/stack/data/venv/lib/python3.12/site-packages/oslo_config/cfg.py:3242}}
Jun 16 15:00:07.914532 np0000180764 devstack@n-api-meta.service[108425]: DEBUG nova.api.openstack.wsgi_app [None req-500c7276-3ee8-46b5-9f7d-7ef582c04a46 None None] max_concurrent_live_migrations = 1 {{(pid=108425) log_opt_values /opt/stack/data/venv/lib/python3.12/site-packages/oslo_config/cfg.py:3242}}
Jun 16 15:00:07.914655 np0000180764 devstack@n-api-meta.service[108425]: DEBUG nova.api.openstack.wsgi_app [None req-500c7276-3ee8-46b5-9f7d-7ef582c04a46 None None] max_concurrent_snapshots = 5 {{(pid=108425) log_opt_values /opt/stack/data/venv/lib/python3.12/site-packages/oslo_config/cfg.py:3242}}
Jun 16 15:00:07.914780 np0000180764 devstack@n-api-meta.service[108425]: DEBUG nova.api.openstack.wsgi_app [None req-500c7276-3ee8-46b5-9f7d-7ef582c04a46 None None] max_local_block_devices = 3 {{(pid=108425) log_opt_values /opt/stack/data/venv/lib/python3.12/site-packages/oslo_config/cfg.py:3242}}
