2026-09-18 16:37:29.953 7 INFO placement.requestlog [None req-2107c6cb-70b6-4b2a-8db7-c81f3f0ce6e0 - - - - - -] 10.0.0.206 "GET /" status: 200 len: 136 microversion: 1.0
2026-09-18 16:37:29.953 8 INFO placement.requestlog [None req-053860ec-f6b4-46e3-8a7e-f9a73f7f5b48 - - - - - -] 10.0.0.206 "GET /" status: 200 len: 136 microversion: 1.0
2026-09-18 16:37:39.952 7 INFO placement.requestlog [None req-9cb2108b-cf3d-4075-9df5-e2b8fe321407 - - - - - -] 10.0.0.206 "GET /" status: 200 len: 136 microversion: 1.0
2026-09-18 16:37:39.952 8 INFO placement.requestlog [None req-10fdd6e6-5b99-4315-bf2c-f89732b6ac2b - - - - - -] 10.0.0.206 "GET /" status: 200 len: 136 microversion: 1.0
2026-09-18 16:37:40.128 7 INFO placement.requestlog [req-7340826b-de51-41a9-835e-2875916d27cd req-988fd3b9-2ec5-4cda-ae73-c7da810f4a9d 96be6c95040c4c4e99e8e42350a7d97a 1607358e0bd14fe9a21b50f93b7a1f8a - - 53fd8ff17d994b9b8f556c80096a9b6a 53fd8ff17d994b9b8f556c80096a9b6a] 162.253.55.115 "GET /resource_providers/5d38f7f8-9ac3-42bc-8401-06126f107f54/allocations" status: 200 len: 54 microversion: 1.0 [pid: 7|app: 0|req: 293/586] 162.253.55.115 () {32 vars in 857 bytes} [Fri Sep 18 16:37:40 2026] GET /resource_providers/5d38f7f8-9ac3-42bc-8401-06126f107f54/allocations => generated 54 bytes in 22 msecs (HTTP/1.1 200) 6 headers in 223 bytes (1 switches on core 0)
2026-09-18 16:37:40.158 8 INFO placement.requestlog [req-7340826b-de51-41a9-835e-2875916d27cd req-375abf65-fb97-4f2e-ab6b-1758fd3da046 96be6c95040c4c4e99e8e42350a7d97a 1607358e0bd14fe9a21b50f93b7a1f8a - - 53fd8ff17d994b9b8f556c80096a9b6a 53fd8ff17d994b9b8f556c80096a9b6a] 162.253.55.115 "GET /resource_providers/5d38f7f8-9ac3-42bc-8401-06126f107f54/allocations" status: 200 len: 54 microversion: 1.0 [pid: 8|app: 0|req: 294/587] 162.253.55.115 () {32 vars in 857 bytes} [Fri Sep 18 16:37:40 2026] GET /resource_providers/5d38f7f8-9ac3-42bc-8401-06126f107f54/allocations => generated 54 bytes in 22 msecs (HTTP/1.1 200) 6 headers in 223 bytes (1 switches on core 0)
2026-09-18 16:37:49.953 7 INFO placement.requestlog [None req-1fa752af-7918-4e49-89b7-f2cc824ae053 - - - - - -] 10.0.0.206 "GET /" status: 200 len: 136 microversion: 1.0
2026-09-18 16:37:49.953 8 INFO placement.requestlog [None req-8087003b-49db-4f34-8061-8368b211c8ea - - - - - -] 10.0.0.206 "GET /" status: 200 len: 136 microversion: 1.0
2026-09-18 16:37:59.952 7 INFO placement.requestlog [None req-cbf05bd1-e09d-4ce1-8a95-5e27ae31b4a9 - - - - - -] 10.0.0.206 "GET /" status: 200 len: 136 microversion: 1.0
2026-09-18 16:37:59.952 8 INFO placement.requestlog [None req-9b5f90dd-76c7-49d4-908d-59e3642b45ae - - - - - -] 10.0.0.206 "GET /" status: 200 len: 136 microversion: 1.0
2026-09-18 16:38:09.952 7 INFO placement.requestlog [None req-11fe25a3-94f5-4e38-8062-e42a61484d76 - - - - - -] 10.0.0.206 "GET /" status: 200 len: 136 microversion: 1.0
2026-09-18 16:38:09.962 8 INFO placement.requestlog [None req-033c0b30-fefd-400c-978a-c98eb0163dc6 - - - - - -] 10.0.0.206 "GET /" status: 200 len: 136 microversion: 1.0
2026-09-18 16:38:19.955 7 INFO placement.requestlog [None req-75a52e44-a7cd-4999-9ca7-10ee9cbbc987 - - - - - -] 10.0.0.206 "GET /" status: 200 len: 136 microversion: 1.0
2026-09-18 16:38:19.955 8 INFO placement.requestlog [None req-a0178d3e-28ca-4863-af96-6279f1f0337c - - - - - -] 10.0.0.206 "GET /" status: 200 len: 136 microversion: 1.0
2026-09-18 16:38:29.952 8 INFO placement.requestlog [None req-96374178-c5d0-4fb9-aa5b-860425161955 - - - - - -] 10.0.0.206 "GET /" status: 200 len: 136 microversion: 1.0
2026-09-18 16:38:29.952 7 INFO placement.requestlog [None req-9a57d8b6-5fed-4745-beca-79e1b51ada01 - - - - - -] 10.0.0.206 "GET /" status: 200 len: 136 microversion: 1.0
2026-09-18 16:38:39.953 7 INFO placement.requestlog [None req-a1ae5642-d1ba-485a-9acd-a0006f595a1f - - - - - -] 10.0.0.206 "GET /" status: 200 len: 136 microversion: 1.0
2026-09-18 16:38:39.953 8 INFO placement.requestlog [None req-55cb3f9e-e776-4d45-9e50-78a005086f34 - - - - - -] 10.0.0.206 "GET /" status: 200 len: 136 microversion: 1.0
2026-09-18 16:38:40.054 7 INFO placement.requestlog [req-aa85b1ce-b881-44ad-905d-0ad708053f74 req-465de9d5-aac6-4d4a-8897-a9565e518968 96be6c95040c4c4e99e8e42350a7d97a 1607358e0bd14fe9a21b50f93b7a1f8a - - 53fd8ff17d994b9b8f556c80096a9b6a 53fd8ff17d994b9b8f556c80096a9b6a] 162.253.55.115 "GET /resource_providers/5d38f7f8-9ac3-42bc-8401-06126f107f54/allocations" status: 200 len: 54 microversion: 1.0 [pid: 7|app: 0|req: 300/600] 162.253.55.115 () {32 vars in 857 bytes} [Fri Sep 18 16:38:40 2026] GET /resource_providers/5d38f7f8-9ac3-42bc-8401-06126f107f54/allocations => generated 54 bytes in 19 msecs (HTTP/1.1 200) 6 headers in 223 bytes (1 switches on core 0)
2026-09-18 16:38:40.088 8 INFO placement.requestlog [req-aa85b1ce-b881-44ad-905d-0ad708053f74 req-0f590cc9-da7a-468b-ad21-0f198ebc5185 96be6c95040c4c4e99e8e42350a7d97a 1607358e0bd14fe9a21b50f93b7a1f8a - - 53fd8ff17d994b9b8f556c80096a9b6a 53fd8ff17d994b9b8f556c80096a9b6a] 162.253.55.115 "GET /resource_providers/5d38f7f8-9ac3-42bc-8401-06126f107f54/allocations" status: 200 len: 54 microversion: 1.0 [pid: 8|app: 0|req: 301/601] 162.253.55.115 () {32 vars in 857 bytes} [Fri Sep 18 16:38:40 2026] GET /resource_providers/5d38f7f8-9ac3-42bc-8401-06126f107f54/allocations => generated 54 bytes in 25 msecs (HTTP/1.1 200) 6 headers in 223 bytes (1 switches on core 0)
2026-09-18 16:38:49.953 8 INFO placement.requestlog [None req-cbf43404-8023-494e-8b98-e33d89755a87 - - - - - -] 10.0.0.206 "GET /" status: 200 len: 136 microversion: 1.0
2026-09-18 16:38:49.953 7 INFO placement.requestlog [None req-ce5a6d53-df38-48b1-a042-20c510c4f748 - - - - - -] 10.0.0.206 "GET /" status: 200 len: 136 microversion: 1.0
2026-09-18 16:38:59.952 8 INFO placement.requestlog [None req-cfcbe75e-c8c3-4d58-9c0a-d86a418c8bf6 - - - - - -] 10.0.0.206 "GET /" status: 200 len: 136 microversion: 1.0
2026-09-18 16:38:59.952 7 INFO placement.requestlog [None req-1c7d29e7-f0d0-4293-bf1c-7280e274b0b5 - - - - - -] 10.0.0.206 "GET /" status: 200 len: 136 microversion: 1.0
2026-09-18 16:39:09.952 8 INFO placement.requestlog [None req-2c8298dc-4afc-436e-acbc-c1d7e8d7feae - - - - - -] 10.0.0.206 "GET /" status: 200 len: 136 microversion: 1.0
2026-09-18 16:39:09.952 7 INFO placement.requestlog [None req-18d2ed17-a9a8-4dea-914b-77c4804950d0 - - - - - -] 10.0.0.206 "GET /" status: 200 len: 136 microversion: 1.0
2026-09-18 16:39:19.953 8 INFO placement.requestlog [None req-76b6ec09-a924-4d90-8c51-6153b54e5a44 - - - - - -] 10.0.0.206 "GET /" status: 200 len: 136 microversion: 1.0
2026-09-18 16:39:19.954 7 INFO placement.requestlog [None req-1bda3fe2-5685-4ef2-800c-98ac37a171ab - - - - - -] 10.0.0.206 "GET /" status: 200 len: 136 microversion: 1.0
2026-09-18 16:39:29.952 8 INFO placement.requestlog [None req-ed4917da-f044-4a63-b43b-38bcd41a8243 - - - - - -] 10.0.0.206 "GET /" status: 200 len: 136 microversion: 1.0
2026-09-18 16:39:29.952 7 INFO placement.requestlog [None req-76f0b630-7146-4885-a800-a8517ed74ba6 - - - - - -] 10.0.0.206 "GET /" status: 200 len: 136 microversion: 1.0
2026-09-18 16:39:39.951 8 INFO placement.requestlog [None req-ee4da3b7-14d3-4e05-a17a-9f41efe2cfb7 - - - - - -] 10.0.0.206 "GET /" status: 200 len: 136 microversion: 1.0
2026-09-18 16:39:39.952 7 INFO placement.requestlog [None req-fe8f77d7-f4f3-4282-9426-8d11fe20d4c3 - - - - - -] 10.0.0.206 "GET /" status: 200 len: 136 microversion: 1.0
2026-09-18 16:39:41.116 8 INFO placement.requestlog [req-abf782fe-ec3a-4b68-9d76-c372f380646a req-09b862d9-15ea-43ca-a6a4-11934606c182 96be6c95040c4c4e99e8e42350a7d97a 1607358e0bd14fe9a21b50f93b7a1f8a - - 53fd8ff17d994b9b8f556c80096a9b6a 53fd8ff17d994b9b8f556c80096a9b6a] 162.253.55.115 "GET /resource_providers/5d38f7f8-9ac3-42bc-8401-06126f107f54/allocations" status: 200 len: 54 microversion: 1.0 [pid: 8|app: 0|req: 308/614] 162.253.55.115 () {32 vars in 857 bytes} [Fri Sep 18 16:39:41 2026] GET /resource_providers/5d38f7f8-9ac3-42bc-8401-06126f107f54/allocations => generated 54 bytes in 24 msecs (HTTP/1.1 200) 6 headers in 223 bytes (1 switches on core 0)
2026-09-18 16:39:41.159 7 INFO placement.requestlog [req-abf782fe-ec3a-4b68-9d76-c372f380646a req-02541280-d8cc-476c-94c0-68cec1894ac1 96be6c95040c4c4e99e8e42350a7d97a 1607358e0bd14fe9a21b50f93b7a1f8a - - 53fd8ff17d994b9b8f556c80096a9b6a 53fd8ff17d994b9b8f556c80096a9b6a] 162.253.55.115 "GET /resource_providers/5d38f7f8-9ac3-42bc-8401-06126f107f54/allocations" status: 200 len: 54 microversion: 1.0 [pid: 7|app: 0|req: 307/615] 162.253.55.115 () {32 vars in 857 bytes} [Fri Sep 18 16:39:41 2026] GET /resource_providers/5d38f7f8-9ac3-42bc-8401-06126f107f54/allocations => generated 54 bytes in 34 msecs (HTTP/1.1 200) 6 headers in 223 bytes (1 switches on core 0)
2026-09-18 16:39:49.951 7 INFO placement.requestlog [None req-4ea09662-134d-4b6d-9774-0014cd56e3fd - - - - - -] 10.0.0.206 "GET /" status: 200 len: 136 microversion: 1.0
2026-09-18 16:39:49.952 8 INFO placement.requestlog [None req-0df87b8e-87dc-4c4a-8ab3-be7c097d2edb - - - - - -] 10.0.0.206 "GET /" status: 200 len: 136 microversion: 1.0
2026-09-18 16:39:59.952 7 INFO placement.requestlog [None req-720bfc46-f0bb-4807-95cb-10d031264798 - - - - - -] 10.0.0.206 "GET /" status: 200 len: 136 microversion: 1.0
2026-09-18 16:39:59.952 8 INFO placement.requestlog [None req-78f93263-8a2d-4e13-91e4-911d295dd0fd - - - - - -] 10.0.0.206 "GET /" status: 200 len: 136 microversion: 1.0
2026-09-18 16:40:09.951 7 INFO placement.requestlog [None req-b96cea44-f6d7-44f2-8d2e-7a30b3663866 - - - - - -] 10.0.0.206 "GET /" status: 200 len: 136 microversion: 1.0
2026-09-18 16:40:09.952 8 INFO placement.requestlog [None req-0accaee6-7b5f-413e-bde0-ce990986b81d - - - - - -] 10.0.0.206 "GET /" status: 200 len: 136 microversion: 1.0
2026-09-18 16:40:19.952 7 INFO placement.requestlog [None req-5e563d50-453d-4a7f-bff4-132be46ba45b - - - - - -] 10.0.0.206 "GET /" status: 200 len: 136 microversion: 1.0
2026-09-18 16:40:19.953 8 INFO placement.requestlog [None req-564ac3bb-cec1-4f94-9259-ad1066e44253 - - - - - -] 10.0.0.206 "GET /" status: 200 len: 136 microversion: 1.0
2026-09-18 16:40:29.952 7 INFO placement.requestlog [None req-b06e077d-8497-445f-ac4b-e5bde800014b - - - - - -] 10.0.0.206 "GET /" status: 200 len: 136 microversion: 1.0
2026-09-18 16:40:29.952 8 INFO placement.requestlog [None req-1c5d7adf-3335-4c0a-868b-68823575c1cc - - - - - -] 10.0.0.206 "GET /" status: 200 len: 136 microversion: 1.0
2026-09-18 16:40:37.332 7 INFO placement.requestlog [req-402e6efb-7eff-4923-aa4d-0833673c26e0 req-039b29b7-1b18-4b08-883b-dc37e46f7241 96be6c95040c4c4e99e8e42350a7d97a 1607358e0bd14fe9a21b50f93b7a1f8a - - 53fd8ff17d994b9b8f556c80096a9b6a 53fd8ff17d994b9b8f556c80096a9b6a] 10.0.0.237 "GET /allocation_candidates?limit=1000&resources=DISK_GB%3A1%2CMEMORY_MB%3A512%2CVCPU%3A1&root_required=%21COMPUTE_STATUS_DISABLED" status: 200 len: 2188 microversion: 1.36 [pid: 7|app: 0|req: 313/626] 10.0.0.237 () {34 vars in 1012 bytes} [Fri Sep 18 16:40:37 2026] GET /allocation_candidates?limit=1000&resources=DISK_GB%3A1%2CMEMORY_MB%3A512%2CVCPU%3A1&root_required=%21COMPUTE_STATUS_DISABLED => generated 2188 bytes in 214 msecs (HTTP/1.1 200) 8 headers in 297 bytes (1 switches on core 0)
2026-09-18 16:40:37.383 8 INFO placement.requestlog [req-402e6efb-7eff-4923-aa4d-0833673c26e0 req-1b2fb56a-94ad-4809-b8a9-debbd282c855 96be6c95040c4c4e99e8e42350a7d97a 1607358e0bd14fe9a21b50f93b7a1f8a - - 53fd8ff17d994b9b8f556c80096a9b6a 53fd8ff17d994b9b8f556c80096a9b6a] 10.0.0.237 "GET /allocations/21782b2c-2df7-4bf4-a421-ef8ddbe78f04" status: 200 len: 19 microversion: 1.28 [pid: 8|app: 0|req: 314/627] 10.0.0.237 () {34 vars in 861 bytes} [Fri Sep 18 16:40:37 2026] GET /allocations/21782b2c-2df7-4bf4-a421-ef8ddbe78f04 => generated 19 bytes in 16 msecs (HTTP/1.1 200) 8 headers in 295 bytes (1 switches on core 0)
2026-09-18 16:40:37.480 7 INFO placement.requestlog [req-402e6efb-7eff-4923-aa4d-0833673c26e0 req-fecf1188-e216-4f7d-a49e-8948e36aead3 96be6c95040c4c4e99e8e42350a7d97a 1607358e0bd14fe9a21b50f93b7a1f8a - - 53fd8ff17d994b9b8f556c80096a9b6a 53fd8ff17d994b9b8f556c80096a9b6a] 10.0.0.237 "PUT /allocations/21782b2c-2df7-4bf4-a421-ef8ddbe78f04" status: 204 len: 0 microversion: 1.36 [pid: 7|app: 0|req: 314/628] 10.0.0.237 () {38 vars in 914 bytes} [Fri Sep 18 16:40:37 2026] PUT /allocations/21782b2c-2df7-4bf4-a421-ef8ddbe78f04 => generated 0 bytes in 89 msecs (HTTP/1.1 204) 5 headers in 199 bytes (1 switches on core 0)
2026-09-18 16:40:37.950 8 INFO placement.requestlog [req-402e6efb-7eff-4923-aa4d-0833673c26e0 req-630868e0-3419-474d-847d-ce2dd4432410 96be6c95040c4c4e99e8e42350a7d97a 1607358e0bd14fe9a21b50f93b7a1f8a - - 53fd8ff17d994b9b8f556c80096a9b6a 53fd8ff17d994b9b8f556c80096a9b6a] 162.253.55.115 "GET /allocations/21782b2c-2df7-4bf4-a421-ef8ddbe78f04" status: 200 len: 257 microversion: 1.28 [pid: 8|app: 0|req: 315/629] 162.253.55.115 () {34 vars in 863 bytes} [Fri Sep 18 16:40:37 2026] GET /allocations/21782b2c-2df7-4bf4-a421-ef8ddbe78f04 => generated 257 bytes in 16 msecs (HTTP/1.1 200) 8 headers in 296 bytes (1 switches on core 0)
2026-09-18 16:40:38.128 7 INFO placement.requestlog [req-402e6efb-7eff-4923-aa4d-0833673c26e0 req-c1f217c6-6ff9-4a04-b2a7-2d4416fcb255 96be6c95040c4c4e99e8e42350a7d97a 1607358e0bd14fe9a21b50f93b7a1f8a - - 53fd8ff17d994b9b8f556c80096a9b6a 53fd8ff17d994b9b8f556c80096a9b6a] 162.253.55.115 "GET /resource_providers/5d38f7f8-9ac3-42bc-8401-06126f107f54/allocations" status: 200 len: 152 microversion: 1.0 [pid: 7|app: 0|req: 315/630] 162.253.55.115 () {32 vars in 857 bytes} [Fri Sep 18 16:40:38 2026] GET /resource_providers/5d38f7f8-9ac3-42bc-8401-06126f107f54/allocations => generated 152 bytes in 23 msecs (HTTP/1.1 200) 6 headers in 224 bytes (1 switches on core 0)
2026-09-18 16:40:38.158 8 INFO placement.requestlog [req-402e6efb-7eff-4923-aa4d-0833673c26e0 req-67b0ec82-14f9-4bfb-aa62-207ba0f6a69a 96be6c95040c4c4e99e8e42350a7d97a 1607358e0bd14fe9a21b50f93b7a1f8a - - 53fd8ff17d994b9b8f556c80096a9b6a 53fd8ff17d994b9b8f556c80096a9b6a] 162.253.55.115 "GET /allocations/21782b2c-2df7-4bf4-a421-ef8ddbe78f04" status: 200 len: 257 microversion: 1.28 [pid: 8|app: 0|req: 316/631] 162.253.55.115 () {34 vars in 863 bytes} [Fri Sep 18 16:40:38 2026] GET /allocations/21782b2c-2df7-4bf4-a421-ef8ddbe78f04 => generated 257 bytes in 22 msecs (HTTP/1.1 200) 8 headers in 296 bytes (1 switches on core 0)
2026-09-18 16:40:39.601 7 INFO placement.requestlog [None req-ef1bd85a-0ea6-47e1-aa25-9b383884d1ff 36da81dd702345208f64a47dd3ae9ccd 1607358e0bd14fe9a21b50f93b7a1f8a - - 53fd8ff17d994b9b8f556c80096a9b6a 53fd8ff17d994b9b8f556c80096a9b6a] 10.0.0.139 "GET /resource_providers/49fcd4c4-5a8f-4825-a9a1-de0cf7f3f086/aggregates" status: 404 len: 235 microversion: 1.1 [pid: 7|app: 0|req: 316/632] 10.0.0.139 () {32 vars in 825 bytes} [Fri Sep 18 16:40:39 2026] GET /resource_providers/49fcd4c4-5a8f-4825-a9a1-de0cf7f3f086/aggregates => generated 235 bytes in 115 msecs (HTTP/1.1 404) 5 headers in 202 bytes (1 switches on core 0)
2026-09-18 16:40:39.624 7 INFO placement.requestlog [None req-5b45bbdc-9951-4f43-9e55-522d6ffe6561 36da81dd702345208f64a47dd3ae9ccd 1607358e0bd14fe9a21b50f93b7a1f8a - - 53fd8ff17d994b9b8f556c80096a9b6a 53fd8ff17d994b9b8f556c80096a9b6a] 10.0.0.139 "DELETE /resource_providers/49fcd4c4-5a8f-4825-a9a1-de0cf7f3f086" status: 404 len: 246 microversion: 1.1 [pid: 7|app: 0|req: 317/633] 10.0.0.139 () {34 vars in 825 bytes} [Fri Sep 18 16:40:39 2026] DELETE /resource_providers/49fcd4c4-5a8f-4825-a9a1-de0cf7f3f086 => generated 246 bytes in 13 msecs (HTTP/1.1 404) 6 headers in 231 bytes (1 switches on core 0)
2026-09-18 16:40:39.667 8 INFO placement.requestlog [None req-b4a2b857-74a9-4794-a311-dd793a7a53ea 36da81dd702345208f64a47dd3ae9ccd 1607358e0bd14fe9a21b50f93b7a1f8a - - 53fd8ff17d994b9b8f556c80096a9b6a 53fd8ff17d994b9b8f556c80096a9b6a] 10.0.0.139 "GET /resource_providers/49fcd4c4-5a8f-4825-a9a1-de0cf7f3f086/aggregates" status: 404 len: 235 microversion: 1.1 [pid: 8|app: 0|req: 317/634] 10.0.0.139 () {32 vars in 825 bytes} [Fri Sep 18 16:40:39 2026] GET /resource_providers/49fcd4c4-5a8f-4825-a9a1-de0cf7f3f086/aggregates => generated 235 bytes in 104 msecs (HTTP/1.1 404) 5 headers in 202 bytes (1 switches on core 0)
2026-09-18 16:40:39.687 7 INFO placement.requestlog [None req-cfa12880-16d9-4f16-bab0-2244ca4630de 36da81dd702345208f64a47dd3ae9ccd 1607358e0bd14fe9a21b50f93b7a1f8a - - 53fd8ff17d994b9b8f556c80096a9b6a 53fd8ff17d994b9b8f556c80096a9b6a] 10.0.0.139 "DELETE /resource_providers/49fcd4c4-5a8f-4825-a9a1-de0cf7f3f086" status: 404 len: 246 microversion: 1.1 [pid: 7|app: 0|req: 318/635] 10.0.0.139 () {34 vars in 825 bytes} [Fri Sep 18 16:40:39 2026] DELETE /resource_providers/49fcd4c4-5a8f-4825-a9a1-de0cf7f3f086 => generated 246 bytes in 13 msecs (HTTP/1.1 404) 6 headers in 231 bytes (1 switches on core 0)
2026-09-18 16:40:39.953 7 INFO placement.requestlog [None req-0d741f07-9659-409a-aa4d-4cf11dec6d3b - - - - - -] 10.0.0.206 "GET /" status: 200 len: 136 microversion: 1.0
2026-09-18 16:40:39.953 8 INFO placement.requestlog [None req-a6cc356e-be30-4131-86d8-62913a9b9a26 - - - - - -] 10.0.0.206 "GET /" status: 200 len: 136 microversion: 1.0
2026-09-18 16:40:40.620 7 INFO placement.requestlog [req-0735df78-22c5-4aca-9240-5ff64a6f2b7f req-7dcdb211-b09e-4bbe-984e-50baba68b29c 96be6c95040c4c4e99e8e42350a7d97a 1607358e0bd14fe9a21b50f93b7a1f8a - - 53fd8ff17d994b9b8f556c80096a9b6a 53fd8ff17d994b9b8f556c80096a9b6a] 10.0.0.237 "GET /allocation_candidates?limit=1000&resources=DISK_GB%3A1%2CMEMORY_MB%3A512%2CVCPU%3A1&root_required=%21COMPUTE_STATUS_DISABLED" status: 200 len: 2190 microversion: 1.36 [pid: 7|app: 0|req: 320/638] 10.0.0.237 () {34 vars in 1012 bytes} [Fri Sep 18 16:40:40 2026] GET /allocation_candidates?limit=1000&resources=DISK_GB%3A1%2CMEMORY_MB%3A512%2CVCPU%3A1&root_required=%21COMPUTE_STATUS_DISABLED => generated 2190 bytes in 53 msecs (HTTP/1.1 200) 8 headers in 297 bytes (1 switches on core 0)
2026-09-18 16:40:40.673 8 INFO placement.requestlog [req-0735df78-22c5-4aca-9240-5ff64a6f2b7f req-52c2fb36-0269-48e9-be8c-e55b78d75466 96be6c95040c4c4e99e8e42350a7d97a 1607358e0bd14fe9a21b50f93b7a1f8a - - 53fd8ff17d994b9b8f556c80096a9b6a 53fd8ff17d994b9b8f556c80096a9b6a] 10.0.0.237 "GET /allocations/b09be22e-8d5c-4cca-a9d3-744dfed7a0fe" status: 200 len: 19 microversion: 1.28 [pid: 8|app: 0|req: 319/639] 10.0.0.237 () {34 vars in 861 bytes} [Fri Sep 18 16:40:40 2026] GET /allocations/b09be22e-8d5c-4cca-a9d3-744dfed7a0fe => generated 19 bytes in 16 msecs (HTTP/1.1 200) 8 headers in 295 bytes (1 switches on core 0)
2026-09-18 16:40:40.749 7 INFO placement.requestlog [req-0735df78-22c5-4aca-9240-5ff64a6f2b7f req-865be26b-8686-41df-ac13-9d4149888e2b 96be6c95040c4c4e99e8e42350a7d97a 1607358e0bd14fe9a21b50f93b7a1f8a - - 53fd8ff17d994b9b8f556c80096a9b6a 53fd8ff17d994b9b8f556c80096a9b6a] 10.0.0.237 "PUT /allocations/b09be22e-8d5c-4cca-a9d3-744dfed7a0fe" status: 204 len: 0 microversion: 1.36 [pid: 7|app: 0|req: 321/640] 10.0.0.237 () {38 vars in 914 bytes} [Fri Sep 18 16:40:40 2026] PUT /allocations/b09be22e-8d5c-4cca-a9d3-744dfed7a0fe => generated 0 bytes in 67 msecs (HTTP/1.1 204) 5 headers in 199 bytes (1 switches on core 0)
2026-09-18 16:40:41.082 8 INFO placement.requestlog [req-0735df78-22c5-4aca-9240-5ff64a6f2b7f req-282b4da3-ee88-4523-be2a-5336f7025010 96be6c95040c4c4e99e8e42350a7d97a 1607358e0bd14fe9a21b50f93b7a1f8a - - 53fd8ff17d994b9b8f556c80096a9b6a 53fd8ff17d994b9b8f556c80096a9b6a] 162.253.55.115 "GET /allocations/b09be22e-8d5c-4cca-a9d3-744dfed7a0fe" status: 200 len: 257 microversion: 1.28 [pid: 8|app: 0|req: 320/641] 162.253.55.115 () {34 vars in 863 bytes} [Fri Sep 18 16:40:41 2026] GET /allocations/b09be22e-8d5c-4cca-a9d3-744dfed7a0fe => generated 257 bytes in 19 msecs (HTTP/1.1 200) 8 headers in 296 bytes (1 switches on core 0)
2026-09-18 16:40:41.280 7 INFO placement.requestlog [req-0735df78-22c5-4aca-9240-5ff64a6f2b7f req-8d128442-2cd1-404b-935a-b1ee7a2d3708 96be6c95040c4c4e99e8e42350a7d97a 1607358e0bd14fe9a21b50f93b7a1f8a - - 53fd8ff17d994b9b8f556c80096a9b6a 53fd8ff17d994b9b8f556c80096a9b6a] 162.253.55.115 "GET /resource_providers/5d38f7f8-9ac3-42bc-8401-06126f107f54/allocations" status: 200 len: 252 microversion: 1.0 [pid: 7|app: 0|req: 322/642] 162.253.55.115 () {32 vars in 857 bytes} [Fri Sep 18 16:40:41 2026] GET /resource_providers/5d38f7f8-9ac3-42bc-8401-06126f107f54/allocations => generated 252 bytes in 25 msecs (HTTP/1.1 200) 6 headers in 224 bytes (1 switches on core 0)
2026-09-18 16:40:41.316 8 INFO placement.requestlog [req-0735df78-22c5-4aca-9240-5ff64a6f2b7f req-0db15f28-b738-4b9f-85c8-516af5836d5f 96be6c95040c4c4e99e8e42350a7d97a 1607358e0bd14fe9a21b50f93b7a1f8a - - 53fd8ff17d994b9b8f556c80096a9b6a 53fd8ff17d994b9b8f556c80096a9b6a] 162.253.55.115 "GET /allocations/b09be22e-8d5c-4cca-a9d3-744dfed7a0fe" status: 200 len: 257 microversion: 1.28 [pid: 8|app: 0|req: 321/643] 162.253.55.115 () {34 vars in 863 bytes} [Fri Sep 18 16:40:41 2026] GET /allocations/b09be22e-8d5c-4cca-a9d3-744dfed7a0fe => generated 257 bytes in 23 msecs (HTTP/1.1 200) 8 headers in 296 bytes (1 switches on core 0)
2026-09-18 16:40:41.350 7 INFO placement.requestlog [req-0735df78-22c5-4aca-9240-5ff64a6f2b7f req-30b282df-aee1-444c-aee2-b27172b237b4 96be6c95040c4c4e99e8e42350a7d97a 1607358e0bd14fe9a21b50f93b7a1f8a - - 53fd8ff17d994b9b8f556c80096a9b6a 53fd8ff17d994b9b8f556c80096a9b6a] 162.253.55.115 "GET /allocations/21782b2c-2df7-4bf4-a421-ef8ddbe78f04" status: 200 len: 257 microversion: 1.28 [pid: 7|app: 0|req: 323/644] 162.253.55.115 () {34 vars in 863 bytes} [Fri Sep 18 16:40:41 2026] GET /allocations/21782b2c-2df7-4bf4-a421-ef8ddbe78f04 => generated 257 bytes in 22 msecs (HTTP/1.1 200) 8 headers in 296 bytes (1 switches on core 0)
2026-09-18 16:40:41.646 8 INFO placement.requestlog [None req-f9c72bee-7adc-40fd-a857-eee9a1a769b9 36da81dd702345208f64a47dd3ae9ccd 1607358e0bd14fe9a21b50f93b7a1f8a - - 53fd8ff17d994b9b8f556c80096a9b6a 53fd8ff17d994b9b8f556c80096a9b6a] 10.0.0.139 "GET /resource_providers/c969959a-ad68-4a7b-aafa-339b16499e86/aggregates" status: 404 len: 235 microversion: 1.1 [pid: 8|app: 0|req: 322/645] 10.0.0.139 () {32 vars in 825 bytes} [Fri Sep 18 16:40:41 2026] GET /resource_providers/c969959a-ad68-4a7b-aafa-339b16499e86/aggregates => generated 235 bytes in 9 msecs (HTTP/1.1 404) 5 headers in 202 bytes (1 switches on core 0)
2026-09-18 16:40:41.668 7 INFO placement.requestlog [None req-6f6e8156-29f4-4b1f-9139-f7405ccdc205 36da81dd702345208f64a47dd3ae9ccd 1607358e0bd14fe9a21b50f93b7a1f8a - - 53fd8ff17d994b9b8f556c80096a9b6a 53fd8ff17d994b9b8f556c80096a9b6a] 10.0.0.139 "DELETE /resource_providers/c969959a-ad68-4a7b-aafa-339b16499e86" status: 404 len: 246 microversion: 1.1 [pid: 7|app: 0|req: 324/646] 10.0.0.139 () {34 vars in 825 bytes} [Fri Sep 18 16:40:41 2026] DELETE /resource_providers/c969959a-ad68-4a7b-aafa-339b16499e86 => generated 246 bytes in 13 msecs (HTTP/1.1 404) 6 headers in 231 bytes (1 switches on core 0)
2026-09-18 16:40:41.706 8 INFO placement.requestlog [None req-81a368b8-8623-4bf1-b173-1485bb049641 36da81dd702345208f64a47dd3ae9ccd 1607358e0bd14fe9a21b50f93b7a1f8a - - 53fd8ff17d994b9b8f556c80096a9b6a 53fd8ff17d994b9b8f556c80096a9b6a] 10.0.0.139 "GET /resource_providers/c969959a-ad68-4a7b-aafa-339b16499e86/aggregates" status: 404 len: 235 microversion: 1.1 [pid: 8|app: 0|req: 323/647] 10.0.0.139 () {32 vars in 825 bytes} [Fri Sep 18 16:40:41 2026] GET /resource_providers/c969959a-ad68-4a7b-aafa-339b16499e86/aggregates => generated 235 bytes in 9 msecs (HTTP/1.1 404) 5 headers in 202 bytes (1 switches on core 0)
2026-09-18 16:40:41.737 7 INFO placement.requestlog [None req-4f86ae57-a5d9-4846-bf48-9d102f27de37 36da81dd702345208f64a47dd3ae9ccd 1607358e0bd14fe9a21b50f93b7a1f8a - - 53fd8ff17d994b9b8f556c80096a9b6a 53fd8ff17d994b9b8f556c80096a9b6a] 10.0.0.139 "DELETE /resource_providers/c969959a-ad68-4a7b-aafa-339b16499e86" status: 404 len: 246 microversion: 1.1 [pid: 7|app: 0|req: 325/648] 10.0.0.139 () {34 vars in 825 bytes} [Fri Sep 18 16:40:41 2026] DELETE /resource_providers/c969959a-ad68-4a7b-aafa-339b16499e86 => generated 246 bytes in 21 msecs (HTTP/1.1 404) 6 headers in 231 bytes (1 switches on core 0)
2026-09-18 16:40:43.320 8 INFO placement.requestlog [req-544074e3-95d7-477d-ab26-c013e77a9280 req-a2d99144-9c03-4161-8264-662dd29cc490 96be6c95040c4c4e99e8e42350a7d97a 1607358e0bd14fe9a21b50f93b7a1f8a - - 53fd8ff17d994b9b8f556c80096a9b6a 53fd8ff17d994b9b8f556c80096a9b6a] 162.253.55.115 "GET /resource_providers/5d38f7f8-9ac3-42bc-8401-06126f107f54/allocations" status: 200 len: 252 microversion: 1.0 [pid: 8|app: 0|req: 324/649] 162.253.55.115 () {32 vars in 857 bytes} [Fri Sep 18 16:40:43 2026] GET /resource_providers/5d38f7f8-9ac3-42bc-8401-06126f107f54/allocations => generated 252 bytes in 40 msecs (HTTP/1.1 200) 6 headers in 224 bytes (1 switches on core 0)
2026-09-18 16:40:43.366 7 INFO placement.requestlog [req-544074e3-95d7-477d-ab26-c013e77a9280 req-8cdf3246-adfd-45a6-bb23-9cce07845891 96be6c95040c4c4e99e8e42350a7d97a 1607358e0bd14fe9a21b50f93b7a1f8a - - 53fd8ff17d994b9b8f556c80096a9b6a 53fd8ff17d994b9b8f556c80096a9b6a] 162.253.55.115 "GET /resource_providers/5d38f7f8-9ac3-42bc-8401-06126f107f54/allocations" status: 200 len: 252 microversion: 1.0 [pid: 7|app: 0|req: 326/650] 162.253.55.115 () {32 vars in 857 bytes} [Fri Sep 18 16:40:43 2026] GET /resource_providers/5d38f7f8-9ac3-42bc-8401-06126f107f54/allocations => generated 252 bytes in 38 msecs (HTTP/1.1 200) 6 headers in 224 bytes (1 switches on core 0)
2026-09-18 16:40:43.393 8 INFO placement.requestlog [req-544074e3-95d7-477d-ab26-c013e77a9280 req-f4603006-2458-4de7-88fe-7d7ed4bd1cc1 96be6c95040c4c4e99e8e42350a7d97a 1607358e0bd14fe9a21b50f93b7a1f8a - - 53fd8ff17d994b9b8f556c80096a9b6a 53fd8ff17d994b9b8f556c80096a9b6a] 162.253.55.115 "GET /allocations/b09be22e-8d5c-4cca-a9d3-744dfed7a0fe" status: 200 len: 257 microversion: 1.28 [pid: 8|app: 0|req: 325/651] 162.253.55.115 () {34 vars in 863 bytes} [Fri Sep 18 16:40:43 2026] GET /allocations/b09be22e-8d5c-4cca-a9d3-744dfed7a0fe => generated 257 bytes in 18 msecs (HTTP/1.1 200) 8 headers in 296 bytes (1 switches on core 0)
2026-09-18 16:40:43.419 7 INFO placement.requestlog [req-544074e3-95d7-477d-ab26-c013e77a9280 req-d641b91a-85b2-47fc-b0b5-fd4775d949ff 96be6c95040c4c4e99e8e42350a7d97a 1607358e0bd14fe9a21b50f93b7a1f8a - - 53fd8ff17d994b9b8f556c80096a9b6a 53fd8ff17d994b9b8f556c80096a9b6a] 162.253.55.115 "GET /allocations/21782b2c-2df7-4bf4-a421-ef8ddbe78f04" status: 200 len: 257 microversion: 1.28 [pid: 7|app: 0|req: 327/652] 162.253.55.115 () {34 vars in 863 bytes} [Fri Sep 18 16:40:43 2026] GET /allocations/21782b2c-2df7-4bf4-a421-ef8ddbe78f04 => generated 257 bytes in 18 msecs (HTTP/1.1 200) 8 headers in 296 bytes (1 switches on core 0)
2026-09-18 16:40:49.953 8 INFO placement.requestlog [None req-b8e5e40c-6170-4abf-a856-fcd4a464e4c6 - - - - - -] 10.0.0.206 "GET /" status: 200 len: 136 microversion: 1.0
2026-09-18 16:40:49.955 7 INFO placement.requestlog [None req-a618f69c-b79f-43f1-8c9f-7aee9d4405ce - - - - - -] 10.0.0.206 "GET /" status: 200 len: 136 microversion: 1.0
2026-09-18 16:40:52.279 8 INFO placement.requestlog [req-c5875617-c7d6-4bdc-b742-fff5b6bc8a17 req-6b91b947-281c-4bd7-a849-415348e2aeb1 96be6c95040c4c4e99e8e42350a7d97a 1607358e0bd14fe9a21b50f93b7a1f8a - - 53fd8ff17d994b9b8f556c80096a9b6a 53fd8ff17d994b9b8f556c80096a9b6a] 162.253.55.115 "GET /resource_providers/5d38f7f8-9ac3-42bc-8401-06126f107f54/allocations" status: 200 len: 252 microversion: 1.0 [pid: 8|app: 0|req: 327/655] 162.253.55.115 () {32 vars in 857 bytes} [Fri Sep 18 16:40:52 2026] GET /resource_providers/5d38f7f8-9ac3-42bc-8401-06126f107f54/allocations => generated 252 bytes in 43 msecs (HTTP/1.1 200) 6 headers in 224 bytes (1 switches on core 0)
2026-09-18 16:40:52.331 7 INFO placement.requestlog [req-c5875617-c7d6-4bdc-b742-fff5b6bc8a17 req-1f3e07df-bb81-4d53-a793-5c11a2162e30 96be6c95040c4c4e99e8e42350a7d97a 1607358e0bd14fe9a21b50f93b7a1f8a - - 53fd8ff17d994b9b8f556c80096a9b6a 53fd8ff17d994b9b8f556c80096a9b6a] 162.253.55.115 "GET /allocations/b09be22e-8d5c-4cca-a9d3-744dfed7a0fe" status: 200 len: 257 microversion: 1.28 [pid: 7|app: 0|req: 329/656] 162.253.55.115 () {34 vars in 863 bytes} [Fri Sep 18 16:40:52 2026] GET /allocations/b09be22e-8d5c-4cca-a9d3-744dfed7a0fe => generated 257 bytes in 41 msecs (HTTP/1.1 200) 8 headers in 296 bytes (1 switches on core 0)
2026-09-18 16:40:52.359 8 INFO placement.requestlog [req-c5875617-c7d6-4bdc-b742-fff5b6bc8a17 req-239d3216-0560-484b-932c-d239cd895c8c 96be6c95040c4c4e99e8e42350a7d97a 1607358e0bd14fe9a21b50f93b7a1f8a - - 53fd8ff17d994b9b8f556c80096a9b6a 53fd8ff17d994b9b8f556c80096a9b6a] 162.253.55.115 "GET /allocations/21782b2c-2df7-4bf4-a421-ef8ddbe78f04" status: 200 len: 257 microversion: 1.28 [pid: 8|app: 0|req: 328/657] 162.253.55.115 () {34 vars in 863 bytes} [Fri Sep 18 16:40:52 2026] GET /allocations/21782b2c-2df7-4bf4-a421-ef8ddbe78f04 => generated 257 bytes in 19 msecs (HTTP/1.1 200) 8 headers in 296 bytes (1 switches on core 0)
2026-09-18 16:40:52.472 7 INFO placement.requestlog [req-c5875617-c7d6-4bdc-b742-fff5b6bc8a17 req-04b386a3-3d33-4605-8aad-7092a5091cd1 96be6c95040c4c4e99e8e42350a7d97a 1607358e0bd14fe9a21b50f93b7a1f8a - - 53fd8ff17d994b9b8f556c80096a9b6a 53fd8ff17d994b9b8f556c80096a9b6a] 162.253.55.115 "DELETE /allocations/b09be22e-8d5c-4cca-a9d3-744dfed7a0fe" status: 204 len: 0 microversion: 1.0 [pid: 7|app: 0|req: 330/658] 162.253.55.115 () {34 vars in 841 bytes} [Fri Sep 18 16:40:52 2026] DELETE /allocations/b09be22e-8d5c-4cca-a9d3-744dfed7a0fe => generated 0 bytes in 32 msecs (HTTP/1.1 204) 5 headers in 198 bytes (1 switches on core 0)
2026-09-18 16:40:55.977 8 INFO placement.requestlog [req-f4f1f613-4753-47b1-a0cc-52b85507b9ab req-9bcd0bfc-2a02-450f-a958-0405e7f522ef 96be6c95040c4c4e99e8e42350a7d97a 1607358e0bd14fe9a21b50f93b7a1f8a - - 53fd8ff17d994b9b8f556c80096a9b6a 53fd8ff17d994b9b8f556c80096a9b6a] 10.0.0.237 "GET /allocation_candidates?limit=1000&resources=DISK_GB%3A1%2CMEMORY_MB%3A512%2CVCPU%3A1&root_required=%21COMPUTE_STATUS_DISABLED" status: 200 len: 2190 microversion: 1.36 [pid: 8|app: 0|req: 329/659] 10.0.0.237 () {34 vars in 1012 bytes} [Fri Sep 18 16:40:55 2026] GET /allocation_candidates?limit=1000&resources=DISK_GB%3A1%2CMEMORY_MB%3A512%2CVCPU%3A1&root_required=%21COMPUTE_STATUS_DISABLED => generated 2190 bytes in 111 msecs (HTTP/1.1 200) 8 headers in 297 bytes (1 switches on core 0)
2026-09-18 16:40:56.017 7 INFO placement.requestlog [req-f4f1f613-4753-47b1-a0cc-52b85507b9ab req-fcaf5af0-dbe1-4cd5-a52c-c63411f9d3a1 96be6c95040c4c4e99e8e42350a7d97a 1607358e0bd14fe9a21b50f93b7a1f8a - - 53fd8ff17d994b9b8f556c80096a9b6a 53fd8ff17d994b9b8f556c80096a9b6a] 10.0.0.237 "GET /allocations/06849fd5-16fb-4145-906a-fdcb3f598046" status: 200 len: 19 microversion: 1.28 [pid: 7|app: 0|req: 331/660] 10.0.0.237 () {34 vars in 861 bytes} [Fri Sep 18 16:40:56 2026] GET /allocations/06849fd5-16fb-4145-906a-fdcb3f598046 => generated 19 bytes in 14 msecs (HTTP/1.1 200) 8 headers in 295 bytes (1 switches on core 0)
2026-09-18 16:40:56.117 8 INFO placement.requestlog [req-f4f1f613-4753-47b1-a0cc-52b85507b9ab req-0d841553-6323-4c28-8d66-0752f46d9d77 96be6c95040c4c4e99e8e42350a7d97a 1607358e0bd14fe9a21b50f93b7a1f8a - - 53fd8ff17d994b9b8f556c80096a9b6a 53fd8ff17d994b9b8f556c80096a9b6a] 10.0.0.237 "PUT /allocations/06849fd5-16fb-4145-906a-fdcb3f598046" status: 204 len: 0 microversion: 1.36 [pid: 8|app: 0|req: 330/661] 10.0.0.237 () {38 vars in 914 bytes} [Fri Sep 18 16:40:56 2026] PUT /allocations/06849fd5-16fb-4145-906a-fdcb3f598046 => generated 0 bytes in 92 msecs (HTTP/1.1 204) 5 headers in 199 bytes (1 switches on core 0)
2026-09-18 16:40:56.455 7 INFO placement.requestlog [req-f4f1f613-4753-47b1-a0cc-52b85507b9ab req-5c8ca40e-0dd4-48be-b390-248675ab1a85 96be6c95040c4c4e99e8e42350a7d97a 1607358e0bd14fe9a21b50f93b7a1f8a - - 53fd8ff17d994b9b8f556c80096a9b6a 53fd8ff17d994b9b8f556c80096a9b6a] 162.253.55.115 "GET /allocations/06849fd5-16fb-4145-906a-fdcb3f598046" status: 200 len: 257 microversion: 1.28 [pid: 7|app: 0|req: 332/662] 162.253.55.115 () {34 vars in 863 bytes} [Fri Sep 18 16:40:56 2026] GET /allocations/06849fd5-16fb-4145-906a-fdcb3f598046 => generated 257 bytes in 20 msecs (HTTP/1.1 200) 8 headers in 296 bytes (1 switches on core 0)
2026-09-18 16:40:56.570 8 INFO placement.requestlog [req-f4f1f613-4753-47b1-a0cc-52b85507b9ab req-02bf1a6f-04b7-446f-9b50-c8fff1bbeaf6 96be6c95040c4c4e99e8e42350a7d97a 1607358e0bd14fe9a21b50f93b7a1f8a - - 53fd8ff17d994b9b8f556c80096a9b6a 53fd8ff17d994b9b8f556c80096a9b6a] 162.253.55.115 "GET /resource_providers/5d38f7f8-9ac3-42bc-8401-06126f107f54/allocations" status: 200 len: 252 microversion: 1.0 [pid: 8|app: 0|req: 331/663] 162.253.55.115 () {32 vars in 857 bytes} [Fri Sep 18 16:40:56 2026] GET /resource_providers/5d38f7f8-9ac3-42bc-8401-06126f107f54/allocations => generated 252 bytes in 20 msecs (HTTP/1.1 200) 6 headers in 224 bytes (1 switches on core 0)
2026-09-18 16:40:56.598 7 INFO placement.requestlog [req-f4f1f613-4753-47b1-a0cc-52b85507b9ab req-e2f9a69b-893b-4330-a741-68a8169c7d32 96be6c95040c4c4e99e8e42350a7d97a 1607358e0bd14fe9a21b50f93b7a1f8a - - 53fd8ff17d994b9b8f556c80096a9b6a 53fd8ff17d994b9b8f556c80096a9b6a] 162.253.55.115 "GET /allocations/06849fd5-16fb-4145-906a-fdcb3f598046" status: 200 len: 257 microversion: 1.28 [pid: 7|app: 0|req: 333/664] 162.253.55.115 () {34 vars in 863 bytes} [Fri Sep 18 16:40:56 2026] GET /allocations/06849fd5-16fb-4145-906a-fdcb3f598046 => generated 257 bytes in 23 msecs (HTTP/1.1 200) 8 headers in 296 bytes (1 switches on core 0)
2026-09-18 16:40:56.619 8 INFO placement.requestlog [req-f4f1f613-4753-47b1-a0cc-52b85507b9ab req-95e8f3cb-ac9d-4290-9f68-595633504010 96be6c95040c4c4e99e8e42350a7d97a 1607358e0bd14fe9a21b50f93b7a1f8a - - 53fd8ff17d994b9b8f556c80096a9b6a 53fd8ff17d994b9b8f556c80096a9b6a] 162.253.55.115 "GET /allocations/21782b2c-2df7-4bf4-a421-ef8ddbe78f04" status: 200 len: 257 microversion: 1.28 [pid: 8|app: 0|req: 332/665] 162.253.55.115 () {34 vars in 863 bytes} [Fri Sep 18 16:40:56 2026] GET /allocations/21782b2c-2df7-4bf4-a421-ef8ddbe78f04 => generated 257 bytes in 14 msecs (HTTP/1.1 200) 8 headers in 296 bytes (1 switches on core 0)
2026-09-18 16:40:57.832 7 INFO placement.requestlog [None req-89c1560a-0796-4519-9601-ce364f2cfc80 36da81dd702345208f64a47dd3ae9ccd 1607358e0bd14fe9a21b50f93b7a1f8a - - 53fd8ff17d994b9b8f556c80096a9b6a 53fd8ff17d994b9b8f556c80096a9b6a] 10.0.0.139 "GET /resource_providers/0e0cac34-58d1-4710-9900-18dc0a2c1c20/aggregates" status: 404 len: 235 microversion: 1.1 [pid: 7|app: 0|req: 334/666] 10.0.0.139 () {32 vars in 825 bytes} [Fri Sep 18 16:40:57 2026] GET /resource_providers/0e0cac34-58d1-4710-9900-18dc0a2c1c20/aggregates => generated 235 bytes in 19 msecs (HTTP/1.1 404) 5 headers in 202 bytes (1 switches on core 0)
2026-09-18 16:40:57.837 8 INFO placement.requestlog [None req-b8256310-7a7c-4eb5-a26a-98f61b8bb45e 36da81dd702345208f64a47dd3ae9ccd 1607358e0bd14fe9a21b50f93b7a1f8a - - 53fd8ff17d994b9b8f556c80096a9b6a 53fd8ff17d994b9b8f556c80096a9b6a] 10.0.0.139 "GET /resource_providers/0e0cac34-58d1-4710-9900-18dc0a2c1c20/aggregates" status: 404 len: 235 microversion: 1.1 [pid: 8|app: 0|req: 333/667] 10.0.0.139 () {32 vars in 825 bytes} [Fri Sep 18 16:40:57 2026] GET /resource_providers/0e0cac34-58d1-4710-9900-18dc0a2c1c20/aggregates => generated 235 bytes in 25 msecs (HTTP/1.1 404) 5 headers in 202 bytes (1 switches on core 0)
2026-09-18 16:40:57.872 8 INFO placement.requestlog [None req-ed94c7e5-17eb-4b36-842f-da1225666545 36da81dd702345208f64a47dd3ae9ccd 1607358e0bd14fe9a21b50f93b7a1f8a - - 53fd8ff17d994b9b8f556c80096a9b6a 53fd8ff17d994b9b8f556c80096a9b6a] 10.0.0.139 "DELETE /resource_providers/0e0cac34-58d1-4710-9900-18dc0a2c1c20" status: 404 len: 246 microversion: 1.1 [pid: 8|app: 0|req: 334/668] 10.0.0.139 () {34 vars in 825 bytes} [Fri Sep 18 16:40:57 2026] DELETE /resource_providers/0e0cac34-58d1-4710-9900-18dc0a2c1c20 => generated 246 bytes in 19 msecs (HTTP/1.1 404) 6 headers in 231 bytes (1 switches on core 0)
2026-09-18 16:40:57.879 7 INFO placement.requestlog [None req-3e74e072-1497-4495-9223-8b0bce5cb92b 36da81dd702345208f64a47dd3ae9ccd 1607358e0bd14fe9a21b50f93b7a1f8a - - 53fd8ff17d994b9b8f556c80096a9b6a 53fd8ff17d994b9b8f556c80096a9b6a] 10.0.0.139 "DELETE /resource_providers/0e0cac34-58d1-4710-9900-18dc0a2c1c20" status: 404 len: 246 microversion: 1.1 [pid: 7|app: 0|req: 335/669] 10.0.0.139 () {34 vars in 825 bytes} [Fri Sep 18 16:40:57 2026] DELETE /resource_providers/0e0cac34-58d1-4710-9900-18dc0a2c1c20 => generated 246 bytes in 27 msecs (HTTP/1.1 404) 6 headers in 231 bytes (1 switches on core 0)
2026-09-18 16:40:59.952 7 INFO placement.requestlog [None req-93a8da49-9dd8-44a5-a311-df0afcca04be - - - - - -] 10.0.0.206 "GET /" status: 200 len: 136 microversion: 1.0
2026-09-18 16:40:59.952 8 INFO placement.requestlog [None req-92946914-a67f-413d-b5c1-1caeae9fe751 - - - - - -] 10.0.0.206 "GET /" status: 200 len: 136 microversion: 1.0
2026-09-18 16:41:01.593 7 INFO placement.requestlog [req-83208539-0716-46fb-bb82-4b981d1892da req-9cf2fb2b-716a-484a-a6cf-0eb28076749f 96be6c95040c4c4e99e8e42350a7d97a 1607358e0bd14fe9a21b50f93b7a1f8a - - 53fd8ff17d994b9b8f556c80096a9b6a 53fd8ff17d994b9b8f556c80096a9b6a] 10.0.0.237 "GET /allocation_candidates?limit=1000&resources=MEMORY_MB%3A512%2CVCPU%3A1&root_required=%21COMPUTE_STATUS_DISABLED" status: 200 len: 2177 microversion: 1.36 [pid: 7|app: 0|req: 337/672] 10.0.0.237 () {34 vars in 984 bytes} [Fri Sep 18 16:41:01 2026] GET /allocation_candidates?limit=1000&resources=MEMORY_MB%3A512%2CVCPU%3A1&root_required=%21COMPUTE_STATUS_DISABLED => generated 2177 bytes in 66 msecs (HTTP/1.1 200) 8 headers in 297 bytes (1 switches on core 0)
2026-09-18 16:41:01.640 8 INFO placement.requestlog [req-83208539-0716-46fb-bb82-4b981d1892da req-12f5c857-4a98-41d8-bfc2-6960f4155951 96be6c95040c4c4e99e8e42350a7d97a 1607358e0bd14fe9a21b50f93b7a1f8a - - 53fd8ff17d994b9b8f556c80096a9b6a 53fd8ff17d994b9b8f556c80096a9b6a] 10.0.0.237 "GET /allocations/ce40158d-1ff6-46e2-8e4f-076609b13825" status: 200 len: 19 microversion: 1.28 [pid: 8|app: 0|req: 336/673] 10.0.0.237 () {34 vars in 861 bytes} [Fri Sep 18 16:41:01 2026] GET /allocations/ce40158d-1ff6-46e2-8e4f-076609b13825 => generated 19 bytes in 17 msecs (HTTP/1.1 200) 8 headers in 295 bytes (1 switches on core 0)
2026-09-18 16:41:01.735 7 INFO placement.requestlog [req-83208539-0716-46fb-bb82-4b981d1892da req-f5e01bcf-0cf5-485c-ad34-eb5509c06d18 96be6c95040c4c4e99e8e42350a7d97a 1607358e0bd14fe9a21b50f93b7a1f8a - - 53fd8ff17d994b9b8f556c80096a9b6a 53fd8ff17d994b9b8f556c80096a9b6a] 10.0.0.237 "PUT /allocations/ce40158d-1ff6-46e2-8e4f-076609b13825" status: 204 len: 0 microversion: 1.36 [pid: 7|app: 0|req: 338/674] 10.0.0.237 () {38 vars in 914 bytes} [Fri Sep 18 16:41:01 2026] PUT /allocations/ce40158d-1ff6-46e2-8e4f-076609b13825 => generated 0 bytes in 90 msecs (HTTP/1.1 204) 5 headers in 199 bytes (1 switches on core 0)
2026-09-18 16:41:02.189 8 INFO placement.requestlog [req-83208539-0716-46fb-bb82-4b981d1892da req-ec42ad98-edae-4571-b71e-2c4d5e631988 96be6c95040c4c4e99e8e42350a7d97a 1607358e0bd14fe9a21b50f93b7a1f8a - - 53fd8ff17d994b9b8f556c80096a9b6a 53fd8ff17d994b9b8f556c80096a9b6a] 162.253.55.115 "GET /allocations/ce40158d-1ff6-46e2-8e4f-076609b13825" status: 200 len: 243 microversion: 1.28 [pid: 8|app: 0|req: 337/675] 162.253.55.115 () {34 vars in 863 bytes} [Fri Sep 18 16:41:02 2026] GET /allocations/ce40158d-1ff6-46e2-8e4f-076609b13825 => generated 243 bytes in 36 msecs (HTTP/1.1 200) 8 headers in 296 bytes (1 switches on core 0)
2026-09-18 16:41:02.336 7 INFO placement.requestlog [req-83208539-0716-46fb-bb82-4b981d1892da req-701861b6-14a7-4624-94ab-a6186a53b505 96be6c95040c4c4e99e8e42350a7d97a 1607358e0bd14fe9a21b50f93b7a1f8a - - 53fd8ff17d994b9b8f556c80096a9b6a 53fd8ff17d994b9b8f556c80096a9b6a] 162.253.55.115 "GET /resource_providers/5d38f7f8-9ac3-42bc-8401-06126f107f54/allocations" status: 200 len: 338 microversion: 1.0 [pid: 7|app: 0|req: 339/676] 162.253.55.115 () {32 vars in 857 bytes} [Fri Sep 18 16:41:02 2026] GET /resource_providers/5d38f7f8-9ac3-42bc-8401-06126f107f54/allocations => generated 338 bytes in 26 msecs (HTTP/1.1 200) 6 headers in 224 bytes (1 switches on core 0)
2026-09-18 16:41:02.370 8 INFO placement.requestlog [req-83208539-0716-46fb-bb82-4b981d1892da req-a7ef7d9f-42c4-417a-9f56-c4fcf577b23a 96be6c95040c4c4e99e8e42350a7d97a 1607358e0bd14fe9a21b50f93b7a1f8a - - 53fd8ff17d994b9b8f556c80096a9b6a 53fd8ff17d994b9b8f556c80096a9b6a] 162.253.55.115 "GET /allocations/06849fd5-16fb-4145-906a-fdcb3f598046" status: 200 len: 257 microversion: 1.28 [pid: 8|app: 0|req: 338/677] 162.253.55.115 () {34 vars in 863 bytes} [Fri Sep 18 16:41:02 2026] GET /allocations/06849fd5-16fb-4145-906a-fdcb3f598046 => generated 257 bytes in 19 msecs (HTTP/1.1 200) 8 headers in 296 bytes (1 switches on core 0)
2026-09-18 16:41:02.401 7 INFO placement.requestlog [req-83208539-0716-46fb-bb82-4b981d1892da req-6d1ae44f-db90-4c2c-8f6d-ac0a426c94ac 96be6c95040c4c4e99e8e42350a7d97a 1607358e0bd14fe9a21b50f93b7a1f8a - - 53fd8ff17d994b9b8f556c80096a9b6a 53fd8ff17d994b9b8f556c80096a9b6a] 162.253.55.115 "GET /allocations/21782b2c-2df7-4bf4-a421-ef8ddbe78f04" status: 200 len: 257 microversion: 1.28 [pid: 7|app: 0|req: 340/678] 162.253.55.115 () {34 vars in 863 bytes} [Fri Sep 18 16:41:02 2026] GET /allocations/21782b2c-2df7-4bf4-a421-ef8ddbe78f04 => generated 257 bytes in 19 msecs (HTTP/1.1 200) 8 headers in 296 bytes (1 switches on core 0)
2026-09-18 16:41:02.428 8 INFO placement.requestlog [req-83208539-0716-46fb-bb82-4b981d1892da req-d4d76ca9-3e4d-4b10-a7f9-508d29619891 96be6c95040c4c4e99e8e42350a7d97a 1607358e0bd14fe9a21b50f93b7a1f8a - - 53fd8ff17d994b9b8f556c80096a9b6a 53fd8ff17d994b9b8f556c80096a9b6a] 162.253.55.115 "GET /allocations/ce40158d-1ff6-46e2-8e4f-076609b13825" status: 200 len: 243 microversion: 1.28 [pid: 8|app: 0|req: 339/679] 162.253.55.115 () {34 vars in 863 bytes} [Fri Sep 18 16:41:02 2026] GET /allocations/ce40158d-1ff6-46e2-8e4f-076609b13825 => generated 243 bytes in 18 msecs (HTTP/1.1 200) 8 headers in 296 bytes (1 switches on core 0)
2026-09-18 16:41:09.954 8 INFO placement.requestlog [None req-24a5c147-cfb0-4a82-a654-cda7f7c59b09 - - - - - -] 10.0.0.206 "GET /" status: 200 len: 136 microversion: 1.0
2026-09-18 16:41:09.955 8 INFO placement.requestlog [None req-1d275d72-a1e5-4726-b555-aa2c8ab96eeb - - - - - -] 10.0.0.206 "GET /" status: 200 len: 136 microversion: 1.0
2026-09-18 16:41:10.027 7 INFO placement.requestlog [req-dd2a590e-7c76-4a09-af77-a35bd4faedc1 req-aee19725-3776-4707-a2c0-7871d7766e2d 96be6c95040c4c4e99e8e42350a7d97a 1607358e0bd14fe9a21b50f93b7a1f8a - - 53fd8ff17d994b9b8f556c80096a9b6a 53fd8ff17d994b9b8f556c80096a9b6a] 10.0.0.237 "GET /allocation_candidates?limit=1000&resources=DISK_GB%3A1%2CMEMORY_MB%3A512%2CVCPU%3A1&root_required=%21COMPUTE_STATUS_DISABLED" status: 200 len: 2191 microversion: 1.36 [pid: 7|app: 0|req: 341/682] 10.0.0.237 () {34 vars in 1012 bytes} [Fri Sep 18 16:41:09 2026] GET /allocation_candidates?limit=1000&resources=DISK_GB%3A1%2CMEMORY_MB%3A512%2CVCPU%3A1&root_required=%21COMPUTE_STATUS_DISABLED => generated 2191 bytes in 76 msecs (HTTP/1.1 200) 8 headers in 297 bytes (1 switches on core 0)
2026-09-18 16:41:10.074 8 INFO placement.requestlog [req-dd2a590e-7c76-4a09-af77-a35bd4faedc1 req-78922e6f-1ff1-4334-a4a1-86a04453666b 96be6c95040c4c4e99e8e42350a7d97a 1607358e0bd14fe9a21b50f93b7a1f8a - - 53fd8ff17d994b9b8f556c80096a9b6a 53fd8ff17d994b9b8f556c80096a9b6a] 10.0.0.237 "GET /allocations/5e58bd08-10b6-4a34-a117-67f5123bdb82" status: 200 len: 19 microversion: 1.28 [pid: 8|app: 0|req: 342/683] 10.0.0.237 () {34 vars in 861 bytes} [Fri Sep 18 16:41:10 2026] GET /allocations/5e58bd08-10b6-4a34-a117-67f5123bdb82 => generated 19 bytes in 14 msecs (HTTP/1.1 200) 8 headers in 295 bytes (1 switches on core 0)
2026-09-18 16:41:10.185 7 INFO placement.requestlog [req-dd2a590e-7c76-4a09-af77-a35bd4faedc1 req-d409d4d6-befd-4b1d-9da6-44875179fda6 96be6c95040c4c4e99e8e42350a7d97a 1607358e0bd14fe9a21b50f93b7a1f8a - - 53fd8ff17d994b9b8f556c80096a9b6a 53fd8ff17d994b9b8f556c80096a9b6a] 10.0.0.237 "PUT /allocations/5e58bd08-10b6-4a34-a117-67f5123bdb82" status: 204 len: 0 microversion: 1.36 [pid: 7|app: 0|req: 342/684] 10.0.0.237 () {38 vars in 914 bytes} [Fri Sep 18 16:41:10 2026] PUT /allocations/5e58bd08-10b6-4a34-a117-67f5123bdb82 => generated 0 bytes in 105 msecs (HTTP/1.1 204) 5 headers in 199 bytes (1 switches on core 0)
2026-09-18 16:41:10.578 8 INFO placement.requestlog [req-dd2a590e-7c76-4a09-af77-a35bd4faedc1 req-87477a2e-f459-45cf-8816-281f7769ff75 96be6c95040c4c4e99e8e42350a7d97a 1607358e0bd14fe9a21b50f93b7a1f8a - - 53fd8ff17d994b9b8f556c80096a9b6a 53fd8ff17d994b9b8f556c80096a9b6a] 162.253.55.115 "GET /allocations/5e58bd08-10b6-4a34-a117-67f5123bdb82" status: 200 len: 257 microversion: 1.28 [pid: 8|app: 0|req: 343/685] 162.253.55.115 () {34 vars in 863 bytes} [Fri Sep 18 16:41:10 2026] GET /allocations/5e58bd08-10b6-4a34-a117-67f5123bdb82 => generated 257 bytes in 27 msecs (HTTP/1.1 200) 8 headers in 296 bytes (1 switches on core 0)
2026-09-18 16:41:10.742 7 INFO placement.requestlog [req-dd2a590e-7c76-4a09-af77-a35bd4faedc1 req-6523493d-3f6c-41fb-bd51-3a60b8f32455 96be6c95040c4c4e99e8e42350a7d97a 1607358e0bd14fe9a21b50f93b7a1f8a - - 53fd8ff17d994b9b8f556c80096a9b6a 53fd8ff17d994b9b8f556c80096a9b6a] 162.253.55.115 "GET /resource_providers/5d38f7f8-9ac3-42bc-8401-06126f107f54/allocations" status: 200 len: 438 microversion: 1.0 [pid: 7|app: 0|req: 343/686] 162.253.55.115 () {32 vars in 857 bytes} [Fri Sep 18 16:41:10 2026] GET /resource_providers/5d38f7f8-9ac3-42bc-8401-06126f107f54/allocations => generated 438 bytes in 41 msecs (HTTP/1.1 200) 6 headers in 224 bytes (1 switches on core 0)
2026-09-18 16:41:10.802 8 INFO placement.requestlog [req-dd2a590e-7c76-4a09-af77-a35bd4faedc1 req-e953c08f-f990-48d5-8797-df0aa1b198ec 96be6c95040c4c4e99e8e42350a7d97a 1607358e0bd14fe9a21b50f93b7a1f8a - - 53fd8ff17d994b9b8f556c80096a9b6a 53fd8ff17d994b9b8f556c80096a9b6a] 162.253.55.115 "GET /allocations/5e58bd08-10b6-4a34-a117-67f5123bdb82" status: 200 len: 257 microversion: 1.28 [pid: 8|app: 0|req: 344/687] 162.253.55.115 () {34 vars in 863 bytes} [Fri Sep 18 16:41:10 2026] GET /allocations/5e58bd08-10b6-4a34-a117-67f5123bdb82 => generated 257 bytes in 46 msecs (HTTP/1.1 200) 8 headers in 296 bytes (1 switches on core 0)
2026-09-18 16:41:10.841 7 INFO placement.requestlog [req-dd2a590e-7c76-4a09-af77-a35bd4faedc1 req-7a3e8005-059c-46f5-94b9-2892d791b3fa 96be6c95040c4c4e99e8e42350a7d97a 1607358e0bd14fe9a21b50f93b7a1f8a - - 53fd8ff17d994b9b8f556c80096a9b6a 53fd8ff17d994b9b8f556c80096a9b6a] 162.253.55.115 "GET /allocations/06849fd5-16fb-4145-906a-fdcb3f598046" status: 200 len: 257 microversion: 1.28 [pid: 7|app: 0|req: 344/688] 162.253.55.115 () {34 vars in 863 bytes} [Fri Sep 18 16:41:10 2026] GET /allocations/06849fd5-16fb-4145-906a-fdcb3f598046 => generated 257 bytes in 32 msecs (HTTP/1.1 200) 8 headers in 296 bytes (1 switches on core 0)
2026-09-18 16:41:10.878 8 INFO placement.requestlog [req-dd2a590e-7c76-4a09-af77-a35bd4faedc1 req-667cbf78-a2d3-42f8-b9e3-0ad0fa2df073 96be6c95040c4c4e99e8e42350a7d97a 1607358e0bd14fe9a21b50f93b7a1f8a - - 53fd8ff17d994b9b8f556c80096a9b6a 53fd8ff17d994b9b8f556c80096a9b6a] 162.253.55.115 "GET /allocations/21782b2c-2df7-4bf4-a421-ef8ddbe78f04" status: 200 len: 257 microversion: 1.28 [pid: 8|app: 0|req: 345/689] 162.253.55.115 () {34 vars in 863 bytes} [Fri Sep 18 16:41:10 2026] GET /allocations/21782b2c-2df7-4bf4-a421-ef8ddbe78f04 => generated 257 bytes in 27 msecs (HTTP/1.1 200) 8 headers in 296 bytes (1 switches on core 0)
2026-09-18 16:41:10.903 7 INFO placement.requestlog [req-dd2a590e-7c76-4a09-af77-a35bd4faedc1 req-2aaa5bd7-5832-43e9-bd0e-482eab863f10 96be6c95040c4c4e99e8e42350a7d97a 1607358e0bd14fe9a21b50f93b7a1f8a - - 53fd8ff17d994b9b8f556c80096a9b6a 53fd8ff17d994b9b8f556c80096a9b6a] 162.253.55.115 "GET /allocations/ce40158d-1ff6-46e2-8e4f-076609b13825" status: 200 len: 243 microversion: 1.28 [pid: 7|app: 0|req: 345/690] 162.253.55.115 () {34 vars in 863 bytes} [Fri Sep 18 16:41:10 2026] GET /allocations/ce40158d-1ff6-46e2-8e4f-076609b13825 => generated 243 bytes in 17 msecs (HTTP/1.1 200) 8 headers in 296 bytes (1 switches on core 0)
2026-09-18 16:41:16.965 8 INFO placement.requestlog [req-6d5c7bda-dafc-4a9c-af2e-3cf6a8eaa786 req-56bf48c8-4139-4c8a-9427-73e125c1b59b 96be6c95040c4c4e99e8e42350a7d97a 1607358e0bd14fe9a21b50f93b7a1f8a - - 53fd8ff17d994b9b8f556c80096a9b6a 53fd8ff17d994b9b8f556c80096a9b6a] 162.253.55.115 "GET /resource_providers/5d38f7f8-9ac3-42bc-8401-06126f107f54/allocations" status: 200 len: 438 microversion: 1.0 [pid: 8|app: 0|req: 346/691] 162.253.55.115 () {32 vars in 857 bytes} [Fri Sep 18 16:41:16 2026] GET /resource_providers/5d38f7f8-9ac3-42bc-8401-06126f107f54/allocations => generated 438 bytes in 28 msecs (HTTP/1.1 200) 6 headers in 224 bytes (1 switches on core 0)
2026-09-18 16:41:16.988 7 INFO placement.requestlog [req-6d5c7bda-dafc-4a9c-af2e-3cf6a8eaa786 req-d9cab89d-ebc5-4834-aeb0-d4b6d950a6fb 96be6c95040c4c4e99e8e42350a7d97a 1607358e0bd14fe9a21b50f93b7a1f8a - - 53fd8ff17d994b9b8f556c80096a9b6a 53fd8ff17d994b9b8f556c80096a9b6a] 162.253.55.115 "GET /allocations/5e58bd08-10b6-4a34-a117-67f5123bdb82" status: 200 len: 257 microversion: 1.28 [pid: 7|app: 0|req: 346/692] 162.253.55.115 () {34 vars in 863 bytes} [Fri Sep 18 16:41:16 2026] GET /allocations/5e58bd08-10b6-4a34-a117-67f5123bdb82 => generated 257 bytes in 11 msecs (HTTP/1.1 200) 8 headers in 296 bytes (1 switches on core 0)
