Jun 19 21:39:41.556983 np0000182322 systemd[1]: Starting devstack@n-api-meta.service - Devstack devstack@n-api-meta.service...
Jun 19 21:39:41.563633 np0000182322 devstack@n-api-meta.service[108327]: [uWSGI] getting INI configuration from /etc/nova/nova-metadata-uwsgi.ini
Jun 19 21:39:41.566607 np0000182322 devstack@n-api-meta.service[108327]: *** Starting uWSGI 2.0.24-debian (64bit) on [Fri Jun 19 21:39:41 2026] ***
Jun 19 21:39:41.566607 np0000182322 devstack@n-api-meta.service[108327]: compiled with version: 13.2.0 on 17 April 2024 16:23:48
Jun 19 21:39:41.566607 np0000182322 devstack@n-api-meta.service[108327]: os: Linux-6.8.0-124-generic #124-Ubuntu SMP PREEMPT_DYNAMIC Tue May 26 13:00:45 UTC 2026
Jun 19 21:39:41.566607 np0000182322 devstack@n-api-meta.service[108327]: nodename: np0000182322
Jun 19 21:39:41.566607 np0000182322 devstack@n-api-meta.service[108327]: machine: x86_64
Jun 19 21:39:41.566607 np0000182322 devstack@n-api-meta.service[108327]: clock source: unix
Jun 19 21:39:41.566607 np0000182322 devstack@n-api-meta.service[108327]: pcre jit disabled
Jun 19 21:39:41.566607 np0000182322 devstack@n-api-meta.service[108327]: detected number of CPU cores: 16
Jun 19 21:39:41.566607 np0000182322 devstack@n-api-meta.service[108327]: current working directory: /
Jun 19 21:39:41.566607 np0000182322 devstack@n-api-meta.service[108327]: detected binary path: /usr/bin/uwsgi-core
Jun 19 21:39:41.566607 np0000182322 devstack@n-api-meta.service[108327]: your processes number limit is 256917
Jun 19 21:39:41.566607 np0000182322 devstack@n-api-meta.service[108327]: your memory page size is 4096 bytes
Jun 19 21:39:41.566607 np0000182322 devstack@n-api-meta.service[108327]: detected max file descriptor number: 2048
Jun 19 21:39:41.566607 np0000182322 devstack@n-api-meta.service[108327]: lock engine: pthread robust mutexes
Jun 19 21:39:41.567522 np0000182322 devstack@n-api-meta.service[108327]: thunder lock: enabled
Jun 19 21:39:41.567522 np0000182322 devstack@n-api-meta.service[108327]: uWSGI http bound on 0.0.0.0:8775 fd 5
Jun 19 21:39:41.567522 np0000182322 devstack@n-api-meta.service[108327]: uwsgi socket 0 bound to TCP address 127.0.0.1:45277 (port auto-assigned) fd 4
Jun 19 21:39:41.567522 np0000182322 devstack@n-api-meta.service[108327]: Python version: 3.12.3 (main, Mar 23 2026, 19:04:32) [GCC 13.3.0]
Jun 19 21:39:41.567522 np0000182322 devstack@n-api-meta.service[108327]: PEP 405 virtualenv detected: /opt/stack/data/venv
Jun 19 21:39:41.567522 np0000182322 devstack@n-api-meta.service[108327]: Set PythonHome to /opt/stack/data/venv
Jun 19 21:39:41.604079 np0000182322 devstack@n-api-meta.service[108327]: Python main interpreter initialized at 0x7fb9290a3668
Jun 19 21:39:41.604079 np0000182322 devstack@n-api-meta.service[108327]: python threads support enabled
Jun 19 21:39:41.604079 np0000182322 devstack@n-api-meta.service[108327]: your server socket listen backlog is limited to 100 connections
Jun 19 21:39:41.604079 np0000182322 devstack@n-api-meta.service[108327]: your mercy for graceful operations on workers is 80 seconds
Jun 19 21:39:41.604659 np0000182322 devstack@n-api-meta.service[108327]: mapped 671795 bytes (656 KB) for 4 cores
Jun 19 21:39:41.604825 np0000182322 devstack@n-api-meta.service[108327]: *** Operational MODE: preforking ***
Jun 19 21:39:41.605032 np0000182322 devstack@n-api-meta.service[108327]: *** uWSGI is running in multiple interpreter mode ***
Jun 19 21:39:41.605032 np0000182322 devstack@n-api-meta.service[108327]: spawned uWSGI master process (pid: 108327)
Jun 19 21:39:41.605327 np0000182322 systemd[1]: Started devstack@n-api-meta.service - Devstack devstack@n-api-meta.service.
Jun 19 21:39:41.605746 np0000182322 devstack@n-api-meta.service[108327]: spawned uWSGI worker 1 (pid: 108328, cores: 1)
Jun 19 21:39:41.606262 np0000182322 devstack@n-api-meta.service[108327]: spawned uWSGI worker 2 (pid: 108329, cores: 1)
Jun 19 21:39:41.606728 np0000182322 devstack@n-api-meta.service[108327]: spawned uWSGI worker 3 (pid: 108330, cores: 1)
Jun 19 21:39:41.607227 np0000182322 devstack@n-api-meta.service[108327]: spawned uWSGI worker 4 (pid: 108331, cores: 1)
Jun 19 21:39:41.607919 np0000182322 devstack@n-api-meta.service[108327]: spawned uWSGI http 1 (pid: 108332)
Jun 19 21:39:41.607919 np0000182322 devstack@n-api-meta.service[108327]: running "unix_signal:15 gracefully_kill_them_all" (master-start)...
Jun 19 21:39:43.695164 np0000182322 devstack@n-api-meta.service[108328]: INFO dbcounter [None req-f925cbcd-c67c-43df-b833-84b8e088c4a5 None None] Registered counter for database nova_api
Jun 19 21:39:43.746139 np0000182322 devstack@n-api-meta.service[108328]: DEBUG oslo_db.sqlalchemy.engines [None req-f925cbcd-c67c-43df-b833-84b8e088c4a5 None None] MySQL server mode set to STRICT_TRANS_TABLES,STRICT_ALL_TABLES,NO_ZERO_IN_DATE,NO_ZERO_DATE,ERROR_FOR_DIVISION_BY_ZERO,TRADITIONAL,NO_ENGINE_SUBSTITUTION {{(pid=108328) _check_effective_sql_mode /opt/stack/data/venv/lib/python3.12/site-packages/oslo_db/sqlalchemy/engines.py:325}}
Jun 19 21:39:43.749104 np0000182322 devstack@n-api-meta.service[108331]: INFO dbcounter [None req-a0cc44b1-4349-4266-bfd0-f39bc2f5be61 None None] Registered counter for database nova_api
Jun 19 21:39:43.758560 np0000182322 devstack@n-api-meta.service[108329]: INFO dbcounter [None req-0ccd51c0-26d0-4f86-a10f-dbf7d8361c9e None None] Registered counter for database nova_api
Jun 19 21:39:43.784741 np0000182322 devstack@n-api-meta.service[108328]: DEBUG dbcounter [-] [108328] Writer thread running {{(pid=108328) stat_writer /opt/stack/data/venv/lib/python3.12/site-packages/dbcounter.py:102}}
Jun 19 21:39:43.787351 np0000182322 devstack@n-api-meta.service[108328]: DEBUG nova.context [None req-f925cbcd-c67c-43df-b833-84b8e088c4a5 None None] Found 2 cells: 00000000-0000-0000-0000-000000000000(cell0),fb313dde-4efa-456c-a8de-b411b300643d(cell1) {{(pid=108328) load_cells /opt/stack/nova/nova/context.py:509}}
Jun 19 21:39:43.787612 np0000182322 devstack@n-api-meta.service[108328]: INFO nova.utils [None req-f925cbcd-c67c-43df-b833-84b8e088c4a5 None None] The cell worker thread pool MainProcess.cell_worker is initialized
Jun 19 21:39:43.789682 np0000182322 devstack@n-api-meta.service[108328]: DEBUG oslo_concurrency.lockutils [None req-f925cbcd-c67c-43df-b833-84b8e088c4a5 None None] Acquiring lock "00000000-0000-0000-0000-000000000000" by "nova.context.set_target_cell..get_or_set_cached_cell_and_set_connections" {{(pid=108328) inner /opt/stack/data/venv/lib/python3.12/site-packages/oslo_concurrency/lockutils.py:511}}
Jun 19 21:39:43.789809 np0000182322 devstack@n-api-meta.service[108328]: DEBUG oslo_concurrency.lockutils [None req-f925cbcd-c67c-43df-b833-84b8e088c4a5 None None] Lock "00000000-0000-0000-0000-000000000000" acquired by "nova.context.set_target_cell..get_or_set_cached_cell_and_set_connections" :: waited 0.000s {{(pid=108328) inner /opt/stack/data/venv/lib/python3.12/site-packages/oslo_concurrency/lockutils.py:524}}
Jun 19 21:39:43.790265 np0000182322 devstack@n-api-meta.service[108328]: DEBUG oslo_concurrency.lockutils [None req-f925cbcd-c67c-43df-b833-84b8e088c4a5 None None] Lock "00000000-0000-0000-0000-000000000000" "released" by "nova.context.set_target_cell..get_or_set_cached_cell_and_set_connections" :: held 0.000s {{(pid=108328) inner /opt/stack/data/venv/lib/python3.12/site-packages/oslo_concurrency/lockutils.py:543}}
Jun 19 21:39:43.791155 np0000182322 devstack@n-api-meta.service[108328]: DEBUG oslo_concurrency.lockutils [None req-f925cbcd-c67c-43df-b833-84b8e088c4a5 None None] Acquiring lock "fb313dde-4efa-456c-a8de-b411b300643d" by "nova.context.set_target_cell..get_or_set_cached_cell_and_set_connections" {{(pid=108328) inner /opt/stack/data/venv/lib/python3.12/site-packages/oslo_concurrency/lockutils.py:511}}
Jun 19 21:39:43.791314 np0000182322 devstack@n-api-meta.service[108328]: DEBUG oslo_concurrency.lockutils [None req-f925cbcd-c67c-43df-b833-84b8e088c4a5 None None] Lock "fb313dde-4efa-456c-a8de-b411b300643d" acquired by "nova.context.set_target_cell..get_or_set_cached_cell_and_set_connections" :: waited 0.000s {{(pid=108328) inner /opt/stack/data/venv/lib/python3.12/site-packages/oslo_concurrency/lockutils.py:524}}
Jun 19 21:39:43.792315 np0000182322 devstack@n-api-meta.service[108328]: DEBUG oslo_concurrency.lockutils [None req-f925cbcd-c67c-43df-b833-84b8e088c4a5 None None] Lock "fb313dde-4efa-456c-a8de-b411b300643d" "released" by "nova.context.set_target_cell..get_or_set_cached_cell_and_set_connections" :: held 0.001s {{(pid=108328) inner /opt/stack/data/venv/lib/python3.12/site-packages/oslo_concurrency/lockutils.py:543}}
Jun 19 21:39:43.795767 np0000182322 devstack@n-api-meta.service[108328]: INFO dbcounter [None req-f925cbcd-c67c-43df-b833-84b8e088c4a5 None None] Registered counter for database nova_cell0
Jun 19 21:39:43.796082 np0000182322 devstack@n-api-meta.service[108331]: DEBUG oslo_db.sqlalchemy.engines [None req-a0cc44b1-4349-4266-bfd0-f39bc2f5be61 None None] MySQL server mode set to STRICT_TRANS_TABLES,STRICT_ALL_TABLES,NO_ZERO_IN_DATE,NO_ZERO_DATE,ERROR_FOR_DIVISION_BY_ZERO,TRADITIONAL,NO_ENGINE_SUBSTITUTION {{(pid=108331) _check_effective_sql_mode /opt/stack/data/venv/lib/python3.12/site-packages/oslo_db/sqlalchemy/engines.py:325}}
Jun 19 21:39:43.801227 np0000182322 devstack@n-api-meta.service[108328]: INFO dbcounter [None req-f925cbcd-c67c-43df-b833-84b8e088c4a5 None None] Registered counter for database nova_cell1
Jun 19 21:39:43.815867 np0000182322 devstack@n-api-meta.service[108329]: DEBUG oslo_db.sqlalchemy.engines [None req-0ccd51c0-26d0-4f86-a10f-dbf7d8361c9e None None] MySQL server mode set to STRICT_TRANS_TABLES,STRICT_ALL_TABLES,NO_ZERO_IN_DATE,NO_ZERO_DATE,ERROR_FOR_DIVISION_BY_ZERO,TRADITIONAL,NO_ENGINE_SUBSTITUTION {{(pid=108329) _check_effective_sql_mode /opt/stack/data/venv/lib/python3.12/site-packages/oslo_db/sqlalchemy/engines.py:325}}
Jun 19 21:39:43.837302 np0000182322 devstack@n-api-meta.service[108331]: DEBUG dbcounter [-] [108331] Writer thread running {{(pid=108331) stat_writer /opt/stack/data/venv/lib/python3.12/site-packages/dbcounter.py:102}}
Jun 19 21:39:43.840263 np0000182322 devstack@n-api-meta.service[108331]: DEBUG nova.context [None req-a0cc44b1-4349-4266-bfd0-f39bc2f5be61 None None] Found 2 cells: 00000000-0000-0000-0000-000000000000(cell0),fb313dde-4efa-456c-a8de-b411b300643d(cell1) {{(pid=108331) load_cells /opt/stack/nova/nova/context.py:509}}
Jun 19 21:39:43.840519 np0000182322 devstack@n-api-meta.service[108331]: INFO nova.utils [None req-a0cc44b1-4349-4266-bfd0-f39bc2f5be61 None None] The cell worker thread pool MainProcess.cell_worker is initialized
Jun 19 21:39:43.842612 np0000182322 devstack@n-api-meta.service[108331]: DEBUG oslo_concurrency.lockutils [None req-a0cc44b1-4349-4266-bfd0-f39bc2f5be61 None None] Acquiring lock "00000000-0000-0000-0000-000000000000" by "nova.context.set_target_cell..get_or_set_cached_cell_and_set_connections" {{(pid=108331) inner /opt/stack/data/venv/lib/python3.12/site-packages/oslo_concurrency/lockutils.py:511}}
Jun 19 21:39:43.842758 np0000182322 devstack@n-api-meta.service[108331]: DEBUG oslo_concurrency.lockutils [None req-a0cc44b1-4349-4266-bfd0-f39bc2f5be61 None None] Lock "00000000-0000-0000-0000-000000000000" acquired by "nova.context.set_target_cell..get_or_set_cached_cell_and_set_connections" :: waited 0.000s {{(pid=108331) inner /opt/stack/data/venv/lib/python3.12/site-packages/oslo_concurrency/lockutils.py:524}}
Jun 19 21:39:43.843171 np0000182322 devstack@n-api-meta.service[108331]: DEBUG oslo_concurrency.lockutils [None req-a0cc44b1-4349-4266-bfd0-f39bc2f5be61 None None] Lock "00000000-0000-0000-0000-000000000000" "released" by "nova.context.set_target_cell..get_or_set_cached_cell_and_set_connections" :: held 0.000s {{(pid=108331) inner /opt/stack/data/venv/lib/python3.12/site-packages/oslo_concurrency/lockutils.py:543}}
Jun 19 21:39:43.844076 np0000182322 devstack@n-api-meta.service[108331]: DEBUG oslo_concurrency.lockutils [None req-a0cc44b1-4349-4266-bfd0-f39bc2f5be61 None None] Acquiring lock "fb313dde-4efa-456c-a8de-b411b300643d" by "nova.context.set_target_cell..get_or_set_cached_cell_and_set_connections" {{(pid=108331) inner /opt/stack/data/venv/lib/python3.12/site-packages/oslo_concurrency/lockutils.py:511}}
Jun 19 21:39:43.844185 np0000182322 devstack@n-api-meta.service[108331]: DEBUG oslo_concurrency.lockutils [None req-a0cc44b1-4349-4266-bfd0-f39bc2f5be61 None None] Lock "fb313dde-4efa-456c-a8de-b411b300643d" acquired by "nova.context.set_target_cell..get_or_set_cached_cell_and_set_connections" :: waited 0.000s {{(pid=108331) inner /opt/stack/data/venv/lib/python3.12/site-packages/oslo_concurrency/lockutils.py:524}}
Jun 19 21:39:43.846269 np0000182322 devstack@n-api-meta.service[108331]: DEBUG oslo_concurrency.lockutils [None req-a0cc44b1-4349-4266-bfd0-f39bc2f5be61 None None] Lock "fb313dde-4efa-456c-a8de-b411b300643d" "released" by "nova.context.set_target_cell..get_or_set_cached_cell_and_set_connections" :: held 0.002s {{(pid=108331) inner /opt/stack/data/venv/lib/python3.12/site-packages/oslo_concurrency/lockutils.py:543}}
Jun 19 21:39:43.849908 np0000182322 devstack@n-api-meta.service[108331]: INFO dbcounter [None req-a0cc44b1-4349-4266-bfd0-f39bc2f5be61 None None] Registered counter for database nova_cell0
Jun 19 21:39:43.856054 np0000182322 devstack@n-api-meta.service[108331]: INFO dbcounter [None req-a0cc44b1-4349-4266-bfd0-f39bc2f5be61 None None] Registered counter for database nova_cell1
Jun 19 21:39:43.856286 np0000182322 devstack@n-api-meta.service[108329]: DEBUG dbcounter [-] [108329] Writer thread running {{(pid=108329) stat_writer /opt/stack/data/venv/lib/python3.12/site-packages/dbcounter.py:102}}
Jun 19 21:39:43.859648 np0000182322 devstack@n-api-meta.service[108329]: DEBUG nova.context [None req-0ccd51c0-26d0-4f86-a10f-dbf7d8361c9e None None] Found 2 cells: 00000000-0000-0000-0000-000000000000(cell0),fb313dde-4efa-456c-a8de-b411b300643d(cell1) {{(pid=108329) load_cells /opt/stack/nova/nova/context.py:509}}
Jun 19 21:39:43.859976 np0000182322 devstack@n-api-meta.service[108329]: INFO nova.utils [None req-0ccd51c0-26d0-4f86-a10f-dbf7d8361c9e None None] The cell worker thread pool MainProcess.cell_worker is initialized
Jun 19 21:39:43.862630 np0000182322 devstack@n-api-meta.service[108329]: DEBUG oslo_concurrency.lockutils [None req-0ccd51c0-26d0-4f86-a10f-dbf7d8361c9e None None] Acquiring lock "00000000-0000-0000-0000-000000000000" by "nova.context.set_target_cell..get_or_set_cached_cell_and_set_connections" {{(pid=108329) inner /opt/stack/data/venv/lib/python3.12/site-packages/oslo_concurrency/lockutils.py:511}}
Jun 19 21:39:43.862630 np0000182322 devstack@n-api-meta.service[108329]: DEBUG oslo_concurrency.lockutils [None req-0ccd51c0-26d0-4f86-a10f-dbf7d8361c9e None None] Lock "00000000-0000-0000-0000-000000000000" acquired by "nova.context.set_target_cell..get_or_set_cached_cell_and_set_connections" :: waited 0.000s {{(pid=108329) inner /opt/stack/data/venv/lib/python3.12/site-packages/oslo_concurrency/lockutils.py:524}}
Jun 19 21:39:43.862829 np0000182322 devstack@n-api-meta.service[108329]: DEBUG oslo_concurrency.lockutils [None req-0ccd51c0-26d0-4f86-a10f-dbf7d8361c9e None None] Lock "00000000-0000-0000-0000-000000000000" "released" by "nova.context.set_target_cell..get_or_set_cached_cell_and_set_connections" :: held 0.000s {{(pid=108329) inner /opt/stack/data/venv/lib/python3.12/site-packages/oslo_concurrency/lockutils.py:543}}
Jun 19 21:39:43.863672 np0000182322 devstack@n-api-meta.service[108329]: DEBUG oslo_concurrency.lockutils [None req-0ccd51c0-26d0-4f86-a10f-dbf7d8361c9e None None] Acquiring lock "fb313dde-4efa-456c-a8de-b411b300643d" by "nova.context.set_target_cell..get_or_set_cached_cell_and_set_connections" {{(pid=108329) inner /opt/stack/data/venv/lib/python3.12/site-packages/oslo_concurrency/lockutils.py:511}}
Jun 19 21:39:43.863882 np0000182322 devstack@n-api-meta.service[108329]: DEBUG oslo_concurrency.lockutils [None req-0ccd51c0-26d0-4f86-a10f-dbf7d8361c9e None None] Lock "fb313dde-4efa-456c-a8de-b411b300643d" acquired by "nova.context.set_target_cell..get_or_set_cached_cell_and_set_connections" :: waited 0.000s {{(pid=108329) inner /opt/stack/data/venv/lib/python3.12/site-packages/oslo_concurrency/lockutils.py:524}}
Jun 19 21:39:43.864898 np0000182322 devstack@n-api-meta.service[108329]: DEBUG oslo_concurrency.lockutils [None req-0ccd51c0-26d0-4f86-a10f-dbf7d8361c9e None None] Lock "fb313dde-4efa-456c-a8de-b411b300643d" "released" by "nova.context.set_target_cell..get_or_set_cached_cell_and_set_connections" :: held 0.001s {{(pid=108329) inner /opt/stack/data/venv/lib/python3.12/site-packages/oslo_concurrency/lockutils.py:543}}
Jun 19 21:39:43.867795 np0000182322 devstack@n-api-meta.service[108329]: INFO dbcounter [None req-0ccd51c0-26d0-4f86-a10f-dbf7d8361c9e None None] Registered counter for database nova_cell0
Jun 19 21:39:43.873822 np0000182322 devstack@n-api-meta.service[108330]: INFO dbcounter [None req-ef9f7e02-d17c-4fcb-b8ed-8c761bf847f9 None None] Registered counter for database nova_api
Jun 19 21:39:43.874502 np0000182322 devstack@n-api-meta.service[108329]: INFO dbcounter [None req-0ccd51c0-26d0-4f86-a10f-dbf7d8361c9e None None] Registered counter for database nova_cell1
Jun 19 21:39:43.876508 np0000182322 devstack@n-api-meta.service[108328]: DEBUG oslo_db.sqlalchemy.engines [None req-f925cbcd-c67c-43df-b833-84b8e088c4a5 None None] MySQL server mode set to STRICT_TRANS_TABLES,STRICT_ALL_TABLES,NO_ZERO_IN_DATE,NO_ZERO_DATE,ERROR_FOR_DIVISION_BY_ZERO,TRADITIONAL,NO_ENGINE_SUBSTITUTION {{(pid=108328) _check_effective_sql_mode /opt/stack/data/venv/lib/python3.12/site-packages/oslo_db/sqlalchemy/engines.py:325}}
Jun 19 21:39:43.885192 np0000182322 devstack@n-api-meta.service[108328]: DEBUG oslo_db.sqlalchemy.engines [None req-f925cbcd-c67c-43df-b833-84b8e088c4a5 None None] MySQL server mode set to STRICT_TRANS_TABLES,STRICT_ALL_TABLES,NO_ZERO_IN_DATE,NO_ZERO_DATE,ERROR_FOR_DIVISION_BY_ZERO,TRADITIONAL,NO_ENGINE_SUBSTITUTION {{(pid=108328) _check_effective_sql_mode /opt/stack/data/venv/lib/python3.12/site-packages/oslo_db/sqlalchemy/engines.py:325}}
Jun 19 21:39:43.938205 np0000182322 devstack@n-api-meta.service[108331]: DEBUG oslo_db.sqlalchemy.engines [None req-a0cc44b1-4349-4266-bfd0-f39bc2f5be61 None None] MySQL server mode set to STRICT_TRANS_TABLES,STRICT_ALL_TABLES,NO_ZERO_IN_DATE,NO_ZERO_DATE,ERROR_FOR_DIVISION_BY_ZERO,TRADITIONAL,NO_ENGINE_SUBSTITUTION {{(pid=108331) _check_effective_sql_mode /opt/stack/data/venv/lib/python3.12/site-packages/oslo_db/sqlalchemy/engines.py:325}}
Jun 19 21:39:43.946825 np0000182322 devstack@n-api-meta.service[108331]: DEBUG oslo_db.sqlalchemy.engines [None req-a0cc44b1-4349-4266-bfd0-f39bc2f5be61 None None] MySQL server mode set to STRICT_TRANS_TABLES,STRICT_ALL_TABLES,NO_ZERO_IN_DATE,NO_ZERO_DATE,ERROR_FOR_DIVISION_BY_ZERO,TRADITIONAL,NO_ENGINE_SUBSTITUTION {{(pid=108331) _check_effective_sql_mode /opt/stack/data/venv/lib/python3.12/site-packages/oslo_db/sqlalchemy/engines.py:325}}
Jun 19 21:39:43.958276 np0000182322 devstack@n-api-meta.service[108330]: DEBUG oslo_db.sqlalchemy.engines [None req-ef9f7e02-d17c-4fcb-b8ed-8c761bf847f9 None None] MySQL server mode set to STRICT_TRANS_TABLES,STRICT_ALL_TABLES,NO_ZERO_IN_DATE,NO_ZERO_DATE,ERROR_FOR_DIVISION_BY_ZERO,TRADITIONAL,NO_ENGINE_SUBSTITUTION {{(pid=108330) _check_effective_sql_mode /opt/stack/data/venv/lib/python3.12/site-packages/oslo_db/sqlalchemy/engines.py:325}}
Jun 19 21:39:43.959684 np0000182322 devstack@n-api-meta.service[108329]: DEBUG oslo_db.sqlalchemy.engines [None req-0ccd51c0-26d0-4f86-a10f-dbf7d8361c9e None None] MySQL server mode set to STRICT_TRANS_TABLES,STRICT_ALL_TABLES,NO_ZERO_IN_DATE,NO_ZERO_DATE,ERROR_FOR_DIVISION_BY_ZERO,TRADITIONAL,NO_ENGINE_SUBSTITUTION {{(pid=108329) _check_effective_sql_mode /opt/stack/data/venv/lib/python3.12/site-packages/oslo_db/sqlalchemy/engines.py:325}}
Jun 19 21:39:43.978733 np0000182322 devstack@n-api-meta.service[108329]: DEBUG oslo_db.sqlalchemy.engines [None req-0ccd51c0-26d0-4f86-a10f-dbf7d8361c9e None None] MySQL server mode set to STRICT_TRANS_TABLES,STRICT_ALL_TABLES,NO_ZERO_IN_DATE,NO_ZERO_DATE,ERROR_FOR_DIVISION_BY_ZERO,TRADITIONAL,NO_ENGINE_SUBSTITUTION {{(pid=108329) _check_effective_sql_mode /opt/stack/data/venv/lib/python3.12/site-packages/oslo_db/sqlalchemy/engines.py:325}}
Jun 19 21:39:43.996278 np0000182322 devstack@n-api-meta.service[108328]: DEBUG dbcounter [-] [108328] Writer thread running {{(pid=108328) stat_writer /opt/stack/data/venv/lib/python3.12/site-packages/dbcounter.py:102}}
Jun 19 21:39:44.000541 np0000182322 devstack@n-api-meta.service[108328]: DEBUG dbcounter [-] [108328] Writer thread running {{(pid=108328) stat_writer /opt/stack/data/venv/lib/python3.12/site-packages/dbcounter.py:102}}
Jun 19 21:39:44.008746 np0000182322 devstack@n-api-meta.service[108330]: DEBUG dbcounter [-] [108330] Writer thread running {{(pid=108330) stat_writer /opt/stack/data/venv/lib/python3.12/site-packages/dbcounter.py:102}}
Jun 19 21:39:44.010355 np0000182322 devstack@n-api-meta.service[108328]: INFO dbcounter [None req-f925cbcd-c67c-43df-b833-84b8e088c4a5 None None] Registered counter for database nova_cell0
Jun 19 21:39:44.016564 np0000182322 devstack@n-api-meta.service[108330]: DEBUG nova.context [None req-ef9f7e02-d17c-4fcb-b8ed-8c761bf847f9 None None] Found 2 cells: 00000000-0000-0000-0000-000000000000(cell0),fb313dde-4efa-456c-a8de-b411b300643d(cell1) {{(pid=108330) load_cells /opt/stack/nova/nova/context.py:509}}
Jun 19 21:39:44.016937 np0000182322 devstack@n-api-meta.service[108330]: INFO nova.utils [None req-ef9f7e02-d17c-4fcb-b8ed-8c761bf847f9 None None] The cell worker thread pool MainProcess.cell_worker is initialized
Jun 19 21:39:44.019821 np0000182322 devstack@n-api-meta.service[108330]: DEBUG oslo_concurrency.lockutils [None req-ef9f7e02-d17c-4fcb-b8ed-8c761bf847f9 None None] Acquiring lock "00000000-0000-0000-0000-000000000000" by "nova.context.set_target_cell..get_or_set_cached_cell_and_set_connections" {{(pid=108330) inner /opt/stack/data/venv/lib/python3.12/site-packages/oslo_concurrency/lockutils.py:511}}
Jun 19 21:39:44.020079 np0000182322 devstack@n-api-meta.service[108330]: DEBUG oslo_concurrency.lockutils [None req-ef9f7e02-d17c-4fcb-b8ed-8c761bf847f9 None None] Lock "00000000-0000-0000-0000-000000000000" acquired by "nova.context.set_target_cell..get_or_set_cached_cell_and_set_connections" :: waited 0.000s {{(pid=108330) inner /opt/stack/data/venv/lib/python3.12/site-packages/oslo_concurrency/lockutils.py:524}}
Jun 19 21:39:44.020682 np0000182322 devstack@n-api-meta.service[108330]: DEBUG oslo_concurrency.lockutils [None req-ef9f7e02-d17c-4fcb-b8ed-8c761bf847f9 None None] Lock "00000000-0000-0000-0000-000000000000" "released" by "nova.context.set_target_cell..get_or_set_cached_cell_and_set_connections" :: held 0.001s {{(pid=108330) inner /opt/stack/data/venv/lib/python3.12/site-packages/oslo_concurrency/lockutils.py:543}}
Jun 19 21:39:44.021771 np0000182322 devstack@n-api-meta.service[108330]: DEBUG oslo_concurrency.lockutils [None req-ef9f7e02-d17c-4fcb-b8ed-8c761bf847f9 None None] Acquiring lock "fb313dde-4efa-456c-a8de-b411b300643d" by "nova.context.set_target_cell..get_or_set_cached_cell_and_set_connections" {{(pid=108330) inner /opt/stack/data/venv/lib/python3.12/site-packages/oslo_concurrency/lockutils.py:511}}
Jun 19 21:39:44.021988 np0000182322 devstack@n-api-meta.service[108330]: DEBUG oslo_concurrency.lockutils [None req-ef9f7e02-d17c-4fcb-b8ed-8c761bf847f9 None None] Lock "fb313dde-4efa-456c-a8de-b411b300643d" acquired by "nova.context.set_target_cell..get_or_set_cached_cell_and_set_connections" :: waited 0.000s {{(pid=108330) inner /opt/stack/data/venv/lib/python3.12/site-packages/oslo_concurrency/lockutils.py:524}}
Jun 19 21:39:44.023405 np0000182322 devstack@n-api-meta.service[108330]: DEBUG oslo_concurrency.lockutils [None req-ef9f7e02-d17c-4fcb-b8ed-8c761bf847f9 None None] Lock "fb313dde-4efa-456c-a8de-b411b300643d" "released" by "nova.context.set_target_cell..get_or_set_cached_cell_and_set_connections" :: held 0.001s {{(pid=108330) inner /opt/stack/data/venv/lib/python3.12/site-packages/oslo_concurrency/lockutils.py:543}}
Jun 19 21:39:44.026888 np0000182322 devstack@n-api-meta.service[108330]: INFO dbcounter [None req-ef9f7e02-d17c-4fcb-b8ed-8c761bf847f9 None None] Registered counter for database nova_cell0
Jun 19 21:39:44.032106 np0000182322 devstack@n-api-meta.service[108330]: INFO dbcounter [None req-ef9f7e02-d17c-4fcb-b8ed-8c761bf847f9 None None] Registered counter for database nova_cell1
Jun 19 21:39:44.053714 np0000182322 devstack@n-api-meta.service[108328]: DEBUG oslo_db.sqlalchemy.engines [None req-f925cbcd-c67c-43df-b833-84b8e088c4a5 None None] MySQL server mode set to STRICT_TRANS_TABLES,STRICT_ALL_TABLES,NO_ZERO_IN_DATE,NO_ZERO_DATE,ERROR_FOR_DIVISION_BY_ZERO,TRADITIONAL,NO_ENGINE_SUBSTITUTION {{(pid=108328) _check_effective_sql_mode /opt/stack/data/venv/lib/python3.12/site-packages/oslo_db/sqlalchemy/engines.py:325}}
Jun 19 21:39:44.057357 np0000182322 devstack@n-api-meta.service[108331]: DEBUG dbcounter [-] [108331] Writer thread running {{(pid=108331) stat_writer /opt/stack/data/venv/lib/python3.12/site-packages/dbcounter.py:102}}
Jun 19 21:39:44.061275 np0000182322 devstack@n-api-meta.service[108331]: DEBUG dbcounter [-] [108331] Writer thread running {{(pid=108331) stat_writer /opt/stack/data/venv/lib/python3.12/site-packages/dbcounter.py:102}}
Jun 19 21:39:44.065898 np0000182322 devstack@n-api-meta.service[108328]: DEBUG dbcounter [-] [108328] Writer thread running {{(pid=108328) stat_writer /opt/stack/data/venv/lib/python3.12/site-packages/dbcounter.py:102}}
Jun 19 21:39:44.068836 np0000182322 devstack@n-api-meta.service[108329]: DEBUG dbcounter [-] [108329] Writer thread running {{(pid=108329) stat_writer /opt/stack/data/venv/lib/python3.12/site-packages/dbcounter.py:102}}
Jun 19 21:39:44.070749 np0000182322 devstack@n-api-meta.service[108331]: INFO dbcounter [None req-a0cc44b1-4349-4266-bfd0-f39bc2f5be61 None None] Registered counter for database nova_cell0
Jun 19 21:39:44.076798 np0000182322 devstack@n-api-meta.service[108329]: DEBUG dbcounter [-] [108329] Writer thread running {{(pid=108329) stat_writer /opt/stack/data/venv/lib/python3.12/site-packages/dbcounter.py:102}}
Jun 19 21:39:44.083229 np0000182322 devstack@n-api-meta.service[108329]: INFO dbcounter [None req-0ccd51c0-26d0-4f86-a10f-dbf7d8361c9e None None] Registered counter for database nova_cell0
Jun 19 21:39:44.105691 np0000182322 devstack@n-api-meta.service[108330]: DEBUG oslo_db.sqlalchemy.engines [None req-ef9f7e02-d17c-4fcb-b8ed-8c761bf847f9 None None] MySQL server mode set to STRICT_TRANS_TABLES,STRICT_ALL_TABLES,NO_ZERO_IN_DATE,NO_ZERO_DATE,ERROR_FOR_DIVISION_BY_ZERO,TRADITIONAL,NO_ENGINE_SUBSTITUTION {{(pid=108330) _check_effective_sql_mode /opt/stack/data/venv/lib/python3.12/site-packages/oslo_db/sqlalchemy/engines.py:325}}
Jun 19 21:39:44.122146 np0000182322 devstack@n-api-meta.service[108328]: WARNING nova.api.metadata.handler [None req-f925cbcd-c67c-43df-b833-84b8e088c4a5 None None] metadata_proxy_shared_secret is not configured, the metadata information returned by the proxy cannot be trusted
Jun 19 21:39:44.124643 np0000182322 devstack@n-api-meta.service[108328]: DEBUG nova.api.openstack.wsgi_app [None req-f925cbcd-c67c-43df-b833-84b8e088c4a5 None None] ******************************************************************************** {{(pid=108328) log_opt_values /opt/stack/data/venv/lib/python3.12/site-packages/oslo_config/cfg.py:3226}}
Jun 19 21:39:44.124766 np0000182322 devstack@n-api-meta.service[108328]: DEBUG nova.api.openstack.wsgi_app [None req-f925cbcd-c67c-43df-b833-84b8e088c4a5 None None] Configuration options gathered from: {{(pid=108328) log_opt_values /opt/stack/data/venv/lib/python3.12/site-packages/oslo_config/cfg.py:3227}}
Jun 19 21:39:44.124884 np0000182322 devstack@n-api-meta.service[108328]: DEBUG nova.api.openstack.wsgi_app [None req-f925cbcd-c67c-43df-b833-84b8e088c4a5 None None] command line args: [] {{(pid=108328) log_opt_values /opt/stack/data/venv/lib/python3.12/site-packages/oslo_config/cfg.py:3228}}
Jun 19 21:39:44.125049 np0000182322 devstack@n-api-meta.service[108328]: DEBUG nova.api.openstack.wsgi_app [None req-f925cbcd-c67c-43df-b833-84b8e088c4a5 None None] config files: ['/etc/nova/api-paste.ini', '/etc/nova/nova.conf'] {{(pid=108328) log_opt_values /opt/stack/data/venv/lib/python3.12/site-packages/oslo_config/cfg.py:3229}}
Jun 19 21:39:44.125143 np0000182322 devstack@n-api-meta.service[108328]: DEBUG nova.api.openstack.wsgi_app [None req-f925cbcd-c67c-43df-b833-84b8e088c4a5 None None] ================================================================================ {{(pid=108328) log_opt_values /opt/stack/data/venv/lib/python3.12/site-packages/oslo_config/cfg.py:3234}}
Jun 19 21:39:44.125384 np0000182322 devstack@n-api-meta.service[108328]: DEBUG nova.api.openstack.wsgi_app [None req-f925cbcd-c67c-43df-b833-84b8e088c4a5 None None] allow_resize_to_same_host = True {{(pid=108328) log_opt_values /opt/stack/data/venv/lib/python3.12/site-packages/oslo_config/cfg.py:3242}}
Jun 19 21:39:44.125537 np0000182322 devstack@n-api-meta.service[108328]: DEBUG nova.api.openstack.wsgi_app [None req-f925cbcd-c67c-43df-b833-84b8e088c4a5 None None] arq_binding_timeout = 300 {{(pid=108328) log_opt_values /opt/stack/data/venv/lib/python3.12/site-packages/oslo_config/cfg.py:3242}}
Jun 19 21:39:44.125688 np0000182322 devstack@n-api-meta.service[108328]: DEBUG nova.api.openstack.wsgi_app [None req-f925cbcd-c67c-43df-b833-84b8e088c4a5 None None] block_device_allocate_retries = 60 {{(pid=108328) log_opt_values /opt/stack/data/venv/lib/python3.12/site-packages/oslo_config/cfg.py:3242}}
Jun 19 21:39:44.125827 np0000182322 devstack@n-api-meta.service[108328]: DEBUG nova.api.openstack.wsgi_app [None req-f925cbcd-c67c-43df-b833-84b8e088c4a5 None None] block_device_allocate_retries_interval = 3 {{(pid=108328) log_opt_values /opt/stack/data/venv/lib/python3.12/site-packages/oslo_config/cfg.py:3242}}
Jun 19 21:39:44.125961 np0000182322 devstack@n-api-meta.service[108328]: DEBUG nova.api.openstack.wsgi_app [None req-f925cbcd-c67c-43df-b833-84b8e088c4a5 None None] cell_worker_thread_pool_size = 5 {{(pid=108328) log_opt_values /opt/stack/data/venv/lib/python3.12/site-packages/oslo_config/cfg.py:3242}}
Jun 19 21:39:44.126102 np0000182322 devstack@n-api-meta.service[108328]: DEBUG nova.api.openstack.wsgi_app [None req-f925cbcd-c67c-43df-b833-84b8e088c4a5 None None] cert = self.pem {{(pid=108328) log_opt_values /opt/stack/data/venv/lib/python3.12/site-packages/oslo_config/cfg.py:3242}}
Jun 19 21:39:44.126242 np0000182322 devstack@n-api-meta.service[108328]: DEBUG nova.api.openstack.wsgi_app [None req-f925cbcd-c67c-43df-b833-84b8e088c4a5 None None] compute_driver = libvirt.LibvirtDriver {{(pid=108328) log_opt_values /opt/stack/data/venv/lib/python3.12/site-packages/oslo_config/cfg.py:3242}}
Jun 19 21:39:44.126402 np0000182322 devstack@n-api-meta.service[108328]: DEBUG nova.api.openstack.wsgi_app [None req-f925cbcd-c67c-43df-b833-84b8e088c4a5 None None] compute_monitors = [] {{(pid=108328) log_opt_values /opt/stack/data/venv/lib/python3.12/site-packages/oslo_config/cfg.py:3242}}
Jun 19 21:39:44.126539 np0000182322 devstack@n-api-meta.service[108328]: DEBUG nova.api.openstack.wsgi_app [None req-f925cbcd-c67c-43df-b833-84b8e088c4a5 None None] config_dir = [] {{(pid=108328) log_opt_values /opt/stack/data/venv/lib/python3.12/site-packages/oslo_config/cfg.py:3242}}
Jun 19 21:39:44.126679 np0000182322 devstack@n-api-meta.service[108328]: DEBUG nova.api.openstack.wsgi_app [None req-f925cbcd-c67c-43df-b833-84b8e088c4a5 None None] config_drive_format = iso9660 {{(pid=108328) log_opt_values /opt/stack/data/venv/lib/python3.12/site-packages/oslo_config/cfg.py:3242}}
Jun 19 21:39:44.126787 np0000182322 devstack@n-api-meta.service[108328]: DEBUG nova.api.openstack.wsgi_app [None req-f925cbcd-c67c-43df-b833-84b8e088c4a5 None None] config_file = ['/etc/nova/api-paste.ini', '/etc/nova/nova.conf'] {{(pid=108328) log_opt_values /opt/stack/data/venv/lib/python3.12/site-packages/oslo_config/cfg.py:3242}}
Jun 19 21:39:44.126919 np0000182322 devstack@n-api-meta.service[108328]: DEBUG nova.api.openstack.wsgi_app [None req-f925cbcd-c67c-43df-b833-84b8e088c4a5 None None] config_source = [] {{(pid=108328) log_opt_values /opt/stack/data/venv/lib/python3.12/site-packages/oslo_config/cfg.py:3242}}
Jun 19 21:39:44.127059 np0000182322 devstack@n-api-meta.service[108328]: DEBUG nova.api.openstack.wsgi_app [None req-f925cbcd-c67c-43df-b833-84b8e088c4a5 None None] console_host = np0000182322 {{(pid=108328) log_opt_values /opt/stack/data/venv/lib/python3.12/site-packages/oslo_config/cfg.py:3242}}
Jun 19 21:39:44.127196 np0000182322 devstack@n-api-meta.service[108328]: DEBUG nova.api.openstack.wsgi_app [None req-f925cbcd-c67c-43df-b833-84b8e088c4a5 None None] control_exchange = nova {{(pid=108328) log_opt_values /opt/stack/data/venv/lib/python3.12/site-packages/oslo_config/cfg.py:3242}}
Jun 19 21:39:44.127342 np0000182322 devstack@n-api-meta.service[108328]: DEBUG nova.api.openstack.wsgi_app [None req-f925cbcd-c67c-43df-b833-84b8e088c4a5 None None] cpu_allocation_ratio = None {{(pid=108328) log_opt_values /opt/stack/data/venv/lib/python3.12/site-packages/oslo_config/cfg.py:3242}}
Jun 19 21:39:44.127474 np0000182322 devstack@n-api-meta.service[108328]: DEBUG nova.api.openstack.wsgi_app [None req-f925cbcd-c67c-43df-b833-84b8e088c4a5 None None] daemon = False {{(pid=108328) log_opt_values /opt/stack/data/venv/lib/python3.12/site-packages/oslo_config/cfg.py:3242}}
Jun 19 21:39:44.127657 np0000182322 devstack@n-api-meta.service[108328]: DEBUG nova.api.openstack.wsgi_app [None req-f925cbcd-c67c-43df-b833-84b8e088c4a5 None None] debug = True {{(pid=108328) log_opt_values /opt/stack/data/venv/lib/python3.12/site-packages/oslo_config/cfg.py:3242}}
Jun 19 21:39:44.127787 np0000182322 devstack@n-api-meta.service[108328]: DEBUG nova.api.openstack.wsgi_app [None req-f925cbcd-c67c-43df-b833-84b8e088c4a5 None None] default_access_ip_network_name = None {{(pid=108328) log_opt_values /opt/stack/data/venv/lib/python3.12/site-packages/oslo_config/cfg.py:3242}}
Jun 19 21:39:44.127925 np0000182322 devstack@n-api-meta.service[108328]: DEBUG nova.api.openstack.wsgi_app [None req-f925cbcd-c67c-43df-b833-84b8e088c4a5 None None] default_availability_zone = nova {{(pid=108328) log_opt_values /opt/stack/data/venv/lib/python3.12/site-packages/oslo_config/cfg.py:3242}}
Jun 19 21:39:44.128060 np0000182322 devstack@n-api-meta.service[108328]: DEBUG nova.api.openstack.wsgi_app [None req-f925cbcd-c67c-43df-b833-84b8e088c4a5 None None] default_ephemeral_format = ext4 {{(pid=108328) log_opt_values /opt/stack/data/venv/lib/python3.12/site-packages/oslo_config/cfg.py:3242}}
Jun 19 21:39:44.128196 np0000182322 devstack@n-api-meta.service[108328]: DEBUG nova.api.openstack.wsgi_app [None req-f925cbcd-c67c-43df-b833-84b8e088c4a5 None None] default_green_pool_size = 1000 {{(pid=108328) log_opt_values /opt/stack/data/venv/lib/python3.12/site-packages/oslo_config/cfg.py:3242}}
Jun 19 21:39:44.128432 np0000182322 devstack@n-api-meta.service[108328]: DEBUG nova.api.openstack.wsgi_app [None req-f925cbcd-c67c-43df-b833-84b8e088c4a5 None None] default_log_levels = ['amqp=WARN', 'boto=WARN', 'sqlalchemy=WARN', 'suds=INFO', 'oslo.messaging=INFO', 'oslo_messaging=INFO', 'iso8601=WARN', 'requests.packages.urllib3.connectionpool=WARN', 'urllib3.connectionpool=WARN', 'websocket=WARN', 'requests.packages.urllib3.util.retry=WARN', 'urllib3.util.retry=WARN', 'keystonemiddleware=WARN', 'routes.middleware=WARN', 'stevedore=WARN', 'taskflow=WARN', 'keystoneauth=WARN', 'oslo.cache=INFO', 'oslo_policy=INFO', 'dogpile.core.dogpile=INFO', 'glanceclient=WARN', 'oslo.privsep.daemon=INFO'] {{(pid=108328) log_opt_values /opt/stack/data/venv/lib/python3.12/site-packages/oslo_config/cfg.py:3242}}
Jun 19 21:39:44.128572 np0000182322 devstack@n-api-meta.service[108328]: DEBUG nova.api.openstack.wsgi_app [None req-f925cbcd-c67c-43df-b833-84b8e088c4a5 None None] default_schedule_zone = None {{(pid=108328) log_opt_values /opt/stack/data/venv/lib/python3.12/site-packages/oslo_config/cfg.py:3242}}
Jun 19 21:39:44.128699 np0000182322 devstack@n-api-meta.service[108328]: DEBUG nova.api.openstack.wsgi_app [None req-f925cbcd-c67c-43df-b833-84b8e088c4a5 None None] default_thread_pool_size = 10 {{(pid=108328) log_opt_values /opt/stack/data/venv/lib/python3.12/site-packages/oslo_config/cfg.py:3242}}
Jun 19 21:39:44.128826 np0000182322 devstack@n-api-meta.service[108328]: DEBUG nova.api.openstack.wsgi_app [None req-f925cbcd-c67c-43df-b833-84b8e088c4a5 None None] disk_allocation_ratio = None {{(pid=108328) log_opt_values /opt/stack/data/venv/lib/python3.12/site-packages/oslo_config/cfg.py:3242}}
Jun 19 21:39:44.128957 np0000182322 devstack@n-api-meta.service[108328]: DEBUG nova.api.openstack.wsgi_app [None req-f925cbcd-c67c-43df-b833-84b8e088c4a5 None None] enable_new_services = True {{(pid=108328) log_opt_values /opt/stack/data/venv/lib/python3.12/site-packages/oslo_config/cfg.py:3242}}
Jun 19 21:39:44.129087 np0000182322 devstack@n-api-meta.service[108328]: DEBUG nova.api.openstack.wsgi_app [None req-f925cbcd-c67c-43df-b833-84b8e088c4a5 None None] flat_injected = False {{(pid=108328) log_opt_values /opt/stack/data/venv/lib/python3.12/site-packages/oslo_config/cfg.py:3242}}
Jun 19 21:39:44.129217 np0000182322 devstack@n-api-meta.service[108328]: DEBUG nova.api.openstack.wsgi_app [None req-f925cbcd-c67c-43df-b833-84b8e088c4a5 None None] force_config_drive = False {{(pid=108328) log_opt_values /opt/stack/data/venv/lib/python3.12/site-packages/oslo_config/cfg.py:3242}}
Jun 19 21:39:44.129367 np0000182322 devstack@n-api-meta.service[108328]: DEBUG nova.api.openstack.wsgi_app [None req-f925cbcd-c67c-43df-b833-84b8e088c4a5 None None] force_raw_images = True {{(pid=108328) log_opt_values /opt/stack/data/venv/lib/python3.12/site-packages/oslo_config/cfg.py:3242}}
Jun 19 21:39:44.129522 np0000182322 devstack@n-api-meta.service[108328]: DEBUG nova.api.openstack.wsgi_app [None req-f925cbcd-c67c-43df-b833-84b8e088c4a5 None None] graceful_shutdown_timeout = 5 {{(pid=108328) log_opt_values /opt/stack/data/venv/lib/python3.12/site-packages/oslo_config/cfg.py:3242}}
Jun 19 21:39:44.129665 np0000182322 devstack@n-api-meta.service[108328]: DEBUG nova.api.openstack.wsgi_app [None req-f925cbcd-c67c-43df-b833-84b8e088c4a5 None None] heal_instance_info_cache_interval = -1 {{(pid=108328) log_opt_values /opt/stack/data/venv/lib/python3.12/site-packages/oslo_config/cfg.py:3242}}
Jun 19 21:39:44.129855 np0000182322 devstack@n-api-meta.service[108328]: DEBUG nova.api.openstack.wsgi_app [None req-f925cbcd-c67c-43df-b833-84b8e088c4a5 None None] host = np0000182322 {{(pid=108328) log_opt_values /opt/stack/data/venv/lib/python3.12/site-packages/oslo_config/cfg.py:3242}}
Jun 19 21:39:44.129994 np0000182322 devstack@n-api-meta.service[108328]: DEBUG nova.api.openstack.wsgi_app [None req-f925cbcd-c67c-43df-b833-84b8e088c4a5 None None] initial_cpu_allocation_ratio = 4.0 {{(pid=108328) log_opt_values /opt/stack/data/venv/lib/python3.12/site-packages/oslo_config/cfg.py:3242}}
Jun 19 21:39:44.130129 np0000182322 devstack@n-api-meta.service[108328]: DEBUG nova.api.openstack.wsgi_app [None req-f925cbcd-c67c-43df-b833-84b8e088c4a5 None None] initial_disk_allocation_ratio = 1.0 {{(pid=108328) log_opt_values /opt/stack/data/venv/lib/python3.12/site-packages/oslo_config/cfg.py:3242}}
Jun 19 21:39:44.130273 np0000182322 devstack@n-api-meta.service[108328]: DEBUG nova.api.openstack.wsgi_app [None req-f925cbcd-c67c-43df-b833-84b8e088c4a5 None None] initial_ram_allocation_ratio = 1.0 {{(pid=108328) log_opt_values /opt/stack/data/venv/lib/python3.12/site-packages/oslo_config/cfg.py:3242}}
Jun 19 21:39:44.130458 np0000182322 devstack@n-api-meta.service[108328]: DEBUG nova.api.openstack.wsgi_app [None req-f925cbcd-c67c-43df-b833-84b8e088c4a5 None None] injected_network_template = /opt/stack/nova/nova/virt/interfaces.template {{(pid=108328) log_opt_values /opt/stack/data/venv/lib/python3.12/site-packages/oslo_config/cfg.py:3242}}
Jun 19 21:39:44.130610 np0000182322 devstack@n-api-meta.service[108328]: DEBUG nova.api.openstack.wsgi_app [None req-f925cbcd-c67c-43df-b833-84b8e088c4a5 None None] instance_build_timeout = 0 {{(pid=108328) log_opt_values /opt/stack/data/venv/lib/python3.12/site-packages/oslo_config/cfg.py:3242}}
Jun 19 21:39:44.130769 np0000182322 devstack@n-api-meta.service[108328]: DEBUG nova.api.openstack.wsgi_app [None req-f925cbcd-c67c-43df-b833-84b8e088c4a5 None None] instance_delete_interval = 300 {{(pid=108328) log_opt_values /opt/stack/data/venv/lib/python3.12/site-packages/oslo_config/cfg.py:3242}}
Jun 19 21:39:44.130864 np0000182322 devstack@n-api-meta.service[108330]: DEBUG oslo_db.sqlalchemy.engines [None req-ef9f7e02-d17c-4fcb-b8ed-8c761bf847f9 None None] MySQL server mode set to STRICT_TRANS_TABLES,STRICT_ALL_TABLES,NO_ZERO_IN_DATE,NO_ZERO_DATE,ERROR_FOR_DIVISION_BY_ZERO,TRADITIONAL,NO_ENGINE_SUBSTITUTION {{(pid=108330) _check_effective_sql_mode /opt/stack/data/venv/lib/python3.12/site-packages/oslo_db/sqlalchemy/engines.py:325}}
Jun 19 21:39:44.130961 np0000182322 devstack@n-api-meta.service[108328]: DEBUG nova.api.openstack.wsgi_app [None req-f925cbcd-c67c-43df-b833-84b8e088c4a5 None None] instance_format = [instance: %(uuid)s] {{(pid=108328) log_opt_values /opt/stack/data/venv/lib/python3.12/site-packages/oslo_config/cfg.py:3242}}
Jun 19 21:39:44.131112 np0000182322 devstack@n-api-meta.service[108328]: DEBUG nova.api.openstack.wsgi_app [None req-f925cbcd-c67c-43df-b833-84b8e088c4a5 None None] instance_name_template = instance-%08x {{(pid=108328) log_opt_values /opt/stack/data/venv/lib/python3.12/site-packages/oslo_config/cfg.py:3242}}
Jun 19 21:39:44.131260 np0000182322 devstack@n-api-meta.service[108328]: DEBUG nova.api.openstack.wsgi_app [None req-f925cbcd-c67c-43df-b833-84b8e088c4a5 None None] instance_usage_audit = False {{(pid=108328) log_opt_values /opt/stack/data/venv/lib/python3.12/site-packages/oslo_config/cfg.py:3242}}
Jun 19 21:39:44.131403 np0000182322 devstack@n-api-meta.service[108328]: DEBUG nova.api.openstack.wsgi_app [None req-f925cbcd-c67c-43df-b833-84b8e088c4a5 None None] instance_usage_audit_period = month {{(pid=108328) log_opt_values /opt/stack/data/venv/lib/python3.12/site-packages/oslo_config/cfg.py:3242}}
Jun 19 21:39:44.131538 np0000182322 devstack@n-api-meta.service[108328]: DEBUG nova.api.openstack.wsgi_app [None req-f925cbcd-c67c-43df-b833-84b8e088c4a5 None None] instance_uuid_format = [instance: %(uuid)s] {{(pid=108328) log_opt_values /opt/stack/data/venv/lib/python3.12/site-packages/oslo_config/cfg.py:3242}}
Jun 19 21:39:44.131699 np0000182322 devstack@n-api-meta.service[108328]: DEBUG nova.api.openstack.wsgi_app [None req-f925cbcd-c67c-43df-b833-84b8e088c4a5 None None] instances_path = /opt/stack/data/nova/instances {{(pid=108328) log_opt_values /opt/stack/data/venv/lib/python3.12/site-packages/oslo_config/cfg.py:3242}}
Jun 19 21:39:44.131837 np0000182322 devstack@n-api-meta.service[108328]: DEBUG nova.api.openstack.wsgi_app [None req-f925cbcd-c67c-43df-b833-84b8e088c4a5 None None] internal_service_availability_zone = internal {{(pid=108328) log_opt_values /opt/stack/data/venv/lib/python3.12/site-packages/oslo_config/cfg.py:3242}}
Jun 19 21:39:44.131964 np0000182322 devstack@n-api-meta.service[108328]: DEBUG nova.api.openstack.wsgi_app [None req-f925cbcd-c67c-43df-b833-84b8e088c4a5 None None] key = None {{(pid=108328) log_opt_values /opt/stack/data/venv/lib/python3.12/site-packages/oslo_config/cfg.py:3242}}
Jun 19 21:39:44.132094 np0000182322 devstack@n-api-meta.service[108328]: DEBUG nova.api.openstack.wsgi_app [None req-f925cbcd-c67c-43df-b833-84b8e088c4a5 None None] live_migration_retry_count = 30 {{(pid=108328) log_opt_values /opt/stack/data/venv/lib/python3.12/site-packages/oslo_config/cfg.py:3242}}
Jun 19 21:39:44.132290 np0000182322 devstack@n-api-meta.service[108328]: DEBUG nova.api.openstack.wsgi_app [None req-f925cbcd-c67c-43df-b833-84b8e088c4a5 None None] log_color = False {{(pid=108328) log_opt_values /opt/stack/data/venv/lib/python3.12/site-packages/oslo_config/cfg.py:3242}}
Jun 19 21:39:44.132432 np0000182322 devstack@n-api-meta.service[108328]: DEBUG nova.api.openstack.wsgi_app [None req-f925cbcd-c67c-43df-b833-84b8e088c4a5 None None] log_config_append = None {{(pid=108328) log_opt_values /opt/stack/data/venv/lib/python3.12/site-packages/oslo_config/cfg.py:3242}}
Jun 19 21:39:44.132571 np0000182322 devstack@n-api-meta.service[108328]: DEBUG nova.api.openstack.wsgi_app [None req-f925cbcd-c67c-43df-b833-84b8e088c4a5 None None] log_date_format = %Y-%m-%d %H:%M:%S {{(pid=108328) log_opt_values /opt/stack/data/venv/lib/python3.12/site-packages/oslo_config/cfg.py:3242}}
Jun 19 21:39:44.132703 np0000182322 devstack@n-api-meta.service[108328]: DEBUG nova.api.openstack.wsgi_app [None req-f925cbcd-c67c-43df-b833-84b8e088c4a5 None None] log_dir = None {{(pid=108328) log_opt_values /opt/stack/data/venv/lib/python3.12/site-packages/oslo_config/cfg.py:3242}}
Jun 19 21:39:44.132834 np0000182322 devstack@n-api-meta.service[108328]: DEBUG nova.api.openstack.wsgi_app [None req-f925cbcd-c67c-43df-b833-84b8e088c4a5 None None] log_file = None {{(pid=108328) log_opt_values /opt/stack/data/venv/lib/python3.12/site-packages/oslo_config/cfg.py:3242}}
Jun 19 21:39:44.133076 np0000182322 devstack@n-api-meta.service[108328]: DEBUG nova.api.openstack.wsgi_app [None req-f925cbcd-c67c-43df-b833-84b8e088c4a5 None None] log_options = True {{(pid=108328) log_opt_values /opt/stack/data/venv/lib/python3.12/site-packages/oslo_config/cfg.py:3242}}
Jun 19 21:39:44.133076 np0000182322 devstack@n-api-meta.service[108328]: DEBUG nova.api.openstack.wsgi_app [None req-f925cbcd-c67c-43df-b833-84b8e088c4a5 None None] log_rotate_interval = 1 {{(pid=108328) log_opt_values /opt/stack/data/venv/lib/python3.12/site-packages/oslo_config/cfg.py:3242}}
Jun 19 21:39:44.133185 np0000182322 devstack@n-api-meta.service[108328]: DEBUG nova.api.openstack.wsgi_app [None req-f925cbcd-c67c-43df-b833-84b8e088c4a5 None None] log_rotate_interval_type = days {{(pid=108328) log_opt_values /opt/stack/data/venv/lib/python3.12/site-packages/oslo_config/cfg.py:3242}}
Jun 19 21:39:44.133370 np0000182322 devstack@n-api-meta.service[108328]: DEBUG nova.api.openstack.wsgi_app [None req-f925cbcd-c67c-43df-b833-84b8e088c4a5 None None] log_rotation_type = none {{(pid=108328) log_opt_values /opt/stack/data/venv/lib/python3.12/site-packages/oslo_config/cfg.py:3242}}
Jun 19 21:39:44.133483 np0000182322 devstack@n-api-meta.service[108328]: DEBUG nova.api.openstack.wsgi_app [None req-f925cbcd-c67c-43df-b833-84b8e088c4a5 None None] logging_context_format_string = %(color)s%(levelname)s %(name)s [%(global_request_id)s %(request_id)s %(project_name)s %(user_name)s%(color)s] %(instance)s%(color)s%(message)s {{(pid=108328) log_opt_values /opt/stack/data/venv/lib/python3.12/site-packages/oslo_config/cfg.py:3242}}
Jun 19 21:39:44.133612 np0000182322 devstack@n-api-meta.service[108328]: DEBUG nova.api.openstack.wsgi_app [None req-f925cbcd-c67c-43df-b833-84b8e088c4a5 None None] logging_debug_format_suffix = {{(pid=%(process)d) %(funcName)s %(pathname)s:%(lineno)d}} {{(pid=108328) log_opt_values /opt/stack/data/venv/lib/python3.12/site-packages/oslo_config/cfg.py:3242}}
Jun 19 21:39:44.133753 np0000182322 devstack@n-api-meta.service[108328]: DEBUG nova.api.openstack.wsgi_app [None req-f925cbcd-c67c-43df-b833-84b8e088c4a5 None None] logging_default_format_string = %(color)s%(levelname)s %(name)s [-%(color)s] %(instance)s%(color)s%(message)s {{(pid=108328) log_opt_values /opt/stack/data/venv/lib/python3.12/site-packages/oslo_config/cfg.py:3242}}
Jun 19 21:39:44.133887 np0000182322 devstack@n-api-meta.service[108328]: DEBUG nova.api.openstack.wsgi_app [None req-f925cbcd-c67c-43df-b833-84b8e088c4a5 None None] logging_exception_prefix = ERROR %(name)s %(instance)s {{(pid=108328) log_opt_values /opt/stack/data/venv/lib/python3.12/site-packages/oslo_config/cfg.py:3242}}
Jun 19 21:39:44.133992 np0000182322 devstack@n-api-meta.service[108328]: DEBUG nova.api.openstack.wsgi_app [None req-f925cbcd-c67c-43df-b833-84b8e088c4a5 None None] logging_user_identity_format = %(user)s %(project)s %(domain)s %(system_scope)s %(user_domain)s %(project_domain)s {{(pid=108328) log_opt_values /opt/stack/data/venv/lib/python3.12/site-packages/oslo_config/cfg.py:3242}}
Jun 19 21:39:44.134123 np0000182322 devstack@n-api-meta.service[108328]: DEBUG nova.api.openstack.wsgi_app [None req-f925cbcd-c67c-43df-b833-84b8e088c4a5 None None] long_rpc_timeout = 1800 {{(pid=108328) log_opt_values /opt/stack/data/venv/lib/python3.12/site-packages/oslo_config/cfg.py:3242}}
Jun 19 21:39:44.134255 np0000182322 devstack@n-api-meta.service[108328]: DEBUG nova.api.openstack.wsgi_app [None req-f925cbcd-c67c-43df-b833-84b8e088c4a5 None None] manager_shutdown_timeout = 160 {{(pid=108328) log_opt_values /opt/stack/data/venv/lib/python3.12/site-packages/oslo_config/cfg.py:3242}}
Jun 19 21:39:44.134408 np0000182322 devstack@n-api-meta.service[108328]: DEBUG nova.api.openstack.wsgi_app [None req-f925cbcd-c67c-43df-b833-84b8e088c4a5 None None] max_concurrent_builds = 10 {{(pid=108328) log_opt_values /opt/stack/data/venv/lib/python3.12/site-packages/oslo_config/cfg.py:3242}}
Jun 19 21:39:44.134540 np0000182322 devstack@n-api-meta.service[108328]: DEBUG nova.api.openstack.wsgi_app [None req-f925cbcd-c67c-43df-b833-84b8e088c4a5 None None] max_concurrent_live_migrations = 1 {{(pid=108328) log_opt_values /opt/stack/data/venv/lib/python3.12/site-packages/oslo_config/cfg.py:3242}}
