2026-07-01 02:02:55.878 8 INFO neutron.db.ovn_revision_numbers_db [None req-bfb6000e-9900-4a99-9a3f-d5faded23829 ec8022aedc564825b797f405526e5c44 7dd47eaccc254c81906963b11394a8e3 - - default default] Successfully bumped revision number for resource a20d5ea5-7194-41fd-a741-415ff7e48198 (type: security_group_rules) to 0
2026-07-01 02:02:55.892 8 INFO neutron.db.ovn_revision_numbers_db [None req-bfb6000e-9900-4a99-9a3f-d5faded23829 ec8022aedc564825b797f405526e5c44 7dd47eaccc254c81906963b11394a8e3 - - default default] Successfully bumped revision number for resource acc2e739-b7ad-4d66-be41-cb00f09686a0 (type: security_group_rules) to 0
2026-07-01 02:02:55.904 8 INFO neutron.db.ovn_revision_numbers_db [None req-bfb6000e-9900-4a99-9a3f-d5faded23829 ec8022aedc564825b797f405526e5c44 7dd47eaccc254c81906963b11394a8e3 - - default default] Successfully bumped revision number for resource c7f8382c-6a73-4d20-86b1-aaec8d2f1647 (type: security_group_rules) to 0 [pid: 8|app: 0|req: 954/2000] 10.0.0.3 () {32 vars in 772 bytes} [Wed Jul 1 02:02:55 2026] GET /v2.0/security-groups?tenant_id=1e7918539cd44b56939db408e0fe4e21&name=default => generated 2925 bytes in 457 msecs (HTTP/1.1 200) 4 headers in 158 bytes (1 switches on core 0)
2026-07-01 02:02:55.970 7 WARNING neutron.scheduler.dhcp_agent_scheduler [None req-38f38921-d988-42fa-a0d2-2536284bf183 b0192cc19d8c44e2956ea73537f46dc4 285e0d705a5643aaa3de3310bc4b3bdf - - default default] No more DHCP agents
2026-07-01 02:02:55.971 7 WARNING neutron.api.rpc.agentnotifiers.dhcp_rpc_agent_api [None req-38f38921-d988-42fa-a0d2-2536284bf183 b0192cc19d8c44e2956ea73537f46dc4 285e0d705a5643aaa3de3310bc4b3bdf - - default default] Unable to schedule network 3972f1ea-8ff1-4844-af12-352af2230d79: no agents available; will retry on subsequent port and subnet creation events. [pid: 8|app: 0|req: 955/2001] 10.0.0.74 () {28 vars in 598 bytes} [Wed Jul 1 02:02:55 2026] GET /v2.0/security-groups => generated 23209 bytes in 38 msecs (HTTP/1.1 200) 4 headers in 159 bytes (1 switches on core 0)
2026-07-01 02:02:56.018 7 INFO neutron.plugins.ml2.drivers.ovn.mech_driver.mech_driver [None req-bae948b8-0a40-4012-98f8-6d14588a6532 - - - - - -] OVN reports status down for port: 21339c33-d09f-45f0-a95e-92cac30d66cd
2026-07-01 02:02:56.072 7 INFO neutron.db.ovn_revision_numbers_db [None req-38f38921-d988-42fa-a0d2-2536284bf183 b0192cc19d8c44e2956ea73537f46dc4 285e0d705a5643aaa3de3310bc4b3bdf - - default default] Successfully bumped revision number for resource 21339c33-d09f-45f0-a95e-92cac30d66cd (type: ports) to 1 [pid: 7|app: 0|req: 1047/2002] 10.0.0.3 () {34 vars in 663 bytes} [Wed Jul 1 02:02:55 2026] POST /v2.0/ports => generated 775 bytes in 386 msecs (HTTP/1.1 201) 4 headers in 162 bytes (1 switches on core 0) /var/lib/openstack/lib/python3.12/site-packages/pycadf/identifier.py:70: UserWarning: Invalid uuid: neutron. To ensure interoperability, identifiers should be a valid uuid. warnings.warn(('Invalid uuid: %s. To ensure interoperability, ' [pid: 7|app: 0|req: 1048/2003] 10.0.0.74 () {28 vars in 582 bytes} [Wed Jul 1 02:02:56 2026] GET /v2.0/routers => generated 15 bytes in 19 msecs (HTTP/1.1 200) 4 headers in 156 bytes (1 switches on core 0) [pid: 8|app: 0|req: 956/2004] 10.0.0.3 () {32 vars in 738 bytes} [Wed Jul 1 02:02:55 2026] DELETE /v2.0/security-groups/8854c076-3c9a-45fc-b6dd-3730269c5ec6 => generated 0 bytes in 238 msecs (HTTP/1.1 204) 2 headers in 112 bytes (1 switches on core 0) [pid: 8|app: 0|req: 957/2005] 10.0.0.74 () {28 vars in 623 bytes} [Wed Jul 1 02:02:56 2026] GET /v2.0/agents?binary=ovn-controller => generated 416 bytes in 12 msecs (HTTP/1.1 200) 4 headers in 157 bytes (1 switches on core 0) [pid: 8|app: 0|req: 958/2006] 10.0.0.74 () {28 vars in 590 bytes} [Wed Jul 1 02:02:56 2026] GET /v2.0/floatingips => generated 19 bytes in 26 msecs (HTTP/1.1 200) 4 headers in 156 bytes (1 switches on core 0) [pid: 8|app: 0|req: 959/2007] 10.0.0.74 () {28 vars in 578 bytes} [Wed Jul 1 02:02:56 2026] GET /v2.0/ports => generated 7825 bytes in 51 msecs (HTTP/1.1 200) 4 headers in 158 bytes (1 switches on core 0) [pid: 8|app: 0|req: 960/2008] 10.0.0.74 () {28 vars in 582 bytes} [Wed Jul 1 02:02:56 2026] GET /v2.0/subnets => generated 1308 bytes in 32 msecs (HTTP/1.1 200) 4 headers in 158 bytes (1 switches on core 0) [pid: 8|app: 0|req: 961/2009] 10.0.0.74 () {28 vars in 590 bytes} [Wed Jul 1 02:02:56 2026] GET /v2.0/subnetpools => generated 19 bytes in 14 msecs (HTTP/1.1 200) 4 headers in 156 bytes (1 switches on core 0)
2026-07-01 02:02:56.391 7 INFO neutron.plugins.ml2.drivers.ovn.mech_driver.mech_driver [None req-bae948b8-0a40-4012-98f8-6d14588a6532 - - - - - -] OVN reports status down for port: 21339c33-d09f-45f0-a95e-92cac30d66cd [pid: 8|app: 0|req: 962/2010] 10.0.0.74 () {28 vars in 580 bytes} [Wed Jul 1 02:02:56 2026] GET /v2.0/agents => generated 1214 bytes in 18 msecs (HTTP/1.1 200) 4 headers in 158 bytes (1 switches on core 0) [pid: 8|app: 0|req: 963/2011] 10.0.0.74 () {28 vars in 584 bytes} [Wed Jul 1 02:02:56 2026] GET /v2.0/networks => generated 3045 bytes in 50 msecs (HTTP/1.1 200) 4 headers in 158 bytes (1 switches on core 0)
2026-07-01 02:02:56.464 7 INFO neutron.db.ovn_revision_numbers_db [None req-23ceb2d3-8eae-4a32-8926-099f73cfb09b b0192cc19d8c44e2956ea73537f46dc4 285e0d705a5643aaa3de3310bc4b3bdf - - default default] Successfully bumped revision number for resource 21339c33-d09f-45f0-a95e-92cac30d66cd (type: ports) to 2 [pid: 8|app: 0|req: 964/2012] 10.0.0.74 () {28 vars in 582 bytes} [Wed Jul 1 02:02:56 2026] GET /v2.0/subnets => generated 1308 bytes in 27 msecs (HTTP/1.1 200) 4 headers in 158 bytes (1 switches on core 0) [pid: 7|app: 0|req: 1049/2015] 10.0.0.3 () {34 vars in 735 bytes} [Wed Jul 1 02:02:56 2026] PUT /v2.0/ports/21339c33-d09f-45f0-a95e-92cac30d66cd => generated 752 bytes in 343 msecs (HTTP/1.1 200) 4 headers in 157 bytes (1 switches on core 0)
2026-07-01 02:02:56.641 8 INFO neutron_taas.services.taas.taas_plugin [None req-4fca675d-f981-4d9e-b7b9-06e48a6f28f5 b0192cc19d8c44e2956ea73537f46dc4 285e0d705a5643aaa3de3310bc4b3bdf - - default default] TaaS: Handle Delete Port: 21339c33-d09f-45f0-a95e-92cac30d66cd
2026-07-01 02:02:56.644 8 INFO neutron_taas.services.taas.tap_mirror_plugin [None req-4fca675d-f981-4d9e-b7b9-06e48a6f28f5 b0192cc19d8c44e2956ea73537f46dc4 285e0d705a5643aaa3de3310bc4b3bdf - - default default] Tap Mirror: Handle Delete Port: 21339c33-d09f-45f0-a95e-92cac30d66cd [pid: 8|app: 0|req: 967/2016] 10.0.0.3 () {32 vars in 718 bytes} [Wed Jul 1 02:02:56 2026] DELETE /v2.0/ports/21339c33-d09f-45f0-a95e-92cac30d66cd => generated 0 bytes in 240 msecs (HTTP/1.1 204) 3 headers in 131 bytes (1 switches on core 0) /var/lib/openstack/lib/python3.12/site-packages/pycadf/identifier.py:70: UserWarning: Invalid uuid: neutron. To ensure interoperability, identifiers should be a valid uuid. warnings.warn(('Invalid uuid: %s. To ensure interoperability, ' [pid: 7|app: 0|req: 1050/2017] 10.0.0.3 () {32 vars in 641 bytes} [Wed Jul 1 02:02:56 2026] GET /v2.0/ports => generated 1534 bytes in 41 msecs (HTTP/1.1 200) 4 headers in 158 bytes (1 switches on core 0)
2026-07-01 02:02:56.819 8 INFO neutron.pecan_wsgi.hooks.translation [None req-18cc7f42-9879-4bcf-a92a-2e26e3e1c2e8 b0192cc19d8c44e2956ea73537f46dc4 285e0d705a5643aaa3de3310bc4b3bdf - - default default] GET failed (client error): The resource could not be found. [pid: 8|app: 0|req: 968/2018] 10.0.0.3 () {32 vars in 715 bytes} [Wed Jul 1 02:02:56 2026] GET /v2.0/ports/21339c33-d09f-45f0-a95e-92cac30d66cd => generated 132 bytes in 19 msecs (HTTP/1.1 404) 4 headers in 164 bytes (1 switches on core 0) [pid: 7|app: 0|req: 1051/2019] 10.0.0.3 () {32 vars in 641 bytes} [Wed Jul 1 02:02:56 2026] GET /v2.0/ports => generated 1534 bytes in 50 msecs (HTTP/1.1 200) 4 headers in 158 bytes (1 switches on core 0) [pid: 8|app: 0|req: 969/2020] 10.0.0.3 () {32 vars in 715 bytes} [Wed Jul 1 02:02:56 2026] GET /v2.0/ports/e8bf483b-4c43-4164-a4ea-01924b1dfcd5 => generated 775 bytes in 35 msecs (HTTP/1.1 200) 4 headers in 157 bytes (1 switches on core 0)
2026-07-01 02:02:56.948 7 INFO neutron.pecan_wsgi.hooks.translation [None req-42713a0e-35d0-413d-8701-b5307533b54e b0192cc19d8c44e2956ea73537f46dc4 285e0d705a5643aaa3de3310bc4b3bdf - - default default] DELETE failed (client error): The resource could not be found. [pid: 7|app: 0|req: 1052/2021] 10.0.0.3 () {32 vars in 718 bytes} [Wed Jul 1 02:02:56 2026] DELETE /v2.0/ports/34c3367b-4a0e-42de-a555-30935a0a4223 => generated 132 bytes in 24 msecs (HTTP/1.1 404) 4 headers in 164 bytes (1 switches on core 0)
2026-07-01 02:02:56.971 8 INFO neutron.pecan_wsgi.hooks.translation [None req-57cd399d-78a6-4da0-811e-4d049f8ff2e2 b0192cc19d8c44e2956ea73537f46dc4 285e0d705a5643aaa3de3310bc4b3bdf - - default default] DELETE failed (client error): The resource could not be found. [pid: 8|app: 0|req: 970/2022] 10.0.0.3 () {32 vars in 722 bytes} [Wed Jul 1 02:02:56 2026] DELETE /v2.0/subnets/abfa8945-3b36-4df2-9ab6-d2b2df0da5cd => generated 136 bytes in 17 msecs (HTTP/1.1 404) 4 headers in 164 bytes (1 switches on core 0)
2026-07-01 02:02:56.996 7 INFO neutron.pecan_wsgi.hooks.translation [None req-c78c37a1-4e35-4d08-907e-b3fe376523ea b0192cc19d8c44e2956ea73537f46dc4 285e0d705a5643aaa3de3310bc4b3bdf - - default default] DELETE failed (client error): The resource could not be found. [pid: 7|app: 0|req: 1053/2023] 10.0.0.3 () {32 vars in 722 bytes} [Wed Jul 1 02:02:56 2026] DELETE /v2.0/subnets/7e9831ac-ebdd-4f14-8bcb-dcda3079dfba => generated 136 bytes in 22 msecs (HTTP/1.1 404) 4 headers in 164 bytes (1 switches on core 0)
2026-07-01 02:02:57.115 8 INFO neutron_taas.services.taas.taas_plugin [None req-92a6a328-0a8e-428a-b986-fa9210f66ed9 b0192cc19d8c44e2956ea73537f46dc4 285e0d705a5643aaa3de3310bc4b3bdf - - default default] TaaS: Handle Delete Port: e8bf483b-4c43-4164-a4ea-01924b1dfcd5
2026-07-01 02:02:57.118 8 INFO neutron_taas.services.taas.tap_mirror_plugin [None req-92a6a328-0a8e-428a-b986-fa9210f66ed9 b0192cc19d8c44e2956ea73537f46dc4 285e0d705a5643aaa3de3310bc4b3bdf - - default default] Tap Mirror: Handle Delete Port: e8bf483b-4c43-4164-a4ea-01924b1dfcd5 [pid: 8|app: 0|req: 971/2024] 10.0.0.3 () {32 vars in 718 bytes} [Wed Jul 1 02:02:57 2026] DELETE /v2.0/ports/e8bf483b-4c43-4164-a4ea-01924b1dfcd5 => generated 0 bytes in 216 msecs (HTTP/1.1 204) 3 headers in 131 bytes (1 switches on core 0)
2026-07-01 02:02:57.379 7 INFO neutron_taas.services.taas.taas_plugin [None req-e4d8b272-708f-4346-9604-a2734843b026 b0192cc19d8c44e2956ea73537f46dc4 285e0d705a5643aaa3de3310bc4b3bdf - - default default] TaaS: Handle Delete Port: c13c0d45-5c9a-4c6a-90db-27c54e08392c
2026-07-01 02:02:57.381 7 INFO neutron_taas.services.taas.tap_mirror_plugin [None req-e4d8b272-708f-4346-9604-a2734843b026 b0192cc19d8c44e2956ea73537f46dc4 285e0d705a5643aaa3de3310bc4b3bdf - - default default] Tap Mirror: Handle Delete Port: c13c0d45-5c9a-4c6a-90db-27c54e08392c [pid: 7|app: 0|req: 1054/2025] 10.0.0.3 () {32 vars in 724 bytes} [Wed Jul 1 02:02:57 2026] DELETE /v2.0/networks/3972f1ea-8ff1-4844-af12-352af2230d79 => generated 0 bytes in 383 msecs (HTTP/1.1 204) 3 headers in 131 bytes (1 switches on core 0)
2026-07-01 02:02:57.625 7 INFO neutron.services.segments.plugin [-] Segment 0eb3326a-9a28-4988-9d56-3dd6cbf56c14 resource provider aggregate not found
2026-07-01 02:02:57.635 7 INFO neutron.services.segments.plugin [-] Segment 0eb3326a-9a28-4988-9d56-3dd6cbf56c14 resource provider aggregate not found
2026-07-01 02:02:57.640 7 INFO neutron.services.segments.plugin [-] Segment 0eb3326a-9a28-4988-9d56-3dd6cbf56c14 resource provider not found; error: Placement Client Error (4xx): {"errors": [{"status": 404, "title": "Not Found", "detail": "The resource could not be found.\n\n No resource provider with uuid 0eb3326a-9a28-4988-9d56-3dd6cbf56c14 found for delete ", "request_id": "req-0221a9cf-3736-45d3-a0fe-1fae934b8668"}]}
2026-07-01 02:02:57.652 7 INFO neutron.services.segments.plugin [-] Segment 0eb3326a-9a28-4988-9d56-3dd6cbf56c14 resource provider not found; error: Placement Client Error (4xx): {"errors": [{"status": 404, "title": "Not Found", "detail": "The resource could not be found.\n\n No resource provider with uuid 0eb3326a-9a28-4988-9d56-3dd6cbf56c14 found for delete ", "request_id": "req-8600d1da-c77e-4830-8694-e4658cb60ac8"}]} [pid: 8|app: 0|req: 972/2026] 10.0.0.3 () {32 vars in 772 bytes} [Wed Jul 1 02:02:58 2026] GET /v2.0/security-groups?tenant_id=285e0d705a5643aaa3de3310bc4b3bdf&name=default => generated 2925 bytes in 156 msecs (HTTP/1.1 200) 4 headers in 158 bytes (1 switches on core 0) [pid: 7|app: 0|req: 1055/2027] 10.0.0.3 () {32 vars in 738 bytes} [Wed Jul 1 02:02:58 2026] DELETE /v2.0/security-groups/ad25ec75-7a1d-4ad4-bc35-7e44c5316983 => generated 0 bytes in 229 msecs (HTTP/1.1 204) 2 headers in 112 bytes (1 switches on core 0)
2026-07-01 02:03:00.569 8 INFO neutron.db.ovn_revision_numbers_db [None req-74de542b-4cb7-4a22-a2b8-d8a159a39500 9a4345f367944f5484ea35197458dcdd b93193283da14465815091d82b0ba1f6 - - default default] Successfully bumped revision number for resource a33526d1-3ad3-43a6-9af4-1c0e1b75b9ea (type: security_groups) to 1
2026-07-01 02:03:00.580 8 INFO neutron.db.ovn_revision_numbers_db [None req-74de542b-4cb7-4a22-a2b8-d8a159a39500 9a4345f367944f5484ea35197458dcdd b93193283da14465815091d82b0ba1f6 - - default default] Successfully bumped revision number for resource 29e7e29b-3f4d-486a-85cf-c3117405e486 (type: security_group_rules) to 0
2026-07-01 02:03:00.595 8 INFO neutron.db.ovn_revision_numbers_db [None req-74de542b-4cb7-4a22-a2b8-d8a159a39500 9a4345f367944f5484ea35197458dcdd b93193283da14465815091d82b0ba1f6 - - default default] Successfully bumped revision number for resource af4fb21b-d6bf-4a69-ab68-6553dccb01d3 (type: security_group_rules) to 0
2026-07-01 02:03:00.604 8 INFO neutron.db.ovn_revision_numbers_db [None req-74de542b-4cb7-4a22-a2b8-d8a159a39500 9a4345f367944f5484ea35197458dcdd b93193283da14465815091d82b0ba1f6 - - default default] Successfully bumped revision number for resource b1bafa84-83c3-4e02-a5ba-1f2e0ef6428e (type: security_group_rules) to 0
2026-07-01 02:03:00.617 8 INFO neutron.db.ovn_revision_numbers_db [None req-74de542b-4cb7-4a22-a2b8-d8a159a39500 9a4345f367944f5484ea35197458dcdd b93193283da14465815091d82b0ba1f6 - - default default] Successfully bumped revision number for resource c4fd0167-cf8c-4fc4-862d-33dfb9a46159 (type: security_group_rules) to 0
2026-07-01 02:03:00.716 8 INFO neutron.db.segments_db [None req-74de542b-4cb7-4a22-a2b8-d8a159a39500 9a4345f367944f5484ea35197458dcdd b93193283da14465815091d82b0ba1f6 - - default default] Added segment f11ff2c3-f98d-4afe-9096-a72fb7d80678 of type geneve for network e0d76368-a745-4832-b5bf-5fb47340787b
2026-07-01 02:03:00.721 7 INFO neutron.db.ovn_revision_numbers_db [None req-c094fe94-f7ef-476e-839b-a973417b29ff 32d9b825b25347d08cf62fee5624c758 617a489b37b546b48cb2e3547cf9999e - - default default] Successfully bumped revision number for resource fc9aea34-ff81-41a1-8cd2-216a1bd6a701 (type: security_groups) to 1
2026-07-01 02:03:00.731 7 INFO neutron.db.ovn_revision_numbers_db [None req-c094fe94-f7ef-476e-839b-a973417b29ff 32d9b825b25347d08cf62fee5624c758 617a489b37b546b48cb2e3547cf9999e - - default default] Successfully bumped revision number for resource 013382f4-c56f-4f9a-946e-396948d444c2 (type: security_group_rules) to 0
2026-07-01 02:03:00.744 7 INFO neutron.db.ovn_revision_numbers_db [None req-c094fe94-f7ef-476e-839b-a973417b29ff 32d9b825b25347d08cf62fee5624c758 617a489b37b546b48cb2e3547cf9999e - - default default] Successfully bumped revision number for resource 52ab5b38-1eae-4adf-b695-95f0abd2a922 (type: security_group_rules) to 0
2026-07-01 02:03:00.770 7 INFO neutron.db.ovn_revision_numbers_db [None req-c094fe94-f7ef-476e-839b-a973417b29ff 32d9b825b25347d08cf62fee5624c758 617a489b37b546b48cb2e3547cf9999e - - default default] Successfully bumped revision number for resource 9b2e02a9-64a2-4f91-bb84-4f5f1df96235 (type: security_group_rules) to 0
2026-07-01 02:03:00.785 7 INFO neutron.db.ovn_revision_numbers_db [None req-c094fe94-f7ef-476e-839b-a973417b29ff 32d9b825b25347d08cf62fee5624c758 617a489b37b546b48cb2e3547cf9999e - - default default] Successfully bumped revision number for resource 9ec00913-518b-4e90-8996-135b2220f673 (type: security_group_rules) to 0
2026-07-01 02:03:00.849 8 INFO neutron.db.ovn_revision_numbers_db [None req-74de542b-4cb7-4a22-a2b8-d8a159a39500 9a4345f367944f5484ea35197458dcdd b93193283da14465815091d82b0ba1f6 - - default default] Successfully bumped revision number for resource e0d76368-a745-4832-b5bf-5fb47340787b (type: networks) to 1
2026-07-01 02:03:00.887 7 INFO neutron.db.segments_db [None req-c094fe94-f7ef-476e-839b-a973417b29ff 32d9b825b25347d08cf62fee5624c758 617a489b37b546b48cb2e3547cf9999e - - default default] Added segment 05205d7d-4eef-4244-b2f0-189274225bbb of type geneve for network bd932871-764b-4d6d-a808-8e33bcf28d51
2026-07-01 02:03:00.999 7 INFO neutron.db.ovn_revision_numbers_db [None req-c094fe94-f7ef-476e-839b-a973417b29ff 32d9b825b25347d08cf62fee5624c758 617a489b37b546b48cb2e3547cf9999e - - default default] Successfully bumped revision number for resource bd932871-764b-4d6d-a808-8e33bcf28d51 (type: networks) to 1
2026-07-01 02:03:01.044 8 WARNING neutron.scheduler.dhcp_agent_scheduler [None req-74de542b-4cb7-4a22-a2b8-d8a159a39500 9a4345f367944f5484ea35197458dcdd b93193283da14465815091d82b0ba1f6 - - default default] No more DHCP agents
2026-07-01 02:03:01.045 8 WARNING neutron.api.rpc.agentnotifiers.dhcp_rpc_agent_api [None req-74de542b-4cb7-4a22-a2b8-d8a159a39500 9a4345f367944f5484ea35197458dcdd b93193283da14465815091d82b0ba1f6 - - default default] Unable to schedule network e0d76368-a745-4832-b5bf-5fb47340787b: no agents available; will retry on subsequent port and subnet creation events.
2026-07-01 02:03:01.085 7 INFO neutron.plugins.ml2.drivers.ovn.mech_driver.mech_driver [None req-bae948b8-0a40-4012-98f8-6d14588a6532 - - - - - -] OVN reports status down for port: 4c09c4e5-899f-452b-9139-5e2ee1cb52db
2026-07-01 02:03:01.118 8 INFO neutron.db.ovn_revision_numbers_db [None req-74de542b-4cb7-4a22-a2b8-d8a159a39500 9a4345f367944f5484ea35197458dcdd b93193283da14465815091d82b0ba1f6 - - default default] Successfully bumped revision number for resource 4c09c4e5-899f-452b-9139-5e2ee1cb52db (type: ports) to 1 [pid: 8|app: 0|req: 973/2028] 10.0.0.3 () {34 vars in 668 bytes} [Wed Jul 1 02:03:00 2026] POST /v2.0/networks => generated 667 bytes in 891 msecs (HTTP/1.1 201) 4 headers in 162 bytes (1 switches on core 0)
2026-07-01 02:03:01.219 7 WARNING neutron.scheduler.dhcp_agent_scheduler [None req-c094fe94-f7ef-476e-839b-a973417b29ff 32d9b825b25347d08cf62fee5624c758 617a489b37b546b48cb2e3547cf9999e - - default default] No more DHCP agents
2026-07-01 02:03:01.220 7 WARNING neutron.api.rpc.agentnotifiers.dhcp_rpc_agent_api [None req-c094fe94-f7ef-476e-839b-a973417b29ff 32d9b825b25347d08cf62fee5624c758 617a489b37b546b48cb2e3547cf9999e - - default default] Unable to schedule network bd932871-764b-4d6d-a808-8e33bcf28d51: no agents available; will retry on subsequent port and subnet creation events.
2026-07-01 02:03:01.263 7 INFO neutron.plugins.ml2.drivers.ovn.mech_driver.mech_driver [None req-bae948b8-0a40-4012-98f8-6d14588a6532 - - - - - -] OVN reports status down for port: b6f41c4b-d915-40e9-be4e-a8fbc88117a5
2026-07-01 02:03:01.310 8 INFO neutron.db.ovn_revision_numbers_db [None req-99a49f74-6d4b-4ece-b9e7-3b57c6649525 ec8022aedc564825b797f405526e5c44 7dd47eaccc254c81906963b11394a8e3 - - default default] Successfully bumped revision number for resource cf019166-5f4a-47dc-ba69-6a53f31288d3 (type: security_groups) to 1
2026-07-01 02:03:01.325 8 INFO neutron.db.ovn_revision_numbers_db [None req-99a49f74-6d4b-4ece-b9e7-3b57c6649525 ec8022aedc564825b797f405526e5c44 7dd47eaccc254c81906963b11394a8e3 - - default default] Successfully bumped revision number for resource 565a6a92-4ed8-48c2-b3fd-9aa5d69bc325 (type: security_group_rules) to 0
2026-07-01 02:03:01.338 7 INFO neutron.db.ovn_revision_numbers_db [None req-c094fe94-f7ef-476e-839b-a973417b29ff 32d9b825b25347d08cf62fee5624c758 617a489b37b546b48cb2e3547cf9999e - - default default] Successfully bumped revision number for resource b6f41c4b-d915-40e9-be4e-a8fbc88117a5 (type: ports) to 1
2026-07-01 02:03:01.339 8 INFO neutron.db.ovn_revision_numbers_db [None req-99a49f74-6d4b-4ece-b9e7-3b57c6649525 ec8022aedc564825b797f405526e5c44 7dd47eaccc254c81906963b11394a8e3 - - default default] Successfully bumped revision number for resource d5beb1ab-ef49-408b-ab9d-6bf35ae64438 (type: security_group_rules) to 0
2026-07-01 02:03:01.357 8 INFO neutron.db.ovn_revision_numbers_db [None req-99a49f74-6d4b-4ece-b9e7-3b57c6649525 ec8022aedc564825b797f405526e5c44 7dd47eaccc254c81906963b11394a8e3 - - default default] Successfully bumped revision number for resource d6137483-f73c-4e11-91a6-09d57fa55534 (type: security_group_rules) to 0
2026-07-01 02:03:01.374 8 INFO neutron.db.ovn_revision_numbers_db [None req-99a49f74-6d4b-4ece-b9e7-3b57c6649525 ec8022aedc564825b797f405526e5c44 7dd47eaccc254c81906963b11394a8e3 - - default default] Successfully bumped revision number for resource e0cfab66-7b5e-4e8c-bcc3-b84721a678e6 (type: security_group_rules) to 0 [pid: 7|app: 0|req: 1056/2029] 10.0.0.3 () {34 vars in 668 bytes} [Wed Jul 1 02:03:00 2026] POST /v2.0/networks => generated 678 bytes in 1002 msecs (HTTP/1.1 201) 4 headers in 162 bytes (1 switches on core 0) [pid: 8|app: 0|req: 974/2030] 10.0.0.3 () {32 vars in 772 bytes} [Wed Jul 1 02:03:01 2026] GET /v2.0/security-groups?tenant_id=5558800d3a664af5b004e4c4ce8af210&name=default => generated 2925 bytes in 271 msecs (HTTP/1.1 200) 4 headers in 158 bytes (1 switches on core 0)
2026-07-01 02:03:01.488 7 INFO neutron.db.segments_db [None req-dd725440-b7e8-4d55-a064-8769853dab3f 9a4345f367944f5484ea35197458dcdd b93193283da14465815091d82b0ba1f6 - - default default] Added segment fa0f9ba5-0887-474a-be68-84c6b500beab of type geneve for network f2b09e2b-b92f-439e-9d46-f108dca9c5a2
2026-07-01 02:03:01.600 8 WARNING neutron.scheduler.dhcp_agent_scheduler [None req-820efd7f-014d-45ec-a310-826e0d505990 32d9b825b25347d08cf62fee5624c758 617a489b37b546b48cb2e3547cf9999e - - default default] No more DHCP agents
2026-07-01 02:03:01.601 8 WARNING neutron.api.rpc.agentnotifiers.dhcp_rpc_agent_api [None req-820efd7f-014d-45ec-a310-826e0d505990 32d9b825b25347d08cf62fee5624c758 617a489b37b546b48cb2e3547cf9999e - - default default] Unable to schedule network bd932871-764b-4d6d-a808-8e33bcf28d51: no agents available; will retry on subsequent port and subnet creation events.
2026-07-01 02:03:01.614 7 INFO neutron.db.ovn_revision_numbers_db [None req-dd725440-b7e8-4d55-a064-8769853dab3f 9a4345f367944f5484ea35197458dcdd b93193283da14465815091d82b0ba1f6 - - default default] Successfully bumped revision number for resource f2b09e2b-b92f-439e-9d46-f108dca9c5a2 (type: networks) to 1
2026-07-01 02:03:01.809 7 WARNING neutron.scheduler.dhcp_agent_scheduler [None req-dd725440-b7e8-4d55-a064-8769853dab3f 9a4345f367944f5484ea35197458dcdd b93193283da14465815091d82b0ba1f6 - - default default] No more DHCP agents
2026-07-01 02:03:01.810 7 WARNING neutron.api.rpc.agentnotifiers.dhcp_rpc_agent_api [None req-dd725440-b7e8-4d55-a064-8769853dab3f 9a4345f367944f5484ea35197458dcdd b93193283da14465815091d82b0ba1f6 - - default default] Unable to schedule network f2b09e2b-b92f-439e-9d46-f108dca9c5a2: no agents available; will retry on subsequent port and subnet creation events.
2026-07-01 02:03:01.860 8 INFO neutron.plugins.ml2.drivers.ovn.mech_driver.mech_driver [None req-0d9353d1-5f29-49d9-8b52-ff01fc86e5de - - - - - -] OVN reports status down for port: 238f580d-3fe3-4b71-b6cc-3e544e085694
2026-07-01 02:03:01.886 7 INFO neutron.db.ovn_revision_numbers_db [None req-dd725440-b7e8-4d55-a064-8769853dab3f 9a4345f367944f5484ea35197458dcdd b93193283da14465815091d82b0ba1f6 - - default default] Successfully bumped revision number for resource 238f580d-3fe3-4b71-b6cc-3e544e085694 (type: ports) to 1 [pid: 7|app: 0|req: 1057/2031] 10.0.0.3 () {34 vars in 668 bytes} [Wed Jul 1 02:03:01 2026] POST /v2.0/networks => generated 668 bytes in 523 msecs (HTTP/1.1 201) 4 headers in 162 bytes (1 switches on core 0)
2026-07-01 02:03:02.034 8 INFO neutron.db.ovn_revision_numbers_db [None req-67ef6837-732f-496f-8c04-3f8df4e59987 - - - - - -] Successfully bumped revision number for resource b6f41c4b-d915-40e9-be4e-a8fbc88117a5 (type: ports) to 2
2026-07-01 02:03:02.063 8 INFO neutron.db.ovn_revision_numbers_db [None req-67ef6837-732f-496f-8c04-3f8df4e59987 - - - - - -] Successfully bumped revision number for resource 9867eec6-1e7e-4182-88e9-13a38c9a901e (type: subnets) to 0 [pid: 8|app: 0|req: 975/2032] 10.0.0.3 () {34 vars in 667 bytes} [Wed Jul 1 02:03:01 2026] POST /v2.0/subnets => generated 658 bytes in 659 msecs (HTTP/1.1 201) 4 headers in 162 bytes (1 switches on core 0) [pid: 7|app: 0|req: 1058/2033] 10.0.0.3 () {32 vars in 738 bytes} [Wed Jul 1 02:03:01 2026] DELETE /v2.0/security-groups/cf019166-5f4a-47dc-ba69-6a53f31288d3 => generated 0 bytes in 212 msecs (HTTP/1.1 204) 2 headers in 112 bytes (1 switches on core 0) [pid: 7|app: 0|req: 1059/2034] 10.0.0.3 () {32 vars in 720 bytes} [Wed Jul 1 02:03:02 2026] GET /v2.0/subnetpools?name=shared-default-subnetpool-v6 => generated 19 bytes in 48 msecs (HTTP/1.1 200) 4 headers in 156 bytes (1 switches on core 0)
2026-07-01 02:03:02.254 8 WARNING neutron.scheduler.dhcp_agent_scheduler [None req-17375963-ec94-4b98-a6e2-f325318f48b5 9a4345f367944f5484ea35197458dcdd b93193283da14465815091d82b0ba1f6 - - default default] No more DHCP agents
2026-07-01 02:03:02.255 8 WARNING neutron.api.rpc.agentnotifiers.dhcp_rpc_agent_api [None req-17375963-ec94-4b98-a6e2-f325318f48b5 9a4345f367944f5484ea35197458dcdd b93193283da14465815091d82b0ba1f6 - - default default] Unable to schedule network e0d76368-a745-4832-b5bf-5fb47340787b: no agents available; will retry on subsequent port and subnet creation events.
2026-07-01 02:03:02.461 7 WARNING neutron.scheduler.dhcp_agent_scheduler [None req-c894173b-5c46-4beb-9dcb-6c6121c10a45 32d9b825b25347d08cf62fee5624c758 617a489b37b546b48cb2e3547cf9999e - - default default] No more DHCP agents
2026-07-01 02:03:02.463 7 WARNING neutron.api.rpc.agentnotifiers.dhcp_rpc_agent_api [None req-c894173b-5c46-4beb-9dcb-6c6121c10a45 32d9b825b25347d08cf62fee5624c758 617a489b37b546b48cb2e3547cf9999e - - default default] Unable to schedule network bd932871-764b-4d6d-a808-8e33bcf28d51: no agents available; will retry on subsequent port and subnet creation events.
2026-07-01 02:03:02.490 7 INFO neutron.db.ovn_revision_numbers_db [None req-c894173b-5c46-4beb-9dcb-6c6121c10a45 32d9b825b25347d08cf62fee5624c758 617a489b37b546b48cb2e3547cf9999e - - default default] Successfully bumped revision number for resource 14156fa1-7618-4bd5-b533-522c90f3c10e (type: subnets) to 0 [pid: 7|app: 0|req: 1060/2035] 10.0.0.3 () {34 vars in 667 bytes} [Wed Jul 1 02:03:02 2026] POST /v2.0/subnets => generated 732 bytes in 324 msecs (HTTP/1.1 201) 4 headers in 162 bytes (1 switches on core 0)
2026-07-01 02:03:02.629 7 INFO neutron.db.ovn_revision_numbers_db [None req-72b0abc5-1d6b-4b48-9b8a-8ecb5ff88129 ec8022aedc564825b797f405526e5c44 7dd47eaccc254c81906963b11394a8e3 - - default default] Successfully bumped revision number for resource 7163216d-00ae-4b98-9b7f-bd8fad0a874c (type: security_groups) to 1
2026-07-01 02:03:02.643 7 INFO neutron.db.ovn_revision_numbers_db [None req-72b0abc5-1d6b-4b48-9b8a-8ecb5ff88129 ec8022aedc564825b797f405526e5c44 7dd47eaccc254c81906963b11394a8e3 - - default default] Successfully bumped revision number for resource 03bdf9d1-1897-41c6-8372-acad1efcb99b (type: security_group_rules) to 0
2026-07-01 02:03:02.655 7 INFO neutron.db.ovn_revision_numbers_db [None req-72b0abc5-1d6b-4b48-9b8a-8ecb5ff88129 ec8022aedc564825b797f405526e5c44 7dd47eaccc254c81906963b11394a8e3 - - default default] Successfully bumped revision number for resource 420c4cab-0cde-4db3-a732-7b722e54665e (type: security_group_rules) to 0
2026-07-01 02:03:02.666 7 INFO neutron.db.ovn_revision_numbers_db [None req-72b0abc5-1d6b-4b48-9b8a-8ecb5ff88129 ec8022aedc564825b797f405526e5c44 7dd47eaccc254c81906963b11394a8e3 - - default default] Successfully bumped revision number for resource 6a8f6e77-4ae6-4389-939f-87c76a1fb733 (type: security_group_rules) to 0
2026-07-01 02:03:02.676 7 INFO neutron.db.ovn_revision_numbers_db [None req-72b0abc5-1d6b-4b48-9b8a-8ecb5ff88129 ec8022aedc564825b797f405526e5c44 7dd47eaccc254c81906963b11394a8e3 - - default default] Successfully bumped revision number for resource bb1e1841-c53a-4641-86e1-ad65b5acec23 (type: security_group_rules) to 0 [pid: 7|app: 0|req: 1061/2036] 10.0.0.3 () {32 vars in 772 bytes} [Wed Jul 1 02:03:02 2026] GET /v2.0/security-groups?tenant_id=5d447c00ad8648dba90f2a58941821cb&name=default => generated 2925 bytes in 217 msecs (HTTP/1.1 200) 4 headers in 158 bytes (1 switches on core 0)
2026-07-01 02:03:02.727 8 INFO neutron.db.ovn_revision_numbers_db [None req-7d7db031-ac56-44e0-913a-ac9b6c93bfe9 - - - - - -] Successfully bumped revision number for resource 4c09c4e5-899f-452b-9139-5e2ee1cb52db (type: ports) to 2
2026-07-01 02:03:02.773 8 INFO neutron.db.ovn_revision_numbers_db [None req-7d7db031-ac56-44e0-913a-ac9b6c93bfe9 - - - - - -] Successfully bumped revision number for resource a99fe1e1-2ad0-4658-859b-e0e08a71d324 (type: subnets) to 0 [pid: 8|app: 0|req: 976/2037] 10.0.0.3 () {34 vars in 667 bytes} [Wed Jul 1 02:03:02 2026] POST /v2.0/subnets => generated 626 bytes in 711 msecs (HTTP/1.1 201) 4 headers in 162 bytes (1 switches on core 0)
2026-07-01 02:03:02.816 7 INFO neutron.db.segments_db [None req-6e86ce56-6f12-4089-8597-f2d17abfa68f 32d9b825b25347d08cf62fee5624c758 617a489b37b546b48cb2e3547cf9999e - - default default] Added segment 8864391e-c1d1-4bc8-8613-fbb45fdff854 of type geneve for network 4a1f6765-7b97-425c-b2da-1c30ae51e1ca
2026-07-01 02:03:02.921 7 INFO neutron.db.ovn_revision_numbers_db [None req-6e86ce56-6f12-4089-8597-f2d17abfa68f 32d9b825b25347d08cf62fee5624c758 617a489b37b546b48cb2e3547cf9999e - - default default] Successfully bumped revision number for resource 4a1f6765-7b97-425c-b2da-1c30ae51e1ca (type: networks) to 1 [pid: 8|app: 0|req: 977/2038] 10.0.0.3 () {32 vars in 738 bytes} [Wed Jul 1 02:03:02 2026] DELETE /v2.0/security-groups/7163216d-00ae-4b98-9b7f-bd8fad0a874c => generated 0 bytes in 206 msecs (HTTP/1.1 204) 2 headers in 112 bytes (1 switches on core 0)
2026-07-01 02:03:03.066 7 WARNING neutron.scheduler.dhcp_agent_scheduler [None req-6e86ce56-6f12-4089-8597-f2d17abfa68f 32d9b825b25347d08cf62fee5624c758 617a489b37b546b48cb2e3547cf9999e - - default default] No more DHCP agents
2026-07-01 02:03:03.067 7 WARNING neutron.api.rpc.agentnotifiers.dhcp_rpc_agent_api [None req-6e86ce56-6f12-4089-8597-f2d17abfa68f 32d9b825b25347d08cf62fee5624c758 617a489b37b546b48cb2e3547cf9999e - - default default] Unable to schedule network 4a1f6765-7b97-425c-b2da-1c30ae51e1ca: no agents available; will retry on subsequent port and subnet creation events.
2026-07-01 02:03:03.113 8 INFO neutron.plugins.ml2.drivers.ovn.mech_driver.mech_driver [None req-0d9353d1-5f29-49d9-8b52-ff01fc86e5de - - - - - -] OVN reports status down for port: 72485a2c-8025-47b8-93fe-2152ba270782
2026-07-01 02:03:03.145 7 INFO neutron.db.ovn_revision_numbers_db [None req-6e86ce56-6f12-4089-8597-f2d17abfa68f 32d9b825b25347d08cf62fee5624c758 617a489b37b546b48cb2e3547cf9999e - - default default] Successfully bumped revision number for resource 72485a2c-8025-47b8-93fe-2152ba270782 (type: ports) to 1 [pid: 7|app: 0|req: 1062/2039] 10.0.0.3 () {34 vars in 668 bytes} [Wed Jul 1 02:03:02 2026] POST /v2.0/networks => generated 675 bytes in 441 msecs (HTTP/1.1 201) 4 headers in 162 bytes (1 switches on core 0)
2026-07-01 02:03:03.229 8 WARNING neutron.scheduler.dhcp_agent_scheduler [None req-7f105e6a-5e0f-44e7-af3f-67741bbbc8a9 9a4345f367944f5484ea35197458dcdd b93193283da14465815091d82b0ba1f6 - - default default] No more DHCP agents
2026-07-01 02:03:03.230 8 WARNING neutron.api.rpc.agentnotifiers.dhcp_rpc_agent_api [None req-7f105e6a-5e0f-44e7-af3f-67741bbbc8a9 9a4345f367944f5484ea35197458dcdd b93193283da14465815091d82b0ba1f6 - - default default] Unable to schedule network f2b09e2b-b92f-439e-9d46-f108dca9c5a2: no agents available; will retry on subsequent port and subnet creation events.
2026-07-01 02:03:03.403 7 WARNING neutron.scheduler.dhcp_agent_scheduler [None req-4d4f32e4-b551-4a56-9791-6bbf26412df7 32d9b825b25347d08cf62fee5624c758 617a489b37b546b48cb2e3547cf9999e - - default default] No more DHCP agents
2026-07-01 02:03:03.405 7 WARNING neutron.api.rpc.agentnotifiers.dhcp_rpc_agent_api [None req-4d4f32e4-b551-4a56-9791-6bbf26412df7 32d9b825b25347d08cf62fee5624c758 617a489b37b546b48cb2e3547cf9999e - - default default] Unable to schedule network 4a1f6765-7b97-425c-b2da-1c30ae51e1ca: no agents available; will retry on subsequent port and subnet creation events.
2026-07-01 02:03:03.672 8 INFO neutron.db.ovn_revision_numbers_db [None req-a44a611e-94ed-47c0-9542-f67a1bec9165 - - - - - -] Successfully bumped revision number for resource 238f580d-3fe3-4b71-b6cc-3e544e085694 (type: ports) to 2
2026-07-01 02:03:03.707 8 INFO neutron.db.ovn_revision_numbers_db [None req-a44a611e-94ed-47c0-9542-f67a1bec9165 - - - - - -] Successfully bumped revision number for resource 5047d888-8163-41f4-9561-e8262fe662ea (type: subnets) to 0 [pid: 8|app: 0|req: 978/2040] 10.0.0.3 () {34 vars in 667 bytes} [Wed Jul 1 02:03:02 2026] POST /v2.0/subnets => generated 626 bytes in 730 msecs (HTTP/1.1 201) 4 headers in 162 bytes (1 switches on core 0)
2026-07-01 02:03:03.849 8 INFO neutron.db.ovn_revision_numbers_db [None req-6488d2d6-408b-4905-9a48-ddda9d68de12 9a4345f367944f5484ea35197458dcdd b93193283da14465815091d82b0ba1f6 - - default default] Successfully bumped revision number for resource 08bb02d0-2110-4053-bc21-db1c9d715075 (type: routers) to 1
2026-07-01 02:03:03.863 7 INFO neutron.db.ovn_revision_numbers_db [None req-fd01a8b7-a771-4649-9e11-4047636042b6 - - - - - -] Successfully bumped revision number for resource 72485a2c-8025-47b8-93fe-2152ba270782 (type: ports) to 2 [pid: 8|app: 0|req: 979/2041] 10.0.0.3 () {34 vars in 667 bytes} [Wed Jul 1 02:03:03 2026] POST /v2.0/routers => generated 603 bytes in 133 msecs (HTTP/1.1 201) 4 headers in 162 bytes (1 switches on core 0)
2026-07-01 02:03:03.902 7 INFO neutron.db.ovn_revision_numbers_db [None req-fd01a8b7-a771-4649-9e11-4047636042b6 - - - - - -] Successfully bumped revision number for resource 39e11fce-fd65-41b7-a3dc-fc6bd5960759 (type: subnets) to 0 [pid: 7|app: 0|req: 1063/2042] 10.0.0.3 () {34 vars in 667 bytes} [Wed Jul 1 02:03:03 2026] POST /v2.0/subnets => generated 656 bytes in 742 msecs (HTTP/1.1 201) 4 headers in 162 bytes (1 switches on core 0)
2026-07-01 02:03:04.087 7 WARNING neutron.scheduler.dhcp_agent_scheduler [None req-539210be-9383-4190-bd38-38be7de6b715 32d9b825b25347d08cf62fee5624c758 617a489b37b546b48cb2e3547cf9999e - - default default] No more DHCP agents
2026-07-01 02:03:04.087 7 WARNING neutron.api.rpc.agentnotifiers.dhcp_rpc_agent_api [None req-539210be-9383-4190-bd38-38be7de6b715 32d9b825b25347d08cf62fee5624c758 617a489b37b546b48cb2e3547cf9999e - - default default] Unable to schedule network 4a1f6765-7b97-425c-b2da-1c30ae51e1ca: no agents available; will retry on subsequent port and subnet creation events.
2026-07-01 02:03:04.111 7 INFO neutron.db.ovn_revision_numbers_db [None req-539210be-9383-4190-bd38-38be7de6b715 32d9b825b25347d08cf62fee5624c758 617a489b37b546b48cb2e3547cf9999e - - default default] Successfully bumped revision number for resource 5131402b-6177-4160-a855-8600ed854ad3 (type: subnets) to 0 [pid: 7|app: 0|req: 1064/2043] 10.0.0.3 () {34 vars in 667 bytes} [Wed Jul 1 02:03:03 2026] POST /v2.0/subnets => generated 726 bytes in 205 msecs (HTTP/1.1 201) 4 headers in 162 bytes (1 switches on core 0)
2026-07-01 02:03:04.198 7 INFO neutron.db.segments_db [None req-5389771e-bfe3-4ef6-9649-8c7de5ffbffa 32d9b825b25347d08cf62fee5624c758 617a489b37b546b48cb2e3547cf9999e - - default default] Added segment 77dd6986-bf7b-417f-a8ce-fe683c5a06aa of type geneve for network 9497ee39-dccb-49f0-8af6-f6df03518d87
2026-07-01 02:03:04.215 8 WARNING neutron.scheduler.dhcp_agent_scheduler [None req-1ee92d85-35c2-4cd9-8da4-9d61dfecc928 9a4345f367944f5484ea35197458dcdd b93193283da14465815091d82b0ba1f6 - - default default] No more DHCP agents
2026-07-01 02:03:04.217 8 WARNING neutron.api.rpc.agentnotifiers.dhcp_rpc_agent_api [None req-1ee92d85-35c2-4cd9-8da4-9d61dfecc928 9a4345f367944f5484ea35197458dcdd b93193283da14465815091d82b0ba1f6 - - default default] Unable to schedule network e0d76368-a745-4832-b5bf-5fb47340787b: no agents available; will retry on subsequent port and subnet creation events.
2026-07-01 02:03:04.293 7 INFO neutron.db.ovn_revision_numbers_db [None req-5389771e-bfe3-4ef6-9649-8c7de5ffbffa 32d9b825b25347d08cf62fee5624c758 617a489b37b546b48cb2e3547cf9999e - - default default] Successfully bumped revision number for resource 9497ee39-dccb-49f0-8af6-f6df03518d87 (type: networks) to 1
2026-07-01 02:03:04.330 8 INFO neutron.plugins.ml2.drivers.ovn.mech_driver.mech_driver [None req-0d9353d1-5f29-49d9-8b52-ff01fc86e5de - - - - - -] OVN reports status down for port: 6803dfec-78a8-42d2-9bb4-c79035d6c7ad
2026-07-01 02:03:04.401 8 INFO neutron.db.ovn_revision_numbers_db [None req-1ee92d85-35c2-4cd9-8da4-9d61dfecc928 9a4345f367944f5484ea35197458dcdd b93193283da14465815091d82b0ba1f6 - - default default] Successfully bumped revision number for resource 6803dfec-78a8-42d2-9bb4-c79035d6c7ad (type: ports) to 1
2026-07-01 02:03:04.518 7 WARNING neutron.scheduler.dhcp_agent_scheduler [None req-5389771e-bfe3-4ef6-9649-8c7de5ffbffa 32d9b825b25347d08cf62fee5624c758 617a489b37b546b48cb2e3547cf9999e - - default default] No more DHCP agents
2026-07-01 02:03:04.519 7 WARNING neutron.api.rpc.agentnotifiers.dhcp_rpc_agent_api [None req-5389771e-bfe3-4ef6-9649-8c7de5ffbffa 32d9b825b25347d08cf62fee5624c758 617a489b37b546b48cb2e3547cf9999e - - default default] Unable to schedule network 9497ee39-dccb-49f0-8af6-f6df03518d87: no agents available; will retry on subsequent port and subnet creation events.
2026-07-01 02:03:04.556 7 INFO neutron.plugins.ml2.drivers.ovn.mech_driver.mech_driver [None req-bae948b8-0a40-4012-98f8-6d14588a6532 - - - - - -] OVN reports status down for port: b2b7197d-2701-4959-9a92-95557787cf96
2026-07-01 02:03:04.615 7 INFO neutron.db.ovn_revision_numbers_db [None req-5389771e-bfe3-4ef6-9649-8c7de5ffbffa 32d9b825b25347d08cf62fee5624c758 617a489b37b546b48cb2e3547cf9999e - - default default] Successfully bumped revision number for resource b2b7197d-2701-4959-9a92-95557787cf96 (type: ports) to 1 [pid: 7|app: 0|req: 1065/2044] 10.0.0.3 () {34 vars in 668 bytes} [Wed Jul 1 02:03:04 2026] POST /v2.0/networks => generated 675 bytes in 535 msecs (HTTP/1.1 201) 4 headers in 162 bytes (1 switches on core 0)
2026-07-01 02:03:04.862 7 WARNING neutron.scheduler.dhcp_agent_scheduler [None req-dfbfc253-f49b-40fa-b636-f6a0f63af18d 32d9b825b25347d08cf62fee5624c758 617a489b37b546b48cb2e3547cf9999e - - default default] No more DHCP agents
2026-07-01 02:03:04.863 7 WARNING neutron.api.rpc.agentnotifiers.dhcp_rpc_agent_api [None req-dfbfc253-f49b-40fa-b636-f6a0f63af18d 32d9b825b25347d08cf62fee5624c758 617a489b37b546b48cb2e3547cf9999e - - default default] Unable to schedule network 9497ee39-dccb-49f0-8af6-f6df03518d87: no agents available; will retry on subsequent port and subnet creation events.
2026-07-01 02:03:04.939 8 INFO neutron.plugins.ml2.drivers.ovn.mech_driver.mech_driver [None req-0d9353d1-5f29-49d9-8b52-ff01fc86e5de - - - - - -] OVN reports status up for port: 6803dfec-78a8-42d2-9bb4-c79035d6c7ad
2026-07-01 02:03:04.959 8 INFO neutron.plugins.ml2.plugin [None req-0d9353d1-5f29-49d9-8b52-ff01fc86e5de - - - - - -] Attempt 1 to provision port 6803dfec-78a8-42d2-9bb4-c79035d6c7ad
2026-07-01 02:03:05.060 8 WARNING neutron.scheduler.dhcp_agent_scheduler [None req-1ee92d85-35c2-4cd9-8da4-9d61dfecc928 9a4345f367944f5484ea35197458dcdd b93193283da14465815091d82b0ba1f6 - - default default] No more DHCP agents
2026-07-01 02:03:05.064 8 WARNING neutron.api.rpc.agentnotifiers.dhcp_rpc_agent_api [None req-1ee92d85-35c2-4cd9-8da4-9d61dfecc928 9a4345f367944f5484ea35197458dcdd b93193283da14465815091d82b0ba1f6 - - default default] Unable to schedule network e0d76368-a745-4832-b5bf-5fb47340787b: no agents available; will retry on subsequent port and subnet creation events.
2026-07-01 02:03:05.365 7 INFO neutron.db.ovn_revision_numbers_db [None req-bdcb89e8-83ce-4d2d-82aa-01815eb3b388 - - - - - -] Successfully bumped revision number for resource b2b7197d-2701-4959-9a92-95557787cf96 (type: ports) to 2
2026-07-01 02:03:05.414 7 INFO neutron.db.ovn_revision_numbers_db [None req-bdcb89e8-83ce-4d2d-82aa-01815eb3b388 - - - - - -] Successfully bumped revision number for resource 4357f8bb-cb62-4c0f-a2a3-46b760e1d5bf (type: subnets) to 0 [pid: 7|app: 0|req: 1066/2045] 10.0.0.3 () {34 vars in 667 bytes} [Wed Jul 1 02:03:04 2026] POST /v2.0/subnets => generated 656 bytes in 767 msecs (HTTP/1.1 201) 4 headers in 162 bytes (1 switches on core 0)
2026-07-01 02:03:05.485 8 INFO neutron.db.ovn_revision_numbers_db [None req-1ee92d85-35c2-4cd9-8da4-9d61dfecc928 9a4345f367944f5484ea35197458dcdd b93193283da14465815091d82b0ba1f6 - - default default] Successfully bumped revision number for resource 6803dfec-78a8-42d2-9bb4-c79035d6c7ad (type: router_ports) to 1 [pid: 8|app: 0|req: 980/2046] 10.0.0.3 () {34 vars in 781 bytes} [Wed Jul 1 02:03:03 2026] PUT /v2.0/routers/08bb02d0-2110-4053-bc21-db1c9d715075/add_router_interface => generated 309 bytes in 1626 msecs (HTTP/1.1 200) 4 headers in 157 bytes (1 switches on core 0)
2026-07-01 02:03:05.639 7 WARNING neutron.scheduler.dhcp_agent_scheduler [None req-8e22a443-eec8-4144-a27d-3925c16b4ec1 32d9b825b25347d08cf62fee5624c758 617a489b37b546b48cb2e3547cf9999e - - default default] No more DHCP agents
2026-07-01 02:03:05.640 7 WARNING neutron.api.rpc.agentnotifiers.dhcp_rpc_agent_api [None req-8e22a443-eec8-4144-a27d-3925c16b4ec1 32d9b825b25347d08cf62fee5624c758 617a489b37b546b48cb2e3547cf9999e - - default default] Unable to schedule network 9497ee39-dccb-49f0-8af6-f6df03518d87: no agents available; will retry on subsequent port and subnet creation events.
2026-07-01 02:03:05.668 7 INFO neutron.db.ovn_revision_numbers_db [None req-8e22a443-eec8-4144-a27d-3925c16b4ec1 32d9b825b25347d08cf62fee5624c758 617a489b37b546b48cb2e3547cf9999e - - default default] Successfully bumped revision number for resource 0130a027-3d3f-4b4e-a0bb-59b1c2e267e3 (type: subnets) to 0 [pid: 7|app: 0|req: 1067/2047] 10.0.0.3 () {34 vars in 667 bytes} [Wed Jul 1 02:03:05 2026] POST /v2.0/subnets => generated 729 bytes in 244 msecs (HTTP/1.1 201) 4 headers in 162 bytes (1 switches on core 0) [pid: 8|app: 0|req: 981/2048] 10.0.0.3 () {32 vars in 715 bytes} [Wed Jul 1 02:03:05 2026] GET /v2.0/ports/6803dfec-78a8-42d2-9bb4-c79035d6c7ad => generated 943 bytes in 575 msecs (HTTP/1.1 200) 4 headers in 157 bytes (1 switches on core 0)
2026-07-01 02:03:06.117 7 WARNING neutron.scheduler.dhcp_agent_scheduler [None req-c85b5950-37fb-4d29-a330-073064f91e66 32d9b825b25347d08cf62fee5624c758 617a489b37b546b48cb2e3547cf9999e - - default default] No more DHCP agents
2026-07-01 02:03:06.119 7 WARNING neutron.api.rpc.agentnotifiers.dhcp_rpc_agent_api [None req-c85b5950-37fb-4d29-a330-073064f91e66 32d9b825b25347d08cf62fee5624c758 617a489b37b546b48cb2e3547cf9999e - - default default] Unable to schedule network 72e08fb9-4516-4898-829a-2bd3a30c5469: no agents available; will retry on subsequent port and subnet creation events.
2026-07-01 02:03:06.224 7 INFO neutron.plugins.ml2.drivers.ovn.mech_driver.mech_driver [None req-bae948b8-0a40-4012-98f8-6d14588a6532 - - - - - -] OVN reports status down for port: 3437caee-7bc9-4b49-babe-5a3d548e5908
2026-07-01 02:03:06.279 8 INFO neutron.db.ovn_revision_numbers_db [None req-0d9353d1-5f29-49d9-8b52-ff01fc86e5de - - - - - -] Successfully bumped revision number for resource 6803dfec-78a8-42d2-9bb4-c79035d6c7ad (type: ports) to 2
2026-07-01 02:03:06.282 7 INFO neutron.db.ovn_revision_numbers_db [None req-c85b5950-37fb-4d29-a330-073064f91e66 32d9b825b25347d08cf62fee5624c758 617a489b37b546b48cb2e3547cf9999e - - default default] Successfully bumped revision number for resource 3437caee-7bc9-4b49-babe-5a3d548e5908 (type: ports) to 1
2026-07-01 02:03:06.705 8 WARNING neutron.scheduler.dhcp_agent_scheduler [None req-895eea9b-8234-46a8-bbd8-d347a2e9f5e9 9a4345f367944f5484ea35197458dcdd b93193283da14465815091d82b0ba1f6 - - default default] No more DHCP agents
2026-07-01 02:03:06.706 8 WARNING neutron.api.rpc.agentnotifiers.dhcp_rpc_agent_api [None req-895eea9b-8234-46a8-bbd8-d347a2e9f5e9 9a4345f367944f5484ea35197458dcdd b93193283da14465815091d82b0ba1f6 - - default default] Unable to schedule network f2b09e2b-b92f-439e-9d46-f108dca9c5a2: no agents available; will retry on subsequent port and subnet creation events.
2026-07-01 02:03:06.850 8 INFO neutron.db.ovn_revision_numbers_db [None req-895eea9b-8234-46a8-bbd8-d347a2e9f5e9 9a4345f367944f5484ea35197458dcdd b93193283da14465815091d82b0ba1f6 - - default default] Successfully bumped revision number for resource 20ec1a7f-503e-4010-b2ea-bb77fb57dfdc (type: ports) to 1
2026-07-01 02:03:06.917 7 INFO neutron.plugins.ml2.drivers.ovn.mech_driver.ovsdb.commands [None req-cd536688-b18b-43da-9873-275d52275e4c - - - - - -] Schedule LRP lrp-3437caee-7bc9-4b49-babe-5a3d548e5908 on gateway 1d4fe8d6-6cd4-4cf1-a8f2-a3299be075cf with priority 1
2026-07-01 02:03:06.954 8 INFO neutron.plugins.ml2.drivers.ovn.mech_driver.ovsdb.ovsdb_monitor [None req-30722bbb-290c-4fed-9a3c-becfdaf95fb1 - - - - - -] Router dd14490a-862c-43a7-8607-5b641be63be3 is bound to host instance
2026-07-01 02:03:06.969 7 INFO neutron.plugins.ml2.drivers.ovn.mech_driver.mech_driver [None req-bae948b8-0a40-4012-98f8-6d14588a6532 - - - - - -] OVN reports status up for port: 3437caee-7bc9-4b49-babe-5a3d548e5908
2026-07-01 02:03:06.993 7 INFO neutron.plugins.ml2.plugin [None req-bae948b8-0a40-4012-98f8-6d14588a6532 - - - - - -] Attempt 1 to provision port 3437caee-7bc9-4b49-babe-5a3d548e5908
2026-07-01 02:03:07.019 7 INFO neutron.db.ovn_revision_numbers_db [None req-c85b5950-37fb-4d29-a330-073064f91e66 32d9b825b25347d08cf62fee5624c758 617a489b37b546b48cb2e3547cf9999e - - default default] Successfully bumped revision number for resource 3437caee-7bc9-4b49-babe-5a3d548e5908 (type: router_ports) to 1
2026-07-01 02:03:07.115 7 INFO neutron.db.ovn_revision_numbers_db [None req-c85b5950-37fb-4d29-a330-073064f91e66 32d9b825b25347d08cf62fee5624c758 617a489b37b546b48cb2e3547cf9999e - - default default] Successfully bumped revision number for resource dd14490a-862c-43a7-8607-5b641be63be3 (type: routers) to 2 [pid: 7|app: 0|req: 1068/2049] 10.0.0.3 () {34 vars in 667 bytes} [Wed Jul 1 02:03:05 2026] POST /v2.0/routers => generated 944 bytes in 1438 msecs (HTTP/1.1 201) 4 headers in 162 bytes (1 switches on core 0)
2026-07-01 02:03:07.437 7 INFO neutron.db.ovn_revision_numbers_db [None req-7f6b8889-4c22-441a-849e-317b8982b2bb ec8022aedc564825b797f405526e5c44 7dd47eaccc254c81906963b11394a8e3 - - default default] Successfully bumped revision number for resource d2726153-c7f5-466c-bde1-82fada73382a (type: security_groups) to 1
2026-07-01 02:03:07.456 7 INFO neutron.db.ovn_revision_numbers_db [None req-7f6b8889-4c22-441a-849e-317b8982b2bb ec8022aedc564825b797f405526e5c44 7dd47eaccc254c81906963b11394a8e3 - - default default] Successfully bumped revision number for resource 39f5be3d-1051-4275-b59e-b71bf0f612df (type: security_group_rules) to 0
2026-07-01 02:03:07.470 7 INFO neutron.db.ovn_revision_numbers_db [None req-7f6b8889-4c22-441a-849e-317b8982b2bb ec8022aedc564825b797f405526e5c44 7dd47eaccc254c81906963b11394a8e3 - - default default] Successfully bumped revision number for resource 59de6160-e90a-4979-bc79-0a2e8525020d (type: security_group_rules) to 0
2026-07-01 02:03:07.483 7 INFO neutron.db.ovn_revision_numbers_db [None req-7f6b8889-4c22-441a-849e-317b8982b2bb ec8022aedc564825b797f405526e5c44 7dd47eaccc254c81906963b11394a8e3 - - default default] Successfully bumped revision number for resource b97248e7-d03f-4c33-b710-6dc013ac5293 (type: security_group_rules) to 0
2026-07-01 02:03:07.498 7 INFO neutron.db.ovn_revision_numbers_db [None req-7f6b8889-4c22-441a-849e-317b8982b2bb ec8022aedc564825b797f405526e5c44 7dd47eaccc254c81906963b11394a8e3 - - default default] Successfully bumped revision number for resource cb076cc9-db7e-4350-b9e5-bf30c43dfbf0 (type: security_group_rules) to 0 [pid: 7|app: 0|req: 1069/2050] 10.0.0.3 () {32 vars in 772 bytes} [Wed Jul 1 02:03:07 2026] GET /v2.0/security-groups?tenant_id=adc7fbff837a4939a173b6a0a8342b3c&name=default => generated 2925 bytes in 403 msecs (HTTP/1.1 200) 4 headers in 158 bytes (1 switches on core 0)
2026-07-01 02:03:08.026 7 WARNING neutron.scheduler.dhcp_agent_scheduler [None req-104fe06b-8d88-4c2b-ad3c-e5b54e397127 32d9b825b25347d08cf62fee5624c758 617a489b37b546b48cb2e3547cf9999e - - default default] No more DHCP agents
2026-07-01 02:03:08.027 7 WARNING neutron.api.rpc.agentnotifiers.dhcp_rpc_agent_api [None req-104fe06b-8d88-4c2b-ad3c-e5b54e397127 32d9b825b25347d08cf62fee5624c758 617a489b37b546b48cb2e3547cf9999e - - default default] Unable to schedule network bd932871-764b-4d6d-a808-8e33bcf28d51: no agents available; will retry on subsequent port and subnet creation events.
2026-07-01 02:03:08.068 8 WARNING neutron.scheduler.dhcp_agent_scheduler [None req-895eea9b-8234-46a8-bbd8-d347a2e9f5e9 9a4345f367944f5484ea35197458dcdd b93193283da14465815091d82b0ba1f6 - - default default] No more DHCP agents
