2026-07-01 01:26:36.075 8 WARNING neutron.quota.resource_registry [None req-6275ed90-37b0-4c73-af26-39e73e3b8b9b - - - - - -] security_group_rule is already registered
2026-07-01 01:26:36.075 7 INFO neutron.api.extensions [None req-91f038b2-58ce-4109-b045-ef392cff465c - - - - - -] Extension ecmp_routes not supported by any of loaded plugins
2026-07-01 01:26:36.075 7 INFO neutron.api.extensions [None req-91f038b2-58ce-4109-b045-ef392cff465c - - - - - -] Loaded extension: empty-string-filtering
2026-07-01 01:26:36.076 7 INFO neutron.api.extensions [None req-91f038b2-58ce-4109-b045-ef392cff465c - - - - - -] Extension expose-l3-conntrack-helper not supported by any of loaded plugins
2026-07-01 01:26:36.076 8 INFO neutron.quota.resource_registry [None req-6275ed90-37b0-4c73-af26-39e73e3b8b9b - - - - - -] Creating instance of TrackedResource for resource:subnetpool
2026-07-01 01:26:36.076 8 WARNING neutron.quota.resource_registry [None req-6275ed90-37b0-4c73-af26-39e73e3b8b9b - - - - - -] subnetpool is already registered
2026-07-01 01:26:36.076 7 INFO neutron.api.extensions [None req-91f038b2-58ce-4109-b045-ef392cff465c - - - - - -] Extension expose-port-forwarding-in-fip not supported by any of loaded plugins
2026-07-01 01:26:36.077 8 INFO neutron.quota.resource_registry [None req-6275ed90-37b0-4c73-af26-39e73e3b8b9b - - - - - -] Creating instance of CountableResource for resource:trunk
2026-07-01 01:26:36.077 8 WARNING neutron.quota.resource_registry [None req-6275ed90-37b0-4c73-af26-39e73e3b8b9b - - - - - -] trunk is already registered
2026-07-01 01:26:36.077 7 INFO neutron.api.extensions [None req-91f038b2-58ce-4109-b045-ef392cff465c - - - - - -] Loaded extension: external-net
2026-07-01 01:26:36.077 8 INFO neutron.quota.resource_registry [None req-6275ed90-37b0-4c73-af26-39e73e3b8b9b - - - - - -] Creating instance of CountableResource for resource:ikepolicy
2026-07-01 01:26:36.077 8 WARNING neutron.quota.resource_registry [None req-6275ed90-37b0-4c73-af26-39e73e3b8b9b - - - - - -] ikepolicy is already registered
2026-07-01 01:26:36.077 7 INFO neutron.api.extensions [None req-91f038b2-58ce-4109-b045-ef392cff465c - - - - - -] Loaded extension: extra_dhcp_opt
2026-07-01 01:26:36.078 8 INFO neutron.quota.resource_registry [None req-6275ed90-37b0-4c73-af26-39e73e3b8b9b - - - - - -] Creating instance of CountableResource for resource:ipsecpolicy
2026-07-01 01:26:36.078 8 WARNING neutron.quota.resource_registry [None req-6275ed90-37b0-4c73-af26-39e73e3b8b9b - - - - - -] ipsecpolicy is already registered
2026-07-01 01:26:36.078 7 INFO neutron.api.extensions [None req-91f038b2-58ce-4109-b045-ef392cff465c - - - - - -] Loaded extension: extraroute
2026-07-01 01:26:36.078 8 INFO neutron.quota.resource_registry [None req-6275ed90-37b0-4c73-af26-39e73e3b8b9b - - - - - -] Creating instance of CountableResource for resource:endpoint_group
2026-07-01 01:26:36.078 8 WARNING neutron.quota.resource_registry [None req-6275ed90-37b0-4c73-af26-39e73e3b8b9b - - - - - -] endpoint_group is already registered
2026-07-01 01:26:36.078 7 INFO neutron.api.extensions [None req-91f038b2-58ce-4109-b045-ef392cff465c - - - - - -] Extension extraroute-atomic not supported by any of loaded plugins
2026-07-01 01:26:36.079 8 INFO neutron.quota.resource_registry [None req-6275ed90-37b0-4c73-af26-39e73e3b8b9b - - - - - -] Creating instance of CountableResource for resource:vpnservice
2026-07-01 01:26:36.079 8 WARNING neutron.quota.resource_registry [None req-6275ed90-37b0-4c73-af26-39e73e3b8b9b - - - - - -] vpnservice is already registered
2026-07-01 01:26:36.079 7 INFO neutron.api.extensions [None req-91f038b2-58ce-4109-b045-ef392cff465c - - - - - -] Extension filter-validation not supported by any of loaded plugins
2026-07-01 01:26:36.079 8 INFO neutron.quota.resource_registry [None req-6275ed90-37b0-4c73-af26-39e73e3b8b9b - - - - - -] Creating instance of CountableResource for resource:ipsec_site_connection
2026-07-01 01:26:36.079 8 WARNING neutron.quota.resource_registry [None req-6275ed90-37b0-4c73-af26-39e73e3b8b9b - - - - - -] ipsec_site_connection is already registered
2026-07-01 01:26:36.079 7 INFO neutron.api.extensions [None req-91f038b2-58ce-4109-b045-ef392cff465c - - - - - -] Extension floating-ip-port-forwarding-description not supported by any of loaded plugins
2026-07-01 01:26:36.079 8 INFO neutron.quota.resource_registry [None req-6275ed90-37b0-4c73-af26-39e73e3b8b9b - - - - - -] Creating instance of CountableResource for resource:ipsecpolicy
2026-07-01 01:26:36.080 8 WARNING neutron.quota.resource_registry [None req-6275ed90-37b0-4c73-af26-39e73e3b8b9b - - - - - -] ipsecpolicy is already registered
2026-07-01 01:26:36.080 7 INFO neutron.api.extensions [None req-91f038b2-58ce-4109-b045-ef392cff465c - - - - - -] Loaded extension: floating-ip-port-forwarding-detail
2026-07-01 01:26:36.080 8 INFO neutron.quota.resource_registry [None req-6275ed90-37b0-4c73-af26-39e73e3b8b9b - - - - - -] Creating instance of CountableResource for resource:ikepolicy
2026-07-01 01:26:36.080 8 WARNING neutron.quota.resource_registry [None req-6275ed90-37b0-4c73-af26-39e73e3b8b9b - - - - - -] ikepolicy is already registered
2026-07-01 01:26:36.080 7 INFO neutron.api.extensions [None req-91f038b2-58ce-4109-b045-ef392cff465c - - - - - -] Extension floating-ip-port-forwarding-port-ranges not supported by any of loaded plugins
2026-07-01 01:26:36.081 7 INFO neutron.api.extensions [None req-91f038b2-58ce-4109-b045-ef392cff465c - - - - - -] Loaded extension: fip-port-details
2026-07-01 01:26:36.082 7 INFO neutron.api.extensions [None req-91f038b2-58ce-4109-b045-ef392cff465c - - - - - -] Loaded extension: flavors
2026-07-01 01:26:36.083 7 INFO neutron.api.extensions [None req-91f038b2-58ce-4109-b045-ef392cff465c - - - - - -] Extension floating-ip-port-forwarding not supported by any of loaded plugins
2026-07-01 01:26:36.083 7 INFO neutron.api.extensions [None req-91f038b2-58ce-4109-b045-ef392cff465c - - - - - -] Loaded extension: floatingip-pools
2026-07-01 01:26:36.084 7 INFO neutron.api.extensions [None req-91f038b2-58ce-4109-b045-ef392cff465c - - - - - -] Loaded extension: ip_allocation
2026-07-01 01:26:36.084 7 INFO neutron.api.extensions [None req-91f038b2-58ce-4109-b045-ef392cff465c - - - - - -] Extension ip-substring-filtering not supported by any of loaded plugins
2026-07-01 01:26:36.085 7 INFO neutron.api.extensions [None req-91f038b2-58ce-4109-b045-ef392cff465c - - - - - -] Loaded extension: l2_adjacency
2026-07-01 01:26:36.086 7 INFO neutron.api.extensions [None req-91f038b2-58ce-4109-b045-ef392cff465c - - - - - -] Loaded extension: router
2026-07-01 01:26:36.087 7 INFO neutron.api.extensions [None req-91f038b2-58ce-4109-b045-ef392cff465c - - - - - -] Extension l3-conntrack-helper not supported by any of loaded plugins
2026-07-01 01:26:36.088 7 INFO neutron.api.extensions [None req-91f038b2-58ce-4109-b045-ef392cff465c - - - - - -] Loaded extension: enable-default-route-bfd
2026-07-01 01:26:36.089 7 INFO neutron.api.extensions [None req-91f038b2-58ce-4109-b045-ef392cff465c - - - - - -] Loaded extension: enable-default-route-ecmp
2026-07-01 01:26:36.089 7 INFO neutron.api.extensions [None req-91f038b2-58ce-4109-b045-ef392cff465c - - - - - -] Loaded extension: ext-gw-mode
2026-07-01 01:26:36.090 7 INFO neutron.api.extensions [None req-91f038b2-58ce-4109-b045-ef392cff465c - - - - - -] Loaded extension: l3-ha
2026-07-01 01:26:36.092 7 INFO neutron.api.extensions [None req-91f038b2-58ce-4109-b045-ef392cff465c - - - - - -] Extension l3-ext-ndp-proxy not supported by any of loaded plugins
2026-07-01 01:26:36.093 7 INFO neutron.api.extensions [None req-91f038b2-58ce-4109-b045-ef392cff465c - - - - - -] Loaded extension: external-gateway-multihoming
2026-07-01 01:26:36.093 7 INFO neutron.api.extensions [None req-91f038b2-58ce-4109-b045-ef392cff465c - - - - - -] Loaded extension: l3-flavors
2026-07-01 01:26:36.094 7 INFO neutron.api.extensions [None req-91f038b2-58ce-4109-b045-ef392cff465c - - - - - -] Extension l3-ndp-proxy not supported by any of loaded plugins
2026-07-01 01:26:36.095 7 INFO neutron.api.extensions [None req-91f038b2-58ce-4109-b045-ef392cff465c - - - - - -] Extension l3-port-ip-change-not-allowed not supported by any of loaded plugins
2026-07-01 01:26:36.097 7 INFO neutron.api.extensions [None req-91f038b2-58ce-4109-b045-ef392cff465c - - - - - -] Extension l3_agent_scheduler not supported by any of loaded plugins
2026-07-01 01:26:36.098 7 INFO neutron.api.extensions [None req-91f038b2-58ce-4109-b045-ef392cff465c - - - - - -] Extension local_ip not supported by any of loaded plugins
2026-07-01 01:26:36.099 7 INFO neutron.api.extensions [None req-91f038b2-58ce-4109-b045-ef392cff465c - - - - - -] Loaded extension: logging
2026-07-01 01:26:36.100 7 INFO neutron.api.extensions [None req-91f038b2-58ce-4109-b045-ef392cff465c - - - - - -] Extension metering not supported by any of loaded plugins
2026-07-01 01:26:36.101 7 INFO neutron.api.extensions [None req-91f038b2-58ce-4109-b045-ef392cff465c - - - - - -] Extension metering_source_and_destination_fields not supported by any of loaded plugins
2026-07-01 01:26:36.102 7 INFO neutron.api.extensions [None req-91f038b2-58ce-4109-b045-ef392cff465c - - - - - -] Loaded extension: multi-provider
2026-07-01 01:26:36.102 7 INFO neutron.api.extensions [None req-91f038b2-58ce-4109-b045-ef392cff465c - - - - - -] Loaded extension: net-mtu
2026-07-01 01:26:36.103 7 INFO neutron.api.extensions [None req-91f038b2-58ce-4109-b045-ef392cff465c - - - - - -] Loaded extension: net-mtu-writable
2026-07-01 01:26:36.103 7 INFO neutron.api.extensions [None req-91f038b2-58ce-4109-b045-ef392cff465c - - - - - -] Loaded extension: network_availability_zone
2026-07-01 01:26:36.104 7 INFO neutron.api.extensions [None req-91f038b2-58ce-4109-b045-ef392cff465c - - - - - -] Extension network_ha not supported by any of loaded plugins
2026-07-01 01:26:36.104 7 INFO neutron.api.extensions [None req-91f038b2-58ce-4109-b045-ef392cff465c - - - - - -] Loaded extension: network-ip-availability
2026-07-01 01:26:36.105 7 INFO neutron.api.extensions [None req-91f038b2-58ce-4109-b045-ef392cff465c - - - - - -] Extension network-segment-range not supported by any of loaded plugins
2026-07-01 01:26:36.106 7 INFO neutron.api.extensions [None req-91f038b2-58ce-4109-b045-ef392cff465c - - - - - -] Loaded extension: pagination
2026-07-01 01:26:36.106 7 INFO neutron.api.extensions [None req-91f038b2-58ce-4109-b045-ef392cff465c - - - - - -] Loaded extension: port-device-profile
2026-07-01 01:26:36.107 7 INFO neutron.api.extensions [None req-91f038b2-58ce-4109-b045-ef392cff465c - - - - - -] Extension port-hardware-offload-type not supported by any of loaded plugins
2026-07-01 01:26:36.108 7 INFO neutron.api.extensions [None req-91f038b2-58ce-4109-b045-ef392cff465c - - - - - -] Extension port-hint-ovs-tx-steering not supported by any of loaded plugins
2026-07-01 01:26:36.109 7 INFO neutron.api.extensions [None req-91f038b2-58ce-4109-b045-ef392cff465c - - - - - -] Extension port-hints not supported by any of loaded plugins
2026-07-01 01:26:36.109 7 INFO neutron.api.extensions [None req-91f038b2-58ce-4109-b045-ef392cff465c - - - - - -] Extension port-mac-override not supported by any of loaded plugins
2026-07-01 01:26:36.110 7 INFO neutron.api.extensions [None req-91f038b2-58ce-4109-b045-ef392cff465c - - - - - -] Loaded extension: port-mac-address-regenerate
2026-07-01 01:26:36.110 7 INFO neutron.api.extensions [None req-91f038b2-58ce-4109-b045-ef392cff465c - - - - - -] Loaded extension: port-numa-affinity-policy
2026-07-01 01:26:36.111 7 INFO neutron.api.extensions [None req-91f038b2-58ce-4109-b045-ef392cff465c - - - - - -] Loaded extension: port-numa-affinity-policy-socket
2026-07-01 01:26:36.111 7 INFO neutron.api.extensions [None req-91f038b2-58ce-4109-b045-ef392cff465c - - - - - -] Loaded extension: port-resource-request
2026-07-01 01:26:36.112 7 INFO neutron.api.extensions [None req-91f038b2-58ce-4109-b045-ef392cff465c - - - - - -] Loaded extension: port-resource-request-groups
2026-07-01 01:26:36.112 7 INFO neutron.api.extensions [None req-91f038b2-58ce-4109-b045-ef392cff465c - - - - - -] Extension port-trusted-vif not supported by any of loaded plugins
2026-07-01 01:26:36.113 7 INFO neutron.api.extensions [None req-91f038b2-58ce-4109-b045-ef392cff465c - - - - - -] Loaded extension: binding
2026-07-01 01:26:36.114 7 INFO neutron.api.extensions [None req-91f038b2-58ce-4109-b045-ef392cff465c - - - - - -] Loaded extension: binding-extended
2026-07-01 01:26:36.114 7 INFO neutron.api.extensions [None req-91f038b2-58ce-4109-b045-ef392cff465c - - - - - -] Loaded extension: port-security
2026-07-01 01:26:36.115 7 INFO neutron.api.extensions [None req-91f038b2-58ce-4109-b045-ef392cff465c - - - - - -] Loaded extension: project-id
2026-07-01 01:26:36.115 7 INFO neutron.api.extensions [None req-91f038b2-58ce-4109-b045-ef392cff465c - - - - - -] Loaded extension: provider
2026-07-01 01:26:36.116 7 INFO neutron.api.extensions [None req-91f038b2-58ce-4109-b045-ef392cff465c - - - - - -] Loaded extension: qinq
2026-07-01 01:26:36.116 8 WARNING keystonemiddleware._common.config [None req-6275ed90-37b0-4c73-af26-39e73e3b8b9b - - - - - -] The option "audit_map_file" is not known to keystonemiddleware
2026-07-01 01:26:36.118 7 INFO neutron.api.extensions [None req-91f038b2-58ce-4109-b045-ef392cff465c - - - - - -] Loaded extension: qos
2026-07-01 01:26:36.119 7 INFO neutron.api.extensions [None req-91f038b2-58ce-4109-b045-ef392cff465c - - - - - -] Loaded extension: qos-bw-limit-direction
2026-07-01 01:26:36.119 7 INFO neutron.api.extensions [None req-91f038b2-58ce-4109-b045-ef392cff465c - - - - - -] Loaded extension: qos-bw-minimum-ingress
2026-07-01 01:26:36.121 7 INFO neutron.api.extensions [None req-91f038b2-58ce-4109-b045-ef392cff465c - - - - - -] Loaded extension: qos-default
2026-07-01 01:26:36.121 7 INFO neutron.api.extensions [None req-91f038b2-58ce-4109-b045-ef392cff465c - - - - - -] Loaded extension: qos-fip
2026-07-01 01:26:36.122 7 INFO neutron.api.extensions [None req-91f038b2-58ce-4109-b045-ef392cff465c - - - - - -] Extension qos-fip-network-policy not supported by any of loaded plugins
2026-07-01 01:26:36.122 7 INFO neutron.api.extensions [None req-91f038b2-58ce-4109-b045-ef392cff465c - - - - - -] Loaded extension: qos-gateway-ip
2026-07-01 01:26:36.122 8 WARNING oslo_config.cfg [None req-6275ed90-37b0-4c73-af26-39e73e3b8b9b - - - - - -] Deprecated: Option "auth_uri" from group "keystone_authtoken" is deprecated. Use option "www_authenticate_uri" from group "keystone_authtoken".
2026-07-01 01:26:36.123 7 INFO neutron.api.extensions [None req-91f038b2-58ce-4109-b045-ef392cff465c - - - - - -] Loaded extension: qos-port-network-policy
2026-07-01 01:26:36.123 7 INFO neutron.api.extensions [None req-91f038b2-58ce-4109-b045-ef392cff465c - - - - - -] Loaded extension: qos-pps-minimum
2026-07-01 01:26:36.124 7 INFO neutron.api.extensions [None req-91f038b2-58ce-4109-b045-ef392cff465c - - - - - -] Loaded extension: qos-pps-minimum-rule-alias
2026-07-01 01:26:36.125 7 INFO neutron.api.extensions [None req-91f038b2-58ce-4109-b045-ef392cff465c - - - - - -] Loaded extension: qos-pps
2026-07-01 01:26:36.125 7 INFO neutron.api.extensions [None req-91f038b2-58ce-4109-b045-ef392cff465c - - - - - -] Loaded extension: qos-rule-type-details
2026-07-01 01:26:36.126 7 INFO neutron.api.extensions [None req-91f038b2-58ce-4109-b045-ef392cff465c - - - - - -] Loaded extension: qos-rule-type-filter
2026-07-01 01:26:36.126 7 INFO neutron.api.extensions [None req-91f038b2-58ce-4109-b045-ef392cff465c - - - - - -] Loaded extension: qos-rules-alias
2026-07-01 01:26:36.127 7 INFO neutron.api.extensions [None req-91f038b2-58ce-4109-b045-ef392cff465c - - - - - -] Loaded extension: quota-check-limit
2026-07-01 01:26:36.128 7 INFO neutron.api.extensions [None req-91f038b2-58ce-4109-b045-ef392cff465c - - - - - -] Loaded extension: quota-check-limit-default
2026-07-01 01:26:36.130 7 INFO neutron.api.extensions [None req-91f038b2-58ce-4109-b045-ef392cff465c - - - - - -] Loaded extension: quotas
2026-07-01 01:26:36.131 7 INFO neutron.api.extensions [None req-91f038b2-58ce-4109-b045-ef392cff465c - - - - - -] Loaded extension: quota_details
2026-07-01 01:26:36.132 7 INFO neutron.api.extensions [None req-91f038b2-58ce-4109-b045-ef392cff465c - - - - - -] Loaded extension: rbac-policies
2026-07-01 01:26:36.133 7 INFO neutron.api.extensions [None req-91f038b2-58ce-4109-b045-ef392cff465c - - - - - -] Extension rbac-address-group not supported by any of loaded plugins
2026-07-01 01:26:36.133 7 INFO neutron.api.extensions [None req-91f038b2-58ce-4109-b045-ef392cff465c - - - - - -] Loaded extension: rbac-address-scope
2026-07-01 01:26:36.134 7 INFO neutron.api.extensions [None req-91f038b2-58ce-4109-b045-ef392cff465c - - - - - -] Loaded extension: rbac-security-groups
2026-07-01 01:26:36.134 7 INFO neutron.api.extensions [None req-91f038b2-58ce-4109-b045-ef392cff465c - - - - - -] Extension rbac-subnetpool not supported by any of loaded plugins
2026-07-01 01:26:36.135 7 INFO neutron.api.extensions [None req-91f038b2-58ce-4109-b045-ef392cff465c - - - - - -] Loaded extension: revision-if-match
2026-07-01 01:26:36.135 7 INFO neutron.api.extensions [None req-91f038b2-58ce-4109-b045-ef392cff465c - - - - - -] Loaded extension: standard-attr-revisions
2026-07-01 01:26:36.136 7 INFO neutron.api.extensions [None req-91f038b2-58ce-4109-b045-ef392cff465c - - - - - -] Loaded extension: router_availability_zone
2026-07-01 01:26:36.136 7 INFO neutron.api.extensions [None req-91f038b2-58ce-4109-b045-ef392cff465c - - - - - -] Extension router-service-type not supported by any of loaded plugins
2026-07-01 01:26:36.138 7 INFO neutron.api.extensions [None req-91f038b2-58ce-4109-b045-ef392cff465c - - - - - -] Loaded extension: security-groups-default-rules
2026-07-01 01:26:36.138 7 INFO neutron.api.extensions [None req-91f038b2-58ce-4109-b045-ef392cff465c - - - - - -] Loaded extension: security-groups-normalized-cidr
2026-07-01 01:26:36.139 7 INFO neutron.api.extensions [None req-91f038b2-58ce-4109-b045-ef392cff465c - - - - - -] Extension port-security-groups-filtering not supported by any of loaded plugins
2026-07-01 01:26:36.139 7 INFO neutron.api.extensions [None req-91f038b2-58ce-4109-b045-ef392cff465c - - - - - -] Loaded extension: security-groups-remote-address-group
2026-07-01 01:26:36.140 7 INFO neutron.api.extensions [None req-91f038b2-58ce-4109-b045-ef392cff465c - - - - - -] Loaded extension: security-groups-rules-belongs-to-default-sg
2026-07-01 01:26:36.140 7 INFO neutron.api.extensions [None req-91f038b2-58ce-4109-b045-ef392cff465c - - - - - -] Loaded extension: security-groups-shared-filtering
2026-07-01 01:26:36.145 7 INFO neutron.api.extensions [None req-91f038b2-58ce-4109-b045-ef392cff465c - - - - - -] Loaded extension: security-group
2026-07-01 01:26:36.145 8 WARNING neutron.plugins.ml2.drivers.ovn.mech_driver.mech_driver [None req-6275ed90-37b0-4c73-af26-39e73e3b8b9b - - - - - -] uWSGI must provide a start time using the configuration parameter "start-time %t" in the configuration file
2026-07-01 01:26:36.146 7 INFO neutron.api.extensions [None req-91f038b2-58ce-4109-b045-ef392cff465c - - - - - -] Loaded extension: segment
2026-07-01 01:26:36.146 7 INFO neutron.api.extensions [None req-91f038b2-58ce-4109-b045-ef392cff465c - - - - - -] Loaded extension: segments-peer-subnet-host-routes
2026-07-01 01:26:36.147 7 INFO neutron.api.extensions [None req-91f038b2-58ce-4109-b045-ef392cff465c - - - - - -] Loaded extension: service-type
2026-07-01 01:26:36.147 7 INFO neutron.api.extensions [None req-91f038b2-58ce-4109-b045-ef392cff465c - - - - - -] Loaded extension: sorting
2026-07-01 01:26:36.148 7 INFO neutron.api.extensions [None req-91f038b2-58ce-4109-b045-ef392cff465c - - - - - -] Loaded extension: standard-attr-segment
2026-07-01 01:26:36.148 7 INFO neutron.api.extensions [None req-91f038b2-58ce-4109-b045-ef392cff465c - - - - - -] Loaded extension: standard-attr-description
2026-07-01 01:26:36.149 7 INFO neutron.api.extensions [None req-91f038b2-58ce-4109-b045-ef392cff465c - - - - - -] Loaded extension: stateful-security-group
2026-07-01 01:26:36.149 7 WARNING neutron.api.extensions [None req-91f038b2-58ce-4109-b045-ef392cff465c - - - - - -] Did not find expected name "Stdattrs_common" in /var/lib/openstack/lib/python3.12/site-packages/neutron/extensions/stdattrs_common.py
2026-07-01 01:26:36.150 7 INFO neutron.api.extensions [None req-91f038b2-58ce-4109-b045-ef392cff465c - - - - - -] Loaded extension: subnet-dns-publish-fixed-ip
2026-07-01 01:26:36.150 7 INFO neutron.api.extensions [None req-91f038b2-58ce-4109-b045-ef392cff465c - - - - - -] Loaded extension: subnet-external-network
2026-07-01 01:26:36.151 7 INFO neutron.api.extensions [None req-91f038b2-58ce-4109-b045-ef392cff465c - - - - - -] Extension subnet_onboard not supported by any of loaded plugins
2026-07-01 01:26:36.151 7 INFO neutron.api.extensions [None req-91f038b2-58ce-4109-b045-ef392cff465c - - - - - -] Loaded extension: subnet-segmentid-writable
2026-07-01 01:26:36.152 7 INFO neutron.api.extensions [None req-91f038b2-58ce-4109-b045-ef392cff465c - - - - - -] Loaded extension: subnet-service-types
2026-07-01 01:26:36.153 7 INFO neutron.api.extensions [None req-91f038b2-58ce-4109-b045-ef392cff465c - - - - - -] Loaded extension: subnet_allocation
2026-07-01 01:26:36.153 7 INFO neutron.api.extensions [None req-91f038b2-58ce-4109-b045-ef392cff465c - - - - - -] Loaded extension: subnetpool-prefix-ops
2026-07-01 01:26:36.154 7 INFO neutron.api.extensions [None req-91f038b2-58ce-4109-b045-ef392cff465c - - - - - -] Loaded extension: tag-creation
2026-07-01 01:26:36.154 7 INFO neutron.api.extensions [None req-91f038b2-58ce-4109-b045-ef392cff465c - - - - - -] Extension tag-ports-during-bulk-creation not supported by any of loaded plugins
2026-07-01 01:26:36.158 7 INFO neutron.api.extensions [None req-91f038b2-58ce-4109-b045-ef392cff465c - - - - - -] Loaded extension: standard-attr-tag
2026-07-01 01:26:36.159 7 INFO neutron.api.extensions [None req-91f038b2-58ce-4109-b045-ef392cff465c - - - - - -] Loaded extension: standard-attr-timestamp
2026-07-01 01:26:36.159 7 INFO neutron.api.extensions [None req-91f038b2-58ce-4109-b045-ef392cff465c - - - - - -] Loaded extension: trunk
2026-07-01 01:26:36.160 7 INFO neutron.api.extensions [None req-91f038b2-58ce-4109-b045-ef392cff465c - - - - - -] Loaded extension: trunk-details
2026-07-01 01:26:36.160 8 INFO neutron.db.ovn_hash_ring_db [None req-6275ed90-37b0-4c73-af26-39e73e3b8b9b - - - - - -] Nodes from host "neutron-server-6b99856886-4n8rq" and group "mechanism_driver" removed from the Hash Ring created at
2026-07-01 01:26:36+00:00
2026-07-01 01:26:36.160 7 INFO neutron.api.extensions [None req-91f038b2-58ce-4109-b045-ef392cff465c - - - - - -] Extension uplink-status-propagation not supported by any of loaded plugins
2026-07-01 01:26:36.161 7 INFO neutron.api.extensions [None req-91f038b2-58ce-4109-b045-ef392cff465c - - - - - -] Extension uplink-status-propagation-updatable not supported by any of loaded plugins
2026-07-01 01:26:36.161 7 INFO neutron.api.extensions [None req-91f038b2-58ce-4109-b045-ef392cff465c - - - - - -] Loaded extension: vlan-transparent
2026-07-01 01:26:36.162 7 INFO neutron.api.extensions [None req-91f038b2-58ce-4109-b045-ef392cff465c - - - - - -] Loaded extension: vpn-aes-ctr
2026-07-01 01:26:36.162 8 INFO neutron.db.ovn_hash_ring_db [None req-6275ed90-37b0-4c73-af26-39e73e3b8b9b - - - - - -] Node ec929317b226559199cc42910eb29ea4 from host "neutron-server-6b99856886-4n8rq" and group "mechanism_driver" added to the Hash Ring
2026-07-01 01:26:36.164 7 INFO neutron.api.extensions [None req-91f038b2-58ce-4109-b045-ef392cff465c - - - - - -] Loaded extension: vpn-agent-scheduler
2026-07-01 01:26:36.164 7 INFO neutron.api.extensions [None req-91f038b2-58ce-4109-b045-ef392cff465c - - - - - -] Loaded extension: vpn-endpoint-groups
2026-07-01 01:26:36.165 7 INFO neutron.api.extensions [None req-91f038b2-58ce-4109-b045-ef392cff465c - - - - - -] Loaded extension: vpn-flavors
2026-07-01 01:26:36.167 7 INFO neutron.api.extensions [None req-91f038b2-58ce-4109-b045-ef392cff465c - - - - - -] Loaded extension: vpnaas
2026-07-01 01:26:36.168 7 INFO neutron.api.extensions [None req-91f038b2-58ce-4109-b045-ef392cff465c - - - - - -] Loaded extension: taas
2026-07-01 01:26:36.169 8 INFO neutron.plugins.ml2.drivers.ovn.mech_driver.mech_driver [None req-6275ed90-37b0-4c73-af26-39e73e3b8b9b - - - - - -] Hash Ring probing thread for node ec929317b226559199cc42910eb29ea4 has started
2026-07-01 01:26:36.169 7 INFO neutron.api.extensions [None req-91f038b2-58ce-4109-b045-ef392cff465c - - - - - -] Loaded extension: tap-mirror
2026-07-01 01:26:36.170 7 INFO neutron.api.extensions [None req-91f038b2-58ce-4109-b045-ef392cff465c - - - - - -] Loaded extension: taas-vlan-filter
2026-07-01 01:26:36.170 8 INFO neutron.plugins.ml2.drivers.ovn.mech_driver.ovsdb.impl_idl_ovn [None req-6275ed90-37b0-4c73-af26-39e73e3b8b9b - - - - - -] Getting OvsdbNbOvnIdl for WorkerService with retry
2026-07-01 01:26:36.172 7 INFO neutron.quota.resource_registry [None req-91f038b2-58ce-4109-b045-ef392cff465c - - - - - -] Creating instance of TrackedResource for resource:network
2026-07-01 01:26:36.172 7 INFO neutron.quota.resource_registry [None req-91f038b2-58ce-4109-b045-ef392cff465c - - - - - -] Creating instance of TrackedResource for resource:subnet
2026-07-01 01:26:36.172 7 INFO neutron.quota.resource_registry [None req-91f038b2-58ce-4109-b045-ef392cff465c - - - - - -] Creating instance of TrackedResource for resource:subnetpool
2026-07-01 01:26:36.172 7 INFO neutron.quota.resource_registry [None req-91f038b2-58ce-4109-b045-ef392cff465c - - - - - -] Creating instance of TrackedResource for resource:port
2026-07-01 01:26:36.175 7 INFO neutron.quota.resource_registry [None req-91f038b2-58ce-4109-b045-ef392cff465c - - - - - -] Creating instance of TrackedResource for resource:router
2026-07-01 01:26:36.176 7 INFO neutron.quota.resource_registry [None req-91f038b2-58ce-4109-b045-ef392cff465c - - - - - -] Creating instance of TrackedResource for resource:floatingip
2026-07-01 01:26:36.180 7 INFO neutron.quota.resource_registry [None req-91f038b2-58ce-4109-b045-ef392cff465c - - - - - -] Creating instance of CountableResource for resource:rbac_policy
2026-07-01 01:26:36.181 7 INFO neutron.quota.resource_registry [None req-91f038b2-58ce-4109-b045-ef392cff465c - - - - - -] Creating instance of TrackedResource for resource:security_group
2026-07-01 01:26:36.182 7 INFO neutron.quota.resource_registry [None req-91f038b2-58ce-4109-b045-ef392cff465c - - - - - -] Creating instance of TrackedResource for resource:security_group_rule
2026-07-01 01:26:36.183 7 INFO neutron.quota.resource_registry [None req-91f038b2-58ce-4109-b045-ef392cff465c - - - - - -] Creating instance of TrackedResource for resource:subnetpool
2026-07-01 01:26:36.183 7 WARNING neutron.quota.resource_registry [None req-91f038b2-58ce-4109-b045-ef392cff465c - - - - - -] subnetpool is already registered
2026-07-01 01:26:36.183 7 INFO neutron.quota.resource_registry [None req-91f038b2-58ce-4109-b045-ef392cff465c - - - - - -] Creating instance of CountableResource for resource:trunk
2026-07-01 01:26:36.184 7 INFO neutron.quota.resource_registry [None req-91f038b2-58ce-4109-b045-ef392cff465c - - - - - -] Creating instance of CountableResource for resource:ikepolicy
2026-07-01 01:26:36.184 7 INFO neutron.quota.resource_registry [None req-91f038b2-58ce-4109-b045-ef392cff465c - - - - - -] Creating instance of CountableResource for resource:ipsecpolicy
2026-07-01 01:26:36.185 7 INFO neutron.quota.resource_registry [None req-91f038b2-58ce-4109-b045-ef392cff465c - - - - - -] Creating instance of CountableResource for resource:endpoint_group
2026-07-01 01:26:36.185 7 INFO neutron.quota.resource_registry [None req-91f038b2-58ce-4109-b045-ef392cff465c - - - - - -] Creating instance of CountableResource for resource:vpnservice
2026-07-01 01:26:36.185 7 INFO neutron.quota.resource_registry [None req-91f038b2-58ce-4109-b045-ef392cff465c - - - - - -] Creating instance of CountableResource for resource:ipsec_site_connection
2026-07-01 01:26:36.186 7 INFO neutron.quota.resource_registry [None req-91f038b2-58ce-4109-b045-ef392cff465c - - - - - -] Creating instance of CountableResource for resource:ipsecpolicy
2026-07-01 01:26:36.187 7 WARNING neutron.quota.resource_registry [None req-91f038b2-58ce-4109-b045-ef392cff465c - - - - - -] ipsecpolicy is already registered
2026-07-01 01:26:36.188 7 INFO neutron.quota.resource_registry [None req-91f038b2-58ce-4109-b045-ef392cff465c - - - - - -] Creating instance of CountableResource for resource:ikepolicy
2026-07-01 01:26:36.188 7 WARNING neutron.quota.resource_registry [None req-91f038b2-58ce-4109-b045-ef392cff465c - - - - - -] ikepolicy is already registered
2026-07-01 01:26:36.192 7 INFO neutron.quota.resource_registry [None req-91f038b2-58ce-4109-b045-ef392cff465c - - - - - -] Creating instance of TrackedResource for resource:router
2026-07-01 01:26:36.192 7 WARNING neutron.quota.resource_registry [None req-91f038b2-58ce-4109-b045-ef392cff465c - - - - - -] router is already registered
2026-07-01 01:26:36.193 7 INFO neutron.quota.resource_registry [None req-91f038b2-58ce-4109-b045-ef392cff465c - - - - - -] Creating instance of TrackedResource for resource:floatingip
2026-07-01 01:26:36.193 7 WARNING neutron.quota.resource_registry [None req-91f038b2-58ce-4109-b045-ef392cff465c - - - - - -] floatingip is already registered
2026-07-01 01:26:36.197 7 INFO neutron.quota.resource_registry [None req-91f038b2-58ce-4109-b045-ef392cff465c - - - - - -] Creating instance of CountableResource for resource:rbac_policy
2026-07-01 01:26:36.197 7 WARNING neutron.quota.resource_registry [None req-91f038b2-58ce-4109-b045-ef392cff465c - - - - - -] rbac_policy is already registered
2026-07-01 01:26:36.197 7 INFO neutron.quota.resource_registry [None req-91f038b2-58ce-4109-b045-ef392cff465c - - - - - -] Creating instance of TrackedResource for resource:security_group
2026-07-01 01:26:36.198 7 WARNING neutron.quota.resource_registry [None req-91f038b2-58ce-4109-b045-ef392cff465c - - - - - -] security_group is already registered
2026-07-01 01:26:36.198 7 INFO neutron.quota.resource_registry [None req-91f038b2-58ce-4109-b045-ef392cff465c - - - - - -] Creating instance of TrackedResource for resource:security_group_rule
2026-07-01 01:26:36.198 7 WARNING neutron.quota.resource_registry [None req-91f038b2-58ce-4109-b045-ef392cff465c - - - - - -] security_group_rule is already registered
2026-07-01 01:26:36.199 7 INFO neutron.quota.resource_registry [None req-91f038b2-58ce-4109-b045-ef392cff465c - - - - - -] Creating instance of TrackedResource for resource:subnetpool
2026-07-01 01:26:36.200 7 WARNING neutron.quota.resource_registry [None req-91f038b2-58ce-4109-b045-ef392cff465c - - - - - -] subnetpool is already registered
2026-07-01 01:26:36.200 7 INFO neutron.quota.resource_registry [None req-91f038b2-58ce-4109-b045-ef392cff465c - - - - - -] Creating instance of CountableResource for resource:trunk
2026-07-01 01:26:36.200 7 WARNING neutron.quota.resource_registry [None req-91f038b2-58ce-4109-b045-ef392cff465c - - - - - -] trunk is already registered
2026-07-01 01:26:36.200 7 INFO neutron.quota.resource_registry [None req-91f038b2-58ce-4109-b045-ef392cff465c - - - - - -] Creating instance of CountableResource for resource:ikepolicy
2026-07-01 01:26:36.201 7 WARNING neutron.quota.resource_registry [None req-91f038b2-58ce-4109-b045-ef392cff465c - - - - - -] ikepolicy is already registered
2026-07-01 01:26:36.201 8 INFO ovsdbapp.backend.ovs_idl.vlog [None req-6275ed90-37b0-4c73-af26-39e73e3b8b9b - - - - - -] tcp:10.109.60.79:6641: connecting...
2026-07-01 01:26:36.201 8 INFO ovsdbapp.backend.ovs_idl.vlog [None req-6275ed90-37b0-4c73-af26-39e73e3b8b9b - - - - - -] tcp:10.109.60.79:6641: connected
2026-07-01 01:26:36.201 7 INFO neutron.quota.resource_registry [None req-91f038b2-58ce-4109-b045-ef392cff465c - - - - - -] Creating instance of CountableResource for resource:ipsecpolicy
2026-07-01 01:26:36.201 7 WARNING neutron.quota.resource_registry [None req-91f038b2-58ce-4109-b045-ef392cff465c - - - - - -] ipsecpolicy is already registered
2026-07-01 01:26:36.201 7 INFO neutron.quota.resource_registry [None req-91f038b2-58ce-4109-b045-ef392cff465c - - - - - -] Creating instance of CountableResource for resource:endpoint_group
2026-07-01 01:26:36.202 7 WARNING neutron.quota.resource_registry [None req-91f038b2-58ce-4109-b045-ef392cff465c - - - - - -] endpoint_group is already registered
2026-07-01 01:26:36.202 7 INFO neutron.quota.resource_registry [None req-91f038b2-58ce-4109-b045-ef392cff465c - - - - - -] Creating instance of CountableResource for resource:vpnservice
2026-07-01 01:26:36.202 7 WARNING neutron.quota.resource_registry [None req-91f038b2-58ce-4109-b045-ef392cff465c - - - - - -] vpnservice is already registered
2026-07-01 01:26:36.202 7 INFO neutron.quota.resource_registry [None req-91f038b2-58ce-4109-b045-ef392cff465c - - - - - -] Creating instance of CountableResource for resource:ipsec_site_connection
2026-07-01 01:26:36.203 7 WARNING neutron.quota.resource_registry [None req-91f038b2-58ce-4109-b045-ef392cff465c - - - - - -] ipsec_site_connection is already registered
2026-07-01 01:26:36.203 7 INFO neutron.quota.resource_registry [None req-91f038b2-58ce-4109-b045-ef392cff465c - - - - - -] Creating instance of CountableResource for resource:ipsecpolicy
2026-07-01 01:26:36.203 7 WARNING neutron.quota.resource_registry [None req-91f038b2-58ce-4109-b045-ef392cff465c - - - - - -] ipsecpolicy is already registered
2026-07-01 01:26:36.204 7 INFO neutron.quota.resource_registry [None req-91f038b2-58ce-4109-b045-ef392cff465c - - - - - -] Creating instance of CountableResource for resource:ikepolicy
2026-07-01 01:26:36.204 7 WARNING neutron.quota.resource_registry [None req-91f038b2-58ce-4109-b045-ef392cff465c - - - - - -] ikepolicy is already registered
2026-07-01 01:26:36.241 7 WARNING keystonemiddleware._common.config [None req-91f038b2-58ce-4109-b045-ef392cff465c - - - - - -] The option "audit_map_file" is not known to keystonemiddleware
2026-07-01 01:26:36.247 7 WARNING oslo_config.cfg [None req-91f038b2-58ce-4109-b045-ef392cff465c - - - - - -] Deprecated: Option "auth_uri" from group "keystone_authtoken" is deprecated. Use option "www_authenticate_uri" from group "keystone_authtoken".
2026-07-01 01:26:36.268 7 WARNING neutron.plugins.ml2.drivers.ovn.mech_driver.mech_driver [None req-91f038b2-58ce-4109-b045-ef392cff465c - - - - - -] uWSGI must provide a start time using the configuration parameter "start-time %t" in the configuration file
2026-07-01 01:26:36.276 8 INFO neutron.plugins.ml2.drivers.ovn.mech_driver.ovsdb.impl_idl_ovn [None req-6275ed90-37b0-4c73-af26-39e73e3b8b9b - - - - - -] Getting OvsdbSbOvnIdl for WorkerService with retry
2026-07-01 01:26:36.287 7 INFO neutron.db.ovn_hash_ring_db [None req-91f038b2-58ce-4109-b045-ef392cff465c - - - - - -] Nodes from host "neutron-server-6b99856886-4n8rq" and group "mechanism_driver" removed from the Hash Ring created at
2026-07-01 01:26:36+00:00
2026-07-01 01:26:36.289 7 INFO neutron.db.ovn_hash_ring_db [None req-91f038b2-58ce-4109-b045-ef392cff465c - - - - - -] Node cc0c1c15b5f9569f9670c8096b0cc81c from host "neutron-server-6b99856886-4n8rq" and group "mechanism_driver" added to the Hash Ring
2026-07-01 01:26:36.296 7 INFO neutron.plugins.ml2.drivers.ovn.mech_driver.mech_driver [None req-91f038b2-58ce-4109-b045-ef392cff465c - - - - - -] Hash Ring probing thread for node cc0c1c15b5f9569f9670c8096b0cc81c has started
2026-07-01 01:26:36.297 7 INFO neutron.plugins.ml2.drivers.ovn.mech_driver.ovsdb.impl_idl_ovn [None req-91f038b2-58ce-4109-b045-ef392cff465c - - - - - -] Getting OvsdbNbOvnIdl for WorkerService with retry
2026-07-01 01:26:36.302 8 INFO ovsdbapp.backend.ovs_idl.vlog [None req-6275ed90-37b0-4c73-af26-39e73e3b8b9b - - - - - -] tcp:10.109.55.200:6642: connecting...
2026-07-01 01:26:36.302 8 INFO ovsdbapp.backend.ovs_idl.vlog [None req-6275ed90-37b0-4c73-af26-39e73e3b8b9b - - - - - -] tcp:10.109.55.200:6642: connected
2026-07-01 01:26:36.329 7 INFO ovsdbapp.backend.ovs_idl.vlog [None req-91f038b2-58ce-4109-b045-ef392cff465c - - - - - -] tcp:10.109.60.79:6641: connecting...
2026-07-01 01:26:36.329 7 INFO ovsdbapp.backend.ovs_idl.vlog [None req-91f038b2-58ce-4109-b045-ef392cff465c - - - - - -] tcp:10.109.60.79:6641: connected
2026-07-01 01:26:36.340 8 INFO neutron.plugins.ml2.drivers.ovn.mech_driver.mech_driver [None req-6275ed90-37b0-4c73-af26-39e73e3b8b9b - - - - - -] WorkerService process has finished the post initialization
2026-07-01 01:26:36.363 8 INFO ovsdbapp.backend.ovs_idl.vlog [None req-6275ed90-37b0-4c73-af26-39e73e3b8b9b - - - - - -] tcp:10.109.60.79:6641: connecting...
2026-07-01 01:26:36.363 8 INFO ovsdbapp.backend.ovs_idl.vlog [None req-6275ed90-37b0-4c73-af26-39e73e3b8b9b - - - - - -] tcp:10.109.60.79:6641: connected
2026-07-01 01:26:36.367 7 INFO neutron.plugins.ml2.drivers.ovn.mech_driver.ovsdb.impl_idl_ovn [None req-91f038b2-58ce-4109-b045-ef392cff465c - - - - - -] Getting OvsdbSbOvnIdl for WorkerService with retry
2026-07-01 01:26:36.387 7 INFO ovsdbapp.backend.ovs_idl.vlog [None req-91f038b2-58ce-4109-b045-ef392cff465c - - - - - -] tcp:10.109.55.200:6642: connecting...
2026-07-01 01:26:36.387 7 INFO ovsdbapp.backend.ovs_idl.vlog [None req-91f038b2-58ce-4109-b045-ef392cff465c - - - - - -] tcp:10.109.55.200:6642: connected
2026-07-01 01:26:36.427 7 INFO neutron.plugins.ml2.drivers.ovn.mech_driver.mech_driver [None req-91f038b2-58ce-4109-b045-ef392cff465c - - - - - -] WorkerService process has finished the post initialization
2026-07-01 01:26:36.428 7 INFO neutron.plugins.ml2.drivers.ovn.mech_driver.ovsdb.extensions.qos [-] Starting OVNClientQosExtension
2026-07-01 01:26:36.430 7 INFO neutron.plugins.ml2.drivers.ovn.mech_driver.ovsdb.extensions.placement [-] Starting OVNClientPlacementExtension
2026-07-01 01:26:36.452 7 INFO ovsdbapp.backend.ovs_idl.vlog [None req-91f038b2-58ce-4109-b045-ef392cff465c - - - - - -] tcp:10.109.60.79:6641: connecting...
2026-07-01 01:26:36.452 7 INFO ovsdbapp.backend.ovs_idl.vlog [None req-91f038b2-58ce-4109-b045-ef392cff465c - - - - - -] tcp:10.109.60.79:6641: connected
2026-07-01 01:26:36.566 8 INFO ovsdbapp.backend.ovs_idl.vlog [None req-6275ed90-37b0-4c73-af26-39e73e3b8b9b - - - - - -] tcp:10.109.60.79:6641: connecting...
2026-07-01 01:26:36.566 8 INFO ovsdbapp.backend.ovs_idl.vlog [None req-6275ed90-37b0-4c73-af26-39e73e3b8b9b - - - - - -] tcp:10.109.60.79:6641: connected WSGI app 0 (mountpoint='') ready in 10 seconds on interpreter 0x7fdf2127d668 pid: 8 (default app)
2026-07-01 01:26:36.637 7 INFO ovsdbapp.backend.ovs_idl.vlog [None req-91f038b2-58ce-4109-b045-ef392cff465c - - - - - -] tcp:10.109.60.79:6641: connecting...
2026-07-01 01:26:36.637 7 INFO ovsdbapp.backend.ovs_idl.vlog [None req-91f038b2-58ce-4109-b045-ef392cff465c - - - - - -] tcp:10.109.60.79:6641: connected WSGI app 0 (mountpoint='') ready in 10 seconds on interpreter 0x7fdf2127d668 pid: 7 (default app) /var/lib/openstack/lib/python3.12/site-packages/pycadf/identifier.py:70: UserWarning: Invalid uuid: unknown. To ensure interoperability, identifiers should be a valid uuid. warnings.warn(('Invalid uuid: %s. To ensure interoperability, '
2026-07-01 01:26:38.721 8 INFO neutron.pecan_wsgi.hooks.translation [None req-2c726611-7606-4afd-97a9-55db48bd2ffb ec8022aedc564825b797f405526e5c44 7dd47eaccc254c81906963b11394a8e3 - - default default] GET failed (client error): The resource could not be found. [pid: 8|app: 0|req: 3/3] 199.204.45.38 () {44 vars in 923 bytes} [Wed Jul 1 01:26:38 2026] GET /v2.0/networks/public => generated 108 bytes in 660 msecs (HTTP/1.1 404) 4 headers in 164 bytes (1 switches on core 0) /var/lib/openstack/lib/python3.12/site-packages/pycadf/identifier.py:70: UserWarning: Invalid uuid: unknown. To ensure interoperability, identifiers should be a valid uuid. warnings.warn(('Invalid uuid: %s. To ensure interoperability, ' [pid: 7|app: 0|req: 1/4] 199.204.45.38 () {44 vars in 945 bytes} [Wed Jul 1 01:26:38 2026] GET /v2.0/networks?name=public => generated 15 bytes in 207 msecs (HTTP/1.1 200) 4 headers in 156 bytes (1 switches on core 0)
2026-07-01 01:26:39.270 8 INFO neutron.plugins.ml2.drivers.ovn.mech_driver.ovsdb.extensions.qos [None req-4355c57d-f62a-4fe4-9957-d060d4ecfcf1 ec8022aedc564825b797f405526e5c44 7dd47eaccc254c81906963b11394a8e3 - - default default] Starting OVNClientQosExtension
2026-07-01 01:26:39.271 8 INFO neutron.plugins.ml2.drivers.ovn.mech_driver.ovsdb.extensions.placement [None req-4355c57d-f62a-4fe4-9957-d060d4ecfcf1 ec8022aedc564825b797f405526e5c44 7dd47eaccc254c81906963b11394a8e3 - - default default] Starting OVNClientPlacementExtension
2026-07-01 01:26:39.315 8 INFO neutron.db.ovn_revision_numbers_db [None req-4355c57d-f62a-4fe4-9957-d060d4ecfcf1 ec8022aedc564825b797f405526e5c44 7dd47eaccc254c81906963b11394a8e3 - - default default] Successfully bumped revision number for resource 510c8096-398b-4cd1-b2e8-f07494726901 (type: security_groups) to 1
2026-07-01 01:26:39.325 8 INFO neutron.db.ovn_revision_numbers_db [None req-4355c57d-f62a-4fe4-9957-d060d4ecfcf1 ec8022aedc564825b797f405526e5c44 7dd47eaccc254c81906963b11394a8e3 - - default default] Successfully bumped revision number for resource a20892ec-79ae-4aac-8532-203a21ed368d (type: security_group_rules) to 0
2026-07-01 01:26:39.333 8 INFO neutron.db.ovn_revision_numbers_db [None req-4355c57d-f62a-4fe4-9957-d060d4ecfcf1 ec8022aedc564825b797f405526e5c44 7dd47eaccc254c81906963b11394a8e3 - - default default] Successfully bumped revision number for resource ae8db67a-c718-4b10-afba-ca7217c0e70a (type: security_group_rules) to 0
2026-07-01 01:26:39.343 8 INFO neutron.db.ovn_revision_numbers_db [None req-4355c57d-f62a-4fe4-9957-d060d4ecfcf1 ec8022aedc564825b797f405526e5c44 7dd47eaccc254c81906963b11394a8e3 - - default default] Successfully bumped revision number for resource b9f1f499-a911-42ec-8d8b-f02ede1db38a (type: security_group_rules) to 0
2026-07-01 01:26:39.362 8 INFO neutron.db.ovn_revision_numbers_db [None req-4355c57d-f62a-4fe4-9957-d060d4ecfcf1 ec8022aedc564825b797f405526e5c44 7dd47eaccc254c81906963b11394a8e3 - - default default] Successfully bumped revision number for resource e08ebe2e-1b10-4624-86c1-9064dcc7e384 (type: security_group_rules) to 0
2026-07-01 01:26:39.453 8 WARNING neutron.services.revisions.revision_plugin [None req-4355c57d-f62a-4fe4-9957-d060d4ecfcf1 ec8022aedc564825b797f405526e5c44 7dd47eaccc254c81906963b11394a8e3 - - default default] Could not find related network for resource to bump revision.
2026-07-01 01:26:39.482 8 INFO neutron.db.segments_db [None req-4355c57d-f62a-4fe4-9957-d060d4ecfcf1 ec8022aedc564825b797f405526e5c44 7dd47eaccc254c81906963b11394a8e3 - - default default] Added segment 459aebaa-20c9-443d-adc9-85ecda6de30b of type flat for network 72e08fb9-4516-4898-829a-2bd3a30c5469
2026-07-01 01:26:39.613 8 INFO neutron.plugins.ml2.drivers.ovn.mech_driver.mech_driver [-] OVN reports status down for port: provnet-459aebaa-20c9-443d-adc9-85ecda6de30b
2026-07-01 01:26:39.690 8 INFO neutron.db.ovn_revision_numbers_db [None req-4355c57d-f62a-4fe4-9957-d060d4ecfcf1 ec8022aedc564825b797f405526e5c44 7dd47eaccc254c81906963b11394a8e3 - - default default] Successfully bumped revision number for resource 72e08fb9-4516-4898-829a-2bd3a30c5469 (type: networks) to 1
2026-07-01 01:26:40.118 8 WARNING neutron.scheduler.dhcp_agent_scheduler [None req-4355c57d-f62a-4fe4-9957-d060d4ecfcf1 ec8022aedc564825b797f405526e5c44 7dd47eaccc254c81906963b11394a8e3 - - default default] No more DHCP agents
2026-07-01 01:26:40.119 8 WARNING neutron.api.rpc.agentnotifiers.dhcp_rpc_agent_api [None req-4355c57d-f62a-4fe4-9957-d060d4ecfcf1 ec8022aedc564825b797f405526e5c44 7dd47eaccc254c81906963b11394a8e3 - - default default] Unable to schedule network 72e08fb9-4516-4898-829a-2bd3a30c5469: no agents available; will retry on subsequent port and subnet creation events.
2026-07-01 01:26:40.179 8 INFO neutron.plugins.ml2.drivers.ovn.mech_driver.mech_driver [None req-7c8572b3-f100-4498-9c51-f619d8ca721c - - - - - -] OVN reports status down for port: 175a30d3-d644-44fc-9c8f-f347e7017d5e
2026-07-01 01:26:40.263 8 INFO neutron.db.ovn_revision_numbers_db [None req-4355c57d-f62a-4fe4-9957-d060d4ecfcf1 ec8022aedc564825b797f405526e5c44 7dd47eaccc254c81906963b11394a8e3 - - default default] Successfully bumped revision number for resource 175a30d3-d644-44fc-9c8f-f347e7017d5e (type: ports) to 1 [pid: 8|app: 0|req: 4/5] 199.204.45.38 () {48 vars in 963 bytes} [Wed Jul 1 01:26:38 2026] POST /v2.0/networks => generated 744 bytes in 1393 msecs (HTTP/1.1 201) 4 headers in 162 bytes (1 switches on core 0)
2026-07-01 01:26:41.773 7 INFO neutron.pecan_wsgi.hooks.translation [None req-773bbfb3-10ba-4407-b03e-081fd7e9fa4e ec8022aedc564825b797f405526e5c44 7dd47eaccc254c81906963b11394a8e3 - - default default] GET failed (client error): The resource could not be found. [pid: 7|app: 0|req: 2/7] 199.204.45.38 () {44 vars in 923 bytes} [Wed Jul 1 01:26:41 2026] GET /v2.0/networks/public => generated 108 bytes in 375 msecs (HTTP/1.1 404) 4 headers in 164 bytes (1 switches on core 0) [pid: 8|app: 0|req: 6/8] 199.204.45.38 () {44 vars in 945 bytes} [Wed Jul 1 01:26:41 2026] GET /v2.0/networks?name=public => generated 753 bytes in 44 msecs (HTTP/1.1 200) 4 headers in 157 bytes (1 switches on core 0)
2026-07-01 01:26:41.861 7 INFO neutron.pecan_wsgi.hooks.translation [None req-5dcc7b76-43be-49e3-bc01-0e16783ce593 ec8022aedc564825b797f405526e5c44 7dd47eaccc254c81906963b11394a8e3 - - default default] GET failed (client error): The resource could not be found. [pid: 7|app: 0|req: 3/9] 199.204.45.38 () {44 vars in 1030 bytes} [Wed Jul 1 01:26:41 2026] GET /v2.0/subnets/public-subnet?network_id=72e08fb9-4516-4898-829a-2bd3a30c5469 => generated 113 bytes in 29 msecs (HTTP/1.1 404) 4 headers in 164 bytes (1 switches on core 0) [pid: 8|app: 0|req: 7/10] 199.204.45.38 () {44 vars in 1053 bytes} [Wed Jul 1 01:26:41 2026] GET /v2.0/subnets?name=public-subnet&network_id=72e08fb9-4516-4898-829a-2bd3a30c5469 => generated 14 bytes in 25 msecs (HTTP/1.1 200) 4 headers in 156 bytes (1 switches on core 0)
2026-07-01 01:26:42.303 7 WARNING neutron.scheduler.dhcp_agent_scheduler [None req-466ce846-74c4-4c47-9abb-d62ef7f62567 ec8022aedc564825b797f405526e5c44 7dd47eaccc254c81906963b11394a8e3 - - default default] No more DHCP agents
2026-07-01 01:26:42.304 7 WARNING neutron.api.rpc.agentnotifiers.dhcp_rpc_agent_api [None req-466ce846-74c4-4c47-9abb-d62ef7f62567 ec8022aedc564825b797f405526e5c44 7dd47eaccc254c81906963b11394a8e3 - - default default] Unable to schedule network 72e08fb9-4516-4898-829a-2bd3a30c5469: no agents available; will retry on subsequent port and subnet creation events.
2026-07-01 01:26:43.081 7 INFO neutron.db.ovn_revision_numbers_db [None req-be67ea94-fe05-4116-ac40-f3232f6f58bc - - - - - -] Successfully bumped revision number for resource 175a30d3-d644-44fc-9c8f-f347e7017d5e (type: ports) to 2
2026-07-01 01:26:43.129 7 INFO neutron.db.ovn_revision_numbers_db [None req-be67ea94-fe05-4116-ac40-f3232f6f58bc - - - - - -] Successfully bumped revision number for resource 55498d7f-d1e8-40c6-bd22-8bb597bfc46f (type: subnets) to 0 [pid: 7|app: 0|req: 4/11] 199.204.45.38 () {48 vars in 961 bytes} [Wed Jul 1 01:26:41 2026] POST /v2.0/subnets => generated 664 bytes in 1251 msecs (HTTP/1.1 201) 4 headers in 162 bytes (1 switches on core 0)
2026-07-01 01:31:33.127 8 INFO neutron.pecan_wsgi.hooks.translation [None req-abfccde6-de02-4d5b-b287-b676fb2b61ed ec8022aedc564825b797f405526e5c44 7dd47eaccc254c81906963b11394a8e3 - - default default] GET failed (client error): The resource could not be found. [pid: 8|app: 0|req: 26/48] 199.204.45.38 () {44 vars in 933 bytes} [Wed Jul 1 01:31:33 2026] GET /v2.0/networks/lb-mgmt-net => generated 113 bytes in 110 msecs (HTTP/1.1 404) 4 headers in 164 bytes (1 switches on core 0) [pid: 7|app: 0|req: 23/49] 199.204.45.38 () {44 vars in 955 bytes} [Wed Jul 1 01:31:33 2026] GET /v2.0/networks?name=lb-mgmt-net => generated 15 bytes in 18 msecs (HTTP/1.1 200) 4 headers in 156 bytes (1 switches on core 0)
2026-07-01 01:31:33.247 8 INFO neutron.db.segments_db [None req-9921b4fc-d860-4c86-8fb3-a9110c373f72 ec8022aedc564825b797f405526e5c44 7dd47eaccc254c81906963b11394a8e3 - - default default] Added segment 18f4a64a-b730-429f-80de-3dc8e1241d88 of type geneve for network 19f8960b-6f8b-4491-836e-af4258afda85
2026-07-01 01:31:33.410 8 INFO neutron.db.ovn_revision_numbers_db [None req-9921b4fc-d860-4c86-8fb3-a9110c373f72 ec8022aedc564825b797f405526e5c44 7dd47eaccc254c81906963b11394a8e3 - - default default] Successfully bumped revision number for resource 19f8960b-6f8b-4491-836e-af4258afda85 (type: networks) to 1
2026-07-01 01:31:33.531 8 WARNING neutron.scheduler.dhcp_agent_scheduler [None req-9921b4fc-d860-4c86-8fb3-a9110c373f72 ec8022aedc564825b797f405526e5c44 7dd47eaccc254c81906963b11394a8e3 - - default default] No more DHCP agents
2026-07-01 01:31:33.532 8 WARNING neutron.api.rpc.agentnotifiers.dhcp_rpc_agent_api [None req-9921b4fc-d860-4c86-8fb3-a9110c373f72 ec8022aedc564825b797f405526e5c44 7dd47eaccc254c81906963b11394a8e3 - - default default] Unable to schedule network 19f8960b-6f8b-4491-836e-af4258afda85: no agents available; will retry on subsequent port and subnet creation events.
2026-07-01 01:31:33.568 7 INFO neutron.plugins.ml2.drivers.ovn.mech_driver.mech_driver [-] OVN reports status down for port: 0c5e4a51-6312-4385-8373-3beea918a74f
