2026-07-01 02:01:41.973 7 INFO neutron_taas.services.taas.tap_mirror_plugin [None req-09a3e27d-7222-46cb-b85f-5f78264f8743 3793a9baba6b4e5783da0eb32f70deb4 439b80912f6f422da3901f588e13a513 - - default default] Tap Mirror: Handle Delete Port: 30431df5-2677-4de4-97ee-ac6448163494 [pid: 8|app: 0|req: 675/1473] 10.0.0.3 () {32 vars in 738 bytes} [Wed Jul 1 02:01:41 2026] DELETE /v2.0/security-groups/9c26be20-18cc-4986-a4b8-2a7c5b75f627 => generated 0 bytes in 219 msecs (HTTP/1.1 204) 2 headers in 112 bytes (1 switches on core 0) [pid: 8|app: 0|req: 676/1474] 10.0.0.81 () {34 vars in 989 bytes} [Wed Jul 1 02:01:42 2026] GET /v2.0/ports?device_id=fb60251c-8685-4fb2-b43e-12ec05c739bf => generated 971 bytes in 104 msecs (HTTP/1.1 200) 4 headers in 157 bytes (1 switches on core 0) [pid: 7|app: 0|req: 799/1475] 10.0.0.3 () {32 vars in 724 bytes} [Wed Jul 1 02:01:41 2026] DELETE /v2.0/networks/4c617d1b-8622-4544-a316-e0b9f2253cb2 => generated 0 bytes in 313 msecs (HTTP/1.1 204) 3 headers in 131 bytes (1 switches on core 0) [pid: 8|app: 0|req: 677/1476] 10.0.0.81 () {34 vars in 1039 bytes} [Wed Jul 1 02:01:42 2026] GET /v2.0/security-groups?id=16b18bdd-90b5-4fdb-851c-79e2a0139f2d&fields=id&fields=name => generated 113 bytes in 35 msecs (HTTP/1.1 200) 4 headers in 157 bytes (1 switches on core 0)
2026-07-01 02:01:42.679 8 INFO neutron.services.segments.plugin [-] Segment 2ebad000-7d9a-42b4-8415-8b7e071d3b81 resource provider aggregate not found
2026-07-01 02:01:42.692 8 INFO neutron.services.segments.plugin [-] Segment 2ebad000-7d9a-42b4-8415-8b7e071d3b81 resource provider aggregate not found
2026-07-01 02:01:42.696 8 INFO neutron.services.segments.plugin [-] Segment 2ebad000-7d9a-42b4-8415-8b7e071d3b81 resource provider not found; error: Placement Client Error (4xx): {"errors": [{"status": 404, "title": "Not Found", "detail": "The resource could not be found.\n\n No resource provider with uuid 2ebad000-7d9a-42b4-8415-8b7e071d3b81 found for delete ", "request_id": "req-ce2ad5d1-7530-4c95-81f1-1c4c05b4bfdd"}]}
2026-07-01 02:01:42.705 8 INFO neutron.services.segments.plugin [-] Segment 2ebad000-7d9a-42b4-8415-8b7e071d3b81 resource provider not found; error: Placement Client Error (4xx): {"errors": [{"status": 404, "title": "Not Found", "detail": "The resource could not be found.\n\n No resource provider with uuid 2ebad000-7d9a-42b4-8415-8b7e071d3b81 found for delete ", "request_id": "req-b30e6761-4493-4043-b5d6-2327c8040d11"}]} [pid: 7|app: 0|req: 800/1477] 10.0.0.3 () {32 vars in 772 bytes} [Wed Jul 1 02:01:43 2026] GET /v2.0/security-groups?tenant_id=439b80912f6f422da3901f588e13a513&name=default => generated 2925 bytes in 177 msecs (HTTP/1.1 200) 4 headers in 158 bytes (1 switches on core 0)
2026-07-01 02:01:43.446 7 INFO neutron.services.segments.plugin [-] Segment ee627475-6774-4303-a65d-a434c007162f resource provider aggregate not found
2026-07-01 02:01:43.452 7 INFO neutron.services.segments.plugin [-] Segment ee627475-6774-4303-a65d-a434c007162f resource provider aggregate not found
2026-07-01 02:01:43.470 7 INFO neutron.services.segments.plugin [-] Segment ee627475-6774-4303-a65d-a434c007162f resource provider not found; error: Placement Client Error (4xx): {"errors": [{"status": 404, "title": "Not Found", "detail": "The resource could not be found.\n\n No resource provider with uuid ee627475-6774-4303-a65d-a434c007162f found for delete ", "request_id": "req-f6e1ec30-db7d-4c11-8a7b-d789f3eae63f"}]}
2026-07-01 02:01:43.473 7 INFO neutron.services.segments.plugin [-] Segment ee627475-6774-4303-a65d-a434c007162f resource provider not found; error: Placement Client Error (4xx): {"errors": [{"status": 404, "title": "Not Found", "detail": "The resource could not be found.\n\n No resource provider with uuid ee627475-6774-4303-a65d-a434c007162f found for delete ", "request_id": "req-53ea0252-0b14-4f3f-bf54-fda41466877f"}]}
2026-07-01 02:01:43.485 7 INFO neutron.services.segments.plugin [-] Segment 8f0f0562-a947-48e6-8ce7-fbabed0296c1 resource provider aggregate not found
2026-07-01 02:01:43.487 7 INFO neutron.services.segments.plugin [-] Segment 8f0f0562-a947-48e6-8ce7-fbabed0296c1 resource provider aggregate not found
2026-07-01 02:01:43.503 7 INFO neutron.services.segments.plugin [-] Segment 8f0f0562-a947-48e6-8ce7-fbabed0296c1 resource provider not found; error: Placement Client Error (4xx): {"errors": [{"status": 404, "title": "Not Found", "detail": "The resource could not be found.\n\n No resource provider with uuid 8f0f0562-a947-48e6-8ce7-fbabed0296c1 found for delete ", "request_id": "req-f3d228a6-88f9-44a7-b01f-b7e4aa06a676"}]}
2026-07-01 02:01:43.508 7 INFO neutron.services.segments.plugin [-] Segment 8f0f0562-a947-48e6-8ce7-fbabed0296c1 resource provider not found; error: Placement Client Error (4xx): {"errors": [{"status": 404, "title": "Not Found", "detail": "The resource could not be found.\n\n No resource provider with uuid 8f0f0562-a947-48e6-8ce7-fbabed0296c1 found for delete ", "request_id": "req-c37c86b2-787a-429d-9096-58e585643f3f"}]} [pid: 8|app: 0|req: 678/1478] 10.0.0.3 () {32 vars in 738 bytes} [Wed Jul 1 02:01:43 2026] DELETE /v2.0/security-groups/88c9df3f-865d-4f0a-a4f4-a54a747eefaa => generated 0 bytes in 253 msecs (HTTP/1.1 204) 2 headers in 112 bytes (1 switches on core 0)
2026-07-01 02:01:43.834 7 INFO neutron.db.ovn_revision_numbers_db [None req-2a5df944-44ee-4024-8169-7f7f5c1c9dc5 ec8022aedc564825b797f405526e5c44 7dd47eaccc254c81906963b11394a8e3 - - default default] Successfully bumped revision number for resource dfbc10d8-b92c-4a43-9a1f-b944a668092c (type: security_groups) to 1
2026-07-01 02:01:43.846 7 INFO neutron.db.ovn_revision_numbers_db [None req-2a5df944-44ee-4024-8169-7f7f5c1c9dc5 ec8022aedc564825b797f405526e5c44 7dd47eaccc254c81906963b11394a8e3 - - default default] Successfully bumped revision number for resource 16b93670-b5c8-4f94-bcb2-305f5eda076e (type: security_group_rules) to 0
2026-07-01 02:01:43.856 7 INFO neutron.db.ovn_revision_numbers_db [None req-2a5df944-44ee-4024-8169-7f7f5c1c9dc5 ec8022aedc564825b797f405526e5c44 7dd47eaccc254c81906963b11394a8e3 - - default default] Successfully bumped revision number for resource 195463a4-cd19-41e0-8d4d-ad362a264ece (type: security_group_rules) to 0
2026-07-01 02:01:43.871 7 INFO neutron.db.ovn_revision_numbers_db [None req-2a5df944-44ee-4024-8169-7f7f5c1c9dc5 ec8022aedc564825b797f405526e5c44 7dd47eaccc254c81906963b11394a8e3 - - default default] Successfully bumped revision number for resource 4acd0383-10dd-4e57-91ef-976c35df845f (type: security_group_rules) to 0
2026-07-01 02:01:43.881 7 INFO neutron.db.ovn_revision_numbers_db [None req-2a5df944-44ee-4024-8169-7f7f5c1c9dc5 ec8022aedc564825b797f405526e5c44 7dd47eaccc254c81906963b11394a8e3 - - default default] Successfully bumped revision number for resource 4b6de262-18d7-485e-a748-eae104ee2806 (type: security_group_rules) to 0 [pid: 7|app: 0|req: 801/1479] 10.0.0.3 () {32 vars in 772 bytes} [Wed Jul 1 02:01:43 2026] GET /v2.0/security-groups?tenant_id=98c512de35054e27ad04e19efe8539cf&name=default => generated 2925 bytes in 310 msecs (HTTP/1.1 200) 4 headers in 158 bytes (1 switches on core 0) [pid: 8|app: 0|req: 679/1480] 10.0.0.3 () {32 vars in 738 bytes} [Wed Jul 1 02:01:43 2026] DELETE /v2.0/security-groups/dfbc10d8-b92c-4a43-9a1f-b944a668092c => generated 0 bytes in 299 msecs (HTTP/1.1 204) 2 headers in 112 bytes (1 switches on core 0)
2026-07-01 02:01:44.288 7 INFO neutron.db.ovn_revision_numbers_db [None req-8c316856-0593-40a7-b367-a28d75ec58ef 80936d1243e64a1fb48f1655a0fe8bf8 ece2990072fe41b9b0da50ec092dbb35 - - default default] Successfully bumped revision number for resource c09f4c76-8118-40e9-a611-ce6be6c4f5e5 (type: security_groups) to 1
2026-07-01 02:01:44.298 7 INFO neutron.db.ovn_revision_numbers_db [None req-8c316856-0593-40a7-b367-a28d75ec58ef 80936d1243e64a1fb48f1655a0fe8bf8 ece2990072fe41b9b0da50ec092dbb35 - - default default] Successfully bumped revision number for resource 43313708-abc6-4092-9149-eb536d08c4b4 (type: security_group_rules) to 0
2026-07-01 02:01:44.311 7 INFO neutron.db.ovn_revision_numbers_db [None req-8c316856-0593-40a7-b367-a28d75ec58ef 80936d1243e64a1fb48f1655a0fe8bf8 ece2990072fe41b9b0da50ec092dbb35 - - default default] Successfully bumped revision number for resource dac70f0f-dbef-4c74-be10-6e225f15e344 (type: security_group_rules) to 0
2026-07-01 02:01:44.324 7 INFO neutron.db.ovn_revision_numbers_db [None req-8c316856-0593-40a7-b367-a28d75ec58ef 80936d1243e64a1fb48f1655a0fe8bf8 ece2990072fe41b9b0da50ec092dbb35 - - default default] Successfully bumped revision number for resource daea5ba2-3ca9-4294-ae08-58ac755358c8 (type: security_group_rules) to 0
2026-07-01 02:01:44.335 7 INFO neutron.db.ovn_revision_numbers_db [None req-8c316856-0593-40a7-b367-a28d75ec58ef 80936d1243e64a1fb48f1655a0fe8bf8 ece2990072fe41b9b0da50ec092dbb35 - - default default] Successfully bumped revision number for resource f8747fef-9329-4f2c-a44f-665b9384e9f1 (type: security_group_rules) to 0
2026-07-01 02:01:44.465 7 INFO neutron.db.ovn_revision_numbers_db [None req-8c316856-0593-40a7-b367-a28d75ec58ef 80936d1243e64a1fb48f1655a0fe8bf8 ece2990072fe41b9b0da50ec092dbb35 - - default default] Successfully bumped revision number for resource e707ac4f-5fe0-4a5c-8ff7-317e6aa6e504 (type: security_groups) to 1
2026-07-01 02:01:44.473 7 INFO neutron.db.ovn_revision_numbers_db [None req-8c316856-0593-40a7-b367-a28d75ec58ef 80936d1243e64a1fb48f1655a0fe8bf8 ece2990072fe41b9b0da50ec092dbb35 - - default default] Successfully bumped revision number for resource 412246ec-f88b-44d5-b978-13584eecf3e0 (type: security_group_rules) to 0
2026-07-01 02:01:44.483 7 INFO neutron.db.ovn_revision_numbers_db [None req-8c316856-0593-40a7-b367-a28d75ec58ef 80936d1243e64a1fb48f1655a0fe8bf8 ece2990072fe41b9b0da50ec092dbb35 - - default default] Successfully bumped revision number for resource abb906a4-66af-403a-94f5-276535d3b37d (type: security_group_rules) to 0 [pid: 7|app: 0|req: 802/1481] 10.0.0.3 () {34 vars in 682 bytes} [Wed Jul 1 02:01:43 2026] POST /v2.0/security-groups => generated 1625 bytes in 553 msecs (HTTP/1.1 201) 4 headers in 163 bytes (1 switches on core 0)
2026-07-01 02:01:44.641 7 INFO neutron.db.ovn_revision_numbers_db [None req-040a0640-dc5a-44a0-bee2-4b2084470126 ec8022aedc564825b797f405526e5c44 7dd47eaccc254c81906963b11394a8e3 - - default default] Successfully bumped revision number for resource bba9eae4-a146-46bb-9e6b-c32c76146496 (type: security_groups) to 1
2026-07-01 02:01:44.643 8 INFO neutron.db.ovn_revision_numbers_db [None req-26465b8e-4aaf-4f47-8cad-4d0aed68894e ec8022aedc564825b797f405526e5c44 7dd47eaccc254c81906963b11394a8e3 - - default default] Successfully bumped revision number for resource f99fd781-7665-45a7-a1ff-30127e8df261 (type: security_groups) to 1
2026-07-01 02:01:44.655 8 INFO neutron.db.ovn_revision_numbers_db [None req-26465b8e-4aaf-4f47-8cad-4d0aed68894e ec8022aedc564825b797f405526e5c44 7dd47eaccc254c81906963b11394a8e3 - - default default] Successfully bumped revision number for resource 4d420802-3574-497b-a106-e1b3eb74a054 (type: security_group_rules) to 0
2026-07-01 02:01:44.658 7 INFO neutron.db.ovn_revision_numbers_db [None req-040a0640-dc5a-44a0-bee2-4b2084470126 ec8022aedc564825b797f405526e5c44 7dd47eaccc254c81906963b11394a8e3 - - default default] Successfully bumped revision number for resource 4460535f-9c26-493c-8407-3582646a230a (type: security_group_rules) to 0
2026-07-01 02:01:44.668 8 INFO neutron.db.ovn_revision_numbers_db [None req-26465b8e-4aaf-4f47-8cad-4d0aed68894e ec8022aedc564825b797f405526e5c44 7dd47eaccc254c81906963b11394a8e3 - - default default] Successfully bumped revision number for resource a69fe32d-08d7-41dc-9012-77e64483ab52 (type: security_group_rules) to 0
2026-07-01 02:01:44.671 7 INFO neutron.db.ovn_revision_numbers_db [None req-040a0640-dc5a-44a0-bee2-4b2084470126 ec8022aedc564825b797f405526e5c44 7dd47eaccc254c81906963b11394a8e3 - - default default] Successfully bumped revision number for resource 7f761d98-5e0f-4915-b139-db13f3f3ac86 (type: security_group_rules) to 0
2026-07-01 02:01:44.680 8 INFO neutron.db.ovn_revision_numbers_db [None req-26465b8e-4aaf-4f47-8cad-4d0aed68894e ec8022aedc564825b797f405526e5c44 7dd47eaccc254c81906963b11394a8e3 - - default default] Successfully bumped revision number for resource ba7fab59-4c94-4846-b1c9-122e9909f62b (type: security_group_rules) to 0
2026-07-01 02:01:44.682 7 INFO neutron.db.ovn_revision_numbers_db [None req-040a0640-dc5a-44a0-bee2-4b2084470126 ec8022aedc564825b797f405526e5c44 7dd47eaccc254c81906963b11394a8e3 - - default default] Successfully bumped revision number for resource 8ee363ef-d2c5-4594-b8a6-73428fbf7357 (type: security_group_rules) to 0
2026-07-01 02:01:44.691 8 INFO neutron.db.ovn_revision_numbers_db [None req-26465b8e-4aaf-4f47-8cad-4d0aed68894e ec8022aedc564825b797f405526e5c44 7dd47eaccc254c81906963b11394a8e3 - - default default] Successfully bumped revision number for resource c56a3add-ee59-4fcc-9fe4-2b5f916895cd (type: security_group_rules) to 0
2026-07-01 02:01:44.694 7 INFO neutron.db.ovn_revision_numbers_db [None req-040a0640-dc5a-44a0-bee2-4b2084470126 ec8022aedc564825b797f405526e5c44 7dd47eaccc254c81906963b11394a8e3 - - default default] Successfully bumped revision number for resource cbfdbf67-e70f-4ac4-83e9-7ab72367e016 (type: security_group_rules) to 0 [pid: 8|app: 0|req: 680/1482] 10.0.0.3 () {32 vars in 772 bytes} [Wed Jul 1 02:01:44 2026] GET /v2.0/security-groups?tenant_id=c9f4b4af69f54405ad40457ae7de9a6a&name=default => generated 2925 bytes in 401 msecs (HTTP/1.1 200) 4 headers in 158 bytes (1 switches on core 0) [pid: 7|app: 0|req: 803/1483] 10.0.0.3 () {32 vars in 772 bytes} [Wed Jul 1 02:01:44 2026] GET /v2.0/security-groups?tenant_id=df0e726680a249b7a088e9ba109851bd&name=default => generated 2925 bytes in 220 msecs (HTTP/1.1 200) 4 headers in 158 bytes (1 switches on core 0) [pid: 8|app: 0|req: 681/1484] 10.0.0.3 () {32 vars in 661 bytes} [Wed Jul 1 02:01:44 2026] GET /v2.0/security-groups => generated 4530 bytes in 38 msecs (HTTP/1.1 200) 4 headers in 158 bytes (1 switches on core 0) [pid: 7|app: 0|req: 804/1485] 10.0.0.3 () {32 vars in 738 bytes} [Wed Jul 1 02:01:44 2026] DELETE /v2.0/security-groups/f99fd781-7665-45a7-a1ff-30127e8df261 => generated 0 bytes in 219 msecs (HTTP/1.1 204) 2 headers in 112 bytes (1 switches on core 0) [pid: 8|app: 0|req: 682/1486] 10.0.0.3 () {32 vars in 738 bytes} [Wed Jul 1 02:01:44 2026] DELETE /v2.0/security-groups/bba9eae4-a146-46bb-9e6b-c32c76146496 => generated 0 bytes in 243 msecs (HTTP/1.1 204) 2 headers in 112 bytes (1 switches on core 0)
2026-07-01 02:01:45.016 7 INFO neutron.db.ovn_revision_numbers_db [None req-aa6188ab-bba1-450d-a580-5cec3972c0a5 80936d1243e64a1fb48f1655a0fe8bf8 ece2990072fe41b9b0da50ec092dbb35 - - default default] Successfully bumped revision number for resource e707ac4f-5fe0-4a5c-8ff7-317e6aa6e504 (type: security_groups) to 2 [pid: 7|app: 0|req: 805/1487] 10.0.0.3 () {34 vars in 756 bytes} [Wed Jul 1 02:01:44 2026] PUT /v2.0/security-groups/e707ac4f-5fe0-4a5c-8ff7-317e6aa6e504 => generated 1663 bytes in 87 msecs (HTTP/1.1 200) 4 headers in 158 bytes (1 switches on core 0) [pid: 8|app: 0|req: 683/1488] 10.0.0.3 () {32 vars in 735 bytes} [Wed Jul 1 02:01:45 2026] GET /v2.0/security-groups/e707ac4f-5fe0-4a5c-8ff7-317e6aa6e504 => generated 1663 bytes in 25 msecs (HTTP/1.1 200) 4 headers in 158 bytes (1 switches on core 0)
2026-07-01 02:01:45.170 7 INFO neutron.db.ovn_revision_numbers_db [None req-a2cd7674-cfd3-4e7b-a402-55f9c5e48595 ec8022aedc564825b797f405526e5c44 7dd47eaccc254c81906963b11394a8e3 - - default default] Successfully bumped revision number for resource f2e12758-3c8b-4680-98f2-88d88ec5884b (type: security_groups) to 1
2026-07-01 02:01:45.186 7 INFO neutron.db.ovn_revision_numbers_db [None req-a2cd7674-cfd3-4e7b-a402-55f9c5e48595 ec8022aedc564825b797f405526e5c44 7dd47eaccc254c81906963b11394a8e3 - - default default] Successfully bumped revision number for resource 0089405a-a04a-4953-bf10-aa7050443047 (type: security_group_rules) to 0 [pid: 8|app: 0|req: 684/1489] 10.0.0.3 () {32 vars in 738 bytes} [Wed Jul 1 02:01:45 2026] DELETE /v2.0/security-groups/e707ac4f-5fe0-4a5c-8ff7-317e6aa6e504 => generated 0 bytes in 126 msecs (HTTP/1.1 204) 2 headers in 112 bytes (1 switches on core 0)
2026-07-01 02:01:45.197 7 INFO neutron.db.ovn_revision_numbers_db [None req-a2cd7674-cfd3-4e7b-a402-55f9c5e48595 ec8022aedc564825b797f405526e5c44 7dd47eaccc254c81906963b11394a8e3 - - default default] Successfully bumped revision number for resource 0a94726f-e50c-4ce0-b055-fdd287d8dba4 (type: security_group_rules) to 0
2026-07-01 02:01:45.207 7 INFO neutron.db.ovn_revision_numbers_db [None req-a2cd7674-cfd3-4e7b-a402-55f9c5e48595 ec8022aedc564825b797f405526e5c44 7dd47eaccc254c81906963b11394a8e3 - - default default] Successfully bumped revision number for resource ecd9c6a5-8bfd-4ef9-8911-fb0fd1a41364 (type: security_group_rules) to 0
2026-07-01 02:01:45.218 7 INFO neutron.db.ovn_revision_numbers_db [None req-a2cd7674-cfd3-4e7b-a402-55f9c5e48595 ec8022aedc564825b797f405526e5c44 7dd47eaccc254c81906963b11394a8e3 - - default default] Successfully bumped revision number for resource f8b92d3c-c19c-4050-ab2a-fed3e5c19312 (type: security_group_rules) to 0 [pid: 8|app: 0|req: 685/1490] 10.0.0.3 () {32 vars in 661 bytes} [Wed Jul 1 02:01:45 2026] GET /v2.0/security-groups => generated 2925 bytes in 32 msecs (HTTP/1.1 200) 4 headers in 158 bytes (1 switches on core 0) [pid: 7|app: 0|req: 806/1491] 10.0.0.3 () {32 vars in 772 bytes} [Wed Jul 1 02:01:45 2026] GET /v2.0/security-groups?tenant_id=1b1e55a9f6ff4b038577f5ef2168cd5f&name=default => generated 2925 bytes in 203 msecs (HTTP/1.1 200) 4 headers in 158 bytes (1 switches on core 0)
2026-07-01 02:01:45.251 8 INFO neutron.api.v2.resource [None req-1f076d99-68e9-4f4c-9e10-187a4dca838e 80936d1243e64a1fb48f1655a0fe8bf8 ece2990072fe41b9b0da50ec092dbb35 - - default default] delete failed (client error): The resource could not be found. [pid: 8|app: 0|req: 686/1492] 10.0.0.3 () {32 vars in 738 bytes} [Wed Jul 1 02:01:45 2026] DELETE /v2.0/security-groups/e707ac4f-5fe0-4a5c-8ff7-317e6aa6e504 => generated 146 bytes in 14 msecs (HTTP/1.1 404) 4 headers in 164 bytes (1 switches on core 0)
2026-07-01 02:01:45.363 8 INFO neutron.db.ovn_revision_numbers_db [None req-a25dbbb5-6358-4c44-8a03-51b31c9584f8 80936d1243e64a1fb48f1655a0fe8bf8 ece2990072fe41b9b0da50ec092dbb35 - - default default] Successfully bumped revision number for resource af6d82f7-3c1f-4503-a549-1dde8da06c41 (type: security_groups) to 1
2026-07-01 02:01:45.377 8 INFO neutron.db.ovn_revision_numbers_db [None req-a25dbbb5-6358-4c44-8a03-51b31c9584f8 80936d1243e64a1fb48f1655a0fe8bf8 ece2990072fe41b9b0da50ec092dbb35 - - default default] Successfully bumped revision number for resource 4eef3001-b623-4e64-aca6-6f39a9da4335 (type: security_group_rules) to 0
2026-07-01 02:01:45.388 8 INFO neutron.db.ovn_revision_numbers_db [None req-a25dbbb5-6358-4c44-8a03-51b31c9584f8 80936d1243e64a1fb48f1655a0fe8bf8 ece2990072fe41b9b0da50ec092dbb35 - - default default] Successfully bumped revision number for resource b179a42c-fe5a-4155-b83d-e2ca95dc3660 (type: security_group_rules) to 0 [pid: 8|app: 0|req: 687/1493] 10.0.0.3 () {34 vars in 682 bytes} [Wed Jul 1 02:01:45 2026] POST /v2.0/security-groups => generated 1623 bytes in 176 msecs (HTTP/1.1 201) 4 headers in 163 bytes (1 switches on core 0) [pid: 7|app: 0|req: 807/1494] 10.0.0.3 () {32 vars in 738 bytes} [Wed Jul 1 02:01:45 2026] DELETE /v2.0/security-groups/f2e12758-3c8b-4680-98f2-88d88ec5884b => generated 0 bytes in 238 msecs (HTTP/1.1 204) 2 headers in 112 bytes (1 switches on core 0)
2026-07-01 02:01:45.570 8 INFO neutron.db.ovn_revision_numbers_db [None req-ac9023bb-ea30-4c1c-9c08-a0ca08fa184c 80936d1243e64a1fb48f1655a0fe8bf8 ece2990072fe41b9b0da50ec092dbb35 - - default default] Successfully bumped revision number for resource f6a16420-54be-4c25-9220-ec0d0dcc352e (type: security_group_rules) to 0 [pid: 8|app: 0|req: 688/1495] 10.0.0.3 () {34 vars in 693 bytes} [Wed Jul 1 02:01:45 2026] POST /v2.0/security-group-rules => generated 601 bytes in 165 msecs (HTTP/1.1 201) 4 headers in 162 bytes (1 switches on core 0) [pid: 7|app: 0|req: 808/1496] 10.0.0.3 () {32 vars in 745 bytes} [Wed Jul 1 02:01:45 2026] GET /v2.0/security-group-rules/f6a16420-54be-4c25-9220-ec0d0dcc352e => generated 601 bytes in 23 msecs (HTTP/1.1 200) 4 headers in 157 bytes (1 switches on core 0) [pid: 8|app: 0|req: 689/1497] 10.0.0.3 () {32 vars in 671 bytes} [Wed Jul 1 02:01:45 2026] GET /v2.0/security-group-rules => generated 4138 bytes in 70 msecs (HTTP/1.1 200) 4 headers in 158 bytes (1 switches on core 0) [pid: 7|app: 0|req: 809/1498] 10.0.0.3 () {32 vars in 748 bytes} [Wed Jul 1 02:01:45 2026] DELETE /v2.0/security-group-rules/f6a16420-54be-4c25-9220-ec0d0dcc352e => generated 0 bytes in 124 msecs (HTTP/1.1 204) 2 headers in 112 bytes (1 switches on core 0) [pid: 8|app: 0|req: 690/1499] 10.0.0.3 () {32 vars in 671 bytes} [Wed Jul 1 02:01:45 2026] GET /v2.0/security-group-rules => generated 3560 bytes in 70 msecs (HTTP/1.1 200) 4 headers in 158 bytes (1 switches on core 0)
2026-07-01 02:01:46.062 7 INFO neutron.db.ovn_revision_numbers_db [None req-5343f3b4-1b83-4c3e-8c61-1bdcce8e154d 80936d1243e64a1fb48f1655a0fe8bf8 ece2990072fe41b9b0da50ec092dbb35 - - default default] Successfully bumped revision number for resource 245b6b92-f78a-4712-b2ab-a58ac9b98685 (type: security_group_rules) to 0 [pid: 7|app: 0|req: 810/1500] 10.0.0.3 () {34 vars in 693 bytes} [Wed Jul 1 02:01:45 2026] POST /v2.0/security-group-rules => generated 601 bytes in 183 msecs (HTTP/1.1 201) 4 headers in 162 bytes (1 switches on core 0) [pid: 8|app: 0|req: 691/1501] 10.0.0.3 () {32 vars in 745 bytes} [Wed Jul 1 02:01:46 2026] GET /v2.0/security-group-rules/245b6b92-f78a-4712-b2ab-a58ac9b98685 => generated 601 bytes in 36 msecs (HTTP/1.1 200) 4 headers in 157 bytes (1 switches on core 0) [pid: 7|app: 0|req: 811/1502] 10.0.0.3 () {32 vars in 671 bytes} [Wed Jul 1 02:01:46 2026] GET /v2.0/security-group-rules => generated 4138 bytes in 80 msecs (HTTP/1.1 200) 4 headers in 158 bytes (1 switches on core 0) [pid: 8|app: 0|req: 692/1503] 10.0.0.3 () {32 vars in 748 bytes} [Wed Jul 1 02:01:46 2026] DELETE /v2.0/security-group-rules/245b6b92-f78a-4712-b2ab-a58ac9b98685 => generated 0 bytes in 121 msecs (HTTP/1.1 204) 2 headers in 112 bytes (1 switches on core 0) [pid: 7|app: 0|req: 812/1504] 10.0.0.3 () {32 vars in 671 bytes} [Wed Jul 1 02:01:46 2026] GET /v2.0/security-group-rules => generated 3560 bytes in 74 msecs (HTTP/1.1 200) 4 headers in 158 bytes (1 switches on core 0)
2026-07-01 02:01:46.471 8 INFO neutron.db.securitygroups_db [None req-2019c553-5a66-4b9d-a3c4-0260ea257c6b 80936d1243e64a1fb48f1655a0fe8bf8 ece2990072fe41b9b0da50ec092dbb35 - - default default] Project ece2990072fe41b9b0da50ec092dbb35 added a security group rule with legacy IPv6 ICMP protocol name icmp, ipv6-icmp should be used instead. It was automatically converted.
2026-07-01 02:01:46.566 8 INFO neutron.db.ovn_revision_numbers_db [None req-2019c553-5a66-4b9d-a3c4-0260ea257c6b 80936d1243e64a1fb48f1655a0fe8bf8 ece2990072fe41b9b0da50ec092dbb35 - - default default] Successfully bumped revision number for resource 70380713-70b5-4010-ad34-735791eff1b2 (type: security_group_rules) to 0 [pid: 8|app: 0|req: 693/1505] 10.0.0.3 () {34 vars in 693 bytes} [Wed Jul 1 02:01:46 2026] POST /v2.0/security-group-rules => generated 607 bytes in 162 msecs (HTTP/1.1 201) 4 headers in 162 bytes (1 switches on core 0) [pid: 7|app: 0|req: 813/1506] 10.0.0.3 () {32 vars in 745 bytes} [Wed Jul 1 02:01:46 2026] GET /v2.0/security-group-rules/70380713-70b5-4010-ad34-735791eff1b2 => generated 607 bytes in 18 msecs (HTTP/1.1 200) 4 headers in 157 bytes (1 switches on core 0) [pid: 8|app: 0|req: 694/1507] 10.0.0.3 () {32 vars in 671 bytes} [Wed Jul 1 02:01:46 2026] GET /v2.0/security-group-rules => generated 4144 bytes in 67 msecs (HTTP/1.1 200) 4 headers in 158 bytes (1 switches on core 0) [pid: 7|app: 0|req: 814/1508] 10.0.0.3 () {32 vars in 748 bytes} [Wed Jul 1 02:01:46 2026] DELETE /v2.0/security-group-rules/70380713-70b5-4010-ad34-735791eff1b2 => generated 0 bytes in 114 msecs (HTTP/1.1 204) 2 headers in 112 bytes (1 switches on core 0) [pid: 8|app: 0|req: 695/1509] 10.0.0.3 () {32 vars in 671 bytes} [Wed Jul 1 02:01:46 2026] GET /v2.0/security-group-rules => generated 3560 bytes in 54 msecs (HTTP/1.1 200) 4 headers in 158 bytes (1 switches on core 0) [pid: 7|app: 0|req: 815/1510] 10.0.0.3 () {32 vars in 738 bytes} [Wed Jul 1 02:01:46 2026] DELETE /v2.0/security-groups/af6d82f7-3c1f-4503-a549-1dde8da06c41 => generated 0 bytes in 125 msecs (HTTP/1.1 204) 2 headers in 112 bytes (1 switches on core 0) [pid: 8|app: 0|req: 696/1511] 10.0.0.3 () {32 vars in 661 bytes} [Wed Jul 1 02:01:47 2026] GET /v2.0/security-groups => generated 2925 bytes in 29 msecs (HTTP/1.1 200) 4 headers in 158 bytes (1 switches on core 0) [pid: 7|app: 0|req: 816/1512] 10.0.0.3 () {32 vars in 661 bytes} [Wed Jul 1 02:01:47 2026] GET /v2.0/security-groups => generated 2925 bytes in 45 msecs (HTTP/1.1 200) 4 headers in 158 bytes (1 switches on core 0)
2026-07-01 02:01:47.537 8 INFO neutron.db.ovn_revision_numbers_db [None req-4c94f541-18e9-4835-ac25-d367b8059889 5d6de0cbf474468089e538d84419f331 d690ae45b012437885fd565e9e572d6d - - default default] Successfully bumped revision number for resource 36f2daa3-9a86-4e11-ade0-fe87a10c33bb (type: security_groups) to 1
2026-07-01 02:01:47.550 8 INFO neutron.db.ovn_revision_numbers_db [None req-4c94f541-18e9-4835-ac25-d367b8059889 5d6de0cbf474468089e538d84419f331 d690ae45b012437885fd565e9e572d6d - - default default] Successfully bumped revision number for resource 17c117e9-9b74-4a12-913b-d5f4beb3cc6a (type: security_group_rules) to 0
2026-07-01 02:01:47.564 8 INFO neutron.db.ovn_revision_numbers_db [None req-4c94f541-18e9-4835-ac25-d367b8059889 5d6de0cbf474468089e538d84419f331 d690ae45b012437885fd565e9e572d6d - - default default] Successfully bumped revision number for resource 583236bf-2592-42e9-845e-998f06c39ba1 (type: security_group_rules) to 0
2026-07-01 02:01:47.579 8 INFO neutron.db.ovn_revision_numbers_db [None req-4c94f541-18e9-4835-ac25-d367b8059889 5d6de0cbf474468089e538d84419f331 d690ae45b012437885fd565e9e572d6d - - default default] Successfully bumped revision number for resource 76c8851d-131f-4cab-bd8e-f7a473675a1a (type: security_group_rules) to 0
2026-07-01 02:01:47.595 8 INFO neutron.db.ovn_revision_numbers_db [None req-4c94f541-18e9-4835-ac25-d367b8059889 5d6de0cbf474468089e538d84419f331 d690ae45b012437885fd565e9e572d6d - - default default] Successfully bumped revision number for resource a1854b1a-64e0-4df1-9fc0-56fbf5f88123 (type: security_group_rules) to 0 [pid: 7|app: 0|req: 817/1513] 10.0.0.3 () {32 vars in 772 bytes} [Wed Jul 1 02:01:47 2026] GET /v2.0/security-groups?tenant_id=ece2990072fe41b9b0da50ec092dbb35&name=default => generated 2925 bytes in 61 msecs (HTTP/1.1 200) 4 headers in 158 bytes (1 switches on core 0)
2026-07-01 02:01:47.688 8 INFO neutron.db.segments_db [None req-4c94f541-18e9-4835-ac25-d367b8059889 5d6de0cbf474468089e538d84419f331 d690ae45b012437885fd565e9e572d6d - - default default] Added segment 4daef826-157d-46ff-ba01-6f872b76e404 of type geneve for network b31c01e2-0d01-4806-ba51-b9c57427639d
2026-07-01 02:01:47.781 8 INFO neutron.db.segments_db [None req-4c94f541-18e9-4835-ac25-d367b8059889 5d6de0cbf474468089e538d84419f331 d690ae45b012437885fd565e9e572d6d - - default default] Added segment c77127db-a738-4648-ae89-33cf38c11d97 of type geneve for network 748f2a84-9bc7-4e6a-a0b1-330a384a4605 [pid: 7|app: 0|req: 818/1514] 10.0.0.3 () {32 vars in 738 bytes} [Wed Jul 1 02:01:47 2026] DELETE /v2.0/security-groups/c09f4c76-8118-40e9-a611-ce6be6c4f5e5 => generated 0 bytes in 214 msecs (HTTP/1.1 204) 2 headers in 112 bytes (1 switches on core 0)
2026-07-01 02:01:47.914 8 INFO neutron.db.ovn_revision_numbers_db [None req-4c94f541-18e9-4835-ac25-d367b8059889 5d6de0cbf474468089e538d84419f331 d690ae45b012437885fd565e9e572d6d - - default default] Successfully bumped revision number for resource b31c01e2-0d01-4806-ba51-b9c57427639d (type: networks) to 1
2026-07-01 02:01:48.094 8 WARNING neutron.scheduler.dhcp_agent_scheduler [None req-4c94f541-18e9-4835-ac25-d367b8059889 5d6de0cbf474468089e538d84419f331 d690ae45b012437885fd565e9e572d6d - - default default] No more DHCP agents
2026-07-01 02:01:48.095 8 WARNING neutron.api.rpc.agentnotifiers.dhcp_rpc_agent_api [None req-4c94f541-18e9-4835-ac25-d367b8059889 5d6de0cbf474468089e538d84419f331 d690ae45b012437885fd565e9e572d6d - - default default] Unable to schedule network b31c01e2-0d01-4806-ba51-b9c57427639d: no agents available; will retry on subsequent port and subnet creation events.
2026-07-01 02:01:48.142 7 INFO neutron.plugins.ml2.drivers.ovn.mech_driver.mech_driver [None req-9f269090-765d-406b-a0ff-518e2d396beb - - - - - -] OVN reports status down for port: 736be4c5-a999-49b4-adbd-a636a1082e28
2026-07-01 02:01:48.174 8 INFO neutron.db.ovn_revision_numbers_db [None req-4c94f541-18e9-4835-ac25-d367b8059889 5d6de0cbf474468089e538d84419f331 d690ae45b012437885fd565e9e572d6d - - default default] Successfully bumped revision number for resource 736be4c5-a999-49b4-adbd-a636a1082e28 (type: ports) to 1
2026-07-01 02:01:48.262 8 INFO neutron.db.ovn_revision_numbers_db [None req-4c94f541-18e9-4835-ac25-d367b8059889 5d6de0cbf474468089e538d84419f331 d690ae45b012437885fd565e9e572d6d - - default default] Successfully bumped revision number for resource 748f2a84-9bc7-4e6a-a0b1-330a384a4605 (type: networks) to 1
2026-07-01 02:01:48.444 8 WARNING neutron.scheduler.dhcp_agent_scheduler [None req-4c94f541-18e9-4835-ac25-d367b8059889 5d6de0cbf474468089e538d84419f331 d690ae45b012437885fd565e9e572d6d - - default default] No more DHCP agents
2026-07-01 02:01:48.445 8 WARNING neutron.api.rpc.agentnotifiers.dhcp_rpc_agent_api [None req-4c94f541-18e9-4835-ac25-d367b8059889 5d6de0cbf474468089e538d84419f331 d690ae45b012437885fd565e9e572d6d - - default default] Unable to schedule network 748f2a84-9bc7-4e6a-a0b1-330a384a4605: no agents available; will retry on subsequent port and subnet creation events.
2026-07-01 02:01:48.493 8 INFO neutron.plugins.ml2.drivers.ovn.mech_driver.mech_driver [None req-9aa95a3b-44d9-46dd-b59a-58f31510020e - - - - - -] OVN reports status down for port: 7336eebe-f1dc-4430-bd38-a12b6edb0588
2026-07-01 02:01:48.554 8 INFO neutron.db.ovn_revision_numbers_db [None req-4c94f541-18e9-4835-ac25-d367b8059889 5d6de0cbf474468089e538d84419f331 d690ae45b012437885fd565e9e572d6d - - default default] Successfully bumped revision number for resource 7336eebe-f1dc-4430-bd38-a12b6edb0588 (type: ports) to 1 [pid: 8|app: 0|req: 697/1515] 10.0.0.3 () {34 vars in 668 bytes} [Wed Jul 1 02:01:47 2026] POST /v2.0/networks => generated 1322 bytes in 1449 msecs (HTTP/1.1 201) 4 headers in 163 bytes (1 switches on core 0) [pid: 7|app: 0|req: 819/1516] 10.0.0.3 () {32 vars in 647 bytes} [Wed Jul 1 02:01:48 2026] GET /v2.0/networks => generated 1971 bytes in 58 msecs (HTTP/1.1 200) 4 headers in 158 bytes (1 switches on core 0)
2026-07-01 02:01:48.787 8 INFO neutron_taas.services.taas.taas_plugin [None req-b7da6ed2-7b7b-4b2f-81f4-95894b5bb6c7 5d6de0cbf474468089e538d84419f331 d690ae45b012437885fd565e9e572d6d - - default default] TaaS: Handle Delete Port: 736be4c5-a999-49b4-adbd-a636a1082e28
2026-07-01 02:01:48.790 8 INFO neutron_taas.services.taas.tap_mirror_plugin [None req-b7da6ed2-7b7b-4b2f-81f4-95894b5bb6c7 5d6de0cbf474468089e538d84419f331 d690ae45b012437885fd565e9e572d6d - - default default] Tap Mirror: Handle Delete Port: 736be4c5-a999-49b4-adbd-a636a1082e28
2026-07-01 02:01:48.965 8 INFO neutron.services.segments.plugin [-] Segment 4daef826-157d-46ff-ba01-6f872b76e404 resource provider aggregate not found
2026-07-01 02:01:48.971 8 INFO neutron.services.segments.plugin [-] Segment 4daef826-157d-46ff-ba01-6f872b76e404 resource provider aggregate not found
2026-07-01 02:01:48.989 8 INFO neutron.services.segments.plugin [-] Segment 4daef826-157d-46ff-ba01-6f872b76e404 resource provider not found; error: Placement Client Error (4xx): {"errors": [{"status": 404, "title": "Not Found", "detail": "The resource could not be found.\n\n No resource provider with uuid 4daef826-157d-46ff-ba01-6f872b76e404 found for delete ", "request_id": "req-827b9b09-9789-4487-a7fc-9f2dedb9854f"}]}
2026-07-01 02:01:48.992 8 INFO neutron.services.segments.plugin [-] Segment 4daef826-157d-46ff-ba01-6f872b76e404 resource provider not found; error: Placement Client Error (4xx): {"errors": [{"status": 404, "title": "Not Found", "detail": "The resource could not be found.\n\n No resource provider with uuid 4daef826-157d-46ff-ba01-6f872b76e404 found for delete ", "request_id": "req-95e10feb-3199-4e8b-a92a-2df53285203a"}]} [pid: 8|app: 0|req: 698/1517] 10.0.0.3 () {32 vars in 724 bytes} [Wed Jul 1 02:01:48 2026] DELETE /v2.0/networks/b31c01e2-0d01-4806-ba51-b9c57427639d => generated 0 bytes in 354 msecs (HTTP/1.1 204) 3 headers in 131 bytes (1 switches on core 0)
2026-07-01 02:01:49.134 8 INFO neutron_taas.services.taas.taas_plugin [None req-88ba6ae6-8905-47d8-9033-e85f788a454e 5d6de0cbf474468089e538d84419f331 d690ae45b012437885fd565e9e572d6d - - default default] TaaS: Handle Delete Port: 7336eebe-f1dc-4430-bd38-a12b6edb0588
2026-07-01 02:01:49.136 8 INFO neutron_taas.services.taas.tap_mirror_plugin [None req-88ba6ae6-8905-47d8-9033-e85f788a454e 5d6de0cbf474468089e538d84419f331 d690ae45b012437885fd565e9e572d6d - - default default] Tap Mirror: Handle Delete Port: 7336eebe-f1dc-4430-bd38-a12b6edb0588
2026-07-01 02:01:49.308 7 INFO neutron.db.ovn_revision_numbers_db [None req-a0dfd2e5-7313-4dfb-94cd-092de596f662 ab021e8726c84008bcab2ef61d0c0a8b 2843f891e1c3430eb3d68d5dc974db37 - - default default] Successfully bumped revision number for resource 8159c967-484d-4aa0-b3e8-3e9405e2b061 (type: security_groups) to 1
2026-07-01 02:01:49.318 7 INFO neutron.db.ovn_revision_numbers_db [None req-a0dfd2e5-7313-4dfb-94cd-092de596f662 ab021e8726c84008bcab2ef61d0c0a8b 2843f891e1c3430eb3d68d5dc974db37 - - default default] Successfully bumped revision number for resource 2ffe3368-438f-40cd-af48-0f2ae2949a53 (type: security_group_rules) to 0
2026-07-01 02:01:49.333 7 INFO neutron.db.ovn_revision_numbers_db [None req-a0dfd2e5-7313-4dfb-94cd-092de596f662 ab021e8726c84008bcab2ef61d0c0a8b 2843f891e1c3430eb3d68d5dc974db37 - - default default] Successfully bumped revision number for resource 4a9f6743-2cd9-4d0c-a23d-f9f3ebd98ec3 (type: security_group_rules) to 0
2026-07-01 02:01:49.349 7 INFO neutron.db.ovn_revision_numbers_db [None req-a0dfd2e5-7313-4dfb-94cd-092de596f662 ab021e8726c84008bcab2ef61d0c0a8b 2843f891e1c3430eb3d68d5dc974db37 - - default default] Successfully bumped revision number for resource 4d708d38-9be7-47c6-bf9b-a69f1b0f4c2f (type: security_group_rules) to 0 [pid: 8|app: 0|req: 699/1518] 10.0.0.3 () {32 vars in 724 bytes} [Wed Jul 1 02:01:49 2026] DELETE /v2.0/networks/748f2a84-9bc7-4e6a-a0b1-330a384a4605 => generated 0 bytes in 329 msecs (HTTP/1.1 204) 3 headers in 131 bytes (1 switches on core 0)
2026-07-01 02:01:49.364 7 INFO neutron.db.ovn_revision_numbers_db [None req-a0dfd2e5-7313-4dfb-94cd-092de596f662 ab021e8726c84008bcab2ef61d0c0a8b 2843f891e1c3430eb3d68d5dc974db37 - - default default] Successfully bumped revision number for resource facd7eb1-90d7-45b3-a7e0-70e51893e2de (type: security_group_rules) to 0 [pid: 8|app: 0|req: 700/1519] 10.0.0.3 () {32 vars in 647 bytes} [Wed Jul 1 02:01:49 2026] GET /v2.0/networks => generated 689 bytes in 50 msecs (HTTP/1.1 200) 4 headers in 157 bytes (1 switches on core 0)
2026-07-01 02:01:49.483 7 INFO neutron.db.ovn_revision_numbers_db [None req-a0dfd2e5-7313-4dfb-94cd-092de596f662 ab021e8726c84008bcab2ef61d0c0a8b 2843f891e1c3430eb3d68d5dc974db37 - - default default] Successfully bumped revision number for resource 7d4539c4-c77c-42f4-a426-eb2978f3bdf4 (type: security_groups) to 1
2026-07-01 02:01:49.504 7 INFO neutron.db.ovn_revision_numbers_db [None req-a0dfd2e5-7313-4dfb-94cd-092de596f662 ab021e8726c84008bcab2ef61d0c0a8b 2843f891e1c3430eb3d68d5dc974db37 - - default default] Successfully bumped revision number for resource be0b883b-751e-4d21-9178-66b96faf7457 (type: security_group_rules) to 0
2026-07-01 02:01:49.515 7 INFO neutron.db.ovn_revision_numbers_db [None req-a0dfd2e5-7313-4dfb-94cd-092de596f662 ab021e8726c84008bcab2ef61d0c0a8b 2843f891e1c3430eb3d68d5dc974db37 - - default default] Successfully bumped revision number for resource ccf0d04c-e9d0-4008-8817-90a52ca6015a (type: security_group_rules) to 0
2026-07-01 02:01:49.516 8 INFO neutron.db.segments_db [None req-892abea5-b002-432a-9457-622a8c24bef5 5d6de0cbf474468089e538d84419f331 d690ae45b012437885fd565e9e572d6d - - default default] Added segment f03f90be-9589-4244-a05e-ab856966caa9 of type geneve for network 0534cabc-0f4d-4de8-bcf4-f69fa62346c3 [pid: 7|app: 0|req: 820/1520] 10.0.0.3 () {34 vars in 682 bytes} [Wed Jul 1 02:01:49 2026] POST /v2.0/security-groups => generated 1601 bytes in 539 msecs (HTTP/1.1 201) 4 headers in 163 bytes (1 switches on core 0)
2026-07-01 02:01:49.606 8 INFO neutron.db.ovn_revision_numbers_db [None req-892abea5-b002-432a-9457-622a8c24bef5 5d6de0cbf474468089e538d84419f331 d690ae45b012437885fd565e9e572d6d - - default default] Successfully bumped revision number for resource 0534cabc-0f4d-4de8-bcf4-f69fa62346c3 (type: networks) to 1
2026-07-01 02:01:49.765 8 WARNING neutron.scheduler.dhcp_agent_scheduler [None req-892abea5-b002-432a-9457-622a8c24bef5 5d6de0cbf474468089e538d84419f331 d690ae45b012437885fd565e9e572d6d - - default default] No more DHCP agents
2026-07-01 02:01:49.767 8 WARNING neutron.api.rpc.agentnotifiers.dhcp_rpc_agent_api [None req-892abea5-b002-432a-9457-622a8c24bef5 5d6de0cbf474468089e538d84419f331 d690ae45b012437885fd565e9e572d6d - - default default] Unable to schedule network 0534cabc-0f4d-4de8-bcf4-f69fa62346c3: no agents available; will retry on subsequent port and subnet creation events.
2026-07-01 02:01:49.770 7 INFO neutron.db.ovn_revision_numbers_db [None req-3f643c1d-fa48-4c6c-9485-435ed1e30118 90c8798fc6ce49a9873f7b4b0b94f432 223e1ebfe6cd432396ffae8f7f0049f0 - - default default] Successfully bumped revision number for resource 0f368450-1622-4f53-bb3f-24782b3fb8ba (type: security_groups) to 1
2026-07-01 02:01:49.782 7 INFO neutron.db.ovn_revision_numbers_db [None req-3f643c1d-fa48-4c6c-9485-435ed1e30118 90c8798fc6ce49a9873f7b4b0b94f432 223e1ebfe6cd432396ffae8f7f0049f0 - - default default] Successfully bumped revision number for resource 80982b69-de81-4942-a4ef-e2c75fdb5619 (type: security_group_rules) to 0
2026-07-01 02:01:49.794 7 INFO neutron.db.ovn_revision_numbers_db [None req-3f643c1d-fa48-4c6c-9485-435ed1e30118 90c8798fc6ce49a9873f7b4b0b94f432 223e1ebfe6cd432396ffae8f7f0049f0 - - default default] Successfully bumped revision number for resource b1969ee7-bf34-4ff4-a2ad-d60de6b64184 (type: security_group_rules) to 0
2026-07-01 02:01:49.821 7 INFO neutron.db.ovn_revision_numbers_db [None req-3f643c1d-fa48-4c6c-9485-435ed1e30118 90c8798fc6ce49a9873f7b4b0b94f432 223e1ebfe6cd432396ffae8f7f0049f0 - - default default] Successfully bumped revision number for resource d1a4e0fb-abf7-4298-a687-47b8ec5911c3 (type: security_group_rules) to 0
2026-07-01 02:01:49.824 7 INFO neutron.plugins.ml2.drivers.ovn.mech_driver.mech_driver [None req-9f269090-765d-406b-a0ff-518e2d396beb - - - - - -] OVN reports status down for port: 3bba163f-8df2-4fdc-a64a-484605a65a00
2026-07-01 02:01:49.838 7 INFO neutron.db.ovn_revision_numbers_db [None req-3f643c1d-fa48-4c6c-9485-435ed1e30118 90c8798fc6ce49a9873f7b4b0b94f432 223e1ebfe6cd432396ffae8f7f0049f0 - - default default] Successfully bumped revision number for resource d7bc6b76-5312-438f-99a9-9a36590f6636 (type: security_group_rules) to 0
2026-07-01 02:01:49.841 8 INFO neutron.db.ovn_revision_numbers_db [None req-892abea5-b002-432a-9457-622a8c24bef5 5d6de0cbf474468089e538d84419f331 d690ae45b012437885fd565e9e572d6d - - default default] Successfully bumped revision number for resource 3bba163f-8df2-4fdc-a64a-484605a65a00 (type: ports) to 1 [pid: 8|app: 0|req: 701/1521] 10.0.0.3 () {34 vars in 668 bytes} [Wed Jul 1 02:01:49 2026] POST /v2.0/networks => generated 691 bytes in 446 msecs (HTTP/1.1 201) 4 headers in 162 bytes (1 switches on core 0)
2026-07-01 02:01:49.963 8 INFO neutron.db.ovn_revision_numbers_db [None req-6dbdb921-552c-4028-9923-7264719e442a ab021e8726c84008bcab2ef61d0c0a8b 2843f891e1c3430eb3d68d5dc974db37 - - default default] Successfully bumped revision number for resource 80e97f58-b8d3-4457-acaa-13afd41ef9dc (type: security_groups) to 1
2026-07-01 02:01:49.977 7 INFO neutron.db.ovn_revision_numbers_db [None req-3f643c1d-fa48-4c6c-9485-435ed1e30118 90c8798fc6ce49a9873f7b4b0b94f432 223e1ebfe6cd432396ffae8f7f0049f0 - - default default] Successfully bumped revision number for resource b22f31b2-d841-4287-8e34-6ca3544031f7 (type: security_groups) to 1
2026-07-01 02:01:49.979 8 INFO neutron.db.ovn_revision_numbers_db [None req-6dbdb921-552c-4028-9923-7264719e442a ab021e8726c84008bcab2ef61d0c0a8b 2843f891e1c3430eb3d68d5dc974db37 - - default default] Successfully bumped revision number for resource cf1becb3-a739-467b-95fc-0b5fd5b50056 (type: security_group_rules) to 0
2026-07-01 02:01:49.988 7 INFO neutron.db.ovn_revision_numbers_db [None req-3f643c1d-fa48-4c6c-9485-435ed1e30118 90c8798fc6ce49a9873f7b4b0b94f432 223e1ebfe6cd432396ffae8f7f0049f0 - - default default] Successfully bumped revision number for resource 0eb84ea7-b9c4-44e2-a5bd-aaa34aed4b32 (type: security_group_rules) to 0
2026-07-01 02:01:49.991 8 INFO neutron.db.ovn_revision_numbers_db [None req-6dbdb921-552c-4028-9923-7264719e442a ab021e8726c84008bcab2ef61d0c0a8b 2843f891e1c3430eb3d68d5dc974db37 - - default default] Successfully bumped revision number for resource d346fce8-696f-47d5-9476-0f8ac10311ff (type: security_group_rules) to 0
2026-07-01 02:01:50.004 7 INFO neutron.db.ovn_revision_numbers_db [None req-3f643c1d-fa48-4c6c-9485-435ed1e30118 90c8798fc6ce49a9873f7b4b0b94f432 223e1ebfe6cd432396ffae8f7f0049f0 - - default default] Successfully bumped revision number for resource ccb623eb-93c3-4f75-9f97-cbd8507823d9 (type: security_group_rules) to 0 [pid: 8|app: 0|req: 702/1522] 10.0.0.3 () {34 vars in 682 bytes} [Wed Jul 1 02:01:49 2026] POST /v2.0/security-groups => generated 1601 bytes in 163 msecs (HTTP/1.1 201) 4 headers in 163 bytes (1 switches on core 0) [pid: 7|app: 0|req: 821/1523] 10.0.0.3 () {34 vars in 682 bytes} [Wed Jul 1 02:01:49 2026] POST /v2.0/security-groups => generated 1625 bytes in 488 msecs (HTTP/1.1 201) 4 headers in 163 bytes (1 switches on core 0)
2026-07-01 02:01:50.113 8 INFO neutron.db.segments_db [None req-0720a209-90be-47ea-91e7-ffe4f1a222ad 5d6de0cbf474468089e538d84419f331 d690ae45b012437885fd565e9e572d6d - - default default] Added segment f075d49a-87d8-4acc-90b9-6af954d21197 of type geneve for network d82bf26b-a1bb-4d19-a2eb-bb078ef4fcf3
2026-07-01 02:01:50.136 7 INFO neutron.db.ovn_revision_numbers_db [None req-3090cc3b-1e62-481c-bdc5-d4e686f07ee3 ab021e8726c84008bcab2ef61d0c0a8b 2843f891e1c3430eb3d68d5dc974db37 - - default default] Successfully bumped revision number for resource c482eb4b-96d0-4bc3-a4a3-d9d5ec96beab (type: security_groups) to 1
2026-07-01 02:01:50.148 7 INFO neutron.db.ovn_revision_numbers_db [None req-3090cc3b-1e62-481c-bdc5-d4e686f07ee3 ab021e8726c84008bcab2ef61d0c0a8b 2843f891e1c3430eb3d68d5dc974db37 - - default default] Successfully bumped revision number for resource 44626a5c-1c95-4c18-9a88-504a79932ef2 (type: security_group_rules) to 0
2026-07-01 02:01:50.159 7 INFO neutron.db.ovn_revision_numbers_db [None req-3090cc3b-1e62-481c-bdc5-d4e686f07ee3 ab021e8726c84008bcab2ef61d0c0a8b 2843f891e1c3430eb3d68d5dc974db37 - - default default] Successfully bumped revision number for resource a6e66922-9bbe-487c-9fb6-17c45e24a8d0 (type: security_group_rules) to 0 [pid: 7|app: 0|req: 822/1524] 10.0.0.3 () {34 vars in 682 bytes} [Wed Jul 1 02:01:50 2026] POST /v2.0/security-groups => generated 1601 bytes in 157 msecs (HTTP/1.1 201) 4 headers in 163 bytes (1 switches on core 0)
2026-07-01 02:01:50.235 8 INFO neutron.db.ovn_revision_numbers_db [None req-0720a209-90be-47ea-91e7-ffe4f1a222ad 5d6de0cbf474468089e538d84419f331 d690ae45b012437885fd565e9e572d6d - - default default] Successfully bumped revision number for resource d82bf26b-a1bb-4d19-a2eb-bb078ef4fcf3 (type: networks) to 1 [pid: 7|app: 0|req: 823/1525] 10.0.0.3 () {32 vars in 661 bytes} [Wed Jul 1 02:01:50 2026] GET /v2.0/security-groups => generated 4530 bytes in 43 msecs (HTTP/1.1 200) 4 headers in 158 bytes (1 switches on core 0)
2026-07-01 02:01:50.325 7 INFO neutron.db.ovn_revision_numbers_db [None req-71b78705-2392-4783-8d36-7eddc534357d ab021e8726c84008bcab2ef61d0c0a8b 2843f891e1c3430eb3d68d5dc974db37 - - default default] Successfully bumped revision number for resource 22f1d088-63d3-4c1a-99d7-87a292e9d860 (type: security_groups) to 1
2026-07-01 02:01:50.337 7 INFO neutron.db.ovn_revision_numbers_db [None req-71b78705-2392-4783-8d36-7eddc534357d ab021e8726c84008bcab2ef61d0c0a8b 2843f891e1c3430eb3d68d5dc974db37 - - default default] Successfully bumped revision number for resource 740d0c89-291f-4220-87bb-34f5d2a87d9c (type: security_group_rules) to 0
2026-07-01 02:01:50.349 7 INFO neutron.db.ovn_revision_numbers_db [None req-71b78705-2392-4783-8d36-7eddc534357d ab021e8726c84008bcab2ef61d0c0a8b 2843f891e1c3430eb3d68d5dc974db37 - - default default] Successfully bumped revision number for resource a68af237-c6dc-46ef-879e-97bca548cdc8 (type: security_group_rules) to 0 [pid: 7|app: 0|req: 824/1526] 10.0.0.3 () {34 vars in 682 bytes} [Wed Jul 1 02:01:50 2026] POST /v2.0/security-groups => generated 1601 bytes in 181 msecs (HTTP/1.1 201) 4 headers in 163 bytes (1 switches on core 0)
2026-07-01 02:01:50.425 8 WARNING neutron.scheduler.dhcp_agent_scheduler [None req-0720a209-90be-47ea-91e7-ffe4f1a222ad 5d6de0cbf474468089e538d84419f331 d690ae45b012437885fd565e9e572d6d - - default default] No more DHCP agents
2026-07-01 02:01:50.427 8 WARNING neutron.api.rpc.agentnotifiers.dhcp_rpc_agent_api [None req-0720a209-90be-47ea-91e7-ffe4f1a222ad 5d6de0cbf474468089e538d84419f331 d690ae45b012437885fd565e9e572d6d - - default default] Unable to schedule network d82bf26b-a1bb-4d19-a2eb-bb078ef4fcf3: no agents available; will retry on subsequent port and subnet creation events.
2026-07-01 02:01:50.471 7 INFO neutron.plugins.ml2.drivers.ovn.mech_driver.mech_driver [None req-9f269090-765d-406b-a0ff-518e2d396beb - - - - - -] OVN reports status down for port: 5dd36874-a099-4d3c-be93-a8766a50622f
2026-07-01 02:01:50.506 8 INFO neutron.db.ovn_revision_numbers_db [None req-0720a209-90be-47ea-91e7-ffe4f1a222ad 5d6de0cbf474468089e538d84419f331 d690ae45b012437885fd565e9e572d6d - - default default] Successfully bumped revision number for resource 5dd36874-a099-4d3c-be93-a8766a50622f (type: ports) to 1
2026-07-01 02:01:50.521 7 INFO neutron.db.ovn_revision_numbers_db [None req-14e14638-a0ec-461e-89e3-346ec93ca702 90c8798fc6ce49a9873f7b4b0b94f432 223e1ebfe6cd432396ffae8f7f0049f0 - - default default] Successfully bumped revision number for resource b22f31b2-d841-4287-8e34-6ca3544031f7 (type: security_groups) to 2 [pid: 8|app: 0|req: 703/1527] 10.0.0.3 () {34 vars in 668 bytes} [Wed Jul 1 02:01:50 2026] POST /v2.0/networks => generated 692 bytes in 500 msecs (HTTP/1.1 201) 4 headers in 162 bytes (1 switches on core 0) [pid: 7|app: 0|req: 825/1528] 10.0.0.3 () {34 vars in 756 bytes} [Wed Jul 1 02:01:50 2026] PUT /v2.0/security-groups/b22f31b2-d841-4287-8e34-6ca3544031f7 => generated 1663 bytes in 152 msecs (HTTP/1.1 200) 4 headers in 158 bytes (1 switches on core 0)
2026-07-01 02:01:50.641 8 INFO neutron.db.ovn_revision_numbers_db [None req-66a171b6-c89a-4a57-b07b-28b4478c8096 ab021e8726c84008bcab2ef61d0c0a8b 2843f891e1c3430eb3d68d5dc974db37 - - default default] Successfully bumped revision number for resource e10f6eb5-e666-4542-b136-ea526eb9ac5b (type: security_groups) to 1
2026-07-01 02:01:50.654 8 INFO neutron.db.ovn_revision_numbers_db [None req-66a171b6-c89a-4a57-b07b-28b4478c8096 ab021e8726c84008bcab2ef61d0c0a8b 2843f891e1c3430eb3d68d5dc974db37 - - default default] Successfully bumped revision number for resource 8c649497-d438-4f28-bd9f-c1b0dbfd4e06 (type: security_group_rules) to 0
