2026-07-08 07:15:47.862 7 INFO neutron.services.segments.plugin [-] Segment d023fc08-2f5c-40a4-8acf-83c785e9fc64 resource provider aggregate not found [pid: 8|app: 0|req: 1348/2781] 10.0.0.78 () {32 vars in 773 bytes} [Wed Jul 8 07:15:47 2026] GET /v2.0/security-groups?tenant_id=6e1d074d890b46509c4a26683bf6ce21&name=default => generated 2929 bytes in 36 msecs (HTTP/1.1 200) 4 headers in 158 bytes (1 switches on core 0)
2026-07-08 07:15:47.877 7 INFO neutron.services.segments.plugin [-] Segment d023fc08-2f5c-40a4-8acf-83c785e9fc64 resource provider aggregate not found
2026-07-08 07:15:47.880 7 INFO neutron.services.segments.plugin [-] Client error retrieving segment d023fc08-2f5c-40a4-8acf-83c785e9fc64 resource provider; error: Placement Client Error (4xx): {"errors": [{"status": 404, "title": "Not Found", "detail": "The resource could not be found.\n\n No resource provider with uuid d023fc08-2f5c-40a4-8acf-83c785e9fc64 found for delete ", "request_id": "req-67802856-1145-4c00-b892-cdccbdafc7ce"}]}
2026-07-08 07:15:47.892 7 INFO neutron.services.segments.plugin [-] Client error retrieving segment d023fc08-2f5c-40a4-8acf-83c785e9fc64 resource provider; error: Placement Client Error (4xx): {"errors": [{"status": 404, "title": "Not Found", "detail": "The resource could not be found.\n\n No resource provider with uuid d023fc08-2f5c-40a4-8acf-83c785e9fc64 found for delete ", "request_id": "req-609a5109-b0cd-4a8d-8479-754dd8feb5b1"}]} [pid: 7|app: 0|req: 1434/2782] 10.0.0.78 () {32 vars in 739 bytes} [Wed Jul 8 07:15:47 2026] DELETE /v2.0/security-groups/2c046995-dfbc-41c1-b234-b7c6f1fbb6d2 => generated 0 bytes in 240 msecs (HTTP/1.1 204) 2 headers in 112 bytes (1 switches on core 0)
2026-07-08 07:15:50.449 8 INFO neutron.db.ovn_revision_numbers_db [None req-8a0a355c-c9c3-4571-903b-fa3ba373c2e5 27999435f5bb4602a943efb2506a9f4b f142c9d0623243aba156facc10774d01 - - default default] Successfully bumped revision number for resource e9cf1402-6a3e-4f97-9d38-1eb53b528c24 (type: security_groups) to 1
2026-07-08 07:15:50.470 8 INFO neutron.db.ovn_revision_numbers_db [None req-8a0a355c-c9c3-4571-903b-fa3ba373c2e5 27999435f5bb4602a943efb2506a9f4b f142c9d0623243aba156facc10774d01 - - default default] Successfully bumped revision number for resource 27af52d3-efa6-4eb3-ac7f-67fde1a16a1c (type: security_group_rules) to 0
2026-07-08 07:15:50.485 8 INFO neutron.db.ovn_revision_numbers_db [None req-8a0a355c-c9c3-4571-903b-fa3ba373c2e5 27999435f5bb4602a943efb2506a9f4b f142c9d0623243aba156facc10774d01 - - default default] Successfully bumped revision number for resource 2b468114-5235-41f2-ac8d-cbd51a0e118f (type: security_group_rules) to 0
2026-07-08 07:15:50.499 8 INFO neutron.db.ovn_revision_numbers_db [None req-8a0a355c-c9c3-4571-903b-fa3ba373c2e5 27999435f5bb4602a943efb2506a9f4b f142c9d0623243aba156facc10774d01 - - default default] Successfully bumped revision number for resource 4d2bbafc-4a86-4eee-a6be-04f18c0d56f7 (type: security_group_rules) to 0
2026-07-08 07:15:50.525 8 INFO neutron.db.ovn_revision_numbers_db [None req-8a0a355c-c9c3-4571-903b-fa3ba373c2e5 27999435f5bb4602a943efb2506a9f4b f142c9d0623243aba156facc10774d01 - - default default] Successfully bumped revision number for resource 75b4ceb8-2e2c-4e9b-818f-7311f72e1a58 (type: security_group_rules) to 0
2026-07-08 07:15:50.624 8 INFO neutron.db.segments_db [None req-8a0a355c-c9c3-4571-903b-fa3ba373c2e5 27999435f5bb4602a943efb2506a9f4b f142c9d0623243aba156facc10774d01 - - default default] Added segment dd0250c5-02b9-4ee4-935e-9609c61f0f91 of type geneve for network 22ffa1a9-9ef3-4b3f-bb7e-94e6b21118a1
2026-07-08 07:15:50.761 8 INFO neutron.db.ovn_revision_numbers_db [None req-8a0a355c-c9c3-4571-903b-fa3ba373c2e5 27999435f5bb4602a943efb2506a9f4b f142c9d0623243aba156facc10774d01 - - default default] Successfully bumped revision number for resource 22ffa1a9-9ef3-4b3f-bb7e-94e6b21118a1 (type: networks) to 1
2026-07-08 07:15:50.983 8 WARNING neutron.scheduler.dhcp_agent_scheduler [None req-8a0a355c-c9c3-4571-903b-fa3ba373c2e5 27999435f5bb4602a943efb2506a9f4b f142c9d0623243aba156facc10774d01 - - default default] No more DHCP agents
2026-07-08 07:15:50.984 8 WARNING neutron.api.rpc.agentnotifiers.dhcp_rpc_agent_api [None req-8a0a355c-c9c3-4571-903b-fa3ba373c2e5 27999435f5bb4602a943efb2506a9f4b f142c9d0623243aba156facc10774d01 - - default default] Unable to schedule network 22ffa1a9-9ef3-4b3f-bb7e-94e6b21118a1: no agents available; will retry on subsequent port and subnet creation events.
2026-07-08 07:15:51.050 7 INFO neutron.plugins.ml2.drivers.ovn.mech_driver.mech_driver [None req-c1fe5241-0407-43eb-84af-dc3e88ccd41f - - - - - -] OVN reports status down for port: 60b7a57f-20c2-438f-ba93-bdbe47320813
2026-07-08 07:15:51.078 8 INFO neutron.db.ovn_revision_numbers_db [None req-8a0a355c-c9c3-4571-903b-fa3ba373c2e5 27999435f5bb4602a943efb2506a9f4b f142c9d0623243aba156facc10774d01 - - default default] Successfully bumped revision number for resource 60b7a57f-20c2-438f-ba93-bdbe47320813 (type: ports) to 1 [pid: 8|app: 0|req: 1349/2783] 10.0.0.78 () {34 vars in 669 bytes} [Wed Jul 8 07:15:50 2026] POST /v2.0/networks => generated 670 bytes in 1037 msecs (HTTP/1.1 201) 4 headers in 162 bytes (1 switches on core 0)
2026-07-08 07:15:51.359 7 WARNING neutron.scheduler.dhcp_agent_scheduler [None req-e8c18c22-6bf1-4805-9f2a-32f343a03e9e 27999435f5bb4602a943efb2506a9f4b f142c9d0623243aba156facc10774d01 - - default default] No more DHCP agents
2026-07-08 07:15:51.361 7 WARNING neutron.api.rpc.agentnotifiers.dhcp_rpc_agent_api [None req-e8c18c22-6bf1-4805-9f2a-32f343a03e9e 27999435f5bb4602a943efb2506a9f4b f142c9d0623243aba156facc10774d01 - - default default] Unable to schedule network 22ffa1a9-9ef3-4b3f-bb7e-94e6b21118a1: no agents available; will retry on subsequent port and subnet creation events.
2026-07-08 07:15:51.441 7 INFO neutron.plugins.ml2.drivers.ovn.mech_driver.mech_driver [None req-c1fe5241-0407-43eb-84af-dc3e88ccd41f - - - - - -] OVN reports status down for port: de861ad0-a69a-4966-8448-101971c6fb2f
2026-07-08 07:15:51.528 7 INFO neutron.db.ovn_revision_numbers_db [None req-e8c18c22-6bf1-4805-9f2a-32f343a03e9e 27999435f5bb4602a943efb2506a9f4b f142c9d0623243aba156facc10774d01 - - default default] Successfully bumped revision number for resource de861ad0-a69a-4966-8448-101971c6fb2f (type: ports) to 1 [pid: 7|app: 0|req: 1435/2784] 10.0.0.78 () {34 vars in 663 bytes} [Wed Jul 8 07:15:51 2026] POST /v2.0/ports => generated 743 bytes in 473 msecs (HTTP/1.1 201) 4 headers in 162 bytes (1 switches on core 0) /var/lib/openstack/lib/python3.12/site-packages/pycadf/identifier.py:70: UserWarning: Invalid uuid: neutron. To ensure interoperability, identifiers should be a valid uuid. warnings.warn(('Invalid uuid: %s. To ensure interoperability, ' [pid: 7|app: 0|req: 1436/2785] 10.0.0.78 () {34 vars in 665 bytes} [Wed Jul 8 07:15:51 2026] POST /v2.0/trunks => generated 409 bytes in 189 msecs (HTTP/1.1 201) 4 headers in 162 bytes (1 switches on core 0)
2026-07-08 07:15:51.796 7 WARNING tagging [None req-c776fee3-a0db-4a02-b40d-678618aa14c2 27999435f5bb4602a943efb2506a9f4b f142c9d0623243aba156facc10774d01 - - default default] project_id key not found in request, using tenant_id instead. This support has been deprecated and will be removed in a future release. [pid: 7|app: 0|req: 1437/2786] 10.0.0.78 () {34 vars in 748 bytes} [Wed Jul 8 07:15:51 2026] PUT /v2.0/trunks/664bc143-f11d-4973-9607-cbe27aa56b7c/tags => generated 25 bytes in 41 msecs (HTTP/1.1 200) 4 headers in 156 bytes (1 switches on core 0)
2026-07-08 07:15:51.838 7 WARNING tagging [None req-fdf5979b-a065-43d4-b440-37424bf474dc 27999435f5bb4602a943efb2506a9f4b f142c9d0623243aba156facc10774d01 - - default default] project_id key not found in request, using tenant_id instead. This support has been deprecated and will be removed in a future release. [pid: 7|app: 0|req: 1438/2787] 10.0.0.78 () {32 vars in 728 bytes} [Wed Jul 8 07:15:51 2026] GET /v2.0/trunks/664bc143-f11d-4973-9607-cbe27aa56b7c/tags => generated 25 bytes in 23 msecs (HTTP/1.1 200) 4 headers in 156 bytes (1 switches on core 0)
2026-07-08 07:15:51.877 7 WARNING tagging [None req-07881bed-ceb7-4d10-80a2-6ddce9048633 27999435f5bb4602a943efb2506a9f4b f142c9d0623243aba156facc10774d01 - - default default] project_id key not found in request, using tenant_id instead. This support has been deprecated and will be removed in a future release.
2026-07-08 07:15:51.895 8 INFO neutron.db.ovn_revision_numbers_db [None req-dd4898b7-a263-4846-9979-6fdb3b9c4ea3 a00379d5f93c4b2db96cf52371340783 a443d5c3731a48a8a5659423abede60d - - default default] Successfully bumped revision number for resource 392328f5-3500-4528-a100-d92687502269 (type: security_groups) to 1
2026-07-08 07:15:51.911 8 INFO neutron.db.ovn_revision_numbers_db [None req-dd4898b7-a263-4846-9979-6fdb3b9c4ea3 a00379d5f93c4b2db96cf52371340783 a443d5c3731a48a8a5659423abede60d - - default default] Successfully bumped revision number for resource 171a79d5-faa3-4b6b-a08b-dae5e04e2842 (type: security_group_rules) to 0 [pid: 7|app: 0|req: 1439/2788] 10.0.0.78 () {34 vars in 759 bytes} [Wed Jul 8 07:15:51 2026] PUT /v2.0/trunks/664bc143-f11d-4973-9607-cbe27aa56b7c/tags/green => generated 4 bytes in 63 msecs (HTTP/1.1 201) 4 headers in 160 bytes (1 switches on core 0)
2026-07-08 07:15:51.923 8 INFO neutron.db.ovn_revision_numbers_db [None req-dd4898b7-a263-4846-9979-6fdb3b9c4ea3 a00379d5f93c4b2db96cf52371340783 a443d5c3731a48a8a5659423abede60d - - default default] Successfully bumped revision number for resource 53cb08b3-d539-4c1c-a070-cab9f6b4c15f (type: security_group_rules) to 0
2026-07-08 07:15:51.935 8 INFO neutron.db.ovn_revision_numbers_db [None req-dd4898b7-a263-4846-9979-6fdb3b9c4ea3 a00379d5f93c4b2db96cf52371340783 a443d5c3731a48a8a5659423abede60d - - default default] Successfully bumped revision number for resource 908f4efe-a53f-40c3-9cbf-3431717aabc9 (type: security_group_rules) to 0
2026-07-08 07:15:51.935 7 WARNING tagging [None req-79e8480c-d123-42a5-91b3-2befde0ac6c9 27999435f5bb4602a943efb2506a9f4b f142c9d0623243aba156facc10774d01 - - default default] project_id key not found in request, using tenant_id instead. This support has been deprecated and will be removed in a future release. [pid: 7|app: 0|req: 1440/2789] 10.0.0.78 () {32 vars in 728 bytes} [Wed Jul 8 07:15:51 2026] GET /v2.0/trunks/664bc143-f11d-4973-9607-cbe27aa56b7c/tags => generated 34 bytes in 24 msecs (HTTP/1.1 200) 4 headers in 156 bytes (1 switches on core 0)
2026-07-08 07:15:51.950 8 INFO neutron.db.ovn_revision_numbers_db [None req-dd4898b7-a263-4846-9979-6fdb3b9c4ea3 a00379d5f93c4b2db96cf52371340783 a443d5c3731a48a8a5659423abede60d - - default default] Successfully bumped revision number for resource ba944fa4-1a4f-4403-83a6-ed164ed4c0c3 (type: security_group_rules) to 0
2026-07-08 07:15:51.964 7 WARNING tagging [None req-fb9d309c-a044-4ae9-a2bf-9dbfe0a33dbe 27999435f5bb4602a943efb2506a9f4b f142c9d0623243aba156facc10774d01 - - default default] project_id key not found in request, using tenant_id instead. This support has been deprecated and will be removed in a future release. [pid: 7|app: 0|req: 1441/2790] 10.0.0.78 () {34 vars in 755 bytes} [Wed Jul 8 07:15:51 2026] PUT /v2.0/trunks/664bc143-f11d-4973-9607-cbe27aa56b7c/tags/red => generated 4 bytes in 36 msecs (HTTP/1.1 201) 4 headers in 160 bytes (1 switches on core 0)
2026-07-08 07:15:52.003 7 WARNING tagging [None req-8bc3cef1-36df-405a-8718-82609aa28f89 27999435f5bb4602a943efb2506a9f4b f142c9d0623243aba156facc10774d01 - - default default] project_id key not found in request, using tenant_id instead. This support has been deprecated and will be removed in a future release. [pid: 7|app: 0|req: 1442/2791] 10.0.0.78 () {32 vars in 728 bytes} [Wed Jul 8 07:15:51 2026] GET /v2.0/trunks/664bc143-f11d-4973-9607-cbe27aa56b7c/tags => generated 34 bytes in 19 msecs (HTTP/1.1 200) 4 headers in 156 bytes (1 switches on core 0)
2026-07-08 07:15:52.028 7 WARNING tagging [None req-65432fa0-c705-4160-b4ff-a4b080c804e4 27999435f5bb4602a943efb2506a9f4b f142c9d0623243aba156facc10774d01 - - default default] project_id key not found in request, using tenant_id instead. This support has been deprecated and will be removed in a future release.
2026-07-08 07:15:52.036 8 INFO neutron.db.segments_db [None req-dd4898b7-a263-4846-9979-6fdb3b9c4ea3 a00379d5f93c4b2db96cf52371340783 a443d5c3731a48a8a5659423abede60d - - default default] Added segment 36675d70-32f4-4507-a9fa-f9ff63fd9c5b of type geneve for network 82033bc9-1c2d-444c-aa76-cb0534062d2c [pid: 7|app: 0|req: 1443/2792] 10.0.0.78 () {34 vars in 777 bytes} [Wed Jul 8 07:15:52 2026] PUT /v2.0/trunks/664bc143-f11d-4973-9607-cbe27aa56b7c/tags/black.or.white => generated 4 bytes in 41 msecs (HTTP/1.1 201) 4 headers in 160 bytes (1 switches on core 0)
2026-07-08 07:15:52.077 7 WARNING tagging [None req-8cd9509c-856a-472e-8535-042d3552194e 27999435f5bb4602a943efb2506a9f4b f142c9d0623243aba156facc10774d01 - - default default] project_id key not found in request, using tenant_id instead. This support has been deprecated and will be removed in a future release. [pid: 7|app: 0|req: 1444/2793] 10.0.0.78 () {32 vars in 728 bytes} [Wed Jul 8 07:15:52 2026] GET /v2.0/trunks/664bc143-f11d-4973-9607-cbe27aa56b7c/tags => generated 52 bytes in 24 msecs (HTTP/1.1 200) 4 headers in 156 bytes (1 switches on core 0)
2026-07-08 07:15:52.105 7 WARNING tagging [None req-d3e1c0b6-6942-4b36-b24a-49a53cbbff03 27999435f5bb4602a943efb2506a9f4b f142c9d0623243aba156facc10774d01 - - default default] project_id key not found in request, using tenant_id instead. This support has been deprecated and will be removed in a future release. [pid: 7|app: 0|req: 1445/2794] 10.0.0.78 () {34 vars in 748 bytes} [Wed Jul 8 07:15:52 2026] PUT /v2.0/trunks/664bc143-f11d-4973-9607-cbe27aa56b7c/tags => generated 37 bytes in 39 msecs (HTTP/1.1 200) 4 headers in 156 bytes (1 switches on core 0)
2026-07-08 07:15:52.159 7 WARNING tagging [None req-8dff70d6-2a3e-4155-b33a-3d7c34a20430 27999435f5bb4602a943efb2506a9f4b f142c9d0623243aba156facc10774d01 - - default default] project_id key not found in request, using tenant_id instead. This support has been deprecated and will be removed in a future release. [pid: 7|app: 0|req: 1446/2795] 10.0.0.78 () {32 vars in 728 bytes} [Wed Jul 8 07:15:52 2026] GET /v2.0/trunks/664bc143-f11d-4973-9607-cbe27aa56b7c/tags => generated 37 bytes in 31 msecs (HTTP/1.1 200) 4 headers in 156 bytes (1 switches on core 0)
2026-07-08 07:15:52.171 8 INFO neutron.db.ovn_revision_numbers_db [None req-dd4898b7-a263-4846-9979-6fdb3b9c4ea3 a00379d5f93c4b2db96cf52371340783 a443d5c3731a48a8a5659423abede60d - - default default] Successfully bumped revision number for resource 82033bc9-1c2d-444c-aa76-cb0534062d2c (type: networks) to 1
2026-07-08 07:15:52.183 7 WARNING tagging [None req-308d3478-cb90-49e4-98dd-9b3df8e5844c 27999435f5bb4602a943efb2506a9f4b f142c9d0623243aba156facc10774d01 - - default default] project_id key not found in request, using tenant_id instead. This support has been deprecated and will be removed in a future release. [pid: 7|app: 0|req: 1447/2796] 10.0.0.78 () {32 vars in 736 bytes} [Wed Jul 8 07:15:52 2026] GET /v2.0/trunks/664bc143-f11d-4973-9607-cbe27aa56b7c/tags/red => generated 0 bytes in 18 msecs (HTTP/1.1 204) 2 headers in 112 bytes (1 switches on core 0)
2026-07-08 07:15:52.210 7 WARNING tagging [None req-63a6f18d-d761-4009-babf-5e9b4dfa7908 27999435f5bb4602a943efb2506a9f4b f142c9d0623243aba156facc10774d01 - - default default] project_id key not found in request, using tenant_id instead. This support has been deprecated and will be removed in a future release.
2026-07-08 07:15:52.218 7 INFO neutron.api.v2.resource [None req-63a6f18d-d761-4009-babf-5e9b4dfa7908 27999435f5bb4602a943efb2506a9f4b f142c9d0623243aba156facc10774d01 - - default default] show failed (client error): The resource could not be found. [pid: 7|app: 0|req: 1448/2797] 10.0.0.78 () {32 vars in 740 bytes} [Wed Jul 8 07:15:52 2026] GET /v2.0/trunks/664bc143-f11d-4973-9607-cbe27aa56b7c/tags/green => generated 99 bytes in 21 msecs (HTTP/1.1 404) 4 headers in 163 bytes (1 switches on core 0)
2026-07-08 07:15:52.234 7 WARNING tagging [None req-65a5602e-da6b-4312-aeb9-b295efc05ace 27999435f5bb4602a943efb2506a9f4b f142c9d0623243aba156facc10774d01 - - default default] project_id key not found in request, using tenant_id instead. This support has been deprecated and will be removed in a future release. [pid: 7|app: 0|req: 1449/2798] 10.0.0.78 () {32 vars in 739 bytes} [Wed Jul 8 07:15:52 2026] DELETE /v2.0/trunks/664bc143-f11d-4973-9607-cbe27aa56b7c/tags/red => generated 0 bytes in 31 msecs (HTTP/1.1 204) 2 headers in 112 bytes (1 switches on core 0)
2026-07-08 07:15:52.268 7 WARNING tagging [None req-9432c896-a806-483a-b2c7-5416f4f52995 27999435f5bb4602a943efb2506a9f4b f142c9d0623243aba156facc10774d01 - - default default] project_id key not found in request, using tenant_id instead. This support has been deprecated and will be removed in a future release. [pid: 7|app: 0|req: 1450/2799] 10.0.0.78 () {32 vars in 728 bytes} [Wed Jul 8 07:15:52 2026] GET /v2.0/trunks/664bc143-f11d-4973-9607-cbe27aa56b7c/tags => generated 30 bytes in 16 msecs (HTTP/1.1 200) 4 headers in 156 bytes (1 switches on core 0)
2026-07-08 07:15:52.291 7 WARNING tagging [None req-40cce05a-71e6-4921-80e6-0c8f1714f6ff 27999435f5bb4602a943efb2506a9f4b f142c9d0623243aba156facc10774d01 - - default default] project_id key not found in request, using tenant_id instead. This support has been deprecated and will be removed in a future release.
2026-07-08 07:15:52.300 7 INFO neutron.api.v2.resource [None req-40cce05a-71e6-4921-80e6-0c8f1714f6ff 27999435f5bb4602a943efb2506a9f4b f142c9d0623243aba156facc10774d01 - - default default] delete failed (client error): The resource could not be found. [pid: 7|app: 0|req: 1451/2800] 10.0.0.78 () {32 vars in 743 bytes} [Wed Jul 8 07:15:52 2026] DELETE /v2.0/trunks/664bc143-f11d-4973-9607-cbe27aa56b7c/tags/green => generated 99 bytes in 19 msecs (HTTP/1.1 404) 4 headers in 163 bytes (1 switches on core 0)
2026-07-08 07:15:52.315 7 WARNING tagging [None req-2313f189-bd80-4881-b6ef-3dc212ca751e 27999435f5bb4602a943efb2506a9f4b f142c9d0623243aba156facc10774d01 - - default default] project_id key not found in request, using tenant_id instead. This support has been deprecated and will be removed in a future release. [pid: 7|app: 0|req: 1452/2801] 10.0.0.78 () {32 vars in 731 bytes} [Wed Jul 8 07:15:52 2026] DELETE /v2.0/trunks/664bc143-f11d-4973-9607-cbe27aa56b7c/tags => generated 0 bytes in 30 msecs (HTTP/1.1 204) 2 headers in 112 bytes (1 switches on core 0)
2026-07-08 07:15:52.348 7 WARNING tagging [None req-208cb5d4-3eee-4c7d-8203-3d6a2bbbbe81 27999435f5bb4602a943efb2506a9f4b f142c9d0623243aba156facc10774d01 - - default default] project_id key not found in request, using tenant_id instead. This support has been deprecated and will be removed in a future release.
2026-07-08 07:15:52.349 8 WARNING neutron.scheduler.dhcp_agent_scheduler [None req-dd4898b7-a263-4846-9979-6fdb3b9c4ea3 a00379d5f93c4b2db96cf52371340783 a443d5c3731a48a8a5659423abede60d - - default default] No more DHCP agents
2026-07-08 07:15:52.351 8 WARNING neutron.api.rpc.agentnotifiers.dhcp_rpc_agent_api [None req-dd4898b7-a263-4846-9979-6fdb3b9c4ea3 a00379d5f93c4b2db96cf52371340783 a443d5c3731a48a8a5659423abede60d - - default default] Unable to schedule network 82033bc9-1c2d-444c-aa76-cb0534062d2c: no agents available; will retry on subsequent port and subnet creation events. [pid: 7|app: 0|req: 1453/2802] 10.0.0.78 () {32 vars in 728 bytes} [Wed Jul 8 07:15:52 2026] GET /v2.0/trunks/664bc143-f11d-4973-9607-cbe27aa56b7c/tags => generated 12 bytes in 15 msecs (HTTP/1.1 200) 4 headers in 156 bytes (1 switches on core 0) [pid: 7|app: 0|req: 1454/2803] 10.0.0.78 () {32 vars in 718 bytes} [Wed Jul 8 07:15:52 2026] GET /v2.0/trunks/664bc143-f11d-4973-9607-cbe27aa56b7c => generated 409 bytes in 35 msecs (HTTP/1.1 200) 4 headers in 157 bytes (1 switches on core 0)
2026-07-08 07:15:52.407 8 INFO neutron.plugins.ml2.drivers.ovn.mech_driver.mech_driver [None req-a42eb6ee-3a35-4851-9650-5b2d5a940c0d - - - - - -] OVN reports status down for port: f5405a89-1212-492f-8024-ecfe755ab2a2
2026-07-08 07:15:52.474 8 INFO neutron.db.ovn_revision_numbers_db [None req-dd4898b7-a263-4846-9979-6fdb3b9c4ea3 a00379d5f93c4b2db96cf52371340783 a443d5c3731a48a8a5659423abede60d - - default default] Successfully bumped revision number for resource f5405a89-1212-492f-8024-ecfe755ab2a2 (type: ports) to 1 [pid: 7|app: 0|req: 1455/2804] 10.0.0.78 () {32 vars in 716 bytes} [Wed Jul 8 07:15:52 2026] GET /v2.0/ports/de861ad0-a69a-4966-8448-101971c6fb2f => generated 826 bytes in 87 msecs (HTTP/1.1 200) 4 headers in 157 bytes (1 switches on core 0) [pid: 8|app: 0|req: 1350/2805] 10.0.0.78 () {34 vars in 669 bytes} [Wed Jul 8 07:15:51 2026] POST /v2.0/networks => generated 665 bytes in 1002 msecs (HTTP/1.1 201) 4 headers in 162 bytes (1 switches on core 0) [pid: 7|app: 0|req: 1456/2806] 10.0.0.78 () {32 vars in 721 bytes} [Wed Jul 8 07:15:52 2026] DELETE /v2.0/trunks/664bc143-f11d-4973-9607-cbe27aa56b7c => generated 0 bytes in 85 msecs (HTTP/1.1 204) 2 headers in 112 bytes (1 switches on core 0)
2026-07-08 07:15:52.673 8 WARNING neutron.scheduler.dhcp_agent_scheduler [None req-c0a06e8d-e4ef-4934-849d-eb39ed0d95a5 a00379d5f93c4b2db96cf52371340783 a443d5c3731a48a8a5659423abede60d - - default default] No more DHCP agents
2026-07-08 07:15:52.674 8 WARNING neutron.api.rpc.agentnotifiers.dhcp_rpc_agent_api [None req-c0a06e8d-e4ef-4934-849d-eb39ed0d95a5 a00379d5f93c4b2db96cf52371340783 a443d5c3731a48a8a5659423abede60d - - default default] Unable to schedule network 82033bc9-1c2d-444c-aa76-cb0534062d2c: no agents available; will retry on subsequent port and subnet creation events.
2026-07-08 07:15:52.731 7 INFO neutron_taas.services.taas.taas_plugin [None req-6e2c089b-1bfd-4819-9af4-80fe4105b92e 27999435f5bb4602a943efb2506a9f4b f142c9d0623243aba156facc10774d01 - - default default] TaaS: Handle Delete Port: de861ad0-a69a-4966-8448-101971c6fb2f
2026-07-08 07:15:52.735 7 INFO neutron_taas.services.taas.tap_mirror_plugin [None req-6e2c089b-1bfd-4819-9af4-80fe4105b92e 27999435f5bb4602a943efb2506a9f4b f142c9d0623243aba156facc10774d01 - - default default] Tap Mirror: Handle Delete Port: de861ad0-a69a-4966-8448-101971c6fb2f [pid: 7|app: 0|req: 1457/2807] 10.0.0.78 () {32 vars in 719 bytes} [Wed Jul 8 07:15:52 2026] DELETE /v2.0/ports/de861ad0-a69a-4966-8448-101971c6fb2f => generated 0 bytes in 274 msecs (HTTP/1.1 204) 3 headers in 131 bytes (1 switches on core 0)
2026-07-08 07:15:53.022 7 INFO neutron_taas.services.taas.taas_plugin [None req-f923b293-06d7-483b-a1e0-2aaa2a185b4d 27999435f5bb4602a943efb2506a9f4b f142c9d0623243aba156facc10774d01 - - default default] TaaS: Handle Delete Port: 60b7a57f-20c2-438f-ba93-bdbe47320813
2026-07-08 07:15:53.026 7 INFO neutron_taas.services.taas.tap_mirror_plugin [None req-f923b293-06d7-483b-a1e0-2aaa2a185b4d 27999435f5bb4602a943efb2506a9f4b f142c9d0623243aba156facc10774d01 - - default default] Tap Mirror: Handle Delete Port: 60b7a57f-20c2-438f-ba93-bdbe47320813
2026-07-08 07:15:53.180 8 INFO neutron.db.ovn_revision_numbers_db [None req-c0a06e8d-e4ef-4934-849d-eb39ed0d95a5 a00379d5f93c4b2db96cf52371340783 a443d5c3731a48a8a5659423abede60d - - default default] Successfully bumped revision number for resource f5405a89-1212-492f-8024-ecfe755ab2a2 (type: ports) to 2
2026-07-08 07:15:53.215 8 INFO neutron.db.ovn_revision_numbers_db [None req-c0a06e8d-e4ef-4934-849d-eb39ed0d95a5 a00379d5f93c4b2db96cf52371340783 a443d5c3731a48a8a5659423abede60d - - default default] Successfully bumped revision number for resource 8319c833-bb2a-40bc-9775-970841e80df1 (type: subnets) to 0 [pid: 8|app: 0|req: 1351/2808] 10.0.0.78 () {34 vars in 668 bytes} [Wed Jul 8 07:15:52 2026] POST /v2.0/subnets => generated 626 bytes in 720 msecs (HTTP/1.1 201) 4 headers in 162 bytes (1 switches on core 0) [pid: 7|app: 0|req: 1458/2809] 10.0.0.78 () {32 vars in 725 bytes} [Wed Jul 8 07:15:52 2026] DELETE /v2.0/networks/22ffa1a9-9ef3-4b3f-bb7e-94e6b21118a1 => generated 0 bytes in 422 msecs (HTTP/1.1 204) 3 headers in 131 bytes (1 switches on core 0)
2026-07-08 07:15:53.364 7 INFO neutron.services.segments.plugin [-] Segment dd0250c5-02b9-4ee4-935e-9609c61f0f91 resource provider aggregate not found
2026-07-08 07:15:53.387 7 INFO neutron.services.segments.plugin [-] Client error retrieving segment dd0250c5-02b9-4ee4-935e-9609c61f0f91 resource provider; error: Placement Client Error (4xx): {"errors": [{"status": 404, "title": "Not Found", "detail": "The resource could not be found.\n\n No resource provider with uuid dd0250c5-02b9-4ee4-935e-9609c61f0f91 found for delete ", "request_id": "req-e0cd26bb-5422-4757-b49e-c9ae75e19394"}]}
2026-07-08 07:15:53.401 7 INFO neutron.services.segments.plugin [-] Segment dd0250c5-02b9-4ee4-935e-9609c61f0f91 resource provider aggregate not found
2026-07-08 07:15:53.422 7 INFO neutron.services.segments.plugin [-] Client error retrieving segment dd0250c5-02b9-4ee4-935e-9609c61f0f91 resource provider; error: Placement Client Error (4xx): {"errors": [{"status": 404, "title": "Not Found", "detail": "The resource could not be found.\n\n No resource provider with uuid dd0250c5-02b9-4ee4-935e-9609c61f0f91 found for delete ", "request_id": "req-59c5f977-9f67-4a1a-82e9-330620b56084"}]}
2026-07-08 07:15:53.762 8 WARNING neutron.scheduler.dhcp_agent_scheduler [None req-2a33714d-557c-4343-89ea-ea4e937c53fa a00379d5f93c4b2db96cf52371340783 a443d5c3731a48a8a5659423abede60d - - default default] No more DHCP agents
2026-07-08 07:15:53.763 8 WARNING neutron.api.rpc.agentnotifiers.dhcp_rpc_agent_api [None req-2a33714d-557c-4343-89ea-ea4e937c53fa a00379d5f93c4b2db96cf52371340783 a443d5c3731a48a8a5659423abede60d - - default default] Unable to schedule network f1c60aba-85b2-45b3-af20-be45cd599901: no agents available; will retry on subsequent port and subnet creation events.
2026-07-08 07:15:53.894 8 INFO neutron.plugins.ml2.drivers.ovn.mech_driver.mech_driver [None req-a42eb6ee-3a35-4851-9650-5b2d5a940c0d - - - - - -] OVN reports status down for port: 0015a548-3034-4522-9112-8439729c1c6c
2026-07-08 07:15:53.972 8 INFO neutron.db.ovn_revision_numbers_db [None req-2a33714d-557c-4343-89ea-ea4e937c53fa a00379d5f93c4b2db96cf52371340783 a443d5c3731a48a8a5659423abede60d - - default default] Successfully bumped revision number for resource 0015a548-3034-4522-9112-8439729c1c6c (type: ports) to 1
2026-07-08 07:15:54.153 7 WARNING neutron.db.securitygroups_db [None req-2f22ebbb-1a5e-4906-84cd-8ad211293fe3 c858e2d40490407a8422c357b7574ad7 d7353c3f3ded48b199ee5185daf5c019 - - default default] project_id key not found in filters, using tenant_id instead. This support has been deprecated and will be removed in a future release.
2026-07-08 07:15:54.294 7 INFO neutron.db.ovn_revision_numbers_db [None req-2f22ebbb-1a5e-4906-84cd-8ad211293fe3 c858e2d40490407a8422c357b7574ad7 d7353c3f3ded48b199ee5185daf5c019 - - default default] Successfully bumped revision number for resource 95775410-5c73-4099-81a7-34c67be8bfcc (type: security_groups) to 1
2026-07-08 07:15:54.306 7 INFO neutron.db.ovn_revision_numbers_db [None req-2f22ebbb-1a5e-4906-84cd-8ad211293fe3 c858e2d40490407a8422c357b7574ad7 d7353c3f3ded48b199ee5185daf5c019 - - default default] Successfully bumped revision number for resource 49afae92-2975-43ee-af09-fe66018fc5d1 (type: security_group_rules) to 0
2026-07-08 07:15:54.320 7 INFO neutron.db.ovn_revision_numbers_db [None req-2f22ebbb-1a5e-4906-84cd-8ad211293fe3 c858e2d40490407a8422c357b7574ad7 d7353c3f3ded48b199ee5185daf5c019 - - default default] Successfully bumped revision number for resource 59743405-d024-4fe3-adcc-f0342f0f3a40 (type: security_group_rules) to 0
2026-07-08 07:15:54.337 7 INFO neutron.db.ovn_revision_numbers_db [None req-2f22ebbb-1a5e-4906-84cd-8ad211293fe3 c858e2d40490407a8422c357b7574ad7 d7353c3f3ded48b199ee5185daf5c019 - - default default] Successfully bumped revision number for resource 8a8ce7d2-7562-48be-8cb2-3476305546c8 (type: security_group_rules) to 0
2026-07-08 07:15:54.351 7 INFO neutron.db.ovn_revision_numbers_db [None req-2f22ebbb-1a5e-4906-84cd-8ad211293fe3 c858e2d40490407a8422c357b7574ad7 d7353c3f3ded48b199ee5185daf5c019 - - default default] Successfully bumped revision number for resource f4aaa643-0e08-4615-bd7e-2eaf8c7eca8d (type: security_group_rules) to 0 [pid: 7|app: 0|req: 1461/2812] 10.0.0.78 () {32 vars in 773 bytes} [Wed Jul 8 07:15:54 2026] GET /v2.0/security-groups?tenant_id=140d59e6dfcf4321ab83f8e5fab032d4&name=default => generated 2929 bytes in 355 msecs (HTTP/1.1 200) 4 headers in 158 bytes (1 switches on core 0) [pid: 7|app: 0|req: 1462/2813] 10.0.0.78 () {32 vars in 739 bytes} [Wed Jul 8 07:15:54 2026] DELETE /v2.0/security-groups/95775410-5c73-4099-81a7-34c67be8bfcc => generated 0 bytes in 229 msecs (HTTP/1.1 204) 2 headers in 112 bytes (1 switches on core 0)
2026-07-08 07:15:54.717 8 INFO neutron.plugins.ml2.drivers.ovn.mech_driver.mech_driver [None req-a42eb6ee-3a35-4851-9650-5b2d5a940c0d - - - - - -] OVN reports status up for port: 0015a548-3034-4522-9112-8439729c1c6c
2026-07-08 07:15:54.760 8 INFO neutron.plugins.ml2.plugin [None req-a42eb6ee-3a35-4851-9650-5b2d5a940c0d - - - - - -] Attempt 1 to provision port 0015a548-3034-4522-9112-8439729c1c6c
2026-07-08 07:15:54.765 7 WARNING neutron.db.securitygroups_db [None req-0de3e7cf-977e-4af7-9c98-e547c956506d c858e2d40490407a8422c357b7574ad7 d7353c3f3ded48b199ee5185daf5c019 - - default default] project_id key not found in filters, using tenant_id instead. This support has been deprecated and will be removed in a future release.
2026-07-08 07:15:54.788 8 INFO neutron.db.ovn_revision_numbers_db [None req-2a33714d-557c-4343-89ea-ea4e937c53fa a00379d5f93c4b2db96cf52371340783 a443d5c3731a48a8a5659423abede60d - - default default] Successfully bumped revision number for resource 0015a548-3034-4522-9112-8439729c1c6c (type: router_ports) to 1 [pid: 7|app: 0|req: 1463/2814] 10.0.0.78 () {32 vars in 773 bytes} [Wed Jul 8 07:15:54 2026] GET /v2.0/security-groups?tenant_id=f142c9d0623243aba156facc10774d01&name=default => generated 2929 bytes in 38 msecs (HTTP/1.1 200) 4 headers in 158 bytes (1 switches on core 0)
2026-07-08 07:15:54.948 8 INFO neutron.db.ovn_revision_numbers_db [None req-2a33714d-557c-4343-89ea-ea4e937c53fa a00379d5f93c4b2db96cf52371340783 a443d5c3731a48a8a5659423abede60d - - default default] Successfully bumped revision number for resource 7ac224fc-8f56-4a0b-822e-fe6966753df5 (type: routers) to 2 [pid: 8|app: 0|req: 1352/2815] 10.0.0.78 () {34 vars in 668 bytes} [Wed Jul 8 07:15:53 2026] POST /v2.0/routers => generated 957 bytes in 1727 msecs (HTTP/1.1 201) 4 headers in 162 bytes (1 switches on core 0) [pid: 7|app: 0|req: 1464/2816] 10.0.0.78 () {32 vars in 739 bytes} [Wed Jul 8 07:15:54 2026] DELETE /v2.0/security-groups/e9cf1402-6a3e-4f97-9d38-1eb53b528c24 => generated 0 bytes in 180 msecs (HTTP/1.1 204) 2 headers in 112 bytes (1 switches on core 0)
2026-07-08 07:15:55.612 8 WARNING neutron.scheduler.dhcp_agent_scheduler [None req-97b8d15d-b71e-4c2e-b73b-3cbc33b9e06f a00379d5f93c4b2db96cf52371340783 a443d5c3731a48a8a5659423abede60d - - default default] No more DHCP agents
2026-07-08 07:15:55.614 8 WARNING neutron.api.rpc.agentnotifiers.dhcp_rpc_agent_api [None req-97b8d15d-b71e-4c2e-b73b-3cbc33b9e06f a00379d5f93c4b2db96cf52371340783 a443d5c3731a48a8a5659423abede60d - - default default] Unable to schedule network 82033bc9-1c2d-444c-aa76-cb0534062d2c: no agents available; will retry on subsequent port and subnet creation events.
2026-07-08 07:15:55.784 7 INFO neutron.plugins.ml2.drivers.ovn.mech_driver.mech_driver [None req-c1fe5241-0407-43eb-84af-dc3e88ccd41f - - - - - -] OVN reports status down for port: cfb4d0b8-a8a0-41da-8f57-6e1725615bc2
2026-07-08 07:15:55.785 8 INFO neutron.db.ovn_revision_numbers_db [None req-97b8d15d-b71e-4c2e-b73b-3cbc33b9e06f a00379d5f93c4b2db96cf52371340783 a443d5c3731a48a8a5659423abede60d - - default default] Successfully bumped revision number for resource cfb4d0b8-a8a0-41da-8f57-6e1725615bc2 (type: ports) to 1
2026-07-08 07:15:56.425 7 INFO neutron.plugins.ml2.drivers.ovn.mech_driver.mech_driver [None req-c1fe5241-0407-43eb-84af-dc3e88ccd41f - - - - - -] OVN reports status up for port: cfb4d0b8-a8a0-41da-8f57-6e1725615bc2
2026-07-08 07:15:56.442 7 INFO neutron.plugins.ml2.plugin [None req-c1fe5241-0407-43eb-84af-dc3e88ccd41f - - - - - -] Attempt 1 to provision port cfb4d0b8-a8a0-41da-8f57-6e1725615bc2
2026-07-08 07:15:56.455 8 INFO neutron.plugins.ml2.plugin [None req-97b8d15d-b71e-4c2e-b73b-3cbc33b9e06f a00379d5f93c4b2db96cf52371340783 a443d5c3731a48a8a5659423abede60d - - default default] Attempt 1 to provision port cfb4d0b8-a8a0-41da-8f57-6e1725615bc2
2026-07-08 07:15:56.543 8 WARNING neutron.scheduler.dhcp_agent_scheduler [None req-97b8d15d-b71e-4c2e-b73b-3cbc33b9e06f a00379d5f93c4b2db96cf52371340783 a443d5c3731a48a8a5659423abede60d - - default default] No more DHCP agents
2026-07-08 07:15:56.544 8 WARNING neutron.api.rpc.agentnotifiers.dhcp_rpc_agent_api [None req-97b8d15d-b71e-4c2e-b73b-3cbc33b9e06f a00379d5f93c4b2db96cf52371340783 a443d5c3731a48a8a5659423abede60d - - default default] Unable to schedule network 82033bc9-1c2d-444c-aa76-cb0534062d2c: no agents available; will retry on subsequent port and subnet creation events.
2026-07-08 07:15:56.888 8 INFO neutron.db.ovn_revision_numbers_db [None req-97b8d15d-b71e-4c2e-b73b-3cbc33b9e06f a00379d5f93c4b2db96cf52371340783 a443d5c3731a48a8a5659423abede60d - - default default] Successfully bumped revision number for resource cfb4d0b8-a8a0-41da-8f57-6e1725615bc2 (type: router_ports) to 1 [pid: 8|app: 0|req: 1353/2817] 10.0.0.78 () {34 vars in 782 bytes} [Wed Jul 8 07:15:54 2026] PUT /v2.0/routers/7ac224fc-8f56-4a0b-822e-fe6966753df5/add_router_interface => generated 310 bytes in 1919 msecs (HTTP/1.1 200) 4 headers in 157 bytes (1 switches on core 0)
2026-07-08 07:15:56.998 7 INFO neutron.db.ovn_revision_numbers_db [None req-c1fe5241-0407-43eb-84af-dc3e88ccd41f - - - - - -] Successfully bumped revision number for resource cfb4d0b8-a8a0-41da-8f57-6e1725615bc2 (type: ports) to 2
2026-07-08 07:15:57.788 7 WARNING neutron.scheduler.dhcp_agent_scheduler [None req-069e3552-b231-439a-838b-8395ca0cb8a5 - - - - - -] No more DHCP agents
2026-07-08 07:15:57.790 7 WARNING neutron.api.rpc.agentnotifiers.dhcp_rpc_agent_api [None req-069e3552-b231-439a-838b-8395ca0cb8a5 - - - - - -] Unable to schedule network f1c60aba-85b2-45b3-af20-be45cd599901: no agents available; will retry on subsequent port and subnet creation events.
2026-07-08 07:15:58.026 7 INFO neutron.db.ovn_revision_numbers_db [None req-069e3552-b231-439a-838b-8395ca0cb8a5 - - - - - -] Successfully bumped revision number for resource 10a14e4a-c3d7-4b69-b9d8-49805e789cf3 (type: ports) to 1
2026-07-08 07:15:58.323 7 INFO neutron.db.ovn_revision_numbers_db [None req-069e3552-b231-439a-838b-8395ca0cb8a5 - - - - - -] Successfully bumped revision number for resource 10a14e4a-c3d7-4b69-b9d8-49805e789cf3 (type: ports) to 3
2026-07-08 07:15:58.391 7 INFO neutron.db.segments_db [None req-069e3552-b231-439a-838b-8395ca0cb8a5 - - - - - -] Added segment 69d829c7-d290-4bc5-8050-25acc4ca7619 of type geneve for network ca90358c-a772-4e8c-9c37-e00e10912e42
2026-07-08 07:15:58.537 7 INFO neutron.db.ovn_revision_numbers_db [None req-2ac04448-d551-4d95-bfd1-966fe1a8f4fa - - - - - -] Successfully bumped revision number for resource ca90358c-a772-4e8c-9c37-e00e10912e42 (type: networks) to 1
2026-07-08 07:15:58.710 7 WARNING neutron.scheduler.dhcp_agent_scheduler [None req-2ac04448-d551-4d95-bfd1-966fe1a8f4fa - - - - - -] No more DHCP agents
2026-07-08 07:15:58.712 7 WARNING neutron.api.rpc.agentnotifiers.dhcp_rpc_agent_api [None req-2ac04448-d551-4d95-bfd1-966fe1a8f4fa - - - - - -] Unable to schedule network ca90358c-a772-4e8c-9c37-e00e10912e42: no agents available; will retry on subsequent port and subnet creation events.
2026-07-08 07:15:58.828 7 INFO neutron.db.ovn_revision_numbers_db [None req-2ac04448-d551-4d95-bfd1-966fe1a8f4fa - - - - - -] Successfully bumped revision number for resource b34afa67-216e-4b38-b235-d85d3c77c9d5 (type: ports) to 1
2026-07-08 07:15:58.980 7 WARNING neutron.scheduler.dhcp_agent_scheduler [None req-2ac04448-d551-4d95-bfd1-966fe1a8f4fa - - - - - -] No more DHCP agents
2026-07-08 07:15:58.982 7 WARNING neutron.api.rpc.agentnotifiers.dhcp_rpc_agent_api [None req-2ac04448-d551-4d95-bfd1-966fe1a8f4fa - - - - - -] Unable to schedule network ca90358c-a772-4e8c-9c37-e00e10912e42: no agents available; will retry on subsequent port and subnet creation events.
2026-07-08 07:15:59.006 7 INFO neutron.db.ovn_revision_numbers_db [None req-2ac04448-d551-4d95-bfd1-966fe1a8f4fa - - - - - -] Successfully bumped revision number for resource 7ce2c25e-8b56-4248-b2d2-0d683a71b93b (type: subnets) to 0
2026-07-08 07:15:59.462 7 WARNING neutron.scheduler.dhcp_agent_scheduler [None req-2ac04448-d551-4d95-bfd1-966fe1a8f4fa - - - - - -] No more DHCP agents
2026-07-08 07:15:59.465 7 WARNING neutron.api.rpc.agentnotifiers.dhcp_rpc_agent_api [None req-2ac04448-d551-4d95-bfd1-966fe1a8f4fa - - - - - -] Unable to schedule network ca90358c-a772-4e8c-9c37-e00e10912e42: no agents available; will retry on subsequent port and subnet creation events.
2026-07-08 07:15:59.696 7 INFO neutron.db.ovn_revision_numbers_db [None req-2ac04448-d551-4d95-bfd1-966fe1a8f4fa - - - - - -] Successfully bumped revision number for resource e7534f79-b042-4f2d-83e1-b91ab690199d (type: ports) to 1
2026-07-08 07:16:00.324 8 WARNING neutron.plugins.ml2.drivers.ovn.mech_driver.ovsdb.ovn_client [None req-a42eb6ee-3a35-4851-9650-5b2d5a940c0d - - - - - -] No hosting information found for port 0015a548-3034-4522-9112-8439729c1c6c: RuntimeError: No hosting information found for port 0015a548-3034-4522-9112-8439729c1c6c
2026-07-08 07:16:00.354 8 INFO neutron.common.ovn.utils [None req-a42eb6ee-3a35-4851-9650-5b2d5a940c0d - - - - - -] HA Chassis Group neutron-82033bc9-1c2d-444c-aa76-cb0534062d2c synchronized; highest priority chassis b2290b66-1100-405c-9bc9-de1135fbd19c
2026-07-08 07:16:00.361 8 INFO neutron.plugins.ml2.drivers.ovn.mech_driver.mech_driver [None req-a42eb6ee-3a35-4851-9650-5b2d5a940c0d - - - - - -] OVN reports status down for port: 10a14e4a-c3d7-4b69-b9d8-49805e789cf3
2026-07-08 07:16:00.412 7 WARNING neutron.scheduler.dhcp_agent_scheduler [None req-2ac04448-d551-4d95-bfd1-966fe1a8f4fa - - - - - -] No more DHCP agents
2026-07-08 07:16:00.414 7 WARNING neutron.api.rpc.agentnotifiers.dhcp_rpc_agent_api [None req-2ac04448-d551-4d95-bfd1-966fe1a8f4fa - - - - - -] Unable to schedule network ca90358c-a772-4e8c-9c37-e00e10912e42: no agents available; will retry on subsequent port and subnet creation events.
2026-07-08 07:16:00.430 8 INFO neutron.plugins.ml2.drivers.ovn.mech_driver.mech_driver [None req-a42eb6ee-3a35-4851-9650-5b2d5a940c0d - - - - - -] OVN reports status down for port: b34afa67-216e-4b38-b235-d85d3c77c9d5
2026-07-08 07:16:00.908 7 INFO neutron.db.ovn_revision_numbers_db [None req-2ac04448-d551-4d95-bfd1-966fe1a8f4fa - - - - - -] Successfully bumped revision number for resource e7534f79-b042-4f2d-83e1-b91ab690199d (type: router_ports) to 1
2026-07-08 07:16:01.162 7 WARNING neutron.scheduler.dhcp_agent_scheduler [None req-2ac04448-d551-4d95-bfd1-966fe1a8f4fa - - - - - -] No more DHCP agents
2026-07-08 07:16:01.163 7 WARNING neutron.api.rpc.agentnotifiers.dhcp_rpc_agent_api [None req-2ac04448-d551-4d95-bfd1-966fe1a8f4fa - - - - - -] Unable to schedule network ca90358c-a772-4e8c-9c37-e00e10912e42: no agents available; will retry on subsequent port and subnet creation events.
2026-07-08 07:16:01.296 8 INFO neutron.plugins.ml2.drivers.ovn.mech_driver.mech_driver [None req-a42eb6ee-3a35-4851-9650-5b2d5a940c0d - - - - - -] OVN reports status down for port: bd452098-307f-4cfb-b16c-3f593e3c2b73
2026-07-08 07:16:01.344 7 INFO neutron.db.ovn_revision_numbers_db [None req-2ac04448-d551-4d95-bfd1-966fe1a8f4fa - - - - - -] Successfully bumped revision number for resource bd452098-307f-4cfb-b16c-3f593e3c2b73 (type: ports) to 1
2026-07-08 07:16:01.646 7 INFO neutron.db.ovn_revision_numbers_db [None req-2ac04448-d551-4d95-bfd1-966fe1a8f4fa - - - - - -] Successfully bumped revision number for resource bd452098-307f-4cfb-b16c-3f593e3c2b73 (type: ports) to 3
2026-07-08 07:16:01.832 7 WARNING neutron.plugins.ml2.drivers.ovn.mech_driver.ovsdb.ovn_client [None req-3a8ab792-f800-4102-b450-5d7a8f528b5c - - - - - -] No hosting information found for port cfb4d0b8-a8a0-41da-8f57-6e1725615bc2: RuntimeError: No hosting information found for port cfb4d0b8-a8a0-41da-8f57-6e1725615bc2
2026-07-08 07:16:02.019 7 INFO neutron.db.ovn_revision_numbers_db [None req-3a8ab792-f800-4102-b450-5d7a8f528b5c - - - - - -] Successfully bumped revision number for resource cfb4d0b8-a8a0-41da-8f57-6e1725615bc2 (type: router_ports) to 2
2026-07-08 07:16:02.020 7 INFO neutron.plugins.ml2.drivers.ovn.mech_driver.mech_driver [None req-3a8ab792-f800-4102-b450-5d7a8f528b5c - - - - - -] OVN reports status down for port: e7534f79-b042-4f2d-83e1-b91ab690199d [pid: 7|app: 0|req: 1465/2818] 10.0.0.78 () {34 vars in 684 bytes} [Wed Jul 8 07:15:56 2026] POST /v2.0/vpn/vpnservices => generated 458 bytes in 5134 msecs (HTTP/1.1 201) 4 headers in 162 bytes (1 switches on core 0)
2026-07-08 07:16:02.093 7 WARNING neutron.plugins.ml2.drivers.ovn.mech_driver.ovsdb.ovn_client [None req-3a8ab792-f800-4102-b450-5d7a8f528b5c - - - - - -] Logical_Switch_Port e7534f79-b042-4f2d-83e1-b91ab690199d host information not removed, the port state is up
2026-07-08 07:16:02.094 7 INFO neutron.plugins.ml2.drivers.ovn.mech_driver.mech_driver [None req-3a8ab792-f800-4102-b450-5d7a8f528b5c - - - - - -] OVN reports status up for port: e7534f79-b042-4f2d-83e1-b91ab690199d
2026-07-08 07:16:02.105 7 INFO neutron.plugins.ml2.plugin [None req-3a8ab792-f800-4102-b450-5d7a8f528b5c - - - - - -] Attempt 1 to provision port e7534f79-b042-4f2d-83e1-b91ab690199d [pid: 8|app: 0|req: 1354/2819] 10.0.0.78 () {34 vars in 684 bytes} [Wed Jul 8 07:16:02 2026] POST /v2.0/vpn/vpnservices => generated 424 bytes in 572 msecs (HTTP/1.1 201) 4 headers in 162 bytes (1 switches on core 0)
2026-07-08 07:16:02.637 7 INFO neutron.db.ovn_revision_numbers_db [None req-3a8ab792-f800-4102-b450-5d7a8f528b5c - - - - - -] Successfully bumped revision number for resource e7534f79-b042-4f2d-83e1-b91ab690199d (type: ports) to 2
2026-07-08 07:16:02.703 7 ERROR neutron.api.v2.resource [None req-380e57a3-ca78-4a69-8311-d91096a0488e a00379d5f93c4b2db96cf52371340783 a443d5c3731a48a8a5659423abede60d - - default default] create failed: No details.: oslo_db.exception.DBDataError: (pymysql.err.DataError) (1265, "Data truncated for column 'auth_algorithm' at row 1") [SQL: INSERT INTO ikepolicies (name, description, auth_algorithm, encryption_algorithm, phase1_negotiation_mode, lifetime_units, lifetime_value, ike_version, pfs, id, project_id) VALUES (%(name)s, %(description)s, %(auth_algorithm)s, %(encryption_algorithm)s, %(phase1_negotiation_mode)s, %(lifetime_units)s, %(lifetime_value)s, %(ike_version)s, %(pfs)s, %(id)s, %(project_id)s)] [parameters: {'name': 'tempest-ike-policy--195294028', 'description': '', 'auth_algorithm': 'sha1', 'encryption_algorithm': 'aes-128', 'phase1_negotiation_mode': 'main', 'lifetime_units': 'seconds', 'lifetime_value': 3600, 'ike_version': 'v1', 'pfs': 'group5', 'id': 'ea44f4e9-364f-4219-b265-58b751c76b98', 'project_id': 'a443d5c3731a48a8a5659423abede60d'}] (Background on this error at: https://sqlalche.me/e/20/9h9h)
2026-07-08 07:16:02.703 7 ERROR neutron.api.v2.resource
Traceback (most recent call last):
2026-07-08 07:16:02.703 7 ERROR neutron.api.v2.resource
File "/var/lib/openstack/lib/python3.12/site-packages/sqlalchemy/engine/base.py", line 1969, in _exec_single_context
2026-07-08 07:16:02.703 7 ERROR neutron.api.v2.resource self.dialect.do_execute(
2026-07-08 07:16:02.703 7 ERROR neutron.api.v2.resource
File "/var/lib/openstack/lib/python3.12/site-packages/sqlalchemy/engine/default.py", line 952, in do_execute
2026-07-08 07:16:02.703 7 ERROR neutron.api.v2.resource cursor.execute(statement, parameters)
2026-07-08 07:16:02.703 7 ERROR neutron.api.v2.resource
File "/var/lib/openstack/lib/python3.12/site-packages/pymysql/cursors.py", line 159, in execute
2026-07-08 07:16:02.703 7 ERROR neutron.api.v2.resource result = self._query(query)
2026-07-08 07:16:02.703 7 ERROR neutron.api.v2.resource ^^^^^^^^^^^^^^^^^^
2026-07-08 07:16:02.703 7 ERROR neutron.api.v2.resource
File "/var/lib/openstack/lib/python3.12/site-packages/pymysql/cursors.py", line 330, in _query
2026-07-08 07:16:02.703 7 ERROR neutron.api.v2.resource conn.query(q)
2026-07-08 07:16:02.703 7 ERROR neutron.api.v2.resource
File "/var/lib/openstack/lib/python3.12/site-packages/pymysql/connections.py", line 582, in query
2026-07-08 07:16:02.703 7 ERROR neutron.api.v2.resource self._affected_rows = self._read_query_result(unbuffered=unbuffered)
2026-07-08 07:16:02.703 7 ERROR neutron.api.v2.resource ^^^^^^^^^^^^^^^^^^^^^^^^^^^^^^^^^^^^^^^^^^^^^^
2026-07-08 07:16:02.703 7 ERROR neutron.api.v2.resource
File "/var/lib/openstack/lib/python3.12/site-packages/pymysql/connections.py", line 847, in _read_query_result
2026-07-08 07:16:02.703 7 ERROR neutron.api.v2.resource result.read()
2026-07-08 07:16:02.703 7 ERROR neutron.api.v2.resource
File "/var/lib/openstack/lib/python3.12/site-packages/pymysql/connections.py", line 1245, in read
2026-07-08 07:16:02.703 7 ERROR neutron.api.v2.resource first_packet = self.connection._read_packet()
2026-07-08 07:16:02.703 7 ERROR neutron.api.v2.resource ^^^^^^^^^^^^^^^^^^^^^^^^^^^^^^
2026-07-08 07:16:02.703 7 ERROR neutron.api.v2.resource
File "/var/lib/openstack/lib/python3.12/site-packages/pymysql/connections.py", line 803, in _read_packet
2026-07-08 07:16:02.703 7 ERROR neutron.api.v2.resource packet.raise_for_error()
2026-07-08 07:16:02.703 7 ERROR neutron.api.v2.resource
File "/var/lib/openstack/lib/python3.12/site-packages/pymysql/protocol.py", line 219, in raise_for_error
2026-07-08 07:16:02.703 7 ERROR neutron.api.v2.resource err.raise_mysql_exception(self._data)
2026-07-08 07:16:02.703 7 ERROR neutron.api.v2.resource
File "/var/lib/openstack/lib/python3.12/site-packages/pymysql/err.py", line 154, in raise_mysql_exception
2026-07-08 07:16:02.703 7 ERROR neutron.api.v2.resource raise errorclass(errno, errval, sqlstate=sqlstate)
2026-07-08 07:16:02.703 7 ERROR neutron.api.v2.resource pymysql.err.DataError: (1265, "Data truncated for column 'auth_algorithm' at row 1")
2026-07-08 07:16:02.703 7 ERROR neutron.api.v2.resource
2026-07-08 07:16:02.703 7 ERROR neutron.api.v2.resource The above exception was the direct cause of the following exception:
2026-07-08 07:16:02.703 7 ERROR neutron.api.v2.resource
2026-07-08 07:16:02.703 7 ERROR neutron.api.v2.resource
Traceback (most recent call last):
2026-07-08 07:16:02.703 7 ERROR neutron.api.v2.resource
File "/var/lib/openstack/lib/python3.12/site-packages/neutron/api/v2/resource.py", line 96, in resource
2026-07-08 07:16:02.703 7 ERROR neutron.api.v2.resource result = method(request=request, **args)
2026-07-08 07:16:02.703 7 ERROR neutron.api.v2.resource ^^^^^^^^^^^^^^^^^^^^^^^^^^^^^^^
2026-07-08 07:16:02.703 7 ERROR neutron.api.v2.resource
File "/var/lib/openstack/lib/python3.12/site-packages/neutron/api/v2/base.py", line 442, in create
2026-07-08 07:16:02.703 7 ERROR neutron.api.v2.resource return self._create(request, body, **kwargs)
2026-07-08 07:16:02.703 7 ERROR neutron.api.v2.resource ^^^^^^^^^^^^^^^^^^^^^^^^^^^^^^^^^^^^^
2026-07-08 07:16:02.703 7 ERROR neutron.api.v2.resource
File "/var/lib/openstack/lib/python3.12/site-packages/neutron_lib/db/api.py", line 137, in wrapped
2026-07-08 07:16:02.703 7 ERROR neutron.api.v2.resource with excutils.save_and_reraise_exception():
2026-07-08 07:16:02.703 7 ERROR neutron.api.v2.resource
File "/var/lib/openstack/lib/python3.12/site-packages/oslo_utils/excutils.py", line 266, in __exit__
2026-07-08 07:16:02.703 7 ERROR neutron.api.v2.resource self.force_reraise()
2026-07-08 07:16:02.703 7 ERROR neutron.api.v2.resource
File "/var/lib/openstack/lib/python3.12/site-packages/oslo_utils/excutils.py", line 232, in force_reraise
2026-07-08 07:16:02.703 7 ERROR neutron.api.v2.resource raise self.value
2026-07-08 07:16:02.703 7 ERROR neutron.api.v2.resource
File "/var/lib/openstack/lib/python3.12/site-packages/neutron_lib/db/api.py", line 135, in wrapped
2026-07-08 07:16:02.703 7 ERROR neutron.api.v2.resource return f(*args, **kwargs)
2026-07-08 07:16:02.703 7 ERROR neutron.api.v2.resource ^^^^^^^^^^^^^^^^^^
2026-07-08 07:16:02.703 7 ERROR neutron.api.v2.resource
File "/var/lib/openstack/lib/python3.12/site-packages/oslo_db/api.py", line 144, in wrapper
2026-07-08 07:16:02.703 7 ERROR neutron.api.v2.resource with excutils.save_and_reraise_exception() as ectxt:
2026-07-08 07:16:02.703 7 ERROR neutron.api.v2.resource
File "/var/lib/openstack/lib/python3.12/site-packages/oslo_utils/excutils.py", line 266, in __exit__
2026-07-08 07:16:02.703 7 ERROR neutron.api.v2.resource self.force_reraise()
2026-07-08 07:16:02.703 7 ERROR neutron.api.v2.resource
File "/var/lib/openstack/lib/python3.12/site-packages/oslo_utils/excutils.py", line 232, in force_reraise
2026-07-08 07:16:02.703 7 ERROR neutron.api.v2.resource raise self.value
2026-07-08 07:16:02.703 7 ERROR neutron.api.v2.resource
File "/var/lib/openstack/lib/python3.12/site-packages/oslo_db/api.py", line 142, in wrapper
2026-07-08 07:16:02.703 7 ERROR neutron.api.v2.resource return f(*args, **kwargs)
2026-07-08 07:16:02.703 7 ERROR neutron.api.v2.resource ^^^^^^^^^^^^^^^^^^
2026-07-08 07:16:02.703 7 ERROR neutron.api.v2.resource
File "/var/lib/openstack/lib/python3.12/site-packages/neutron_lib/db/api.py", line 183, in wrapped
