2026-07-08 07:14:59.389 7 INFO neutron.db.ovn_revision_numbers_db [None req-b317e78c-e50b-4ad3-b4d1-d501dde261fd 59445e70b7e1477d9a2bf48eb6bb42db 42e1d9003a734268b004bb10f00e3bf7 - - default default] Successfully bumped revision number for resource 8c67f118-1b83-4c56-a653-bda7db7807e4 (type: security_group_rules) to 0
2026-07-08 07:14:59.405 7 INFO neutron.db.ovn_revision_numbers_db [None req-b317e78c-e50b-4ad3-b4d1-d501dde261fd 59445e70b7e1477d9a2bf48eb6bb42db 42e1d9003a734268b004bb10f00e3bf7 - - default default] Successfully bumped revision number for resource b5579e06-4e57-414b-9a3d-4bbec561d7b2 (type: security_group_rules) to 0 /var/lib/openstack/lib/python3.12/site-packages/pycadf/identifier.py:70: UserWarning: Invalid uuid: neutron. To ensure interoperability, identifiers should be a valid uuid. warnings.warn(('Invalid uuid: %s. To ensure interoperability, ' [pid: 8|app: 0|req: 1141/2399] 199.204.45.242 () {34 vars in 1080 bytes} [Wed Jul 8 07:14:59 2026] GET /v2.0/ports?tenant_id=7135fc1908f24b79812804517923a210&device_id=693b0201-debb-49f6-be8e-e81d284bba0c => generated 1235 bytes in 42 msecs (HTTP/1.1 200) 4 headers in 158 bytes (1 switches on core 0)
2026-07-08 07:14:59.497 7 INFO neutron.db.segments_db [None req-b317e78c-e50b-4ad3-b4d1-d501dde261fd 59445e70b7e1477d9a2bf48eb6bb42db 42e1d9003a734268b004bb10f00e3bf7 - - default default] Added segment 327210cc-375b-4953-8660-ea2ba567eb40 of type geneve for network 3e41c473-ac4b-48a4-9dfa-139989a679dd [pid: 8|app: 0|req: 1142/2400] 199.204.45.242 () {34 vars in 986 bytes} [Wed Jul 8 07:14:59 2026] GET /v2.0/networks?id=27c6dccc-b430-498c-b624-e1e7a5caa372 => generated 798 bytes in 70 msecs (HTTP/1.1 200) 4 headers in 157 bytes (1 switches on core 0) [pid: 8|app: 0|req: 1143/2401] 199.204.45.242 () {34 vars in 1060 bytes} [Wed Jul 8 07:14:59 2026] GET /v2.0/floatingips?fixed_ip_address=10.100.0.13&port_id=cf696b6b-68ba-45f2-9c61-95139a21b1c2 => generated 861 bytes in 47 msecs (HTTP/1.1 200) 4 headers in 157 bytes (1 switches on core 0)
2026-07-08 07:14:59.634 7 INFO neutron.db.ovn_revision_numbers_db [None req-b317e78c-e50b-4ad3-b4d1-d501dde261fd 59445e70b7e1477d9a2bf48eb6bb42db 42e1d9003a734268b004bb10f00e3bf7 - - default default] Successfully bumped revision number for resource 3e41c473-ac4b-48a4-9dfa-139989a679dd (type: networks) to 1 [pid: 8|app: 0|req: 1144/2402] 199.204.45.242 () {34 vars in 984 bytes} [Wed Jul 8 07:14:59 2026] GET /v2.0/subnets?id=fe9c604e-f571-4a96-b04a-aa0e6a39c51a => generated 677 bytes in 56 msecs (HTTP/1.1 200) 4 headers in 157 bytes (1 switches on core 0) [pid: 8|app: 0|req: 1145/2403] 199.204.45.242 () {34 vars in 1052 bytes} [Wed Jul 8 07:14:59 2026] GET /v2.0/ports?network_id=27c6dccc-b430-498c-b624-e1e7a5caa372&device_owner=network%3Adhcp => generated 12 bytes in 37 msecs (HTTP/1.1 200) 4 headers in 156 bytes (1 switches on core 0) [pid: 8|app: 0|req: 1146/2404] 199.204.45.242 () {34 vars in 1012 bytes} [Wed Jul 8 07:14:59 2026] GET /v2.0/networks/27c6dccc-b430-498c-b624-e1e7a5caa372?fields=segments => generated 14 bytes in 57 msecs (HTTP/1.1 200) 4 headers in 156 bytes (1 switches on core 0)
2026-07-08 07:14:59.820 7 WARNING neutron.scheduler.dhcp_agent_scheduler [None req-b317e78c-e50b-4ad3-b4d1-d501dde261fd 59445e70b7e1477d9a2bf48eb6bb42db 42e1d9003a734268b004bb10f00e3bf7 - - default default] No more DHCP agents
2026-07-08 07:14:59.822 7 WARNING neutron.api.rpc.agentnotifiers.dhcp_rpc_agent_api [None req-b317e78c-e50b-4ad3-b4d1-d501dde261fd 59445e70b7e1477d9a2bf48eb6bb42db 42e1d9003a734268b004bb10f00e3bf7 - - default default] Unable to schedule network 3e41c473-ac4b-48a4-9dfa-139989a679dd: no agents available; will retry on subsequent port and subnet creation events.
2026-07-08 07:14:59.881 8 INFO neutron.plugins.ml2.drivers.ovn.mech_driver.mech_driver [None req-a42eb6ee-3a35-4851-9650-5b2d5a940c0d - - - - - -] OVN reports status down for port: f83ba516-b0f9-4338-9802-556cf27200cf
2026-07-08 07:14:59.916 7 INFO neutron.db.ovn_revision_numbers_db [None req-b317e78c-e50b-4ad3-b4d1-d501dde261fd 59445e70b7e1477d9a2bf48eb6bb42db 42e1d9003a734268b004bb10f00e3bf7 - - default default] Successfully bumped revision number for resource f83ba516-b0f9-4338-9802-556cf27200cf (type: ports) to 1 [pid: 7|app: 0|req: 1259/2405] 10.0.0.78 () {34 vars in 669 bytes} [Wed Jul 8 07:14:58 2026] POST /v2.0/networks => generated 669 bytes in 1053 msecs (HTTP/1.1 201) 4 headers in 162 bytes (1 switches on core 0)
2026-07-08 07:14:59.957 8 WARNING neutron.db.securitygroups_db [None req-b7251b5e-8813-4db0-8492-bdfdcd85a00f c858e2d40490407a8422c357b7574ad7 d7353c3f3ded48b199ee5185daf5c019 - - default default] project_id key not found in filters, using tenant_id instead. This support has been deprecated and will be removed in a future release. [pid: 8|app: 0|req: 1147/2406] 10.0.0.78 () {32 vars in 773 bytes} [Wed Jul 8 07:14:59 2026] GET /v2.0/security-groups?tenant_id=5a1f7ac245d344b49b3530f6f8e9b791&name=default => generated 2925 bytes in 204 msecs (HTTP/1.1 200) 4 headers in 158 bytes (1 switches on core 0) [pid: 7|app: 0|req: 1260/2407] 199.204.45.242 () {34 vars in 1112 bytes} [Wed Jul 8 07:14:59 2026] GET /v2.0/networks/27c6dccc-b430-498c-b624-e1e7a5caa372?fields=provider%3Aphysical_network&fields=provider%3Anetwork_type => generated 79 bytes in 37 msecs (HTTP/1.1 200) 4 headers in 156 bytes (1 switches on core 0) [pid: 7|app: 0|req: 1261/2408] 10.0.0.78 () {32 vars in 739 bytes} [Wed Jul 8 07:14:59 2026] DELETE /v2.0/security-groups/7d87578a-22bf-4789-8a0f-958a2380de20 => generated 0 bytes in 247 msecs (HTTP/1.1 204) 2 headers in 112 bytes (1 switches on core 0)
2026-07-08 07:15:00.283 8 WARNING neutron.scheduler.dhcp_agent_scheduler [None req-6f55ea75-13b7-4057-9bdb-0c90ecdcb387 59445e70b7e1477d9a2bf48eb6bb42db 42e1d9003a734268b004bb10f00e3bf7 - - default default] No more DHCP agents
2026-07-08 07:15:00.288 8 WARNING neutron.api.rpc.agentnotifiers.dhcp_rpc_agent_api [None req-6f55ea75-13b7-4057-9bdb-0c90ecdcb387 59445e70b7e1477d9a2bf48eb6bb42db 42e1d9003a734268b004bb10f00e3bf7 - - default default] Unable to schedule network 3e41c473-ac4b-48a4-9dfa-139989a679dd: no agents available; will retry on subsequent port and subnet creation events.
2026-07-08 07:15:00.356 7 WARNING neutron.db.securitygroups_db [None req-b9f54157-245c-4b15-9972-37f919536eb5 c858e2d40490407a8422c357b7574ad7 d7353c3f3ded48b199ee5185daf5c019 - - default default] project_id key not found in filters, using tenant_id instead. This support has been deprecated and will be removed in a future release.
2026-07-08 07:15:00.371 8 INFO neutron.plugins.ml2.drivers.ovn.mech_driver.mech_driver [None req-a42eb6ee-3a35-4851-9650-5b2d5a940c0d - - - - - -] OVN reports status down for port: 5f6e4dbd-7a23-4dce-89f5-07b64d61bca1
2026-07-08 07:15:00.487 8 INFO neutron.db.ovn_revision_numbers_db [None req-6f55ea75-13b7-4057-9bdb-0c90ecdcb387 59445e70b7e1477d9a2bf48eb6bb42db 42e1d9003a734268b004bb10f00e3bf7 - - default default] Successfully bumped revision number for resource 5f6e4dbd-7a23-4dce-89f5-07b64d61bca1 (type: ports) to 1 [pid: 8|app: 0|req: 1148/2409] 10.0.0.78 () {34 vars in 663 bytes} [Wed Jul 8 07:14:59 2026] POST /v2.0/ports => generated 743 bytes in 580 msecs (HTTP/1.1 201) 4 headers in 162 bytes (1 switches on core 0) /var/lib/openstack/lib/python3.12/site-packages/pycadf/identifier.py:70: UserWarning: Invalid uuid: neutron. To ensure interoperability, identifiers should be a valid uuid. warnings.warn(('Invalid uuid: %s. To ensure interoperability, '
2026-07-08 07:15:00.609 7 INFO neutron.db.ovn_revision_numbers_db [None req-b9f54157-245c-4b15-9972-37f919536eb5 c858e2d40490407a8422c357b7574ad7 d7353c3f3ded48b199ee5185daf5c019 - - default default] Successfully bumped revision number for resource 88db35d2-67b2-46d4-b8bb-cbecac9c23bb (type: security_groups) to 1
2026-07-08 07:15:00.646 7 INFO neutron.db.ovn_revision_numbers_db [None req-b9f54157-245c-4b15-9972-37f919536eb5 c858e2d40490407a8422c357b7574ad7 d7353c3f3ded48b199ee5185daf5c019 - - default default] Successfully bumped revision number for resource 13d7221b-9a7e-46e3-8ca0-5d84b1290368 (type: security_group_rules) to 0
2026-07-08 07:15:00.667 7 INFO neutron.db.ovn_revision_numbers_db [None req-b9f54157-245c-4b15-9972-37f919536eb5 c858e2d40490407a8422c357b7574ad7 d7353c3f3ded48b199ee5185daf5c019 - - default default] Successfully bumped revision number for resource 242b9566-b082-4c9b-85e4-c5c8d9a82b1a (type: security_group_rules) to 0
2026-07-08 07:15:00.688 7 INFO neutron.db.ovn_revision_numbers_db [None req-b9f54157-245c-4b15-9972-37f919536eb5 c858e2d40490407a8422c357b7574ad7 d7353c3f3ded48b199ee5185daf5c019 - - default default] Successfully bumped revision number for resource 8634f816-37cf-4d2a-9d7f-418a61ceca54 (type: security_group_rules) to 0
2026-07-08 07:15:00.707 7 INFO neutron.db.ovn_revision_numbers_db [None req-b9f54157-245c-4b15-9972-37f919536eb5 c858e2d40490407a8422c357b7574ad7 d7353c3f3ded48b199ee5185daf5c019 - - default default] Successfully bumped revision number for resource ee77addc-56a0-4d7a-9f2a-bcbdccbbd5a5 (type: security_group_rules) to 0
2026-07-08 07:15:00.715 8 INFO neutron.db.segments_db [None req-4c0b60ed-3217-40dd-9fbf-d6674239fc43 59445e70b7e1477d9a2bf48eb6bb42db 42e1d9003a734268b004bb10f00e3bf7 - - default default] Added segment a6edb049-a68f-4b8c-80b6-f9d29827afb2 of type geneve for network f5f8584a-0428-4a41-96e0-c892e194717c [pid: 7|app: 0|req: 1262/2410] 10.0.0.78 () {32 vars in 773 bytes} [Wed Jul 8 07:15:00 2026] GET /v2.0/security-groups?tenant_id=1466fbd189fc417495cd46984de585ff&name=default => generated 2925 bytes in 405 msecs (HTTP/1.1 200) 4 headers in 158 bytes (1 switches on core 0)
2026-07-08 07:15:00.855 8 INFO neutron.db.ovn_revision_numbers_db [None req-4c0b60ed-3217-40dd-9fbf-d6674239fc43 59445e70b7e1477d9a2bf48eb6bb42db 42e1d9003a734268b004bb10f00e3bf7 - - default default] Successfully bumped revision number for resource f5f8584a-0428-4a41-96e0-c892e194717c (type: networks) to 1 [pid: 7|app: 0|req: 1263/2411] 10.0.0.78 () {32 vars in 739 bytes} [Wed Jul 8 07:15:00 2026] DELETE /v2.0/security-groups/88db35d2-67b2-46d4-b8bb-cbecac9c23bb => generated 0 bytes in 250 msecs (HTTP/1.1 204) 2 headers in 112 bytes (1 switches on core 0)
2026-07-08 07:15:01.146 8 WARNING neutron.scheduler.dhcp_agent_scheduler [None req-4c0b60ed-3217-40dd-9fbf-d6674239fc43 59445e70b7e1477d9a2bf48eb6bb42db 42e1d9003a734268b004bb10f00e3bf7 - - default default] No more DHCP agents
2026-07-08 07:15:01.157 8 WARNING neutron.api.rpc.agentnotifiers.dhcp_rpc_agent_api [None req-4c0b60ed-3217-40dd-9fbf-d6674239fc43 59445e70b7e1477d9a2bf48eb6bb42db 42e1d9003a734268b004bb10f00e3bf7 - - default default] Unable to schedule network f5f8584a-0428-4a41-96e0-c892e194717c: no agents available; will retry on subsequent port and subnet creation events.
2026-07-08 07:15:01.259 7 INFO neutron.plugins.ml2.drivers.ovn.mech_driver.mech_driver [None req-fca1da3f-7bda-46d2-917c-69c015bfb62d - - - - - -] OVN reports status down for port: 1aa6ebb4-b775-4b4f-8133-f323dee3b668
2026-07-08 07:15:01.314 8 INFO neutron.db.ovn_revision_numbers_db [None req-4c0b60ed-3217-40dd-9fbf-d6674239fc43 59445e70b7e1477d9a2bf48eb6bb42db 42e1d9003a734268b004bb10f00e3bf7 - - default default] Successfully bumped revision number for resource 1aa6ebb4-b775-4b4f-8133-f323dee3b668 (type: ports) to 1 [pid: 8|app: 0|req: 1149/2412] 10.0.0.78 () {34 vars in 669 bytes} [Wed Jul 8 07:15:00 2026] POST /v2.0/networks => generated 670 bytes in 788 msecs (HTTP/1.1 201) 4 headers in 162 bytes (1 switches on core 0)
2026-07-08 07:15:01.676 7 WARNING neutron.scheduler.dhcp_agent_scheduler [None req-a0f7edd9-1819-4ad0-80fa-e48391db8dee 59445e70b7e1477d9a2bf48eb6bb42db 42e1d9003a734268b004bb10f00e3bf7 - - default default] No more DHCP agents
2026-07-08 07:15:01.678 7 WARNING neutron.api.rpc.agentnotifiers.dhcp_rpc_agent_api [None req-a0f7edd9-1819-4ad0-80fa-e48391db8dee 59445e70b7e1477d9a2bf48eb6bb42db 42e1d9003a734268b004bb10f00e3bf7 - - default default] Unable to schedule network f5f8584a-0428-4a41-96e0-c892e194717c: no agents available; will retry on subsequent port and subnet creation events.
2026-07-08 07:15:01.749 8 INFO neutron.plugins.ml2.drivers.ovn.mech_driver.mech_driver [None req-a42eb6ee-3a35-4851-9650-5b2d5a940c0d - - - - - -] OVN reports status down for port: 247efe07-45e6-45da-9b95-33bdbcb0cee4
2026-07-08 07:15:01.772 7 INFO neutron.db.ovn_revision_numbers_db [None req-a0f7edd9-1819-4ad0-80fa-e48391db8dee 59445e70b7e1477d9a2bf48eb6bb42db 42e1d9003a734268b004bb10f00e3bf7 - - default default] Successfully bumped revision number for resource 247efe07-45e6-45da-9b95-33bdbcb0cee4 (type: ports) to 1 [pid: 7|app: 0|req: 1264/2413] 10.0.0.78 () {34 vars in 663 bytes} [Wed Jul 8 07:15:01 2026] POST /v2.0/ports => generated 743 bytes in 448 msecs (HTTP/1.1 201) 4 headers in 162 bytes (1 switches on core 0)
2026-07-08 07:15:01.934 8 INFO neutron.db.segments_db [None req-505ba802-b9a3-4ecb-aa54-fe5c269ed403 59445e70b7e1477d9a2bf48eb6bb42db 42e1d9003a734268b004bb10f00e3bf7 - - default default] Added segment c55fa813-97ac-419b-8c87-4aacde68f817 of type geneve for network d6da1777-eaed-4ff2-9228-1c2cc5243d46 /var/lib/openstack/lib/python3.12/site-packages/pycadf/identifier.py:70: UserWarning: Invalid uuid: neutron. To ensure interoperability, identifiers should be a valid uuid. warnings.warn(('Invalid uuid: %s. To ensure interoperability, '
2026-07-08 07:15:02.108 8 INFO neutron.db.ovn_revision_numbers_db [None req-505ba802-b9a3-4ecb-aa54-fe5c269ed403 59445e70b7e1477d9a2bf48eb6bb42db 42e1d9003a734268b004bb10f00e3bf7 - - default default] Successfully bumped revision number for resource d6da1777-eaed-4ff2-9228-1c2cc5243d46 (type: networks) to 1
2026-07-08 07:15:02.120 7 INFO neutron.db.ovn_revision_numbers_db [None req-4958ccdc-8f9e-4908-a431-73b65a589ac6 357fb9242c8446eaa07ad4612ef2db14 fb4b4fe0fe7e40b0843f85b5b6c1e33c - - default default] Successfully bumped revision number for resource e5834530-d648-493f-bc41-574aa8dbe560 (type: routers) to 1 [pid: 7|app: 0|req: 1265/2414] 10.0.0.78 () {34 vars in 667 bytes} [Wed Jul 8 07:15:01 2026] POST /v2.0/routers => generated 591 bytes in 296 msecs (HTTP/1.1 201) 4 headers in 162 bytes (1 switches on core 0)
2026-07-08 07:15:02.293 8 WARNING neutron.scheduler.dhcp_agent_scheduler [None req-505ba802-b9a3-4ecb-aa54-fe5c269ed403 59445e70b7e1477d9a2bf48eb6bb42db 42e1d9003a734268b004bb10f00e3bf7 - - default default] No more DHCP agents
2026-07-08 07:15:02.295 8 WARNING neutron.api.rpc.agentnotifiers.dhcp_rpc_agent_api [None req-505ba802-b9a3-4ecb-aa54-fe5c269ed403 59445e70b7e1477d9a2bf48eb6bb42db 42e1d9003a734268b004bb10f00e3bf7 - - default default] Unable to schedule network d6da1777-eaed-4ff2-9228-1c2cc5243d46: no agents available; will retry on subsequent port and subnet creation events.
2026-07-08 07:15:02.309 7 INFO neutron.db.ovn_revision_numbers_db [None req-0e61aac7-880b-4631-ac0f-6f6a58106b25 357fb9242c8446eaa07ad4612ef2db14 fb4b4fe0fe7e40b0843f85b5b6c1e33c - - default default] Successfully bumped revision number for resource f11c974d-8904-4d81-be9f-b375e2a87865 (type: routers) to 1 [pid: 7|app: 0|req: 1266/2415] 10.0.0.78 () {34 vars in 667 bytes} [Wed Jul 8 07:15:02 2026] POST /v2.0/routers => generated 591 bytes in 176 msecs (HTTP/1.1 201) 4 headers in 162 bytes (1 switches on core 0)
2026-07-08 07:15:02.373 7 INFO neutron.plugins.ml2.drivers.ovn.mech_driver.mech_driver [None req-fca1da3f-7bda-46d2-917c-69c015bfb62d - - - - - -] OVN reports status down for port: 1ad65d6b-951c-4c5b-9f9e-367e67325e1e
2026-07-08 07:15:02.393 8 INFO neutron.db.ovn_revision_numbers_db [None req-505ba802-b9a3-4ecb-aa54-fe5c269ed403 59445e70b7e1477d9a2bf48eb6bb42db 42e1d9003a734268b004bb10f00e3bf7 - - default default] Successfully bumped revision number for resource 1ad65d6b-951c-4c5b-9f9e-367e67325e1e (type: ports) to 1 [pid: 8|app: 0|req: 1150/2416] 10.0.0.78 () {34 vars in 669 bytes} [Wed Jul 8 07:15:01 2026] POST /v2.0/networks => generated 670 bytes in 614 msecs (HTTP/1.1 201) 4 headers in 162 bytes (1 switches on core 0)
2026-07-08 07:15:02.556 7 INFO neutron.db.ovn_revision_numbers_db [None req-2ecba42b-5c57-4a73-ba73-8f83e24fe1ee 357fb9242c8446eaa07ad4612ef2db14 fb4b4fe0fe7e40b0843f85b5b6c1e33c - - default default] Successfully bumped revision number for resource a685ce76-c9f1-4df9-af2a-477c0f483f73 (type: routers) to 1 [pid: 7|app: 0|req: 1267/2417] 10.0.0.78 () {34 vars in 667 bytes} [Wed Jul 8 07:15:02 2026] POST /v2.0/routers => generated 591 bytes in 239 msecs (HTTP/1.1 201) 4 headers in 162 bytes (1 switches on core 0)
2026-07-08 07:15:02.687 8 WARNING neutron.scheduler.dhcp_agent_scheduler [None req-173b2503-fb2b-4a98-badf-60fa81d77514 59445e70b7e1477d9a2bf48eb6bb42db 42e1d9003a734268b004bb10f00e3bf7 - - default default] No more DHCP agents
2026-07-08 07:15:02.689 8 WARNING neutron.api.rpc.agentnotifiers.dhcp_rpc_agent_api [None req-173b2503-fb2b-4a98-badf-60fa81d77514 59445e70b7e1477d9a2bf48eb6bb42db 42e1d9003a734268b004bb10f00e3bf7 - - default default] Unable to schedule network d6da1777-eaed-4ff2-9228-1c2cc5243d46: no agents available; will retry on subsequent port and subnet creation events.
2026-07-08 07:15:02.711 7 INFO neutron.db.ovn_revision_numbers_db [None req-c061c176-4174-4b6d-bd45-75c7f5048081 357fb9242c8446eaa07ad4612ef2db14 fb4b4fe0fe7e40b0843f85b5b6c1e33c - - default default] Successfully bumped revision number for resource 525bf4b5-a999-4bdd-926b-61c4f5bd5c40 (type: routers) to 1 [pid: 7|app: 0|req: 1268/2418] 10.0.0.78 () {34 vars in 667 bytes} [Wed Jul 8 07:15:02 2026] POST /v2.0/routers => generated 591 bytes in 151 msecs (HTTP/1.1 201) 4 headers in 162 bytes (1 switches on core 0)
2026-07-08 07:15:02.773 8 INFO neutron.plugins.ml2.drivers.ovn.mech_driver.mech_driver [None req-a42eb6ee-3a35-4851-9650-5b2d5a940c0d - - - - - -] OVN reports status down for port: 2dbb8e0a-a10a-4260-90f7-8d351831865b
2026-07-08 07:15:02.855 8 INFO neutron.db.ovn_revision_numbers_db [None req-173b2503-fb2b-4a98-badf-60fa81d77514 59445e70b7e1477d9a2bf48eb6bb42db 42e1d9003a734268b004bb10f00e3bf7 - - default default] Successfully bumped revision number for resource 2dbb8e0a-a10a-4260-90f7-8d351831865b (type: ports) to 1
2026-07-08 07:15:02.859 7 INFO neutron.db.ovn_revision_numbers_db [None req-9fc55c14-2758-468e-ae2d-e9587247beec 357fb9242c8446eaa07ad4612ef2db14 fb4b4fe0fe7e40b0843f85b5b6c1e33c - - default default] Successfully bumped revision number for resource 1c0db91d-0407-41ca-8f50-d35dc0c3d8bd (type: routers) to 1 [pid: 7|app: 0|req: 1269/2419] 10.0.0.78 () {34 vars in 667 bytes} [Wed Jul 8 07:15:02 2026] POST /v2.0/routers => generated 591 bytes in 142 msecs (HTTP/1.1 201) 4 headers in 162 bytes (1 switches on core 0) [pid: 8|app: 0|req: 1151/2420] 10.0.0.78 () {34 vars in 663 bytes} [Wed Jul 8 07:15:02 2026] POST /v2.0/ports => generated 743 bytes in 470 msecs (HTTP/1.1 201) 4 headers in 162 bytes (1 switches on core 0) /var/lib/openstack/lib/python3.12/site-packages/pycadf/identifier.py:70: UserWarning: Invalid uuid: neutron. To ensure interoperability, identifiers should be a valid uuid. warnings.warn(('Invalid uuid: %s. To ensure interoperability, '
2026-07-08 07:15:02.922 7 WARNING tagging [None req-b1a3f99f-0bcf-494f-a81b-632929a68b3a 357fb9242c8446eaa07ad4612ef2db14 fb4b4fe0fe7e40b0843f85b5b6c1e33c - - default default] project_id key not found in request, using tenant_id instead. This support has been deprecated and will be removed in a future release. [pid: 7|app: 0|req: 1270/2421] 10.0.0.78 () {34 vars in 750 bytes} [Wed Jul 8 07:15:02 2026] PUT /v2.0/routers/e5834530-d648-493f-bc41-574aa8dbe560/tags => generated 17 bytes in 97 msecs (HTTP/1.1 200) 4 headers in 156 bytes (1 switches on core 0)
2026-07-08 07:15:03.015 8 INFO neutron.db.segments_db [None req-0c66860c-bbc1-4708-93e8-c5516932d5b9 59445e70b7e1477d9a2bf48eb6bb42db 42e1d9003a734268b004bb10f00e3bf7 - - default default] Added segment c05daed0-3036-4268-b437-d9b8bea2e235 of type geneve for network 62105572-1b99-43cc-8ab0-f7da94fe45c1
2026-07-08 07:15:03.030 7 WARNING tagging [None req-6234b3d5-b0c9-4c54-a759-fa5294315218 357fb9242c8446eaa07ad4612ef2db14 fb4b4fe0fe7e40b0843f85b5b6c1e33c - - default default] project_id key not found in request, using tenant_id instead. This support has been deprecated and will be removed in a future release. [pid: 7|app: 0|req: 1271/2422] 10.0.0.78 () {34 vars in 750 bytes} [Wed Jul 8 07:15:02 2026] PUT /v2.0/routers/f11c974d-8904-4d81-be9f-b375e2a87865/tags => generated 25 bytes in 80 msecs (HTTP/1.1 200) 4 headers in 156 bytes (1 switches on core 0)
2026-07-08 07:15:03.132 7 WARNING tagging [None req-ac83ff2d-e702-41cd-9e5f-f8a49dfb7e7e 357fb9242c8446eaa07ad4612ef2db14 fb4b4fe0fe7e40b0843f85b5b6c1e33c - - default default] project_id key not found in request, using tenant_id instead. This support has been deprecated and will be removed in a future release.
2026-07-08 07:15:03.143 8 INFO neutron.db.ovn_revision_numbers_db [None req-0c66860c-bbc1-4708-93e8-c5516932d5b9 59445e70b7e1477d9a2bf48eb6bb42db 42e1d9003a734268b004bb10f00e3bf7 - - default default] Successfully bumped revision number for resource 62105572-1b99-43cc-8ab0-f7da94fe45c1 (type: networks) to 1 [pid: 7|app: 0|req: 1272/2423] 10.0.0.78 () {34 vars in 750 bytes} [Wed Jul 8 07:15:03 2026] PUT /v2.0/routers/a685ce76-c9f1-4df9-af2a-477c0f483f73/tags => generated 34 bytes in 117 msecs (HTTP/1.1 200) 4 headers in 156 bytes (1 switches on core 0)
2026-07-08 07:15:03.244 7 WARNING tagging [None req-3c196d8f-0a52-4dfe-b709-8a8d78bace5b 357fb9242c8446eaa07ad4612ef2db14 fb4b4fe0fe7e40b0843f85b5b6c1e33c - - default default] project_id key not found in request, using tenant_id instead. This support has been deprecated and will be removed in a future release. [pid: 7|app: 0|req: 1273/2424] 10.0.0.78 () {34 vars in 750 bytes} [Wed Jul 8 07:15:03 2026] PUT /v2.0/routers/525bf4b5-a999-4bdd-926b-61c4f5bd5c40/tags => generated 19 bytes in 84 msecs (HTTP/1.1 200) 4 headers in 156 bytes (1 switches on core 0)
2026-07-08 07:15:03.343 8 WARNING neutron.scheduler.dhcp_agent_scheduler [None req-0c66860c-bbc1-4708-93e8-c5516932d5b9 59445e70b7e1477d9a2bf48eb6bb42db 42e1d9003a734268b004bb10f00e3bf7 - - default default] No more DHCP agents
2026-07-08 07:15:03.347 8 WARNING neutron.api.rpc.agentnotifiers.dhcp_rpc_agent_api [None req-0c66860c-bbc1-4708-93e8-c5516932d5b9 59445e70b7e1477d9a2bf48eb6bb42db 42e1d9003a734268b004bb10f00e3bf7 - - default default] Unable to schedule network 62105572-1b99-43cc-8ab0-f7da94fe45c1: no agents available; will retry on subsequent port and subnet creation events. [pid: 7|app: 0|req: 1274/2425] 10.0.0.78 () {32 vars in 663 bytes} [Wed Jul 8 07:15:03 2026] GET /v2.0/routers?tags=red => generated 1814 bytes in 67 msecs (HTTP/1.1 200) 4 headers in 158 bytes (1 switches on core 0)
2026-07-08 07:15:03.450 7 INFO neutron.plugins.ml2.drivers.ovn.mech_driver.mech_driver [None req-fca1da3f-7bda-46d2-917c-69c015bfb62d - - - - - -] OVN reports status down for port: 9a16de3e-02a4-41cb-b814-37b588d951db
2026-07-08 07:15:03.454 8 INFO neutron.db.ovn_revision_numbers_db [None req-0c66860c-bbc1-4708-93e8-c5516932d5b9 59445e70b7e1477d9a2bf48eb6bb42db 42e1d9003a734268b004bb10f00e3bf7 - - default default] Successfully bumped revision number for resource 9a16de3e-02a4-41cb-b814-37b588d951db (type: ports) to 1 [pid: 8|app: 0|req: 1152/2426] 10.0.0.78 () {34 vars in 669 bytes} [Wed Jul 8 07:15:02 2026] POST /v2.0/networks => generated 670 bytes in 570 msecs (HTTP/1.1 201) 4 headers in 162 bytes (1 switches on core 0) [pid: 7|app: 0|req: 1275/2427] 10.0.0.78 () {32 vars in 677 bytes} [Wed Jul 8 07:15:03 2026] GET /v2.0/routers?tags=red%2Cblue => generated 1222 bytes in 131 msecs (HTTP/1.1 200) 4 headers in 158 bytes (1 switches on core 0) [pid: 7|app: 0|req: 1276/2428] 10.0.0.78 () {32 vars in 673 bytes} [Wed Jul 8 07:15:03 2026] GET /v2.0/routers?tags-any=blue => generated 1222 bytes in 127 msecs (HTTP/1.1 200) 4 headers in 158 bytes (1 switches on core 0) [pid: 7|app: 0|req: 1277/2429] 10.0.0.78 () {32 vars in 685 bytes} [Wed Jul 8 07:15:03 2026] GET /v2.0/routers?tags-any=red%2Cblue => generated 1814 bytes in 58 msecs (HTTP/1.1 200) 4 headers in 158 bytes (1 switches on core 0)
2026-07-08 07:15:03.763 8 WARNING neutron.scheduler.dhcp_agent_scheduler [None req-c5b4fc5e-b899-4397-9ba1-74378ca6d2cc 59445e70b7e1477d9a2bf48eb6bb42db 42e1d9003a734268b004bb10f00e3bf7 - - default default] No more DHCP agents
2026-07-08 07:15:03.764 8 WARNING neutron.api.rpc.agentnotifiers.dhcp_rpc_agent_api [None req-c5b4fc5e-b899-4397-9ba1-74378ca6d2cc 59445e70b7e1477d9a2bf48eb6bb42db 42e1d9003a734268b004bb10f00e3bf7 - - default default] Unable to schedule network 62105572-1b99-43cc-8ab0-f7da94fe45c1: no agents available; will retry on subsequent port and subnet creation events. [pid: 7|app: 0|req: 1278/2430] 10.0.0.78 () {32 vars in 671 bytes} [Wed Jul 8 07:15:03 2026] GET /v2.0/routers?not-tags=red => generated 1194 bytes in 72 msecs (HTTP/1.1 200) 4 headers in 158 bytes (1 switches on core 0)
2026-07-08 07:15:03.873 7 INFO neutron.plugins.ml2.drivers.ovn.mech_driver.mech_driver [None req-fca1da3f-7bda-46d2-917c-69c015bfb62d - - - - - -] OVN reports status down for port: dfa134a4-e4b6-4426-b0ae-18f39f321793
2026-07-08 07:15:03.876 8 INFO neutron.db.ovn_revision_numbers_db [None req-c5b4fc5e-b899-4397-9ba1-74378ca6d2cc 59445e70b7e1477d9a2bf48eb6bb42db 42e1d9003a734268b004bb10f00e3bf7 - - default default] Successfully bumped revision number for resource dfa134a4-e4b6-4426-b0ae-18f39f321793 (type: ports) to 1 [pid: 8|app: 0|req: 1153/2431] 10.0.0.78 () {34 vars in 663 bytes} [Wed Jul 8 07:15:03 2026] POST /v2.0/ports => generated 743 bytes in 406 msecs (HTTP/1.1 201) 4 headers in 162 bytes (1 switches on core 0) /var/lib/openstack/lib/python3.12/site-packages/pycadf/identifier.py:70: UserWarning: Invalid uuid: neutron. To ensure interoperability, identifiers should be a valid uuid. warnings.warn(('Invalid uuid: %s. To ensure interoperability, ' [pid: 7|app: 0|req: 1279/2432] 10.0.0.78 () {32 vars in 685 bytes} [Wed Jul 8 07:15:03 2026] GET /v2.0/routers?not-tags=red%2Cblue => generated 1786 bytes in 135 msecs (HTTP/1.1 200) 4 headers in 158 bytes (1 switches on core 0)
2026-07-08 07:15:03.998 8 INFO neutron.db.segments_db [None req-e3cf4b59-b81d-4fce-8d5d-6f7b2165c331 59445e70b7e1477d9a2bf48eb6bb42db 42e1d9003a734268b004bb10f00e3bf7 - - default default] Added segment 776aeec6-504b-4bdb-86cd-9d47abead441 of type geneve for network 33dce32f-b370-40bb-952f-3e3d08b69a60 [pid: 7|app: 0|req: 1280/2433] 10.0.0.78 () {32 vars in 681 bytes} [Wed Jul 8 07:15:03 2026] GET /v2.0/routers?not-tags-any=blue => generated 1786 bytes in 138 msecs (HTTP/1.1 200) 4 headers in 158 bytes (1 switches on core 0) [pid: 7|app: 0|req: 1281/2434] 10.0.0.78 () {32 vars in 693 bytes} [Wed Jul 8 07:15:04 2026] GET /v2.0/routers?not-tags-any=red%2Cblue => generated 1194 bytes in 43 msecs (HTTP/1.1 200) 4 headers in 158 bytes (1 switches on core 0)
2026-07-08 07:15:04.146 8 INFO neutron.db.ovn_revision_numbers_db [None req-e3cf4b59-b81d-4fce-8d5d-6f7b2165c331 59445e70b7e1477d9a2bf48eb6bb42db 42e1d9003a734268b004bb10f00e3bf7 - - default default] Successfully bumped revision number for resource 33dce32f-b370-40bb-952f-3e3d08b69a60 (type: networks) to 1 [pid: 7|app: 0|req: 1282/2435] 10.0.0.78 () {32 vars in 720 bytes} [Wed Jul 8 07:15:04 2026] GET /v2.0/routers/e5834530-d648-493f-bc41-574aa8dbe560 => generated 602 bytes in 42 msecs (HTTP/1.1 200) 4 headers in 157 bytes (1 switches on core 0)
2026-07-08 07:15:04.359 8 WARNING neutron.scheduler.dhcp_agent_scheduler [None req-e3cf4b59-b81d-4fce-8d5d-6f7b2165c331 59445e70b7e1477d9a2bf48eb6bb42db 42e1d9003a734268b004bb10f00e3bf7 - - default default] No more DHCP agents
2026-07-08 07:15:04.361 8 WARNING neutron.api.rpc.agentnotifiers.dhcp_rpc_agent_api [None req-e3cf4b59-b81d-4fce-8d5d-6f7b2165c331 59445e70b7e1477d9a2bf48eb6bb42db 42e1d9003a734268b004bb10f00e3bf7 - - default default] Unable to schedule network 33dce32f-b370-40bb-952f-3e3d08b69a60: no agents available; will retry on subsequent port and subnet creation events.
2026-07-08 07:15:04.442 8 INFO neutron.plugins.ml2.drivers.ovn.mech_driver.mech_driver [None req-a42eb6ee-3a35-4851-9650-5b2d5a940c0d - - - - - -] OVN reports status down for port: 46c499b2-20a2-470c-9ae1-197ffb73889d
2026-07-08 07:15:04.521 8 INFO neutron.db.ovn_revision_numbers_db [None req-e3cf4b59-b81d-4fce-8d5d-6f7b2165c331 59445e70b7e1477d9a2bf48eb6bb42db 42e1d9003a734268b004bb10f00e3bf7 - - default default] Successfully bumped revision number for resource 46c499b2-20a2-470c-9ae1-197ffb73889d (type: ports) to 1 [pid: 8|app: 0|req: 1154/2436] 10.0.0.78 () {34 vars in 669 bytes} [Wed Jul 8 07:15:03 2026] POST /v2.0/networks => generated 670 bytes in 697 msecs (HTTP/1.1 201) 4 headers in 162 bytes (1 switches on core 0)
2026-07-08 07:15:04.668 7 INFO neutron.db.ovn_revision_numbers_db [None req-bdc9d63d-b6a4-40be-ad33-be8d7d5f1d95 357fb9242c8446eaa07ad4612ef2db14 fb4b4fe0fe7e40b0843f85b5b6c1e33c - - default default] Successfully bumped revision number for resource e5834530-d648-493f-bc41-574aa8dbe560 (type: routers) to 2 [pid: 7|app: 0|req: 1283/2437] 10.0.0.78 () {34 vars in 741 bytes} [Wed Jul 8 07:15:04 2026] PUT /v2.0/routers/e5834530-d648-493f-bc41-574aa8dbe560 => generated 602 bytes in 517 msecs (HTTP/1.1 200) 4 headers in 157 bytes (1 switches on core 0)
2026-07-08 07:15:04.962 7 WARNING neutron.scheduler.dhcp_agent_scheduler [None req-a96cd07f-d2e9-4e48-a713-22554f1fd8bd 59445e70b7e1477d9a2bf48eb6bb42db 42e1d9003a734268b004bb10f00e3bf7 - - default default] No more DHCP agents
2026-07-08 07:15:04.963 7 WARNING neutron.api.rpc.agentnotifiers.dhcp_rpc_agent_api [None req-a96cd07f-d2e9-4e48-a713-22554f1fd8bd 59445e70b7e1477d9a2bf48eb6bb42db 42e1d9003a734268b004bb10f00e3bf7 - - default default] Unable to schedule network 33dce32f-b370-40bb-952f-3e3d08b69a60: no agents available; will retry on subsequent port and subnet creation events.
2026-07-08 07:15:05.068 7 INFO neutron.db.ovn_revision_numbers_db [None req-a96cd07f-d2e9-4e48-a713-22554f1fd8bd 59445e70b7e1477d9a2bf48eb6bb42db 42e1d9003a734268b004bb10f00e3bf7 - - default default] Successfully bumped revision number for resource 5e5a2b78-dfdd-42e3-b4c9-bb80811719df (type: ports) to 1
2026-07-08 07:15:05.069 8 INFO neutron.plugins.ml2.drivers.ovn.mech_driver.mech_driver [None req-a42eb6ee-3a35-4851-9650-5b2d5a940c0d - - - - - -] OVN reports status down for port: 5e5a2b78-dfdd-42e3-b4c9-bb80811719df [pid: 7|app: 0|req: 1284/2438] 10.0.0.78 () {34 vars in 663 bytes} [Wed Jul 8 07:15:04 2026] POST /v2.0/ports => generated 743 bytes in 420 msecs (HTTP/1.1 201) 4 headers in 162 bytes (1 switches on core 0) /var/lib/openstack/lib/python3.12/site-packages/pycadf/identifier.py:70: UserWarning: Invalid uuid: neutron. To ensure interoperability, identifiers should be a valid uuid. warnings.warn(('Invalid uuid: %s. To ensure interoperability, ' [pid: 7|app: 0|req: 1285/2439] 10.0.0.78 () {32 vars in 735 bytes} [Wed Jul 8 07:15:05 2026] GET /v2.0/ports?device_id=e5834530-d648-493f-bc41-574aa8dbe560 => generated 12 bytes in 36 msecs (HTTP/1.1 200) 4 headers in 156 bytes (1 switches on core 0)
2026-07-08 07:15:05.190 8 INFO neutron.db.ovn_revision_numbers_db [None req-206c1846-5113-4e0f-aab2-09c9c14f8654 8dec6f7e9ee548c58c8a5189a923f89f e4732ba8444f4cc0a89641cf1427ba67 - - default default] Successfully bumped revision number for resource 061cb095-2abd-4686-9c99-5f14a0031e4d (type: security_groups) to 1 [pid: 7|app: 0|req: 1286/2440] 10.0.0.78 () {34 vars in 746 bytes} [Wed Jul 8 07:15:05 2026] PUT /v2.0/ports/5f6e4dbd-7a23-4dce-89f5-07b64d61bca1/tags => generated 17 bytes in 68 msecs (HTTP/1.1 200) 4 headers in 156 bytes (1 switches on core 0) /var/lib/openstack/lib/python3.12/site-packages/pycadf/identifier.py:70: UserWarning: Invalid uuid: neutron. To ensure interoperability, identifiers should be a valid uuid. warnings.warn(('Invalid uuid: %s. To ensure interoperability, '
2026-07-08 07:15:05.229 8 INFO neutron.db.ovn_revision_numbers_db [None req-206c1846-5113-4e0f-aab2-09c9c14f8654 8dec6f7e9ee548c58c8a5189a923f89f e4732ba8444f4cc0a89641cf1427ba67 - - default default] Successfully bumped revision number for resource 29214082-c99a-48a9-9f6a-ff403e08e482 (type: security_group_rules) to 0
2026-07-08 07:15:05.260 8 INFO neutron.db.ovn_revision_numbers_db [None req-206c1846-5113-4e0f-aab2-09c9c14f8654 8dec6f7e9ee548c58c8a5189a923f89f e4732ba8444f4cc0a89641cf1427ba67 - - default default] Successfully bumped revision number for resource 862971db-7a4c-4fb2-9be0-819265b6f9ec (type: security_group_rules) to 0
2026-07-08 07:15:05.276 8 INFO neutron.db.ovn_revision_numbers_db [None req-206c1846-5113-4e0f-aab2-09c9c14f8654 8dec6f7e9ee548c58c8a5189a923f89f e4732ba8444f4cc0a89641cf1427ba67 - - default default] Successfully bumped revision number for resource a6a88a2f-e4e4-41b4-af05-c3a6801ad158 (type: security_group_rules) to 0
2026-07-08 07:15:05.299 8 INFO neutron.db.ovn_revision_numbers_db [None req-206c1846-5113-4e0f-aab2-09c9c14f8654 8dec6f7e9ee548c58c8a5189a923f89f e4732ba8444f4cc0a89641cf1427ba67 - - default default] Successfully bumped revision number for resource fb59b511-f2f0-40e1-923c-41cf91839be7 (type: security_group_rules) to 0 [pid: 7|app: 0|req: 1287/2441] 10.0.0.78 () {32 vars in 723 bytes} [Wed Jul 8 07:15:05 2026] DELETE /v2.0/routers/e5834530-d648-493f-bc41-574aa8dbe560 => generated 0 bytes in 205 msecs (HTTP/1.1 204) 2 headers in 112 bytes (1 switches on core 0)
2026-07-08 07:15:05.465 8 INFO neutron.db.ovn_revision_numbers_db [None req-206c1846-5113-4e0f-aab2-09c9c14f8654 8dec6f7e9ee548c58c8a5189a923f89f e4732ba8444f4cc0a89641cf1427ba67 - - default default] Successfully bumped revision number for resource 50926397-fa81-42f9-b947-8013946d7ba9 (type: security_groups) to 1
2026-07-08 07:15:05.480 8 INFO neutron.db.ovn_revision_numbers_db [None req-206c1846-5113-4e0f-aab2-09c9c14f8654 8dec6f7e9ee548c58c8a5189a923f89f e4732ba8444f4cc0a89641cf1427ba67 - - default default] Successfully bumped revision number for resource 5a94ae9d-aa3f-4b1c-9e86-20574c4cb39f (type: security_group_rules) to 0 [pid: 7|app: 0|req: 1288/2442] 10.0.0.78 () {34 vars in 746 bytes} [Wed Jul 8 07:15:05 2026] PUT /v2.0/ports/247efe07-45e6-45da-9b95-33bdbcb0cee4/tags => generated 25 bytes in 79 msecs (HTTP/1.1 200) 4 headers in 156 bytes (1 switches on core 0) /var/lib/openstack/lib/python3.12/site-packages/pycadf/identifier.py:70: UserWarning: Invalid uuid: neutron. To ensure interoperability, identifiers should be a valid uuid. warnings.warn(('Invalid uuid: %s. To ensure interoperability, '
2026-07-08 07:15:05.496 8 INFO neutron.db.ovn_revision_numbers_db [None req-206c1846-5113-4e0f-aab2-09c9c14f8654 8dec6f7e9ee548c58c8a5189a923f89f e4732ba8444f4cc0a89641cf1427ba67 - - default default] Successfully bumped revision number for resource a752c1ef-be5e-4fc7-af8b-0b3dabfb27ed (type: security_group_rules) to 0 [pid: 7|app: 0|req: 1289/2443] 10.0.0.78 () {32 vars in 720 bytes} [Wed Jul 8 07:15:05 2026] GET /v2.0/routers/f11c974d-8904-4d81-be9f-b375e2a87865 => generated 610 bytes in 40 msecs (HTTP/1.1 200) 4 headers in 157 bytes (1 switches on core 0) [pid: 8|app: 0|req: 1155/2444] 10.0.0.78 () {34 vars in 683 bytes} [Wed Jul 8 07:15:04 2026] POST /v2.0/security-groups => generated 1601 bytes in 951 msecs (HTTP/1.1 201) 4 headers in 163 bytes (1 switches on core 0) [pid: 7|app: 0|req: 1290/2445] 10.0.0.78 () {34 vars in 746 bytes} [Wed Jul 8 07:15:05 2026] PUT /v2.0/ports/2dbb8e0a-a10a-4260-90f7-8d351831865b/tags => generated 34 bytes in 75 msecs (HTTP/1.1 200) 4 headers in 156 bytes (1 switches on core 0) /var/lib/openstack/lib/python3.12/site-packages/pycadf/identifier.py:70: UserWarning: Invalid uuid: neutron. To ensure interoperability, identifiers should be a valid uuid. warnings.warn(('Invalid uuid: %s. To ensure interoperability, '
2026-07-08 07:15:05.633 7 WARNING tagging [None req-0b0560b9-7f5a-4399-91e0-59fbe65b65f3 8dec6f7e9ee548c58c8a5189a923f89f e4732ba8444f4cc0a89641cf1427ba67 - - default default] project_id key not found in request, using tenant_id instead. This support has been deprecated and will be removed in a future release. [pid: 7|app: 0|req: 1291/2446] 10.0.0.78 () {34 vars in 766 bytes} [Wed Jul 8 07:15:05 2026] PUT /v2.0/security-groups/50926397-fa81-42f9-b947-8013946d7ba9/tags => generated 25 bytes in 54 msecs (HTTP/1.1 200) 4 headers in 156 bytes (1 switches on core 0) [pid: 7|app: 0|req: 1292/2447] 10.0.0.78 () {34 vars in 746 bytes} [Wed Jul 8 07:15:05 2026] PUT /v2.0/ports/dfa134a4-e4b6-4426-b0ae-18f39f321793/tags => generated 19 bytes in 68 msecs (HTTP/1.1 200) 4 headers in 156 bytes (1 switches on core 0) /var/lib/openstack/lib/python3.12/site-packages/pycadf/identifier.py:70: UserWarning: Invalid uuid: neutron. To ensure interoperability, identifiers should be a valid uuid. warnings.warn(('Invalid uuid: %s. To ensure interoperability, '
2026-07-08 07:15:05.748 7 WARNING tagging [None req-0a85868b-5182-4b35-b7d2-4d80533e420e 8dec6f7e9ee548c58c8a5189a923f89f e4732ba8444f4cc0a89641cf1427ba67 - - default default] project_id key not found in request, using tenant_id instead. This support has been deprecated and will be removed in a future release. [pid: 7|app: 0|req: 1293/2448] 10.0.0.78 () {32 vars in 746 bytes} [Wed Jul 8 07:15:05 2026] GET /v2.0/security-groups/50926397-fa81-42f9-b947-8013946d7ba9/tags => generated 25 bytes in 35 msecs (HTTP/1.1 200) 4 headers in 156 bytes (1 switches on core 0)
2026-07-08 07:15:05.902 8 INFO neutron.db.ovn_revision_numbers_db [None req-4a1bc101-52a3-41af-b622-ea680ce61d78 357fb9242c8446eaa07ad4612ef2db14 fb4b4fe0fe7e40b0843f85b5b6c1e33c - - default default] Successfully bumped revision number for resource f11c974d-8904-4d81-be9f-b375e2a87865 (type: routers) to 2 [pid: 7|app: 0|req: 1294/2449] 10.0.0.78 () {32 vars in 659 bytes} [Wed Jul 8 07:15:05 2026] GET /v2.0/ports?tags=red => generated 2253 bytes in 143 msecs (HTTP/1.1 200) 4 headers in 158 bytes (1 switches on core 0) [pid: 8|app: 0|req: 1156/2450] 10.0.0.78 () {34 vars in 741 bytes} [Wed Jul 8 07:15:05 2026] PUT /v2.0/routers/f11c974d-8904-4d81-be9f-b375e2a87865 => generated 610 bytes in 355 msecs (HTTP/1.1 200) 4 headers in 157 bytes (1 switches on core 0)
2026-07-08 07:15:05.948 7 WARNING tagging [None req-57440b54-e2da-453b-a00a-ca954a05446b 8dec6f7e9ee548c58c8a5189a923f89f e4732ba8444f4cc0a89641cf1427ba67 - - default default] project_id key not found in request, using tenant_id instead. This support has been deprecated and will be removed in a future release. [pid: 7|app: 0|req: 1295/2451] 10.0.0.78 () {34 vars in 777 bytes} [Wed Jul 8 07:15:05 2026] PUT /v2.0/security-groups/50926397-fa81-42f9-b947-8013946d7ba9/tags/green => generated 4 bytes in 83 msecs (HTTP/1.1 201) 4 headers in 160 bytes (1 switches on core 0) [pid: 8|app: 0|req: 1157/2452] 10.0.0.78 () {32 vars in 673 bytes} [Wed Jul 8 07:15:05 2026] GET /v2.0/ports?tags=red%2Cblue => generated 1513 bytes in 94 msecs (HTTP/1.1 200) 4 headers in 158 bytes (1 switches on core 0) [pid: 7|app: 0|req: 1296/2453] 10.0.0.78 () {32 vars in 735 bytes} [Wed Jul 8 07:15:05 2026] GET /v2.0/ports?device_id=f11c974d-8904-4d81-be9f-b375e2a87865 => generated 12 bytes in 22 msecs (HTTP/1.1 200) 4 headers in 156 bytes (1 switches on core 0)
2026-07-08 07:15:06.029 8 WARNING tagging [None req-312bacad-05cd-4986-8c4f-21a1529b97dd 8dec6f7e9ee548c58c8a5189a923f89f e4732ba8444f4cc0a89641cf1427ba67 - - default default] project_id key not found in request, using tenant_id instead. This support has been deprecated and will be removed in a future release. [pid: 8|app: 0|req: 1158/2454] 10.0.0.78 () {32 vars in 746 bytes} [Wed Jul 8 07:15:06 2026] GET /v2.0/security-groups/50926397-fa81-42f9-b947-8013946d7ba9/tags => generated 34 bytes in 49 msecs (HTTP/1.1 200) 4 headers in 156 bytes (1 switches on core 0) [pid: 7|app: 0|req: 1297/2455] 10.0.0.78 () {32 vars in 669 bytes} [Wed Jul 8 07:15:06 2026] GET /v2.0/ports?tags-any=blue => generated 1513 bytes in 63 msecs (HTTP/1.1 200) 4 headers in 158 bytes (1 switches on core 0)
2026-07-08 07:15:06.104 7 WARNING tagging [None req-1d53a2c6-5e4c-4e3c-94b1-b309bbbe1158 8dec6f7e9ee548c58c8a5189a923f89f e4732ba8444f4cc0a89641cf1427ba67 - - default default] project_id key not found in request, using tenant_id instead. This support has been deprecated and will be removed in a future release. [pid: 7|app: 0|req: 1298/2456] 10.0.0.78 () {34 vars in 773 bytes} [Wed Jul 8 07:15:06 2026] PUT /v2.0/security-groups/50926397-fa81-42f9-b947-8013946d7ba9/tags/red => generated 4 bytes in 55 msecs (HTTP/1.1 201) 4 headers in 160 bytes (1 switches on core 0) [pid: 7|app: 0|req: 1299/2457] 10.0.0.78 () {32 vars in 681 bytes} [Wed Jul 8 07:15:06 2026] GET /v2.0/ports?tags-any=red%2Cblue => generated 2253 bytes in 46 msecs (HTTP/1.1 200) 4 headers in 158 bytes (1 switches on core 0)
2026-07-08 07:15:06.200 7 WARNING tagging [None req-3810c8a9-5b22-47f4-8379-a056a422200e 8dec6f7e9ee548c58c8a5189a923f89f e4732ba8444f4cc0a89641cf1427ba67 - - default default] project_id key not found in request, using tenant_id instead. This support has been deprecated and will be removed in a future release. [pid: 7|app: 0|req: 1300/2458] 10.0.0.78 () {32 vars in 746 bytes} [Wed Jul 8 07:15:06 2026] GET /v2.0/security-groups/50926397-fa81-42f9-b947-8013946d7ba9/tags => generated 34 bytes in 50 msecs (HTTP/1.1 200) 4 headers in 156 bytes (1 switches on core 0) [pid: 8|app: 0|req: 1159/2459] 10.0.0.78 () {32 vars in 723 bytes} [Wed Jul 8 07:15:06 2026] DELETE /v2.0/routers/f11c974d-8904-4d81-be9f-b375e2a87865 => generated 0 bytes in 222 msecs (HTTP/1.1 204) 2 headers in 112 bytes (1 switches on core 0)
2026-07-08 07:15:06.299 8 WARNING tagging [None req-713e0ca3-3530-4b27-bc14-3f4590c354e3 8dec6f7e9ee548c58c8a5189a923f89f e4732ba8444f4cc0a89641cf1427ba67 - - default default] project_id key not found in request, using tenant_id instead. This support has been deprecated and will be removed in a future release. [pid: 8|app: 0|req: 1160/2460] 10.0.0.78 () {34 vars in 795 bytes} [Wed Jul 8 07:15:06 2026] PUT /v2.0/security-groups/50926397-fa81-42f9-b947-8013946d7ba9/tags/black.or.white => generated 4 bytes in 55 msecs (HTTP/1.1 201) 4 headers in 160 bytes (1 switches on core 0) [pid: 7|app: 0|req: 1301/2461] 10.0.0.78 () {32 vars in 667 bytes} [Wed Jul 8 07:15:06 2026] GET /v2.0/ports?not-tags=red => generated 5268 bytes in 105 msecs (HTTP/1.1 200) 4 headers in 158 bytes (1 switches on core 0)
2026-07-08 07:15:06.360 7 WARNING tagging [None req-0ed235c1-208f-4df4-89b1-142605738bba 8dec6f7e9ee548c58c8a5189a923f89f e4732ba8444f4cc0a89641cf1427ba67 - - default default] project_id key not found in request, using tenant_id instead. This support has been deprecated and will be removed in a future release. [pid: 7|app: 0|req: 1302/2462] 10.0.0.78 () {32 vars in 746 bytes} [Wed Jul 8 07:15:06 2026] GET /v2.0/security-groups/50926397-fa81-42f9-b947-8013946d7ba9/tags => generated 52 bytes in 37 msecs (HTTP/1.1 200) 4 headers in 156 bytes (1 switches on core 0) [pid: 8|app: 0|req: 1161/2463] 10.0.0.78 () {32 vars in 720 bytes} [Wed Jul 8 07:15:06 2026] GET /v2.0/routers/a685ce76-c9f1-4df9-af2a-477c0f483f73 => generated 619 bytes in 48 msecs (HTTP/1.1 200) 4 headers in 157 bytes (1 switches on core 0)
2026-07-08 07:15:06.420 8 WARNING tagging [None req-6bd7b71a-227b-4f05-aca6-a4fee596731c 8dec6f7e9ee548c58c8a5189a923f89f e4732ba8444f4cc0a89641cf1427ba67 - - default default] project_id key not found in request, using tenant_id instead. This support has been deprecated and will be removed in a future release. [pid: 8|app: 0|req: 1162/2464] 10.0.0.78 () {34 vars in 766 bytes} [Wed Jul 8 07:15:06 2026] PUT /v2.0/security-groups/50926397-fa81-42f9-b947-8013946d7ba9/tags => generated 37 bytes in 76 msecs (HTTP/1.1 200) 4 headers in 156 bytes (1 switches on core 0) [pid: 7|app: 0|req: 1303/2465] 10.0.0.78 () {32 vars in 681 bytes} [Wed Jul 8 07:15:06 2026] GET /v2.0/ports?not-tags=red%2Cblue => generated 6008 bytes in 138 msecs (HTTP/1.1 200) 4 headers in 158 bytes (1 switches on core 0)
2026-07-08 07:15:06.546 7 WARNING tagging [None req-f2696081-7dfe-4ef0-959b-0eca230c370f 8dec6f7e9ee548c58c8a5189a923f89f e4732ba8444f4cc0a89641cf1427ba67 - - default default] project_id key not found in request, using tenant_id instead. This support has been deprecated and will be removed in a future release. [pid: 7|app: 0|req: 1304/2466] 10.0.0.78 () {32 vars in 746 bytes} [Wed Jul 8 07:15:06 2026] GET /v2.0/security-groups/50926397-fa81-42f9-b947-8013946d7ba9/tags => generated 37 bytes in 49 msecs (HTTP/1.1 200) 4 headers in 156 bytes (1 switches on core 0) [pid: 7|app: 0|req: 1305/2467] 10.0.0.78 () {32 vars in 677 bytes} [Wed Jul 8 07:15:06 2026] GET /v2.0/ports?not-tags-any=blue => generated 6008 bytes in 80 msecs (HTTP/1.1 200) 4 headers in 158 bytes (1 switches on core 0)
2026-07-08 07:15:06.679 7 WARNING tagging [None req-88953a93-cc63-4e09-bee7-1cac639ee2ac 8dec6f7e9ee548c58c8a5189a923f89f e4732ba8444f4cc0a89641cf1427ba67 - - default default] project_id key not found in request, using tenant_id instead. This support has been deprecated and will be removed in a future release. [pid: 7|app: 0|req: 1306/2468] 10.0.0.78 () {32 vars in 754 bytes} [Wed Jul 8 07:15:06 2026] GET /v2.0/security-groups/50926397-fa81-42f9-b947-8013946d7ba9/tags/red => generated 0 bytes in 54 msecs (HTTP/1.1 204) 2 headers in 112 bytes (1 switches on core 0) [pid: 7|app: 0|req: 1307/2469] 10.0.0.78 () {32 vars in 689 bytes} [Wed Jul 8 07:15:06 2026] GET /v2.0/ports?not-tags-any=red%2Cblue => generated 5268 bytes in 58 msecs (HTTP/1.1 200) 4 headers in 158 bytes (1 switches on core 0)
2026-07-08 07:15:06.794 7 WARNING tagging [None req-535bee48-e227-49e8-8d22-9272dac62766 8dec6f7e9ee548c58c8a5189a923f89f e4732ba8444f4cc0a89641cf1427ba67 - - default default] project_id key not found in request, using tenant_id instead. This support has been deprecated and will be removed in a future release.
2026-07-08 07:15:06.810 7 INFO neutron.api.v2.resource [None req-535bee48-e227-49e8-8d22-9272dac62766 8dec6f7e9ee548c58c8a5189a923f89f e4732ba8444f4cc0a89641cf1427ba67 - - default default] show failed (client error): The resource could not be found. [pid: 7|app: 0|req: 1308/2470] 10.0.0.78 () {32 vars in 758 bytes} [Wed Jul 8 07:15:06 2026] GET /v2.0/security-groups/50926397-fa81-42f9-b947-8013946d7ba9/tags/green => generated 99 bytes in 55 msecs (HTTP/1.1 404) 4 headers in 163 bytes (1 switches on core 0)
2026-07-08 07:15:06.827 8 INFO neutron.db.ovn_revision_numbers_db [None req-2bd6bf35-bf65-45c5-8510-ad358be233db 357fb9242c8446eaa07ad4612ef2db14 fb4b4fe0fe7e40b0843f85b5b6c1e33c - - default default] Successfully bumped revision number for resource a685ce76-c9f1-4df9-af2a-477c0f483f73 (type: routers) to 2 [pid: 8|app: 0|req: 1163/2471] 10.0.0.78 () {34 vars in 741 bytes} [Wed Jul 8 07:15:06 2026] PUT /v2.0/routers/a685ce76-c9f1-4df9-af2a-477c0f483f73 => generated 619 bytes in 379 msecs (HTTP/1.1 200) 4 headers in 157 bytes (1 switches on core 0)
2026-07-08 07:15:06.859 8 WARNING tagging [None req-0426a10f-6fe5-42f7-b94a-99748ccea55c 8dec6f7e9ee548c58c8a5189a923f89f e4732ba8444f4cc0a89641cf1427ba67 - - default default] project_id key not found in request, using tenant_id instead. This support has been deprecated and will be removed in a future release. [pid: 8|app: 0|req: 1164/2472] 10.0.0.78 () {32 vars in 757 bytes} [Wed Jul 8 07:15:06 2026] DELETE /v2.0/security-groups/50926397-fa81-42f9-b947-8013946d7ba9/tags/red => generated 0 bytes in 80 msecs (HTTP/1.1 204) 2 headers in 112 bytes (1 switches on core 0) [pid: 8|app: 0|req: 1165/2473] 10.0.0.78 () {32 vars in 735 bytes} [Wed Jul 8 07:15:06 2026] GET /v2.0/ports?device_id=a685ce76-c9f1-4df9-af2a-477c0f483f73 => generated 12 bytes in 28 msecs (HTTP/1.1 200) 4 headers in 156 bytes (1 switches on core 0)
2026-07-08 07:15:06.992 8 WARNING tagging [None req-a7055595-3e22-4786-a69e-19214ae43983 8dec6f7e9ee548c58c8a5189a923f89f e4732ba8444f4cc0a89641cf1427ba67 - - default default] project_id key not found in request, using tenant_id instead. This support has been deprecated and will be removed in a future release. [pid: 8|app: 0|req: 1166/2474] 10.0.0.78 () {32 vars in 746 bytes} [Wed Jul 8 07:15:06 2026] GET /v2.0/security-groups/50926397-fa81-42f9-b947-8013946d7ba9/tags => generated 30 bytes in 59 msecs (HTTP/1.1 200) 4 headers in 156 bytes (1 switches on core 0)
2026-07-08 07:15:07.031 7 INFO neutron_taas.services.taas.taas_plugin [None req-2778bd8e-7607-4c9b-add6-808f4795eccd 59445e70b7e1477d9a2bf48eb6bb42db 42e1d9003a734268b004bb10f00e3bf7 - - default default] TaaS: Handle Delete Port: 5f6e4dbd-7a23-4dce-89f5-07b64d61bca1
2026-07-08 07:15:07.034 7 INFO neutron_taas.services.taas.tap_mirror_plugin [None req-2778bd8e-7607-4c9b-add6-808f4795eccd 59445e70b7e1477d9a2bf48eb6bb42db 42e1d9003a734268b004bb10f00e3bf7 - - default default] Tap Mirror: Handle Delete Port: 5f6e4dbd-7a23-4dce-89f5-07b64d61bca1 [pid: 7|app: 0|req: 1309/2475] 10.0.0.78 () {32 vars in 719 bytes} [Wed Jul 8 07:15:06 2026] DELETE /v2.0/ports/5f6e4dbd-7a23-4dce-89f5-07b64d61bca1 => generated 0 bytes in 344 msecs (HTTP/1.1 204) 3 headers in 131 bytes (1 switches on core 0)
2026-07-08 07:15:07.187 7 WARNING tagging [None req-04dc75f8-6d6f-4401-97dd-0cd6e4400cf0 8dec6f7e9ee548c58c8a5189a923f89f e4732ba8444f4cc0a89641cf1427ba67 - - default default] project_id key not found in request, using tenant_id instead. This support has been deprecated and will be removed in a future release.
