2026-07-08 07:12:12.407 8 INFO neutron.db.ovn_revision_numbers_db [None req-ae7c0f04-f1fb-4f19-87af-8a0b2c793f74 c858e2d40490407a8422c357b7574ad7 d7353c3f3ded48b199ee5185daf5c019 - - default default] Successfully bumped revision number for resource f879cf10-5074-436e-bf39-67340ee8bb34 (type: security_group_rules) to 0
2026-07-08 07:12:12.482 7 INFO neutron_taas.services.taas.taas_plugin [None req-c5549631-4958-4e9d-b0b6-15dc727480fd 3ea701a87da841ff893213388212d3b9 19fc660fd5454561a4f1dfb07d0da4a5 - - default default] TaaS: Handle Delete Port: 49d28886-eeec-43a7-a982-c790d022b242
2026-07-08 07:12:12.485 7 INFO neutron_taas.services.taas.tap_mirror_plugin [None req-c5549631-4958-4e9d-b0b6-15dc727480fd 3ea701a87da841ff893213388212d3b9 19fc660fd5454561a4f1dfb07d0da4a5 - - default default] Tap Mirror: Handle Delete Port: 49d28886-eeec-43a7-a982-c790d022b242
2026-07-08 07:12:12.504 8 INFO neutron.db.segments_db [None req-ae7c0f04-f1fb-4f19-87af-8a0b2c793f74 c858e2d40490407a8422c357b7574ad7 d7353c3f3ded48b199ee5185daf5c019 - - default default] Added segment c8cb31a1-a22e-48df-8600-7e85699468e2 of type geneve for network 1c31acb6-69a1-4705-8804-a3be0eb62e13
2026-07-08 07:12:12.681 8 INFO neutron.db.ovn_revision_numbers_db [None req-ae7c0f04-f1fb-4f19-87af-8a0b2c793f74 c858e2d40490407a8422c357b7574ad7 d7353c3f3ded48b199ee5185daf5c019 - - default default] Successfully bumped revision number for resource 1c31acb6-69a1-4705-8804-a3be0eb62e13 (type: networks) to 1
2026-07-08 07:12:12.728 7 INFO neutron.services.segments.plugin [-] Segment c1504647-e39f-47bd-995a-c5fdacb7cfd6 resource provider aggregate not found
2026-07-08 07:12:12.730 7 INFO neutron.services.segments.plugin [-] Segment c1504647-e39f-47bd-995a-c5fdacb7cfd6 resource provider aggregate not found
2026-07-08 07:12:12.751 7 INFO neutron.services.segments.plugin [-] Client error retrieving segment c1504647-e39f-47bd-995a-c5fdacb7cfd6 resource provider; error: Placement Client Error (4xx): {"errors": [{"status": 404, "title": "Not Found", "detail": "The resource could not be found.\n\n No resource provider with uuid c1504647-e39f-47bd-995a-c5fdacb7cfd6 found for delete ", "request_id": "req-e3aeb1ea-4023-49bb-bc38-0e8dcd43a15f"}]}
2026-07-08 07:12:12.753 7 INFO neutron.services.segments.plugin [-] Client error retrieving segment c1504647-e39f-47bd-995a-c5fdacb7cfd6 resource provider; error: Placement Client Error (4xx): {"errors": [{"status": 404, "title": "Not Found", "detail": "The resource could not be found.\n\n No resource provider with uuid c1504647-e39f-47bd-995a-c5fdacb7cfd6 found for delete ", "request_id": "req-d4b7d9af-5fbb-44fd-948e-6db96d56a033"}]} [pid: 7|app: 0|req: 686/1327] 10.0.0.78 () {32 vars in 725 bytes} [Wed Jul 8 07:12:12 2026] DELETE /v2.0/networks/274c15f4-9dde-419a-bbc1-6e4bd8d43c40 => generated 0 bytes in 454 msecs (HTTP/1.1 204) 3 headers in 131 bytes (1 switches on core 0)
2026-07-08 07:12:12.820 8 WARNING neutron.scheduler.dhcp_agent_scheduler [None req-ae7c0f04-f1fb-4f19-87af-8a0b2c793f74 c858e2d40490407a8422c357b7574ad7 d7353c3f3ded48b199ee5185daf5c019 - - default default] No more DHCP agents
2026-07-08 07:12:12.821 8 WARNING neutron.api.rpc.agentnotifiers.dhcp_rpc_agent_api [None req-ae7c0f04-f1fb-4f19-87af-8a0b2c793f74 c858e2d40490407a8422c357b7574ad7 d7353c3f3ded48b199ee5185daf5c019 - - default default] Unable to schedule network 1c31acb6-69a1-4705-8804-a3be0eb62e13: no agents available; will retry on subsequent port and subnet creation events.
2026-07-08 07:12:12.879 8 INFO neutron.plugins.ml2.drivers.ovn.mech_driver.mech_driver [None req-8f07ffc3-6f94-461a-aed6-9b55ccc3d869 - - - - - -] OVN reports status down for port: 0a99bd32-50bc-4f2a-b2fa-348c47690c01
2026-07-08 07:12:12.945 8 INFO neutron.db.ovn_revision_numbers_db [None req-ae7c0f04-f1fb-4f19-87af-8a0b2c793f74 c858e2d40490407a8422c357b7574ad7 d7353c3f3ded48b199ee5185daf5c019 - - default default] Successfully bumped revision number for resource 0a99bd32-50bc-4f2a-b2fa-348c47690c01 (type: ports) to 1 [pid: 8|app: 0|req: 642/1328] 10.0.0.78 () {34 vars in 670 bytes} [Wed Jul 8 07:12:12 2026] POST /v2.0/networks => generated 786 bytes in 856 msecs (HTTP/1.1 201) 4 headers in 162 bytes (1 switches on core 0) [pid: 7|app: 0|req: 687/1329] 10.0.0.78 () {32 vars in 739 bytes} [Wed Jul 8 07:12:12 2026] DELETE /v2.0/security-groups/628af592-4f43-4eb4-943f-e35ff037331a => generated 0 bytes in 219 msecs (HTTP/1.1 204) 2 headers in 112 bytes (1 switches on core 0) [pid: 7|app: 0|req: 688/1330] 10.0.0.170 () {34 vars in 990 bytes} [Wed Jul 8 07:12:13 2026] GET /v2.0/ports?device_id=93279d27-d45d-4b6c-892c-57a49c421cf1 => generated 12 bytes in 20 msecs (HTTP/1.1 200) 4 headers in 156 bytes (1 switches on core 0) [pid: 8|app: 0|req: 643/1331] 199.204.45.242 () {34 vars in 986 bytes} [Wed Jul 8 07:12:12 2026] GET /v2.0/networks?id=d7b4078d-c5b9-4e67-bea4-3e784a71771c => generated 718 bytes in 60 msecs (HTTP/1.1 200) 4 headers in 157 bytes (1 switches on core 0)
2026-07-08 07:12:13.147 7 INFO neutron_taas.services.taas.taas_plugin [None req-922ca9e9-6fc2-48af-a17d-2e91b2a9e5bc 3ea701a87da841ff893213388212d3b9 19fc660fd5454561a4f1dfb07d0da4a5 - - default default] TaaS: Handle Delete Port: d82784bb-d3d0-4adf-b246-5dbc94a15a40
2026-07-08 07:12:13.151 7 INFO neutron_taas.services.taas.tap_mirror_plugin [None req-922ca9e9-6fc2-48af-a17d-2e91b2a9e5bc 3ea701a87da841ff893213388212d3b9 19fc660fd5454561a4f1dfb07d0da4a5 - - default default] Tap Mirror: Handle Delete Port: d82784bb-d3d0-4adf-b246-5dbc94a15a40
2026-07-08 07:12:13.187 8 WARNING neutron.scheduler.dhcp_agent_scheduler [None req-852236ec-ed8a-4103-8ef4-ee297d16d65e c858e2d40490407a8422c357b7574ad7 d7353c3f3ded48b199ee5185daf5c019 - - default default] No more DHCP agents
2026-07-08 07:12:13.188 8 WARNING neutron.api.rpc.agentnotifiers.dhcp_rpc_agent_api [None req-852236ec-ed8a-4103-8ef4-ee297d16d65e c858e2d40490407a8422c357b7574ad7 d7353c3f3ded48b199ee5185daf5c019 - - default default] Unable to schedule network 1c31acb6-69a1-4705-8804-a3be0eb62e13: no agents available; will retry on subsequent port and subnet creation events. [pid: 7|app: 0|req: 689/1332] 10.0.0.78 () {32 vars in 725 bytes} [Wed Jul 8 07:12:13 2026] DELETE /v2.0/networks/8374e3c5-8d49-45ed-91a7-92557d9bf7bc => generated 0 bytes in 351 msecs (HTTP/1.1 204) 3 headers in 131 bytes (1 switches on core 0)
2026-07-08 07:12:13.405 7 WARNING neutron.db.securitygroups_db [req-6053a5ff-6d76-4b5e-b86f-8205c09ef70f req-80ca8322-1689-498f-aa89-e6ba6b6efb29 d1149567317e4ee892383fa3cc561560 3e2b32b9189f4c8f9f080cb5e7a5045f - - default default] project_id key not found in filters, using tenant_id instead. This support has been deprecated and will be removed in a future release. [pid: 7|app: 0|req: 690/1333] 199.204.45.242 () {34 vars in 1050 bytes} [Wed Jul 8 07:12:13 2026] GET /v2.0/security-groups?fields=id&fields=name&tenant_id=3e2b32b9189f4c8f9f080cb5e7a5045f => generated 179 bytes in 52 msecs (HTTP/1.1 200) 4 headers in 157 bytes (1 switches on core 0)
2026-07-08 07:12:13.597 7 INFO neutron_taas.services.taas.taas_plugin [None req-a7a6370c-c6e4-4114-8698-03f70eba7211 3ea701a87da841ff893213388212d3b9 19fc660fd5454561a4f1dfb07d0da4a5 - - default default] TaaS: Handle Delete Port: d518f447-4717-4760-80fd-43880c1bcae3
2026-07-08 07:12:13.600 7 INFO neutron_taas.services.taas.tap_mirror_plugin [None req-a7a6370c-c6e4-4114-8698-03f70eba7211 3ea701a87da841ff893213388212d3b9 19fc660fd5454561a4f1dfb07d0da4a5 - - default default] Tap Mirror: Handle Delete Port: d518f447-4717-4760-80fd-43880c1bcae3
2026-07-08 07:12:13.846 8 INFO neutron.db.ovn_revision_numbers_db [None req-852236ec-ed8a-4103-8ef4-ee297d16d65e c858e2d40490407a8422c357b7574ad7 d7353c3f3ded48b199ee5185daf5c019 - - default default] Successfully bumped revision number for resource 0a99bd32-50bc-4f2a-b2fa-348c47690c01 (type: ports) to 2 [pid: 7|app: 0|req: 691/1334] 10.0.0.78 () {32 vars in 725 bytes} [Wed Jul 8 07:12:13 2026] DELETE /v2.0/networks/a99ef1d3-117e-412f-bf45-a53137856317 => generated 0 bytes in 412 msecs (HTTP/1.1 204) 3 headers in 131 bytes (1 switches on core 0)
2026-07-08 07:12:13.884 8 INFO neutron.db.ovn_revision_numbers_db [None req-852236ec-ed8a-4103-8ef4-ee297d16d65e c858e2d40490407a8422c357b7574ad7 d7353c3f3ded48b199ee5185daf5c019 - - default default] Successfully bumped revision number for resource 44d64a01-63f0-4905-8edc-d748fb5800dc (type: subnets) to 0 [pid: 8|app: 0|req: 644/1335] 10.0.0.78 () {34 vars in 668 bytes} [Wed Jul 8 07:12:13 2026] POST /v2.0/subnets => generated 692 bytes in 862 msecs (HTTP/1.1 201) 4 headers in 162 bytes (1 switches on core 0)
2026-07-08 07:12:14.133 7 WARNING neutron.scheduler.dhcp_agent_scheduler [req-6053a5ff-6d76-4b5e-b86f-8205c09ef70f req-a1b3b267-94b6-4182-a492-0799913be9ba d1149567317e4ee892383fa3cc561560 3e2b32b9189f4c8f9f080cb5e7a5045f - - default default] No more DHCP agents
2026-07-08 07:12:14.134 7 WARNING neutron.api.rpc.agentnotifiers.dhcp_rpc_agent_api [req-6053a5ff-6d76-4b5e-b86f-8205c09ef70f req-a1b3b267-94b6-4182-a492-0799913be9ba d1149567317e4ee892383fa3cc561560 3e2b32b9189f4c8f9f080cb5e7a5045f - - default default] Unable to schedule network d7b4078d-c5b9-4e67-bea4-3e784a71771c: no agents available; will retry on subsequent port and subnet creation events.
2026-07-08 07:12:14.300 7 INFO neutron.db.ovn_revision_numbers_db [req-6053a5ff-6d76-4b5e-b86f-8205c09ef70f req-a1b3b267-94b6-4182-a492-0799913be9ba d1149567317e4ee892383fa3cc561560 3e2b32b9189f4c8f9f080cb5e7a5045f - - default default] Successfully bumped revision number for resource e0abd6f3-9aa9-4051-aa5b-f2df36cae4c3 (type: ports) to 1
2026-07-08 07:12:14.311 8 INFO neutron.plugins.ml2.drivers.ovn.mech_driver.mech_driver [None req-8f07ffc3-6f94-461a-aed6-9b55ccc3d869 - - - - - -] OVN reports status down for port: e0abd6f3-9aa9-4051-aa5b-f2df36cae4c3 [pid: 7|app: 0|req: 692/1336] 199.204.45.242 () {38 vars in 955 bytes} [Wed Jul 8 07:12:13 2026] POST /v2.0/ports => generated 958 bytes in 476 msecs (HTTP/1.1 201) 4 headers in 162 bytes (1 switches on core 0) /var/lib/openstack/lib/python3.12/site-packages/pycadf/identifier.py:70: UserWarning: Invalid uuid: neutron. To ensure interoperability, identifiers should be a valid uuid. warnings.warn(('Invalid uuid: %s. To ensure interoperability, ' [pid: 7|app: 0|req: 693/1337] 10.0.0.170 () {34 vars in 990 bytes} [Wed Jul 8 07:12:14 2026] GET /v2.0/ports?device_id=93279d27-d45d-4b6c-892c-57a49c421cf1 => generated 961 bytes in 38 msecs (HTTP/1.1 200) 4 headers in 157 bytes (1 switches on core 0)
2026-07-08 07:12:14.544 8 WARNING neutron.scheduler.dhcp_agent_scheduler [None req-e340d059-77cd-4dd0-840a-ea4c0eccdeb1 c858e2d40490407a8422c357b7574ad7 d7353c3f3ded48b199ee5185daf5c019 - - default default] No more DHCP agents
2026-07-08 07:12:14.545 8 WARNING neutron.api.rpc.agentnotifiers.dhcp_rpc_agent_api [None req-e340d059-77cd-4dd0-840a-ea4c0eccdeb1 c858e2d40490407a8422c357b7574ad7 d7353c3f3ded48b199ee5185daf5c019 - - default default] Unable to schedule network f1c60aba-85b2-45b3-af20-be45cd599901: no agents available; will retry on subsequent port and subnet creation events.
2026-07-08 07:12:14.709 7 INFO neutron.plugins.ml2.drivers.ovn.mech_driver.mech_driver [None req-c55ba4cb-6228-45dd-9802-e93d2245d3a2 - - - - - -] OVN reports status down for port: d9acf008-0487-41b5-8c66-d7c88404df08
2026-07-08 07:12:14.740 8 INFO neutron.db.ovn_revision_numbers_db [None req-e340d059-77cd-4dd0-840a-ea4c0eccdeb1 c858e2d40490407a8422c357b7574ad7 d7353c3f3ded48b199ee5185daf5c019 - - default default] Successfully bumped revision number for resource d9acf008-0487-41b5-8c66-d7c88404df08 (type: ports) to 1
2026-07-08 07:12:14.779 7 INFO neutron.services.segments.plugin [-] Segment f9acf71a-f60d-4ba1-b701-f851bcb63095 resource provider aggregate not found
2026-07-08 07:12:14.787 7 INFO neutron.services.segments.plugin [-] Segment f9acf71a-f60d-4ba1-b701-f851bcb63095 resource provider aggregate not found
2026-07-08 07:12:14.810 7 INFO neutron.services.segments.plugin [-] Client error retrieving segment f9acf71a-f60d-4ba1-b701-f851bcb63095 resource provider; error: Placement Client Error (4xx): {"errors": [{"status": 404, "title": "Not Found", "detail": "The resource could not be found.\n\n No resource provider with uuid f9acf71a-f60d-4ba1-b701-f851bcb63095 found for delete ", "request_id": "req-2923f20d-6c17-4cd7-8e4a-9e1857e5ba8b"}]}
2026-07-08 07:12:14.816 7 INFO neutron.services.segments.plugin [-] Client error retrieving segment f9acf71a-f60d-4ba1-b701-f851bcb63095 resource provider; error: Placement Client Error (4xx): {"errors": [{"status": 404, "title": "Not Found", "detail": "The resource could not be found.\n\n No resource provider with uuid f9acf71a-f60d-4ba1-b701-f851bcb63095 found for delete ", "request_id": "req-783243e2-422f-4a0d-9904-3b3070165261"}]}
2026-07-08 07:12:14.846 7 INFO neutron.services.segments.plugin [-] Segment c122f4b0-b3cf-4452-a1d9-ae468795fbe5 resource provider aggregate not found
2026-07-08 07:12:14.860 7 INFO neutron.services.segments.plugin [-] Segment c122f4b0-b3cf-4452-a1d9-ae468795fbe5 resource provider aggregate not found
2026-07-08 07:12:14.873 7 INFO neutron.services.segments.plugin [-] Client error retrieving segment c122f4b0-b3cf-4452-a1d9-ae468795fbe5 resource provider; error: Placement Client Error (4xx): {"errors": [{"status": 404, "title": "Not Found", "detail": "The resource could not be found.\n\n No resource provider with uuid c122f4b0-b3cf-4452-a1d9-ae468795fbe5 found for delete ", "request_id": "req-b890bddc-7bf0-4943-9be4-37846327f7db"}]}
2026-07-08 07:12:14.887 7 INFO neutron.services.segments.plugin [-] Client error retrieving segment c122f4b0-b3cf-4452-a1d9-ae468795fbe5 resource provider; error: Placement Client Error (4xx): {"errors": [{"status": 404, "title": "Not Found", "detail": "The resource could not be found.\n\n No resource provider with uuid c122f4b0-b3cf-4452-a1d9-ae468795fbe5 found for delete ", "request_id": "req-e6009e6a-a59d-4a00-914f-c3f731d79df2"}]}
2026-07-08 07:12:14.899 7 INFO neutron.db.ovn_revision_numbers_db [req-6053a5ff-6d76-4b5e-b86f-8205c09ef70f req-3f0b08b6-f56c-4252-893a-3c3cfc838988 7aaf6a7a30bb428e8699cd8d5cf534a9 eeb9a182cb9f4a38be31f8e97bda8d25 - - 86137fe63684416d8d695d4eccc49eff 86137fe63684416d8d695d4eccc49eff] Successfully bumped revision number for resource e0abd6f3-9aa9-4051-aa5b-f2df36cae4c3 (type: ports) to 2
2026-07-08 07:12:15.221 7 INFO neutron.db.ovn_revision_numbers_db [req-6053a5ff-6d76-4b5e-b86f-8205c09ef70f req-3f0b08b6-f56c-4252-893a-3c3cfc838988 7aaf6a7a30bb428e8699cd8d5cf534a9 eeb9a182cb9f4a38be31f8e97bda8d25 - - 86137fe63684416d8d695d4eccc49eff 86137fe63684416d8d695d4eccc49eff] Successfully bumped revision number for resource e0abd6f3-9aa9-4051-aa5b-f2df36cae4c3 (type: ports) to 4 [pid: 7|app: 0|req: 694/1338] 199.204.45.242 () {38 vars in 1028 bytes} [Wed Jul 8 07:12:14 2026] PUT /v2.0/ports/e0abd6f3-9aa9-4051-aa5b-f2df36cae4c3 => generated 1230 bytes in 885 msecs (HTTP/1.1 200) 4 headers in 158 bytes (1 switches on core 0)
2026-07-08 07:12:15.287 7 INFO neutron.notifiers.nova [-] Nova event matching ['req-fee40876-6348-41d8-8903-29bd582745c2'] response: {'name': 'network-changed', 'server_uuid': '93279d27-d45d-4b6c-892c-57a49c421cf1', 'tag': 'e0abd6f3-9aa9-4051-aa5b-f2df36cae4c3', 'status': 'completed', 'code': 200}
2026-07-08 07:12:15.526 7 INFO neutron.plugins.ml2.drivers.ovn.mech_driver.mech_driver [None req-c55ba4cb-6228-45dd-9802-e93d2245d3a2 - - - - - -] OVN reports status up for port: d9acf008-0487-41b5-8c66-d7c88404df08
2026-07-08 07:12:15.530 8 INFO neutron.plugins.ml2.drivers.ovn.mech_driver.ovsdb.ovsdb_monitor [None req-57a1f10a-03a3-4006-9855-5c39a416bb41 - - - - - -] Router 4df755ec-e039-41f9-bfab-bf7b3e5415f4 is bound to host instance
2026-07-08 07:12:15.544 7 INFO neutron.plugins.ml2.plugin [None req-c55ba4cb-6228-45dd-9802-e93d2245d3a2 - - - - - -] Attempt 1 to provision port d9acf008-0487-41b5-8c66-d7c88404df08 /var/lib/openstack/lib/python3.12/site-packages/pycadf/identifier.py:70: UserWarning: Invalid uuid: neutron. To ensure interoperability, identifiers should be a valid uuid. warnings.warn(('Invalid uuid: %s. To ensure interoperability, '
2026-07-08 07:12:15.575 7 WARNING neutron.db.securitygroups_db [None req-b5602a9c-2898-4a52-814a-17cee26542f0 c858e2d40490407a8422c357b7574ad7 d7353c3f3ded48b199ee5185daf5c019 - - default default] project_id key not found in filters, using tenant_id instead. This support has been deprecated and will be removed in a future release. [pid: 7|app: 0|req: 695/1339] 10.0.0.78 () {32 vars in 773 bytes} [Wed Jul 8 07:12:15 2026] GET /v2.0/security-groups?tenant_id=19fc660fd5454561a4f1dfb07d0da4a5&name=default => generated 2925 bytes in 371 msecs (HTTP/1.1 200) 4 headers in 158 bytes (1 switches on core 0)
2026-07-08 07:12:15.631 8 INFO neutron.db.ovn_revision_numbers_db [None req-e340d059-77cd-4dd0-840a-ea4c0eccdeb1 c858e2d40490407a8422c357b7574ad7 d7353c3f3ded48b199ee5185daf5c019 - - default default] Successfully bumped revision number for resource d9acf008-0487-41b5-8c66-d7c88404df08 (type: router_ports) to 1 [pid: 7|app: 0|req: 696/1340] 10.0.0.170 () {34 vars in 1040 bytes} [Wed Jul 8 07:12:15 2026] GET /v2.0/security-groups?id=ee538f9a-c27b-4835-b4c0-ca8773a3152d&fields=id&fields=name => generated 112 bytes in 51 msecs (HTTP/1.1 200) 4 headers in 157 bytes (1 switches on core 0)
2026-07-08 07:12:15.782 8 INFO neutron.db.ovn_revision_numbers_db [None req-e340d059-77cd-4dd0-840a-ea4c0eccdeb1 c858e2d40490407a8422c357b7574ad7 d7353c3f3ded48b199ee5185daf5c019 - - default default] Successfully bumped revision number for resource 4df755ec-e039-41f9-bfab-bf7b3e5415f4 (type: routers) to 2 [pid: 8|app: 0|req: 645/1341] 10.0.0.78 () {34 vars in 668 bytes} [Wed Jul 8 07:12:13 2026] POST /v2.0/routers => generated 991 bytes in 1929 msecs (HTTP/1.1 201) 4 headers in 162 bytes (1 switches on core 0) [pid: 7|app: 0|req: 697/1342] 10.0.0.78 () {32 vars in 739 bytes} [Wed Jul 8 07:12:15 2026] DELETE /v2.0/security-groups/f9965177-22bb-4f0f-82b1-144aa3b93a1f => generated 0 bytes in 192 msecs (HTTP/1.1 204) 2 headers in 112 bytes (1 switches on core 0) [pid: 8|app: 0|req: 646/1343] 199.204.45.242 () {34 vars in 1080 bytes} [Wed Jul 8 07:12:15 2026] GET /v2.0/ports?tenant_id=3e2b32b9189f4c8f9f080cb5e7a5045f&device_id=93279d27-d45d-4b6c-892c-57a49c421cf1 => generated 1233 bytes in 92 msecs (HTTP/1.1 200) 4 headers in 158 bytes (1 switches on core 0) [pid: 8|app: 0|req: 647/1344] 199.204.45.242 () {34 vars in 1018 bytes} [Wed Jul 8 07:12:15 2026] GET /v2.0/networks?tenant_id=3e2b32b9189f4c8f9f080cb5e7a5045f&shared=False => generated 817 bytes in 140 msecs (HTTP/1.1 200) 4 headers in 157 bytes (1 switches on core 0) [pid: 8|app: 0|req: 648/1345] 199.204.45.242 () {34 vars in 930 bytes} [Wed Jul 8 07:12:16 2026] GET /v2.0/networks?shared=True => generated 791 bytes in 107 msecs (HTTP/1.1 200) 4 headers in 157 bytes (1 switches on core 0)
2026-07-08 07:12:16.358 7 WARNING neutron.scheduler.dhcp_agent_scheduler [None req-29f42b64-6c98-4a57-be46-daf043ab3205 c858e2d40490407a8422c357b7574ad7 d7353c3f3ded48b199ee5185daf5c019 - - default default] No more DHCP agents
2026-07-08 07:12:16.361 7 WARNING neutron.api.rpc.agentnotifiers.dhcp_rpc_agent_api [None req-29f42b64-6c98-4a57-be46-daf043ab3205 c858e2d40490407a8422c357b7574ad7 d7353c3f3ded48b199ee5185daf5c019 - - default default] Unable to schedule network 1c31acb6-69a1-4705-8804-a3be0eb62e13: no agents available; will retry on subsequent port and subnet creation events. [pid: 8|app: 0|req: 649/1346] 10.0.0.60 () {32 vars in 800 bytes} [Wed Jul 8 07:12:16 2026] GET /v2.0/extensions => generated 22883 bytes in 220 msecs (HTTP/1.1 200) 4 headers in 159 bytes (1 switches on core 0)
2026-07-08 07:12:16.609 7 INFO neutron.db.ovn_revision_numbers_db [None req-29f42b64-6c98-4a57-be46-daf043ab3205 c858e2d40490407a8422c357b7574ad7 d7353c3f3ded48b199ee5185daf5c019 - - default default] Successfully bumped revision number for resource 0f5e718d-aac5-4dcc-8126-0ef018e9f94d (type: ports) to 1 [pid: 8|app: 0|req: 650/1347] 10.0.0.170 () {34 vars in 990 bytes} [Wed Jul 8 07:12:16 2026] GET /v2.0/ports?device_id=93279d27-d45d-4b6c-892c-57a49c421cf1 => generated 973 bytes in 179 msecs (HTTP/1.1 200) 4 headers in 157 bytes (1 switches on core 0)
2026-07-08 07:12:17.044 8 INFO neutron.db.ovn_revision_numbers_db [None req-03f5da44-83d0-4542-975c-ad1eef1765d0 - - - - - -] Successfully bumped revision number for resource d9acf008-0487-41b5-8c66-d7c88404df08 (type: ports) to 4
2026-07-08 07:12:17.404 7 WARNING neutron.scheduler.dhcp_agent_scheduler [None req-29f42b64-6c98-4a57-be46-daf043ab3205 c858e2d40490407a8422c357b7574ad7 d7353c3f3ded48b199ee5185daf5c019 - - default default] No more DHCP agents
2026-07-08 07:12:17.407 7 WARNING neutron.api.rpc.agentnotifiers.dhcp_rpc_agent_api [None req-29f42b64-6c98-4a57-be46-daf043ab3205 c858e2d40490407a8422c357b7574ad7 d7353c3f3ded48b199ee5185daf5c019 - - default default] Unable to schedule network 1c31acb6-69a1-4705-8804-a3be0eb62e13: no agents available; will retry on subsequent port and subnet creation events. [pid: 8|app: 0|req: 651/1348] 10.0.0.60 () {30 vars in 723 bytes} [Wed Jul 8 07:12:16 2026] GET /v2.0/quotas/1729b058f87441479d59dd5f4626b88f/details => generated 1082 bytes in 692 msecs (HTTP/1.1 200) 4 headers in 158 bytes (1 switches on core 0) [pid: 8|app: 0|req: 652/1349] 10.0.0.170 () {34 vars in 1040 bytes} [Wed Jul 8 07:12:17 2026] GET /v2.0/security-groups?id=ee538f9a-c27b-4835-b4c0-ca8773a3152d&fields=id&fields=name => generated 112 bytes in 74 msecs (HTTP/1.1 200) 4 headers in 157 bytes (1 switches on core 0) [pid: 8|app: 0|req: 653/1350] 199.204.45.242 () {34 vars in 1080 bytes} [Wed Jul 8 07:12:17 2026] GET /v2.0/ports?tenant_id=3e2b32b9189f4c8f9f080cb5e7a5045f&device_id=93279d27-d45d-4b6c-892c-57a49c421cf1 => generated 1233 bytes in 111 msecs (HTTP/1.1 200) 4 headers in 158 bytes (1 switches on core 0)
2026-07-08 07:12:17.817 8 INFO neutron.db.ovn_revision_numbers_db [None req-03f5da44-83d0-4542-975c-ad1eef1765d0 - - - - - -] Successfully bumped revision number for resource d9acf008-0487-41b5-8c66-d7c88404df08 (type: ports) to 5
2026-07-08 07:12:17.853 7 INFO neutron.plugins.ml2.drivers.ovn.mech_driver.mech_driver [None req-c55ba4cb-6228-45dd-9802-e93d2245d3a2 - - - - - -] OVN reports status down for port: 0f5e718d-aac5-4dcc-8126-0ef018e9f94d
2026-07-08 07:12:18.008 8 INFO neutron.common.ovn.utils [None req-8f07ffc3-6f94-461a-aed6-9b55ccc3d869 - - - - - -] HA Chassis Group neutron-1c31acb6-69a1-4705-8804-a3be0eb62e13 synchronized; highest priority chassis b2290b66-1100-405c-9bc9-de1135fbd19c
2026-07-08 07:12:18.017 7 WARNING neutron.plugins.ml2.drivers.ovn.mech_driver.ovsdb.ovn_client [None req-c55ba4cb-6228-45dd-9802-e93d2245d3a2 - - - - - -] Logical_Switch_Port 0f5e718d-aac5-4dcc-8126-0ef018e9f94d host information not removed, the port state is up
2026-07-08 07:12:18.018 7 INFO neutron.plugins.ml2.drivers.ovn.mech_driver.mech_driver [None req-c55ba4cb-6228-45dd-9802-e93d2245d3a2 - - - - - -] OVN reports status up for port: 0f5e718d-aac5-4dcc-8126-0ef018e9f94d
2026-07-08 07:12:18.047 7 INFO neutron.plugins.ml2.plugin [None req-c55ba4cb-6228-45dd-9802-e93d2245d3a2 - - - - - -] Attempt 1 to provision port 0f5e718d-aac5-4dcc-8126-0ef018e9f94d
2026-07-08 07:12:18.074 7 INFO neutron.db.ovn_revision_numbers_db [None req-29f42b64-6c98-4a57-be46-daf043ab3205 c858e2d40490407a8422c357b7574ad7 d7353c3f3ded48b199ee5185daf5c019 - - default default] Successfully bumped revision number for resource 0f5e718d-aac5-4dcc-8126-0ef018e9f94d (type: router_ports) to 1 [pid: 7|app: 0|req: 698/1351] 10.0.0.78 () {34 vars in 782 bytes} [Wed Jul 8 07:12:15 2026] PUT /v2.0/routers/4df755ec-e039-41f9-bfab-bf7b3e5415f4/add_router_interface => generated 310 bytes in 2216 msecs (HTTP/1.1 200) 4 headers in 157 bytes (1 switches on core 0) [pid: 7|app: 0|req: 699/1352] 199.204.45.242 () {34 vars in 1060 bytes} [Wed Jul 8 07:12:18 2026] GET /v2.0/floatingips?fixed_ip_address=10.100.0.12&port_id=e0abd6f3-9aa9-4051-aa5b-f2df36cae4c3 => generated 19 bytes in 48 msecs (HTTP/1.1 200) 4 headers in 156 bytes (1 switches on core 0)
2026-07-08 07:12:18.156 8 INFO neutron.db.ovn_revision_numbers_db [None req-e424a394-e697-44a4-8888-5d0ff6d14f41 fa56cce355f14f5baad0cd00e1188285 0c263c7e613d4abdb90a38274ad07cde - - default default] Successfully bumped revision number for resource 7d575c1c-cf42-4d1d-8957-5e4c49b8bedb (type: security_groups) to 1
2026-07-08 07:12:18.174 8 INFO neutron.db.ovn_revision_numbers_db [None req-e424a394-e697-44a4-8888-5d0ff6d14f41 fa56cce355f14f5baad0cd00e1188285 0c263c7e613d4abdb90a38274ad07cde - - default default] Successfully bumped revision number for resource 0ba11735-7c68-4473-afa8-f0cce0bcc823 (type: security_group_rules) to 0
2026-07-08 07:12:18.194 8 INFO neutron.db.ovn_revision_numbers_db [None req-e424a394-e697-44a4-8888-5d0ff6d14f41 fa56cce355f14f5baad0cd00e1188285 0c263c7e613d4abdb90a38274ad07cde - - default default] Successfully bumped revision number for resource 8239d8cf-b18d-4035-b60d-1cecc7f1c3cd (type: security_group_rules) to 0 [pid: 7|app: 0|req: 700/1353] 199.204.45.242 () {34 vars in 984 bytes} [Wed Jul 8 07:12:18 2026] GET /v2.0/subnets?id=8d3d9e2f-bfdf-46e8-a3b5-5a79f8d32955 => generated 698 bytes in 62 msecs (HTTP/1.1 200) 4 headers in 157 bytes (1 switches on core 0)
2026-07-08 07:12:18.210 8 INFO neutron.db.ovn_revision_numbers_db [None req-e424a394-e697-44a4-8888-5d0ff6d14f41 fa56cce355f14f5baad0cd00e1188285 0c263c7e613d4abdb90a38274ad07cde - - default default] Successfully bumped revision number for resource a88b583c-8c95-4528-b3ae-cf7ed1b8a855 (type: security_group_rules) to 0
2026-07-08 07:12:18.222 8 INFO neutron.db.ovn_revision_numbers_db [None req-e424a394-e697-44a4-8888-5d0ff6d14f41 fa56cce355f14f5baad0cd00e1188285 0c263c7e613d4abdb90a38274ad07cde - - default default] Successfully bumped revision number for resource f7b287a8-df27-4a82-b81a-23929c2d5cd8 (type: security_group_rules) to 0 [pid: 7|app: 0|req: 701/1354] 199.204.45.242 () {34 vars in 1052 bytes} [Wed Jul 8 07:12:18 2026] GET /v2.0/ports?network_id=d7b4078d-c5b9-4e67-bea4-3e784a71771c&device_owner=network%3Adhcp => generated 12 bytes in 36 msecs (HTTP/1.1 200) 4 headers in 156 bytes (1 switches on core 0)
2026-07-08 07:12:18.300 8 INFO neutron.db.segments_db [None req-e424a394-e697-44a4-8888-5d0ff6d14f41 fa56cce355f14f5baad0cd00e1188285 0c263c7e613d4abdb90a38274ad07cde - - default default] Added segment e1815fb1-8ab9-4136-a7da-9cc8adecf726 of type geneve for network 5ef49714-c5d9-4ea7-89dd-c4fe9348bd31 [pid: 7|app: 0|req: 702/1355] 199.204.45.242 () {34 vars in 1012 bytes} [Wed Jul 8 07:12:18 2026] GET /v2.0/networks/d7b4078d-c5b9-4e67-bea4-3e784a71771c?fields=segments => generated 14 bytes in 85 msecs (HTTP/1.1 200) 4 headers in 156 bytes (1 switches on core 0)
2026-07-08 07:12:18.422 8 INFO neutron.db.ovn_revision_numbers_db [None req-e424a394-e697-44a4-8888-5d0ff6d14f41 fa56cce355f14f5baad0cd00e1188285 0c263c7e613d4abdb90a38274ad07cde - - default default] Successfully bumped revision number for resource 5ef49714-c5d9-4ea7-89dd-c4fe9348bd31 (type: networks) to 1 [pid: 7|app: 0|req: 703/1356] 199.204.45.242 () {34 vars in 1112 bytes} [Wed Jul 8 07:12:18 2026] GET /v2.0/networks/d7b4078d-c5b9-4e67-bea4-3e784a71771c?fields=provider%3Aphysical_network&fields=provider%3Anetwork_type => generated 79 bytes in 92 msecs (HTTP/1.1 200) 4 headers in 156 bytes (1 switches on core 0)
2026-07-08 07:12:18.669 8 WARNING neutron.scheduler.dhcp_agent_scheduler [None req-e424a394-e697-44a4-8888-5d0ff6d14f41 fa56cce355f14f5baad0cd00e1188285 0c263c7e613d4abdb90a38274ad07cde - - default default] No more DHCP agents
2026-07-08 07:12:18.672 8 WARNING neutron.api.rpc.agentnotifiers.dhcp_rpc_agent_api [None req-e424a394-e697-44a4-8888-5d0ff6d14f41 fa56cce355f14f5baad0cd00e1188285 0c263c7e613d4abdb90a38274ad07cde - - default default] Unable to schedule network 5ef49714-c5d9-4ea7-89dd-c4fe9348bd31: no agents available; will retry on subsequent port and subnet creation events.
2026-07-08 07:12:18.773 8 INFO neutron.plugins.ml2.drivers.ovn.mech_driver.mech_driver [None req-8f07ffc3-6f94-461a-aed6-9b55ccc3d869 - - - - - -] OVN reports status down for port: c011b858-c6b1-4434-9f49-9df774b5f1de
2026-07-08 07:12:18.806 7 INFO neutron.db.ovn_revision_numbers_db [None req-c55ba4cb-6228-45dd-9802-e93d2245d3a2 - - - - - -] Successfully bumped revision number for resource 0f5e718d-aac5-4dcc-8126-0ef018e9f94d (type: ports) to 2
2026-07-08 07:12:18.846 8 INFO neutron.db.ovn_revision_numbers_db [None req-e424a394-e697-44a4-8888-5d0ff6d14f41 fa56cce355f14f5baad0cd00e1188285 0c263c7e613d4abdb90a38274ad07cde - - default default] Successfully bumped revision number for resource c011b858-c6b1-4434-9f49-9df774b5f1de (type: ports) to 1 [pid: 7|app: 0|req: 704/1357] 10.0.0.170 () {34 vars in 990 bytes} [Wed Jul 8 07:12:18 2026] GET /v2.0/ports?device_id=93279d27-d45d-4b6c-892c-57a49c421cf1 => generated 973 bytes in 77 msecs (HTTP/1.1 200) 4 headers in 157 bytes (1 switches on core 0) [pid: 8|app: 0|req: 654/1358] 10.0.0.78 () {34 vars in 669 bytes} [Wed Jul 8 07:12:17 2026] POST /v2.0/networks => generated 682 bytes in 1099 msecs (HTTP/1.1 201) 4 headers in 162 bytes (1 switches on core 0) [pid: 7|app: 0|req: 705/1359] 10.0.0.170 () {34 vars in 1040 bytes} [Wed Jul 8 07:12:18 2026] GET /v2.0/security-groups?id=ee538f9a-c27b-4835-b4c0-ca8773a3152d&fields=id&fields=name => generated 112 bytes in 66 msecs (HTTP/1.1 200) 4 headers in 157 bytes (1 switches on core 0) [pid: 7|app: 0|req: 706/1360] 10.0.0.170 () {34 vars in 982 bytes} [Wed Jul 8 07:12:19 2026] GET /v2.0/networks?id=1c31acb6-69a1-4705-8804-a3be0eb62e13 => generated 715 bytes in 57 msecs (HTTP/1.1 200) 4 headers in 157 bytes (1 switches on core 0) [pid: 7|app: 0|req: 707/1361] 10.0.0.170 () {34 vars in 965 bytes} [Wed Jul 8 07:12:19 2026] GET /v2.0/quotas/8d535b67dff64e56b85fee493b347c6b => generated 379 bytes in 22 msecs (HTTP/1.1 200) 4 headers in 157 bytes (1 switches on core 0) [pid: 7|app: 0|req: 708/1362] 10.0.0.170 () {34 vars in 1002 bytes} [Wed Jul 8 07:12:19 2026] GET /v2.0/ports?tenant_id=8d535b67dff64e56b85fee493b347c6b&fields=id => generated 103 bytes in 78 msecs (HTTP/1.1 200) 4 headers in 157 bytes (1 switches on core 0) [pid: 7|app: 0|req: 709/1363] 10.0.0.170 () {34 vars in 907 bytes} [Wed Jul 8 07:12:19 2026] GET /v2.0/extensions => generated 22883 bytes in 59 msecs (HTTP/1.1 200) 4 headers in 159 bytes (1 switches on core 0) [pid: 7|app: 0|req: 710/1364] 10.0.0.170 () {34 vars in 1008 bytes} [Wed Jul 8 07:12:19 2026] GET /v2.0/networks/1c31acb6-69a1-4705-8804-a3be0eb62e13?fields=segments => generated 14 bytes in 43 msecs (HTTP/1.1 200) 4 headers in 156 bytes (1 switches on core 0) [pid: 7|app: 0|req: 711/1365] 10.0.0.170 () {34 vars in 1108 bytes} [Wed Jul 8 07:12:19 2026] GET /v2.0/networks/1c31acb6-69a1-4705-8804-a3be0eb62e13?fields=provider%3Aphysical_network&fields=provider%3Anetwork_type => generated 79 bytes in 48 msecs (HTTP/1.1 200) 4 headers in 156 bytes (1 switches on core 0)
2026-07-08 07:12:19.819 8 WARNING neutron.scheduler.dhcp_agent_scheduler [None req-bbae7fd9-beb5-43b0-a7c3-47b0f9230e01 fa56cce355f14f5baad0cd00e1188285 0c263c7e613d4abdb90a38274ad07cde - - default default] No more DHCP agents
2026-07-08 07:12:19.820 8 WARNING neutron.api.rpc.agentnotifiers.dhcp_rpc_agent_api [None req-bbae7fd9-beb5-43b0-a7c3-47b0f9230e01 fa56cce355f14f5baad0cd00e1188285 0c263c7e613d4abdb90a38274ad07cde - - default default] Unable to schedule network 5ef49714-c5d9-4ea7-89dd-c4fe9348bd31: no agents available; will retry on subsequent port and subnet creation events.
2026-07-08 07:12:19.927 8 INFO neutron.db.ovn_revision_numbers_db [None req-bbae7fd9-beb5-43b0-a7c3-47b0f9230e01 fa56cce355f14f5baad0cd00e1188285 0c263c7e613d4abdb90a38274ad07cde - - default default] Successfully bumped revision number for resource 96b6110d-dbbd-4710-a56c-b912f8e33e97 (type: ports) to 1 [pid: 8|app: 0|req: 655/1366] 10.0.0.78 () {34 vars in 664 bytes} [Wed Jul 8 07:12:18 2026] POST /v2.0/ports => generated 775 bytes in 1034 msecs (HTTP/1.1 201) 4 headers in 162 bytes (1 switches on core 0) /var/lib/openstack/lib/python3.12/site-packages/pycadf/identifier.py:70: UserWarning: Invalid uuid: neutron. To ensure interoperability, identifiers should be a valid uuid. warnings.warn(('Invalid uuid: %s. To ensure interoperability, ' [pid: 8|app: 0|req: 656/1367] 10.0.0.170 () {34 vars in 990 bytes} [Wed Jul 8 07:12:19 2026] GET /v2.0/ports?device_id=696c898b-68a1-4588-867d-6374a5cbf281 => generated 12 bytes in 28 msecs (HTTP/1.1 200) 4 headers in 156 bytes (1 switches on core 0)
2026-07-08 07:12:20.071 7 INFO neutron.db.segments_db [None req-804473d4-3534-45f9-8794-481d6db96a0a fa56cce355f14f5baad0cd00e1188285 0c263c7e613d4abdb90a38274ad07cde - - default default] Added segment 6013c3b3-59f5-477b-9f3c-f481247026d7 of type geneve for network 7e797726-3249-4622-bce5-37b02da7e832 [pid: 8|app: 0|req: 657/1368] 10.0.0.170 () {34 vars in 990 bytes} [Wed Jul 8 07:12:20 2026] GET /v2.0/ports?device_id=93279d27-d45d-4b6c-892c-57a49c421cf1 => generated 973 bytes in 43 msecs (HTTP/1.1 200) 4 headers in 157 bytes (1 switches on core 0) [pid: 8|app: 0|req: 658/1369] 10.0.0.170 () {34 vars in 1040 bytes} [Wed Jul 8 07:12:20 2026] GET /v2.0/security-groups?id=ee538f9a-c27b-4835-b4c0-ca8773a3152d&fields=id&fields=name => generated 112 bytes in 41 msecs (HTTP/1.1 200) 4 headers in 157 bytes (1 switches on core 0)
2026-07-08 07:12:20.206 7 INFO neutron.db.ovn_revision_numbers_db [None req-804473d4-3534-45f9-8794-481d6db96a0a fa56cce355f14f5baad0cd00e1188285 0c263c7e613d4abdb90a38274ad07cde - - default default] Successfully bumped revision number for resource 7e797726-3249-4622-bce5-37b02da7e832 (type: networks) to 1
2026-07-08 07:12:20.421 7 WARNING neutron.scheduler.dhcp_agent_scheduler [None req-804473d4-3534-45f9-8794-481d6db96a0a fa56cce355f14f5baad0cd00e1188285 0c263c7e613d4abdb90a38274ad07cde - - default default] No more DHCP agents
2026-07-08 07:12:20.425 7 WARNING neutron.api.rpc.agentnotifiers.dhcp_rpc_agent_api [None req-804473d4-3534-45f9-8794-481d6db96a0a fa56cce355f14f5baad0cd00e1188285 0c263c7e613d4abdb90a38274ad07cde - - default default] Unable to schedule network 7e797726-3249-4622-bce5-37b02da7e832: no agents available; will retry on subsequent port and subnet creation events.
2026-07-08 07:12:20.511 8 INFO neutron.plugins.ml2.drivers.ovn.mech_driver.mech_driver [None req-8f07ffc3-6f94-461a-aed6-9b55ccc3d869 - - - - - -] OVN reports status down for port: e369f875-8776-4628-9974-0a3df758f0ad
2026-07-08 07:12:20.575 7 INFO neutron.db.ovn_revision_numbers_db [None req-804473d4-3534-45f9-8794-481d6db96a0a fa56cce355f14f5baad0cd00e1188285 0c263c7e613d4abdb90a38274ad07cde - - default default] Successfully bumped revision number for resource e369f875-8776-4628-9974-0a3df758f0ad (type: ports) to 1 [pid: 7|app: 0|req: 712/1370] 10.0.0.78 () {34 vars in 669 bytes} [Wed Jul 8 07:12:19 2026] POST /v2.0/networks => generated 670 bytes in 638 msecs (HTTP/1.1 201) 4 headers in 162 bytes (1 switches on core 0)
2026-07-08 07:12:20.800 8 WARNING neutron.scheduler.dhcp_agent_scheduler [None req-1213850f-69d7-435a-8bc8-b30486f22986 fa56cce355f14f5baad0cd00e1188285 0c263c7e613d4abdb90a38274ad07cde - - default default] No more DHCP agents
2026-07-08 07:12:20.802 8 WARNING neutron.api.rpc.agentnotifiers.dhcp_rpc_agent_api [None req-1213850f-69d7-435a-8bc8-b30486f22986 fa56cce355f14f5baad0cd00e1188285 0c263c7e613d4abdb90a38274ad07cde - - default default] Unable to schedule network 7e797726-3249-4622-bce5-37b02da7e832: no agents available; will retry on subsequent port and subnet creation events. [pid: 7|app: 0|req: 713/1371] 10.0.0.60 () {32 vars in 800 bytes} [Wed Jul 8 07:12:20 2026] GET /v2.0/extensions => generated 22883 bytes in 6 msecs (HTTP/1.1 200) 4 headers in 159 bytes (1 switches on core 0) [pid: 7|app: 0|req: 714/1372] 10.0.0.60 () {30 vars in 723 bytes} [Wed Jul 8 07:12:21 2026] GET /v2.0/quotas/1729b058f87441479d59dd5f4626b88f/details => generated 1082 bytes in 273 msecs (HTTP/1.1 200) 4 headers in 158 bytes (1 switches on core 0) [pid: 7|app: 0|req: 715/1373] 10.0.0.170 () {34 vars in 990 bytes} [Wed Jul 8 07:12:21 2026] GET /v2.0/ports?device_id=696c898b-68a1-4588-867d-6374a5cbf281 => generated 12 bytes in 43 msecs (HTTP/1.1 200) 4 headers in 156 bytes (1 switches on core 0)
2026-07-08 07:12:21.404 8 INFO neutron.db.ovn_revision_numbers_db [None req-1213850f-69d7-435a-8bc8-b30486f22986 fa56cce355f14f5baad0cd00e1188285 0c263c7e613d4abdb90a38274ad07cde - - default default] Successfully bumped revision number for resource e369f875-8776-4628-9974-0a3df758f0ad (type: ports) to 2
2026-07-08 07:12:21.470 8 INFO neutron.db.ovn_revision_numbers_db [None req-1213850f-69d7-435a-8bc8-b30486f22986 fa56cce355f14f5baad0cd00e1188285 0c263c7e613d4abdb90a38274ad07cde - - default default] Successfully bumped revision number for resource dee90219-32a9-48da-9613-0e5bd38adf50 (type: subnets) to 0 [pid: 7|app: 0|req: 716/1374] 10.0.0.170 () {34 vars in 990 bytes} [Wed Jul 8 07:12:21 2026] GET /v2.0/ports?device_id=93279d27-d45d-4b6c-892c-57a49c421cf1 => generated 973 bytes in 94 msecs (HTTP/1.1 200) 4 headers in 157 bytes (1 switches on core 0) [pid: 8|app: 0|req: 659/1375] 10.0.0.78 () {34 vars in 668 bytes} [Wed Jul 8 07:12:20 2026] POST /v2.0/subnets => generated 626 bytes in 886 msecs (HTTP/1.1 201) 4 headers in 162 bytes (1 switches on core 0) [pid: 7|app: 0|req: 717/1376] 10.0.0.170 () {34 vars in 1040 bytes} [Wed Jul 8 07:12:21 2026] GET /v2.0/security-groups?id=ee538f9a-c27b-4835-b4c0-ca8773a3152d&fields=id&fields=name => generated 112 bytes in 49 msecs (HTTP/1.1 200) 4 headers in 157 bytes (1 switches on core 0)
2026-07-08 07:12:21.672 8 INFO neutron.plugins.ml2.drivers.ovn.mech_driver.mech_driver [None req-8f07ffc3-6f94-461a-aed6-9b55ccc3d869 - - - - - -] OVN reports status up for port: e0abd6f3-9aa9-4051-aa5b-f2df36cae4c3
2026-07-08 07:12:21.692 8 INFO neutron.plugins.ml2.plugin [None req-8f07ffc3-6f94-461a-aed6-9b55ccc3d869 - - - - - -] Attempt 1 to provision port e0abd6f3-9aa9-4051-aa5b-f2df36cae4c3
2026-07-08 07:12:21.936 8 INFO neutron.notifiers.nova [-] Nova event matching ['req-a7438a15-2aee-4fda-a830-a562a305d92f'] response: {'server_uuid': '93279d27-d45d-4b6c-892c-57a49c421cf1', 'name': 'network-vif-plugged', 'status': 'completed', 'tag': 'e0abd6f3-9aa9-4051-aa5b-f2df36cae4c3', 'code': 200}
2026-07-08 07:12:22.002 8 WARNING neutron.scheduler.dhcp_agent_scheduler [None req-b70a8537-ee59-4b8c-b755-04ec3161d5ee fa56cce355f14f5baad0cd00e1188285 0c263c7e613d4abdb90a38274ad07cde - - default default] No more DHCP agents
2026-07-08 07:12:22.007 8 WARNING neutron.api.rpc.agentnotifiers.dhcp_rpc_agent_api [None req-b70a8537-ee59-4b8c-b755-04ec3161d5ee fa56cce355f14f5baad0cd00e1188285 0c263c7e613d4abdb90a38274ad07cde - - default default] Unable to schedule network 7e797726-3249-4622-bce5-37b02da7e832: no agents available; will retry on subsequent port and subnet creation events.
2026-07-08 07:12:22.293 8 INFO neutron.db.ovn_revision_numbers_db [None req-8f07ffc3-6f94-461a-aed6-9b55ccc3d869 - - - - - -] Successfully bumped revision number for resource e0abd6f3-9aa9-4051-aa5b-f2df36cae4c3 (type: ports) to 5
2026-07-08 07:12:22.411 8 INFO neutron.db.ovn_revision_numbers_db [None req-b70a8537-ee59-4b8c-b755-04ec3161d5ee fa56cce355f14f5baad0cd00e1188285 0c263c7e613d4abdb90a38274ad07cde - - default default] Successfully bumped revision number for resource 92ed0bb6-8aca-4162-8f20-a61854ec589c (type: ports) to 1
2026-07-08 07:12:22.491 8 INFO neutron.plugins.ml2.drivers.ovn.mech_driver.mech_driver [None req-81aad23d-018a-4568-a90f-79f037fe3faf - - - - - -] OVN reports status down for port: 92ed0bb6-8aca-4162-8f20-a61854ec589c [pid: 7|app: 0|req: 718/1377] 10.0.0.170 () {34 vars in 990 bytes} [Wed Jul 8 07:12:22 2026] GET /v2.0/ports?device_id=696c898b-68a1-4588-867d-6374a5cbf281 => generated 12 bytes in 40 msecs (HTTP/1.1 200) 4 headers in 156 bytes (1 switches on core 0) [pid: 8|app: 0|req: 660/1378] 10.0.0.78 () {34 vars in 664 bytes} [Wed Jul 8 07:12:21 2026] POST /v2.0/ports => generated 950 bytes in 1044 msecs (HTTP/1.1 201) 4 headers in 162 bytes (1 switches on core 0) /var/lib/openstack/lib/python3.12/site-packages/pycadf/identifier.py:70: UserWarning: Invalid uuid: neutron. To ensure interoperability, identifiers should be a valid uuid. warnings.warn(('Invalid uuid: %s. To ensure interoperability, ' [pid: 8|app: 0|req: 661/1379] 10.0.0.170 () {34 vars in 990 bytes} [Wed Jul 8 07:12:22 2026] GET /v2.0/ports?device_id=93279d27-d45d-4b6c-892c-57a49c421cf1 => generated 975 bytes in 145 msecs (HTTP/1.1 200) 4 headers in 157 bytes (1 switches on core 0)
2026-07-08 07:12:22.794 7 INFO neutron_taas.services.taas.taas_plugin [None req-63727cf6-5bfc-4671-91c5-f47bb54114d1 fa56cce355f14f5baad0cd00e1188285 0c263c7e613d4abdb90a38274ad07cde - - default default] TaaS: Handle Delete Port: 92ed0bb6-8aca-4162-8f20-a61854ec589c
2026-07-08 07:12:22.799 7 INFO neutron_taas.services.taas.tap_mirror_plugin [None req-63727cf6-5bfc-4671-91c5-f47bb54114d1 fa56cce355f14f5baad0cd00e1188285 0c263c7e613d4abdb90a38274ad07cde - - default default] Tap Mirror: Handle Delete Port: 92ed0bb6-8aca-4162-8f20-a61854ec589c [pid: 8|app: 0|req: 662/1380] 10.0.0.170 () {34 vars in 1040 bytes} [Wed Jul 8 07:12:22 2026] GET /v2.0/security-groups?id=ee538f9a-c27b-4835-b4c0-ca8773a3152d&fields=id&fields=name => generated 112 bytes in 39 msecs (HTTP/1.1 200) 4 headers in 157 bytes (1 switches on core 0) [pid: 7|app: 0|req: 719/1381] 10.0.0.78 () {32 vars in 719 bytes} [Wed Jul 8 07:12:22 2026] DELETE /v2.0/ports/92ed0bb6-8aca-4162-8f20-a61854ec589c => generated 0 bytes in 518 msecs (HTTP/1.1 204) 3 headers in 131 bytes (1 switches on core 0)
2026-07-08 07:12:23.097 8 INFO neutron.pecan_wsgi.hooks.translation [None req-1b5338b2-4652-4ec5-b6e2-9d1750c7ffe4 fa56cce355f14f5baad0cd00e1188285 0c263c7e613d4abdb90a38274ad07cde - - default default] DELETE failed (client error): The resource could not be found. [pid: 8|app: 0|req: 663/1382] 10.0.0.78 () {32 vars in 719 bytes} [Wed Jul 8 07:12:23 2026] DELETE /v2.0/ports/92ed0bb6-8aca-4162-8f20-a61854ec589c => generated 132 bytes in 20 msecs (HTTP/1.1 404) 4 headers in 164 bytes (1 switches on core 0)
2026-07-08 07:12:23.124 7 INFO neutron.pecan_wsgi.hooks.translation [None req-3cb59202-0f75-4a8a-b8b1-1cde08d64a0f fa56cce355f14f5baad0cd00e1188285 0c263c7e613d4abdb90a38274ad07cde - - default default] GET failed (client error): The resource could not be found. [pid: 7|app: 0|req: 720/1383] 10.0.0.78 () {32 vars in 716 bytes} [Wed Jul 8 07:12:23 2026] GET /v2.0/ports/92ed0bb6-8aca-4162-8f20-a61854ec589c => generated 132 bytes in 23 msecs (HTTP/1.1 404) 4 headers in 164 bytes (1 switches on core 0) [pid: 8|app: 0|req: 664/1384] 10.0.0.78 () {32 vars in 723 bytes} [Wed Jul 8 07:12:23 2026] DELETE /v2.0/subnets/dee90219-32a9-48da-9613-0e5bd38adf50 => generated 0 bytes in 240 msecs (HTTP/1.1 204) 3 headers in 131 bytes (1 switches on core 0)
2026-07-08 07:12:23.560 7 INFO neutron_taas.services.taas.taas_plugin [None req-a6fed042-cde5-4da5-bc4c-d3523bafa314 fa56cce355f14f5baad0cd00e1188285 0c263c7e613d4abdb90a38274ad07cde - - default default] TaaS: Handle Delete Port: e369f875-8776-4628-9974-0a3df758f0ad
2026-07-08 07:12:23.569 7 INFO neutron_taas.services.taas.tap_mirror_plugin [None req-a6fed042-cde5-4da5-bc4c-d3523bafa314 fa56cce355f14f5baad0cd00e1188285 0c263c7e613d4abdb90a38274ad07cde - - default default] Tap Mirror: Handle Delete Port: e369f875-8776-4628-9974-0a3df758f0ad [pid: 8|app: 0|req: 665/1385] 10.0.0.170 () {34 vars in 990 bytes} [Wed Jul 8 07:12:23 2026] GET /v2.0/ports?device_id=696c898b-68a1-4588-867d-6374a5cbf281 => generated 12 bytes in 28 msecs (HTTP/1.1 200) 4 headers in 156 bytes (1 switches on core 0)
2026-07-08 07:12:23.836 7 INFO neutron.services.segments.plugin [-] Segment 6013c3b3-59f5-477b-9f3c-f481247026d7 resource provider aggregate not found
2026-07-08 07:12:23.843 7 INFO neutron.services.segments.plugin [-] Segment 6013c3b3-59f5-477b-9f3c-f481247026d7 resource provider aggregate not found
2026-07-08 07:12:23.861 7 INFO neutron.services.segments.plugin [-] Client error retrieving segment 6013c3b3-59f5-477b-9f3c-f481247026d7 resource provider; error: Placement Client Error (4xx): {"errors": [{"status": 404, "title": "Not Found", "detail": "The resource could not be found.\n\n No resource provider with uuid 6013c3b3-59f5-477b-9f3c-f481247026d7 found for delete ", "request_id": "req-a21af0e2-91a6-4e8a-aa65-d38f1aa9ad21"}]}
2026-07-08 07:12:23.880 7 INFO neutron.services.segments.plugin [-] Client error retrieving segment 6013c3b3-59f5-477b-9f3c-f481247026d7 resource provider; error: Placement Client Error (4xx): {"errors": [{"status": 404, "title": "Not Found", "detail": "The resource could not be found.\n\n No resource provider with uuid 6013c3b3-59f5-477b-9f3c-f481247026d7 found for delete ", "request_id": "req-4e5cd8c8-f808-4c66-8fa2-c4e9f4f8e05a"}]} [pid: 7|app: 0|req: 721/1388] 10.0.0.78 () {32 vars in 725 bytes} [Wed Jul 8 07:12:23 2026] DELETE /v2.0/networks/7e797726-3249-4622-bce5-37b02da7e832 => generated 0 bytes in 534 msecs (HTTP/1.1 204) 3 headers in 131 bytes (1 switches on core 0)
2026-07-08 07:12:23.991 8 INFO neutron.notifiers.nova [-] Nova event matching ['req-b7bf1640-c661-4bd1-ae0b-7a1d983466b5'] response: {'server_uuid': '93279d27-d45d-4b6c-892c-57a49c421cf1', 'name': 'network-vif-plugged', 'status': 'completed', 'tag': 'e0abd6f3-9aa9-4051-aa5b-f2df36cae4c3', 'code': 200}
2026-07-08 07:12:23.993 7 WARNING neutron.plugins.ml2.drivers.ovn.mech_driver.ovsdb.ovn_client [None req-3e5854fe-a3cb-47f6-be01-7839bfcc1b83 - - - - - -] No hosting information found for port 0f5e718d-aac5-4dcc-8126-0ef018e9f94d: RuntimeError: No hosting information found for port 0f5e718d-aac5-4dcc-8126-0ef018e9f94d [pid: 7|app: 0|req: 722/1389] 10.0.0.170 () {34 vars in 990 bytes} [Wed Jul 8 07:12:23 2026] GET /v2.0/ports?device_id=93279d27-d45d-4b6c-892c-57a49c421cf1 => generated 975 bytes in 74 msecs (HTTP/1.1 200) 4 headers in 157 bytes (1 switches on core 0)
2026-07-08 07:12:24.022 8 INFO neutron.db.segments_db [None req-0dceec04-d017-4712-9ac7-e33e8a7667f8 fa56cce355f14f5baad0cd00e1188285 0c263c7e613d4abdb90a38274ad07cde - - default default] Added segment 7d090313-76d3-465a-9d07-350f1a9cbaaf of type geneve for network 63384080-9fdd-4319-a117-177c15f27fd5 [pid: 7|app: 0|req: 723/1390] 10.0.0.170 () {34 vars in 1040 bytes} [Wed Jul 8 07:12:24 2026] GET /v2.0/security-groups?id=ee538f9a-c27b-4835-b4c0-ca8773a3152d&fields=id&fields=name => generated 112 bytes in 86 msecs (HTTP/1.1 200) 4 headers in 157 bytes (1 switches on core 0)
2026-07-08 07:12:24.160 8 INFO neutron.db.ovn_revision_numbers_db [None req-0dceec04-d017-4712-9ac7-e33e8a7667f8 fa56cce355f14f5baad0cd00e1188285 0c263c7e613d4abdb90a38274ad07cde - - default default] Successfully bumped revision number for resource 63384080-9fdd-4319-a117-177c15f27fd5 (type: networks) to 1
2026-07-08 07:12:24.167 7 INFO neutron.db.ovn_revision_numbers_db [None req-3e5854fe-a3cb-47f6-be01-7839bfcc1b83 - - - - - -] Successfully bumped revision number for resource 0f5e718d-aac5-4dcc-8126-0ef018e9f94d (type: router_ports) to 2
2026-07-08 07:12:24.288 7 INFO neutron.plugins.ml2.drivers.ovn.mech_driver.mech_driver [None req-3e5854fe-a3cb-47f6-be01-7839bfcc1b83 - - - - - -] OVN reports status down for port: 96b6110d-dbbd-4710-a56c-b912f8e33e97 [pid: 7|app: 0|req: 724/1391] 10.0.0.170 () {34 vars in 990 bytes} [Wed Jul 8 07:12:24 2026] GET /v2.0/ports?device_id=93279d27-d45d-4b6c-892c-57a49c421cf1 => generated 975 bytes in 102 msecs (HTTP/1.1 200) 4 headers in 157 bytes (1 switches on core 0)
2026-07-08 07:12:24.461 8 WARNING neutron.scheduler.dhcp_agent_scheduler [None req-0dceec04-d017-4712-9ac7-e33e8a7667f8 fa56cce355f14f5baad0cd00e1188285 0c263c7e613d4abdb90a38274ad07cde - - default default] No more DHCP agents
2026-07-08 07:12:24.466 8 WARNING neutron.api.rpc.agentnotifiers.dhcp_rpc_agent_api [None req-0dceec04-d017-4712-9ac7-e33e8a7667f8 fa56cce355f14f5baad0cd00e1188285 0c263c7e613d4abdb90a38274ad07cde - - default default] Unable to schedule network 63384080-9fdd-4319-a117-177c15f27fd5: no agents available; will retry on subsequent port and subnet creation events.
2026-07-08 07:12:24.578 7 INFO neutron.plugins.ml2.drivers.ovn.mech_driver.mech_driver [None req-3e5854fe-a3cb-47f6-be01-7839bfcc1b83 - - - - - -] OVN reports status down for port: 6c5b89c0-e809-4de5-b198-0a211f82fcff
2026-07-08 07:12:24.580 8 INFO neutron.db.ovn_revision_numbers_db [None req-0dceec04-d017-4712-9ac7-e33e8a7667f8 fa56cce355f14f5baad0cd00e1188285 0c263c7e613d4abdb90a38274ad07cde - - default default] Successfully bumped revision number for resource 6c5b89c0-e809-4de5-b198-0a211f82fcff (type: ports) to 1 [pid: 8|app: 0|req: 668/1392] 10.0.0.78 () {34 vars in 669 bytes} [Wed Jul 8 07:12:23 2026] POST /v2.0/networks => generated 669 bytes in 687 msecs (HTTP/1.1 201) 4 headers in 162 bytes (1 switches on core 0) [pid: 8|app: 0|req: 669/1393] 199.204.45.242 () {34 vars in 986 bytes} [Wed Jul 8 07:12:24 2026] GET /v2.0/networks?id=1c31acb6-69a1-4705-8804-a3be0eb62e13 => generated 715 bytes in 50 msecs (HTTP/1.1 200) 4 headers in 157 bytes (1 switches on core 0)
2026-07-08 07:12:24.844 8 WARNING neutron.scheduler.dhcp_agent_scheduler [None req-22bcd919-6766-4f9f-862c-715c6dc53666 fa56cce355f14f5baad0cd00e1188285 0c263c7e613d4abdb90a38274ad07cde - - default default] No more DHCP agents
