Apr 02 09:18:35.982554 np0000162842 neutron-periodic-workers[104122]: DEBUG cotyledon.oslo_config_glue [-] ml2.tunnelled_network_rp_name = rp_tunnelled {{(pid=104122) log_opt_values /opt/stack/data/venv/lib/python3.12/site-packages/oslo_config/cfg.py:3006}}
Apr 02 09:18:35.982554 np0000162842 neutron-periodic-workers[104122]: DEBUG cotyledon.oslo_config_glue [-] ml2.type_drivers = ['local', 'flat', 'vlan', 'geneve'] {{(pid=104122) log_opt_values /opt/stack/data/venv/lib/python3.12/site-packages/oslo_config/cfg.py:3006}}
Apr 02 09:18:35.982554 np0000162842 neutron-periodic-workers[104122]: DEBUG cotyledon.oslo_config_glue [-] ml2_type_flat.flat_networks = ['public'] {{(pid=104122) log_opt_values /opt/stack/data/venv/lib/python3.12/site-packages/oslo_config/cfg.py:3006}}
Apr 02 09:18:35.982554 np0000162842 neutron-periodic-workers[104122]: DEBUG cotyledon.oslo_config_glue [-] ml2_type_geneve.max_header_size = 38 {{(pid=104122) log_opt_values /opt/stack/data/venv/lib/python3.12/site-packages/oslo_config/cfg.py:3006}}
Apr 02 09:18:35.982554 np0000162842 neutron-periodic-workers[104122]: DEBUG cotyledon.oslo_config_glue [-] ml2_type_geneve.vni_ranges = ['1:65536'] {{(pid=104122) log_opt_values /opt/stack/data/venv/lib/python3.12/site-packages/oslo_config/cfg.py:3006}}
Apr 02 09:18:35.982832 np0000162842 neutron-periodic-workers[104122]: DEBUG cotyledon.oslo_config_glue [-] ml2_type_vlan.network_vlan_ranges = ['public'] {{(pid=104122) log_opt_values /opt/stack/data/venv/lib/python3.12/site-packages/oslo_config/cfg.py:3006}}
Apr 02 09:18:35.982832 np0000162842 neutron-periodic-workers[104122]: DEBUG cotyledon.oslo_config_glue [-] network_log.burst_limit = 25 {{(pid=104122) log_opt_values /opt/stack/data/venv/lib/python3.12/site-packages/oslo_config/cfg.py:3006}}
Apr 02 09:18:35.982832 np0000162842 neutron-periodic-workers[104122]: DEBUG cotyledon.oslo_config_glue [-] network_log.local_output_log_base = None {{(pid=104122) log_opt_values /opt/stack/data/venv/lib/python3.12/site-packages/oslo_config/cfg.py:3006}}
Apr 02 09:18:35.982832 np0000162842 neutron-periodic-workers[104122]: DEBUG cotyledon.oslo_config_glue [-] network_log.rate_limit = 100 {{(pid=104122) log_opt_values /opt/stack/data/venv/lib/python3.12/site-packages/oslo_config/cfg.py:3006}}
Apr 02 09:18:35.982832 np0000162842 neutron-periodic-workers[104122]: DEBUG cotyledon.oslo_config_glue [-] database.asyncio_connection = **** {{(pid=104122) log_opt_values /opt/stack/data/venv/lib/python3.12/site-packages/oslo_config/cfg.py:3006}}
Apr 02 09:18:35.982832 np0000162842 neutron-periodic-workers[104122]: DEBUG cotyledon.oslo_config_glue [-] database.asyncio_slave_connection = **** {{(pid=104122) log_opt_values /opt/stack/data/venv/lib/python3.12/site-packages/oslo_config/cfg.py:3006}}
Apr 02 09:18:35.982832 np0000162842 neutron-periodic-workers[104122]: DEBUG cotyledon.oslo_config_glue [-] database.backend = sqlalchemy {{(pid=104122) log_opt_values /opt/stack/data/venv/lib/python3.12/site-packages/oslo_config/cfg.py:3006}}
Apr 02 09:18:35.982832 np0000162842 neutron-periodic-workers[104122]: DEBUG cotyledon.oslo_config_glue [-] database.connection = **** {{(pid=104122) log_opt_values /opt/stack/data/venv/lib/python3.12/site-packages/oslo_config/cfg.py:3006}}
Apr 02 09:18:35.982832 np0000162842 neutron-periodic-workers[104122]: DEBUG cotyledon.oslo_config_glue [-] database.connection_debug = 0 {{(pid=104122) log_opt_values /opt/stack/data/venv/lib/python3.12/site-packages/oslo_config/cfg.py:3006}}
Apr 02 09:18:35.983116 np0000162842 neutron-periodic-workers[104122]: DEBUG cotyledon.oslo_config_glue [-] database.connection_parameters = {{(pid=104122) log_opt_values /opt/stack/data/venv/lib/python3.12/site-packages/oslo_config/cfg.py:3006}}
Apr 02 09:18:35.983116 np0000162842 neutron-periodic-workers[104122]: DEBUG cotyledon.oslo_config_glue [-] database.connection_recycle_time = 3600 {{(pid=104122) log_opt_values /opt/stack/data/venv/lib/python3.12/site-packages/oslo_config/cfg.py:3006}}
Apr 02 09:18:35.983116 np0000162842 neutron-periodic-workers[104122]: DEBUG cotyledon.oslo_config_glue [-] database.connection_trace = False {{(pid=104122) log_opt_values /opt/stack/data/venv/lib/python3.12/site-packages/oslo_config/cfg.py:3006}}
Apr 02 09:18:35.983116 np0000162842 neutron-periodic-workers[104122]: DEBUG cotyledon.oslo_config_glue [-] database.db_inc_retry_interval = True {{(pid=104122) log_opt_values /opt/stack/data/venv/lib/python3.12/site-packages/oslo_config/cfg.py:3006}}
Apr 02 09:18:35.983116 np0000162842 neutron-periodic-workers[104122]: DEBUG cotyledon.oslo_config_glue [-] database.db_max_retries = 20 {{(pid=104122) log_opt_values /opt/stack/data/venv/lib/python3.12/site-packages/oslo_config/cfg.py:3006}}
Apr 02 09:18:35.983116 np0000162842 neutron-periodic-workers[104122]: DEBUG cotyledon.oslo_config_glue [-] database.db_max_retry_interval = 10 {{(pid=104122) log_opt_values /opt/stack/data/venv/lib/python3.12/site-packages/oslo_config/cfg.py:3006}}
Apr 02 09:18:35.983116 np0000162842 neutron-periodic-workers[104122]: DEBUG cotyledon.oslo_config_glue [-] database.db_retry_interval = 1 {{(pid=104122) log_opt_values /opt/stack/data/venv/lib/python3.12/site-packages/oslo_config/cfg.py:3006}}
Apr 02 09:18:35.983116 np0000162842 neutron-periodic-workers[104122]: DEBUG cotyledon.oslo_config_glue [-] database.max_overflow = 50 {{(pid=104122) log_opt_values /opt/stack/data/venv/lib/python3.12/site-packages/oslo_config/cfg.py:3006}}
Apr 02 09:18:35.983116 np0000162842 neutron-periodic-workers[104122]: DEBUG cotyledon.oslo_config_glue [-] database.max_pool_size = 5 {{(pid=104122) log_opt_values /opt/stack/data/venv/lib/python3.12/site-packages/oslo_config/cfg.py:3006}}
Apr 02 09:18:35.983372 np0000162842 neutron-periodic-workers[104122]: DEBUG cotyledon.oslo_config_glue [-] database.max_retries = 10 {{(pid=104122) log_opt_values /opt/stack/data/venv/lib/python3.12/site-packages/oslo_config/cfg.py:3006}}
Apr 02 09:18:35.983372 np0000162842 neutron-periodic-workers[104122]: DEBUG cotyledon.oslo_config_glue [-] database.mysql_sql_mode = TRADITIONAL {{(pid=104122) log_opt_values /opt/stack/data/venv/lib/python3.12/site-packages/oslo_config/cfg.py:3006}}
Apr 02 09:18:35.983372 np0000162842 neutron-periodic-workers[104122]: DEBUG cotyledon.oslo_config_glue [-] database.mysql_wsrep_sync_wait = None {{(pid=104122) log_opt_values /opt/stack/data/venv/lib/python3.12/site-packages/oslo_config/cfg.py:3006}}
Apr 02 09:18:35.983372 np0000162842 neutron-periodic-workers[104122]: DEBUG cotyledon.oslo_config_glue [-] database.pool_timeout = None {{(pid=104122) log_opt_values /opt/stack/data/venv/lib/python3.12/site-packages/oslo_config/cfg.py:3006}}
Apr 02 09:18:35.983372 np0000162842 neutron-periodic-workers[104122]: DEBUG cotyledon.oslo_config_glue [-] database.retry_interval = 10 {{(pid=104122) log_opt_values /opt/stack/data/venv/lib/python3.12/site-packages/oslo_config/cfg.py:3006}}
Apr 02 09:18:35.983372 np0000162842 neutron-periodic-workers[104122]: DEBUG cotyledon.oslo_config_glue [-] database.slave_connection = **** {{(pid=104122) log_opt_values /opt/stack/data/venv/lib/python3.12/site-packages/oslo_config/cfg.py:3006}}
Apr 02 09:18:35.983372 np0000162842 neutron-periodic-workers[104122]: DEBUG cotyledon.oslo_config_glue [-] database.sqlite_synchronous = True {{(pid=104122) log_opt_values /opt/stack/data/venv/lib/python3.12/site-packages/oslo_config/cfg.py:3006}}
Apr 02 09:18:35.983372 np0000162842 neutron-periodic-workers[104122]: DEBUG cotyledon.oslo_config_glue [-] database.synchronous_reader = True {{(pid=104122) log_opt_values /opt/stack/data/venv/lib/python3.12/site-packages/oslo_config/cfg.py:3006}}
Apr 02 09:18:35.983372 np0000162842 neutron-periodic-workers[104122]: DEBUG cotyledon.oslo_config_glue [-] database.use_db_reconnect = False {{(pid=104122) log_opt_values /opt/stack/data/venv/lib/python3.12/site-packages/oslo_config/cfg.py:3006}}
Apr 02 09:18:35.983701 np0000162842 neutron-periodic-workers[104122]: DEBUG cotyledon.oslo_config_glue [-] ovn.bfd_min_rx = 1000 {{(pid=104122) log_opt_values /opt/stack/data/venv/lib/python3.12/site-packages/oslo_config/cfg.py:3006}}
Apr 02 09:18:35.983701 np0000162842 neutron-periodic-workers[104122]: DEBUG cotyledon.oslo_config_glue [-] ovn.bfd_min_tx = 100 {{(pid=104122) log_opt_values /opt/stack/data/venv/lib/python3.12/site-packages/oslo_config/cfg.py:3006}}
Apr 02 09:18:35.983701 np0000162842 neutron-periodic-workers[104122]: DEBUG cotyledon.oslo_config_glue [-] ovn.bfd_mult = 3 {{(pid=104122) log_opt_values /opt/stack/data/venv/lib/python3.12/site-packages/oslo_config/cfg.py:3006}}
Apr 02 09:18:35.983701 np0000162842 neutron-periodic-workers[104122]: DEBUG cotyledon.oslo_config_glue [-] ovn.broadcast_arps_to_all_routers = True {{(pid=104122) log_opt_values /opt/stack/data/venv/lib/python3.12/site-packages/oslo_config/cfg.py:3006}}
Apr 02 09:18:35.983701 np0000162842 neutron-periodic-workers[104122]: DEBUG cotyledon.oslo_config_glue [-] ovn.dhcp_default_lease_time = 43200 {{(pid=104122) log_opt_values /opt/stack/data/venv/lib/python3.12/site-packages/oslo_config/cfg.py:3006}}
Apr 02 09:18:35.983701 np0000162842 neutron-periodic-workers[104122]: DEBUG cotyledon.oslo_config_glue [-] ovn.disable_ovn_dhcp_for_baremetal_ports = False {{(pid=104122) log_opt_values /opt/stack/data/venv/lib/python3.12/site-packages/oslo_config/cfg.py:3006}}
Apr 02 09:18:35.983701 np0000162842 neutron-periodic-workers[104122]: DEBUG cotyledon.oslo_config_glue [-] ovn.dns_records_ovn_owned = False {{(pid=104122) log_opt_values /opt/stack/data/venv/lib/python3.12/site-packages/oslo_config/cfg.py:3006}}
Apr 02 09:18:35.983701 np0000162842 neutron-periodic-workers[104122]: DEBUG cotyledon.oslo_config_glue [-] ovn.dns_servers = [] {{(pid=104122) log_opt_values /opt/stack/data/venv/lib/python3.12/site-packages/oslo_config/cfg.py:3006}}
Apr 02 09:18:35.983701 np0000162842 neutron-periodic-workers[104122]: DEBUG cotyledon.oslo_config_glue [-] ovn.enable_distributed_floating_ip = False {{(pid=104122) log_opt_values /opt/stack/data/venv/lib/python3.12/site-packages/oslo_config/cfg.py:3006}}
Apr 02 09:18:35.983977 np0000162842 neutron-periodic-workers[104122]: DEBUG cotyledon.oslo_config_glue [-] ovn.fdb_age_threshold = 300 {{(pid=104122) log_opt_values /opt/stack/data/venv/lib/python3.12/site-packages/oslo_config/cfg.py:3006}}
Apr 02 09:18:35.983977 np0000162842 neutron-periodic-workers[104122]: DEBUG cotyledon.oslo_config_glue [-] ovn.ha_failover_strategy = normal {{(pid=104122) log_opt_values /opt/stack/data/venv/lib/python3.12/site-packages/oslo_config/cfg.py:3006}}
Apr 02 09:18:35.983977 np0000162842 neutron-periodic-workers[104122]: DEBUG cotyledon.oslo_config_glue [-] ovn.live_migration_activation_strategy = rarp {{(pid=104122) log_opt_values /opt/stack/data/venv/lib/python3.12/site-packages/oslo_config/cfg.py:3006}}
Apr 02 09:18:35.983977 np0000162842 neutron-periodic-workers[104122]: DEBUG cotyledon.oslo_config_glue [-] ovn.localnet_learn_fdb = False {{(pid=104122) log_opt_values /opt/stack/data/venv/lib/python3.12/site-packages/oslo_config/cfg.py:3006}}
Apr 02 09:18:35.983977 np0000162842 neutron-periodic-workers[104122]: DEBUG cotyledon.oslo_config_glue [-] ovn.mac_binding_age_threshold = 300 {{(pid=104122) log_opt_values /opt/stack/data/venv/lib/python3.12/site-packages/oslo_config/cfg.py:3006}}
Apr 02 09:18:35.983977 np0000162842 neutron-periodic-workers[104122]: DEBUG cotyledon.oslo_config_glue [-] ovn.neutron_sync_mode = log {{(pid=104122) log_opt_values /opt/stack/data/venv/lib/python3.12/site-packages/oslo_config/cfg.py:3006}}
Apr 02 09:18:35.983977 np0000162842 neutron-periodic-workers[104122]: DEBUG cotyledon.oslo_config_glue [-] ovn.ovn_dhcp4_global_options = {} {{(pid=104122) log_opt_values /opt/stack/data/venv/lib/python3.12/site-packages/oslo_config/cfg.py:3006}}
Apr 02 09:18:35.983977 np0000162842 neutron-periodic-workers[104122]: DEBUG cotyledon.oslo_config_glue [-] ovn.ovn_dhcp6_global_options = {} {{(pid=104122) log_opt_values /opt/stack/data/venv/lib/python3.12/site-packages/oslo_config/cfg.py:3006}}
Apr 02 09:18:35.983977 np0000162842 neutron-periodic-workers[104122]: DEBUG cotyledon.oslo_config_glue [-] ovn.ovn_l3_scheduler = leastloaded {{(pid=104122) log_opt_values /opt/stack/data/venv/lib/python3.12/site-packages/oslo_config/cfg.py:3006}}
Apr 02 09:18:35.984249 np0000162842 neutron-periodic-workers[104122]: DEBUG cotyledon.oslo_config_glue [-] ovn.ovn_metadata_enabled = True {{(pid=104122) log_opt_values /opt/stack/data/venv/lib/python3.12/site-packages/oslo_config/cfg.py:3006}}
Apr 02 09:18:35.984249 np0000162842 neutron-periodic-workers[104122]: DEBUG cotyledon.oslo_config_glue [-] ovn.ovn_nb_ca_cert = /opt/stack/data/CA/int-ca/ca-chain.pem {{(pid=104122) log_opt_values /opt/stack/data/venv/lib/python3.12/site-packages/oslo_config/cfg.py:3006}}
Apr 02 09:18:35.984249 np0000162842 neutron-periodic-workers[104122]: DEBUG cotyledon.oslo_config_glue [-] ovn.ovn_nb_certificate = /opt/stack/data/CA/int-ca/devstack-cert.crt {{(pid=104122) log_opt_values /opt/stack/data/venv/lib/python3.12/site-packages/oslo_config/cfg.py:3006}}
Apr 02 09:18:35.984249 np0000162842 neutron-periodic-workers[104122]: DEBUG cotyledon.oslo_config_glue [-] ovn.ovn_nb_connection = ['ssl:199.204.45.153:6641'] {{(pid=104122) log_opt_values /opt/stack/data/venv/lib/python3.12/site-packages/oslo_config/cfg.py:3006}}
Apr 02 09:18:35.984249 np0000162842 neutron-periodic-workers[104122]: DEBUG cotyledon.oslo_config_glue [-] ovn.ovn_nb_private_key = /opt/stack/data/CA/int-ca/private/devstack-cert.key {{(pid=104122) log_opt_values /opt/stack/data/venv/lib/python3.12/site-packages/oslo_config/cfg.py:3006}}
Apr 02 09:18:35.984249 np0000162842 neutron-periodic-workers[104122]: DEBUG cotyledon.oslo_config_glue [-] ovn.ovn_router_indirect_snat = False {{(pid=104122) log_opt_values /opt/stack/data/venv/lib/python3.12/site-packages/oslo_config/cfg.py:3006}}
Apr 02 09:18:35.984249 np0000162842 neutron-periodic-workers[104122]: DEBUG cotyledon.oslo_config_glue [-] ovn.ovn_sb_ca_cert = /opt/stack/data/CA/int-ca/ca-chain.pem {{(pid=104122) log_opt_values /opt/stack/data/venv/lib/python3.12/site-packages/oslo_config/cfg.py:3006}}
Apr 02 09:18:35.984249 np0000162842 neutron-periodic-workers[104122]: DEBUG cotyledon.oslo_config_glue [-] ovn.ovn_sb_certificate = /opt/stack/data/CA/int-ca/devstack-cert.crt {{(pid=104122) log_opt_values /opt/stack/data/venv/lib/python3.12/site-packages/oslo_config/cfg.py:3006}}
Apr 02 09:18:35.984524 np0000162842 neutron-periodic-workers[104122]: DEBUG cotyledon.oslo_config_glue [-] ovn.ovn_sb_connection = ['ssl:199.204.45.153:6642'] {{(pid=104122) log_opt_values /opt/stack/data/venv/lib/python3.12/site-packages/oslo_config/cfg.py:3006}}
Apr 02 09:18:35.984524 np0000162842 neutron-periodic-workers[104122]: DEBUG cotyledon.oslo_config_glue [-] ovn.ovn_sb_private_key = /opt/stack/data/CA/int-ca/private/devstack-cert.key {{(pid=104122) log_opt_values /opt/stack/data/venv/lib/python3.12/site-packages/oslo_config/cfg.py:3006}}
Apr 02 09:18:35.984524 np0000162842 neutron-periodic-workers[104122]: DEBUG cotyledon.oslo_config_glue [-] ovn.ovs_create_tap = False {{(pid=104122) log_opt_values /opt/stack/data/venv/lib/python3.12/site-packages/oslo_config/cfg.py:3006}}
Apr 02 09:18:35.984524 np0000162842 neutron-periodic-workers[104122]: DEBUG cotyledon.oslo_config_glue [-] ovn.ovsdb_connection_timeout = 180 {{(pid=104122) log_opt_values /opt/stack/data/venv/lib/python3.12/site-packages/oslo_config/cfg.py:3006}}
Apr 02 09:18:35.984524 np0000162842 neutron-periodic-workers[104122]: DEBUG cotyledon.oslo_config_glue [-] ovn.ovsdb_log_level = INFO {{(pid=104122) log_opt_values /opt/stack/data/venv/lib/python3.12/site-packages/oslo_config/cfg.py:3006}}
Apr 02 09:18:35.984524 np0000162842 neutron-periodic-workers[104122]: DEBUG cotyledon.oslo_config_glue [-] ovn.ovsdb_probe_interval = 60000 {{(pid=104122) log_opt_values /opt/stack/data/venv/lib/python3.12/site-packages/oslo_config/cfg.py:3006}}
Apr 02 09:18:35.984524 np0000162842 neutron-periodic-workers[104122]: DEBUG cotyledon.oslo_config_glue [-] ovn.ovsdb_retry_max_interval = 180 {{(pid=104122) log_opt_values /opt/stack/data/venv/lib/python3.12/site-packages/oslo_config/cfg.py:3006}}
Apr 02 09:18:35.984524 np0000162842 neutron-periodic-workers[104122]: DEBUG cotyledon.oslo_config_glue [-] ovn.stateless_nat_enabled = False {{(pid=104122) log_opt_values /opt/stack/data/venv/lib/python3.12/site-packages/oslo_config/cfg.py:3006}}
Apr 02 09:18:35.984524 np0000162842 neutron-periodic-workers[104122]: DEBUG cotyledon.oslo_config_glue [-] ovn.vhost_sock_dir = /var/run/openvswitch {{(pid=104122) log_opt_values /opt/stack/data/venv/lib/python3.12/site-packages/oslo_config/cfg.py:3006}}
Apr 02 09:18:35.984799 np0000162842 neutron-periodic-workers[104122]: DEBUG cotyledon.oslo_config_glue [-] OVS.bridge_mac_table_size = 50000 {{(pid=104122) log_opt_values /opt/stack/data/venv/lib/python3.12/site-packages/oslo_config/cfg.py:3006}}
Apr 02 09:18:35.984799 np0000162842 neutron-periodic-workers[104122]: DEBUG cotyledon.oslo_config_glue [-] OVS.igmp_flood = False {{(pid=104122) log_opt_values /opt/stack/data/venv/lib/python3.12/site-packages/oslo_config/cfg.py:3006}}
Apr 02 09:18:35.984799 np0000162842 neutron-periodic-workers[104122]: DEBUG cotyledon.oslo_config_glue [-] OVS.igmp_flood_reports = True {{(pid=104122) log_opt_values /opt/stack/data/venv/lib/python3.12/site-packages/oslo_config/cfg.py:3006}}
Apr 02 09:18:35.984799 np0000162842 neutron-periodic-workers[104122]: DEBUG cotyledon.oslo_config_glue [-] OVS.igmp_flood_unregistered = False {{(pid=104122) log_opt_values /opt/stack/data/venv/lib/python3.12/site-packages/oslo_config/cfg.py:3006}}
Apr 02 09:18:35.984799 np0000162842 neutron-periodic-workers[104122]: DEBUG cotyledon.oslo_config_glue [-] OVS.igmp_snooping_enable = False {{(pid=104122) log_opt_values /opt/stack/data/venv/lib/python3.12/site-packages/oslo_config/cfg.py:3006}}
Apr 02 09:18:35.984799 np0000162842 neutron-periodic-workers[104122]: DEBUG cotyledon.oslo_config_glue [-] OVS.ovsdb_timeout = 10 {{(pid=104122) log_opt_values /opt/stack/data/venv/lib/python3.12/site-packages/oslo_config/cfg.py:3006}}
Apr 02 09:18:35.984799 np0000162842 neutron-periodic-workers[104122]: DEBUG cotyledon.oslo_config_glue [-] ovn_nb_global.fdb_removal_limit = 0 {{(pid=104122) log_opt_values /opt/stack/data/venv/lib/python3.12/site-packages/oslo_config/cfg.py:3006}}
Apr 02 09:18:35.984799 np0000162842 neutron-periodic-workers[104122]: DEBUG cotyledon.oslo_config_glue [-] ovn_nb_global.ignore_lsp_down = False {{(pid=104122) log_opt_values /opt/stack/data/venv/lib/python3.12/site-packages/oslo_config/cfg.py:3006}}
Apr 02 09:18:35.984799 np0000162842 neutron-periodic-workers[104122]: DEBUG cotyledon.oslo_config_glue [-] ovn_nb_global.mac_binding_removal_limit = 0 {{(pid=104122) log_opt_values /opt/stack/data/venv/lib/python3.12/site-packages/oslo_config/cfg.py:3006}}
Apr 02 09:18:35.985063 np0000162842 neutron-periodic-workers[104122]: DEBUG cotyledon.oslo_config_glue [-] ******************************************************************************** {{(pid=104122) log_opt_values /opt/stack/data/venv/lib/python3.12/site-packages/oslo_config/cfg.py:3013}}
Apr 02 09:18:35.985063 np0000162842 neutron-periodic-workers[104122]: DEBUG cotyledon._service_worker [-] Run service ServiceWrapper(0) [104122] {{(pid=104122) wait_forever /opt/stack/data/venv/lib/python3.12/site-packages/cotyledon/_service_worker.py:218}}
Apr 02 09:18:45.619138 np0000162842 neutron-periodic-workers[103384]: DEBUG dbcounter [-] [103384] Writing DB stats neutron:SELECT=4 {{(pid=103384) stat_writer /opt/stack/data/venv/lib/python3.12/site-packages/dbcounter.py:115}}
Apr 02 09:19:40.958800 np0000162842 neutron-periodic-workers[104108]: DEBUG oslo_db.sqlalchemy.engines [None req-1ccaa179-42ac-475c-b35f-fe3262db6542 None None] Parent process 103384 forked (104108) with an open database connection, which is being discarded and recreated. {{(pid=104108) checkout /opt/stack/data/venv/lib/python3.12/site-packages/oslo_db/sqlalchemy/engines.py:402}}
Apr 02 09:19:40.968907 np0000162842 neutron-periodic-workers[104108]: DEBUG dbcounter [-] [104108] Writer thread running {{(pid=104108) stat_writer /opt/stack/data/venv/lib/python3.12/site-packages/dbcounter.py:102}}
Apr 02 09:19:40.972944 np0000162842 neutron-periodic-workers[104108]: DEBUG neutron.db.agents_db [None req-1ccaa179-42ac-475c-b35f-fe3262db6542 None None] Agent healthcheck: found 0 active agents {{(pid=104108) agent_health_check /opt/stack/neutron/neutron/db/agents_db.py:317}}
Apr 02 09:19:40.973131 np0000162842 neutron-periodic-workers[104108]: DEBUG oslo.service.backend._threading.loopingcall [None req-1ccaa179-42ac-475c-b35f-fe3262db6542 None None] Fixed interval looping call 'neutron.plugins.ml2.plugin.AgentDbMixin.agent_health_check' sleeping for 36.98 seconds {{(pid=104108) _run_loop /opt/stack/data/venv/lib/python3.12/site-packages/oslo_service/backend/_threading/loopingcall.py:125}}
Apr 02 09:19:48.950795 np0000162842 neutron-periodic-workers[104099]: DEBUG dbcounter [-] [104099] Writer thread running {{(pid=104099) stat_writer /opt/stack/data/venv/lib/python3.12/site-packages/dbcounter.py:102}}
Apr 02 09:19:48.962876 np0000162842 neutron-periodic-workers[104099]: DEBUG oslo.service.backend._threading.loopingcall [None req-907aba97-58f5-4b70-b0c5-f37e495e74f7 None None] Fixed interval looping call 'neutron.plugins.ml2.plugin.DhcpAgentSchedulerDbMixin.remove_networks_from_down_agents' sleeping for 36.98 seconds {{(pid=104099) _run_loop /opt/stack/data/venv/lib/python3.12/site-packages/oslo_service/backend/_threading/loopingcall.py:125}}
Apr 02 09:19:58.961616 np0000162842 neutron-periodic-workers[104099]: DEBUG dbcounter [-] [104099] Writing DB stats neutron:SELECT=3 {{(pid=104099) stat_writer /opt/stack/data/venv/lib/python3.12/site-packages/dbcounter.py:115}}
Apr 02 09:20:00.971245 np0000162842 neutron-periodic-workers[104108]: DEBUG dbcounter [-] [104108] Writing DB stats neutron:SELECT=1 {{(pid=104108) stat_writer /opt/stack/data/venv/lib/python3.12/site-packages/dbcounter.py:115}}
Apr 02 09:20:17.959116 np0000162842 neutron-periodic-workers[104108]: DEBUG neutron.db.agents_db [None req-1ccaa179-42ac-475c-b35f-fe3262db6542 None None] Agent healthcheck: found 0 active agents {{(pid=104108) agent_health_check /opt/stack/neutron/neutron/db/agents_db.py:317}}
Apr 02 09:20:17.960033 np0000162842 neutron-periodic-workers[104108]: DEBUG oslo.service.backend._threading.loopingcall [None req-1ccaa179-42ac-475c-b35f-fe3262db6542 None None] Fixed interval looping call 'neutron.plugins.ml2.plugin.AgentDbMixin.agent_health_check' sleeping for 36.99 seconds {{(pid=104108) _run_loop /opt/stack/data/venv/lib/python3.12/site-packages/oslo_service/backend/_threading/loopingcall.py:125}}
Apr 02 09:20:25.955075 np0000162842 neutron-periodic-workers[104099]: DEBUG oslo.service.backend._threading.loopingcall [None req-907aba97-58f5-4b70-b0c5-f37e495e74f7 None None] Fixed interval looping call 'neutron.plugins.ml2.plugin.DhcpAgentSchedulerDbMixin.remove_networks_from_down_agents' sleeping for 36.99 seconds {{(pid=104099) _run_loop /opt/stack/data/venv/lib/python3.12/site-packages/oslo_service/backend/_threading/loopingcall.py:125}}
Apr 02 09:20:27.957514 np0000162842 neutron-periodic-workers[104108]: DEBUG dbcounter [-] [104108] Writing DB stats neutron:SELECT=1 {{(pid=104108) stat_writer /opt/stack/data/venv/lib/python3.12/site-packages/dbcounter.py:115}}
Apr 02 09:20:35.955441 np0000162842 neutron-periodic-workers[104099]: DEBUG dbcounter [-] [104099] Writing DB stats neutron:SELECT=3 {{(pid=104099) stat_writer /opt/stack/data/venv/lib/python3.12/site-packages/dbcounter.py:115}}
Apr 02 09:20:35.980587 np0000162842 neutron-periodic-workers[104122]: DEBUG dbcounter [-] [104122] Writer thread running {{(pid=104122) stat_writer /opt/stack/data/venv/lib/python3.12/site-packages/dbcounter.py:102}}
Apr 02 09:20:35.982393 np0000162842 neutron-periodic-workers[104122]: DEBUG oslo.service.backend._threading.loopingcall [None req-5c895d3a-ee62-4dc8-9424-4a31fa6950b1 None None] Fixed interval looping call 'neutron.db.quota.driver_nolock.DbQuotaNoLockDriver._remove_expired_reservations' sleeping for 119.98 seconds {{(pid=104122) _run_loop /opt/stack/data/venv/lib/python3.12/site-packages/oslo_service/backend/_threading/loopingcall.py:125}}
Apr 02 09:20:54.956103 np0000162842 neutron-periodic-workers[104108]: DEBUG neutron.db.agents_db [None req-1ccaa179-42ac-475c-b35f-fe3262db6542 None None] Agent healthcheck: found 0 active agents {{(pid=104108) agent_health_check /opt/stack/neutron/neutron/db/agents_db.py:317}}
Apr 02 09:20:54.956839 np0000162842 neutron-periodic-workers[104108]: DEBUG oslo.service.backend._threading.loopingcall [None req-1ccaa179-42ac-475c-b35f-fe3262db6542 None None] Fixed interval looping call 'neutron.plugins.ml2.plugin.AgentDbMixin.agent_health_check' sleeping for 36.99 seconds {{(pid=104108) _run_loop /opt/stack/data/venv/lib/python3.12/site-packages/oslo_service/backend/_threading/loopingcall.py:125}}
Apr 02 09:20:55.981134 np0000162842 neutron-periodic-workers[104122]: DEBUG dbcounter [-] [104122] Writing DB stats neutron:DELETE=1 {{(pid=104122) stat_writer /opt/stack/data/venv/lib/python3.12/site-packages/dbcounter.py:115}}
Apr 02 09:21:02.959764 np0000162842 neutron-periodic-workers[104099]: DEBUG oslo.service.backend._threading.loopingcall [None req-907aba97-58f5-4b70-b0c5-f37e495e74f7 None None] Fixed interval looping call 'neutron.plugins.ml2.plugin.DhcpAgentSchedulerDbMixin.remove_networks_from_down_agents' sleeping for 36.99 seconds {{(pid=104099) _run_loop /opt/stack/data/venv/lib/python3.12/site-packages/oslo_service/backend/_threading/loopingcall.py:125}}
Apr 02 09:21:04.954162 np0000162842 neutron-periodic-workers[104108]: DEBUG dbcounter [-] [104108] Writing DB stats neutron:SELECT=1 {{(pid=104108) stat_writer /opt/stack/data/venv/lib/python3.12/site-packages/dbcounter.py:115}}
Apr 02 09:21:12.956667 np0000162842 neutron-periodic-workers[104099]: DEBUG dbcounter [-] [104099] Writing DB stats neutron:SELECT=3 {{(pid=104099) stat_writer /opt/stack/data/venv/lib/python3.12/site-packages/dbcounter.py:115}}
Apr 02 09:21:31.950151 np0000162842 neutron-periodic-workers[104108]: DEBUG neutron.db.agents_db [None req-1ccaa179-42ac-475c-b35f-fe3262db6542 None None] Agent healthcheck: found 0 active agents {{(pid=104108) agent_health_check /opt/stack/neutron/neutron/db/agents_db.py:317}}
Apr 02 09:21:31.950151 np0000162842 neutron-periodic-workers[104108]: DEBUG oslo.service.backend._threading.loopingcall [None req-1ccaa179-42ac-475c-b35f-fe3262db6542 None None] Fixed interval looping call 'neutron.plugins.ml2.plugin.AgentDbMixin.agent_health_check' sleeping for 37.00 seconds {{(pid=104108) _run_loop /opt/stack/data/venv/lib/python3.12/site-packages/oslo_service/backend/_threading/loopingcall.py:125}}
Apr 02 09:21:39.959601 np0000162842 neutron-periodic-workers[104099]: DEBUG oslo.service.backend._threading.loopingcall [None req-907aba97-58f5-4b70-b0c5-f37e495e74f7 None None] Fixed interval looping call 'neutron.plugins.ml2.plugin.DhcpAgentSchedulerDbMixin.remove_networks_from_down_agents' sleeping for 36.99 seconds {{(pid=104099) _run_loop /opt/stack/data/venv/lib/python3.12/site-packages/oslo_service/backend/_threading/loopingcall.py:125}}
Apr 02 09:21:41.949210 np0000162842 neutron-periodic-workers[104108]: DEBUG dbcounter [-] [104108] Writing DB stats neutron:SELECT=1 {{(pid=104108) stat_writer /opt/stack/data/venv/lib/python3.12/site-packages/dbcounter.py:115}}
Apr 02 09:21:49.958022 np0000162842 neutron-periodic-workers[104099]: DEBUG dbcounter [-] [104099] Writing DB stats neutron:SELECT=3 {{(pid=104099) stat_writer /opt/stack/data/venv/lib/python3.12/site-packages/dbcounter.py:115}}
Apr 02 09:22:08.953857 np0000162842 neutron-periodic-workers[104089]: DEBUG dbcounter [-] [104089] Writer thread running {{(pid=104089) stat_writer /opt/stack/data/venv/lib/python3.12/site-packages/dbcounter.py:102}}
Apr 02 09:22:08.954789 np0000162842 neutron-periodic-workers[104108]: DEBUG neutron.db.agents_db [None req-1ccaa179-42ac-475c-b35f-fe3262db6542 None None] Agent healthcheck: found 0 active agents {{(pid=104108) agent_health_check /opt/stack/neutron/neutron/db/agents_db.py:317}}
Apr 02 09:22:08.955252 np0000162842 neutron-periodic-workers[104108]: DEBUG oslo.service.backend._threading.loopingcall [None req-1ccaa179-42ac-475c-b35f-fe3262db6542 None None] Fixed interval looping call 'neutron.plugins.ml2.plugin.AgentDbMixin.agent_health_check' sleeping for 37.00 seconds {{(pid=104108) _run_loop /opt/stack/data/venv/lib/python3.12/site-packages/oslo_service/backend/_threading/loopingcall.py:125}}
Apr 02 09:22:08.964565 np0000162842 neutron-periodic-workers[104089]: DEBUG oslo.service.backend._threading.loopingcall [None req-cddc2592-1246-445d-9da0-92934d3fec82 None None] Fixed interval looping call 'neutron.services.ovn_l3.plugin.L3_NAT_dbonly_mixin._clean_garbage' sleeping for 299.96 seconds {{(pid=104089) _run_loop /opt/stack/data/venv/lib/python3.12/site-packages/oslo_service/backend/_threading/loopingcall.py:125}}
Apr 02 09:22:16.958663 np0000162842 neutron-periodic-workers[104099]: DEBUG oslo.service.backend._threading.loopingcall [None req-907aba97-58f5-4b70-b0c5-f37e495e74f7 None None] Fixed interval looping call 'neutron.plugins.ml2.plugin.DhcpAgentSchedulerDbMixin.remove_networks_from_down_agents' sleeping for 36.99 seconds {{(pid=104099) _run_loop /opt/stack/data/venv/lib/python3.12/site-packages/oslo_service/backend/_threading/loopingcall.py:125}}
Apr 02 09:22:18.953148 np0000162842 neutron-periodic-workers[104108]: DEBUG dbcounter [-] [104108] Writing DB stats neutron:SELECT=1 {{(pid=104108) stat_writer /opt/stack/data/venv/lib/python3.12/site-packages/dbcounter.py:115}}
Apr 02 09:22:18.954565 np0000162842 neutron-periodic-workers[104089]: DEBUG dbcounter [-] [104089] Writing DB stats neutron:SELECT=1 {{(pid=104089) stat_writer /opt/stack/data/venv/lib/python3.12/site-packages/dbcounter.py:115}}
Apr 02 09:22:26.957976 np0000162842 neutron-periodic-workers[104099]: DEBUG dbcounter [-] [104099] Writing DB stats neutron:SELECT=3 {{(pid=104099) stat_writer /opt/stack/data/venv/lib/python3.12/site-packages/dbcounter.py:115}}
Apr 02 09:22:35.966046 np0000162842 neutron-periodic-workers[104122]: DEBUG oslo.service.backend._threading.loopingcall [None req-5c895d3a-ee62-4dc8-9424-4a31fa6950b1 None None] Fixed interval looping call 'neutron.db.quota.driver_nolock.DbQuotaNoLockDriver._remove_expired_reservations' sleeping for 120.00 seconds {{(pid=104122) _run_loop /opt/stack/data/venv/lib/python3.12/site-packages/oslo_service/backend/_threading/loopingcall.py:125}}
Apr 02 09:22:45.960814 np0000162842 neutron-periodic-workers[104108]: DEBUG neutron.db.agents_db [None req-1ccaa179-42ac-475c-b35f-fe3262db6542 None None] Agent healthcheck: found 0 active agents {{(pid=104108) agent_health_check /opt/stack/neutron/neutron/db/agents_db.py:317}}
Apr 02 09:22:45.961448 np0000162842 neutron-periodic-workers[104108]: DEBUG oslo.service.backend._threading.loopingcall [None req-1ccaa179-42ac-475c-b35f-fe3262db6542 None None] Fixed interval looping call 'neutron.plugins.ml2.plugin.AgentDbMixin.agent_health_check' sleeping for 36.99 seconds {{(pid=104108) _run_loop /opt/stack/data/venv/lib/python3.12/site-packages/oslo_service/backend/_threading/loopingcall.py:125}}
Apr 02 09:22:45.965388 np0000162842 neutron-periodic-workers[104122]: DEBUG dbcounter [-] [104122] Writing DB stats neutron:DELETE=1 {{(pid=104122) stat_writer /opt/stack/data/venv/lib/python3.12/site-packages/dbcounter.py:115}}
Apr 02 09:22:53.957557 np0000162842 neutron-periodic-workers[104099]: DEBUG oslo.service.backend._threading.loopingcall [None req-907aba97-58f5-4b70-b0c5-f37e495e74f7 None None] Fixed interval looping call 'neutron.plugins.ml2.plugin.DhcpAgentSchedulerDbMixin.remove_networks_from_down_agents' sleeping for 36.99 seconds {{(pid=104099) _run_loop /opt/stack/data/venv/lib/python3.12/site-packages/oslo_service/backend/_threading/loopingcall.py:125}}
Apr 02 09:22:55.958807 np0000162842 neutron-periodic-workers[104108]: DEBUG dbcounter [-] [104108] Writing DB stats neutron:SELECT=1 {{(pid=104108) stat_writer /opt/stack/data/venv/lib/python3.12/site-packages/dbcounter.py:115}}
Apr 02 09:23:03.956676 np0000162842 neutron-periodic-workers[104099]: DEBUG dbcounter [-] [104099] Writing DB stats neutron:SELECT=3 {{(pid=104099) stat_writer /opt/stack/data/venv/lib/python3.12/site-packages/dbcounter.py:115}}
Apr 02 09:23:22.957582 np0000162842 neutron-periodic-workers[104108]: DEBUG neutron.db.agents_db [None req-1ccaa179-42ac-475c-b35f-fe3262db6542 None None] Agent healthcheck: found 0 active agents {{(pid=104108) agent_health_check /opt/stack/neutron/neutron/db/agents_db.py:317}}
Apr 02 09:23:22.958091 np0000162842 neutron-periodic-workers[104108]: DEBUG oslo.service.backend._threading.loopingcall [None req-1ccaa179-42ac-475c-b35f-fe3262db6542 None None] Fixed interval looping call 'neutron.plugins.ml2.plugin.AgentDbMixin.agent_health_check' sleeping for 36.99 seconds {{(pid=104108) _run_loop /opt/stack/data/venv/lib/python3.12/site-packages/oslo_service/backend/_threading/loopingcall.py:125}}
Apr 02 09:23:30.959435 np0000162842 neutron-periodic-workers[104099]: DEBUG oslo.service.backend._threading.loopingcall [None req-907aba97-58f5-4b70-b0c5-f37e495e74f7 None None] Fixed interval looping call 'neutron.plugins.ml2.plugin.DhcpAgentSchedulerDbMixin.remove_networks_from_down_agents' sleeping for 36.99 seconds {{(pid=104099) _run_loop /opt/stack/data/venv/lib/python3.12/site-packages/oslo_service/backend/_threading/loopingcall.py:125}}
Apr 02 09:23:32.955644 np0000162842 neutron-periodic-workers[104108]: DEBUG dbcounter [-] [104108] Writing DB stats neutron:SELECT=1 {{(pid=104108) stat_writer /opt/stack/data/venv/lib/python3.12/site-packages/dbcounter.py:115}}
Apr 02 09:23:40.958248 np0000162842 neutron-periodic-workers[104099]: DEBUG dbcounter [-] [104099] Writing DB stats neutron:SELECT=3 {{(pid=104099) stat_writer /opt/stack/data/venv/lib/python3.12/site-packages/dbcounter.py:115}}
Apr 02 09:23:59.952012 np0000162842 neutron-periodic-workers[104108]: DEBUG neutron.db.agents_db [None req-1ccaa179-42ac-475c-b35f-fe3262db6542 None None] Agent healthcheck: found 0 active agents {{(pid=104108) agent_health_check /opt/stack/neutron/neutron/db/agents_db.py:317}}
Apr 02 09:23:59.952815 np0000162842 neutron-periodic-workers[104108]: DEBUG oslo.service.backend._threading.loopingcall [None req-1ccaa179-42ac-475c-b35f-fe3262db6542 None None] Fixed interval looping call 'neutron.plugins.ml2.plugin.AgentDbMixin.agent_health_check' sleeping for 37.00 seconds {{(pid=104108) _run_loop /opt/stack/data/venv/lib/python3.12/site-packages/oslo_service/backend/_threading/loopingcall.py:125}}
Apr 02 09:24:07.956680 np0000162842 neutron-periodic-workers[104099]: DEBUG oslo.service.backend._threading.loopingcall [None req-907aba97-58f5-4b70-b0c5-f37e495e74f7 None None] Fixed interval looping call 'neutron.plugins.ml2.plugin.DhcpAgentSchedulerDbMixin.remove_networks_from_down_agents' sleeping for 36.99 seconds {{(pid=104099) _run_loop /opt/stack/data/venv/lib/python3.12/site-packages/oslo_service/backend/_threading/loopingcall.py:125}}
Apr 02 09:24:09.950569 np0000162842 neutron-periodic-workers[104108]: DEBUG dbcounter [-] [104108] Writing DB stats neutron:SELECT=1 {{(pid=104108) stat_writer /opt/stack/data/venv/lib/python3.12/site-packages/dbcounter.py:115}}
Apr 02 09:24:17.955897 np0000162842 neutron-periodic-workers[104099]: DEBUG dbcounter [-] [104099] Writing DB stats neutron:SELECT=3 {{(pid=104099) stat_writer /opt/stack/data/venv/lib/python3.12/site-packages/dbcounter.py:115}}
Apr 02 09:24:35.971773 np0000162842 neutron-periodic-workers[104122]: DEBUG oslo.service.backend._threading.loopingcall [None req-5c895d3a-ee62-4dc8-9424-4a31fa6950b1 None None] Fixed interval looping call 'neutron.db.quota.driver_nolock.DbQuotaNoLockDriver._remove_expired_reservations' sleeping for 119.99 seconds {{(pid=104122) _run_loop /opt/stack/data/venv/lib/python3.12/site-packages/oslo_service/backend/_threading/loopingcall.py:125}}
Apr 02 09:24:36.958366 np0000162842 neutron-periodic-workers[104108]: DEBUG neutron.db.agents_db [None req-1ccaa179-42ac-475c-b35f-fe3262db6542 None None] Agent healthcheck: found 0 active agents {{(pid=104108) agent_health_check /opt/stack/neutron/neutron/db/agents_db.py:317}}
Apr 02 09:24:36.959965 np0000162842 neutron-periodic-workers[104108]: DEBUG oslo.service.backend._threading.loopingcall [None req-1ccaa179-42ac-475c-b35f-fe3262db6542 None None] Fixed interval looping call 'neutron.plugins.ml2.plugin.AgentDbMixin.agent_health_check' sleeping for 36.99 seconds {{(pid=104108) _run_loop /opt/stack/data/venv/lib/python3.12/site-packages/oslo_service/backend/_threading/loopingcall.py:125}}
Apr 02 09:24:44.956357 np0000162842 neutron-periodic-workers[104099]: DEBUG oslo.service.backend._threading.loopingcall [None req-907aba97-58f5-4b70-b0c5-f37e495e74f7 None None] Fixed interval looping call 'neutron.plugins.ml2.plugin.DhcpAgentSchedulerDbMixin.remove_networks_from_down_agents' sleeping for 36.99 seconds {{(pid=104099) _run_loop /opt/stack/data/venv/lib/python3.12/site-packages/oslo_service/backend/_threading/loopingcall.py:125}}
Apr 02 09:24:45.969853 np0000162842 neutron-periodic-workers[104122]: DEBUG dbcounter [-] [104122] Writing DB stats neutron:DELETE=1 {{(pid=104122) stat_writer /opt/stack/data/venv/lib/python3.12/site-packages/dbcounter.py:115}}
Apr 02 09:24:46.956314 np0000162842 neutron-periodic-workers[104108]: DEBUG dbcounter [-] [104108] Writing DB stats neutron:SELECT=1 {{(pid=104108) stat_writer /opt/stack/data/venv/lib/python3.12/site-packages/dbcounter.py:115}}
Apr 02 09:24:54.954984 np0000162842 neutron-periodic-workers[104099]: DEBUG dbcounter [-] [104099] Writing DB stats neutron:SELECT=3 {{(pid=104099) stat_writer /opt/stack/data/venv/lib/python3.12/site-packages/dbcounter.py:115}}
Apr 02 09:25:13.957932 np0000162842 neutron-periodic-workers[104108]: DEBUG neutron.db.agents_db [None req-1ccaa179-42ac-475c-b35f-fe3262db6542 None None] Agent healthcheck: found 0 active agents {{(pid=104108) agent_health_check /opt/stack/neutron/neutron/db/agents_db.py:317}}
Apr 02 09:25:13.958831 np0000162842 neutron-periodic-workers[104108]: DEBUG oslo.service.backend._threading.loopingcall [None req-1ccaa179-42ac-475c-b35f-fe3262db6542 None None] Fixed interval looping call 'neutron.plugins.ml2.plugin.AgentDbMixin.agent_health_check' sleeping for 36.99 seconds {{(pid=104108) _run_loop /opt/stack/data/venv/lib/python3.12/site-packages/oslo_service/backend/_threading/loopingcall.py:125}}
Apr 02 09:25:21.958303 np0000162842 neutron-periodic-workers[104099]: DEBUG oslo.service.backend._threading.loopingcall [None req-907aba97-58f5-4b70-b0c5-f37e495e74f7 None None] Fixed interval looping call 'neutron.plugins.ml2.plugin.DhcpAgentSchedulerDbMixin.remove_networks_from_down_agents' sleeping for 36.99 seconds {{(pid=104099) _run_loop /opt/stack/data/venv/lib/python3.12/site-packages/oslo_service/backend/_threading/loopingcall.py:125}}
Apr 02 09:25:23.956051 np0000162842 neutron-periodic-workers[104108]: DEBUG dbcounter [-] [104108] Writing DB stats neutron:SELECT=1 {{(pid=104108) stat_writer /opt/stack/data/venv/lib/python3.12/site-packages/dbcounter.py:115}}
Apr 02 09:25:31.955956 np0000162842 neutron-periodic-workers[104099]: DEBUG dbcounter [-] [104099] Writing DB stats neutron:SELECT=3 {{(pid=104099) stat_writer /opt/stack/data/venv/lib/python3.12/site-packages/dbcounter.py:115}}
Apr 02 09:25:50.953997 np0000162842 neutron-periodic-workers[104108]: DEBUG neutron.db.agents_db [None req-1ccaa179-42ac-475c-b35f-fe3262db6542 None None] Agent healthcheck: found 0 active agents {{(pid=104108) agent_health_check /opt/stack/neutron/neutron/db/agents_db.py:317}}
Apr 02 09:25:50.954771 np0000162842 neutron-periodic-workers[104108]: DEBUG oslo.service.backend._threading.loopingcall [None req-1ccaa179-42ac-475c-b35f-fe3262db6542 None None] Fixed interval looping call 'neutron.plugins.ml2.plugin.AgentDbMixin.agent_health_check' sleeping for 36.99 seconds {{(pid=104108) _run_loop /opt/stack/data/venv/lib/python3.12/site-packages/oslo_service/backend/_threading/loopingcall.py:125}}
Apr 02 09:25:58.954427 np0000162842 neutron-periodic-workers[104099]: DEBUG oslo.service.backend._threading.loopingcall [None req-907aba97-58f5-4b70-b0c5-f37e495e74f7 None None] Fixed interval looping call 'neutron.plugins.ml2.plugin.DhcpAgentSchedulerDbMixin.remove_networks_from_down_agents' sleeping for 36.99 seconds {{(pid=104099) _run_loop /opt/stack/data/venv/lib/python3.12/site-packages/oslo_service/backend/_threading/loopingcall.py:125}}
Apr 02 09:26:00.951677 np0000162842 neutron-periodic-workers[104108]: DEBUG dbcounter [-] [104108] Writing DB stats neutron:SELECT=1 {{(pid=104108) stat_writer /opt/stack/data/venv/lib/python3.12/site-packages/dbcounter.py:115}}
Apr 02 09:26:08.953952 np0000162842 neutron-periodic-workers[104099]: DEBUG dbcounter [-] [104099] Writing DB stats neutron:SELECT=3 {{(pid=104099) stat_writer /opt/stack/data/venv/lib/python3.12/site-packages/dbcounter.py:115}}
Apr 02 09:26:27.948794 np0000162842 neutron-periodic-workers[104108]: DEBUG neutron.db.agents_db [None req-1ccaa179-42ac-475c-b35f-fe3262db6542 None None] Agent healthcheck: found 0 active agents {{(pid=104108) agent_health_check /opt/stack/neutron/neutron/db/agents_db.py:317}}
Apr 02 09:26:27.949515 np0000162842 neutron-periodic-workers[104108]: DEBUG oslo.service.backend._threading.loopingcall [None req-1ccaa179-42ac-475c-b35f-fe3262db6542 None None] Fixed interval looping call 'neutron.plugins.ml2.plugin.AgentDbMixin.agent_health_check' sleeping for 37.00 seconds {{(pid=104108) _run_loop /opt/stack/data/venv/lib/python3.12/site-packages/oslo_service/backend/_threading/loopingcall.py:125}}
Apr 02 09:26:35.953390 np0000162842 neutron-periodic-workers[104099]: DEBUG oslo.service.backend._threading.loopingcall [None req-907aba97-58f5-4b70-b0c5-f37e495e74f7 None None] Fixed interval looping call 'neutron.plugins.ml2.plugin.DhcpAgentSchedulerDbMixin.remove_networks_from_down_agents' sleeping for 36.99 seconds {{(pid=104099) _run_loop /opt/stack/data/venv/lib/python3.12/site-packages/oslo_service/backend/_threading/loopingcall.py:125}}
Apr 02 09:26:35.966604 np0000162842 neutron-periodic-workers[104122]: DEBUG oslo.service.backend._threading.loopingcall [None req-5c895d3a-ee62-4dc8-9424-4a31fa6950b1 None None] Fixed interval looping call 'neutron.db.quota.driver_nolock.DbQuotaNoLockDriver._remove_expired_reservations' sleeping for 120.00 seconds {{(pid=104122) _run_loop /opt/stack/data/venv/lib/python3.12/site-packages/oslo_service/backend/_threading/loopingcall.py:125}}
Apr 02 09:26:37.946963 np0000162842 neutron-periodic-workers[104108]: DEBUG dbcounter [-] [104108] Writing DB stats neutron:SELECT=1 {{(pid=104108) stat_writer /opt/stack/data/venv/lib/python3.12/site-packages/dbcounter.py:115}}
Apr 02 09:26:45.952386 np0000162842 neutron-periodic-workers[104099]: DEBUG dbcounter [-] [104099] Writing DB stats neutron:SELECT=3 {{(pid=104099) stat_writer /opt/stack/data/venv/lib/python3.12/site-packages/dbcounter.py:115}}
Apr 02 09:26:45.965469 np0000162842 neutron-periodic-workers[104122]: DEBUG dbcounter [-] [104122] Writing DB stats neutron:DELETE=1 {{(pid=104122) stat_writer /opt/stack/data/venv/lib/python3.12/site-packages/dbcounter.py:115}}
Apr 02 09:27:04.953153 np0000162842 neutron-periodic-workers[104108]: DEBUG neutron.db.agents_db [None req-1ccaa179-42ac-475c-b35f-fe3262db6542 None None] Agent healthcheck: found 0 active agents {{(pid=104108) agent_health_check /opt/stack/neutron/neutron/db/agents_db.py:317}}
Apr 02 09:27:04.953853 np0000162842 neutron-periodic-workers[104108]: DEBUG oslo.service.backend._threading.loopingcall [None req-1ccaa179-42ac-475c-b35f-fe3262db6542 None None] Fixed interval looping call 'neutron.plugins.ml2.plugin.AgentDbMixin.agent_health_check' sleeping for 37.00 seconds {{(pid=104108) _run_loop /opt/stack/data/venv/lib/python3.12/site-packages/oslo_service/backend/_threading/loopingcall.py:125}}
Apr 02 09:27:08.937836 np0000162842 neutron-periodic-workers[104089]: DEBUG oslo.service.backend._threading.loopingcall [None req-cddc2592-1246-445d-9da0-92934d3fec82 None None] Fixed interval looping call 'neutron.services.ovn_l3.plugin.L3_NAT_dbonly_mixin._clean_garbage' sleeping for 299.99 seconds {{(pid=104089) _run_loop /opt/stack/data/venv/lib/python3.12/site-packages/oslo_service/backend/_threading/loopingcall.py:125}}
Apr 02 09:27:12.953584 np0000162842 neutron-periodic-workers[104099]: DEBUG oslo.service.backend._threading.loopingcall [None req-907aba97-58f5-4b70-b0c5-f37e495e74f7 None None] Fixed interval looping call 'neutron.plugins.ml2.plugin.DhcpAgentSchedulerDbMixin.remove_networks_from_down_agents' sleeping for 36.99 seconds {{(pid=104099) _run_loop /opt/stack/data/venv/lib/python3.12/site-packages/oslo_service/backend/_threading/loopingcall.py:125}}
Apr 02 09:27:14.952414 np0000162842 neutron-periodic-workers[104108]: DEBUG dbcounter [-] [104108] Writing DB stats neutron:SELECT=1 {{(pid=104108) stat_writer /opt/stack/data/venv/lib/python3.12/site-packages/dbcounter.py:115}}
Apr 02 09:27:18.929637 np0000162842 neutron-periodic-workers[104089]: DEBUG dbcounter [-] [104089] Writing DB stats neutron:SELECT=1 {{(pid=104089) stat_writer /opt/stack/data/venv/lib/python3.12/site-packages/dbcounter.py:115}}
Apr 02 09:27:22.951489 np0000162842 neutron-periodic-workers[104099]: DEBUG dbcounter [-] [104099] Writing DB stats neutron:SELECT=3 {{(pid=104099) stat_writer /opt/stack/data/venv/lib/python3.12/site-packages/dbcounter.py:115}}
Apr 02 09:27:41.958932 np0000162842 neutron-periodic-workers[104108]: DEBUG neutron.db.agents_db [None req-1ccaa179-42ac-475c-b35f-fe3262db6542 None None] Agent healthcheck: found 0 active agents {{(pid=104108) agent_health_check /opt/stack/neutron/neutron/db/agents_db.py:317}}
Apr 02 09:27:41.958932 np0000162842 neutron-periodic-workers[104108]: DEBUG oslo.service.backend._threading.loopingcall [None req-1ccaa179-42ac-475c-b35f-fe3262db6542 None None] Fixed interval looping call 'neutron.plugins.ml2.plugin.AgentDbMixin.agent_health_check' sleeping for 36.99 seconds {{(pid=104108) _run_loop /opt/stack/data/venv/lib/python3.12/site-packages/oslo_service/backend/_threading/loopingcall.py:125}}
Apr 02 09:27:49.953798 np0000162842 neutron-periodic-workers[104099]: DEBUG oslo.service.backend._threading.loopingcall [None req-907aba97-58f5-4b70-b0c5-f37e495e74f7 None None] Fixed interval looping call 'neutron.plugins.ml2.plugin.DhcpAgentSchedulerDbMixin.remove_networks_from_down_agents' sleeping for 36.99 seconds {{(pid=104099) _run_loop /opt/stack/data/venv/lib/python3.12/site-packages/oslo_service/backend/_threading/loopingcall.py:125}}
Apr 02 09:27:51.956919 np0000162842 neutron-periodic-workers[104108]: DEBUG dbcounter [-] [104108] Writing DB stats neutron:SELECT=1 {{(pid=104108) stat_writer /opt/stack/data/venv/lib/python3.12/site-packages/dbcounter.py:115}}
Apr 02 09:27:59.952145 np0000162842 neutron-periodic-workers[104099]: DEBUG dbcounter [-] [104099] Writing DB stats neutron:SELECT=3 {{(pid=104099) stat_writer /opt/stack/data/venv/lib/python3.12/site-packages/dbcounter.py:115}}
Apr 02 09:28:18.955254 np0000162842 neutron-periodic-workers[104108]: DEBUG neutron.db.agents_db [None req-1ccaa179-42ac-475c-b35f-fe3262db6542 None None] Agent healthcheck: found 0 active agents {{(pid=104108) agent_health_check /opt/stack/neutron/neutron/db/agents_db.py:317}}
Apr 02 09:28:18.956143 np0000162842 neutron-periodic-workers[104108]: DEBUG oslo.service.backend._threading.loopingcall [None req-1ccaa179-42ac-475c-b35f-fe3262db6542 None None] Fixed interval looping call 'neutron.plugins.ml2.plugin.AgentDbMixin.agent_health_check' sleeping for 36.99 seconds {{(pid=104108) _run_loop /opt/stack/data/venv/lib/python3.12/site-packages/oslo_service/backend/_threading/loopingcall.py:125}}
Apr 02 09:28:26.954353 np0000162842 neutron-periodic-workers[104099]: DEBUG oslo.service.backend._threading.loopingcall [None req-907aba97-58f5-4b70-b0c5-f37e495e74f7 None None] Fixed interval looping call 'neutron.plugins.ml2.plugin.DhcpAgentSchedulerDbMixin.remove_networks_from_down_agents' sleeping for 36.99 seconds {{(pid=104099) _run_loop /opt/stack/data/venv/lib/python3.12/site-packages/oslo_service/backend/_threading/loopingcall.py:125}}
Apr 02 09:28:28.954767 np0000162842 neutron-periodic-workers[104108]: DEBUG dbcounter [-] [104108] Writing DB stats neutron:SELECT=1 {{(pid=104108) stat_writer /opt/stack/data/venv/lib/python3.12/site-packages/dbcounter.py:115}}
Apr 02 09:28:35.973074 np0000162842 neutron-periodic-workers[104122]: DEBUG oslo.service.backend._threading.loopingcall [None req-5c895d3a-ee62-4dc8-9424-4a31fa6950b1 None None] Fixed interval looping call 'neutron.db.quota.driver_nolock.DbQuotaNoLockDriver._remove_expired_reservations' sleeping for 119.99 seconds {{(pid=104122) _run_loop /opt/stack/data/venv/lib/python3.12/site-packages/oslo_service/backend/_threading/loopingcall.py:125}}
Apr 02 09:28:36.953161 np0000162842 neutron-periodic-workers[104099]: DEBUG dbcounter [-] [104099] Writing DB stats neutron:SELECT=3 {{(pid=104099) stat_writer /opt/stack/data/venv/lib/python3.12/site-packages/dbcounter.py:115}}
Apr 02 09:28:45.971716 np0000162842 neutron-periodic-workers[104122]: DEBUG dbcounter [-] [104122] Writing DB stats neutron:DELETE=1 {{(pid=104122) stat_writer /opt/stack/data/venv/lib/python3.12/site-packages/dbcounter.py:115}}
