Apr 02 09:18:53.086865 np0000162842 devstack@neutron-api.service[102402]: DEBUG neutron.plugins.ml2.drivers.ovn.mech_driver.ovsdb.ovsdb_monitor [None req-7e1d8bd2-8710-4521-95a0-b5df4054eb09 None None] Touching Hash Ring node "03a8d8a2731b56dc892afa725e2e4ba3" from IDL notify handler {{(pid=102402) notify /opt/stack/neutron/neutron/plugins/ml2/drivers/ovn/mech_driver/ovsdb/ovsdb_monitor.py:904}}
Apr 02 09:18:53.088656 np0000162842 devstack@neutron-api.service[102401]: DEBUG neutron.plugins.ml2.drivers.ovn.mech_driver.ovsdb.ovsdb_monitor [None req-ff9489ac-b030-4df8-8deb-869b22900814 None None] Touching Hash Ring node "597b2797f11b52739b61825b8aebc129" from IDL notify handler {{(pid=102401) notify /opt/stack/neutron/neutron/plugins/ml2/drivers/ovn/mech_driver/ovsdb/ovsdb_monitor.py:904}}
Apr 02 09:18:53.089491 np0000162842 devstack@neutron-api.service[102402]: DEBUG neutron.plugins.ml2.drivers.ovn.mech_driver.ovsdb.ovsdb_monitor [None req-0989d57f-b842-43f9-be9a-830617982b6e None None] Hash Ring: Node 03a8d8a2731b56dc892afa725e2e4ba3 (host: np0000162842) handling event "update" for row 38b64d03-935a-4996-846f-e54587055f3f (table: Logical_Switch_Port) {{(pid=102402) notify /opt/stack/neutron/neutron/plugins/ml2/drivers/ovn/mech_driver/ovsdb/ovsdb_monitor.py:912}}
Apr 02 09:18:53.092603 np0000162842 devstack@neutron-api.service[102402]: DEBUG neutron.plugins.ml2.drivers.ovn.mech_driver.ovsdb.ovsdb_monitor [None req-7e1d8bd2-8710-4521-95a0-b5df4054eb09 None None] Hash Ring: Node 03a8d8a2731b56dc892afa725e2e4ba3 (host: np0000162842) handling event "update" for row 53d9034d-d5a3-430a-8f17-d5f4a9d8d1fb (table: Port_Binding) {{(pid=102402) notify /opt/stack/neutron/neutron/plugins/ml2/drivers/ovn/mech_driver/ovsdb/ovsdb_monitor.py:912}}
Apr 02 09:18:53.096053 np0000162842 devstack@neutron-api.service[102401]: DEBUG neutron.plugins.ml2.drivers.ovn.mech_driver.ovsdb.ovsdb_monitor [None req-ff9489ac-b030-4df8-8deb-869b22900814 None None] Hash Ring: Node 597b2797f11b52739b61825b8aebc129 (host: np0000162842) handling event "update" for row 53d9034d-d5a3-430a-8f17-d5f4a9d8d1fb (table: Port_Binding) {{(pid=102401) notify /opt/stack/neutron/neutron/plugins/ml2/drivers/ovn/mech_driver/ovsdb/ovsdb_monitor.py:912}}
Apr 02 09:18:53.102765 np0000162842 devstack@neutron-api.service[102401]: [pid: 102401|app: 0|req: 5/21] 199.204.45.153 () {68 vars in 1355 bytes} [Thu Apr 2 09:18:52 2026] POST /networking/v2.0/subnets => generated 640 bytes in 252 msecs (HTTP/1.1 201) 4 headers in 162 bytes (1 switches on core 0)
Apr 02 09:18:53.128946 np0000162842 devstack@neutron-api.service[102402]: DEBUG ovsdbapp.backend.ovs_idl.event [None req-0989d57f-b842-43f9-be9a-830617982b6e None None] Matched UPDATE: LogicalSwitchPortUpdateLogicalRouterPortEvent(events=('update',), table='Logical_Switch_Port', conditions=None, old_conditions=None), priority=20 to row=Logical_Switch_Port(uuid=38b64d03-935a-4996-846f-e54587055f3f, addresses=['router'], dhcpv4_options=[], dhcpv6_options=[], dynamic_addresses=[], enabled=True, external_ids={'neutron:cidrs': '10.1.0.1/26', 'neutron:device_id': 'ae75902c-1659-4f71-8177-6e13a55e449a', 'neutron:device_owner': 'network:router_interface', 'neutron:mtu': '', 'neutron:network_name': 'neutron-e4cb375e-8e22-4073-af9e-095bfc69610f', 'neutron:port_capabilities': '', 'neutron:port_name': '', 'neutron:project_id': '2dbadec4927840e88ec11612b3e0cc5f', 'neutron:revision_number': '2', 'neutron:security_group_ids': '', 'neutron:subnet_pool_addr_scope4': '', 'neutron:subnet_pool_addr_scope6': '', 'neutron:vnic_type': 'normal'}, ha_chassis_group=[], mirror_rules=[], name='cd53ca79-4714-469d-800c-d41f191f94c7', options={'router-port': 'lrp-cd53ca79-4714-469d-800c-d41f191f94c7'}, parent_name=[], port_security=[], tag=[], tag_request=[], type='router', up=True) old=Logical_Switch_Port(uuid=38b64d03-935a-4996-846f-e54587055f3f, external_ids={'neutron:cidrs': '10.1.0.1/26', 'neutron:device_id': 'ae75902c-1659-4f71-8177-6e13a55e449a', 'neutron:device_owner': 'network:router_interface', 'neutron:mtu': '', 'neutron:network_name': 'neutron-e4cb375e-8e22-4073-af9e-095bfc69610f', 'neutron:port_capabilities': '', 'neutron:port_name': '', 'neutron:project_id': '2dbadec4927840e88ec11612b3e0cc5f', 'neutron:revision_number': '1', 'neutron:security_group_ids': '', 'neutron:subnet_pool_addr_scope4': '', 'neutron:subnet_pool_addr_scope6': '', 'neutron:vnic_type': 'normal'}) {{(pid=102402) matches /opt/stack/data/venv/lib/python3.12/site-packages/ovsdbapp/backend/ovs_idl/event.py:55}}
Apr 02 09:18:53.179479 np0000162842 devstack@neutron-api.service[102402]: INFO neutron.db.ovn_revision_numbers_db [None req-700e8e15-e5d0-45f9-8225-faf43ab4385d None None] Successfully bumped revision number for resource cd53ca79-4714-469d-800c-d41f191f94c7 (type: ports) to 2
Apr 02 09:18:53.182637 np0000162842 devstack@neutron-api.service[102402]: DEBUG neutron_lib.callbacks.manager [None req-700e8e15-e5d0-45f9-8225-faf43ab4385d None None] Publish callbacks ['neutron.plugins.ml2.ovo_rpc._ObjectChangeHandler.handle_event-2720963', 'neutron.db.l3_db.L3RpcNotifierMixin._notify_gateway_port_ip_changed-7749634525084', 'neutron.services.ovn_l3.plugin.OVNL3RouterPlugin._port_update-7749632931130'] for port (cd53ca79-4714-469d-800c-d41f191f94c7), after_update {{(pid=102402) _notify_loop /opt/stack/data/venv/lib/python3.12/site-packages/neutron_lib/callbacks/manager.py:184}}
Apr 02 09:18:53.229974 np0000162842 devstack@neutron-api.service[102402]: DEBUG neutron.api.rpc.handlers.resources_rpc [None req-81be7e9a-4aaf-49d1-8d48-9dd8ca531e32 None None] Pushing event updated for resources: {'Port': ['ID=cd53ca79-4714-469d-800c-d41f191f94c7,revision_number=2']} {{(pid=102402) push /opt/stack/neutron/neutron/api/rpc/handlers/resources_rpc.py:237}}
Apr 02 09:18:53.236671 np0000162842 devstack@neutron-api.service[102402]: DEBUG neutron.api.rpc.callbacks.version_manager [None req-81be7e9a-4aaf-49d1-8d48-9dd8ca531e32 None None] Tracked resource versions report:
Apr 02 09:18:53.236671 np0000162842 devstack@neutron-api.service[102402]: pushed versions:
Apr 02 09:18:53.236671 np0000162842 devstack@neutron-api.service[102402]: { 'AddressGroup': {'1.2'},
Apr 02 09:18:53.236671 np0000162842 devstack@neutron-api.service[102402]: 'Agent': {'1.1'},
Apr 02 09:18:53.236671 np0000162842 devstack@neutron-api.service[102402]: 'ConntrackHelper': {'1.0'},
Apr 02 09:18:53.236671 np0000162842 devstack@neutron-api.service[102402]: 'LocalIPAssociation': {'1.0'},
Apr 02 09:18:53.236671 np0000162842 devstack@neutron-api.service[102402]: 'Log': {'1.0'},
Apr 02 09:18:53.236671 np0000162842 devstack@neutron-api.service[102402]: 'NDPProxy': {'1.0'},
Apr 02 09:18:53.236671 np0000162842 devstack@neutron-api.service[102402]: 'Network': {'1.2'},
Apr 02 09:18:53.236671 np0000162842 devstack@neutron-api.service[102402]: 'Port': {'1.10'},
Apr 02 09:18:53.236671 np0000162842 devstack@neutron-api.service[102402]: 'PortForwarding': {'1.3'},
Apr 02 09:18:53.236671 np0000162842 devstack@neutron-api.service[102402]: 'QosPolicy': {'1.10'},
Apr 02 09:18:53.236671 np0000162842 devstack@neutron-api.service[102402]: 'SecurityGroup': {'1.6'},
Apr 02 09:18:53.236671 np0000162842 devstack@neutron-api.service[102402]: 'SecurityGroupRule': {'1.3'},
Apr 02 09:18:53.236671 np0000162842 devstack@neutron-api.service[102402]: 'SubPort': {'1.0'},
Apr 02 09:18:53.236671 np0000162842 devstack@neutron-api.service[102402]: 'Subnet': {'1.2'},
Apr 02 09:18:53.236671 np0000162842 devstack@neutron-api.service[102402]: 'Trunk': {'1.1'}}
Apr 02 09:18:53.236671 np0000162842 devstack@neutron-api.service[102402]: consumer versions:
Apr 02 09:18:53.236671 np0000162842 devstack@neutron-api.service[102402]: { OVN Controller Gateway agent@np0000162842: {},
Apr 02 09:18:53.236671 np0000162842 devstack@neutron-api.service[102402]: OVN Neutron agent@np0000162842: {}}
Apr 02 09:18:53.236671 np0000162842 devstack@neutron-api.service[102402]: {{(pid=102402) report /opt/stack/neutron/neutron/api/rpc/callbacks/version_manager.py:183}}
Apr 02 09:18:53.465362 np0000162842 devstack@neutron-api.service[102402]: DEBUG neutron.api.wsgi [None req-c1971bd7-7071-4bc8-ac90-277c546591ef admin admin] Missing Content-Type {{(pid=102402) get_content_type /opt/stack/neutron/neutron/api/wsgi.py:85}}
Apr 02 09:18:53.511919 np0000162842 devstack@neutron-api.service[102402]: [pid: 102402|app: 0|req: 7/22] 199.204.45.153 () {64 vars in 1412 bytes} [Thu Apr 2 09:18:53 2026] GET /networking/v2.0/routers/ae75902c-1659-4f71-8177-6e13a55e449a => generated 599 bytes in 51 msecs (HTTP/1.1 200) 4 headers in 157 bytes (1 switches on core 0)
Apr 02 09:18:53.559934 np0000162842 devstack@neutron-api.service[102404]: DEBUG neutron.pecan_wsgi.hooks.policy_enforcement [None req-e9406531-b884-44f5-97ad-944ea1517b91 admin admin] Attributes excluded by policy engine: ['standard_attr_id'] {{(pid=102404) _exclude_attributes_by_policy /opt/stack/neutron/neutron/pecan_wsgi/hooks/policy_enforcement.py:258}}
Apr 02 09:18:53.560583 np0000162842 devstack@neutron-api.service[102404]: [pid: 102404|app: 0|req: 6/23] 199.204.45.153 () {64 vars in 1415 bytes} [Thu Apr 2 09:18:53 2026] GET /networking/v2.0/networks/59245af0-0c46-4b5a-9c37-4cb8187e7406 => generated 717 bytes in 37 msecs (HTTP/1.1 200) 4 headers in 157 bytes (1 switches on core 0)
Apr 02 09:18:53.572426 np0000162842 devstack@neutron-api.service[102403]: DEBUG neutron.api.wsgi [None req-00e64fbf-01c0-42b2-bfa4-d30e05758965 admin admin] Missing Content-Type {{(pid=102403) get_content_type /opt/stack/neutron/neutron/api/wsgi.py:85}}
Apr 02 09:18:53.572936 np0000162842 devstack@neutron-api.service[102403]: DEBUG neutron.api.wsgi [None req-00e64fbf-01c0-42b2-bfa4-d30e05758965 admin admin] https://199.204.45.153/networking/v2.0/extensions/external-gateway-multihoming returned with HTTP 200 {{(pid=102403) __call__ /opt/stack/neutron/neutron/api/wsgi.py:545}}
Apr 02 09:18:53.573578 np0000162842 devstack@neutron-api.service[102403]: [pid: 102403|app: 0|req: 6/24] 199.204.45.153 () {64 vars in 1397 bytes} [Thu Apr 2 09:18:53 2026] GET /networking/v2.0/extensions/external-gateway-multihoming => generated 227 bytes in 5 msecs (HTTP/1.1 200) 4 headers in 157 bytes (1 switches on core 0)
Apr 02 09:18:53.827270 np0000162842 devstack@neutron-api.service[102401]: DEBUG neutron_lib.callbacks.manager [None req-f5df0ad2-0e5e-4119-a8dd-c6cfd0232950 admin admin] Publish callbacks [] for router_gateway (ae75902c-1659-4f71-8177-6e13a55e449a), precommit_update {{(pid=102401) _notify_loop /opt/stack/data/venv/lib/python3.12/site-packages/neutron_lib/callbacks/manager.py:184}}
Apr 02 09:18:53.905538 np0000162842 devstack@neutron-api.service[102401]: DEBUG neutron_lib.callbacks.manager [None req-f5df0ad2-0e5e-4119-a8dd-c6cfd0232950 admin admin] Publish callbacks [] for router_gateway (ae75902c-1659-4f71-8177-6e13a55e449a), before_create {{(pid=102401) _notify_loop /opt/stack/data/venv/lib/python3.12/site-packages/neutron_lib/callbacks/manager.py:184}}
Apr 02 09:18:53.940252 np0000162842 devstack@neutron-api.service[102401]: DEBUG neutron_lib.callbacks.manager [None req-f5df0ad2-0e5e-4119-a8dd-c6cfd0232950 admin admin] Publish callbacks ['neutron.plugins.ml2.plugin.SecurityGroupDbMixin._ensure_default_security_group_handler-6873090'] for port (None), before_create {{(pid=102401) _notify_loop /opt/stack/data/venv/lib/python3.12/site-packages/neutron_lib/callbacks/manager.py:184}}
Apr 02 09:18:54.003642 np0000162842 devstack@neutron-api.service[102401]: DEBUG neutron.db.db_base_plugin_common [None req-f5df0ad2-0e5e-4119-a8dd-c6cfd0232950 admin admin] Allocated IP 172.24.5.67 (59245af0-0c46-4b5a-9c37-4cb8187e7406/f21059a6-419f-4735-b4fb-1da9e2ac8269/035e95da-d77a-42a5-87ad-234dd21e6dee) {{(pid=102401) _store_ip_allocation /opt/stack/neutron/neutron/db/db_base_plugin_common.py:131}}
Apr 02 09:18:54.051012 np0000162842 devstack@neutron-api.service[102401]: DEBUG neutron_lib.callbacks.manager [None req-f5df0ad2-0e5e-4119-a8dd-c6cfd0232950 admin admin] Publish callbacks ['neutron.plugins.ml2.drivers.ovn.mech_driver.mech_driver.OVNMechanismDriver._validate_allowed_address_pairs-463832'] for allowed_address_pair (035e95da-d77a-42a5-87ad-234dd21e6dee), before_create {{(pid=102401) _notify_loop /opt/stack/data/venv/lib/python3.12/site-packages/neutron_lib/callbacks/manager.py:184}}
Apr 02 09:18:54.051507 np0000162842 devstack@neutron-api.service[102401]: DEBUG neutron_lib.callbacks.manager [None req-f5df0ad2-0e5e-4119-a8dd-c6cfd0232950 admin admin] Publish callbacks [] for port (035e95da-d77a-42a5-87ad-234dd21e6dee), precommit_create {{(pid=102401) _notify_loop /opt/stack/data/venv/lib/python3.12/site-packages/neutron_lib/callbacks/manager.py:184}}
Apr 02 09:18:54.051651 np0000162842 devstack@neutron-api.service[102401]: DEBUG neutron.plugins.ml2.drivers.ovn.mech_driver.mech_driver [None req-f5df0ad2-0e5e-4119-a8dd-c6cfd0232950 admin admin] No provisioning block for port 035e95da-d77a-42a5-87ad-234dd21e6dee since it does not have a host {{(pid=102401) _is_port_provisioning_required /opt/stack/neutron/neutron/plugins/ml2/drivers/ovn/mech_driver/mech_driver.py:884}}
Apr 02 09:18:54.051770 np0000162842 devstack@neutron-api.service[102401]: DEBUG neutron.db.ovn_revision_numbers_db [None req-f5df0ad2-0e5e-4119-a8dd-c6cfd0232950 admin admin] create_initial_revision uuid=035e95da-d77a-42a5-87ad-234dd21e6dee, type=ports, rev=-1 {{(pid=102401) create_initial_revision /opt/stack/neutron/neutron/db/ovn_revision_numbers_db.py:98}}
Apr 02 09:18:54.134892 np0000162842 devstack@neutron-api.service[102401]: DEBUG neutron.db.ovn_revision_numbers_db [None req-f5df0ad2-0e5e-4119-a8dd-c6cfd0232950 admin admin] create_initial_revision uuid=035e95da-d77a-42a5-87ad-234dd21e6dee, type=router_ports, rev=-1 {{(pid=102401) create_initial_revision /opt/stack/neutron/neutron/db/ovn_revision_numbers_db.py:98}}
Apr 02 09:18:54.163403 np0000162842 devstack@neutron-api.service[102401]: DEBUG neutron_lib.callbacks.manager [None req-f5df0ad2-0e5e-4119-a8dd-c6cfd0232950 admin admin] Publish callbacks ['neutron.plugins.ml2.ovo_rpc._ObjectChangeHandler.handle_event-2938564'] for port (035e95da-d77a-42a5-87ad-234dd21e6dee), after_create {{(pid=102401) _notify_loop /opt/stack/data/venv/lib/python3.12/site-packages/neutron_lib/callbacks/manager.py:184}}
Apr 02 09:18:54.191752 np0000162842 devstack@neutron-api.service[102401]: DEBUG neutron.api.rpc.handlers.resources_rpc [None req-f5df0ad2-0e5e-4119-a8dd-c6cfd0232950 admin admin] Pushing event updated for resources: {'Port': ['ID=035e95da-d77a-42a5-87ad-234dd21e6dee,revision_number=1']} {{(pid=102401) push /opt/stack/neutron/neutron/api/rpc/handlers/resources_rpc.py:237}}
Apr 02 09:18:54.239403 np0000162842 devstack@neutron-api.service[102401]: DEBUG ovsdbapp.backend.ovs_idl.transaction [None req-99f3daa7-29a3-4d36-9ccd-0b5ccb875d13 None None] Running txn n=1 command(idx=0): AddLSwitchPortCommand(_result=None, lport=035e95da-d77a-42a5-87ad-234dd21e6dee, lswitch=neutron-59245af0-0c46-4b5a-9c37-4cb8187e7406, may_exist=True, network_uuid=59245af0-0c46-4b5a-9c37-4cb8187e7406, columns={'addresses': ['unknown'], 'external_ids': {'neutron:port_name': '', 'neutron:device_id': 'ae75902c-1659-4f71-8177-6e13a55e449a', 'neutron:project_id': '', 'neutron:cidrs': '172.24.5.67/24', 'neutron:device_owner': 'network:router_gateway', 'neutron:subnet_pool_addr_scope4': '', 'neutron:subnet_pool_addr_scope6': '', 'neutron:network_name': 'neutron-59245af0-0c46-4b5a-9c37-4cb8187e7406', 'neutron:security_group_ids': '', 'neutron:revision_number': '1', 'neutron:vnic_type': 'normal', 'neutron:port_capabilities': '', 'neutron:mtu': ''}, 'parent_name': [], 'tag': [], 'enabled': True, 'options': {}, 'type': '', 'port_security': [], 'dhcpv4_options': [], 'dhcpv6_options': []}) {{(pid=102401) do_commit /opt/stack/data/venv/lib/python3.12/site-packages/ovsdbapp/backend/ovs_idl/transaction.py:89}}
Apr 02 09:18:54.240620 np0000162842 devstack@neutron-api.service[102401]: DEBUG ovsdbapp.backend.ovs_idl.transaction [None req-99f3daa7-29a3-4d36-9ccd-0b5ccb875d13 None None] Running txn n=1 command(idx=1): QoSDelCommand(_result=None, switch=neutron-59245af0-0c46-4b5a-9c37-4cb8187e7406, conditions=[('direction', '=', 'to-lport'), ('priority', '=', 2002), ('match', '=', 'outport == "035e95da-d77a-42a5-87ad-234dd21e6dee"')], if_exists=True) {{(pid=102401) do_commit /opt/stack/data/venv/lib/python3.12/site-packages/ovsdbapp/backend/ovs_idl/transaction.py:89}}
Apr 02 09:18:54.241145 np0000162842 devstack@neutron-api.service[102401]: DEBUG ovsdbapp.backend.ovs_idl.transaction [None req-99f3daa7-29a3-4d36-9ccd-0b5ccb875d13 None None] Running txn n=1 command(idx=2): QoSDelCommand(_result=None, switch=neutron-59245af0-0c46-4b5a-9c37-4cb8187e7406, conditions=[('direction', '=', 'from-lport'), ('priority', '=', 2002), ('match', '=', 'inport == "035e95da-d77a-42a5-87ad-234dd21e6dee"')], if_exists=True) {{(pid=102401) do_commit /opt/stack/data/venv/lib/python3.12/site-packages/ovsdbapp/backend/ovs_idl/transaction.py:89}}
Apr 02 09:18:54.241727 np0000162842 devstack@neutron-api.service[102401]: DEBUG ovsdbapp.backend.ovs_idl.transaction [None req-99f3daa7-29a3-4d36-9ccd-0b5ccb875d13 None None] Running txn n=1 command(idx=3): UpdateLSwitchPortQosOptionsCommand(_result=None, lport=AddLSwitchPortCommand(_result=8bb321d9-97d5-4414-8081-1860ad7f0bda, lport=035e95da-d77a-42a5-87ad-234dd21e6dee, lswitch=neutron-59245af0-0c46-4b5a-9c37-4cb8187e7406, may_exist=True, network_uuid=59245af0-0c46-4b5a-9c37-4cb8187e7406, columns={'addresses': ['unknown'], 'external_ids': {'neutron:port_name': '', 'neutron:device_id': 'ae75902c-1659-4f71-8177-6e13a55e449a', 'neutron:project_id': '', 'neutron:cidrs': '172.24.5.67/24', 'neutron:device_owner': 'network:router_gateway', 'neutron:subnet_pool_addr_scope4': '', 'neutron:subnet_pool_addr_scope6': '', 'neutron:network_name': 'neutron-59245af0-0c46-4b5a-9c37-4cb8187e7406', 'neutron:security_group_ids': '', 'neutron:revision_number': '1', 'neutron:vnic_type': 'normal', 'neutron:port_capabilities': '', 'neutron:mtu': ''}, 'parent_name': [], 'enabled': True, 'options': {}, 'type': '', 'port_security': []}), if_exists=True, qos={'qos_max_rate': None, 'qos_burst': None, 'qos_min_rate': None}) {{(pid=102401) do_commit /opt/stack/data/venv/lib/python3.12/site-packages/ovsdbapp/backend/ovs_idl/transaction.py:89}}
Apr 02 09:18:54.281374 np0000162842 devstack@neutron-api.service[102401]: DEBUG neutron.plugins.ml2.drivers.ovn.mech_driver.ovsdb.ovsdb_monitor [None req-99f3daa7-29a3-4d36-9ccd-0b5ccb875d13 None None] Touching Hash Ring node "597b2797f11b52739b61825b8aebc129" from IDL notify handler {{(pid=102401) notify /opt/stack/neutron/neutron/plugins/ml2/drivers/ovn/mech_driver/ovsdb/ovsdb_monitor.py:904}}
Apr 02 09:18:54.286202 np0000162842 devstack@neutron-api.service[102402]: DEBUG neutron.plugins.ml2.drivers.ovn.mech_driver.ovsdb.ovsdb_monitor [None req-0989d57f-b842-43f9-be9a-830617982b6e None None] Touching Hash Ring node "03a8d8a2731b56dc892afa725e2e4ba3" from IDL notify handler {{(pid=102402) notify /opt/stack/neutron/neutron/plugins/ml2/drivers/ovn/mech_driver/ovsdb/ovsdb_monitor.py:904}}
Apr 02 09:18:54.288410 np0000162842 devstack@neutron-api.service[102403]: DEBUG neutron.plugins.ml2.drivers.ovn.mech_driver.ovsdb.ovsdb_monitor [None req-9d38c007-914f-49ae-a64d-a35ca9d46f10 None None] Touching Hash Ring node "a0091418707c55d09c41c790bf932e62" from IDL notify handler {{(pid=102403) notify /opt/stack/neutron/neutron/plugins/ml2/drivers/ovn/mech_driver/ovsdb/ovsdb_monitor.py:904}}
Apr 02 09:18:54.291096 np0000162842 devstack@neutron-api.service[102401]: DEBUG neutron.plugins.ml2.drivers.ovn.mech_driver.ovsdb.ovsdb_monitor [None req-99f3daa7-29a3-4d36-9ccd-0b5ccb875d13 None None] Hash Ring: Node 597b2797f11b52739b61825b8aebc129 (host: np0000162842) handling event "update" for row 59245af0-0c46-4b5a-9c37-4cb8187e7406 (table: Logical_Switch) {{(pid=102401) notify /opt/stack/neutron/neutron/plugins/ml2/drivers/ovn/mech_driver/ovsdb/ovsdb_monitor.py:912}}
Apr 02 09:18:54.292147 np0000162842 devstack@neutron-api.service[102402]: DEBUG neutron.plugins.ml2.drivers.ovn.mech_driver.ovsdb.ovsdb_monitor [None req-7e1d8bd2-8710-4521-95a0-b5df4054eb09 None None] Touching Hash Ring node "03a8d8a2731b56dc892afa725e2e4ba3" from IDL notify handler {{(pid=102402) notify /opt/stack/neutron/neutron/plugins/ml2/drivers/ovn/mech_driver/ovsdb/ovsdb_monitor.py:904}}
Apr 02 09:18:54.293075 np0000162842 devstack@neutron-api.service[102401]: DEBUG neutron.plugins.ml2.drivers.ovn.mech_driver.ovsdb.ovsdb_monitor [None req-99f3daa7-29a3-4d36-9ccd-0b5ccb875d13 None None] Touching Hash Ring node "597b2797f11b52739b61825b8aebc129" from IDL notify handler {{(pid=102401) notify /opt/stack/neutron/neutron/plugins/ml2/drivers/ovn/mech_driver/ovsdb/ovsdb_monitor.py:904}}
Apr 02 09:18:54.297717 np0000162842 devstack@neutron-api.service[102403]: DEBUG neutron.plugins.ml2.drivers.ovn.mech_driver.ovsdb.ovsdb_monitor [None req-9d38c007-914f-49ae-a64d-a35ca9d46f10 None None] Hash Ring: Node a0091418707c55d09c41c790bf932e62 (host: np0000162842) handling event "create" for row 395cb0c3-0b37-4d88-83f3-9f0fddec546c (table: Port_Binding) {{(pid=102403) notify /opt/stack/neutron/neutron/plugins/ml2/drivers/ovn/mech_driver/ovsdb/ovsdb_monitor.py:912}}
Apr 02 09:18:54.298206 np0000162842 devstack@neutron-api.service[102401]: DEBUG neutron.plugins.ml2.drivers.ovn.mech_driver.ovsdb.ovsdb_monitor [None req-99f3daa7-29a3-4d36-9ccd-0b5ccb875d13 None None] Hash Ring: Node 597b2797f11b52739b61825b8aebc129 (host: np0000162842) handling event "create" for row c878063f-9151-47e9-9178-2b1853b9b59b (table: Logical_Switch_Port) {{(pid=102401) notify /opt/stack/neutron/neutron/plugins/ml2/drivers/ovn/mech_driver/ovsdb/ovsdb_monitor.py:912}}
Apr 02 09:18:54.300279 np0000162842 devstack@neutron-api.service[102401]: DEBUG ovsdbapp.backend.ovs_idl.event [None req-99f3daa7-29a3-4d36-9ccd-0b5ccb875d13 None None] Matched CREATE: LogicalSwitchPortCreateEvent(events=('create',), table='Logical_Switch_Port', conditions=[], old_conditions=None), priority=20 to row=Logical_Switch_Port(uuid=c878063f-9151-47e9-9178-2b1853b9b59b, addresses=['unknown'], dhcpv4_options=[], dhcpv6_options=[], dynamic_addresses=[], enabled=True, external_ids={'neutron:cidrs': '172.24.5.67/24', 'neutron:device_id': 'ae75902c-1659-4f71-8177-6e13a55e449a', 'neutron:device_owner': 'network:router_gateway', 'neutron:mtu': '', 'neutron:network_name': 'neutron-59245af0-0c46-4b5a-9c37-4cb8187e7406', 'neutron:port_capabilities': '', 'neutron:port_name': '', 'neutron:project_id': '', 'neutron:revision_number': '1', 'neutron:security_group_ids': '', 'neutron:subnet_pool_addr_scope4': '', 'neutron:subnet_pool_addr_scope6': '', 'neutron:vnic_type': 'normal'}, ha_chassis_group=[], mirror_rules=[], name='035e95da-d77a-42a5-87ad-234dd21e6dee', options={}, parent_name=[], port_security=[], tag=[], tag_request=[], type='', up=[]) old= {{(pid=102401) matches /opt/stack/data/venv/lib/python3.12/site-packages/ovsdbapp/backend/ovs_idl/event.py:55}}
Apr 02 09:18:54.300861 np0000162842 devstack@neutron-api.service[102402]: DEBUG neutron.plugins.ml2.drivers.ovn.mech_driver.ovsdb.ovsdb_monitor [None req-0989d57f-b842-43f9-be9a-830617982b6e None None] Hash Ring: Node 03a8d8a2731b56dc892afa725e2e4ba3 (host: np0000162842) handling event "update" for row 59245af0-0c46-4b5a-9c37-4cb8187e7406 (table: Logical_Switch) {{(pid=102402) notify /opt/stack/neutron/neutron/plugins/ml2/drivers/ovn/mech_driver/ovsdb/ovsdb_monitor.py:912}}
Apr 02 09:18:54.302769 np0000162842 devstack@neutron-api.service[102401]: INFO neutron.plugins.ml2.drivers.ovn.mech_driver.mech_driver [None req-c4f46d27-9ce0-427e-ba7b-7f02e651a96d None None] OVN reports status down for port: 035e95da-d77a-42a5-87ad-234dd21e6dee
Apr 02 09:18:54.302928 np0000162842 devstack@neutron-api.service[102402]: DEBUG neutron.plugins.ml2.drivers.ovn.mech_driver.ovsdb.ovsdb_monitor [None req-0989d57f-b842-43f9-be9a-830617982b6e None None] Touching Hash Ring node "03a8d8a2731b56dc892afa725e2e4ba3" from IDL notify handler {{(pid=102402) notify /opt/stack/neutron/neutron/plugins/ml2/drivers/ovn/mech_driver/ovsdb/ovsdb_monitor.py:904}}
Apr 02 09:18:54.304268 np0000162842 devstack@neutron-api.service[102401]: DEBUG neutron.plugins.ml2.drivers.ovn.mech_driver.ovsdb.ovsdb_monitor [None req-99f3daa7-29a3-4d36-9ccd-0b5ccb875d13 None None] Touching Hash Ring node "597b2797f11b52739b61825b8aebc129" from IDL notify handler {{(pid=102401) notify /opt/stack/neutron/neutron/plugins/ml2/drivers/ovn/mech_driver/ovsdb/ovsdb_monitor.py:904}}
Apr 02 09:18:54.304843 np0000162842 devstack@neutron-api.service[102402]: DEBUG neutron.plugins.ml2.drivers.ovn.mech_driver.ovsdb.ovsdb_monitor [None req-7e1d8bd2-8710-4521-95a0-b5df4054eb09 None None] Hash Ring: Node 03a8d8a2731b56dc892afa725e2e4ba3 (host: np0000162842) handling event "create" for row 395cb0c3-0b37-4d88-83f3-9f0fddec546c (table: Port_Binding) {{(pid=102402) notify /opt/stack/neutron/neutron/plugins/ml2/drivers/ovn/mech_driver/ovsdb/ovsdb_monitor.py:912}}
Apr 02 09:18:54.306862 np0000162842 devstack@neutron-api.service[102401]: DEBUG neutron.plugins.ml2.drivers.ovn.mech_driver.ovsdb.ovsdb_monitor [None req-99f3daa7-29a3-4d36-9ccd-0b5ccb875d13 None None] Hash Ring: Node 597b2797f11b52739b61825b8aebc129 (host: np0000162842) handling event "update" for row c878063f-9151-47e9-9178-2b1853b9b59b (table: Logical_Switch_Port) {{(pid=102401) notify /opt/stack/neutron/neutron/plugins/ml2/drivers/ovn/mech_driver/ovsdb/ovsdb_monitor.py:912}}
Apr 02 09:18:54.307403 np0000162842 devstack@neutron-api.service[102402]: DEBUG neutron.plugins.ml2.drivers.ovn.mech_driver.ovsdb.ovsdb_monitor [None req-0989d57f-b842-43f9-be9a-830617982b6e None None] Hash Ring: Node 03a8d8a2731b56dc892afa725e2e4ba3 (host: np0000162842) handling event "create" for row c878063f-9151-47e9-9178-2b1853b9b59b (table: Logical_Switch_Port) {{(pid=102402) notify /opt/stack/neutron/neutron/plugins/ml2/drivers/ovn/mech_driver/ovsdb/ovsdb_monitor.py:912}}
Apr 02 09:18:54.308782 np0000162842 devstack@neutron-api.service[102402]: DEBUG ovsdbapp.backend.ovs_idl.event [None req-0989d57f-b842-43f9-be9a-830617982b6e None None] Matched CREATE: LogicalSwitchPortCreateEvent(events=('create',), table='Logical_Switch_Port', conditions=[], old_conditions=None), priority=20 to row=Logical_Switch_Port(uuid=c878063f-9151-47e9-9178-2b1853b9b59b, addresses=['unknown'], dhcpv4_options=[], dhcpv6_options=[], dynamic_addresses=[], enabled=True, external_ids={'neutron:cidrs': '172.24.5.67/24', 'neutron:device_id': 'ae75902c-1659-4f71-8177-6e13a55e449a', 'neutron:device_owner': 'network:router_gateway', 'neutron:mtu': '', 'neutron:network_name': 'neutron-59245af0-0c46-4b5a-9c37-4cb8187e7406', 'neutron:port_capabilities': '', 'neutron:port_name': '', 'neutron:project_id': '', 'neutron:revision_number': '1', 'neutron:security_group_ids': '', 'neutron:subnet_pool_addr_scope4': '', 'neutron:subnet_pool_addr_scope6': '', 'neutron:vnic_type': 'normal'}, ha_chassis_group=[], mirror_rules=[], name='035e95da-d77a-42a5-87ad-234dd21e6dee', options={}, parent_name=[], port_security=[], tag=[], tag_request=[], type='', up=[]) old= {{(pid=102402) matches /opt/stack/data/venv/lib/python3.12/site-packages/ovsdbapp/backend/ovs_idl/event.py:55}}
Apr 02 09:18:54.311146 np0000162842 devstack@neutron-api.service[102402]: DEBUG neutron.plugins.ml2.drivers.ovn.mech_driver.ovsdb.ovsdb_monitor [None req-0989d57f-b842-43f9-be9a-830617982b6e None None] Touching Hash Ring node "03a8d8a2731b56dc892afa725e2e4ba3" from IDL notify handler {{(pid=102402) notify /opt/stack/neutron/neutron/plugins/ml2/drivers/ovn/mech_driver/ovsdb/ovsdb_monitor.py:904}}
Apr 02 09:18:54.313709 np0000162842 devstack@neutron-api.service[102402]: DEBUG neutron.plugins.ml2.drivers.ovn.mech_driver.ovsdb.ovsdb_monitor [None req-0989d57f-b842-43f9-be9a-830617982b6e None None] Hash Ring: Node 03a8d8a2731b56dc892afa725e2e4ba3 (host: np0000162842) handling event "update" for row c878063f-9151-47e9-9178-2b1853b9b59b (table: Logical_Switch_Port) {{(pid=102402) notify /opt/stack/neutron/neutron/plugins/ml2/drivers/ovn/mech_driver/ovsdb/ovsdb_monitor.py:912}}
Apr 02 09:18:54.372924 np0000162842 devstack@neutron-api.service[102401]: INFO neutron.db.ovn_revision_numbers_db [None req-f5df0ad2-0e5e-4119-a8dd-c6cfd0232950 admin admin] Successfully bumped revision number for resource 035e95da-d77a-42a5-87ad-234dd21e6dee (type: ports) to 1
Apr 02 09:18:54.380041 np0000162842 devstack@neutron-api.service[102401]: DEBUG neutron.db.provisioning_blocks [None req-c4f46d27-9ce0-427e-ba7b-7f02e651a96d None None] Transition to ACTIVE for port object 035e95da-d77a-42a5-87ad-234dd21e6dee will not be triggered until provisioned by entity L2. {{(pid=102401) add_provisioning_component /opt/stack/neutron/neutron/db/provisioning_blocks.py:74}}
Apr 02 09:18:54.459528 np0000162842 devstack@neutron-api.service[102401]: DEBUG neutron.plugins.ml2.plugin [None req-c4f46d27-9ce0-427e-ba7b-7f02e651a96d None None] Current status of the port 035e95da-d77a-42a5-87ad-234dd21e6dee is: DOWN; New status is: DOWN {{(pid=102401) _update_individual_port_db_status /opt/stack/neutron/neutron/plugins/ml2/plugin.py:2468}}
Apr 02 09:18:54.462539 np0000162842 devstack@neutron-api.service[102401]: DEBUG ovsdbapp.backend.ovs_idl.transaction [None req-99f3daa7-29a3-4d36-9ccd-0b5ccb875d13 None None] Running txn n=1 command(idx=0): DbRemoveCommand(_result=None, table=Logical_Switch_Port, record=035e95da-d77a-42a5-87ad-234dd21e6dee, column=external_ids, values=('neutron:host_id',), keyvalues={}, if_exists=True) {{(pid=102401) do_commit /opt/stack/data/venv/lib/python3.12/site-packages/ovsdbapp/backend/ovs_idl/transaction.py:89}}
Apr 02 09:18:54.556830 np0000162842 devstack@neutron-api.service[102401]: DEBUG neutron_lib.callbacks.manager [None req-f5df0ad2-0e5e-4119-a8dd-c6cfd0232950 admin admin] Publish callbacks [] for router_gateway (ae75902c-1659-4f71-8177-6e13a55e449a), after_create {{(pid=102401) _notify_loop /opt/stack/data/venv/lib/python3.12/site-packages/neutron_lib/callbacks/manager.py:184}}
Apr 02 09:18:54.951110 np0000162842 devstack@neutron-api.service[102401]: DEBUG neutron_lib.callbacks.manager [None req-f5df0ad2-0e5e-4119-a8dd-c6cfd0232950 admin admin] Publish callbacks ['neutron.services.ovn_l3.plugin.ExtraGatewaysDbOnlyMixin._process_bfd_ecmp_update-367999', 'neutron.services.ovn_l3.service_providers.driver_controller.DriverController._update_router_provider-4237'] for router (ae75902c-1659-4f71-8177-6e13a55e449a), precommit_update {{(pid=102401) _notify_loop /opt/stack/data/venv/lib/python3.12/site-packages/neutron_lib/callbacks/manager.py:184}}
Apr 02 09:18:54.953673 np0000162842 devstack@neutron-api.service[102401]: DEBUG neutron_lib.callbacks.manager [None req-f5df0ad2-0e5e-4119-a8dd-c6cfd0232950 admin admin] Publish callbacks ['neutron.services.ovn_l3.service_providers.ovn.OvnDriver._process_router_update-17119'] for router (ae75902c-1659-4f71-8177-6e13a55e449a), after_update {{(pid=102401) _notify_loop /opt/stack/data/venv/lib/python3.12/site-packages/neutron_lib/callbacks/manager.py:184}}
Apr 02 09:18:55.401767 np0000162842 devstack@neutron-api.service[102401]: DEBUG ovsdbapp.backend.ovs_idl.transaction [None req-99f3daa7-29a3-4d36-9ccd-0b5ccb875d13 None None] Running txn n=1 command(idx=0): CheckRevisionNumberCommand(_result=None, name=neutron-ae75902c-1659-4f71-8177-6e13a55e449a, resource={'id': 'ae75902c-1659-4f71-8177-6e13a55e449a', 'name': 'router1', 'project_id': '2dbadec4927840e88ec11612b3e0cc5f', 'admin_state_up': True, 'status': 'ACTIVE', 'enable_snat': True, 'external_gateway_info': {'network_id': '59245af0-0c46-4b5a-9c37-4cb8187e7406', 'external_fixed_ips': [{'subnet_id': 'f21059a6-419f-4735-b4fb-1da9e2ac8269', 'ip_address': '172.24.5.67'}], 'enable_snat': True}, 'gw_port_id': '035e95da-d77a-42a5-87ad-234dd21e6dee', 'description': '', 'availability_zones': [], 'distributed': False, 'ha': True, 'ha_vr_id': 0, 'availability_zone_hints': [], 'enable_default_route_ecmp': False, 'enable_default_route_bfd': False, 'external_gateways': [{'network_id': '59245af0-0c46-4b5a-9c37-4cb8187e7406', 'external_fixed_ips': [{'ip_address': '172.24.5.67', 'subnet_id': 'f21059a6-419f-4735-b4fb-1da9e2ac8269'}]}], 'routes': [], 'flavor_id': None, 'tags': [], 'created_at': '2026-04-02T09:18:49Z', 'updated_at': '2026-04-02T09:18:54Z', 'revision_number': 3, 'tenant_id': '2dbadec4927840e88ec11612b3e0cc5f'}, resource_type=routers, if_exists=True) {{(pid=102401) do_commit /opt/stack/data/venv/lib/python3.12/site-packages/ovsdbapp/backend/ovs_idl/transaction.py:89}}
Apr 02 09:18:55.402263 np0000162842 devstack@neutron-api.service[102401]: DEBUG ovsdbapp.backend.ovs_idl.transaction [None req-99f3daa7-29a3-4d36-9ccd-0b5ccb875d13 None None] Running txn n=1 command(idx=1): DeleteLRouterExtGwCommand(_result=None, lrouter=neutron-ae75902c-1659-4f71-8177-6e13a55e449a, if_exists=True, maintain_bfd=True) {{(pid=102401) do_commit /opt/stack/data/venv/lib/python3.12/site-packages/ovsdbapp/backend/ovs_idl/transaction.py:89}}
Apr 02 09:18:55.403030 np0000162842 devstack@neutron-api.service[102401]: DEBUG ovsdbapp.backend.ovs_idl.transaction [None req-99f3daa7-29a3-4d36-9ccd-0b5ccb875d13 None None] Running txn n=1 command(idx=2): DeleteNATRuleInLRouterCommand(_result=None, lrouter=neutron-ae75902c-1659-4f71-8177-6e13a55e449a, type=snat, logical_ip=10.1.0.0/26, external_ip=172.24.5.67, if_exists=True) {{(pid=102401) do_commit /opt/stack/data/venv/lib/python3.12/site-packages/ovsdbapp/backend/ovs_idl/transaction.py:89}}
Apr 02 09:18:55.403315 np0000162842 devstack@neutron-api.service[102401]: DEBUG ovsdbapp.backend.ovs_idl.transaction [None req-99f3daa7-29a3-4d36-9ccd-0b5ccb875d13 None None] Running txn n=1 command(idx=3): DelStaticRoutesCommand(_result=None, lrouter=neutron-ae75902c-1659-4f71-8177-6e13a55e449a, routes=[('0.0.0.0/0', '172.24.5.1')], if_exists=True) {{(pid=102401) do_commit /opt/stack/data/venv/lib/python3.12/site-packages/ovsdbapp/backend/ovs_idl/transaction.py:89}}
Apr 02 09:18:55.403622 np0000162842 devstack@neutron-api.service[102401]: DEBUG ovsdbapp.backend.ovs_idl.transaction [None req-99f3daa7-29a3-4d36-9ccd-0b5ccb875d13 None None] Running txn n=1 command(idx=4): DelLRouterPortCommand(_result=None, name=lrp-035e95da-d77a-42a5-87ad-234dd21e6dee, lrouter=neutron-ae75902c-1659-4f71-8177-6e13a55e449a, if_exists=True) {{(pid=102401) do_commit /opt/stack/data/venv/lib/python3.12/site-packages/ovsdbapp/backend/ovs_idl/transaction.py:89}}
Apr 02 09:18:55.403916 np0000162842 devstack@neutron-api.service[102401]: DEBUG ovsdbapp.backend.ovs_idl.transaction [None req-99f3daa7-29a3-4d36-9ccd-0b5ccb875d13 None None] Running txn n=1 command(idx=5): AddLRouterPortCommand(_result=None, name=lrp-035e95da-d77a-42a5-87ad-234dd21e6dee, lrouter=neutron-ae75902c-1659-4f71-8177-6e13a55e449a, may_exist=True, columns={'mac': 'fa:16:3e:e2:6c:fd', 'networks': ['172.24.5.67/24'], 'external_ids': {'neutron:revision_number': '1', 'neutron:subnet_ids': 'f21059a6-419f-4735-b4fb-1da9e2ac8269', 'neutron:network_name': 'neutron-59245af0-0c46-4b5a-9c37-4cb8187e7406', 'neutron:is_ext_gw': 'True', 'neutron:router_name': 'neutron-ae75902c-1659-4f71-8177-6e13a55e449a'}, 'options': {'reside-on-redirect-chassis': 'true', 'gateway_mtu': '1372'}}) {{(pid=102401) do_commit /opt/stack/data/venv/lib/python3.12/site-packages/ovsdbapp/backend/ovs_idl/transaction.py:89}}
Apr 02 09:18:55.404655 np0000162842 devstack@neutron-api.service[102401]: DEBUG ovsdbapp.backend.ovs_idl.transaction [None req-99f3daa7-29a3-4d36-9ccd-0b5ccb875d13 None None] Running txn n=1 command(idx=6): ScheduleNewGatewayCommand(_result=None, g_name=lrp-035e95da-d77a-42a5-87ad-234dd21e6dee, sb_api=, lrouter_name=neutron-ae75902c-1659-4f71-8177-6e13a55e449a, ovn_client=, scheduler=, physnet=public, az_hints=[]) {{(pid=102401) do_commit /opt/stack/data/venv/lib/python3.12/site-packages/ovsdbapp/backend/ovs_idl/transaction.py:89}}
Apr 02 09:18:55.405715 np0000162842 devstack@neutron-api.service[102401]: DEBUG neutron.plugins.ml2.drivers.ovn.mech_driver.ovsdb.ovn_client [None req-99f3daa7-29a3-4d36-9ccd-0b5ccb875d13 None None] Chassis candidates for scheduling gateway router ports for "public" physical network: ['91b31298-c1d2-4f00-8f9e-bc685f5e3cb0'] {{(pid=102401) get_candidates_for_scheduling /opt/stack/neutron/neutron/plugins/ml2/drivers/ovn/mech_driver/ovsdb/ovn_client.py:1689}}
Apr 02 09:18:55.406562 np0000162842 devstack@neutron-api.service[102401]: DEBUG neutron.scheduler.l3_ovn_scheduler [None req-99f3daa7-29a3-4d36-9ccd-0b5ccb875d13 None None] Gateway lrp-035e95da-d77a-42a5-87ad-234dd21e6dee scheduled on chassis ['91b31298-c1d2-4f00-8f9e-bc685f5e3cb0'] {{(pid=102401) _schedule_gateway /opt/stack/neutron/neutron/scheduler/l3_ovn_scheduler.py:88}}
Apr 02 09:18:55.407007 np0000162842 devstack@neutron-api.service[102401]: INFO neutron.plugins.ml2.drivers.ovn.mech_driver.ovsdb.commands [None req-99f3daa7-29a3-4d36-9ccd-0b5ccb875d13 None None] Schedule LRP lrp-035e95da-d77a-42a5-87ad-234dd21e6dee on gateway 91b31298-c1d2-4f00-8f9e-bc685f5e3cb0 with priority 1
Apr 02 09:18:55.407264 np0000162842 devstack@neutron-api.service[102401]: DEBUG ovsdbapp.backend.ovs_idl.transaction [None req-99f3daa7-29a3-4d36-9ccd-0b5ccb875d13 None None] Running txn n=1 command(idx=7): SetLRouterPortInLSwitchPortCommand(_result=None, lswitch_port=035e95da-d77a-42a5-87ad-234dd21e6dee, lrouter_port=lrp-035e95da-d77a-42a5-87ad-234dd21e6dee, is_gw_port=True, if_exists=True, lsp_address=router) {{(pid=102401) do_commit /opt/stack/data/venv/lib/python3.12/site-packages/ovsdbapp/backend/ovs_idl/transaction.py:89}}
Apr 02 09:18:55.407761 np0000162842 devstack@neutron-api.service[102401]: DEBUG ovsdbapp.backend.ovs_idl.transaction [None req-99f3daa7-29a3-4d36-9ccd-0b5ccb875d13 None None] Running txn n=1 command(idx=8): AddStaticRouteCommand(_result=None, lrouter=neutron-ae75902c-1659-4f71-8177-6e13a55e449a, maintain_bfd=False, columns={'ip_prefix': '0.0.0.0/0', 'nexthop': '172.24.5.1', 'external_ids': {'neutron:is_ext_gw': 'true', 'neutron:subnet_id': 'f21059a6-419f-4735-b4fb-1da9e2ac8269', 'neutron:is_static_route': 'true'}}) {{(pid=102401) do_commit /opt/stack/data/venv/lib/python3.12/site-packages/ovsdbapp/backend/ovs_idl/transaction.py:89}}
Apr 02 09:18:55.408179 np0000162842 devstack@neutron-api.service[102401]: DEBUG ovsdbapp.backend.ovs_idl.transaction [None req-99f3daa7-29a3-4d36-9ccd-0b5ccb875d13 None None] Running txn n=1 command(idx=9): AddNATRuleInLRouterCommand(_result=None, lrouter=neutron-ae75902c-1659-4f71-8177-6e13a55e449a, columns={'type': 'snat', 'logical_ip': '10.1.0.0/26', 'external_ip': '172.24.5.67'}) {{(pid=102401) do_commit /opt/stack/data/venv/lib/python3.12/site-packages/ovsdbapp/backend/ovs_idl/transaction.py:89}}
Apr 02 09:18:55.408629 np0000162842 devstack@neutron-api.service[102401]: DEBUG ovsdbapp.backend.ovs_idl.transaction [None req-99f3daa7-29a3-4d36-9ccd-0b5ccb875d13 None None] Running txn n=1 command(idx=10): UpdateLRouterCommand(_result=None, name=neutron-ae75902c-1659-4f71-8177-6e13a55e449a, columns={'external_ids': {'neutron:router_name': 'router1', 'neutron:revision_number': '3', 'neutron:availability_zone_hints': ''}, 'enabled': True}, if_exists=True) {{(pid=102401) do_commit /opt/stack/data/venv/lib/python3.12/site-packages/ovsdbapp/backend/ovs_idl/transaction.py:89}}
Apr 02 09:18:55.409135 np0000162842 devstack@neutron-api.service[102401]: DEBUG ovsdbapp.backend.ovs_idl.transaction [None req-99f3daa7-29a3-4d36-9ccd-0b5ccb875d13 None None] Running txn n=1 command(idx=11): QoSDelCommand(_result=None, switch=neutron-59245af0-0c46-4b5a-9c37-4cb8187e7406, conditions=[('direction', '=', 'from-lport'), ('priority', '=', 2002), ('match', '=', 'inport == "035e95da-d77a-42a5-87ad-234dd21e6dee"')], if_exists=True) {{(pid=102401) do_commit /opt/stack/data/venv/lib/python3.12/site-packages/ovsdbapp/backend/ovs_idl/transaction.py:89}}
Apr 02 09:18:55.409472 np0000162842 devstack@neutron-api.service[102401]: DEBUG ovsdbapp.backend.ovs_idl.transaction [None req-99f3daa7-29a3-4d36-9ccd-0b5ccb875d13 None None] Running txn n=1 command(idx=12): QoSDelCommand(_result=None, switch=neutron-59245af0-0c46-4b5a-9c37-4cb8187e7406, conditions=[('direction', '=', 'to-lport'), ('priority', '=', 2002), ('match', '=', 'outport == "035e95da-d77a-42a5-87ad-234dd21e6dee"')], if_exists=True) {{(pid=102401) do_commit /opt/stack/data/venv/lib/python3.12/site-packages/ovsdbapp/backend/ovs_idl/transaction.py:89}}
Apr 02 09:18:55.454798 np0000162842 devstack@neutron-api.service[102401]: DEBUG neutron.plugins.ml2.drivers.ovn.mech_driver.ovsdb.ovsdb_monitor [None req-99f3daa7-29a3-4d36-9ccd-0b5ccb875d13 None None] Touching Hash Ring node "597b2797f11b52739b61825b8aebc129" from IDL notify handler {{(pid=102401) notify /opt/stack/neutron/neutron/plugins/ml2/drivers/ovn/mech_driver/ovsdb/ovsdb_monitor.py:904}}
Apr 02 09:18:55.455006 np0000162842 devstack@neutron-api.service[102404]: DEBUG neutron.plugins.ml2.drivers.ovn.mech_driver.ovsdb.ovsdb_monitor [None req-788879fc-1fef-4685-8bc4-c6853f7e1a30 None None] Touching Hash Ring node "a99a910e7bbe5ff88dbed726614c656d" from IDL notify handler {{(pid=102404) notify /opt/stack/neutron/neutron/plugins/ml2/drivers/ovn/mech_driver/ovsdb/ovsdb_monitor.py:904}}
Apr 02 09:18:55.456731 np0000162842 devstack@neutron-api.service[102403]: DEBUG neutron.plugins.ml2.drivers.ovn.mech_driver.ovsdb.ovsdb_monitor [None req-d95712b4-6d6e-4e93-a09a-bcbdbd3d0299 None None] Touching Hash Ring node "a0091418707c55d09c41c790bf932e62" from IDL notify handler {{(pid=102403) notify /opt/stack/neutron/neutron/plugins/ml2/drivers/ovn/mech_driver/ovsdb/ovsdb_monitor.py:904}}
Apr 02 09:18:55.457181 np0000162842 devstack@neutron-api.service[102402]: DEBUG neutron.plugins.ml2.drivers.ovn.mech_driver.ovsdb.ovsdb_monitor [None req-0989d57f-b842-43f9-be9a-830617982b6e None None] Touching Hash Ring node "03a8d8a2731b56dc892afa725e2e4ba3" from IDL notify handler {{(pid=102402) notify /opt/stack/neutron/neutron/plugins/ml2/drivers/ovn/mech_driver/ovsdb/ovsdb_monitor.py:904}}
Apr 02 09:18:55.462668 np0000162842 devstack@neutron-api.service[102403]: DEBUG neutron.plugins.ml2.drivers.ovn.mech_driver.ovsdb.ovsdb_monitor [None req-9d38c007-914f-49ae-a64d-a35ca9d46f10 None None] Touching Hash Ring node "a0091418707c55d09c41c790bf932e62" from IDL notify handler {{(pid=102403) notify /opt/stack/neutron/neutron/plugins/ml2/drivers/ovn/mech_driver/ovsdb/ovsdb_monitor.py:904}}
Apr 02 09:18:55.462966 np0000162842 devstack@neutron-api.service[102404]: DEBUG neutron.plugins.ml2.drivers.ovn.mech_driver.ovsdb.ovsdb_monitor [None req-19daacc9-612d-4ec5-950e-7f9e4ba80378 None None] Touching Hash Ring node "a99a910e7bbe5ff88dbed726614c656d" from IDL notify handler {{(pid=102404) notify /opt/stack/neutron/neutron/plugins/ml2/drivers/ovn/mech_driver/ovsdb/ovsdb_monitor.py:904}}
Apr 02 09:18:55.464973 np0000162842 devstack@neutron-api.service[102402]: DEBUG neutron.plugins.ml2.drivers.ovn.mech_driver.ovsdb.ovsdb_monitor [None req-7e1d8bd2-8710-4521-95a0-b5df4054eb09 None None] Touching Hash Ring node "03a8d8a2731b56dc892afa725e2e4ba3" from IDL notify handler {{(pid=102402) notify /opt/stack/neutron/neutron/plugins/ml2/drivers/ovn/mech_driver/ovsdb/ovsdb_monitor.py:904}}
Apr 02 09:18:55.470277 np0000162842 devstack@neutron-api.service[102403]: DEBUG neutron.plugins.ml2.drivers.ovn.mech_driver.ovsdb.ovsdb_monitor [None req-d95712b4-6d6e-4e93-a09a-bcbdbd3d0299 None None] Hash Ring: Node a0091418707c55d09c41c790bf932e62 (host: np0000162842) handling event "create" for row 65e9e6be-1247-4305-a673-ea8f3fa3ab63 (table: Logical_Router_Static_Route) {{(pid=102403) notify /opt/stack/neutron/neutron/plugins/ml2/drivers/ovn/mech_driver/ovsdb/ovsdb_monitor.py:912}}
Apr 02 09:18:55.471714 np0000162842 devstack@neutron-api.service[102401]: DEBUG neutron.plugins.ml2.drivers.ovn.mech_driver.ovsdb.ovsdb_monitor [None req-99f3daa7-29a3-4d36-9ccd-0b5ccb875d13 None None] Hash Ring: Node 597b2797f11b52739b61825b8aebc129 (host: np0000162842) handling event "update" for row fc825981-c9a6-4435-babe-e7631a5228fa (table: Logical_Router) {{(pid=102401) notify /opt/stack/neutron/neutron/plugins/ml2/drivers/ovn/mech_driver/ovsdb/ovsdb_monitor.py:912}}
Apr 02 09:18:55.471962 np0000162842 devstack@neutron-api.service[102403]: DEBUG neutron.plugins.ml2.drivers.ovn.mech_driver.ovsdb.ovsdb_monitor [None req-9d38c007-914f-49ae-a64d-a35ca9d46f10 None None] Hash Ring: Node a0091418707c55d09c41c790bf932e62 (host: np0000162842) handling event "update" for row 395cb0c3-0b37-4d88-83f3-9f0fddec546c (table: Port_Binding) {{(pid=102403) notify /opt/stack/neutron/neutron/plugins/ml2/drivers/ovn/mech_driver/ovsdb/ovsdb_monitor.py:912}}
Apr 02 09:18:55.472251 np0000162842 devstack@neutron-api.service[102402]: DEBUG neutron.plugins.ml2.drivers.ovn.mech_driver.ovsdb.ovsdb_monitor [None req-0989d57f-b842-43f9-be9a-830617982b6e None None] Hash Ring: Node 03a8d8a2731b56dc892afa725e2e4ba3 (host: np0000162842) handling event "create" for row 52598863-a3dc-42cd-a919-b4b08f0bdd84 (table: Gateway_Chassis) {{(pid=102402) notify /opt/stack/neutron/neutron/plugins/ml2/drivers/ovn/mech_driver/ovsdb/ovsdb_monitor.py:912}}
Apr 02 09:18:55.472586 np0000162842 devstack@neutron-api.service[102401]: DEBUG neutron.plugins.ml2.drivers.ovn.mech_driver.ovsdb.ovsdb_monitor [None req-99f3daa7-29a3-4d36-9ccd-0b5ccb875d13 None None] Touching Hash Ring node "597b2797f11b52739b61825b8aebc129" from IDL notify handler {{(pid=102401) notify /opt/stack/neutron/neutron/plugins/ml2/drivers/ovn/mech_driver/ovsdb/ovsdb_monitor.py:904}}
Apr 02 09:18:55.472723 np0000162842 devstack@neutron-api.service[102404]: DEBUG neutron.plugins.ml2.drivers.ovn.mech_driver.ovsdb.ovsdb_monitor [None req-788879fc-1fef-4685-8bc4-c6853f7e1a30 None None] Hash Ring: Node a99a910e7bbe5ff88dbed726614c656d (host: np0000162842) handling event "create" for row 52598863-a3dc-42cd-a919-b4b08f0bdd84 (table: Gateway_Chassis) {{(pid=102404) notify /opt/stack/neutron/neutron/plugins/ml2/drivers/ovn/mech_driver/ovsdb/ovsdb_monitor.py:912}}
Apr 02 09:18:55.473760 np0000162842 devstack@neutron-api.service[102402]: DEBUG neutron.plugins.ml2.drivers.ovn.mech_driver.ovsdb.ovsdb_monitor [None req-7e1d8bd2-8710-4521-95a0-b5df4054eb09 None None] Hash Ring: Node 03a8d8a2731b56dc892afa725e2e4ba3 (host: np0000162842) handling event "update" for row 395cb0c3-0b37-4d88-83f3-9f0fddec546c (table: Port_Binding) {{(pid=102402) notify /opt/stack/neutron/neutron/plugins/ml2/drivers/ovn/mech_driver/ovsdb/ovsdb_monitor.py:912}}
Apr 02 09:18:55.474417 np0000162842 devstack@neutron-api.service[102403]: DEBUG neutron.plugins.ml2.drivers.ovn.mech_driver.ovsdb.ovsdb_monitor [None req-9d38c007-914f-49ae-a64d-a35ca9d46f10 None None] Touching Hash Ring node "a0091418707c55d09c41c790bf932e62" from IDL notify handler {{(pid=102403) notify /opt/stack/neutron/neutron/plugins/ml2/drivers/ovn/mech_driver/ovsdb/ovsdb_monitor.py:904}}
Apr 02 09:18:55.474552 np0000162842 devstack@neutron-api.service[102404]: DEBUG neutron.plugins.ml2.drivers.ovn.mech_driver.ovsdb.ovsdb_monitor [None req-788879fc-1fef-4685-8bc4-c6853f7e1a30 None None] Touching Hash Ring node "a99a910e7bbe5ff88dbed726614c656d" from IDL notify handler {{(pid=102404) notify /opt/stack/neutron/neutron/plugins/ml2/drivers/ovn/mech_driver/ovsdb/ovsdb_monitor.py:904}}
Apr 02 09:18:55.475133 np0000162842 devstack@neutron-api.service[102402]: DEBUG neutron.plugins.ml2.drivers.ovn.mech_driver.ovsdb.ovsdb_monitor [None req-0989d57f-b842-43f9-be9a-830617982b6e None None] Touching Hash Ring node "03a8d8a2731b56dc892afa725e2e4ba3" from IDL notify handler {{(pid=102402) notify /opt/stack/neutron/neutron/plugins/ml2/drivers/ovn/mech_driver/ovsdb/ovsdb_monitor.py:904}}
Apr 02 09:18:55.475380 np0000162842 devstack@neutron-api.service[102401]: DEBUG neutron.plugins.ml2.drivers.ovn.mech_driver.ovsdb.ovsdb_monitor [None req-99f3daa7-29a3-4d36-9ccd-0b5ccb875d13 None None] Hash Ring: Node 597b2797f11b52739b61825b8aebc129 (host: np0000162842) handling event "update" for row c878063f-9151-47e9-9178-2b1853b9b59b (table: Logical_Switch_Port) {{(pid=102401) notify /opt/stack/neutron/neutron/plugins/ml2/drivers/ovn/mech_driver/ovsdb/ovsdb_monitor.py:912}}
Apr 02 09:18:55.476446 np0000162842 devstack@neutron-api.service[102404]: DEBUG neutron.plugins.ml2.drivers.ovn.mech_driver.ovsdb.ovsdb_monitor [None req-19daacc9-612d-4ec5-950e-7f9e4ba80378 None None] Hash Ring: Node a99a910e7bbe5ff88dbed726614c656d (host: np0000162842) handling event "create" for row a2bb8722-bac8-40ae-8d12-5ddf5db5225b (table: Port_Binding) {{(pid=102404) notify /opt/stack/neutron/neutron/plugins/ml2/drivers/ovn/mech_driver/ovsdb/ovsdb_monitor.py:912}}
Apr 02 09:18:55.478432 np0000162842 devstack@neutron-api.service[102401]: DEBUG neutron.plugins.ml2.drivers.ovn.mech_driver.ovsdb.ovsdb_monitor [None req-99f3daa7-29a3-4d36-9ccd-0b5ccb875d13 None None] Touching Hash Ring node "597b2797f11b52739b61825b8aebc129" from IDL notify handler {{(pid=102401) notify /opt/stack/neutron/neutron/plugins/ml2/drivers/ovn/mech_driver/ovsdb/ovsdb_monitor.py:904}}
Apr 02 09:18:55.479551 np0000162842 devstack@neutron-api.service[102403]: DEBUG neutron.plugins.ml2.drivers.ovn.mech_driver.ovsdb.ovsdb_monitor [None req-9d38c007-914f-49ae-a64d-a35ca9d46f10 None None] Hash Ring: Node a0091418707c55d09c41c790bf932e62 (host: np0000162842) handling event "create" for row 9adffbb6-c947-40ad-a9b1-27d34566edb0 (table: Port_Binding) {{(pid=102403) notify /opt/stack/neutron/neutron/plugins/ml2/drivers/ovn/mech_driver/ovsdb/ovsdb_monitor.py:912}}
