Jun 17 14:26:31.622870 np0000181142 devstack@neutron-api.service[108501]: DEBUG neutron.api.wsgi [None req-c8e55632-014e-4eab-851f-3c66f91ebcc5 admin admin] https://199.204.45.144/networking/v2.0/extensions returned with HTTP 200 {{(pid=108501) __call__ /opt/stack/neutron/neutron/api/wsgi.py:540}}
Jun 17 14:26:31.622870 np0000181142 devstack@neutron-api.service[108501]: [pid: 108501|app: 0|req: 2/2] 199.204.45.144 () {64 vars in 1323 bytes} [Wed Jun 17 14:26:31 2026] GET /networking/v2.0/extensions => generated 15873 bytes in 429 msecs (HTTP/1.1 200) 4 headers in 159 bytes (1 switches on core 0)
Jun 17 14:26:32.032366 np0000181142 devstack@neutron-api.service[108503]: DEBUG neutron.api.v2.base [None req-df5c4add-c3c7-49e7-8b8e-01719a20fbfe admin admin] Request body: {'subnetpool': {'prefixes': ['10.1.0.0/20'], 'default_prefixlen': 26, 'shared': True, 'name': 'shared-default-subnetpool-v4', 'is_default': True}} {{(pid=108503) prepare_request_body /opt/stack/neutron/neutron/api/v2/base.py:727}}
Jun 17 14:26:32.239571 np0000181142 devstack@neutron-api.service[108503]: DEBUG neutron.policy [None req-df5c4add-c3c7-49e7-8b8e-01719a20fbfe admin admin] Loaded default policies from ['neutron'] under neutron.policies entry points {{(pid=108503) register_rules /opt/stack/neutron/neutron/policy.py:65}}
Jun 17 14:26:32.389246 np0000181142 devstack@neutron-api.service[108503]: DEBUG neutron_lib.callbacks.manager [None req-df5c4add-c3c7-49e7-8b8e-01719a20fbfe admin admin] Publish callbacks ['neutron.objects.securitygroup.RbacNeutronDbObjectMixin.validate_rbac_policy_change-2410758486029', 'neutron.objects.address_group.RbacNeutronDbObjectMixin.validate_rbac_policy_change-2410757587903', 'neutron.objects.network.RbacNeutronDbObjectMixin.validate_rbac_policy_change-2410758517109', 'neutron.objects.qos.policy.RbacNeutronDbObjectMixin.validate_rbac_policy_change-2410758519864', 'neutron.objects.subnetpool.RbacNeutronDbObjectMixin.validate_rbac_policy_change-2410758418198', 'neutron.objects.address_scope.RbacNeutronDbObjectMixin.validate_rbac_policy_change-2410758530494', 'neutron.plugins.ml2.plugin.External_net_db_mixin._process_ext_policy_create-172372', 'neutron.plugins.ml2.plugin.NeutronDbPluginV2.validate_network_rbac_policy_change-164220'] for rbac-policy (None), before_create {{(pid=108503) _notify_loop /opt/stack/data/venv/lib/python3.12/site-packages/neutron_lib/callbacks/manager.py:184}}
Jun 17 14:26:32.436853 np0000181142 devstack@neutron-api.service[108503]: DEBUG neutron_lib.callbacks.manager [None req-df5c4add-c3c7-49e7-8b8e-01719a20fbfe admin admin] Publish callbacks [] for subnetpool (None), before_response {{(pid=108503) _notify_loop /opt/stack/data/venv/lib/python3.12/site-packages/neutron_lib/callbacks/manager.py:184}}
Jun 17 14:26:32.437558 np0000181142 devstack@neutron-api.service[108503]: [pid: 108503|app: 0|req: 1/3] 199.204.45.144 () {68 vars in 1367 bytes} [Wed Jun 17 14:26:31 2026] POST /networking/v2.0/subnetpools => generated 533 bytes in 522 msecs (HTTP/1.1 201) 4 headers in 162 bytes (1 switches on core 0)
Jun 17 14:26:32.768780 np0000181142 devstack@neutron-api.service[108502]: DEBUG neutron.api.v2.base [None req-dc4b64c2-8aa3-4615-8120-a8a5d372c017 admin admin] Request body: {'subnetpool': {'prefixes': ['fd71:6df5:7520::/56'], 'default_prefixlen': 64, 'shared': True, 'name': 'shared-default-subnetpool-v6', 'is_default': True}} {{(pid=108502) prepare_request_body /opt/stack/neutron/neutron/api/v2/base.py:727}}
Jun 17 14:26:32.960720 np0000181142 devstack@neutron-api.service[108502]: DEBUG neutron.policy [None req-dc4b64c2-8aa3-4615-8120-a8a5d372c017 admin admin] Loaded default policies from ['neutron'] under neutron.policies entry points {{(pid=108502) register_rules /opt/stack/neutron/neutron/policy.py:65}}
Jun 17 14:26:33.107069 np0000181142 devstack@neutron-api.service[108502]: DEBUG neutron_lib.callbacks.manager [None req-dc4b64c2-8aa3-4615-8120-a8a5d372c017 admin admin] Publish callbacks ['neutron.objects.securitygroup.RbacNeutronDbObjectMixin.validate_rbac_policy_change-2410758427239', 'neutron.objects.address_group.RbacNeutronDbObjectMixin.validate_rbac_policy_change-2410757553000', 'neutron.objects.network.RbacNeutronDbObjectMixin.validate_rbac_policy_change-2410758465552', 'neutron.objects.qos.policy.RbacNeutronDbObjectMixin.validate_rbac_policy_change-2410758462235', 'neutron.objects.subnetpool.RbacNeutronDbObjectMixin.validate_rbac_policy_change-2410758481487', 'neutron.objects.address_scope.RbacNeutronDbObjectMixin.validate_rbac_policy_change-2410758449515', 'neutron.plugins.ml2.plugin.External_net_db_mixin._process_ext_policy_create-16243886', 'neutron.plugins.ml2.plugin.NeutronDbPluginV2.validate_network_rbac_policy_change-16250102'] for rbac-policy (None), before_create {{(pid=108502) _notify_loop /opt/stack/data/venv/lib/python3.12/site-packages/neutron_lib/callbacks/manager.py:184}}
Jun 17 14:26:33.157030 np0000181142 devstack@neutron-api.service[108502]: DEBUG neutron_lib.callbacks.manager [None req-dc4b64c2-8aa3-4615-8120-a8a5d372c017 admin admin] Publish callbacks [] for subnetpool (None), before_response {{(pid=108502) _notify_loop /opt/stack/data/venv/lib/python3.12/site-packages/neutron_lib/callbacks/manager.py:184}}
Jun 17 14:26:33.157787 np0000181142 devstack@neutron-api.service[108502]: [pid: 108502|app: 0|req: 1/4] 199.204.45.144 () {68 vars in 1367 bytes} [Wed Jun 17 14:26:32 2026] POST /networking/v2.0/subnetpools => generated 543 bytes in 507 msecs (HTTP/1.1 201) 4 headers in 162 bytes (1 switches on core 0)
Jun 17 14:26:33.558264 np0000181142 devstack@neutron-api.service[108500]: DEBUG neutron.api.v2.base [None req-636e60c4-25e4-48da-8cb7-538c5f2a2fcd admin admin] Request body: {'network': {'admin_state_up': True, 'name': 'private'}} {{(pid=108500) prepare_request_body /opt/stack/neutron/neutron/api/v2/base.py:727}}
Jun 17 14:26:33.592880 np0000181142 devstack@neutron-api.service[108500]: DEBUG neutron.pecan_wsgi.hooks.quota_enforcement [None req-636e60c4-25e4-48da-8cb7-538c5f2a2fcd admin admin] Made reservation on behalf of c4e36363a1bc499eaaa9b80df657adf4 for: {'network': 1} {{(pid=108500) before /opt/stack/neutron/neutron/pecan_wsgi/hooks/quota_enforcement.py:66}}
Jun 17 14:26:33.763323 np0000181142 devstack@neutron-api.service[108500]: DEBUG neutron.policy [None req-636e60c4-25e4-48da-8cb7-538c5f2a2fcd admin admin] Loaded default policies from ['neutron'] under neutron.policies entry points {{(pid=108500) register_rules /opt/stack/neutron/neutron/policy.py:65}}
Jun 17 14:26:33.868245 np0000181142 devstack@neutron-api.service[108500]: DEBUG neutron_lib.callbacks.manager [None req-636e60c4-25e4-48da-8cb7-538c5f2a2fcd admin admin] Publish callbacks ['neutron.plugins.ml2.plugin.SecurityGroupDbMixin._ensure_default_security_group_handler-15839981'] for network (None), before_create {{(pid=108500) _notify_loop /opt/stack/data/venv/lib/python3.12/site-packages/neutron_lib/callbacks/manager.py:184}}
Jun 17 14:26:33.888573 np0000181142 devstack@neutron-api.service[108500]: DEBUG neutron_lib.callbacks.manager [None req-636e60c4-25e4-48da-8cb7-538c5f2a2fcd admin admin] Publish callbacks [] for security_group (None), before_create {{(pid=108500) _notify_loop /opt/stack/data/venv/lib/python3.12/site-packages/neutron_lib/callbacks/manager.py:184}}
Jun 17 14:26:33.991357 np0000181142 devstack@neutron-api.service[108500]: DEBUG neutron_lib.callbacks.manager [None req-636e60c4-25e4-48da-8cb7-538c5f2a2fcd admin admin] Publish callbacks ['neutron.plugins.ml2.drivers.ovn.mech_driver.mech_driver.OVNMechanismDriver._create_security_group_precommit-431900'] for security_group (41ce0002-eec2-4b39-a489-da8783782f88), precommit_create {{(pid=108500) _notify_loop /opt/stack/data/venv/lib/python3.12/site-packages/neutron_lib/callbacks/manager.py:184}}
Jun 17 14:26:33.991581 np0000181142 devstack@neutron-api.service[108500]: DEBUG neutron.db.ovn_revision_numbers_db [None req-636e60c4-25e4-48da-8cb7-538c5f2a2fcd admin admin] create_initial_revision uuid=41ce0002-eec2-4b39-a489-da8783782f88, type=security_groups, rev=-1 {{(pid=108500) create_initial_revision /opt/stack/neutron/neutron/db/ovn_revision_numbers_db.py:98}}
Jun 17 14:26:33.993785 np0000181142 devstack@neutron-api.service[108500]: DEBUG neutron.db.ovn_revision_numbers_db [None req-636e60c4-25e4-48da-8cb7-538c5f2a2fcd admin admin] create_initial_revision uuid=4a7b118b-ba22-475b-bc67-bc4b3793567d, type=security_group_rules, rev=-1 {{(pid=108500) create_initial_revision /opt/stack/neutron/neutron/db/ovn_revision_numbers_db.py:98}}
Jun 17 14:26:33.994884 np0000181142 devstack@neutron-api.service[108500]: DEBUG neutron.db.ovn_revision_numbers_db [None req-636e60c4-25e4-48da-8cb7-538c5f2a2fcd admin admin] create_initial_revision uuid=9d322230-90cd-4586-8fe5-f96f2493d9af, type=security_group_rules, rev=-1 {{(pid=108500) create_initial_revision /opt/stack/neutron/neutron/db/ovn_revision_numbers_db.py:98}}
Jun 17 14:26:33.995929 np0000181142 devstack@neutron-api.service[108500]: DEBUG neutron.db.ovn_revision_numbers_db [None req-636e60c4-25e4-48da-8cb7-538c5f2a2fcd admin admin] create_initial_revision uuid=9e0f2078-0bfb-40ae-a3b9-588a4bb708eb, type=security_group_rules, rev=-1 {{(pid=108500) create_initial_revision /opt/stack/neutron/neutron/db/ovn_revision_numbers_db.py:98}}
Jun 17 14:26:33.996928 np0000181142 devstack@neutron-api.service[108500]: DEBUG neutron.db.ovn_revision_numbers_db [None req-636e60c4-25e4-48da-8cb7-538c5f2a2fcd admin admin] create_initial_revision uuid=c1708f6d-c68d-43d9-928e-6d00742f09d6, type=security_group_rules, rev=-1 {{(pid=108500) create_initial_revision /opt/stack/neutron/neutron/db/ovn_revision_numbers_db.py:98}}
Jun 17 14:26:34.006039 np0000181142 devstack@neutron-api.service[108500]: DEBUG neutron_lib.callbacks.manager [None req-636e60c4-25e4-48da-8cb7-538c5f2a2fcd admin admin] Publish callbacks ['neutron.plugins.ml2.drivers.ovn.mech_driver.mech_driver.OVNMechanismDriver._create_security_group-431894', 'neutron.plugins.ml2.ovo_rpc._ObjectChangeHandler.handle_event-2482492'] for security_group (41ce0002-eec2-4b39-a489-da8783782f88), after_create {{(pid=108500) _notify_loop /opt/stack/data/venv/lib/python3.12/site-packages/neutron_lib/callbacks/manager.py:184}}
Jun 17 14:26:34.006303 np0000181142 devstack@neutron-api.service[108500]: INFO neutron.plugins.ml2.drivers.ovn.mech_driver.ovsdb.extensions.qos [None req-636e60c4-25e4-48da-8cb7-538c5f2a2fcd admin admin] Starting OVNClientQosExtension
Jun 17 14:26:34.006497 np0000181142 devstack@neutron-api.service[108500]: INFO neutron.plugins.ml2.drivers.ovn.mech_driver.ovsdb.extensions.placement [None req-636e60c4-25e4-48da-8cb7-538c5f2a2fcd admin admin] Starting OVNClientPlacementExtension
Jun 17 14:26:34.008264 np0000181142 devstack@neutron-api.service[108500]: DEBUG ovsdbapp.backend.ovs_idl.transaction [-] Running txn n=1 command(idx=0): PgAddCommand(_result=None, name=pg_41ce0002_eec2_4b39_a489_da8783782f88, may_exist=False, columns={'acls': [], 'external_ids': {'neutron:security_group_id': '41ce0002-eec2-4b39-a489-da8783782f88'}}) {{(pid=108500) do_commit /opt/stack/data/venv/lib/python3.12/site-packages/ovsdbapp/backend/ovs_idl/transaction.py:89}}
Jun 17 14:26:34.012892 np0000181142 devstack@neutron-api.service[108500]: DEBUG ovsdbapp.backend.ovs_idl.transaction [-] Running txn n=1 command(idx=1): PgAclAddCommand(_result=None, entity=pg_41ce0002_eec2_4b39_a489_da8783782f88, direction=from-lport, priority=1002, match=inport == @pg_41ce0002_eec2_4b39_a489_da8783782f88 && ip6, action=allow-related, log=False, may_exist=True, severity=[], name=[], meter=[], external_ids={'neutron:security_group_rule_id': '4a7b118b-ba22-475b-bc67-bc4b3793567d'}) {{(pid=108500) do_commit /opt/stack/data/venv/lib/python3.12/site-packages/ovsdbapp/backend/ovs_idl/transaction.py:89}}
Jun 17 14:26:34.013814 np0000181142 devstack@neutron-api.service[108500]: DEBUG ovsdbapp.backend.ovs_idl.transaction [-] Running txn n=1 command(idx=2): PgAclAddCommand(_result=None, entity=pg_41ce0002_eec2_4b39_a489_da8783782f88, direction=to-lport, priority=1002, match=outport == @pg_41ce0002_eec2_4b39_a489_da8783782f88 && ip4 && ip4.src == $pg_41ce0002_eec2_4b39_a489_da8783782f88_ip4, action=allow-related, log=False, may_exist=True, severity=[], name=[], meter=[], external_ids={'neutron:security_group_rule_id': '9d322230-90cd-4586-8fe5-f96f2493d9af'}) {{(pid=108500) do_commit /opt/stack/data/venv/lib/python3.12/site-packages/ovsdbapp/backend/ovs_idl/transaction.py:89}}
Jun 17 14:26:34.014571 np0000181142 devstack@neutron-api.service[108500]: DEBUG ovsdbapp.backend.ovs_idl.transaction [-] Running txn n=1 command(idx=3): PgAclAddCommand(_result=None, entity=pg_41ce0002_eec2_4b39_a489_da8783782f88, direction=from-lport, priority=1002, match=inport == @pg_41ce0002_eec2_4b39_a489_da8783782f88 && ip4, action=allow-related, log=False, may_exist=True, severity=[], name=[], meter=[], external_ids={'neutron:security_group_rule_id': '9e0f2078-0bfb-40ae-a3b9-588a4bb708eb'}) {{(pid=108500) do_commit /opt/stack/data/venv/lib/python3.12/site-packages/ovsdbapp/backend/ovs_idl/transaction.py:89}}
Jun 17 14:26:34.015393 np0000181142 devstack@neutron-api.service[108500]: DEBUG ovsdbapp.backend.ovs_idl.transaction [-] Running txn n=1 command(idx=4): PgAclAddCommand(_result=None, entity=pg_41ce0002_eec2_4b39_a489_da8783782f88, direction=to-lport, priority=1002, match=outport == @pg_41ce0002_eec2_4b39_a489_da8783782f88 && ip6 && ip6.src == $pg_41ce0002_eec2_4b39_a489_da8783782f88_ip6, action=allow-related, log=False, may_exist=True, severity=[], name=[], meter=[], external_ids={'neutron:security_group_rule_id': 'c1708f6d-c68d-43d9-928e-6d00742f09d6'}) {{(pid=108500) do_commit /opt/stack/data/venv/lib/python3.12/site-packages/ovsdbapp/backend/ovs_idl/transaction.py:89}}
Jun 17 14:26:34.024759 np0000181142 devstack@neutron-api.service[108500]: DEBUG neutron.plugins.ml2.drivers.ovn.mech_driver.ovsdb.ovsdb_monitor [-] Hash Ring: Node 818e22497ca256a7abaac9ad164a62d3 (host: np0000181142) handling event "create" for row 6a594c18-554e-44f8-bcff-d4ade9b5cc97 (table: ACL) {{(pid=108500) notify /opt/stack/neutron/neutron/plugins/ml2/drivers/ovn/mech_driver/ovsdb/ovsdb_monitor.py:1015}}
Jun 17 14:26:34.025174 np0000181142 devstack@neutron-api.service[108501]: DEBUG neutron.plugins.ml2.drivers.ovn.mech_driver.ovsdb.ovsdb_monitor [-] Hash Ring: Node 40e5ed02178c5353b4af50dfe6048e33 (host: np0000181142) handling event "create" for row 0a231a8c-ead4-4e89-aa6a-4099859784ca (table: ACL) {{(pid=108501) notify /opt/stack/neutron/neutron/plugins/ml2/drivers/ovn/mech_driver/ovsdb/ovsdb_monitor.py:1015}}
Jun 17 14:26:34.025174 np0000181142 devstack@neutron-api.service[108501]: DEBUG neutron.plugins.ml2.drivers.ovn.mech_driver.ovsdb.ovsdb_monitor [-] Hash Ring: Node 40e5ed02178c5353b4af50dfe6048e33 (host: np0000181142) handling event "create" for row 6a594c18-554e-44f8-bcff-d4ade9b5cc97 (table: ACL) {{(pid=108501) notify /opt/stack/neutron/neutron/plugins/ml2/drivers/ovn/mech_driver/ovsdb/ovsdb_monitor.py:1015}}
Jun 17 14:26:34.026159 np0000181142 devstack@neutron-api.service[108503]: DEBUG neutron.plugins.ml2.drivers.ovn.mech_driver.ovsdb.ovsdb_monitor [-] Hash Ring: Node 85e34a0d802b52818e64ad6ee2aed107 (host: np0000181142) handling event "create" for row 6a594c18-554e-44f8-bcff-d4ade9b5cc97 (table: ACL) {{(pid=108503) notify /opt/stack/neutron/neutron/plugins/ml2/drivers/ovn/mech_driver/ovsdb/ovsdb_monitor.py:1015}}
Jun 17 14:26:34.027164 np0000181142 devstack@neutron-api.service[108501]: DEBUG neutron.plugins.ml2.drivers.ovn.mech_driver.ovsdb.ovsdb_monitor [-] Hash Ring: Node 40e5ed02178c5353b4af50dfe6048e33 (host: np0000181142) handling event "create" for row d9048a35-83b7-4f2b-ba4c-306424a5af99 (table: ACL) {{(pid=108501) notify /opt/stack/neutron/neutron/plugins/ml2/drivers/ovn/mech_driver/ovsdb/ovsdb_monitor.py:1015}}
Jun 17 14:26:34.027346 np0000181142 devstack@neutron-api.service[108503]: DEBUG neutron.plugins.ml2.drivers.ovn.mech_driver.ovsdb.ovsdb_monitor [-] Hash Ring: Node 85e34a0d802b52818e64ad6ee2aed107 (host: np0000181142) handling event "create" for row fb68495b-aac6-47cb-ac11-5754c8c78d83 (table: ACL) {{(pid=108503) notify /opt/stack/neutron/neutron/plugins/ml2/drivers/ovn/mech_driver/ovsdb/ovsdb_monitor.py:1015}}
Jun 17 14:26:34.027767 np0000181142 devstack@neutron-api.service[108501]: DEBUG neutron.plugins.ml2.drivers.ovn.mech_driver.ovsdb.ovsdb_monitor [-] Hash Ring: Node 40e5ed02178c5353b4af50dfe6048e33 (host: np0000181142) handling event "create" for row fb68495b-aac6-47cb-ac11-5754c8c78d83 (table: ACL) {{(pid=108501) notify /opt/stack/neutron/neutron/plugins/ml2/drivers/ovn/mech_driver/ovsdb/ovsdb_monitor.py:1015}}
Jun 17 14:26:34.027767 np0000181142 devstack@neutron-api.service[108501]: DEBUG neutron.plugins.ml2.drivers.ovn.mech_driver.ovsdb.ovsdb_monitor [-] Hash Ring: Node 40e5ed02178c5353b4af50dfe6048e33 (host: np0000181142) handling event "create" for row 69a42757-e5b4-4a1d-8943-0966893f1ea6 (table: Port_Group) {{(pid=108501) notify /opt/stack/neutron/neutron/plugins/ml2/drivers/ovn/mech_driver/ovsdb/ovsdb_monitor.py:1015}}
Jun 17 14:26:34.028621 np0000181142 devstack@neutron-api.service[108503]: DEBUG neutron.plugins.ml2.drivers.ovn.mech_driver.ovsdb.ovsdb_monitor [-] Hash Ring: Node 85e34a0d802b52818e64ad6ee2aed107 (host: np0000181142) handling event "create" for row 69a42757-e5b4-4a1d-8943-0966893f1ea6 (table: Port_Group) {{(pid=108503) notify /opt/stack/neutron/neutron/plugins/ml2/drivers/ovn/mech_driver/ovsdb/ovsdb_monitor.py:1015}}
Jun 17 14:26:34.028758 np0000181142 devstack@neutron-api.service[108502]: DEBUG neutron.plugins.ml2.drivers.ovn.mech_driver.ovsdb.ovsdb_monitor [-] Hash Ring: Node 9acbddb452ea556f9e4cda5017c14739 (host: np0000181142) handling event "create" for row d9048a35-83b7-4f2b-ba4c-306424a5af99 (table: ACL) {{(pid=108502) notify /opt/stack/neutron/neutron/plugins/ml2/drivers/ovn/mech_driver/ovsdb/ovsdb_monitor.py:1015}}
Jun 17 14:26:34.056486 np0000181142 devstack@neutron-api.service[108500]: INFO neutron.db.ovn_revision_numbers_db [None req-636e60c4-25e4-48da-8cb7-538c5f2a2fcd admin admin] Successfully bumped revision number for resource 41ce0002-eec2-4b39-a489-da8783782f88 (type: security_groups) to 1
Jun 17 14:26:34.073494 np0000181142 devstack@neutron-api.service[108500]: INFO neutron.db.ovn_revision_numbers_db [None req-636e60c4-25e4-48da-8cb7-538c5f2a2fcd admin admin] Successfully bumped revision number for resource 4a7b118b-ba22-475b-bc67-bc4b3793567d (type: security_group_rules) to 0
Jun 17 14:26:34.088275 np0000181142 devstack@neutron-api.service[108500]: INFO neutron.db.ovn_revision_numbers_db [None req-636e60c4-25e4-48da-8cb7-538c5f2a2fcd admin admin] Successfully bumped revision number for resource 9d322230-90cd-4586-8fe5-f96f2493d9af (type: security_group_rules) to 0
Jun 17 14:26:34.100733 np0000181142 devstack@neutron-api.service[108500]: INFO neutron.db.ovn_revision_numbers_db [None req-636e60c4-25e4-48da-8cb7-538c5f2a2fcd admin admin] Successfully bumped revision number for resource 9e0f2078-0bfb-40ae-a3b9-588a4bb708eb (type: security_group_rules) to 0
Jun 17 14:26:34.114089 np0000181142 devstack@neutron-api.service[108500]: INFO neutron.db.ovn_revision_numbers_db [None req-636e60c4-25e4-48da-8cb7-538c5f2a2fcd admin admin] Successfully bumped revision number for resource c1708f6d-c68d-43d9-928e-6d00742f09d6 (type: security_group_rules) to 0
Jun 17 14:26:34.140664 np0000181142 devstack@neutron-api.service[108500]: DEBUG neutron.api.rpc.handlers.resources_rpc [None req-636e60c4-25e4-48da-8cb7-538c5f2a2fcd admin admin] Pushing event updated for resources: {'SecurityGroup': ['ID=41ce0002-eec2-4b39-a489-da8783782f88,revision_number=1']} {{(pid=108500) push /opt/stack/neutron/neutron/api/rpc/handlers/resources_rpc.py:237}}
Jun 17 14:26:34.147944 np0000181142 devstack@neutron-api.service[108500]: DEBUG ovsdbapp.backend.ovs_idl.transaction [-] Running txn n=1 command(idx=0): CheckLivenessCommand(_result=None) {{(pid=108500) do_commit /opt/stack/data/venv/lib/python3.12/site-packages/ovsdbapp/backend/ovs_idl/transaction.py:89}}
Jun 17 14:26:34.151207 np0000181142 devstack@neutron-api.service[108501]: DEBUG neutron.plugins.ml2.drivers.ovn.mech_driver.ovsdb.ovsdb_monitor [-] Hash Ring: Node 40e5ed02178c5353b4af50dfe6048e33 (host: np0000181142) handling event "update" for row ddb7d677-eb7c-42ae-b1f0-185d5e17db72 (table: NB_Global) {{(pid=108501) notify /opt/stack/neutron/neutron/plugins/ml2/drivers/ovn/mech_driver/ovsdb/ovsdb_monitor.py:1015}}
Jun 17 14:26:34.154381 np0000181142 devstack@neutron-api.service[108501]: DEBUG neutron.plugins.ml2.drivers.ovn.mech_driver.ovsdb.ovsdb_monitor [-] Hash Ring: Node 40e5ed02178c5353b4af50dfe6048e33 (host: np0000181142) handling event "update" for row ddb7d677-eb7c-42ae-b1f0-185d5e17db72 (table: NB_Global) {{(pid=108501) notify /opt/stack/neutron/neutron/plugins/ml2/drivers/ovn/mech_driver/ovsdb/ovsdb_monitor.py:1015}}
Jun 17 14:26:34.155205 np0000181142 devstack@neutron-api.service[108500]: DEBUG neutron.api.rpc.callbacks.version_manager [None req-636e60c4-25e4-48da-8cb7-538c5f2a2fcd admin admin] Tracked resource versions report:
Jun 17 14:26:34.155205 np0000181142 devstack@neutron-api.service[108500]: pushed versions:
Jun 17 14:26:34.155205 np0000181142 devstack@neutron-api.service[108500]: { 'AddressGroup': {'1.2'},
Jun 17 14:26:34.155205 np0000181142 devstack@neutron-api.service[108500]: 'Agent': {'1.1'},
Jun 17 14:26:34.155205 np0000181142 devstack@neutron-api.service[108500]: 'ConntrackHelper': {'1.0'},
Jun 17 14:26:34.155205 np0000181142 devstack@neutron-api.service[108500]: 'LocalIPAssociation': {'1.0'},
Jun 17 14:26:34.155205 np0000181142 devstack@neutron-api.service[108500]: 'Log': {'1.0'},
Jun 17 14:26:34.155205 np0000181142 devstack@neutron-api.service[108500]: 'NDPProxy': {'1.0'},
Jun 17 14:26:34.155205 np0000181142 devstack@neutron-api.service[108500]: 'Network': {'1.3'},
Jun 17 14:26:34.155205 np0000181142 devstack@neutron-api.service[108500]: 'Port': {'1.11'},
Jun 17 14:26:34.155205 np0000181142 devstack@neutron-api.service[108500]: 'PortForwarding': {'1.3'},
Jun 17 14:26:34.155205 np0000181142 devstack@neutron-api.service[108500]: 'QosPolicy': {'1.10'},
Jun 17 14:26:34.155205 np0000181142 devstack@neutron-api.service[108500]: 'SecurityGroup': {'1.6'},
Jun 17 14:26:34.155205 np0000181142 devstack@neutron-api.service[108500]: 'SecurityGroupRule': {'1.3'},
Jun 17 14:26:34.155205 np0000181142 devstack@neutron-api.service[108500]: 'SubPort': {'1.0'},
Jun 17 14:26:34.155205 np0000181142 devstack@neutron-api.service[108500]: 'Subnet': {'1.2'},
Jun 17 14:26:34.155205 np0000181142 devstack@neutron-api.service[108500]: 'Trunk': {'1.1'}}
Jun 17 14:26:34.155205 np0000181142 devstack@neutron-api.service[108500]: consumer versions:
Jun 17 14:26:34.155205 np0000181142 devstack@neutron-api.service[108500]: {}
Jun 17 14:26:34.155205 np0000181142 devstack@neutron-api.service[108500]: {{(pid=108500) report /opt/stack/neutron/neutron/api/rpc/callbacks/version_manager.py:183}}
Jun 17 14:26:34.156889 np0000181142 devstack@neutron-api.service[108502]: DEBUG neutron.plugins.ml2.drivers.ovn.mech_driver.ovsdb.ovsdb_monitor [-] Hash Ring: Node 9acbddb452ea556f9e4cda5017c14739 (host: np0000181142) handling event "update" for row ddb7d677-eb7c-42ae-b1f0-185d5e17db72 (table: NB_Global) {{(pid=108502) notify /opt/stack/neutron/neutron/plugins/ml2/drivers/ovn/mech_driver/ovsdb/ovsdb_monitor.py:1015}}
Jun 17 14:26:34.157859 np0000181142 devstack@neutron-api.service[108503]: DEBUG neutron.plugins.ml2.drivers.ovn.mech_driver.ovsdb.ovsdb_monitor [-] ChassisAgentWriteEvent : Matched Chassis_Private, update, None None {{(pid=108503) matches /opt/stack/neutron/neutron/plugins/ml2/drivers/ovn/mech_driver/ovsdb/ovsdb_monitor.py:64}}
Jun 17 14:26:34.158513 np0000181142 devstack@neutron-api.service[108501]: DEBUG neutron.plugins.ml2.drivers.ovn.mech_driver.ovsdb.ovsdb_monitor [-] Hash Ring: Node 40e5ed02178c5353b4af50dfe6048e33 (host: np0000181142) handling event "update" for row ddb7d677-eb7c-42ae-b1f0-185d5e17db72 (table: NB_Global) {{(pid=108501) notify /opt/stack/neutron/neutron/plugins/ml2/drivers/ovn/mech_driver/ovsdb/ovsdb_monitor.py:1015}}
Jun 17 14:26:34.158845 np0000181142 devstack@neutron-api.service[108502]: DEBUG neutron.plugins.ml2.drivers.ovn.mech_driver.ovsdb.ovsdb_monitor [-] Hash Ring: Node 9acbddb452ea556f9e4cda5017c14739 (host: np0000181142) handling event "update" for row ddb7d677-eb7c-42ae-b1f0-185d5e17db72 (table: NB_Global) {{(pid=108502) notify /opt/stack/neutron/neutron/plugins/ml2/drivers/ovn/mech_driver/ovsdb/ovsdb_monitor.py:1015}}
Jun 17 14:26:34.158929 np0000181142 devstack@neutron-api.service[108501]: DEBUG neutron.plugins.ml2.drivers.ovn.mech_driver.ovsdb.ovsdb_monitor [-] Hash Ring: Node 40e5ed02178c5353b4af50dfe6048e33 (host: np0000181142) handling event "update" for row ddb7d677-eb7c-42ae-b1f0-185d5e17db72 (table: NB_Global) {{(pid=108501) notify /opt/stack/neutron/neutron/plugins/ml2/drivers/ovn/mech_driver/ovsdb/ovsdb_monitor.py:1015}}
Jun 17 14:26:34.159021 np0000181142 devstack@neutron-api.service[108502]: DEBUG neutron.plugins.ml2.drivers.ovn.mech_driver.ovsdb.ovsdb_monitor [-] ChassisAgentWriteEvent : Matched Chassis_Private, update, None None {{(pid=108502) matches /opt/stack/neutron/neutron/plugins/ml2/drivers/ovn/mech_driver/ovsdb/ovsdb_monitor.py:64}}
Jun 17 14:26:34.160843 np0000181142 devstack@neutron-api.service[108500]: DEBUG neutron.plugins.ml2.drivers.ovn.mech_driver.ovsdb.ovsdb_monitor [-] ChassisAgentWriteEvent : Matched Chassis_Private, update, None None {{(pid=108500) matches /opt/stack/neutron/neutron/plugins/ml2/drivers/ovn/mech_driver/ovsdb/ovsdb_monitor.py:64}}
Jun 17 14:26:34.160951 np0000181142 devstack@neutron-api.service[108502]: DEBUG neutron.plugins.ml2.drivers.ovn.mech_driver.ovsdb.ovsdb_monitor [-] Hash Ring: Node 9acbddb452ea556f9e4cda5017c14739 (host: np0000181142) handling event "update" for row ddb7d677-eb7c-42ae-b1f0-185d5e17db72 (table: NB_Global) {{(pid=108502) notify /opt/stack/neutron/neutron/plugins/ml2/drivers/ovn/mech_driver/ovsdb/ovsdb_monitor.py:1015}}
Jun 17 14:26:34.161663 np0000181142 devstack@neutron-api.service[108500]: DEBUG neutron.plugins.ml2.drivers.ovn.mech_driver.ovsdb.ovsdb_monitor [-] Hash Ring: Node 818e22497ca256a7abaac9ad164a62d3 (host: np0000181142) handling event "update" for row d3034a37-4b67-4e6e-960f-f96aec3146eb (table: Chassis_Private) {{(pid=108500) notify /opt/stack/neutron/neutron/plugins/ml2/drivers/ovn/mech_driver/ovsdb/ovsdb_monitor.py:1015}}
Jun 17 14:26:34.162346 np0000181142 devstack@neutron-api.service[108501]: DEBUG neutron.plugins.ml2.drivers.ovn.mech_driver.ovsdb.ovsdb_monitor [-] ChassisAgentWriteEvent : Matched Chassis_Private, update, None None {{(pid=108501) matches /opt/stack/neutron/neutron/plugins/ml2/drivers/ovn/mech_driver/ovsdb/ovsdb_monitor.py:64}}
Jun 17 14:26:34.163164 np0000181142 devstack@neutron-api.service[108503]: DEBUG neutron.plugins.ml2.drivers.ovn.mech_driver.ovsdb.ovsdb_monitor [-] ChassisOVNAgentWriteEvent : Matched Chassis_Private, update, None None {{(pid=108503) matches /opt/stack/neutron/neutron/plugins/ml2/drivers/ovn/mech_driver/ovsdb/ovsdb_monitor.py:64}}
Jun 17 14:26:34.163886 np0000181142 devstack@neutron-api.service[108502]: DEBUG neutron.plugins.ml2.drivers.ovn.mech_driver.ovsdb.ovsdb_monitor [-] ChassisOVNAgentWriteEvent : Matched Chassis_Private, update, None None {{(pid=108502) matches /opt/stack/neutron/neutron/plugins/ml2/drivers/ovn/mech_driver/ovsdb/ovsdb_monitor.py:64}}
Jun 17 14:26:34.164671 np0000181142 devstack@neutron-api.service[108500]: DEBUG neutron.plugins.ml2.drivers.ovn.mech_driver.ovsdb.ovsdb_monitor [-] ChassisOVNAgentWriteEvent : Matched Chassis_Private, update, None None {{(pid=108500) matches /opt/stack/neutron/neutron/plugins/ml2/drivers/ovn/mech_driver/ovsdb/ovsdb_monitor.py:64}}
Jun 17 14:26:34.164766 np0000181142 devstack@neutron-api.service[108502]: DEBUG neutron.plugins.ml2.drivers.ovn.mech_driver.ovsdb.ovsdb_monitor [-] Hash Ring: Node 9acbddb452ea556f9e4cda5017c14739 (host: np0000181142) handling event "update" for row ddb7d677-eb7c-42ae-b1f0-185d5e17db72 (table: NB_Global) {{(pid=108502) notify /opt/stack/neutron/neutron/plugins/ml2/drivers/ovn/mech_driver/ovsdb/ovsdb_monitor.py:1015}}
Jun 17 14:26:34.165137 np0000181142 devstack@neutron-api.service[108500]: DEBUG neutron.plugins.ml2.drivers.ovn.mech_driver.ovsdb.ovsdb_monitor [-] Hash Ring: Node 818e22497ca256a7abaac9ad164a62d3 (host: np0000181142) handling event "update" for row d3034a37-4b67-4e6e-960f-f96aec3146eb (table: Chassis_Private) {{(pid=108500) notify /opt/stack/neutron/neutron/plugins/ml2/drivers/ovn/mech_driver/ovsdb/ovsdb_monitor.py:1015}}
Jun 17 14:26:34.171694 np0000181142 devstack@neutron-api.service[108501]: DEBUG neutron.common.ovn.hash_ring_manager [-] Allow caching, nodes 4>=4 {{(pid=108501) _wait_startup_before_caching /opt/stack/neutron/neutron/common/ovn/hash_ring_manager.py:71}}
Jun 17 14:26:34.171863 np0000181142 devstack@neutron-api.service[108501]: DEBUG neutron.plugins.ml2.drivers.ovn.mech_driver.ovsdb.ovsdb_monitor [-] Hash Ring: Node 40e5ed02178c5353b4af50dfe6048e33 (host: np0000181142) handling event "update" for row d3034a37-4b67-4e6e-960f-f96aec3146eb (table: Chassis_Private) {{(pid=108501) notify /opt/stack/neutron/neutron/plugins/ml2/drivers/ovn/mech_driver/ovsdb/ovsdb_monitor.py:1015}}
Jun 17 14:26:34.172735 np0000181142 devstack@neutron-api.service[108501]: DEBUG neutron.plugins.ml2.drivers.ovn.mech_driver.ovsdb.ovsdb_monitor [-] ChassisOVNAgentWriteEvent : Matched Chassis_Private, update, None None {{(pid=108501) matches /opt/stack/neutron/neutron/plugins/ml2/drivers/ovn/mech_driver/ovsdb/ovsdb_monitor.py:64}}
Jun 17 14:26:34.172962 np0000181142 devstack@neutron-api.service[108501]: DEBUG neutron.plugins.ml2.drivers.ovn.mech_driver.ovsdb.ovsdb_monitor [-] Hash Ring: Node 40e5ed02178c5353b4af50dfe6048e33 (host: np0000181142) handling event "update" for row d3034a37-4b67-4e6e-960f-f96aec3146eb (table: Chassis_Private) {{(pid=108501) notify /opt/stack/neutron/neutron/plugins/ml2/drivers/ovn/mech_driver/ovsdb/ovsdb_monitor.py:1015}}
Jun 17 14:26:34.220139 np0000181142 devstack@neutron-api.service[108500]: DEBUG neutron.plugins.ml2.drivers.helpers [None req-636e60c4-25e4-48da-8cb7-538c5f2a2fcd admin admin] geneve segment allocate from pool success with {'geneve_vni': 52925} {{(pid=108500) allocate_partially_specified_segment /opt/stack/neutron/neutron/plugins/ml2/drivers/helpers.py:142}}
Jun 17 14:26:34.230029 np0000181142 devstack@neutron-api.service[108500]: DEBUG neutron_lib.callbacks.manager [None req-636e60c4-25e4-48da-8cb7-538c5f2a2fcd admin admin] Publish callbacks ['neutron.services.segments.db._add_segment_host_mapping_for_segment-8459398934592', 'neutron.plugins.ml2.plugin.Ml2Plugin._handle_segment_change-16545451'] for segment (d6468dc9-ab5d-4b6b-8aaa-be43f44fcaea), precommit_create {{(pid=108500) _notify_loop /opt/stack/data/venv/lib/python3.12/site-packages/neutron_lib/callbacks/manager.py:184}}
Jun 17 14:26:34.230198 np0000181142 devstack@neutron-api.service[108500]: INFO neutron.db.segments_db [None req-636e60c4-25e4-48da-8cb7-538c5f2a2fcd admin admin] Added segment d6468dc9-ab5d-4b6b-8aaa-be43f44fcaea of type geneve for network 14b682d4-2c06-422d-a6bc-791c563632e4
Jun 17 14:26:34.276722 np0000181142 devstack@neutron-api.service[108500]: DEBUG neutron_lib.callbacks.manager [None req-636e60c4-25e4-48da-8cb7-538c5f2a2fcd admin admin] Publish callbacks ['neutron.services.auto_allocate.db._ensure_external_network_default_value_callback-8459396340546'] for network (14b682d4-2c06-422d-a6bc-791c563632e4), precommit_create {{(pid=108500) _notify_loop /opt/stack/data/venv/lib/python3.12/site-packages/neutron_lib/callbacks/manager.py:184}}
Jun 17 14:26:34.292343 np0000181142 devstack@neutron-api.service[108500]: DEBUG neutron.plugins.ml2.drivers.ovn.mech_driver.mech_driver [None req-636e60c4-25e4-48da-8cb7-538c5f2a2fcd admin admin] Validating network segment with type geneve, segmentation ID 52925, physical network None {{(pid=108500) _validate_network_segments /opt/stack/neutron/neutron/plugins/ml2/drivers/ovn/mech_driver/mech_driver.py:643}}
Jun 17 14:26:34.292518 np0000181142 devstack@neutron-api.service[108500]: DEBUG neutron.db.ovn_revision_numbers_db [None req-636e60c4-25e4-48da-8cb7-538c5f2a2fcd admin admin] create_initial_revision uuid=14b682d4-2c06-422d-a6bc-791c563632e4, type=networks, rev=-1 {{(pid=108500) create_initial_revision /opt/stack/neutron/neutron/db/ovn_revision_numbers_db.py:98}}
Jun 17 14:26:34.313655 np0000181142 devstack@neutron-api.service[108500]: DEBUG neutron_lib.callbacks.manager [None req-636e60c4-25e4-48da-8cb7-538c5f2a2fcd admin admin] Publish callbacks ['neutron.plugins.ml2.ovo_rpc._ObjectChangeHandler.handle_event-2482320'] for network (14b682d4-2c06-422d-a6bc-791c563632e4), after_create {{(pid=108500) _notify_loop /opt/stack/data/venv/lib/python3.12/site-packages/neutron_lib/callbacks/manager.py:184}}
Jun 17 14:26:34.363338 np0000181142 devstack@neutron-api.service[108500]: DEBUG neutron.api.rpc.handlers.resources_rpc [None req-636e60c4-25e4-48da-8cb7-538c5f2a2fcd admin admin] Pushing event updated for resources: {'Network': ['ID=14b682d4-2c06-422d-a6bc-791c563632e4,revision_number=1']} {{(pid=108500) push /opt/stack/neutron/neutron/api/rpc/handlers/resources_rpc.py:237}}
Jun 17 14:26:34.372610 np0000181142 devstack@neutron-api.service[108500]: DEBUG ovsdbapp.backend.ovs_idl.transaction [-] Running txn n=1 command(idx=0): AddNetworkCommand(_result=None, network_uuid=14b682d4-2c06-422d-a6bc-791c563632e4, may_exist=True, columns={'external_ids': {'neutron:network_name': 'private', 'neutron:mtu': '1372', 'neutron:revision_number': '1', 'neutron:availability_zone_hints': '', 'neutron:provnet-network-type': 'geneve'}, 'other_config': {'mcast_snoop': 'false', 'mcast_flood_unregistered': 'false', 'vlan-passthru': 'false'}}) {{(pid=108500) do_commit /opt/stack/data/venv/lib/python3.12/site-packages/ovsdbapp/backend/ovs_idl/transaction.py:89}}
Jun 17 14:26:34.373340 np0000181142 devstack@neutron-api.service[108500]: DEBUG neutron.common.ovn.utils [-] OVS persist_uuid supported=True {{(pid=108500) ovs_persist_uuid_supported /opt/stack/neutron/neutron/common/ovn/utils.py:1544}}
Jun 17 14:26:34.377653 np0000181142 devstack@neutron-api.service[108501]: DEBUG neutron.plugins.ml2.drivers.ovn.mech_driver.ovsdb.ovsdb_monitor [-] Hash Ring: Node 40e5ed02178c5353b4af50dfe6048e33 (host: np0000181142) handling event "create" for row 14b682d4-2c06-422d-a6bc-791c563632e4 (table: Logical_Switch) {{(pid=108501) notify /opt/stack/neutron/neutron/plugins/ml2/drivers/ovn/mech_driver/ovsdb/ovsdb_monitor.py:1015}}
Jun 17 14:26:34.380617 np0000181142 devstack@neutron-api.service[108502]: DEBUG neutron.plugins.ml2.drivers.ovn.mech_driver.ovsdb.ovsdb_monitor [-] Hash Ring: Node 9acbddb452ea556f9e4cda5017c14739 (host: np0000181142) handling event "create" for row 14b682d4-2c06-422d-a6bc-791c563632e4 (table: Logical_Switch) {{(pid=108502) notify /opt/stack/neutron/neutron/plugins/ml2/drivers/ovn/mech_driver/ovsdb/ovsdb_monitor.py:1015}}
Jun 17 14:26:34.386328 np0000181142 devstack@neutron-api.service[108503]: DEBUG neutron.plugins.ml2.drivers.ovn.mech_driver.ovsdb.ovsdb_monitor [-] Hash Ring: Node 85e34a0d802b52818e64ad6ee2aed107 (host: np0000181142) handling event "create" for row 6e4a6010-0847-4047-8c8c-22d04bbb7dcc (table: Datapath_Binding) {{(pid=108503) notify /opt/stack/neutron/neutron/plugins/ml2/drivers/ovn/mech_driver/ovsdb/ovsdb_monitor.py:1015}}
Jun 17 14:26:34.386429 np0000181142 devstack@neutron-api.service[108501]: DEBUG neutron.plugins.ml2.drivers.ovn.mech_driver.ovsdb.ovsdb_monitor [-] Hash Ring: Node 40e5ed02178c5353b4af50dfe6048e33 (host: np0000181142) handling event "create" for row 6e4a6010-0847-4047-8c8c-22d04bbb7dcc (table: Datapath_Binding) {{(pid=108501) notify /opt/stack/neutron/neutron/plugins/ml2/drivers/ovn/mech_driver/ovsdb/ovsdb_monitor.py:1015}}
Jun 17 14:26:34.415636 np0000181142 devstack@neutron-api.service[108500]: INFO neutron.db.ovn_revision_numbers_db [None req-636e60c4-25e4-48da-8cb7-538c5f2a2fcd admin admin] Successfully bumped revision number for resource 14b682d4-2c06-422d-a6bc-791c563632e4 (type: networks) to 1
Jun 17 14:26:34.479389 np0000181142 devstack@neutron-api.service[108500]: DEBUG neutron_lib.callbacks.manager [None req-636e60c4-25e4-48da-8cb7-538c5f2a2fcd admin admin] Publish callbacks ['neutron.plugins.ml2.plugin.SecurityGroupDbMixin._ensure_default_security_group_handler-15839981'] for port (None), before_create {{(pid=108500) _notify_loop /opt/stack/data/venv/lib/python3.12/site-packages/neutron_lib/callbacks/manager.py:184}}
Jun 17 14:26:34.740104 np0000181142 devstack@neutron-api.service[108500]: DEBUG neutron_lib.callbacks.manager [None req-636e60c4-25e4-48da-8cb7-538c5f2a2fcd admin admin] Publish callbacks ['neutron.plugins.ml2.drivers.ovn.mech_driver.mech_driver.OVNMechanismDriver._validate_allowed_address_pairs-432036'] for allowed_address_pair (c4f404a4-e62e-4f0e-a8e7-61add5e7c71e), before_create {{(pid=108500) _notify_loop /opt/stack/data/venv/lib/python3.12/site-packages/neutron_lib/callbacks/manager.py:184}}
Jun 17 14:26:34.740856 np0000181142 devstack@neutron-api.service[108500]: DEBUG neutron_lib.callbacks.manager [None req-636e60c4-25e4-48da-8cb7-538c5f2a2fcd admin admin] Publish callbacks [] for port (c4f404a4-e62e-4f0e-a8e7-61add5e7c71e), precommit_create {{(pid=108500) _notify_loop /opt/stack/data/venv/lib/python3.12/site-packages/neutron_lib/callbacks/manager.py:184}}
Jun 17 14:26:34.740856 np0000181142 devstack@neutron-api.service[108500]: DEBUG neutron.plugins.ml2.drivers.ovn.mech_driver.mech_driver [None req-636e60c4-25e4-48da-8cb7-538c5f2a2fcd admin admin] No provisioning block for port c4f404a4-e62e-4f0e-a8e7-61add5e7c71e since it does not have a host {{(pid=108500) _is_port_provisioning_required /opt/stack/neutron/neutron/plugins/ml2/drivers/ovn/mech_driver/mech_driver.py:896}}
Jun 17 14:26:34.741013 np0000181142 devstack@neutron-api.service[108500]: DEBUG neutron.db.ovn_revision_numbers_db [None req-636e60c4-25e4-48da-8cb7-538c5f2a2fcd admin admin] create_initial_revision uuid=c4f404a4-e62e-4f0e-a8e7-61add5e7c71e, type=ports, rev=-1 {{(pid=108500) create_initial_revision /opt/stack/neutron/neutron/db/ovn_revision_numbers_db.py:98}}
Jun 17 14:26:34.809332 np0000181142 devstack@neutron-api.service[108500]: DEBUG neutron_lib.callbacks.manager [None req-636e60c4-25e4-48da-8cb7-538c5f2a2fcd admin admin] Publish callbacks ['neutron.plugins.ml2.ovo_rpc._ObjectChangeHandler.handle_event-2482475'] for port (c4f404a4-e62e-4f0e-a8e7-61add5e7c71e), after_create {{(pid=108500) _notify_loop /opt/stack/data/venv/lib/python3.12/site-packages/neutron_lib/callbacks/manager.py:184}}
Jun 17 14:26:34.867487 np0000181142 devstack@neutron-api.service[108500]: DEBUG neutron.api.rpc.handlers.resources_rpc [None req-636e60c4-25e4-48da-8cb7-538c5f2a2fcd admin admin] Pushing event updated for resources: {'Port': ['ID=c4f404a4-e62e-4f0e-a8e7-61add5e7c71e,revision_number=1']} {{(pid=108500) push /opt/stack/neutron/neutron/api/rpc/handlers/resources_rpc.py:237}}
Jun 17 14:26:34.906731 np0000181142 devstack@neutron-api.service[108500]: DEBUG neutron.plugins.ml2.drivers.ovn.mech_driver.ovsdb.commands [None req-636e60c4-25e4-48da-8cb7-538c5f2a2fcd admin admin] Converting tag [] to a tag_request {{(pid=108500) _tag_column_to_tag_request /opt/stack/neutron/neutron/plugins/ml2/drivers/ovn/mech_driver/ovsdb/commands.py:205}}
Jun 17 14:26:34.907782 np0000181142 devstack@neutron-api.service[108500]: DEBUG ovsdbapp.backend.ovs_idl.transaction [-] Running txn n=1 command(idx=0): AddLSwitchPortCommand(_result=None, lport=c4f404a4-e62e-4f0e-a8e7-61add5e7c71e, lswitch=neutron-14b682d4-2c06-422d-a6bc-791c563632e4, may_exist=True, network_uuid=14b682d4-2c06-422d-a6bc-791c563632e4, columns={'addresses': ['fa:16:3e:cc:6a:43'], 'external_ids': {'neutron:port_name': '', 'neutron:device_id': 'ovnmeta-14b682d4-2c06-422d-a6bc-791c563632e4', 'neutron:project_id': 'c4e36363a1bc499eaaa9b80df657adf4', 'neutron:cidrs': '', 'neutron:device_owner': 'network:distributed', 'neutron:subnet_pool_addr_scope4': '', 'neutron:subnet_pool_addr_scope6': '', 'neutron:network_name': 'neutron-14b682d4-2c06-422d-a6bc-791c563632e4', 'neutron:security_group_ids': '', 'neutron:revision_number': '1', 'neutron:vnic_type': 'normal', 'neutron:port_capabilities': '', 'neutron:mtu': '1372'}, 'parent_name': [], 'enabled': True, 'options': {}, 'type': 'localport', 'port_security': [], 'dhcpv4_options': [], 'dhcpv6_options': [], 'tag_request': []}) {{(pid=108500) do_commit /opt/stack/data/venv/lib/python3.12/site-packages/ovsdbapp/backend/ovs_idl/transaction.py:89}}
Jun 17 14:26:34.908934 np0000181142 devstack@neutron-api.service[108500]: DEBUG ovsdbapp.backend.ovs_idl.transaction [-] Running txn n=1 command(idx=1): QoSDelCommand(_result=None, switch=neutron-14b682d4-2c06-422d-a6bc-791c563632e4, conditions=[('direction', '=', 'to-lport'), ('priority', '=', 2002), ('match', '=', 'outport == "c4f404a4-e62e-4f0e-a8e7-61add5e7c71e"')], if_exists=True) {{(pid=108500) do_commit /opt/stack/data/venv/lib/python3.12/site-packages/ovsdbapp/backend/ovs_idl/transaction.py:89}}
Jun 17 14:26:34.909320 np0000181142 devstack@neutron-api.service[108500]: DEBUG ovsdbapp.backend.ovs_idl.transaction [-] Running txn n=1 command(idx=2): QoSDelCommand(_result=None, switch=neutron-14b682d4-2c06-422d-a6bc-791c563632e4, conditions=[('direction', '=', 'from-lport'), ('priority', '=', 2002), ('match', '=', 'inport == "c4f404a4-e62e-4f0e-a8e7-61add5e7c71e"')], if_exists=True) {{(pid=108500) do_commit /opt/stack/data/venv/lib/python3.12/site-packages/ovsdbapp/backend/ovs_idl/transaction.py:89}}
Jun 17 14:26:34.914663 np0000181142 devstack@neutron-api.service[108501]: DEBUG neutron.plugins.ml2.drivers.ovn.mech_driver.ovsdb.ovsdb_monitor [-] Hash Ring: Node 40e5ed02178c5353b4af50dfe6048e33 (host: np0000181142) handling event "update" for row 14b682d4-2c06-422d-a6bc-791c563632e4 (table: Logical_Switch) {{(pid=108501) notify /opt/stack/neutron/neutron/plugins/ml2/drivers/ovn/mech_driver/ovsdb/ovsdb_monitor.py:1015}}
Jun 17 14:26:34.915032 np0000181142 devstack@neutron-api.service[108501]: DEBUG neutron.plugins.ml2.drivers.ovn.mech_driver.ovsdb.ovsdb_monitor [-] Hash Ring: Node 40e5ed02178c5353b4af50dfe6048e33 (host: np0000181142) handling event "create" for row fe3b6073-22ea-424e-83e7-3ac7ba83c93d (table: Logical_Switch_Port) {{(pid=108501) notify /opt/stack/neutron/neutron/plugins/ml2/drivers/ovn/mech_driver/ovsdb/ovsdb_monitor.py:1015}}
Jun 17 14:26:34.916646 np0000181142 devstack@neutron-api.service[108501]: DEBUG ovsdbapp.backend.ovs_idl.event [-] Matched CREATE: LogicalSwitchPortCreateEvent(events=('create',), table='Logical_Switch_Port', conditions=[], old_conditions=None), priority=20 to row=Logical_Switch_Port(uuid=fe3b6073-22ea-424e-83e7-3ac7ba83c93d, addresses=['fa:16:3e:cc:6a:43'], dhcpv4_options=[], dhcpv6_options=[], dynamic_addresses=[], enabled=True, external_ids={'neutron:cidrs': '', 'neutron:device_id': 'ovnmeta-14b682d4-2c06-422d-a6bc-791c563632e4', 'neutron:device_owner': 'network:distributed', 'neutron:mtu': '1372', 'neutron:network_name': 'neutron-14b682d4-2c06-422d-a6bc-791c563632e4', 'neutron:port_capabilities': '', 'neutron:port_name': '', 'neutron:project_id': 'c4e36363a1bc499eaaa9b80df657adf4', 'neutron:revision_number': '1', 'neutron:security_group_ids': '', 'neutron:subnet_pool_addr_scope4': '', 'neutron:subnet_pool_addr_scope6': '', 'neutron:vnic_type': 'normal'}, ha_chassis_group=[], mirror_rules=[], name='c4f404a4-e62e-4f0e-a8e7-61add5e7c71e', options={}, parent_name=[], port_security=[], tag=[], tag_request=[], type='localport', up=[]) old= {{(pid=108501) matches /opt/stack/data/venv/lib/python3.12/site-packages/ovsdbapp/backend/ovs_idl/event.py:55}}
Jun 17 14:26:34.916999 np0000181142 devstack@neutron-api.service[108500]: DEBUG neutron.plugins.ml2.drivers.ovn.mech_driver.ovsdb.ovsdb_monitor [-] Hash Ring: Node 818e22497ca256a7abaac9ad164a62d3 (host: np0000181142) handling event "create" for row fe3b6073-22ea-424e-83e7-3ac7ba83c93d (table: Logical_Switch_Port) {{(pid=108500) notify /opt/stack/neutron/neutron/plugins/ml2/drivers/ovn/mech_driver/ovsdb/ovsdb_monitor.py:1015}}
Jun 17 14:26:34.918064 np0000181142 devstack@neutron-api.service[108502]: DEBUG neutron.plugins.ml2.drivers.ovn.mech_driver.ovsdb.ovsdb_monitor [-] Hash Ring: Node 9acbddb452ea556f9e4cda5017c14739 (host: np0000181142) handling event "update" for row 14b682d4-2c06-422d-a6bc-791c563632e4 (table: Logical_Switch) {{(pid=108502) notify /opt/stack/neutron/neutron/plugins/ml2/drivers/ovn/mech_driver/ovsdb/ovsdb_monitor.py:1015}}
Jun 17 14:26:34.918523 np0000181142 devstack@neutron-api.service[108500]: DEBUG ovsdbapp.backend.ovs_idl.event [-] Matched CREATE: LogicalSwitchPortCreateEvent(events=('create',), table='Logical_Switch_Port', conditions=[], old_conditions=None), priority=20 to row=Logical_Switch_Port(uuid=fe3b6073-22ea-424e-83e7-3ac7ba83c93d, addresses=['fa:16:3e:cc:6a:43'], dhcpv4_options=[], dhcpv6_options=[], dynamic_addresses=[], enabled=True, external_ids={'neutron:cidrs': '', 'neutron:device_id': 'ovnmeta-14b682d4-2c06-422d-a6bc-791c563632e4', 'neutron:device_owner': 'network:distributed', 'neutron:mtu': '1372', 'neutron:network_name': 'neutron-14b682d4-2c06-422d-a6bc-791c563632e4', 'neutron:port_capabilities': '', 'neutron:port_name': '', 'neutron:project_id': 'c4e36363a1bc499eaaa9b80df657adf4', 'neutron:revision_number': '1', 'neutron:security_group_ids': '', 'neutron:subnet_pool_addr_scope4': '', 'neutron:subnet_pool_addr_scope6': '', 'neutron:vnic_type': 'normal'}, ha_chassis_group=[], mirror_rules=[], name='c4f404a4-e62e-4f0e-a8e7-61add5e7c71e', options={}, parent_name=[], port_security=[], tag=[], tag_request=[], type='localport', up=[]) old= {{(pid=108500) matches /opt/stack/data/venv/lib/python3.12/site-packages/ovsdbapp/backend/ovs_idl/event.py:55}}
Jun 17 14:26:34.919552 np0000181142 devstack@neutron-api.service[108501]: INFO neutron.plugins.ml2.drivers.ovn.mech_driver.mech_driver [-] OVN reports status down for port: c4f404a4-e62e-4f0e-a8e7-61add5e7c71e
Jun 17 14:26:34.919957 np0000181142 devstack@neutron-api.service[108500]: INFO neutron.plugins.ml2.drivers.ovn.mech_driver.mech_driver [-] OVN reports status down for port: c4f404a4-e62e-4f0e-a8e7-61add5e7c71e
Jun 17 14:26:34.920387 np0000181142 devstack@neutron-api.service[108501]: DEBUG neutron.plugins.ml2.drivers.ovn.mech_driver.ovsdb.ovsdb_monitor [-] Hash Ring: Node 40e5ed02178c5353b4af50dfe6048e33 (host: np0000181142) handling event "update" for row fe3b6073-22ea-424e-83e7-3ac7ba83c93d (table: Logical_Switch_Port) {{(pid=108501) notify /opt/stack/neutron/neutron/plugins/ml2/drivers/ovn/mech_driver/ovsdb/ovsdb_monitor.py:1015}}
Jun 17 14:26:34.921549 np0000181142 devstack@neutron-api.service[108502]: DEBUG neutron.plugins.ml2.drivers.ovn.mech_driver.ovsdb.ovsdb_monitor [-] Hash Ring: Node 9acbddb452ea556f9e4cda5017c14739 (host: np0000181142) handling event "create" for row 02aa30e1-07f6-45df-aff3-b5a41721bf46 (table: Port_Binding) {{(pid=108502) notify /opt/stack/neutron/neutron/plugins/ml2/drivers/ovn/mech_driver/ovsdb/ovsdb_monitor.py:1015}}
Jun 17 14:26:34.922312 np0000181142 devstack@neutron-api.service[108503]: DEBUG neutron.plugins.ml2.drivers.ovn.mech_driver.ovsdb.ovsdb_monitor [-] Hash Ring: Node 85e34a0d802b52818e64ad6ee2aed107 (host: np0000181142) handling event "create" for row fe3b6073-22ea-424e-83e7-3ac7ba83c93d (table: Logical_Switch_Port) {{(pid=108503) notify /opt/stack/neutron/neutron/plugins/ml2/drivers/ovn/mech_driver/ovsdb/ovsdb_monitor.py:1015}}
Jun 17 14:26:34.922971 np0000181142 devstack@neutron-api.service[108500]: DEBUG neutron.plugins.ml2.drivers.ovn.mech_driver.ovsdb.ovsdb_monitor [-] Hash Ring: Node 818e22497ca256a7abaac9ad164a62d3 (host: np0000181142) handling event "update" for row fe3b6073-22ea-424e-83e7-3ac7ba83c93d (table: Logical_Switch_Port) {{(pid=108500) notify /opt/stack/neutron/neutron/plugins/ml2/drivers/ovn/mech_driver/ovsdb/ovsdb_monitor.py:1015}}
Jun 17 14:26:34.924196 np0000181142 devstack@neutron-api.service[108501]: DEBUG neutron.plugins.ml2.drivers.ovn.mech_driver.ovsdb.ovsdb_monitor [-] Hash Ring: Node 40e5ed02178c5353b4af50dfe6048e33 (host: np0000181142) handling event "create" for row 02aa30e1-07f6-45df-aff3-b5a41721bf46 (table: Port_Binding) {{(pid=108501) notify /opt/stack/neutron/neutron/plugins/ml2/drivers/ovn/mech_driver/ovsdb/ovsdb_monitor.py:1015}}
Jun 17 14:26:34.924985 np0000181142 devstack@neutron-api.service[108503]: DEBUG ovsdbapp.backend.ovs_idl.event [-] Matched CREATE: LogicalSwitchPortCreateEvent(events=('create',), table='Logical_Switch_Port', conditions=[], old_conditions=None), priority=20 to row=Logical_Switch_Port(uuid=fe3b6073-22ea-424e-83e7-3ac7ba83c93d, addresses=['fa:16:3e:cc:6a:43'], dhcpv4_options=[], dhcpv6_options=[], dynamic_addresses=[], enabled=True, external_ids={'neutron:cidrs': '', 'neutron:device_id': 'ovnmeta-14b682d4-2c06-422d-a6bc-791c563632e4', 'neutron:device_owner': 'network:distributed', 'neutron:mtu': '1372', 'neutron:network_name': 'neutron-14b682d4-2c06-422d-a6bc-791c563632e4', 'neutron:port_capabilities': '', 'neutron:port_name': '', 'neutron:project_id': 'c4e36363a1bc499eaaa9b80df657adf4', 'neutron:revision_number': '1', 'neutron:security_group_ids': '', 'neutron:subnet_pool_addr_scope4': '', 'neutron:subnet_pool_addr_scope6': '', 'neutron:vnic_type': 'normal'}, ha_chassis_group=[], mirror_rules=[], name='c4f404a4-e62e-4f0e-a8e7-61add5e7c71e', options={}, parent_name=[], port_security=[], tag=[], tag_request=[], type='localport', up=[]) old= {{(pid=108503) matches /opt/stack/data/venv/lib/python3.12/site-packages/ovsdbapp/backend/ovs_idl/event.py:55}}
