Jun 17 14:26:25.571968 np0000181142 devstack@neutron-api.service[108502]: DEBUG neutron.api.extensions [None req-f8334350-36f6-493d-9be8-4124c51ebeb4 None None] Extended resource: tags {{(pid=108502) __init__ /opt/stack/neutron/neutron/api/extensions.py:156}}
Jun 17 14:26:25.572293 np0000181142 devstack@neutron-api.service[108503]: DEBUG neutron.api.extensions [None req-9f40f7b2-1e4d-460a-be92-48a57ffd0541 None None] Extended resource: security-group-rules {{(pid=108503) __init__ /opt/stack/neutron/neutron/api/extensions.py:156}}
Jun 17 14:26:25.572830 np0000181142 devstack@neutron-api.service[108503]: DEBUG neutron.api.extensions [None req-9f40f7b2-1e4d-460a-be92-48a57ffd0541 None None] Extended resource: service-providers {{(pid=108503) __init__ /opt/stack/neutron/neutron/api/extensions.py:156}}
Jun 17 14:26:25.573497 np0000181142 devstack@neutron-api.service[108503]: DEBUG neutron.api.extensions [None req-9f40f7b2-1e4d-460a-be92-48a57ffd0541 None None] Extended resource: subnetpools {{(pid=108503) __init__ /opt/stack/neutron/neutron/api/extensions.py:156}}
Jun 17 14:26:25.573689 np0000181142 devstack@neutron-api.service[108502]: DEBUG neutron.api.extensions [None req-f8334350-36f6-493d-9be8-4124c51ebeb4 None None] Extended resource: tags {{(pid=108502) __init__ /opt/stack/neutron/neutron/api/extensions.py:156}}
Jun 17 14:26:25.574107 np0000181142 devstack@neutron-api.service[108503]: DEBUG neutron.api.extensions [None req-9f40f7b2-1e4d-460a-be92-48a57ffd0541 None None] Extended resource: subnetpools {{(pid=108503) __init__ /opt/stack/neutron/neutron/api/extensions.py:156}}
Jun 17 14:26:25.574757 np0000181142 devstack@neutron-api.service[108503]: DEBUG neutron.api.extensions [None req-9f40f7b2-1e4d-460a-be92-48a57ffd0541 None None] Extended resource: tags {{(pid=108503) __init__ /opt/stack/neutron/neutron/api/extensions.py:156}}
Jun 17 14:26:25.575097 np0000181142 devstack@neutron-api.service[108502]: DEBUG neutron.api.extensions [None req-f8334350-36f6-493d-9be8-4124c51ebeb4 None None] Extended resource: tags {{(pid=108502) __init__ /opt/stack/neutron/neutron/api/extensions.py:156}}
Jun 17 14:26:25.575554 np0000181142 devstack@neutron-api.service[108503]: DEBUG neutron.api.extensions [None req-9f40f7b2-1e4d-460a-be92-48a57ffd0541 None None] Extended resource: tags {{(pid=108503) __init__ /opt/stack/neutron/neutron/api/extensions.py:156}}
Jun 17 14:26:25.576388 np0000181142 devstack@neutron-api.service[108503]: DEBUG neutron.api.extensions [None req-9f40f7b2-1e4d-460a-be92-48a57ffd0541 None None] Extended resource: tags {{(pid=108503) __init__ /opt/stack/neutron/neutron/api/extensions.py:156}}
Jun 17 14:26:25.576558 np0000181142 devstack@neutron-api.service[108502]: DEBUG neutron.api.extensions [None req-f8334350-36f6-493d-9be8-4124c51ebeb4 None None] Extended resource: tags {{(pid=108502) __init__ /opt/stack/neutron/neutron/api/extensions.py:156}}
Jun 17 14:26:25.576965 np0000181142 devstack@neutron-api.service[108503]: DEBUG neutron.api.extensions [None req-9f40f7b2-1e4d-460a-be92-48a57ffd0541 None None] Extended resource: tags {{(pid=108503) __init__ /opt/stack/neutron/neutron/api/extensions.py:156}}
Jun 17 14:26:25.577649 np0000181142 devstack@neutron-api.service[108502]: DEBUG neutron.api.extensions [None req-f8334350-36f6-493d-9be8-4124c51ebeb4 None None] Extended resource: tags {{(pid=108502) __init__ /opt/stack/neutron/neutron/api/extensions.py:156}}
Jun 17 14:26:25.577830 np0000181142 devstack@neutron-api.service[108503]: DEBUG neutron.api.extensions [None req-9f40f7b2-1e4d-460a-be92-48a57ffd0541 None None] Extended resource: tags {{(pid=108503) __init__ /opt/stack/neutron/neutron/api/extensions.py:156}}
Jun 17 14:26:25.578572 np0000181142 devstack@neutron-api.service[108503]: DEBUG neutron.api.extensions [None req-9f40f7b2-1e4d-460a-be92-48a57ffd0541 None None] Extended resource: tags {{(pid=108503) __init__ /opt/stack/neutron/neutron/api/extensions.py:156}}
Jun 17 14:26:25.578776 np0000181142 devstack@neutron-api.service[108502]: DEBUG neutron.api.extensions [None req-f8334350-36f6-493d-9be8-4124c51ebeb4 None None] Extended resource: tags {{(pid=108502) __init__ /opt/stack/neutron/neutron/api/extensions.py:156}}
Jun 17 14:26:25.579288 np0000181142 devstack@neutron-api.service[108503]: DEBUG neutron.api.extensions [None req-9f40f7b2-1e4d-460a-be92-48a57ffd0541 None None] Extended resource: tags {{(pid=108503) __init__ /opt/stack/neutron/neutron/api/extensions.py:156}}
Jun 17 14:26:25.580145 np0000181142 devstack@neutron-api.service[108502]: DEBUG neutron.api.extensions [None req-f8334350-36f6-493d-9be8-4124c51ebeb4 None None] Extended resource: tags {{(pid=108502) __init__ /opt/stack/neutron/neutron/api/extensions.py:156}}
Jun 17 14:26:25.580210 np0000181142 devstack@neutron-api.service[108503]: DEBUG neutron.api.extensions [None req-9f40f7b2-1e4d-460a-be92-48a57ffd0541 None None] Extended resource: tags {{(pid=108503) __init__ /opt/stack/neutron/neutron/api/extensions.py:156}}
Jun 17 14:26:25.583601 np0000181142 devstack@neutron-api.service[108503]: DEBUG neutron.api.extensions [None req-9f40f7b2-1e4d-460a-be92-48a57ffd0541 None None] Extended resource: tags {{(pid=108503) __init__ /opt/stack/neutron/neutron/api/extensions.py:156}}
Jun 17 14:26:25.583968 np0000181142 devstack@neutron-api.service[108502]: DEBUG neutron.api.extensions [None req-f8334350-36f6-493d-9be8-4124c51ebeb4 None None] Extended resource: tags {{(pid=108502) __init__ /opt/stack/neutron/neutron/api/extensions.py:156}}
Jun 17 14:26:25.584293 np0000181142 devstack@neutron-api.service[108503]: DEBUG neutron.api.extensions [None req-9f40f7b2-1e4d-460a-be92-48a57ffd0541 None None] Extended resource: tags {{(pid=108503) __init__ /opt/stack/neutron/neutron/api/extensions.py:156}}
Jun 17 14:26:25.584621 np0000181142 devstack@neutron-api.service[108502]: DEBUG neutron.api.extensions [None req-f8334350-36f6-493d-9be8-4124c51ebeb4 None None] Extended resource: tags {{(pid=108502) __init__ /opt/stack/neutron/neutron/api/extensions.py:156}}
Jun 17 14:26:25.591314 np0000181142 devstack@neutron-api.service[108503]: DEBUG neutron_lib.callbacks.manager [None req-9f40f7b2-1e4d-460a-be92-48a57ffd0541 None None] Publish callbacks ['neutron.plugins.ml2.drivers.ovn.mech_driver.mech_driver.OVNMechanismDriver.pre_fork_initialize-337618'] for process (None), before_spawn {{(pid=108503) _notify_loop /opt/stack/data/venv/lib/python3.12/site-packages/neutron_lib/callbacks/manager.py:184}}
Jun 17 14:26:25.591784 np0000181142 devstack@neutron-api.service[108503]: DEBUG oslo_concurrency.processutils [None req-9f40f7b2-1e4d-460a-be92-48a57ffd0541 None None] Running cmd (subprocess): ovsdb-client transact ssl:199.204.45.144:6641 --timeout 180 -p /opt/stack/data/CA/int-ca/private/devstack-cert.key -c /opt/stack/data/CA/int-ca/devstack-cert.crt -C /opt/stack/data/CA/int-ca/ca-chain.pem ["OVN_Northbound", {"op": "wait", "timeout": 0, "table": "Port_Group", "where": [["name", "==", "neutron_pg_drop"]], "until": "==", "rows": []}, {"op": "insert", "table": "ACL", "row": {"action": "drop", "direction": "to-lport", "match": "outport == @neutron_pg_drop && ip", "priority": 1001}, "uuid-name": "droptoport"}, {"op": "insert", "table": "ACL", "row": {"action": "drop", "direction": "from-lport", "match": "inport == @neutron_pg_drop && ip", "priority": 1001}, "uuid-name": "dropfromport"}, {"op": "insert", "table": "Port_Group", "row": {"name": "neutron_pg_drop", "acls": ["set", [["named-uuid", "droptoport"], ["named-uuid", "dropfromport"]]]}}] {{(pid=108503) execute /opt/stack/data/venv/lib/python3.12/site-packages/oslo_concurrency/processutils.py:440}}
Jun 17 14:26:25.592694 np0000181142 devstack@neutron-api.service[108502]: DEBUG neutron_lib.callbacks.manager [None req-f8334350-36f6-493d-9be8-4124c51ebeb4 None None] Publish callbacks ['neutron.plugins.ml2.drivers.ovn.mech_driver.mech_driver.OVNMechanismDriver.pre_fork_initialize-331490'] for process (None), before_spawn {{(pid=108502) _notify_loop /opt/stack/data/venv/lib/python3.12/site-packages/neutron_lib/callbacks/manager.py:184}}
Jun 17 14:26:25.593131 np0000181142 devstack@neutron-api.service[108502]: DEBUG oslo_concurrency.processutils [None req-f8334350-36f6-493d-9be8-4124c51ebeb4 None None] Running cmd (subprocess): ovsdb-client transact ssl:199.204.45.144:6641 --timeout 180 -p /opt/stack/data/CA/int-ca/private/devstack-cert.key -c /opt/stack/data/CA/int-ca/devstack-cert.crt -C /opt/stack/data/CA/int-ca/ca-chain.pem ["OVN_Northbound", {"op": "wait", "timeout": 0, "table": "Port_Group", "where": [["name", "==", "neutron_pg_drop"]], "until": "==", "rows": []}, {"op": "insert", "table": "ACL", "row": {"action": "drop", "direction": "to-lport", "match": "outport == @neutron_pg_drop && ip", "priority": 1001}, "uuid-name": "droptoport"}, {"op": "insert", "table": "ACL", "row": {"action": "drop", "direction": "from-lport", "match": "inport == @neutron_pg_drop && ip", "priority": 1001}, "uuid-name": "dropfromport"}, {"op": "insert", "table": "Port_Group", "row": {"name": "neutron_pg_drop", "acls": ["set", [["named-uuid", "droptoport"], ["named-uuid", "dropfromport"]]]}}] {{(pid=108502) execute /opt/stack/data/venv/lib/python3.12/site-packages/oslo_concurrency/processutils.py:440}}
Jun 17 14:26:25.610311 np0000181142 devstack@neutron-api.service[108500]: DEBUG neutron.api.extensions [None req-3969062d-5a7d-43bc-8556-7428bda30dfc None None] Ext name="QinQ networks" alias="qinq" description="Expose network 'qinq' attribute in the API. This allows to configure network to allow vlan in vlan configuration using 0x88a8 ethertype (QinQ)." updated="2024-12-02T10:00:00-00:00" {{(pid=108500) _check_extension /opt/stack/neutron/neutron/api/extensions.py:415}}
Jun 17 14:26:25.610740 np0000181142 devstack@neutron-api.service[108500]: INFO neutron.api.extensions [None req-3969062d-5a7d-43bc-8556-7428bda30dfc None None] Loaded extension: qinq
Jun 17 14:26:25.610922 np0000181142 devstack@neutron-api.service[108500]: DEBUG neutron.api.extensions [None req-3969062d-5a7d-43bc-8556-7428bda30dfc None None] Loading extension file: qos.py {{(pid=108500) _load_all_extensions_from_path /opt/stack/neutron/neutron/api/extensions.py:449}}
Jun 17 14:26:25.613092 np0000181142 devstack@neutron-api.service[108500]: DEBUG neutron.api.extensions [None req-3969062d-5a7d-43bc-8556-7428bda30dfc None None] Ext name="Quality of Service" alias="qos" description="The Quality of Service extension." updated="2015-06-08T10:00:00-00:00" {{(pid=108500) _check_extension /opt/stack/neutron/neutron/api/extensions.py:415}}
Jun 17 14:26:25.613529 np0000181142 devstack@neutron-api.service[108500]: INFO neutron.api.extensions [None req-3969062d-5a7d-43bc-8556-7428bda30dfc None None] Extension qos not supported by any of loaded plugins
Jun 17 14:26:25.613754 np0000181142 devstack@neutron-api.service[108500]: DEBUG neutron.api.extensions [None req-3969062d-5a7d-43bc-8556-7428bda30dfc None None] Loading extension file: qos_bw_limit_direction.py {{(pid=108500) _load_all_extensions_from_path /opt/stack/neutron/neutron/api/extensions.py:449}}
Jun 17 14:26:25.614389 np0000181142 devstack@neutron-api.service[108500]: DEBUG neutron.api.extensions [None req-3969062d-5a7d-43bc-8556-7428bda30dfc None None] Ext name="Direction for QoS bandwidth limit rule" alias="qos-bw-limit-direction" description="Allow to configure QoS bandwidth limit rule with specific direction: ingress or egress" updated="2017-04-10T10:00:00-00:00" {{(pid=108500) _check_extension /opt/stack/neutron/neutron/api/extensions.py:415}}
Jun 17 14:26:25.615138 np0000181142 devstack@neutron-api.service[108500]: INFO neutron.api.extensions [None req-3969062d-5a7d-43bc-8556-7428bda30dfc None None] Extension qos-bw-limit-direction not supported by any of loaded plugins
Jun 17 14:26:25.615288 np0000181142 devstack@neutron-api.service[108500]: DEBUG neutron.api.extensions [None req-3969062d-5a7d-43bc-8556-7428bda30dfc None None] Loading extension file: qos_bw_minimum_ingress.py {{(pid=108500) _load_all_extensions_from_path /opt/stack/neutron/neutron/api/extensions.py:449}}
Jun 17 14:26:25.617005 np0000181142 devstack@neutron-api.service[108500]: DEBUG neutron.api.extensions [None req-3969062d-5a7d-43bc-8556-7428bda30dfc None None] Ext name="Ingress direction for QoS minimum bandwidth rule" alias="qos-bw-minimum-ingress" description="Allow to configure QoS minumum bandwidth rule with ingress direction." updated="2018-07-09T10:00:00-00:00" {{(pid=108500) _check_extension /opt/stack/neutron/neutron/api/extensions.py:415}}
Jun 17 14:26:25.618607 np0000181142 devstack@neutron-api.service[108500]: INFO neutron.api.extensions [None req-3969062d-5a7d-43bc-8556-7428bda30dfc None None] Extension qos-bw-minimum-ingress not supported by any of loaded plugins
Jun 17 14:26:25.619113 np0000181142 devstack@neutron-api.service[108500]: DEBUG neutron.api.extensions [None req-3969062d-5a7d-43bc-8556-7428bda30dfc None None] Loading extension file: qos_default.py {{(pid=108500) _load_all_extensions_from_path /opt/stack/neutron/neutron/api/extensions.py:449}}
Jun 17 14:26:25.619632 np0000181142 devstack@neutron-api.service[108500]: DEBUG neutron.api.extensions [None req-3969062d-5a7d-43bc-8556-7428bda30dfc None None] Ext name="QoS default policy" alias="qos-default" description="Expose the QoS default policy per project" updated="2017-041-06T10:00:00-00:00" {{(pid=108500) _check_extension /opt/stack/neutron/neutron/api/extensions.py:415}}
Jun 17 14:26:25.620399 np0000181142 devstack@neutron-api.service[108500]: INFO neutron.api.extensions [None req-3969062d-5a7d-43bc-8556-7428bda30dfc None None] Extension qos-default not supported by any of loaded plugins
Jun 17 14:26:25.620481 np0000181142 devstack@neutron-api.service[108500]: DEBUG neutron.api.extensions [None req-3969062d-5a7d-43bc-8556-7428bda30dfc None None] Loading extension file: qos_fip.py {{(pid=108500) _load_all_extensions_from_path /opt/stack/neutron/neutron/api/extensions.py:449}}
Jun 17 14:26:25.620792 np0000181142 devstack@neutron-api.service[108500]: DEBUG neutron.api.extensions [None req-3969062d-5a7d-43bc-8556-7428bda30dfc None None] Ext name="Floating IP QoS" alias="qos-fip" description="The floating IP Quality of Service extension" updated="2017-07-20T00:00:00-00:00" {{(pid=108500) _check_extension /opt/stack/neutron/neutron/api/extensions.py:415}}
Jun 17 14:26:25.620903 np0000181142 devstack@neutron-api.service[108500]: INFO neutron.api.extensions [None req-3969062d-5a7d-43bc-8556-7428bda30dfc None None] Extension qos-fip not supported by any of loaded plugins
Jun 17 14:26:25.621186 np0000181142 devstack@neutron-api.service[108500]: DEBUG neutron.api.extensions [None req-3969062d-5a7d-43bc-8556-7428bda30dfc None None] Loading extension file: qos_fip_network_policy.py {{(pid=108500) _load_all_extensions_from_path /opt/stack/neutron/neutron/api/extensions.py:449}}
Jun 17 14:26:25.621186 np0000181142 devstack@neutron-api.service[108500]: DEBUG neutron.api.extensions [None req-3969062d-5a7d-43bc-8556-7428bda30dfc None None] Ext name="QoS floating IP network policy ID" alias="qos-fip-network-policy" description="Adds a the QoS network ID to the floating IP definition" updated="2021-11-15T10:00:00-00:00" {{(pid=108500) _check_extension /opt/stack/neutron/neutron/api/extensions.py:415}}
Jun 17 14:26:25.621506 np0000181142 devstack@neutron-api.service[108500]: INFO neutron.api.extensions [None req-3969062d-5a7d-43bc-8556-7428bda30dfc None None] Extension qos-fip-network-policy not supported by any of loaded plugins
Jun 17 14:26:25.621506 np0000181142 devstack@neutron-api.service[108500]: DEBUG neutron.api.extensions [None req-3969062d-5a7d-43bc-8556-7428bda30dfc None None] Loading extension file: qos_gateway_ip.py {{(pid=108500) _load_all_extensions_from_path /opt/stack/neutron/neutron/api/extensions.py:449}}
Jun 17 14:26:25.621837 np0000181142 devstack@neutron-api.service[108500]: DEBUG neutron.api.extensions [None req-3969062d-5a7d-43bc-8556-7428bda30dfc None None] Ext name="Router gateway IP QoS" alias="qos-gateway-ip" description="The Router gateway IP Quality of Service extension" updated="2018-02-24T00:00:00-00:00" {{(pid=108500) _check_extension /opt/stack/neutron/neutron/api/extensions.py:415}}
Jun 17 14:26:25.621983 np0000181142 devstack@neutron-api.service[108500]: INFO neutron.api.extensions [None req-3969062d-5a7d-43bc-8556-7428bda30dfc None None] Extension qos-gateway-ip not supported by any of loaded plugins
Jun 17 14:26:25.622072 np0000181142 devstack@neutron-api.service[108500]: DEBUG neutron.api.extensions [None req-3969062d-5a7d-43bc-8556-7428bda30dfc None None] Loading extension file: qos_port_network_policy.py {{(pid=108500) _load_all_extensions_from_path /opt/stack/neutron/neutron/api/extensions.py:449}}
Jun 17 14:26:25.622326 np0000181142 devstack@neutron-api.service[108500]: DEBUG neutron.api.extensions [None req-3969062d-5a7d-43bc-8556-7428bda30dfc None None] Ext name="QoS port network policy ID" alias="qos-port-network-policy" description="Adds a the QoS network ID to the port definition" updated="2019-11-01T10:00:00-00:00" {{(pid=108500) _check_extension /opt/stack/neutron/neutron/api/extensions.py:415}}
Jun 17 14:26:25.622489 np0000181142 devstack@neutron-api.service[108500]: INFO neutron.api.extensions [None req-3969062d-5a7d-43bc-8556-7428bda30dfc None None] Extension qos-port-network-policy not supported by any of loaded plugins
Jun 17 14:26:25.622575 np0000181142 devstack@neutron-api.service[108500]: DEBUG neutron.api.extensions [None req-3969062d-5a7d-43bc-8556-7428bda30dfc None None] Loading extension file: qos_pps_minimum_rule.py {{(pid=108500) _load_all_extensions_from_path /opt/stack/neutron/neutron/api/extensions.py:449}}
Jun 17 14:26:25.622854 np0000181142 devstack@neutron-api.service[108500]: DEBUG neutron.api.extensions [None req-3969062d-5a7d-43bc-8556-7428bda30dfc None None] Ext name="QoS minimum packet rate rule" alias="qos-pps-minimum" description="Allow to configure QoS minimum packet rate rule." updated="2021-07-14T10:00:00-00:00" {{(pid=108500) _check_extension /opt/stack/neutron/neutron/api/extensions.py:415}}
Jun 17 14:26:25.623024 np0000181142 devstack@neutron-api.service[108500]: INFO neutron.api.extensions [None req-3969062d-5a7d-43bc-8556-7428bda30dfc None None] Extension qos-pps-minimum not supported by any of loaded plugins
Jun 17 14:26:25.623133 np0000181142 devstack@neutron-api.service[108500]: DEBUG neutron.api.extensions [None req-3969062d-5a7d-43bc-8556-7428bda30dfc None None] Loading extension file: qos_pps_minimum_rule_alias.py {{(pid=108500) _load_all_extensions_from_path /opt/stack/neutron/neutron/api/extensions.py:449}}
Jun 17 14:26:25.623371 np0000181142 devstack@neutron-api.service[108500]: DEBUG neutron.api.extensions [None req-3969062d-5a7d-43bc-8556-7428bda30dfc None None] Ext name="QoS minimum packet rate rule alias" alias="qos-pps-minimum-rule-alias" description="API to enable GET, PUT and DELETE operations on QoS minimum packet rate rule without specifying policy ID" updated="2021-10-22T10:00:00-00:00" {{(pid=108500) _check_extension /opt/stack/neutron/neutron/api/extensions.py:415}}
Jun 17 14:26:25.623541 np0000181142 devstack@neutron-api.service[108500]: INFO neutron.api.extensions [None req-3969062d-5a7d-43bc-8556-7428bda30dfc None None] Extension qos-pps-minimum-rule-alias not supported by any of loaded plugins
Jun 17 14:26:25.625104 np0000181142 devstack@neutron-api.service[108500]: DEBUG neutron.api.extensions [None req-3969062d-5a7d-43bc-8556-7428bda30dfc None None] Loading extension file: qos_pps_rule.py {{(pid=108500) _load_all_extensions_from_path /opt/stack/neutron/neutron/api/extensions.py:449}}
Jun 17 14:26:25.626288 np0000181142 devstack@neutron-api.service[108500]: DEBUG neutron.api.extensions [None req-3969062d-5a7d-43bc-8556-7428bda30dfc None None] Ext name="QoS Rule Type Packet per Second Extension" alias="qos-pps" description="Add QoS Rule Type Packet per Second" updated="2021-05-12T10:00:00-00:00" {{(pid=108500) _check_extension /opt/stack/neutron/neutron/api/extensions.py:415}}
Jun 17 14:26:25.626427 np0000181142 devstack@neutron-api.service[108503]: DEBUG oslo_concurrency.processutils [None req-9f40f7b2-1e4d-460a-be92-48a57ffd0541 None None] CMD "ovsdb-client transact ssl:199.204.45.144:6641 --timeout 180 -p /opt/stack/data/CA/int-ca/private/devstack-cert.key -c /opt/stack/data/CA/int-ca/devstack-cert.crt -C /opt/stack/data/CA/int-ca/ca-chain.pem ["OVN_Northbound", {"op": "wait", "timeout": 0, "table": "Port_Group", "where": [["name", "==", "neutron_pg_drop"]], "until": "==", "rows": []}, {"op": "insert", "table": "ACL", "row": {"action": "drop", "direction": "to-lport", "match": "outport == @neutron_pg_drop && ip", "priority": 1001}, "uuid-name": "droptoport"}, {"op": "insert", "table": "ACL", "row": {"action": "drop", "direction": "from-lport", "match": "inport == @neutron_pg_drop && ip", "priority": 1001}, "uuid-name": "dropfromport"}, {"op": "insert", "table": "Port_Group", "row": {"name": "neutron_pg_drop", "acls": ["set", [["named-uuid", "droptoport"], ["named-uuid", "dropfromport"]]]}}]" returned: 0 in 0.034s {{(pid=108503) execute /opt/stack/data/venv/lib/python3.12/site-packages/oslo_concurrency/processutils.py:468}}
Jun 17 14:26:25.626930 np0000181142 devstack@neutron-api.service[108503]: DEBUG neutron_lib.callbacks.manager [None req-9f40f7b2-1e4d-460a-be92-48a57ffd0541 None None] Publish callbacks ['neutron.plugins.ml2.drivers.ovn.mech_driver.mech_driver.OVNMechanismDriver.post_fork_initialize-337658', 'neutron.services.pvlan.drivers.ovn.driver._initialize_pvlan_pg_drop-8459398536746', 'neutron.services.ovn_l3.plugin.OVNL3RouterPlugin._post_fork_initialize-889495'] for process (None), after_init {{(pid=108503) _notify_loop /opt/stack/data/venv/lib/python3.12/site-packages/neutron_lib/callbacks/manager.py:184}}
Jun 17 14:26:25.627045 np0000181142 devstack@neutron-api.service[108500]: INFO neutron.api.extensions [None req-3969062d-5a7d-43bc-8556-7428bda30dfc None None] Extension qos-pps not supported by any of loaded plugins
Jun 17 14:26:25.627464 np0000181142 devstack@neutron-api.service[108503]: DEBUG oslo_concurrency.lockutils [None req-9f40f7b2-1e4d-460a-be92-48a57ffd0541 None None] Acquiring lock "singleton_lock" {{(pid=108503) lock /opt/stack/data/venv/lib/python3.12/site-packages/oslo_concurrency/lockutils.py:395}}
Jun 17 14:26:25.627528 np0000181142 devstack@neutron-api.service[108500]: DEBUG neutron.api.extensions [None req-3969062d-5a7d-43bc-8556-7428bda30dfc None None] Loading extension file: qos_rule_type_details.py {{(pid=108500) _load_all_extensions_from_path /opt/stack/neutron/neutron/api/extensions.py:449}}
Jun 17 14:26:25.627621 np0000181142 devstack@neutron-api.service[108503]: DEBUG oslo_concurrency.lockutils [None req-9f40f7b2-1e4d-460a-be92-48a57ffd0541 None None] Acquired lock "singleton_lock" {{(pid=108503) lock /opt/stack/data/venv/lib/python3.12/site-packages/oslo_concurrency/lockutils.py:398}}
Jun 17 14:26:25.627757 np0000181142 devstack@neutron-api.service[108503]: DEBUG oslo_concurrency.lockutils [None req-9f40f7b2-1e4d-460a-be92-48a57ffd0541 None None] Releasing lock "singleton_lock" {{(pid=108503) lock /opt/stack/data/venv/lib/python3.12/site-packages/oslo_concurrency/lockutils.py:418}}
Jun 17 14:26:25.627996 np0000181142 devstack@neutron-api.service[108500]: DEBUG neutron.api.extensions [None req-3969062d-5a7d-43bc-8556-7428bda30dfc None None] Ext name="Details of QoS rule types" alias="qos-rule-type-details" description="Expose details about QoS rule types supported by loaded backend drivers" updated="2017-06-22T10:00:00-00:00" {{(pid=108500) _check_extension /opt/stack/neutron/neutron/api/extensions.py:415}}
Jun 17 14:26:25.628753 np0000181142 devstack@neutron-api.service[108500]: INFO neutron.api.extensions [None req-3969062d-5a7d-43bc-8556-7428bda30dfc None None] Extension qos-rule-type-details not supported by any of loaded plugins
Jun 17 14:26:25.629083 np0000181142 devstack@neutron-api.service[108500]: DEBUG neutron.api.extensions [None req-3969062d-5a7d-43bc-8556-7428bda30dfc None None] Loading extension file: qos_rule_type_filter.py {{(pid=108500) _load_all_extensions_from_path /opt/stack/neutron/neutron/api/extensions.py:449}}
Jun 17 14:26:25.629915 np0000181142 devstack@neutron-api.service[108503]: DEBUG neutron.plugins.ml2.drivers.ovn.mech_driver.mech_driver [None req-9f40f7b2-1e4d-460a-be92-48a57ffd0541 None None] Hash Ring setup using WSGI start time 2026-06-17 14:26:18+00:00 {{(pid=108503) _init_hash_ring /opt/stack/neutron/neutron/plugins/ml2/drivers/ovn/mech_driver/mech_driver.py:404}}
Jun 17 14:26:25.630467 np0000181142 devstack@neutron-api.service[108500]: DEBUG neutron.api.extensions [None req-3969062d-5a7d-43bc-8556-7428bda30dfc None None] Ext name="Allow to filter the list of QoS rule types" alias="qos-rule-type-filter" description="Allows to filter the QoS rule type list adding two new flags. "all_rules" prints all implemented QoS rule types."all_supported" prints all supported QoS rule types by the loaded mechanism drivers" updated="2022-02-02T10:00:00-00:00" {{(pid=108500) _check_extension /opt/stack/neutron/neutron/api/extensions.py:415}}
Jun 17 14:26:25.631179 np0000181142 devstack@neutron-api.service[108500]: INFO neutron.api.extensions [None req-3969062d-5a7d-43bc-8556-7428bda30dfc None None] Extension qos-rule-type-filter not supported by any of loaded plugins
Jun 17 14:26:25.631713 np0000181142 devstack@neutron-api.service[108500]: DEBUG neutron.api.extensions [None req-3969062d-5a7d-43bc-8556-7428bda30dfc None None] Loading extension file: qos_rules_alias.py {{(pid=108500) _load_all_extensions_from_path /opt/stack/neutron/neutron/api/extensions.py:449}}
Jun 17 14:26:25.632978 np0000181142 devstack@neutron-api.service[108500]: DEBUG neutron.api.extensions [None req-3969062d-5a7d-43bc-8556-7428bda30dfc None None] Ext name="Quality of Service rules alias API" alias="qos-rules-alias" description="API to enable GET, PUT and DELETE operations on QoS policy rules without specifying policy ID" updated="2018-10-07T10:00:00-00:00" {{(pid=108500) _check_extension /opt/stack/neutron/neutron/api/extensions.py:415}}
Jun 17 14:26:25.633309 np0000181142 devstack@neutron-api.service[108500]: INFO neutron.api.extensions [None req-3969062d-5a7d-43bc-8556-7428bda30dfc None None] Extension qos-rules-alias not supported by any of loaded plugins
Jun 17 14:26:25.633814 np0000181142 devstack@neutron-api.service[108502]: DEBUG oslo_concurrency.processutils [None req-f8334350-36f6-493d-9be8-4124c51ebeb4 None None] CMD "ovsdb-client transact ssl:199.204.45.144:6641 --timeout 180 -p /opt/stack/data/CA/int-ca/private/devstack-cert.key -c /opt/stack/data/CA/int-ca/devstack-cert.crt -C /opt/stack/data/CA/int-ca/ca-chain.pem ["OVN_Northbound", {"op": "wait", "timeout": 0, "table": "Port_Group", "where": [["name", "==", "neutron_pg_drop"]], "until": "==", "rows": []}, {"op": "insert", "table": "ACL", "row": {"action": "drop", "direction": "to-lport", "match": "outport == @neutron_pg_drop && ip", "priority": 1001}, "uuid-name": "droptoport"}, {"op": "insert", "table": "ACL", "row": {"action": "drop", "direction": "from-lport", "match": "inport == @neutron_pg_drop && ip", "priority": 1001}, "uuid-name": "dropfromport"}, {"op": "insert", "table": "Port_Group", "row": {"name": "neutron_pg_drop", "acls": ["set", [["named-uuid", "droptoport"], ["named-uuid", "dropfromport"]]]}}]" returned: 0 in 0.040s {{(pid=108502) execute /opt/stack/data/venv/lib/python3.12/site-packages/oslo_concurrency/processutils.py:468}}
Jun 17 14:26:25.633905 np0000181142 devstack@neutron-api.service[108500]: DEBUG neutron.api.extensions [None req-3969062d-5a7d-43bc-8556-7428bda30dfc None None] Loading extension file: quota_check_limit.py {{(pid=108500) _load_all_extensions_from_path /opt/stack/neutron/neutron/api/extensions.py:449}}
Jun 17 14:26:25.634328 np0000181142 devstack@neutron-api.service[108502]: DEBUG neutron_lib.callbacks.manager [None req-f8334350-36f6-493d-9be8-4124c51ebeb4 None None] Publish callbacks ['neutron.plugins.ml2.drivers.ovn.mech_driver.mech_driver.OVNMechanismDriver.post_fork_initialize-331466', 'neutron.services.pvlan.drivers.ovn.driver._initialize_pvlan_pg_drop-8459398527450', 'neutron.services.ovn_l3.plugin.OVNL3RouterPlugin._post_fork_initialize-873013'] for process (None), after_init {{(pid=108502) _notify_loop /opt/stack/data/venv/lib/python3.12/site-packages/neutron_lib/callbacks/manager.py:184}}
Jun 17 14:26:25.634745 np0000181142 devstack@neutron-api.service[108500]: DEBUG neutron.api.extensions [None req-3969062d-5a7d-43bc-8556-7428bda30dfc None None] Ext name="Quota engine limit check" alias="quota-check-limit" description="Support for checking the resource usage before applying a new quota limit" updated="2021-09-08T16:00:00-00:00" {{(pid=108500) _check_extension /opt/stack/neutron/neutron/api/extensions.py:415}}
Jun 17 14:26:25.634811 np0000181142 devstack@neutron-api.service[108502]: DEBUG oslo_concurrency.lockutils [None req-f8334350-36f6-493d-9be8-4124c51ebeb4 None None] Acquiring lock "singleton_lock" {{(pid=108502) lock /opt/stack/data/venv/lib/python3.12/site-packages/oslo_concurrency/lockutils.py:395}}
Jun 17 14:26:25.634881 np0000181142 devstack@neutron-api.service[108502]: DEBUG oslo_concurrency.lockutils [None req-f8334350-36f6-493d-9be8-4124c51ebeb4 None None] Acquired lock "singleton_lock" {{(pid=108502) lock /opt/stack/data/venv/lib/python3.12/site-packages/oslo_concurrency/lockutils.py:398}}
Jun 17 14:26:25.635179 np0000181142 devstack@neutron-api.service[108500]: INFO neutron.api.extensions [None req-3969062d-5a7d-43bc-8556-7428bda30dfc None None] Loaded extension: quota-check-limit
Jun 17 14:26:25.635242 np0000181142 devstack@neutron-api.service[108502]: DEBUG oslo_concurrency.lockutils [None req-f8334350-36f6-493d-9be8-4124c51ebeb4 None None] Releasing lock "singleton_lock" {{(pid=108502) lock /opt/stack/data/venv/lib/python3.12/site-packages/oslo_concurrency/lockutils.py:418}}
Jun 17 14:26:25.635415 np0000181142 devstack@neutron-api.service[108500]: DEBUG neutron.api.extensions [None req-3969062d-5a7d-43bc-8556-7428bda30dfc None None] Loading extension file: quota_check_limit_default.py {{(pid=108500) _load_all_extensions_from_path /opt/stack/neutron/neutron/api/extensions.py:449}}
Jun 17 14:26:25.636035 np0000181142 devstack@neutron-api.service[108500]: DEBUG neutron.api.extensions [None req-3969062d-5a7d-43bc-8556-7428bda30dfc None None] Ext name="Quota engine limit check by default" alias="quota-check-limit-default" description="By default, the Neutron quota engine checks the resource usage before applying a new quota limit" updated="2024-08-21T16:00:00-00:00" {{(pid=108500) _check_extension /opt/stack/neutron/neutron/api/extensions.py:415}}
Jun 17 14:26:25.636299 np0000181142 devstack@neutron-api.service[108500]: INFO neutron.api.extensions [None req-3969062d-5a7d-43bc-8556-7428bda30dfc None None] Loaded extension: quota-check-limit-default
Jun 17 14:26:25.636461 np0000181142 devstack@neutron-api.service[108500]: DEBUG neutron.api.extensions [None req-3969062d-5a7d-43bc-8556-7428bda30dfc None None] Loading extension file: quotasv2.py {{(pid=108500) _load_all_extensions_from_path /opt/stack/neutron/neutron/api/extensions.py:449}}
Jun 17 14:26:25.636864 np0000181142 devstack@neutron-api.service[108503]: INFO neutron.db.ovn_hash_ring_db [None req-9f40f7b2-1e4d-460a-be92-48a57ffd0541 None None] Nodes from host "np0000181142" and group "mechanism_driver" removed from the Hash Ring created at 2026-06-17 14:26:18+00:00
Jun 17 14:26:25.637422 np0000181142 devstack@neutron-api.service[108502]: DEBUG neutron.plugins.ml2.drivers.ovn.mech_driver.mech_driver [None req-f8334350-36f6-493d-9be8-4124c51ebeb4 None None] Hash Ring setup using WSGI start time 2026-06-17 14:26:18+00:00 {{(pid=108502) _init_hash_ring /opt/stack/neutron/neutron/plugins/ml2/drivers/ovn/mech_driver/mech_driver.py:404}}
Jun 17 14:26:25.638137 np0000181142 devstack@neutron-api.service[108500]: DEBUG neutron.api.extensions [None req-3969062d-5a7d-43bc-8556-7428bda30dfc None None] Ext name="Quota management support" alias="quotas" description="Expose functions for quotas management per project" updated="2012-07-29T10:00:00-00:00" {{(pid=108500) _check_extension /opt/stack/neutron/neutron/api/extensions.py:415}}
Jun 17 14:26:25.638366 np0000181142 devstack@neutron-api.service[108500]: INFO neutron.api.extensions [None req-3969062d-5a7d-43bc-8556-7428bda30dfc None None] Loaded extension: quotas
Jun 17 14:26:25.638731 np0000181142 devstack@neutron-api.service[108500]: DEBUG neutron.api.extensions [None req-3969062d-5a7d-43bc-8556-7428bda30dfc None None] Loading extension file: quotasv2_detail.py {{(pid=108500) _load_all_extensions_from_path /opt/stack/neutron/neutron/api/extensions.py:449}}
Jun 17 14:26:25.639509 np0000181142 devstack@neutron-api.service[108500]: DEBUG neutron.api.extensions [None req-3969062d-5a7d-43bc-8556-7428bda30dfc None None] Ext name="Quota details management support" alias="quota_details" description="Expose functions for quotas usage statistics per project" updated="2017-02-10T10:00:00-00:00" {{(pid=108500) _check_extension /opt/stack/neutron/neutron/api/extensions.py:415}}
Jun 17 14:26:25.639691 np0000181142 devstack@neutron-api.service[108500]: INFO neutron.api.extensions [None req-3969062d-5a7d-43bc-8556-7428bda30dfc None None] Loaded extension: quota_details
Jun 17 14:26:25.639827 np0000181142 devstack@neutron-api.service[108500]: DEBUG neutron.api.extensions [None req-3969062d-5a7d-43bc-8556-7428bda30dfc None None] Loading extension file: rbac.py {{(pid=108500) _load_all_extensions_from_path /opt/stack/neutron/neutron/api/extensions.py:449}}
Jun 17 14:26:25.640086 np0000181142 devstack@neutron-api.service[108503]: INFO neutron.db.ovn_hash_ring_db [None req-9f40f7b2-1e4d-460a-be92-48a57ffd0541 None None] Node 85e34a0d802b52818e64ad6ee2aed107 from host "np0000181142" and group "mechanism_driver" added to the Hash Ring
Jun 17 14:26:25.640895 np0000181142 devstack@neutron-api.service[108500]: DEBUG neutron.api.extensions [None req-3969062d-5a7d-43bc-8556-7428bda30dfc None None] Ext name="RBAC Policies" alias="rbac-policies" description="Allows creation and modification of policies that control project access to resources." updated="2015-06-17T12:15:12-00:00" {{(pid=108500) _check_extension /opt/stack/neutron/neutron/api/extensions.py:415}}
Jun 17 14:26:25.641147 np0000181142 devstack@neutron-api.service[108500]: INFO neutron.api.extensions [None req-3969062d-5a7d-43bc-8556-7428bda30dfc None None] Loaded extension: rbac-policies
Jun 17 14:26:25.641292 np0000181142 devstack@neutron-api.service[108500]: DEBUG neutron.api.extensions [None req-3969062d-5a7d-43bc-8556-7428bda30dfc None None] Loading extension file: rbac_address_group.py {{(pid=108500) _load_all_extensions_from_path /opt/stack/neutron/neutron/api/extensions.py:449}}
Jun 17 14:26:25.641856 np0000181142 devstack@neutron-api.service[108500]: DEBUG neutron.api.extensions [None req-3969062d-5a7d-43bc-8556-7428bda30dfc None None] Ext name="Add address_group type to RBAC" alias="rbac-address-group" description="Add address_group type to network RBAC" updated="2021-01-20T00:00:00-00:00" {{(pid=108500) _check_extension /opt/stack/neutron/neutron/api/extensions.py:415}}
Jun 17 14:26:25.642750 np0000181142 devstack@neutron-api.service[108500]: INFO neutron.api.extensions [None req-3969062d-5a7d-43bc-8556-7428bda30dfc None None] Extension rbac-address-group not supported by any of loaded plugins
Jun 17 14:26:25.642949 np0000181142 devstack@neutron-api.service[108500]: DEBUG neutron.api.extensions [None req-3969062d-5a7d-43bc-8556-7428bda30dfc None None] Loading extension file: rbac_address_scope.py {{(pid=108500) _load_all_extensions_from_path /opt/stack/neutron/neutron/api/extensions.py:449}}
Jun 17 14:26:25.643538 np0000181142 devstack@neutron-api.service[108500]: DEBUG neutron.api.extensions [None req-3969062d-5a7d-43bc-8556-7428bda30dfc None None] Ext name="Add address_scope type to RBAC" alias="rbac-address-scope" description="Add address_scope type to RBAC" updated="2020-02-12T00:00:00-00:00" {{(pid=108500) _check_extension /opt/stack/neutron/neutron/api/extensions.py:415}}
Jun 17 14:26:25.643831 np0000181142 devstack@neutron-api.service[108500]: INFO neutron.api.extensions [None req-3969062d-5a7d-43bc-8556-7428bda30dfc None None] Loaded extension: rbac-address-scope
Jun 17 14:26:25.643898 np0000181142 devstack@neutron-api.service[108503]: DEBUG neutron.plugins.ml2.drivers.ovn.mech_driver.mech_driver [None req-9f40f7b2-1e4d-460a-be92-48a57ffd0541 None None] Hash Ring setup, this worker has detected 2 OVN hash ring registers in the database {{(pid=108503) _init_hash_ring /opt/stack/neutron/neutron/plugins/ml2/drivers/ovn/mech_driver/mech_driver.py:414}}
Jun 17 14:26:25.644038 np0000181142 devstack@neutron-api.service[108500]: DEBUG neutron.api.extensions [None req-3969062d-5a7d-43bc-8556-7428bda30dfc None None] Loading extension file: rbac_security_groups.py {{(pid=108500) _load_all_extensions_from_path /opt/stack/neutron/neutron/api/extensions.py:449}}
Jun 17 14:26:25.644333 np0000181142 devstack@neutron-api.service[108500]: DEBUG neutron.api.extensions [None req-3969062d-5a7d-43bc-8556-7428bda30dfc None None] Ext name="Add security_group type to network RBAC" alias="rbac-security-groups" description="Add security_group type to network RBAC" updated="2019-02-14T00:00:00-00:00" {{(pid=108500) _check_extension /opt/stack/neutron/neutron/api/extensions.py:415}}
Jun 17 14:26:25.644577 np0000181142 devstack@neutron-api.service[108500]: INFO neutron.api.extensions [None req-3969062d-5a7d-43bc-8556-7428bda30dfc None None] Loaded extension: rbac-security-groups
Jun 17 14:26:25.644936 np0000181142 devstack@neutron-api.service[108500]: DEBUG neutron.api.extensions [None req-3969062d-5a7d-43bc-8556-7428bda30dfc None None] Loading extension file: rbac_subnetpool.py {{(pid=108500) _load_all_extensions_from_path /opt/stack/neutron/neutron/api/extensions.py:449}}
Jun 17 14:26:25.645448 np0000181142 devstack@neutron-api.service[108500]: DEBUG neutron.api.extensions [None req-3969062d-5a7d-43bc-8556-7428bda30dfc None None] Ext name="Add subnetpool type to RBAC" alias="rbac-subnetpool" description="Add subnetpool type to RBAC" updated="2020-02-05T00:00:00-00:00" {{(pid=108500) _check_extension /opt/stack/neutron/neutron/api/extensions.py:415}}
Jun 17 14:26:25.645827 np0000181142 devstack@neutron-api.service[108500]: INFO neutron.api.extensions [None req-3969062d-5a7d-43bc-8556-7428bda30dfc None None] Extension rbac-subnetpool not supported by any of loaded plugins
Jun 17 14:26:25.645962 np0000181142 devstack@neutron-api.service[108500]: DEBUG neutron.api.extensions [None req-3969062d-5a7d-43bc-8556-7428bda30dfc None None] Loading extension file: revisionifmatch.py {{(pid=108500) _load_all_extensions_from_path /opt/stack/neutron/neutron/api/extensions.py:449}}
Jun 17 14:26:25.646375 np0000181142 devstack@neutron-api.service[108500]: DEBUG neutron.api.extensions [None req-3969062d-5a7d-43bc-8556-7428bda30dfc None None] Ext name="If-Match constraints based on revision_number" alias="revision-if-match" description="Extension indicating that If-Match based on revision_number is supported." updated="2016-12-11T00:00:00-00:00" {{(pid=108500) _check_extension /opt/stack/neutron/neutron/api/extensions.py:415}}
Jun 17 14:26:25.646680 np0000181142 devstack@neutron-api.service[108500]: INFO neutron.api.extensions [None req-3969062d-5a7d-43bc-8556-7428bda30dfc None None] Loaded extension: revision-if-match
Jun 17 14:26:25.646794 np0000181142 devstack@neutron-api.service[108500]: DEBUG neutron.api.extensions [None req-3969062d-5a7d-43bc-8556-7428bda30dfc None None] Loading extension file: revisions.py {{(pid=108500) _load_all_extensions_from_path /opt/stack/neutron/neutron/api/extensions.py:449}}
Jun 17 14:26:25.647158 np0000181142 devstack@neutron-api.service[108500]: DEBUG neutron.api.extensions [None req-3969062d-5a7d-43bc-8556-7428bda30dfc None None] Ext name="Resource revision numbers" alias="standard-attr-revisions" description="This extension will display the revision number of neutron resources." updated="2016-04-11T10:00:00-00:00" {{(pid=108500) _check_extension /opt/stack/neutron/neutron/api/extensions.py:415}}
Jun 17 14:26:25.647341 np0000181142 devstack@neutron-api.service[108500]: INFO neutron.api.extensions [None req-3969062d-5a7d-43bc-8556-7428bda30dfc None None] Loaded extension: standard-attr-revisions
Jun 17 14:26:25.647535 np0000181142 devstack@neutron-api.service[108500]: DEBUG neutron.api.extensions [None req-3969062d-5a7d-43bc-8556-7428bda30dfc None None] Loading extension file: router_availability_zone.py {{(pid=108500) _load_all_extensions_from_path /opt/stack/neutron/neutron/api/extensions.py:449}}
Jun 17 14:26:25.647756 np0000181142 devstack@neutron-api.service[108500]: DEBUG neutron.api.extensions [None req-3969062d-5a7d-43bc-8556-7428bda30dfc None None] Ext name="Router Availability Zone" alias="router_availability_zone" description="Availability zone support for router." updated="2015-01-01T10:00:00-00:00" {{(pid=108500) _check_extension /opt/stack/neutron/neutron/api/extensions.py:415}}
Jun 17 14:26:25.648043 np0000181142 devstack@neutron-api.service[108500]: INFO neutron.api.extensions [None req-3969062d-5a7d-43bc-8556-7428bda30dfc None None] Loaded extension: router_availability_zone
Jun 17 14:26:25.648189 np0000181142 devstack@neutron-api.service[108500]: DEBUG neutron.api.extensions [None req-3969062d-5a7d-43bc-8556-7428bda30dfc None None] Loading extension file: router_enable_snat.py {{(pid=108500) _load_all_extensions_from_path /opt/stack/neutron/neutron/api/extensions.py:449}}
Jun 17 14:26:25.648504 np0000181142 devstack@neutron-api.service[108500]: DEBUG neutron.api.extensions [None req-3969062d-5a7d-43bc-8556-7428bda30dfc None None] Ext name="Exposes the router "enable_snat" read-only configuration flag" alias="router-enable-snat" description="Exposes the router "enable_snat" read-only configuration flag" updated="2025-09-18T18:00:00-00:00" {{(pid=108500) _check_extension /opt/stack/neutron/neutron/api/extensions.py:415}}
Jun 17 14:26:25.648786 np0000181142 devstack@neutron-api.service[108500]: INFO neutron.api.extensions [None req-3969062d-5a7d-43bc-8556-7428bda30dfc None None] Loaded extension: router-enable-snat
Jun 17 14:26:25.648947 np0000181142 devstack@neutron-api.service[108500]: DEBUG neutron.api.extensions [None req-3969062d-5a7d-43bc-8556-7428bda30dfc None None] Loading extension file: routerservicetype.py {{(pid=108500) _load_all_extensions_from_path /opt/stack/neutron/neutron/api/extensions.py:449}}
Jun 17 14:26:25.649308 np0000181142 devstack@neutron-api.service[108500]: DEBUG neutron.api.extensions [None req-3969062d-5a7d-43bc-8556-7428bda30dfc None None] Ext name="Router Service Type" alias="router-service-type" description="Provides router service type" updated="2013-01-29T00:00:00-00:00" {{(pid=108500) _check_extension /opt/stack/neutron/neutron/api/extensions.py:415}}
Jun 17 14:26:25.649537 np0000181142 devstack@neutron-api.service[108500]: INFO neutron.api.extensions [None req-3969062d-5a7d-43bc-8556-7428bda30dfc None None] Extension router-service-type not supported by any of loaded plugins
Jun 17 14:26:25.649920 np0000181142 devstack@neutron-api.service[108500]: DEBUG neutron.api.extensions [None req-3969062d-5a7d-43bc-8556-7428bda30dfc None None] Loading extension file: security_groups_default_rules.py {{(pid=108500) _load_all_extensions_from_path /opt/stack/neutron/neutron/api/extensions.py:449}}
Jun 17 14:26:25.650507 np0000181142 devstack@neutron-api.service[108500]: DEBUG neutron.api.extensions [None req-3969062d-5a7d-43bc-8556-7428bda30dfc None None] Ext name="Default rules for security groups" alias="security-groups-default-rules" description="Configure set of security group rules used as default rules for every new security group" updated="2022-12-19T10:00:00-00:00" {{(pid=108500) _check_extension /opt/stack/neutron/neutron/api/extensions.py:415}}
Jun 17 14:26:25.651307 np0000181142 devstack@neutron-api.service[108502]: INFO neutron.db.ovn_hash_ring_db [None req-f8334350-36f6-493d-9be8-4124c51ebeb4 None None] Nodes from host "np0000181142" and group "mechanism_driver" removed from the Hash Ring created at 2026-06-17 14:26:18+00:00
Jun 17 14:26:25.654013 np0000181142 devstack@neutron-api.service[108500]: INFO neutron.api.extensions [None req-3969062d-5a7d-43bc-8556-7428bda30dfc None None] Loaded extension: security-groups-default-rules
Jun 17 14:26:25.654013 np0000181142 devstack@neutron-api.service[108500]: DEBUG neutron.api.extensions [None req-3969062d-5a7d-43bc-8556-7428bda30dfc None None] Loading extension file: security_groups_normalized_cidr.py {{(pid=108500) _load_all_extensions_from_path /opt/stack/neutron/neutron/api/extensions.py:449}}
Jun 17 14:26:25.654439 np0000181142 devstack@neutron-api.service[108500]: DEBUG neutron.api.extensions [None req-3969062d-5a7d-43bc-8556-7428bda30dfc None None] Ext name="Normalized CIDR field for security group rules" alias="security-groups-normalized-cidr" description="Add new field with normalized remote_ip_prefix cidr in SG rule" updated="2020-07-28T10:00:00-00:00" {{(pid=108500) _check_extension /opt/stack/neutron/neutron/api/extensions.py:415}}
Jun 17 14:26:25.654725 np0000181142 devstack@neutron-api.service[108503]: DEBUG neutron.plugins.ml2.drivers.ovn.mech_driver.ovsdb.maintenance [None req-9f40f7b2-1e4d-460a-be92-48a57ffd0541 None None] Periodic task found: HashRingHealthCheckPeriodics.touch_hash_ring_node {{(pid=108503) add_periodics /opt/stack/neutron/neutron/plugins/ml2/drivers/ovn/mech_driver/ovsdb/maintenance.py:146}}
Jun 17 14:26:25.654768 np0000181142 devstack@neutron-api.service[108500]: INFO neutron.api.extensions [None req-3969062d-5a7d-43bc-8556-7428bda30dfc None None] Loaded extension: security-groups-normalized-cidr
Jun 17 14:26:25.654949 np0000181142 devstack@neutron-api.service[108500]: DEBUG neutron.api.extensions [None req-3969062d-5a7d-43bc-8556-7428bda30dfc None None] Loading extension file: security_groups_port_filtering.py {{(pid=108500) _load_all_extensions_from_path /opt/stack/neutron/neutron/api/extensions.py:449}}
Jun 17 14:26:25.655204 np0000181142 devstack@neutron-api.service[108500]: DEBUG neutron.api.extensions [None req-3969062d-5a7d-43bc-8556-7428bda30dfc None None] Ext name="Port filtering on security groups" alias="port-security-groups-filtering" description="Provides security groups filtering when listing ports" updated="2018-01-09T09:00:00-00:00" {{(pid=108500) _check_extension /opt/stack/neutron/neutron/api/extensions.py:415}}
Jun 17 14:26:25.655465 np0000181142 devstack@neutron-api.service[108500]: INFO neutron.api.extensions [None req-3969062d-5a7d-43bc-8556-7428bda30dfc None None] Extension port-security-groups-filtering not supported by any of loaded plugins
Jun 17 14:26:25.655595 np0000181142 devstack@neutron-api.service[108500]: DEBUG neutron.api.extensions [None req-3969062d-5a7d-43bc-8556-7428bda30dfc None None] Loading extension file: security_groups_remote_address_group.py {{(pid=108500) _load_all_extensions_from_path /opt/stack/neutron/neutron/api/extensions.py:449}}
Jun 17 14:26:25.655693 np0000181142 devstack@neutron-api.service[108503]: INFO neutron.plugins.ml2.drivers.ovn.mech_driver.mech_driver [None req-9f40f7b2-1e4d-460a-be92-48a57ffd0541 None None] Hash Ring probing thread for node 85e34a0d802b52818e64ad6ee2aed107 has started
Jun 17 14:26:25.655947 np0000181142 devstack@neutron-api.service[108500]: DEBUG neutron.api.extensions [None req-3969062d-5a7d-43bc-8556-7428bda30dfc None None] Ext name="Remote address group id field for security group rules" alias="security-groups-remote-address-group" description="Add new field of remote address group id in SG rules" updated="2020-08-25T10:00:00-00:00" {{(pid=108500) _check_extension /opt/stack/neutron/neutron/api/extensions.py:415}}
Jun 17 14:26:25.656217 np0000181142 devstack@neutron-api.service[108500]: INFO neutron.api.extensions [None req-3969062d-5a7d-43bc-8556-7428bda30dfc None None] Loaded extension: security-groups-remote-address-group
Jun 17 14:26:25.656318 np0000181142 devstack@neutron-api.service[108503]: INFO neutron.plugins.ml2.drivers.ovn.mech_driver.ovsdb.impl_idl_ovn [None req-9f40f7b2-1e4d-460a-be92-48a57ffd0541 None None] Getting OvsdbNbOvnIdl for WorkerService with retry
Jun 17 14:26:25.656367 np0000181142 devstack@neutron-api.service[108500]: DEBUG neutron.api.extensions [None req-3969062d-5a7d-43bc-8556-7428bda30dfc None None] Loading extension file: security_groups_rules_belongs_to_default_sg.py {{(pid=108500) _load_all_extensions_from_path /opt/stack/neutron/neutron/api/extensions.py:449}}
Jun 17 14:26:25.659608 np0000181142 devstack@neutron-api.service[108500]: DEBUG neutron.api.extensions [None req-3969062d-5a7d-43bc-8556-7428bda30dfc None None] Ext name="Security group rule belongs to the project's default security group" alias="security-groups-rules-belongs-to-default-sg" description="Flag to determine if the security group rule belongs to the project's default security group" updated="2023-05-23T10:00:00-00:00" {{(pid=108500) _check_extension /opt/stack/neutron/neutron/api/extensions.py:415}}
Jun 17 14:26:25.659608 np0000181142 devstack@neutron-api.service[108500]: INFO neutron.api.extensions [None req-3969062d-5a7d-43bc-8556-7428bda30dfc None None] Loaded extension: security-groups-rules-belongs-to-default-sg
Jun 17 14:26:25.659608 np0000181142 devstack@neutron-api.service[108500]: DEBUG neutron.api.extensions [None req-3969062d-5a7d-43bc-8556-7428bda30dfc None None] Loading extension file: security_groups_shared_filtering.py {{(pid=108500) _load_all_extensions_from_path /opt/stack/neutron/neutron/api/extensions.py:449}}
