2026-02-24 21:03:00.896 7 INFO placement.requestlog [req-eb647576-75f3-417c-9abb-9b3b9a3fe97d req-0b0cc43a-78f2-40d0-b555-6f99d266d7ca bc154d25b95047b18c805825a9520e87 abe2fe57e42a4918ab44d01f8dbb3c7b - - e2bb871b7ad142bebb6de919a9c4f3a8 e2bb871b7ad142bebb6de919a9c4f3a8] 199.204.45.99 "GET /resource_providers/11f66435-8923-4b28-80a7-1abc65a1be3b/allocations" status: 200 len: 54 microversion: 1.0 [pid: 7|app: 0|req: 278/549] 199.204.45.99 () {32 vars in 856 bytes} [Tue Feb 24 21:03:00 2026] GET /resource_providers/11f66435-8923-4b28-80a7-1abc65a1be3b/allocations => generated 54 bytes in 11 msecs (HTTP/1.1 200) 6 headers in 223 bytes (1 switches on core 0)
2026-02-24 21:03:05.650 8 INFO placement.requestlog [None req-5b453652-c258-4915-bcb2-081ba93eba25 - - - - - -] 10.0.0.195 "GET /" status: 200 len: 136 microversion: 1.0
2026-02-24 21:03:05.651 7 INFO placement.requestlog [None req-c8aec98e-98bd-4801-8d83-1c173137bb9f - - - - - -] 10.0.0.195 "GET /" status: 200 len: 136 microversion: 1.0
2026-02-24 21:03:12.760 8 INFO placement.requestlog [None req-1e9fa33a-f71a-4f01-b653-67f2dc32b5a3 5aec6dd76aa349258f132e69de167071 99ef3f161e0b4b40b4d71520578bd099 - - default default] 10.0.0.224 "GET /resource_providers" status: 200 len: 405 microversion: 1.0 [pid: 8|app: 0|req: 273/552] 10.0.0.224 () {28 vars in 593 bytes} [Tue Feb 24 21:03:12 2026] GET /resource_providers => generated 405 bytes in 62 msecs (HTTP/1.1 200) 6 headers in 224 bytes (1 switches on core 0)
2026-02-24 21:03:12.792 7 INFO placement.requestlog [None req-90cc4ba2-6136-4ff9-b045-725a510b5b99 5aec6dd76aa349258f132e69de167071 99ef3f161e0b4b40b4d71520578bd099 - - default default] 10.0.0.224 "GET /resource_providers/11f66435-8923-4b28-80a7-1abc65a1be3b/inventories" status: 200 len: 400 microversion: 1.0 [pid: 7|app: 0|req: 280/553] 10.0.0.224 () {28 vars in 691 bytes} [Tue Feb 24 21:03:12 2026] GET /resource_providers/11f66435-8923-4b28-80a7-1abc65a1be3b/inventories => generated 400 bytes in 20 msecs (HTTP/1.1 200) 6 headers in 224 bytes (1 switches on core 0)
2026-02-24 21:03:12.823 8 INFO placement.requestlog [None req-8f58efb4-3515-41a5-baf2-b478c50e630e 5aec6dd76aa349258f132e69de167071 99ef3f161e0b4b40b4d71520578bd099 - - default default] 10.0.0.224 "GET /resource_providers/11f66435-8923-4b28-80a7-1abc65a1be3b/usages" status: 200 len: 88 microversion: 1.0 [pid: 8|app: 0|req: 274/554] 10.0.0.224 () {28 vars in 681 bytes} [Tue Feb 24 21:03:12 2026] GET /resource_providers/11f66435-8923-4b28-80a7-1abc65a1be3b/usages => generated 88 bytes in 26 msecs (HTTP/1.1 200) 6 headers in 223 bytes (1 switches on core 0)
2026-02-24 21:03:15.650 7 INFO placement.requestlog [None req-9ea1c70c-5e6c-4a00-8b20-34bac9d49554 - - - - - -] 10.0.0.195 "GET /" status: 200 len: 136 microversion: 1.0
2026-02-24 21:03:15.651 8 INFO placement.requestlog [None req-c53c5aa6-5f5f-4c2d-aeab-8bed363816d8 - - - - - -] 10.0.0.195 "GET /" status: 200 len: 136 microversion: 1.0
2026-02-24 21:03:25.650 8 INFO placement.requestlog [None req-68a83ab5-434f-4b4e-87e2-430d29946e4c - - - - - -] 10.0.0.195 "GET /" status: 200 len: 136 microversion: 1.0
2026-02-24 21:03:25.650 7 INFO placement.requestlog [None req-9c144c14-3a05-4128-b301-1806c27728ad - - - - - -] 10.0.0.195 "GET /" status: 200 len: 136 microversion: 1.0
2026-02-24 21:03:35.650 8 INFO placement.requestlog [None req-c6bd9e44-c281-47bf-ba3e-294894e5c3f9 - - - - - -] 10.0.0.195 "GET /" status: 200 len: 136 microversion: 1.0
2026-02-24 21:03:35.651 7 INFO placement.requestlog [None req-764e89d2-ff61-44cc-a6b8-75145ed0241c - - - - - -] 10.0.0.195 "GET /" status: 200 len: 136 microversion: 1.0
2026-02-24 21:03:45.650 7 INFO placement.requestlog [None req-6838f0e7-abd0-49d3-a48b-965a6ef54c39 - - - - - -] 10.0.0.195 "GET /" status: 200 len: 136 microversion: 1.0
2026-02-24 21:03:45.651 8 INFO placement.requestlog [None req-2b0227b2-7ec9-4300-86b7-e2222b218882 - - - - - -] 10.0.0.195 "GET /" status: 200 len: 136 microversion: 1.0
2026-02-24 21:03:55.651 7 INFO placement.requestlog [None req-f4d6d20d-140b-48b2-a641-66add34f7e55 - - - - - -] 10.0.0.195 "GET /" status: 200 len: 136 microversion: 1.0
2026-02-24 21:03:55.651 8 INFO placement.requestlog [None req-0c0e739c-88f6-482e-9425-6c94ba09f97f - - - - - -] 10.0.0.195 "GET /" status: 200 len: 136 microversion: 1.0
2026-02-24 21:04:00.854 7 INFO placement.requestlog [req-4bac1cd7-a6bb-495a-8b3a-9b8b914b6397 req-c503b7eb-d155-4e85-936b-19a18b1a405f bc154d25b95047b18c805825a9520e87 abe2fe57e42a4918ab44d01f8dbb3c7b - - e2bb871b7ad142bebb6de919a9c4f3a8 e2bb871b7ad142bebb6de919a9c4f3a8] 199.204.45.99 "GET /resource_providers/11f66435-8923-4b28-80a7-1abc65a1be3b/allocations" status: 200 len: 54 microversion: 1.0 [pid: 7|app: 0|req: 286/565] 199.204.45.99 () {32 vars in 856 bytes} [Tue Feb 24 21:04:00 2026] GET /resource_providers/11f66435-8923-4b28-80a7-1abc65a1be3b/allocations => generated 54 bytes in 14 msecs (HTTP/1.1 200) 6 headers in 223 bytes (1 switches on core 0)
2026-02-24 21:04:00.871 8 INFO placement.requestlog [req-4bac1cd7-a6bb-495a-8b3a-9b8b914b6397 req-a8151a31-b8f4-4804-9d08-86a3cd719369 bc154d25b95047b18c805825a9520e87 abe2fe57e42a4918ab44d01f8dbb3c7b - - e2bb871b7ad142bebb6de919a9c4f3a8 e2bb871b7ad142bebb6de919a9c4f3a8] 199.204.45.99 "GET /resource_providers/11f66435-8923-4b28-80a7-1abc65a1be3b/allocations" status: 200 len: 54 microversion: 1.0 [pid: 8|app: 0|req: 280/566] 199.204.45.99 () {32 vars in 856 bytes} [Tue Feb 24 21:04:00 2026] GET /resource_providers/11f66435-8923-4b28-80a7-1abc65a1be3b/allocations => generated 54 bytes in 11 msecs (HTTP/1.1 200) 6 headers in 223 bytes (1 switches on core 0)
2026-02-24 21:04:05.650 7 INFO placement.requestlog [None req-8134ece4-0e29-479e-b1a2-e5a0de47eef8 - - - - - -] 10.0.0.195 "GET /" status: 200 len: 136 microversion: 1.0
2026-02-24 21:04:05.650 8 INFO placement.requestlog [None req-c7feb308-a4b3-4bad-b7d4-64d7a4874266 - - - - - -] 10.0.0.195 "GET /" status: 200 len: 136 microversion: 1.0
2026-02-24 21:04:12.751 7 INFO placement.requestlog [None req-906e5dbe-6b55-409a-abfe-1f09a9f8fbbf 5aec6dd76aa349258f132e69de167071 99ef3f161e0b4b40b4d71520578bd099 - - default default] 10.0.0.224 "GET /resource_providers" status: 200 len: 405 microversion: 1.0 [pid: 7|app: 0|req: 288/569] 10.0.0.224 () {28 vars in 593 bytes} [Tue Feb 24 21:04:12 2026] GET /resource_providers => generated 405 bytes in 53 msecs (HTTP/1.1 200) 6 headers in 224 bytes (1 switches on core 0)
2026-02-24 21:04:12.791 8 INFO placement.requestlog [None req-53f4df8a-6afd-40ab-8378-a395db437b9b 5aec6dd76aa349258f132e69de167071 99ef3f161e0b4b40b4d71520578bd099 - - default default] 10.0.0.224 "GET /resource_providers/11f66435-8923-4b28-80a7-1abc65a1be3b/inventories" status: 200 len: 400 microversion: 1.0 [pid: 8|app: 0|req: 282/570] 10.0.0.224 () {28 vars in 691 bytes} [Tue Feb 24 21:04:12 2026] GET /resource_providers/11f66435-8923-4b28-80a7-1abc65a1be3b/inventories => generated 400 bytes in 35 msecs (HTTP/1.1 200) 6 headers in 224 bytes (1 switches on core 0)
2026-02-24 21:04:12.817 7 INFO placement.requestlog [None req-0fa16e49-0d06-40d9-892a-cfd98abe438d 5aec6dd76aa349258f132e69de167071 99ef3f161e0b4b40b4d71520578bd099 - - default default] 10.0.0.224 "GET /resource_providers/11f66435-8923-4b28-80a7-1abc65a1be3b/usages" status: 200 len: 88 microversion: 1.0 [pid: 7|app: 0|req: 289/571] 10.0.0.224 () {28 vars in 681 bytes} [Tue Feb 24 21:04:12 2026] GET /resource_providers/11f66435-8923-4b28-80a7-1abc65a1be3b/usages => generated 88 bytes in 22 msecs (HTTP/1.1 200) 6 headers in 223 bytes (1 switches on core 0)
2026-02-24 21:04:15.651 8 INFO placement.requestlog [None req-aa1066fb-6b75-4560-90a4-53c023d1021a - - - - - -] 10.0.0.195 "GET /" status: 200 len: 136 microversion: 1.0
2026-02-24 21:04:15.651 7 INFO placement.requestlog [None req-a2453e28-269c-47e2-be3d-73a3f4d960ac - - - - - -] 10.0.0.195 "GET /" status: 200 len: 136 microversion: 1.0
2026-02-24 21:04:25.649 8 INFO placement.requestlog [None req-f9881099-2ec0-4841-93dd-1fb2706cfb5a - - - - - -] 10.0.0.195 "GET /" status: 200 len: 136 microversion: 1.0
2026-02-24 21:04:25.650 7 INFO placement.requestlog [None req-06938b7f-1ecb-4e91-9bf0-8a7ca783d963 - - - - - -] 10.0.0.195 "GET /" status: 200 len: 136 microversion: 1.0
2026-02-24 21:04:35.651 8 INFO placement.requestlog [None req-8aeff651-022c-4d90-ae58-38e9d4fa4e67 - - - - - -] 10.0.0.195 "GET /" status: 200 len: 136 microversion: 1.0
2026-02-24 21:04:35.652 7 INFO placement.requestlog [None req-a780b35e-29af-4a90-a2a4-038007ffb90c - - - - - -] 10.0.0.195 "GET /" status: 200 len: 136 microversion: 1.0
2026-02-24 21:04:45.651 8 INFO placement.requestlog [None req-b4f2e18e-f5cf-4ab1-93bc-c0758fd740bd - - - - - -] 10.0.0.195 "GET /" status: 200 len: 136 microversion: 1.0
2026-02-24 21:04:45.651 7 INFO placement.requestlog [None req-e32ac5be-b9d6-40da-8b9a-a282833f8610 - - - - - -] 10.0.0.195 "GET /" status: 200 len: 136 microversion: 1.0
2026-02-24 21:04:55.651 7 INFO placement.requestlog [None req-7e6da651-1413-4dca-b864-f7760f75b07c - - - - - -] 10.0.0.195 "GET /" status: 200 len: 136 microversion: 1.0
2026-02-24 21:04:55.651 8 INFO placement.requestlog [None req-8b005503-aae4-4e2c-8546-b27e0f111f3a - - - - - -] 10.0.0.195 "GET /" status: 200 len: 136 microversion: 1.0
2026-02-24 21:05:02.306 8 INFO placement.requestlog [req-0ba1c812-5525-40ed-835d-82ad226804c0 req-5f285f86-3b46-410f-a645-332ec21d4196 bc154d25b95047b18c805825a9520e87 abe2fe57e42a4918ab44d01f8dbb3c7b - - e2bb871b7ad142bebb6de919a9c4f3a8 e2bb871b7ad142bebb6de919a9c4f3a8] 199.204.45.99 "GET /resource_providers/11f66435-8923-4b28-80a7-1abc65a1be3b/allocations" status: 200 len: 54 microversion: 1.0 [pid: 8|app: 0|req: 288/582] 199.204.45.99 () {32 vars in 856 bytes} [Tue Feb 24 21:05:02 2026] GET /resource_providers/11f66435-8923-4b28-80a7-1abc65a1be3b/allocations => generated 54 bytes in 14 msecs (HTTP/1.1 200) 6 headers in 223 bytes (1 switches on core 0)
2026-02-24 21:05:02.328 7 INFO placement.requestlog [req-0ba1c812-5525-40ed-835d-82ad226804c0 req-e988d2c6-d587-4635-8a06-17cb8833866d bc154d25b95047b18c805825a9520e87 abe2fe57e42a4918ab44d01f8dbb3c7b - - e2bb871b7ad142bebb6de919a9c4f3a8 e2bb871b7ad142bebb6de919a9c4f3a8] 199.204.45.99 "GET /resource_providers/11f66435-8923-4b28-80a7-1abc65a1be3b/allocations" status: 200 len: 54 microversion: 1.0 [pid: 7|app: 0|req: 295/583] 199.204.45.99 () {32 vars in 856 bytes} [Tue Feb 24 21:05:02 2026] GET /resource_providers/11f66435-8923-4b28-80a7-1abc65a1be3b/allocations => generated 54 bytes in 14 msecs (HTTP/1.1 200) 6 headers in 223 bytes (1 switches on core 0)
2026-02-24 21:05:05.650 8 INFO placement.requestlog [None req-57cdd3bd-c16f-45dc-8bf7-527b5e1b4c6a - - - - - -] 10.0.0.195 "GET /" status: 200 len: 136 microversion: 1.0
2026-02-24 21:05:05.650 7 INFO placement.requestlog [None req-07ccc272-b6d3-45a2-8a4d-99a90191a658 - - - - - -] 10.0.0.195 "GET /" status: 200 len: 136 microversion: 1.0
2026-02-24 21:05:12.771 8 INFO placement.requestlog [None req-b0ac8c26-0d64-4735-b6d5-55de43e076d6 5aec6dd76aa349258f132e69de167071 99ef3f161e0b4b40b4d71520578bd099 - - default default] 10.0.0.224 "GET /resource_providers" status: 200 len: 405 microversion: 1.0 [pid: 8|app: 0|req: 290/586] 10.0.0.224 () {28 vars in 593 bytes} [Tue Feb 24 21:05:12 2026] GET /resource_providers => generated 405 bytes in 52 msecs (HTTP/1.1 200) 6 headers in 224 bytes (1 switches on core 0)
2026-02-24 21:05:12.792 7 INFO placement.requestlog [None req-bc8d6017-a86c-4e40-ac7e-7c67cede4790 5aec6dd76aa349258f132e69de167071 99ef3f161e0b4b40b4d71520578bd099 - - default default] 10.0.0.224 "GET /resource_providers/11f66435-8923-4b28-80a7-1abc65a1be3b/inventories" status: 200 len: 400 microversion: 1.0 [pid: 7|app: 0|req: 297/587] 10.0.0.224 () {28 vars in 691 bytes} [Tue Feb 24 21:05:12 2026] GET /resource_providers/11f66435-8923-4b28-80a7-1abc65a1be3b/inventories => generated 400 bytes in 17 msecs (HTTP/1.1 200) 6 headers in 224 bytes (1 switches on core 0)
2026-02-24 21:05:12.811 8 INFO placement.requestlog [None req-77252bc4-00f2-49ca-99d1-b512a7a92548 5aec6dd76aa349258f132e69de167071 99ef3f161e0b4b40b4d71520578bd099 - - default default] 10.0.0.224 "GET /resource_providers/11f66435-8923-4b28-80a7-1abc65a1be3b/usages" status: 200 len: 88 microversion: 1.0 [pid: 8|app: 0|req: 291/588] 10.0.0.224 () {28 vars in 681 bytes} [Tue Feb 24 21:05:12 2026] GET /resource_providers/11f66435-8923-4b28-80a7-1abc65a1be3b/usages => generated 88 bytes in 12 msecs (HTTP/1.1 200) 6 headers in 223 bytes (1 switches on core 0)
2026-02-24 21:05:15.650 8 INFO placement.requestlog [None req-a63fe2cc-1522-4910-b83c-f02381e52475 - - - - - -] 10.0.0.195 "GET /" status: 200 len: 136 microversion: 1.0
2026-02-24 21:05:15.651 7 INFO placement.requestlog [None req-fee581e3-8eb3-4c0c-bbac-0bd6fefdd9e1 - - - - - -] 10.0.0.195 "GET /" status: 200 len: 136 microversion: 1.0
2026-02-24 21:05:25.650 8 INFO placement.requestlog [None req-31ff51b0-5d90-4063-9820-6e84e93bafb3 - - - - - -] 10.0.0.195 "GET /" status: 200 len: 136 microversion: 1.0
2026-02-24 21:05:25.651 7 INFO placement.requestlog [None req-4120dfc4-a638-47ae-a533-e310373d9978 - - - - - -] 10.0.0.195 "GET /" status: 200 len: 136 microversion: 1.0
2026-02-24 21:05:35.650 8 INFO placement.requestlog [None req-c0e4529e-518f-4463-a3fc-02d846573dc9 - - - - - -] 10.0.0.195 "GET /" status: 200 len: 136 microversion: 1.0
2026-02-24 21:05:35.651 7 INFO placement.requestlog [None req-65761fb3-c4eb-4752-a09a-0fdf1589da29 - - - - - -] 10.0.0.195 "GET /" status: 200 len: 136 microversion: 1.0
2026-02-24 21:05:45.650 8 INFO placement.requestlog [None req-bb246aa1-da0d-4d4e-beeb-e6c2705f6367 - - - - - -] 10.0.0.195 "GET /" status: 200 len: 136 microversion: 1.0
2026-02-24 21:05:45.652 7 INFO placement.requestlog [None req-d5bd815e-91ae-45ce-8bd1-74edbb9516d1 - - - - - -] 10.0.0.195 "GET /" status: 200 len: 136 microversion: 1.0
2026-02-24 21:05:55.650 8 INFO placement.requestlog [None req-5c41b56d-4772-4d43-a197-fc1502d30c7d - - - - - -] 10.0.0.195 "GET /" status: 200 len: 136 microversion: 1.0
2026-02-24 21:05:55.650 7 INFO placement.requestlog [None req-221f73f9-aed5-49bf-bc8f-06fdf6042a0c - - - - - -] 10.0.0.195 "GET /" status: 200 len: 136 microversion: 1.0
2026-02-24 21:06:03.804 8 INFO placement.requestlog [req-02cfe9a0-1540-4932-ada9-1780957a399f req-68a33dba-3b1f-41b3-b8c6-ddd8e7c0622c bc154d25b95047b18c805825a9520e87 abe2fe57e42a4918ab44d01f8dbb3c7b - - e2bb871b7ad142bebb6de919a9c4f3a8 e2bb871b7ad142bebb6de919a9c4f3a8] 199.204.45.99 "GET /resource_providers/11f66435-8923-4b28-80a7-1abc65a1be3b/allocations" status: 200 len: 54 microversion: 1.0 [pid: 8|app: 0|req: 297/599] 199.204.45.99 () {32 vars in 856 bytes} [Tue Feb 24 21:06:03 2026] GET /resource_providers/11f66435-8923-4b28-80a7-1abc65a1be3b/allocations => generated 54 bytes in 12 msecs (HTTP/1.1 200) 6 headers in 223 bytes (1 switches on core 0)
2026-02-24 21:06:03.823 7 INFO placement.requestlog [req-02cfe9a0-1540-4932-ada9-1780957a399f req-e6ba88af-be90-4dae-bf5e-c25c87d66811 bc154d25b95047b18c805825a9520e87 abe2fe57e42a4918ab44d01f8dbb3c7b - - e2bb871b7ad142bebb6de919a9c4f3a8 e2bb871b7ad142bebb6de919a9c4f3a8] 199.204.45.99 "GET /resource_providers/11f66435-8923-4b28-80a7-1abc65a1be3b/allocations" status: 200 len: 54 microversion: 1.0 [pid: 7|app: 0|req: 303/600] 199.204.45.99 () {32 vars in 856 bytes} [Tue Feb 24 21:06:03 2026] GET /resource_providers/11f66435-8923-4b28-80a7-1abc65a1be3b/allocations => generated 54 bytes in 11 msecs (HTTP/1.1 200) 6 headers in 223 bytes (1 switches on core 0)
2026-02-24 21:06:05.650 8 INFO placement.requestlog [None req-3ca346d5-13d8-4475-b922-baa7f5f59bb4 - - - - - -] 10.0.0.195 "GET /" status: 200 len: 136 microversion: 1.0
2026-02-24 21:06:05.650 7 INFO placement.requestlog [None req-582ea64f-a7bb-4bdc-badc-7ae62b07a259 - - - - - -] 10.0.0.195 "GET /" status: 200 len: 136 microversion: 1.0
2026-02-24 21:06:12.713 8 INFO placement.requestlog [None req-dc576519-b1d0-4419-a070-98f5a92bf8b1 5aec6dd76aa349258f132e69de167071 99ef3f161e0b4b40b4d71520578bd099 - - default default] 10.0.0.224 "GET /resource_providers" status: 200 len: 405 microversion: 1.0 [pid: 8|app: 0|req: 299/603] 10.0.0.224 () {28 vars in 593 bytes} [Tue Feb 24 21:06:12 2026] GET /resource_providers => generated 405 bytes in 92 msecs (HTTP/1.1 200) 6 headers in 224 bytes (1 switches on core 0)
2026-02-24 21:06:12.737 7 INFO placement.requestlog [None req-3965c693-074e-4ee8-9271-9ab45dd821f5 5aec6dd76aa349258f132e69de167071 99ef3f161e0b4b40b4d71520578bd099 - - default default] 10.0.0.224 "GET /resource_providers/11f66435-8923-4b28-80a7-1abc65a1be3b/inventories" status: 200 len: 400 microversion: 1.0 [pid: 7|app: 0|req: 305/604] 10.0.0.224 () {28 vars in 691 bytes} [Tue Feb 24 21:06:12 2026] GET /resource_providers/11f66435-8923-4b28-80a7-1abc65a1be3b/inventories => generated 400 bytes in 21 msecs (HTTP/1.1 200) 6 headers in 224 bytes (1 switches on core 0)
2026-02-24 21:06:12.758 8 INFO placement.requestlog [None req-5b42cc02-f0ab-43d7-bdee-d66b26f03dea 5aec6dd76aa349258f132e69de167071 99ef3f161e0b4b40b4d71520578bd099 - - default default] 10.0.0.224 "GET /resource_providers/11f66435-8923-4b28-80a7-1abc65a1be3b/usages" status: 200 len: 88 microversion: 1.0 [pid: 8|app: 0|req: 300/605] 10.0.0.224 () {28 vars in 681 bytes} [Tue Feb 24 21:06:12 2026] GET /resource_providers/11f66435-8923-4b28-80a7-1abc65a1be3b/usages => generated 88 bytes in 12 msecs (HTTP/1.1 200) 6 headers in 223 bytes (1 switches on core 0)
2026-02-24 21:06:15.651 8 INFO placement.requestlog [None req-f0d916cc-d69e-48fb-8e15-3ca889134c24 - - - - - -] 10.0.0.195 "GET /" status: 200 len: 136 microversion: 1.0
2026-02-24 21:06:15.651 7 INFO placement.requestlog [None req-85761f8e-4c62-4306-82bb-9937ffa3760f - - - - - -] 10.0.0.195 "GET /" status: 200 len: 136 microversion: 1.0
2026-02-24 21:06:25.650 7 INFO placement.requestlog [None req-cf7830cd-49c1-421d-ac79-bbb90a2690e2 - - - - - -] 10.0.0.195 "GET /" status: 200 len: 136 microversion: 1.0
2026-02-24 21:06:25.650 8 INFO placement.requestlog [None req-38f13aa4-fd16-45a2-b70a-c6e5483ac0d7 - - - - - -] 10.0.0.195 "GET /" status: 200 len: 136 microversion: 1.0
2026-02-24 21:06:35.651 7 INFO placement.requestlog [None req-ac9cff5b-dff5-4574-9666-451bf66f703e - - - - - -] 10.0.0.195 "GET /" status: 200 len: 136 microversion: 1.0
2026-02-24 21:06:35.651 8 INFO placement.requestlog [None req-01f5318f-5e1c-4f5b-ac6d-7b0170742a86 - - - - - -] 10.0.0.195 "GET /" status: 200 len: 136 microversion: 1.0
2026-02-24 21:06:45.650 8 INFO placement.requestlog [None req-cca21d95-89f7-4ec0-9668-52779e352b3a - - - - - -] 10.0.0.195 "GET /" status: 200 len: 136 microversion: 1.0
2026-02-24 21:06:45.651 7 INFO placement.requestlog [None req-738c8123-f132-4859-8855-c38f927bc4e3 - - - - - -] 10.0.0.195 "GET /" status: 200 len: 136 microversion: 1.0
2026-02-24 21:06:55.650 7 INFO placement.requestlog [None req-c97ded54-1cb9-414c-b19a-00923b3389b9 - - - - - -] 10.0.0.195 "GET /" status: 200 len: 136 microversion: 1.0
2026-02-24 21:06:55.650 8 INFO placement.requestlog [None req-d6388f29-f2f3-4926-a6e6-c113c00bdaff - - - - - -] 10.0.0.195 "GET /" status: 200 len: 136 microversion: 1.0
2026-02-24 21:07:05.650 8 INFO placement.requestlog [None req-036043cb-0697-4ba2-ba26-01797c041fdb - - - - - -] 10.0.0.195 "GET /" status: 200 len: 136 microversion: 1.0
2026-02-24 21:07:05.650 7 INFO placement.requestlog [None req-f14afe09-49f6-4fed-a9c7-312dbf468640 - - - - - -] 10.0.0.195 "GET /" status: 200 len: 136 microversion: 1.0
2026-02-24 21:07:05.886 8 INFO placement.requestlog [req-90cc647b-fb70-4c07-9c2c-080a9188a5e8 req-82898edd-9801-41fc-8823-52d700526c65 bc154d25b95047b18c805825a9520e87 abe2fe57e42a4918ab44d01f8dbb3c7b - - e2bb871b7ad142bebb6de919a9c4f3a8 e2bb871b7ad142bebb6de919a9c4f3a8] 199.204.45.99 "GET /resource_providers/11f66435-8923-4b28-80a7-1abc65a1be3b/allocations" status: 200 len: 54 microversion: 1.0 [pid: 8|app: 0|req: 307/618] 199.204.45.99 () {32 vars in 856 bytes} [Tue Feb 24 21:07:05 2026] GET /resource_providers/11f66435-8923-4b28-80a7-1abc65a1be3b/allocations => generated 54 bytes in 65 msecs (HTTP/1.1 200) 6 headers in 223 bytes (1 switches on core 0)
2026-02-24 21:07:05.913 7 INFO placement.requestlog [req-90cc647b-fb70-4c07-9c2c-080a9188a5e8 req-d7935f29-f15c-4aae-be9e-fdb28725fa43 bc154d25b95047b18c805825a9520e87 abe2fe57e42a4918ab44d01f8dbb3c7b - - e2bb871b7ad142bebb6de919a9c4f3a8 e2bb871b7ad142bebb6de919a9c4f3a8] 199.204.45.99 "GET /resource_providers?in_tree=11f66435-8923-4b28-80a7-1abc65a1be3b" status: 200 len: 797 microversion: 1.14 [pid: 7|app: 0|req: 312/619] 199.204.45.99 () {34 vars in 891 bytes} [Tue Feb 24 21:07:05 2026] GET /resource_providers?in_tree=11f66435-8923-4b28-80a7-1abc65a1be3b => generated 797 bytes in 21 msecs (HTTP/1.1 200) 6 headers in 225 bytes (1 switches on core 0)
2026-02-24 21:07:05.929 8 INFO placement.requestlog [req-90cc647b-fb70-4c07-9c2c-080a9188a5e8 req-30a80774-6dcd-47bd-a2a0-26ee3d8ca1b5 bc154d25b95047b18c805825a9520e87 abe2fe57e42a4918ab44d01f8dbb3c7b - - e2bb871b7ad142bebb6de919a9c4f3a8 e2bb871b7ad142bebb6de919a9c4f3a8] 199.204.45.99 "GET /resource_providers/11f66435-8923-4b28-80a7-1abc65a1be3b/inventories" status: 200 len: 400 microversion: 1.0 [pid: 8|app: 0|req: 308/620] 199.204.45.99 () {32 vars in 856 bytes} [Tue Feb 24 21:07:05 2026] GET /resource_providers/11f66435-8923-4b28-80a7-1abc65a1be3b/inventories => generated 400 bytes in 11 msecs (HTTP/1.1 200) 6 headers in 224 bytes (1 switches on core 0)
2026-02-24 21:07:05.944 7 INFO placement.requestlog [req-90cc647b-fb70-4c07-9c2c-080a9188a5e8 req-75efdfd4-03f1-4dd0-bf20-0061950a5ad7 bc154d25b95047b18c805825a9520e87 abe2fe57e42a4918ab44d01f8dbb3c7b - - e2bb871b7ad142bebb6de919a9c4f3a8 e2bb871b7ad142bebb6de919a9c4f3a8] 199.204.45.99 "GET /resource_providers/11f66435-8923-4b28-80a7-1abc65a1be3b/aggregates" status: 200 len: 53 microversion: 1.19 [pid: 7|app: 0|req: 313/621] 199.204.45.99 () {34 vars in 898 bytes} [Tue Feb 24 21:07:05 2026] GET /resource_providers/11f66435-8923-4b28-80a7-1abc65a1be3b/aggregates => generated 53 bytes in 9 msecs (HTTP/1.1 200) 8 headers in 295 bytes (1 switches on core 0)
2026-02-24 21:07:05.965 8 INFO placement.requestlog [req-90cc647b-fb70-4c07-9c2c-080a9188a5e8 req-3af59b60-4596-4bf7-8626-9a0ea8526983 bc154d25b95047b18c805825a9520e87 abe2fe57e42a4918ab44d01f8dbb3c7b - - e2bb871b7ad142bebb6de919a9c4f3a8 e2bb871b7ad142bebb6de919a9c4f3a8] 199.204.45.99 "GET /resource_providers/11f66435-8923-4b28-80a7-1abc65a1be3b/traits" status: 200 len: 2175 microversion: 1.6 [pid: 8|app: 0|req: 309/622] 199.204.45.99 () {34 vars in 889 bytes} [Tue Feb 24 21:07:05 2026] GET /resource_providers/11f66435-8923-4b28-80a7-1abc65a1be3b/traits => generated 2175 bytes in 16 msecs (HTTP/1.1 200) 6 headers in 225 bytes (1 switches on core 0)
2026-02-24 21:07:05.983 7 INFO placement.requestlog [req-90cc647b-fb70-4c07-9c2c-080a9188a5e8 req-e69e46be-9c53-4759-8bba-0994ae6e32e5 bc154d25b95047b18c805825a9520e87 abe2fe57e42a4918ab44d01f8dbb3c7b - - e2bb871b7ad142bebb6de919a9c4f3a8 e2bb871b7ad142bebb6de919a9c4f3a8] 199.204.45.99 "GET /resource_providers/11f66435-8923-4b28-80a7-1abc65a1be3b/allocations" status: 200 len: 54 microversion: 1.0 [pid: 7|app: 0|req: 314/623] 199.204.45.99 () {32 vars in 856 bytes} [Tue Feb 24 21:07:05 2026] GET /resource_providers/11f66435-8923-4b28-80a7-1abc65a1be3b/allocations => generated 54 bytes in 12 msecs (HTTP/1.1 200) 6 headers in 223 bytes (1 switches on core 0)
2026-02-24 21:07:12.875 8 INFO placement.requestlog [None req-e43bb4aa-993f-4d07-be5f-32fe9cdbd143 5aec6dd76aa349258f132e69de167071 99ef3f161e0b4b40b4d71520578bd099 - - default default] 10.0.0.224 "GET /resource_providers" status: 200 len: 405 microversion: 1.0 [pid: 8|app: 0|req: 310/624] 10.0.0.224 () {28 vars in 593 bytes} [Tue Feb 24 21:07:12 2026] GET /resource_providers => generated 405 bytes in 203 msecs (HTTP/1.1 200) 6 headers in 224 bytes (1 switches on core 0)
2026-02-24 21:07:12.897 7 INFO placement.requestlog [None req-361d1925-699a-4769-976b-aafc013186c7 5aec6dd76aa349258f132e69de167071 99ef3f161e0b4b40b4d71520578bd099 - - default default] 10.0.0.224 "GET /resource_providers/11f66435-8923-4b28-80a7-1abc65a1be3b/inventories" status: 200 len: 400 microversion: 1.0 [pid: 7|app: 0|req: 315/625] 10.0.0.224 () {28 vars in 691 bytes} [Tue Feb 24 21:07:12 2026] GET /resource_providers/11f66435-8923-4b28-80a7-1abc65a1be3b/inventories => generated 400 bytes in 19 msecs (HTTP/1.1 200) 6 headers in 224 bytes (1 switches on core 0)
2026-02-24 21:07:12.916 8 INFO placement.requestlog [None req-79c2db8f-bc74-486c-930d-139eb09068e9 5aec6dd76aa349258f132e69de167071 99ef3f161e0b4b40b4d71520578bd099 - - default default] 10.0.0.224 "GET /resource_providers/11f66435-8923-4b28-80a7-1abc65a1be3b/usages" status: 200 len: 88 microversion: 1.0 [pid: 8|app: 0|req: 311/626] 10.0.0.224 () {28 vars in 681 bytes} [Tue Feb 24 21:07:12 2026] GET /resource_providers/11f66435-8923-4b28-80a7-1abc65a1be3b/usages => generated 88 bytes in 12 msecs (HTTP/1.1 200) 6 headers in 223 bytes (1 switches on core 0)
2026-02-24 21:07:15.650 7 INFO placement.requestlog [None req-05b93b75-008b-4c2c-9046-877c4ec3431c - - - - - -] 10.0.0.195 "GET /" status: 200 len: 136 microversion: 1.0
2026-02-24 21:07:15.650 8 INFO placement.requestlog [None req-1379946d-1517-4904-9cd3-003039478c62 - - - - - -] 10.0.0.195 "GET /" status: 200 len: 136 microversion: 1.0
2026-02-24 21:07:25.651 7 INFO placement.requestlog [None req-3fd53f08-0115-40c9-8d27-7120d354b69d - - - - - -] 10.0.0.195 "GET /" status: 200 len: 136 microversion: 1.0
2026-02-24 21:07:25.651 8 INFO placement.requestlog [None req-983c6d8b-a0f6-4524-bf16-37769d9a1a26 - - - - - -] 10.0.0.195 "GET /" status: 200 len: 136 microversion: 1.0
2026-02-24 21:07:35.650 8 INFO placement.requestlog [None req-a2697c71-5882-435c-9fc1-113205ef3373 - - - - - -] 10.0.0.195 "GET /" status: 200 len: 136 microversion: 1.0
2026-02-24 21:07:35.650 7 INFO placement.requestlog [None req-d5a77a7a-7a44-4669-8cf2-f41472504482 - - - - - -] 10.0.0.195 "GET /" status: 200 len: 136 microversion: 1.0
2026-02-24 21:07:45.651 8 INFO placement.requestlog [None req-59cccf13-09a0-4650-aa3a-98c8bbf45487 - - - - - -] 10.0.0.195 "GET /" status: 200 len: 136 microversion: 1.0
2026-02-24 21:07:45.651 7 INFO placement.requestlog [None req-1810ce10-4665-482e-acbe-a5a2e843cf01 - - - - - -] 10.0.0.195 "GET /" status: 200 len: 136 microversion: 1.0
2026-02-24 21:07:54.270 7 INFO placement.requestlog [req-c9e8f2af-be88-4e47-8f51-fab1f3996f23 req-908d33dd-8418-48d0-8746-a4b0f1e2f2da bc154d25b95047b18c805825a9520e87 abe2fe57e42a4918ab44d01f8dbb3c7b - - e2bb871b7ad142bebb6de919a9c4f3a8 e2bb871b7ad142bebb6de919a9c4f3a8] 10.0.0.136 "GET /allocation_candidates?limit=1000&resources=DISK_GB%3A1%2CMEMORY_MB%3A512%2CVCPU%3A1&root_required=%21COMPUTE_STATUS_DISABLED" status: 200 len: 2640 microversion: 1.36 [pid: 7|app: 0|req: 320/635] 10.0.0.136 () {34 vars in 1012 bytes} [Tue Feb 24 21:07:54 2026] GET /allocation_candidates?limit=1000&resources=DISK_GB%3A1%2CMEMORY_MB%3A512%2CVCPU%3A1&root_required=%21COMPUTE_STATUS_DISABLED => generated 2640 bytes in 144 msecs (HTTP/1.1 200) 8 headers in 297 bytes (1 switches on core 0)
2026-02-24 21:07:54.308 8 INFO placement.requestlog [req-c9e8f2af-be88-4e47-8f51-fab1f3996f23 req-fc74eff1-fb8d-4864-bd3f-e37da2287b53 bc154d25b95047b18c805825a9520e87 abe2fe57e42a4918ab44d01f8dbb3c7b - - e2bb871b7ad142bebb6de919a9c4f3a8 e2bb871b7ad142bebb6de919a9c4f3a8] 10.0.0.136 "GET /allocations/36014bd6-ef09-48a4-8296-464cb7c93feb" status: 200 len: 19 microversion: 1.28 [pid: 8|app: 0|req: 316/636] 10.0.0.136 () {34 vars in 861 bytes} [Tue Feb 24 21:07:54 2026] GET /allocations/36014bd6-ef09-48a4-8296-464cb7c93feb => generated 19 bytes in 13 msecs (HTTP/1.1 200) 8 headers in 295 bytes (1 switches on core 0)
2026-02-24 21:07:54.384 7 INFO placement.requestlog [req-c9e8f2af-be88-4e47-8f51-fab1f3996f23 req-59b7d484-bd51-4f24-b643-e15ea9bf3f78 bc154d25b95047b18c805825a9520e87 abe2fe57e42a4918ab44d01f8dbb3c7b - - e2bb871b7ad142bebb6de919a9c4f3a8 e2bb871b7ad142bebb6de919a9c4f3a8] 10.0.0.136 "PUT /allocations/36014bd6-ef09-48a4-8296-464cb7c93feb" status: 204 len: 0 microversion: 1.36 [pid: 7|app: 0|req: 321/637] 10.0.0.136 () {38 vars in 914 bytes} [Tue Feb 24 21:07:54 2026] PUT /allocations/36014bd6-ef09-48a4-8296-464cb7c93feb => generated 0 bytes in 70 msecs (HTTP/1.1 204) 5 headers in 199 bytes (1 switches on core 0)
2026-02-24 21:07:55.227 8 INFO placement.requestlog [req-630b7fe3-ec17-4215-a29b-f0aa64d68a9d req-4307b261-50e6-42e8-a778-20080e66c9c3 bc154d25b95047b18c805825a9520e87 abe2fe57e42a4918ab44d01f8dbb3c7b - - e2bb871b7ad142bebb6de919a9c4f3a8 e2bb871b7ad142bebb6de919a9c4f3a8] 10.0.0.136 "GET /allocation_candidates?limit=1000&resources=DISK_GB%3A1%2CMEMORY_MB%3A512%2CVCPU%3A1&root_required=%21COMPUTE_STATUS_DISABLED" status: 200 len: 2642 microversion: 1.36 [pid: 8|app: 0|req: 317/638] 10.0.0.136 () {34 vars in 1012 bytes} [Tue Feb 24 21:07:55 2026] GET /allocation_candidates?limit=1000&resources=DISK_GB%3A1%2CMEMORY_MB%3A512%2CVCPU%3A1&root_required=%21COMPUTE_STATUS_DISABLED => generated 2642 bytes in 46 msecs (HTTP/1.1 200) 8 headers in 297 bytes (1 switches on core 0)
2026-02-24 21:07:55.264 7 INFO placement.requestlog [req-630b7fe3-ec17-4215-a29b-f0aa64d68a9d req-ec59332f-4408-4359-b49a-11f536957b57 bc154d25b95047b18c805825a9520e87 abe2fe57e42a4918ab44d01f8dbb3c7b - - e2bb871b7ad142bebb6de919a9c4f3a8 e2bb871b7ad142bebb6de919a9c4f3a8] 10.0.0.136 "GET /allocations/ed2a0f08-21b4-47f2-8ced-1a9a62d2a387" status: 200 len: 19 microversion: 1.28 [pid: 7|app: 0|req: 322/639] 10.0.0.136 () {34 vars in 861 bytes} [Tue Feb 24 21:07:55 2026] GET /allocations/ed2a0f08-21b4-47f2-8ced-1a9a62d2a387 => generated 19 bytes in 13 msecs (HTTP/1.1 200) 8 headers in 295 bytes (1 switches on core 0)
2026-02-24 21:07:55.356 8 INFO placement.requestlog [req-630b7fe3-ec17-4215-a29b-f0aa64d68a9d req-4ec1a841-92b0-4291-8db2-59d187c23d5f bc154d25b95047b18c805825a9520e87 abe2fe57e42a4918ab44d01f8dbb3c7b - - e2bb871b7ad142bebb6de919a9c4f3a8 e2bb871b7ad142bebb6de919a9c4f3a8] 10.0.0.136 "PUT /allocations/ed2a0f08-21b4-47f2-8ced-1a9a62d2a387" status: 204 len: 0 microversion: 1.36 [pid: 8|app: 0|req: 318/640] 10.0.0.136 () {38 vars in 914 bytes} [Tue Feb 24 21:07:55 2026] PUT /allocations/ed2a0f08-21b4-47f2-8ced-1a9a62d2a387 => generated 0 bytes in 70 msecs (HTTP/1.1 204) 5 headers in 199 bytes (1 switches on core 0)
2026-02-24 21:07:55.649 7 INFO placement.requestlog [None req-cad96dfa-c91a-4e96-8568-d12e2a0e6d22 - - - - - -] 10.0.0.195 "GET /" status: 200 len: 136 microversion: 1.0
2026-02-24 21:07:55.650 8 INFO placement.requestlog [None req-db2b2a6b-bfb1-4369-85a2-86ed41cfcbcc - - - - - -] 10.0.0.195 "GET /" status: 200 len: 136 microversion: 1.0
2026-02-24 21:07:55.903 7 INFO placement.requestlog [req-c9e8f2af-be88-4e47-8f51-fab1f3996f23 req-8c9a1161-257c-4351-9d46-70e9b8d8ccf7 bc154d25b95047b18c805825a9520e87 abe2fe57e42a4918ab44d01f8dbb3c7b - - e2bb871b7ad142bebb6de919a9c4f3a8 e2bb871b7ad142bebb6de919a9c4f3a8] 199.204.45.99 "GET /allocations/36014bd6-ef09-48a4-8296-464cb7c93feb" status: 200 len: 257 microversion: 1.28 [pid: 7|app: 0|req: 324/643] 199.204.45.99 () {34 vars in 862 bytes} [Tue Feb 24 21:07:55 2026] GET /allocations/36014bd6-ef09-48a4-8296-464cb7c93feb => generated 257 bytes in 9 msecs (HTTP/1.1 200) 8 headers in 296 bytes (1 switches on core 0)
2026-02-24 21:07:56.806 8 INFO placement.requestlog [req-630b7fe3-ec17-4215-a29b-f0aa64d68a9d req-2629fb82-9061-4297-a2f1-134116d4e3a0 bc154d25b95047b18c805825a9520e87 abe2fe57e42a4918ab44d01f8dbb3c7b - - e2bb871b7ad142bebb6de919a9c4f3a8 e2bb871b7ad142bebb6de919a9c4f3a8] 199.204.45.99 "GET /allocations/ed2a0f08-21b4-47f2-8ced-1a9a62d2a387" status: 200 len: 257 microversion: 1.28 [pid: 8|app: 0|req: 320/644] 199.204.45.99 () {34 vars in 862 bytes} [Tue Feb 24 21:07:56 2026] GET /allocations/ed2a0f08-21b4-47f2-8ced-1a9a62d2a387 => generated 257 bytes in 13 msecs (HTTP/1.1 200) 8 headers in 296 bytes (1 switches on core 0)
2026-02-24 21:07:56.942 7 INFO placement.requestlog [req-c9e8f2af-be88-4e47-8f51-fab1f3996f23 req-38290213-42c0-46f9-ad7a-8320e8281f8e bc154d25b95047b18c805825a9520e87 abe2fe57e42a4918ab44d01f8dbb3c7b - - e2bb871b7ad142bebb6de919a9c4f3a8 e2bb871b7ad142bebb6de919a9c4f3a8] 199.204.45.99 "GET /resource_providers/11f66435-8923-4b28-80a7-1abc65a1be3b/allocations" status: 200 len: 252 microversion: 1.0 [pid: 7|app: 0|req: 325/645] 199.204.45.99 () {32 vars in 856 bytes} [Tue Feb 24 21:07:56 2026] GET /resource_providers/11f66435-8923-4b28-80a7-1abc65a1be3b/allocations => generated 252 bytes in 17 msecs (HTTP/1.1 200) 6 headers in 224 bytes (1 switches on core 0)
2026-02-24 21:07:56.963 8 INFO placement.requestlog [req-c9e8f2af-be88-4e47-8f51-fab1f3996f23 req-2a0da215-dcc7-4ba7-aa9f-e6beabcbcbf6 bc154d25b95047b18c805825a9520e87 abe2fe57e42a4918ab44d01f8dbb3c7b - - e2bb871b7ad142bebb6de919a9c4f3a8 e2bb871b7ad142bebb6de919a9c4f3a8] 199.204.45.99 "GET /allocations/ed2a0f08-21b4-47f2-8ced-1a9a62d2a387" status: 200 len: 257 microversion: 1.28 [pid: 8|app: 0|req: 321/646] 199.204.45.99 () {34 vars in 862 bytes} [Tue Feb 24 21:07:56 2026] GET /allocations/ed2a0f08-21b4-47f2-8ced-1a9a62d2a387 => generated 257 bytes in 14 msecs (HTTP/1.1 200) 8 headers in 296 bytes (1 switches on core 0)
2026-02-24 21:07:56.982 7 INFO placement.requestlog [req-c9e8f2af-be88-4e47-8f51-fab1f3996f23 req-d5f32376-bb73-48bb-91a7-8f692ac10a86 bc154d25b95047b18c805825a9520e87 abe2fe57e42a4918ab44d01f8dbb3c7b - - e2bb871b7ad142bebb6de919a9c4f3a8 e2bb871b7ad142bebb6de919a9c4f3a8] 199.204.45.99 "GET /allocations/36014bd6-ef09-48a4-8296-464cb7c93feb" status: 200 len: 257 microversion: 1.28 [pid: 7|app: 0|req: 326/647] 199.204.45.99 () {34 vars in 862 bytes} [Tue Feb 24 21:07:56 2026] GET /allocations/36014bd6-ef09-48a4-8296-464cb7c93feb => generated 257 bytes in 12 msecs (HTTP/1.1 200) 8 headers in 296 bytes (1 switches on core 0)
2026-02-24 21:07:58.763 8 INFO placement.requestlog [None req-26dff09d-ca95-4f3c-9c0c-9a9a3a46fa35 da534b875f7d433a8396cc9d3a02a79f abe2fe57e42a4918ab44d01f8dbb3c7b - - e2bb871b7ad142bebb6de919a9c4f3a8 e2bb871b7ad142bebb6de919a9c4f3a8] 10.0.0.198 "GET /resource_providers/227eb5c4-dc45-4800-a748-5ad273cb4e28/aggregates" status: 404 len: 235 microversion: 1.1 [pid: 8|app: 0|req: 322/648] 10.0.0.198 () {32 vars in 816 bytes} [Tue Feb 24 21:07:58 2026] GET /resource_providers/227eb5c4-dc45-4800-a748-5ad273cb4e28/aggregates => generated 235 bytes in 186 msecs (HTTP/1.1 404) 5 headers in 202 bytes (1 switches on core 0)
2026-02-24 21:07:58.857 7 INFO placement.requestlog [None req-a72d9403-e55d-4424-a960-77f31f24276d da534b875f7d433a8396cc9d3a02a79f abe2fe57e42a4918ab44d01f8dbb3c7b - - e2bb871b7ad142bebb6de919a9c4f3a8 e2bb871b7ad142bebb6de919a9c4f3a8] 10.0.0.198 "GET /resource_providers/227eb5c4-dc45-4800-a748-5ad273cb4e28/aggregates" status: 404 len: 235 microversion: 1.1 [pid: 7|app: 0|req: 327/649] 10.0.0.198 () {32 vars in 816 bytes} [Tue Feb 24 21:07:58 2026] GET /resource_providers/227eb5c4-dc45-4800-a748-5ad273cb4e28/aggregates => generated 235 bytes in 266 msecs (HTTP/1.1 404) 5 headers in 202 bytes (1 switches on core 0)
2026-02-24 21:07:58.950 8 INFO placement.requestlog [None req-64187331-e09e-4a3b-9e01-dea688360647 da534b875f7d433a8396cc9d3a02a79f abe2fe57e42a4918ab44d01f8dbb3c7b - - e2bb871b7ad142bebb6de919a9c4f3a8 e2bb871b7ad142bebb6de919a9c4f3a8] 10.0.0.198 "GET /resource_providers/25f81947-c533-45da-bebf-a70f11f821d7/aggregates" status: 404 len: 235 microversion: 1.1 [pid: 8|app: 0|req: 323/650] 10.0.0.198 () {32 vars in 816 bytes} [Tue Feb 24 21:07:58 2026] GET /resource_providers/25f81947-c533-45da-bebf-a70f11f821d7/aggregates => generated 235 bytes in 186 msecs (HTTP/1.1 404) 5 headers in 202 bytes (1 switches on core 0)
2026-02-24 21:07:58.965 8 INFO placement.requestlog [None req-590aae09-e781-4b14-a0e3-c44987533b43 da534b875f7d433a8396cc9d3a02a79f abe2fe57e42a4918ab44d01f8dbb3c7b - - e2bb871b7ad142bebb6de919a9c4f3a8 e2bb871b7ad142bebb6de919a9c4f3a8] 10.0.0.198 "DELETE /resource_providers/227eb5c4-dc45-4800-a748-5ad273cb4e28" status: 404 len: 246 microversion: 1.1 [pid: 8|app: 0|req: 324/651] 10.0.0.198 () {34 vars in 816 bytes} [Tue Feb 24 21:07:58 2026] DELETE /resource_providers/227eb5c4-dc45-4800-a748-5ad273cb4e28 => generated 246 bytes in 15 msecs (HTTP/1.1 404) 6 headers in 231 bytes (1 switches on core 0)
2026-02-24 21:07:58.972 8 INFO placement.requestlog [None req-436311c3-241e-4fa2-9aae-0c0c397e62e1 da534b875f7d433a8396cc9d3a02a79f abe2fe57e42a4918ab44d01f8dbb3c7b - - e2bb871b7ad142bebb6de919a9c4f3a8 e2bb871b7ad142bebb6de919a9c4f3a8] 10.0.0.198 "DELETE /resource_providers/227eb5c4-dc45-4800-a748-5ad273cb4e28" status: 404 len: 246 microversion: 1.1 [pid: 8|app: 0|req: 325/652] 10.0.0.198 () {34 vars in 816 bytes} [Tue Feb 24 21:07:58 2026] DELETE /resource_providers/227eb5c4-dc45-4800-a748-5ad273cb4e28 => generated 246 bytes in 6 msecs (HTTP/1.1 404) 6 headers in 231 bytes (1 switches on core 0)
2026-02-24 21:07:58.977 8 INFO placement.requestlog [None req-e27edc81-64a2-4cd3-af5e-bbf2aa4fc88a da534b875f7d433a8396cc9d3a02a79f abe2fe57e42a4918ab44d01f8dbb3c7b - - e2bb871b7ad142bebb6de919a9c4f3a8 e2bb871b7ad142bebb6de919a9c4f3a8] 10.0.0.198 "DELETE /resource_providers/25f81947-c533-45da-bebf-a70f11f821d7" status: 404 len: 246 microversion: 1.1 [pid: 8|app: 0|req: 326/653] 10.0.0.198 () {34 vars in 816 bytes} [Tue Feb 24 21:07:58 2026] DELETE /resource_providers/25f81947-c533-45da-bebf-a70f11f821d7 => generated 246 bytes in 5 msecs (HTTP/1.1 404) 6 headers in 231 bytes (1 switches on core 0)
2026-02-24 21:07:58.990 7 INFO placement.requestlog [None req-c120502b-9efb-4b62-a215-e90986e8bd8c da534b875f7d433a8396cc9d3a02a79f abe2fe57e42a4918ab44d01f8dbb3c7b - - e2bb871b7ad142bebb6de919a9c4f3a8 e2bb871b7ad142bebb6de919a9c4f3a8] 10.0.0.198 "GET /resource_providers/25f81947-c533-45da-bebf-a70f11f821d7/aggregates" status: 404 len: 235 microversion: 1.1 [pid: 7|app: 0|req: 328/654] 10.0.0.198 () {32 vars in 816 bytes} [Tue Feb 24 21:07:58 2026] GET /resource_providers/25f81947-c533-45da-bebf-a70f11f821d7/aggregates => generated 235 bytes in 133 msecs (HTTP/1.1 404) 5 headers in 202 bytes (1 switches on core 0)
2026-02-24 21:07:59.011 8 INFO placement.requestlog [None req-1cfc74cd-28ff-4952-9c22-d8822acf0169 da534b875f7d433a8396cc9d3a02a79f abe2fe57e42a4918ab44d01f8dbb3c7b - - e2bb871b7ad142bebb6de919a9c4f3a8 e2bb871b7ad142bebb6de919a9c4f3a8] 10.0.0.198 "DELETE /resource_providers/25f81947-c533-45da-bebf-a70f11f821d7" status: 404 len: 246 microversion: 1.1 [pid: 8|app: 0|req: 327/655] 10.0.0.198 () {34 vars in 816 bytes} [Tue Feb 24 21:07:59 2026] DELETE /resource_providers/25f81947-c533-45da-bebf-a70f11f821d7 => generated 246 bytes in 8 msecs (HTTP/1.1 404) 6 headers in 231 bytes (1 switches on core 0)
2026-02-24 21:07:59.046 7 INFO placement.requestlog [req-630b7fe3-ec17-4215-a29b-f0aa64d68a9d req-5d64b83e-92b5-496f-b875-d3586c400eb1 bc154d25b95047b18c805825a9520e87 abe2fe57e42a4918ab44d01f8dbb3c7b - - e2bb871b7ad142bebb6de919a9c4f3a8 e2bb871b7ad142bebb6de919a9c4f3a8] 199.204.45.99 "GET /resource_providers/11f66435-8923-4b28-80a7-1abc65a1be3b/allocations" status: 200 len: 252 microversion: 1.0 [pid: 7|app: 0|req: 329/656] 199.204.45.99 () {32 vars in 856 bytes} [Tue Feb 24 21:07:59 2026] GET /resource_providers/11f66435-8923-4b28-80a7-1abc65a1be3b/allocations => generated 252 bytes in 15 msecs (HTTP/1.1 200) 6 headers in 224 bytes (1 switches on core 0)
2026-02-24 21:07:59.068 8 INFO placement.requestlog [req-630b7fe3-ec17-4215-a29b-f0aa64d68a9d req-0d5c9109-d4ea-4854-b877-45ba91cf1052 bc154d25b95047b18c805825a9520e87 abe2fe57e42a4918ab44d01f8dbb3c7b - - e2bb871b7ad142bebb6de919a9c4f3a8 e2bb871b7ad142bebb6de919a9c4f3a8] 199.204.45.99 "GET /allocations/ed2a0f08-21b4-47f2-8ced-1a9a62d2a387" status: 200 len: 257 microversion: 1.28 [pid: 8|app: 0|req: 328/657] 199.204.45.99 () {34 vars in 862 bytes} [Tue Feb 24 21:07:59 2026] GET /allocations/ed2a0f08-21b4-47f2-8ced-1a9a62d2a387 => generated 257 bytes in 15 msecs (HTTP/1.1 200) 8 headers in 296 bytes (1 switches on core 0)
2026-02-24 21:07:59.085 7 INFO placement.requestlog [req-630b7fe3-ec17-4215-a29b-f0aa64d68a9d req-8979a9b8-b5cc-43f2-bfbd-7f910a59e50c bc154d25b95047b18c805825a9520e87 abe2fe57e42a4918ab44d01f8dbb3c7b - - e2bb871b7ad142bebb6de919a9c4f3a8 e2bb871b7ad142bebb6de919a9c4f3a8] 199.204.45.99 "GET /allocations/36014bd6-ef09-48a4-8296-464cb7c93feb" status: 200 len: 257 microversion: 1.28 [pid: 7|app: 0|req: 330/658] 199.204.45.99 () {34 vars in 862 bytes} [Tue Feb 24 21:07:59 2026] GET /allocations/36014bd6-ef09-48a4-8296-464cb7c93feb => generated 257 bytes in 10 msecs (HTTP/1.1 200) 8 headers in 296 bytes (1 switches on core 0)
2026-02-24 21:08:05.650 8 INFO placement.requestlog [None req-9a445912-6757-4004-995e-15d9f3ead593 - - - - - -] 10.0.0.195 "GET /" status: 200 len: 136 microversion: 1.0
2026-02-24 21:08:05.650 7 INFO placement.requestlog [None req-736ec829-fcb2-471f-bd66-d850dc0340bd - - - - - -] 10.0.0.195 "GET /" status: 200 len: 136 microversion: 1.0
2026-02-24 21:08:07.042 7 INFO placement.requestlog [req-3a62147d-d533-4558-9136-ad9bf24a891f req-9878dcaa-45bc-4b57-8aca-8b316e897ba1 bc154d25b95047b18c805825a9520e87 abe2fe57e42a4918ab44d01f8dbb3c7b - - e2bb871b7ad142bebb6de919a9c4f3a8 e2bb871b7ad142bebb6de919a9c4f3a8] 199.204.45.99 "GET /resource_providers/11f66435-8923-4b28-80a7-1abc65a1be3b/allocations" status: 200 len: 252 microversion: 1.0 [pid: 7|app: 0|req: 332/661] 199.204.45.99 () {32 vars in 856 bytes} [Tue Feb 24 21:08:07 2026] GET /resource_providers/11f66435-8923-4b28-80a7-1abc65a1be3b/allocations => generated 252 bytes in 17 msecs (HTTP/1.1 200) 6 headers in 224 bytes (1 switches on core 0)
2026-02-24 21:08:07.068 8 INFO placement.requestlog [req-3a62147d-d533-4558-9136-ad9bf24a891f req-8a7451be-5ae5-4717-8e6c-123439eae4c2 bc154d25b95047b18c805825a9520e87 abe2fe57e42a4918ab44d01f8dbb3c7b - - e2bb871b7ad142bebb6de919a9c4f3a8 e2bb871b7ad142bebb6de919a9c4f3a8] 199.204.45.99 "GET /resource_providers/11f66435-8923-4b28-80a7-1abc65a1be3b/allocations" status: 200 len: 252 microversion: 1.0 [pid: 8|app: 0|req: 330/662] 199.204.45.99 () {32 vars in 856 bytes} [Tue Feb 24 21:08:07 2026] GET /resource_providers/11f66435-8923-4b28-80a7-1abc65a1be3b/allocations => generated 252 bytes in 19 msecs (HTTP/1.1 200) 6 headers in 224 bytes (1 switches on core 0)
2026-02-24 21:08:07.085 7 INFO placement.requestlog [req-3a62147d-d533-4558-9136-ad9bf24a891f req-71e2da30-8fe9-4aa8-949a-b3d69e2c88a6 bc154d25b95047b18c805825a9520e87 abe2fe57e42a4918ab44d01f8dbb3c7b - - e2bb871b7ad142bebb6de919a9c4f3a8 e2bb871b7ad142bebb6de919a9c4f3a8] 199.204.45.99 "GET /allocations/ed2a0f08-21b4-47f2-8ced-1a9a62d2a387" status: 200 len: 257 microversion: 1.28 [pid: 7|app: 0|req: 333/663] 199.204.45.99 () {34 vars in 862 bytes} [Tue Feb 24 21:08:07 2026] GET /allocations/ed2a0f08-21b4-47f2-8ced-1a9a62d2a387 => generated 257 bytes in 12 msecs (HTTP/1.1 200) 8 headers in 296 bytes (1 switches on core 0)
2026-02-24 21:08:07.104 8 INFO placement.requestlog [req-3a62147d-d533-4558-9136-ad9bf24a891f req-a4ce5795-f3fa-4f14-b7cd-e1327a1f3ad1 bc154d25b95047b18c805825a9520e87 abe2fe57e42a4918ab44d01f8dbb3c7b - - e2bb871b7ad142bebb6de919a9c4f3a8 e2bb871b7ad142bebb6de919a9c4f3a8] 199.204.45.99 "GET /allocations/36014bd6-ef09-48a4-8296-464cb7c93feb" status: 200 len: 257 microversion: 1.28 [pid: 8|app: 0|req: 331/664] 199.204.45.99 () {34 vars in 862 bytes} [Tue Feb 24 21:08:07 2026] GET /allocations/36014bd6-ef09-48a4-8296-464cb7c93feb => generated 257 bytes in 11 msecs (HTTP/1.1 200) 8 headers in 296 bytes (1 switches on core 0)
2026-02-24 21:08:08.190 7 INFO placement.requestlog [req-2056e38f-c271-450e-b5b1-df8e24b24291 req-1f0dfdc7-9447-4680-897b-2794a2168664 bc154d25b95047b18c805825a9520e87 abe2fe57e42a4918ab44d01f8dbb3c7b - - e2bb871b7ad142bebb6de919a9c4f3a8 e2bb871b7ad142bebb6de919a9c4f3a8] 10.0.0.136 "GET /allocation_candidates?limit=1000&resources=DISK_GB%3A1%2CMEMORY_MB%3A512%2CVCPU%3A1&root_required=%21COMPUTE_STATUS_DISABLED" status: 200 len: 2643 microversion: 1.36 [pid: 7|app: 0|req: 334/665] 10.0.0.136 () {34 vars in 1012 bytes} [Tue Feb 24 21:08:08 2026] GET /allocation_candidates?limit=1000&resources=DISK_GB%3A1%2CMEMORY_MB%3A512%2CVCPU%3A1&root_required=%21COMPUTE_STATUS_DISABLED => generated 2643 bytes in 50 msecs (HTTP/1.1 200) 8 headers in 297 bytes (1 switches on core 0)
2026-02-24 21:08:08.217 8 INFO placement.requestlog [req-2056e38f-c271-450e-b5b1-df8e24b24291 req-8ba2e045-a5f1-4d15-8e16-b8efcde9407f bc154d25b95047b18c805825a9520e87 abe2fe57e42a4918ab44d01f8dbb3c7b - - e2bb871b7ad142bebb6de919a9c4f3a8 e2bb871b7ad142bebb6de919a9c4f3a8] 10.0.0.136 "GET /allocations/8064c61b-27f7-4fd7-b0b8-047538e22d26" status: 200 len: 19 microversion: 1.28 [pid: 8|app: 0|req: 332/666] 10.0.0.136 () {34 vars in 861 bytes} [Tue Feb 24 21:08:08 2026] GET /allocations/8064c61b-27f7-4fd7-b0b8-047538e22d26 => generated 19 bytes in 11 msecs (HTTP/1.1 200) 8 headers in 295 bytes (1 switches on core 0)
2026-02-24 21:08:08.290 7 INFO placement.requestlog [req-2056e38f-c271-450e-b5b1-df8e24b24291 req-8866dfe2-2ad2-4577-bc3a-590435e23324 bc154d25b95047b18c805825a9520e87 abe2fe57e42a4918ab44d01f8dbb3c7b - - e2bb871b7ad142bebb6de919a9c4f3a8 e2bb871b7ad142bebb6de919a9c4f3a8] 10.0.0.136 "PUT /allocations/8064c61b-27f7-4fd7-b0b8-047538e22d26" status: 204 len: 0 microversion: 1.36 [pid: 7|app: 0|req: 335/667] 10.0.0.136 () {38 vars in 914 bytes} [Tue Feb 24 21:08:08 2026] PUT /allocations/8064c61b-27f7-4fd7-b0b8-047538e22d26 => generated 0 bytes in 68 msecs (HTTP/1.1 204) 5 headers in 199 bytes (1 switches on core 0)
2026-02-24 21:08:09.923 8 INFO placement.requestlog [req-2056e38f-c271-450e-b5b1-df8e24b24291 req-b36d2ee1-8307-4cd5-84c9-c78d1f528342 bc154d25b95047b18c805825a9520e87 abe2fe57e42a4918ab44d01f8dbb3c7b - - e2bb871b7ad142bebb6de919a9c4f3a8 e2bb871b7ad142bebb6de919a9c4f3a8] 199.204.45.99 "GET /allocations/8064c61b-27f7-4fd7-b0b8-047538e22d26" status: 200 len: 257 microversion: 1.28 [pid: 8|app: 0|req: 333/668] 199.204.45.99 () {34 vars in 862 bytes} [Tue Feb 24 21:08:09 2026] GET /allocations/8064c61b-27f7-4fd7-b0b8-047538e22d26 => generated 257 bytes in 11 msecs (HTTP/1.1 200) 8 headers in 296 bytes (1 switches on core 0)
2026-02-24 21:08:10.964 7 INFO placement.requestlog [req-2056e38f-c271-450e-b5b1-df8e24b24291 req-171d62ad-c644-4933-bc5d-836c958af651 bc154d25b95047b18c805825a9520e87 abe2fe57e42a4918ab44d01f8dbb3c7b - - e2bb871b7ad142bebb6de919a9c4f3a8 e2bb871b7ad142bebb6de919a9c4f3a8] 199.204.45.99 "GET /resource_providers/11f66435-8923-4b28-80a7-1abc65a1be3b/allocations" status: 200 len: 352 microversion: 1.0 [pid: 7|app: 0|req: 336/669] 199.204.45.99 () {32 vars in 856 bytes} [Tue Feb 24 21:08:10 2026] GET /resource_providers/11f66435-8923-4b28-80a7-1abc65a1be3b/allocations => generated 352 bytes in 21 msecs (HTTP/1.1 200) 6 headers in 224 bytes (1 switches on core 0)
2026-02-24 21:08:10.983 8 INFO placement.requestlog [req-2056e38f-c271-450e-b5b1-df8e24b24291 req-3bb63f26-d39c-4431-8aca-5d06048292aa bc154d25b95047b18c805825a9520e87 abe2fe57e42a4918ab44d01f8dbb3c7b - - e2bb871b7ad142bebb6de919a9c4f3a8 e2bb871b7ad142bebb6de919a9c4f3a8] 199.204.45.99 "GET /allocations/ed2a0f08-21b4-47f2-8ced-1a9a62d2a387" status: 200 len: 257 microversion: 1.28 [pid: 8|app: 0|req: 334/670] 199.204.45.99 () {34 vars in 862 bytes} [Tue Feb 24 21:08:10 2026] GET /allocations/ed2a0f08-21b4-47f2-8ced-1a9a62d2a387 => generated 257 bytes in 13 msecs (HTTP/1.1 200) 8 headers in 296 bytes (1 switches on core 0)
2026-02-24 21:08:11.001 7 INFO placement.requestlog [req-2056e38f-c271-450e-b5b1-df8e24b24291 req-87b25317-f56d-4673-8b74-45e7772b66fd bc154d25b95047b18c805825a9520e87 abe2fe57e42a4918ab44d01f8dbb3c7b - - e2bb871b7ad142bebb6de919a9c4f3a8 e2bb871b7ad142bebb6de919a9c4f3a8] 199.204.45.99 "GET /allocations/8064c61b-27f7-4fd7-b0b8-047538e22d26" status: 200 len: 257 microversion: 1.28 [pid: 7|app: 0|req: 337/671] 199.204.45.99 () {34 vars in 862 bytes} [Tue Feb 24 21:08:10 2026] GET /allocations/8064c61b-27f7-4fd7-b0b8-047538e22d26 => generated 257 bytes in 12 msecs (HTTP/1.1 200) 8 headers in 296 bytes (1 switches on core 0)
2026-02-24 21:08:11.020 8 INFO placement.requestlog [req-2056e38f-c271-450e-b5b1-df8e24b24291 req-ca45319b-63db-437f-8e22-f63fde2dc38c bc154d25b95047b18c805825a9520e87 abe2fe57e42a4918ab44d01f8dbb3c7b - - e2bb871b7ad142bebb6de919a9c4f3a8 e2bb871b7ad142bebb6de919a9c4f3a8] 199.204.45.99 "GET /allocations/36014bd6-ef09-48a4-8296-464cb7c93feb" status: 200 len: 257 microversion: 1.28 [pid: 8|app: 0|req: 335/672] 199.204.45.99 () {34 vars in 862 bytes} [Tue Feb 24 21:08:11 2026] GET /allocations/36014bd6-ef09-48a4-8296-464cb7c93feb => generated 257 bytes in 13 msecs (HTTP/1.1 200) 8 headers in 296 bytes (1 switches on core 0)
2026-02-24 21:08:13.609 7 INFO placement.requestlog [None req-77c66038-6db9-4c9b-b25d-fc916302b5e4 5aec6dd76aa349258f132e69de167071 99ef3f161e0b4b40b4d71520578bd099 - - default default] 10.0.0.224 "GET /resource_providers" status: 200 len: 405 microversion: 1.0 [pid: 7|app: 0|req: 338/673] 10.0.0.224 () {28 vars in 593 bytes} [Tue Feb 24 21:08:13 2026] GET /resource_providers => generated 405 bytes in 151 msecs (HTTP/1.1 200) 6 headers in 224 bytes (1 switches on core 0)
