May 09 09:05:43.529992 np0000173061 nova-conductor[110698]: DEBUG cotyledon.oslo_config_glue [-] vmware.task_poll_interval = 0.5 {{(pid=110698) log_opt_values /opt/stack/data/venv/lib/python3.12/site-packages/oslo_config/cfg.py:3006}}
May 09 09:05:43.529992 np0000173061 nova-conductor[110698]: DEBUG cotyledon.oslo_config_glue [-] vmware.use_linked_clone = True {{(pid=110698) log_opt_values /opt/stack/data/venv/lib/python3.12/site-packages/oslo_config/cfg.py:3006}}
May 09 09:05:43.529992 np0000173061 nova-conductor[110698]: DEBUG cotyledon.oslo_config_glue [-] vmware.vnc_keymap = en-us {{(pid=110698) log_opt_values /opt/stack/data/venv/lib/python3.12/site-packages/oslo_config/cfg.py:3006}}
May 09 09:05:43.529992 np0000173061 nova-conductor[110698]: DEBUG cotyledon.oslo_config_glue [-] vmware.vnc_port = 5900 {{(pid=110698) log_opt_values /opt/stack/data/venv/lib/python3.12/site-packages/oslo_config/cfg.py:3006}}
May 09 09:05:43.529992 np0000173061 nova-conductor[110698]: DEBUG cotyledon.oslo_config_glue [-] vmware.vnc_port_total = 10000 {{(pid=110698) log_opt_values /opt/stack/data/venv/lib/python3.12/site-packages/oslo_config/cfg.py:3006}}
May 09 09:05:43.529992 np0000173061 nova-conductor[110698]: DEBUG cotyledon.oslo_config_glue [-] vnc.auth_schemes = ['none'] {{(pid=110698) log_opt_values /opt/stack/data/venv/lib/python3.12/site-packages/oslo_config/cfg.py:3006}}
May 09 09:05:43.530195 np0000173061 nova-conductor[110698]: DEBUG cotyledon.oslo_config_glue [-] vnc.enabled = True {{(pid=110698) log_opt_values /opt/stack/data/venv/lib/python3.12/site-packages/oslo_config/cfg.py:3006}}
May 09 09:05:43.530195 np0000173061 nova-conductor[110698]: DEBUG cotyledon.oslo_config_glue [-] vnc.novncproxy_base_url = http://127.0.0.1:6080/vnc_auto.html {{(pid=110698) log_opt_values /opt/stack/data/venv/lib/python3.12/site-packages/oslo_config/cfg.py:3006}}
May 09 09:05:43.530195 np0000173061 nova-conductor[110698]: DEBUG cotyledon.oslo_config_glue [-] vnc.novncproxy_host = 0.0.0.0 {{(pid=110698) log_opt_values /opt/stack/data/venv/lib/python3.12/site-packages/oslo_config/cfg.py:3006}}
May 09 09:05:43.530195 np0000173061 nova-conductor[110698]: DEBUG cotyledon.oslo_config_glue [-] vnc.novncproxy_port = 6080 {{(pid=110698) log_opt_values /opt/stack/data/venv/lib/python3.12/site-packages/oslo_config/cfg.py:3006}}
May 09 09:05:43.530195 np0000173061 nova-conductor[110698]: DEBUG cotyledon.oslo_config_glue [-] vnc.server_listen = 127.0.0.1 {{(pid=110698) log_opt_values /opt/stack/data/venv/lib/python3.12/site-packages/oslo_config/cfg.py:3006}}
May 09 09:05:43.530195 np0000173061 nova-conductor[110698]: DEBUG cotyledon.oslo_config_glue [-] vnc.server_proxyclient_address = 127.0.0.1 {{(pid=110698) log_opt_values /opt/stack/data/venv/lib/python3.12/site-packages/oslo_config/cfg.py:3006}}
May 09 09:05:43.530195 np0000173061 nova-conductor[110698]: DEBUG cotyledon.oslo_config_glue [-] vnc.vencrypt_ca_certs = None {{(pid=110698) log_opt_values /opt/stack/data/venv/lib/python3.12/site-packages/oslo_config/cfg.py:3006}}
May 09 09:05:43.530195 np0000173061 nova-conductor[110698]: DEBUG cotyledon.oslo_config_glue [-] vnc.vencrypt_client_cert = None {{(pid=110698) log_opt_values /opt/stack/data/venv/lib/python3.12/site-packages/oslo_config/cfg.py:3006}}
May 09 09:05:43.530195 np0000173061 nova-conductor[110698]: DEBUG cotyledon.oslo_config_glue [-] vnc.vencrypt_client_key = None {{(pid=110698) log_opt_values /opt/stack/data/venv/lib/python3.12/site-packages/oslo_config/cfg.py:3006}}
May 09 09:05:43.530406 np0000173061 nova-conductor[110698]: DEBUG cotyledon.oslo_config_glue [-] workarounds.disable_compute_service_check_for_ffu = False {{(pid=110698) log_opt_values /opt/stack/data/venv/lib/python3.12/site-packages/oslo_config/cfg.py:3006}}
May 09 09:05:43.530406 np0000173061 nova-conductor[110698]: DEBUG cotyledon.oslo_config_glue [-] workarounds.disable_deep_image_inspection = False {{(pid=110698) log_opt_values /opt/stack/data/venv/lib/python3.12/site-packages/oslo_config/cfg.py:3006}}
May 09 09:05:43.530406 np0000173061 nova-conductor[110698]: DEBUG cotyledon.oslo_config_glue [-] workarounds.disable_fallback_pcpu_query = False {{(pid=110698) log_opt_values /opt/stack/data/venv/lib/python3.12/site-packages/oslo_config/cfg.py:3006}}
May 09 09:05:43.530406 np0000173061 nova-conductor[110698]: DEBUG cotyledon.oslo_config_glue [-] workarounds.disable_group_policy_check_upcall = False {{(pid=110698) log_opt_values /opt/stack/data/venv/lib/python3.12/site-packages/oslo_config/cfg.py:3006}}
May 09 09:05:43.530406 np0000173061 nova-conductor[110698]: DEBUG cotyledon.oslo_config_glue [-] workarounds.disable_libvirt_livesnapshot = False {{(pid=110698) log_opt_values /opt/stack/data/venv/lib/python3.12/site-packages/oslo_config/cfg.py:3006}}
May 09 09:05:43.530406 np0000173061 nova-conductor[110698]: DEBUG cotyledon.oslo_config_glue [-] workarounds.disable_rootwrap = False {{(pid=110698) log_opt_values /opt/stack/data/venv/lib/python3.12/site-packages/oslo_config/cfg.py:3006}}
May 09 09:05:43.530406 np0000173061 nova-conductor[110698]: DEBUG cotyledon.oslo_config_glue [-] workarounds.enable_numa_live_migration = False {{(pid=110698) log_opt_values /opt/stack/data/venv/lib/python3.12/site-packages/oslo_config/cfg.py:3006}}
May 09 09:05:43.530406 np0000173061 nova-conductor[110698]: DEBUG cotyledon.oslo_config_glue [-] workarounds.enable_qemu_monitor_announce_self = False {{(pid=110698) log_opt_values /opt/stack/data/venv/lib/python3.12/site-packages/oslo_config/cfg.py:3006}}
May 09 09:05:43.530406 np0000173061 nova-conductor[110698]: DEBUG cotyledon.oslo_config_glue [-] workarounds.ensure_libvirt_rbd_instance_dir_cleanup = False {{(pid=110698) log_opt_values /opt/stack/data/venv/lib/python3.12/site-packages/oslo_config/cfg.py:3006}}
May 09 09:05:43.530615 np0000173061 nova-conductor[110698]: DEBUG cotyledon.oslo_config_glue [-] workarounds.handle_virt_lifecycle_events = True {{(pid=110698) log_opt_values /opt/stack/data/venv/lib/python3.12/site-packages/oslo_config/cfg.py:3006}}
May 09 09:05:43.530615 np0000173061 nova-conductor[110698]: DEBUG cotyledon.oslo_config_glue [-] workarounds.libvirt_disable_apic = False {{(pid=110698) log_opt_values /opt/stack/data/venv/lib/python3.12/site-packages/oslo_config/cfg.py:3006}}
May 09 09:05:43.530615 np0000173061 nova-conductor[110698]: DEBUG cotyledon.oslo_config_glue [-] workarounds.never_download_image_if_on_rbd = False {{(pid=110698) log_opt_values /opt/stack/data/venv/lib/python3.12/site-packages/oslo_config/cfg.py:3006}}
May 09 09:05:43.530615 np0000173061 nova-conductor[110698]: DEBUG cotyledon.oslo_config_glue [-] workarounds.qemu_monitor_announce_self_count = 3 {{(pid=110698) log_opt_values /opt/stack/data/venv/lib/python3.12/site-packages/oslo_config/cfg.py:3006}}
May 09 09:05:43.530615 np0000173061 nova-conductor[110698]: DEBUG cotyledon.oslo_config_glue [-] workarounds.qemu_monitor_announce_self_interval = 1 {{(pid=110698) log_opt_values /opt/stack/data/venv/lib/python3.12/site-packages/oslo_config/cfg.py:3006}}
May 09 09:05:43.530615 np0000173061 nova-conductor[110698]: DEBUG cotyledon.oslo_config_glue [-] workarounds.reserve_disk_resource_for_image_cache = False {{(pid=110698) log_opt_values /opt/stack/data/venv/lib/python3.12/site-packages/oslo_config/cfg.py:3006}}
May 09 09:05:43.530615 np0000173061 nova-conductor[110698]: DEBUG cotyledon.oslo_config_glue [-] workarounds.skip_cpu_compare_at_startup = False {{(pid=110698) log_opt_values /opt/stack/data/venv/lib/python3.12/site-packages/oslo_config/cfg.py:3006}}
May 09 09:05:43.530615 np0000173061 nova-conductor[110698]: DEBUG cotyledon.oslo_config_glue [-] workarounds.skip_cpu_compare_on_dest = False {{(pid=110698) log_opt_values /opt/stack/data/venv/lib/python3.12/site-packages/oslo_config/cfg.py:3006}}
May 09 09:05:43.530615 np0000173061 nova-conductor[110698]: DEBUG cotyledon.oslo_config_glue [-] workarounds.skip_hypervisor_version_check_on_lm = False {{(pid=110698) log_opt_values /opt/stack/data/venv/lib/python3.12/site-packages/oslo_config/cfg.py:3006}}
May 09 09:05:43.530830 np0000173061 nova-conductor[110698]: DEBUG cotyledon.oslo_config_glue [-] workarounds.skip_reserve_in_use_ironic_nodes = False {{(pid=110698) log_opt_values /opt/stack/data/venv/lib/python3.12/site-packages/oslo_config/cfg.py:3006}}
May 09 09:05:43.530830 np0000173061 nova-conductor[110698]: DEBUG cotyledon.oslo_config_glue [-] workarounds.unified_limits_count_pcpu_as_vcpu = False {{(pid=110698) log_opt_values /opt/stack/data/venv/lib/python3.12/site-packages/oslo_config/cfg.py:3006}}
May 09 09:05:43.530830 np0000173061 nova-conductor[110698]: DEBUG cotyledon.oslo_config_glue [-] workarounds.wait_for_vif_plugged_event_during_hard_reboot = [] {{(pid=110698) log_opt_values /opt/stack/data/venv/lib/python3.12/site-packages/oslo_config/cfg.py:3006}}
May 09 09:05:43.530830 np0000173061 nova-conductor[110698]: DEBUG cotyledon.oslo_config_glue [-] wsgi.api_paste_config = /etc/nova/api-paste.ini {{(pid=110698) log_opt_values /opt/stack/data/venv/lib/python3.12/site-packages/oslo_config/cfg.py:3006}}
May 09 09:05:43.530830 np0000173061 nova-conductor[110698]: DEBUG cotyledon.oslo_config_glue [-] wsgi.secure_proxy_ssl_header = None {{(pid=110698) log_opt_values /opt/stack/data/venv/lib/python3.12/site-packages/oslo_config/cfg.py:3006}}
May 09 09:05:43.530830 np0000173061 nova-conductor[110698]: DEBUG cotyledon.oslo_config_glue [-] zvm.ca_file = None {{(pid=110698) log_opt_values /opt/stack/data/venv/lib/python3.12/site-packages/oslo_config/cfg.py:3006}}
May 09 09:05:43.530830 np0000173061 nova-conductor[110698]: DEBUG cotyledon.oslo_config_glue [-] zvm.cloud_connector_url = None {{(pid=110698) log_opt_values /opt/stack/data/venv/lib/python3.12/site-packages/oslo_config/cfg.py:3006}}
May 09 09:05:43.530830 np0000173061 nova-conductor[110698]: DEBUG cotyledon.oslo_config_glue [-] zvm.image_tmp_path = /opt/stack/data/nova/images {{(pid=110698) log_opt_values /opt/stack/data/venv/lib/python3.12/site-packages/oslo_config/cfg.py:3006}}
May 09 09:05:43.530830 np0000173061 nova-conductor[110698]: DEBUG cotyledon.oslo_config_glue [-] zvm.reachable_timeout = 300 {{(pid=110698) log_opt_values /opt/stack/data/venv/lib/python3.12/site-packages/oslo_config/cfg.py:3006}}
May 09 09:05:43.531042 np0000173061 nova-conductor[110698]: DEBUG cotyledon.oslo_config_glue [-] oslo_versionedobjects.fatal_exception_format_errors = False {{(pid=110698) log_opt_values /opt/stack/data/venv/lib/python3.12/site-packages/oslo_config/cfg.py:3006}}
May 09 09:05:43.531042 np0000173061 nova-conductor[110698]: DEBUG cotyledon.oslo_config_glue [-] oslo_middleware.http_basic_auth_user_file = /etc/htpasswd {{(pid=110698) log_opt_values /opt/stack/data/venv/lib/python3.12/site-packages/oslo_config/cfg.py:3006}}
May 09 09:05:43.531042 np0000173061 nova-conductor[110698]: DEBUG cotyledon.oslo_config_glue [-] profiler.connection_string = messaging:// {{(pid=110698) log_opt_values /opt/stack/data/venv/lib/python3.12/site-packages/oslo_config/cfg.py:3006}}
May 09 09:05:43.531042 np0000173061 nova-conductor[110698]: DEBUG cotyledon.oslo_config_glue [-] profiler.enabled = False {{(pid=110698) log_opt_values /opt/stack/data/venv/lib/python3.12/site-packages/oslo_config/cfg.py:3006}}
May 09 09:05:43.531042 np0000173061 nova-conductor[110698]: DEBUG cotyledon.oslo_config_glue [-] profiler.es_doc_type = notification {{(pid=110698) log_opt_values /opt/stack/data/venv/lib/python3.12/site-packages/oslo_config/cfg.py:3006}}
May 09 09:05:43.531042 np0000173061 nova-conductor[110698]: DEBUG cotyledon.oslo_config_glue [-] profiler.es_scroll_size = 10000 {{(pid=110698) log_opt_values /opt/stack/data/venv/lib/python3.12/site-packages/oslo_config/cfg.py:3006}}
May 09 09:05:43.531042 np0000173061 nova-conductor[110698]: DEBUG cotyledon.oslo_config_glue [-] profiler.es_scroll_time = 2m {{(pid=110698) log_opt_values /opt/stack/data/venv/lib/python3.12/site-packages/oslo_config/cfg.py:3006}}
May 09 09:05:43.531042 np0000173061 nova-conductor[110698]: DEBUG cotyledon.oslo_config_glue [-] profiler.filter_error_trace = False {{(pid=110698) log_opt_values /opt/stack/data/venv/lib/python3.12/site-packages/oslo_config/cfg.py:3006}}
May 09 09:05:43.531042 np0000173061 nova-conductor[110698]: DEBUG cotyledon.oslo_config_glue [-] profiler.hmac_keys = **** {{(pid=110698) log_opt_values /opt/stack/data/venv/lib/python3.12/site-packages/oslo_config/cfg.py:3006}}
May 09 09:05:43.531266 np0000173061 nova-conductor[110698]: DEBUG cotyledon.oslo_config_glue [-] profiler.sentinel_service_name = mymaster {{(pid=110698) log_opt_values /opt/stack/data/venv/lib/python3.12/site-packages/oslo_config/cfg.py:3006}}
May 09 09:05:43.531266 np0000173061 nova-conductor[110698]: DEBUG cotyledon.oslo_config_glue [-] profiler.socket_timeout = 0.1 {{(pid=110698) log_opt_values /opt/stack/data/venv/lib/python3.12/site-packages/oslo_config/cfg.py:3006}}
May 09 09:05:43.531266 np0000173061 nova-conductor[110698]: DEBUG cotyledon.oslo_config_glue [-] profiler.trace_requests = False {{(pid=110698) log_opt_values /opt/stack/data/venv/lib/python3.12/site-packages/oslo_config/cfg.py:3006}}
May 09 09:05:43.531266 np0000173061 nova-conductor[110698]: DEBUG cotyledon.oslo_config_glue [-] profiler.trace_sqlalchemy = False {{(pid=110698) log_opt_values /opt/stack/data/venv/lib/python3.12/site-packages/oslo_config/cfg.py:3006}}
May 09 09:05:43.531266 np0000173061 nova-conductor[110698]: DEBUG cotyledon.oslo_config_glue [-] profiler_jaeger.process_tags = {} {{(pid=110698) log_opt_values /opt/stack/data/venv/lib/python3.12/site-packages/oslo_config/cfg.py:3006}}
May 09 09:05:43.531266 np0000173061 nova-conductor[110698]: DEBUG cotyledon.oslo_config_glue [-] profiler_jaeger.service_name_prefix = None {{(pid=110698) log_opt_values /opt/stack/data/venv/lib/python3.12/site-packages/oslo_config/cfg.py:3006}}
May 09 09:05:43.531266 np0000173061 nova-conductor[110698]: DEBUG cotyledon.oslo_config_glue [-] profiler_otlp.service_name_prefix = None {{(pid=110698) log_opt_values /opt/stack/data/venv/lib/python3.12/site-packages/oslo_config/cfg.py:3006}}
May 09 09:05:43.531266 np0000173061 nova-conductor[110698]: DEBUG cotyledon.oslo_config_glue [-] oslo_messaging_rabbit.amqp_auto_delete = False {{(pid=110698) log_opt_values /opt/stack/data/venv/lib/python3.12/site-packages/oslo_config/cfg.py:3006}}
May 09 09:05:43.531266 np0000173061 nova-conductor[110698]: DEBUG cotyledon.oslo_config_glue [-] oslo_messaging_rabbit.amqp_durable_queues = False {{(pid=110698) log_opt_values /opt/stack/data/venv/lib/python3.12/site-packages/oslo_config/cfg.py:3006}}
May 09 09:05:43.531470 np0000173061 nova-conductor[110698]: DEBUG cotyledon.oslo_config_glue [-] oslo_messaging_rabbit.conn_pool_min_size = 2 {{(pid=110698) log_opt_values /opt/stack/data/venv/lib/python3.12/site-packages/oslo_config/cfg.py:3006}}
May 09 09:05:43.531470 np0000173061 nova-conductor[110698]: DEBUG cotyledon.oslo_config_glue [-] oslo_messaging_rabbit.conn_pool_ttl = 1200 {{(pid=110698) log_opt_values /opt/stack/data/venv/lib/python3.12/site-packages/oslo_config/cfg.py:3006}}
May 09 09:05:43.531470 np0000173061 nova-conductor[110698]: DEBUG cotyledon.oslo_config_glue [-] oslo_messaging_rabbit.direct_mandatory_flag = True {{(pid=110698) log_opt_values /opt/stack/data/venv/lib/python3.12/site-packages/oslo_config/cfg.py:3006}}
May 09 09:05:43.531470 np0000173061 nova-conductor[110698]: DEBUG cotyledon.oslo_config_glue [-] oslo_messaging_rabbit.enable_cancel_on_failover = False {{(pid=110698) log_opt_values /opt/stack/data/venv/lib/python3.12/site-packages/oslo_config/cfg.py:3006}}
May 09 09:05:43.531470 np0000173061 nova-conductor[110698]: DEBUG cotyledon.oslo_config_glue [-] oslo_messaging_rabbit.heartbeat_in_pthread = False {{(pid=110698) log_opt_values /opt/stack/data/venv/lib/python3.12/site-packages/oslo_config/cfg.py:3006}}
May 09 09:05:43.531470 np0000173061 nova-conductor[110698]: DEBUG cotyledon.oslo_config_glue [-] oslo_messaging_rabbit.heartbeat_rate = 3 {{(pid=110698) log_opt_values /opt/stack/data/venv/lib/python3.12/site-packages/oslo_config/cfg.py:3006}}
May 09 09:05:43.531470 np0000173061 nova-conductor[110698]: DEBUG cotyledon.oslo_config_glue [-] oslo_messaging_rabbit.heartbeat_timeout_threshold = 60 {{(pid=110698) log_opt_values /opt/stack/data/venv/lib/python3.12/site-packages/oslo_config/cfg.py:3006}}
May 09 09:05:43.531470 np0000173061 nova-conductor[110698]: DEBUG cotyledon.oslo_config_glue [-] oslo_messaging_rabbit.hostname = np0000173061 {{(pid=110698) log_opt_values /opt/stack/data/venv/lib/python3.12/site-packages/oslo_config/cfg.py:3006}}
May 09 09:05:43.531470 np0000173061 nova-conductor[110698]: DEBUG cotyledon.oslo_config_glue [-] oslo_messaging_rabbit.kombu_compression = None {{(pid=110698) log_opt_values /opt/stack/data/venv/lib/python3.12/site-packages/oslo_config/cfg.py:3006}}
May 09 09:05:43.531682 np0000173061 nova-conductor[110698]: DEBUG cotyledon.oslo_config_glue [-] oslo_messaging_rabbit.kombu_failover_strategy = round-robin {{(pid=110698) log_opt_values /opt/stack/data/venv/lib/python3.12/site-packages/oslo_config/cfg.py:3006}}
May 09 09:05:43.531682 np0000173061 nova-conductor[110698]: DEBUG cotyledon.oslo_config_glue [-] oslo_messaging_rabbit.kombu_missing_consumer_retry_timeout = 60 {{(pid=110698) log_opt_values /opt/stack/data/venv/lib/python3.12/site-packages/oslo_config/cfg.py:3006}}
May 09 09:05:43.531682 np0000173061 nova-conductor[110698]: DEBUG cotyledon.oslo_config_glue [-] oslo_messaging_rabbit.kombu_reconnect_delay = 1.0 {{(pid=110698) log_opt_values /opt/stack/data/venv/lib/python3.12/site-packages/oslo_config/cfg.py:3006}}
May 09 09:05:43.531682 np0000173061 nova-conductor[110698]: DEBUG cotyledon.oslo_config_glue [-] oslo_messaging_rabbit.kombu_reconnect_splay = 0.0 {{(pid=110698) log_opt_values /opt/stack/data/venv/lib/python3.12/site-packages/oslo_config/cfg.py:3006}}
May 09 09:05:43.531682 np0000173061 nova-conductor[110698]: DEBUG cotyledon.oslo_config_glue [-] oslo_messaging_rabbit.processname = nova-conductor {{(pid=110698) log_opt_values /opt/stack/data/venv/lib/python3.12/site-packages/oslo_config/cfg.py:3006}}
May 09 09:05:43.531682 np0000173061 nova-conductor[110698]: DEBUG cotyledon.oslo_config_glue [-] oslo_messaging_rabbit.rabbit_ha_queues = False {{(pid=110698) log_opt_values /opt/stack/data/venv/lib/python3.12/site-packages/oslo_config/cfg.py:3006}}
May 09 09:05:43.531682 np0000173061 nova-conductor[110698]: DEBUG cotyledon.oslo_config_glue [-] oslo_messaging_rabbit.rabbit_interval_max = 30 {{(pid=110698) log_opt_values /opt/stack/data/venv/lib/python3.12/site-packages/oslo_config/cfg.py:3006}}
May 09 09:05:43.531682 np0000173061 nova-conductor[110698]: DEBUG cotyledon.oslo_config_glue [-] oslo_messaging_rabbit.rabbit_login_method = AMQPLAIN {{(pid=110698) log_opt_values /opt/stack/data/venv/lib/python3.12/site-packages/oslo_config/cfg.py:3006}}
May 09 09:05:43.531874 np0000173061 nova-conductor[110698]: DEBUG cotyledon.oslo_config_glue [-] oslo_messaging_rabbit.rabbit_qos_prefetch_count = 0 {{(pid=110698) log_opt_values /opt/stack/data/venv/lib/python3.12/site-packages/oslo_config/cfg.py:3006}}
May 09 09:05:43.531874 np0000173061 nova-conductor[110698]: DEBUG cotyledon.oslo_config_glue [-] oslo_messaging_rabbit.rabbit_quorum_delivery_limit = 0 {{(pid=110698) log_opt_values /opt/stack/data/venv/lib/python3.12/site-packages/oslo_config/cfg.py:3006}}
May 09 09:05:43.531874 np0000173061 nova-conductor[110698]: DEBUG cotyledon.oslo_config_glue [-] oslo_messaging_rabbit.rabbit_quorum_max_memory_bytes = 0 {{(pid=110698) log_opt_values /opt/stack/data/venv/lib/python3.12/site-packages/oslo_config/cfg.py:3006}}
May 09 09:05:43.531874 np0000173061 nova-conductor[110698]: DEBUG cotyledon.oslo_config_glue [-] oslo_messaging_rabbit.rabbit_quorum_max_memory_length = 0 {{(pid=110698) log_opt_values /opt/stack/data/venv/lib/python3.12/site-packages/oslo_config/cfg.py:3006}}
May 09 09:05:43.531874 np0000173061 nova-conductor[110698]: DEBUG cotyledon.oslo_config_glue [-] oslo_messaging_rabbit.rabbit_quorum_queue = False {{(pid=110698) log_opt_values /opt/stack/data/venv/lib/python3.12/site-packages/oslo_config/cfg.py:3006}}
May 09 09:05:43.531874 np0000173061 nova-conductor[110698]: DEBUG cotyledon.oslo_config_glue [-] oslo_messaging_rabbit.rabbit_retry_backoff = 2 {{(pid=110698) log_opt_values /opt/stack/data/venv/lib/python3.12/site-packages/oslo_config/cfg.py:3006}}
May 09 09:05:43.531874 np0000173061 nova-conductor[110698]: DEBUG cotyledon.oslo_config_glue [-] oslo_messaging_rabbit.rabbit_retry_interval = 1 {{(pid=110698) log_opt_values /opt/stack/data/venv/lib/python3.12/site-packages/oslo_config/cfg.py:3006}}
May 09 09:05:43.531874 np0000173061 nova-conductor[110698]: DEBUG cotyledon.oslo_config_glue [-] oslo_messaging_rabbit.rabbit_stream_fanout = False {{(pid=110698) log_opt_values /opt/stack/data/venv/lib/python3.12/site-packages/oslo_config/cfg.py:3006}}
May 09 09:05:43.532059 np0000173061 nova-conductor[110698]: DEBUG cotyledon.oslo_config_glue [-] oslo_messaging_rabbit.rabbit_transient_queues_ttl = 1800 {{(pid=110698) log_opt_values /opt/stack/data/venv/lib/python3.12/site-packages/oslo_config/cfg.py:3006}}
May 09 09:05:43.532059 np0000173061 nova-conductor[110698]: DEBUG cotyledon.oslo_config_glue [-] oslo_messaging_rabbit.rabbit_transient_quorum_queue = False {{(pid=110698) log_opt_values /opt/stack/data/venv/lib/python3.12/site-packages/oslo_config/cfg.py:3006}}
May 09 09:05:43.532059 np0000173061 nova-conductor[110698]: DEBUG cotyledon.oslo_config_glue [-] oslo_messaging_rabbit.rpc_conn_pool_size = 30 {{(pid=110698) log_opt_values /opt/stack/data/venv/lib/python3.12/site-packages/oslo_config/cfg.py:3006}}
May 09 09:05:43.532059 np0000173061 nova-conductor[110698]: DEBUG cotyledon.oslo_config_glue [-] oslo_messaging_rabbit.ssl = False {{(pid=110698) log_opt_values /opt/stack/data/venv/lib/python3.12/site-packages/oslo_config/cfg.py:3006}}
May 09 09:05:43.532059 np0000173061 nova-conductor[110698]: DEBUG cotyledon.oslo_config_glue [-] oslo_messaging_rabbit.ssl_ca_file = {{(pid=110698) log_opt_values /opt/stack/data/venv/lib/python3.12/site-packages/oslo_config/cfg.py:3006}}
May 09 09:05:43.532059 np0000173061 nova-conductor[110698]: DEBUG cotyledon.oslo_config_glue [-] oslo_messaging_rabbit.ssl_cert_file = {{(pid=110698) log_opt_values /opt/stack/data/venv/lib/python3.12/site-packages/oslo_config/cfg.py:3006}}
May 09 09:05:43.532059 np0000173061 nova-conductor[110698]: DEBUG cotyledon.oslo_config_glue [-] oslo_messaging_rabbit.ssl_enforce_fips_mode = False {{(pid=110698) log_opt_values /opt/stack/data/venv/lib/python3.12/site-packages/oslo_config/cfg.py:3006}}
May 09 09:05:43.532059 np0000173061 nova-conductor[110698]: DEBUG cotyledon.oslo_config_glue [-] oslo_messaging_rabbit.ssl_key_file = {{(pid=110698) log_opt_values /opt/stack/data/venv/lib/python3.12/site-packages/oslo_config/cfg.py:3006}}
May 09 09:05:43.532059 np0000173061 nova-conductor[110698]: DEBUG cotyledon.oslo_config_glue [-] oslo_messaging_rabbit.ssl_version = {{(pid=110698) log_opt_values /opt/stack/data/venv/lib/python3.12/site-packages/oslo_config/cfg.py:3006}}
May 09 09:05:43.532270 np0000173061 nova-conductor[110698]: DEBUG cotyledon.oslo_config_glue [-] oslo_messaging_rabbit.use_queue_manager = False {{(pid=110698) log_opt_values /opt/stack/data/venv/lib/python3.12/site-packages/oslo_config/cfg.py:3006}}
May 09 09:05:43.532270 np0000173061 nova-conductor[110698]: DEBUG cotyledon.oslo_config_glue [-] oslo_messaging_notifications.driver = ['messagingv2'] {{(pid=110698) log_opt_values /opt/stack/data/venv/lib/python3.12/site-packages/oslo_config/cfg.py:3006}}
May 09 09:05:43.532270 np0000173061 nova-conductor[110698]: DEBUG cotyledon.oslo_config_glue [-] oslo_messaging_notifications.retry = -1 {{(pid=110698) log_opt_values /opt/stack/data/venv/lib/python3.12/site-packages/oslo_config/cfg.py:3006}}
May 09 09:05:43.532270 np0000173061 nova-conductor[110698]: DEBUG cotyledon.oslo_config_glue [-] oslo_messaging_notifications.topics = ['notifications'] {{(pid=110698) log_opt_values /opt/stack/data/venv/lib/python3.12/site-packages/oslo_config/cfg.py:3006}}
May 09 09:05:43.532270 np0000173061 nova-conductor[110698]: DEBUG cotyledon.oslo_config_glue [-] oslo_messaging_notifications.transport_url = **** {{(pid=110698) log_opt_values /opt/stack/data/venv/lib/python3.12/site-packages/oslo_config/cfg.py:3006}}
May 09 09:05:43.532270 np0000173061 nova-conductor[110698]: DEBUG cotyledon.oslo_config_glue [-] oslo_limit.auth_section = None {{(pid=110698) log_opt_values /opt/stack/data/venv/lib/python3.12/site-packages/oslo_config/cfg.py:3006}}
May 09 09:05:43.532270 np0000173061 nova-conductor[110698]: DEBUG cotyledon.oslo_config_glue [-] oslo_limit.auth_type = None {{(pid=110698) log_opt_values /opt/stack/data/venv/lib/python3.12/site-packages/oslo_config/cfg.py:3006}}
May 09 09:05:43.532270 np0000173061 nova-conductor[110698]: DEBUG cotyledon.oslo_config_glue [-] oslo_limit.cafile = None {{(pid=110698) log_opt_values /opt/stack/data/venv/lib/python3.12/site-packages/oslo_config/cfg.py:3006}}
May 09 09:05:43.532270 np0000173061 nova-conductor[110698]: DEBUG cotyledon.oslo_config_glue [-] oslo_limit.certfile = None {{(pid=110698) log_opt_values /opt/stack/data/venv/lib/python3.12/site-packages/oslo_config/cfg.py:3006}}
May 09 09:05:43.532484 np0000173061 nova-conductor[110698]: DEBUG cotyledon.oslo_config_glue [-] oslo_limit.collect_timing = False {{(pid=110698) log_opt_values /opt/stack/data/venv/lib/python3.12/site-packages/oslo_config/cfg.py:3006}}
May 09 09:05:43.532484 np0000173061 nova-conductor[110698]: DEBUG cotyledon.oslo_config_glue [-] oslo_limit.connect_retries = None {{(pid=110698) log_opt_values /opt/stack/data/venv/lib/python3.12/site-packages/oslo_config/cfg.py:3006}}
May 09 09:05:43.532484 np0000173061 nova-conductor[110698]: DEBUG cotyledon.oslo_config_glue [-] oslo_limit.connect_retry_delay = None {{(pid=110698) log_opt_values /opt/stack/data/venv/lib/python3.12/site-packages/oslo_config/cfg.py:3006}}
May 09 09:05:43.532484 np0000173061 nova-conductor[110698]: DEBUG cotyledon.oslo_config_glue [-] oslo_limit.endpoint_id = None {{(pid=110698) log_opt_values /opt/stack/data/venv/lib/python3.12/site-packages/oslo_config/cfg.py:3006}}
May 09 09:05:43.532484 np0000173061 nova-conductor[110698]: DEBUG cotyledon.oslo_config_glue [-] oslo_limit.endpoint_interface = public {{(pid=110698) log_opt_values /opt/stack/data/venv/lib/python3.12/site-packages/oslo_config/cfg.py:3006}}
May 09 09:05:43.532484 np0000173061 nova-conductor[110698]: DEBUG cotyledon.oslo_config_glue [-] oslo_limit.endpoint_override = None {{(pid=110698) log_opt_values /opt/stack/data/venv/lib/python3.12/site-packages/oslo_config/cfg.py:3006}}
May 09 09:05:43.532484 np0000173061 nova-conductor[110698]: DEBUG cotyledon.oslo_config_glue [-] oslo_limit.endpoint_region_name = None {{(pid=110698) log_opt_values /opt/stack/data/venv/lib/python3.12/site-packages/oslo_config/cfg.py:3006}}
May 09 09:05:43.532484 np0000173061 nova-conductor[110698]: DEBUG cotyledon.oslo_config_glue [-] oslo_limit.endpoint_service_name = None {{(pid=110698) log_opt_values /opt/stack/data/venv/lib/python3.12/site-packages/oslo_config/cfg.py:3006}}
May 09 09:05:43.532668 np0000173061 nova-conductor[110690]: DEBUG oslo_db.sqlalchemy.engines [None req-193846fd-555a-4a77-9dad-361cfaf231fa None None] MySQL server mode set to STRICT_TRANS_TABLES,STRICT_ALL_TABLES,NO_ZERO_IN_DATE,NO_ZERO_DATE,ERROR_FOR_DIVISION_BY_ZERO,TRADITIONAL,NO_ENGINE_SUBSTITUTION {{(pid=110690) _check_effective_sql_mode /opt/stack/data/venv/lib/python3.12/site-packages/oslo_db/sqlalchemy/engines.py:325}}
May 09 09:05:43.532700 np0000173061 nova-conductor[110698]: DEBUG cotyledon.oslo_config_glue [-] oslo_limit.endpoint_service_type = None {{(pid=110698) log_opt_values /opt/stack/data/venv/lib/python3.12/site-packages/oslo_config/cfg.py:3006}}
May 09 09:05:43.532700 np0000173061 nova-conductor[110698]: DEBUG cotyledon.oslo_config_glue [-] oslo_limit.insecure = False {{(pid=110698) log_opt_values /opt/stack/data/venv/lib/python3.12/site-packages/oslo_config/cfg.py:3006}}
May 09 09:05:43.532700 np0000173061 nova-conductor[110698]: DEBUG cotyledon.oslo_config_glue [-] oslo_limit.keyfile = None {{(pid=110698) log_opt_values /opt/stack/data/venv/lib/python3.12/site-packages/oslo_config/cfg.py:3006}}
May 09 09:05:43.532700 np0000173061 nova-conductor[110698]: DEBUG cotyledon.oslo_config_glue [-] oslo_limit.max_version = None {{(pid=110698) log_opt_values /opt/stack/data/venv/lib/python3.12/site-packages/oslo_config/cfg.py:3006}}
May 09 09:05:43.532700 np0000173061 nova-conductor[110698]: DEBUG cotyledon.oslo_config_glue [-] oslo_limit.min_version = None {{(pid=110698) log_opt_values /opt/stack/data/venv/lib/python3.12/site-packages/oslo_config/cfg.py:3006}}
May 09 09:05:43.532700 np0000173061 nova-conductor[110698]: DEBUG cotyledon.oslo_config_glue [-] oslo_limit.region_name = None {{(pid=110698) log_opt_values /opt/stack/data/venv/lib/python3.12/site-packages/oslo_config/cfg.py:3006}}
May 09 09:05:43.532700 np0000173061 nova-conductor[110698]: DEBUG cotyledon.oslo_config_glue [-] oslo_limit.retriable_status_codes = None {{(pid=110698) log_opt_values /opt/stack/data/venv/lib/python3.12/site-packages/oslo_config/cfg.py:3006}}
May 09 09:05:43.532700 np0000173061 nova-conductor[110698]: DEBUG cotyledon.oslo_config_glue [-] oslo_limit.service_name = None {{(pid=110698) log_opt_values /opt/stack/data/venv/lib/python3.12/site-packages/oslo_config/cfg.py:3006}}
May 09 09:05:43.532700 np0000173061 nova-conductor[110698]: DEBUG cotyledon.oslo_config_glue [-] oslo_limit.service_type = None {{(pid=110698) log_opt_values /opt/stack/data/venv/lib/python3.12/site-packages/oslo_config/cfg.py:3006}}
May 09 09:05:43.532919 np0000173061 nova-conductor[110698]: DEBUG cotyledon.oslo_config_glue [-] oslo_limit.split_loggers = False {{(pid=110698) log_opt_values /opt/stack/data/venv/lib/python3.12/site-packages/oslo_config/cfg.py:3006}}
May 09 09:05:43.532919 np0000173061 nova-conductor[110698]: DEBUG cotyledon.oslo_config_glue [-] oslo_limit.status_code_retries = None {{(pid=110698) log_opt_values /opt/stack/data/venv/lib/python3.12/site-packages/oslo_config/cfg.py:3006}}
May 09 09:05:43.532919 np0000173061 nova-conductor[110698]: DEBUG cotyledon.oslo_config_glue [-] oslo_limit.status_code_retry_delay = None {{(pid=110698) log_opt_values /opt/stack/data/venv/lib/python3.12/site-packages/oslo_config/cfg.py:3006}}
May 09 09:05:43.532919 np0000173061 nova-conductor[110698]: DEBUG cotyledon.oslo_config_glue [-] oslo_limit.timeout = None {{(pid=110698) log_opt_values /opt/stack/data/venv/lib/python3.12/site-packages/oslo_config/cfg.py:3006}}
May 09 09:05:43.532919 np0000173061 nova-conductor[110698]: DEBUG cotyledon.oslo_config_glue [-] oslo_limit.valid_interfaces = None {{(pid=110698) log_opt_values /opt/stack/data/venv/lib/python3.12/site-packages/oslo_config/cfg.py:3006}}
May 09 09:05:43.532919 np0000173061 nova-conductor[110698]: DEBUG cotyledon.oslo_config_glue [-] oslo_limit.version = None {{(pid=110698) log_opt_values /opt/stack/data/venv/lib/python3.12/site-packages/oslo_config/cfg.py:3006}}
May 09 09:05:43.532919 np0000173061 nova-conductor[110698]: DEBUG cotyledon.oslo_config_glue [-] oslo_reports.file_event_handler = None {{(pid=110698) log_opt_values /opt/stack/data/venv/lib/python3.12/site-packages/oslo_config/cfg.py:3006}}
May 09 09:05:43.532919 np0000173061 nova-conductor[110698]: DEBUG cotyledon.oslo_config_glue [-] oslo_reports.file_event_handler_interval = 1 {{(pid=110698) log_opt_values /opt/stack/data/venv/lib/python3.12/site-packages/oslo_config/cfg.py:3006}}
May 09 09:05:43.532919 np0000173061 nova-conductor[110698]: DEBUG cotyledon.oslo_config_glue [-] oslo_reports.log_dir = None {{(pid=110698) log_opt_values /opt/stack/data/venv/lib/python3.12/site-packages/oslo_config/cfg.py:3006}}
May 09 09:05:43.533134 np0000173061 nova-conductor[110698]: DEBUG cotyledon.oslo_config_glue [-] ******************************************************************************** {{(pid=110698) log_opt_values /opt/stack/data/venv/lib/python3.12/site-packages/oslo_config/cfg.py:3013}}
May 09 09:05:43.533134 np0000173061 nova-conductor[110698]: DEBUG cotyledon._service_worker [-] Run service ServiceWrapper(3) [110698] {{(pid=110698) wait_forever /opt/stack/data/venv/lib/python3.12/site-packages/cotyledon/_service_worker.py:218}}
May 09 09:05:43.533134 np0000173061 nova-conductor[110698]: INFO nova.service [-] Starting conductor node (version 33.1.0)
May 09 09:05:43.533134 np0000173061 nova-conductor[110698]: INFO dbcounter [None req-64eec07d-cc86-40c2-8391-cd5778dc0784 None None] Registered counter for database nova_cell0
May 09 09:05:43.535911 np0000173061 nova-conductor[110690]: DEBUG dbcounter [-] [110690] Writer thread running {{(pid=110690) stat_writer /opt/stack/data/venv/lib/python3.12/site-packages/dbcounter.py:102}}
May 09 09:05:43.536064 np0000173061 nova-conductor[110683]: DEBUG nova.service [None req-84b87456-a4a5-417f-b5bd-27fb945eb041 None None] Creating RPC server for service: nova-conductor on topic: conductor {{(pid=110683) start /opt/stack/nova/nova/service.py:195}}
May 09 09:05:43.538975 np0000173061 nova-conductor[110690]: DEBUG nova.service [None req-193846fd-555a-4a77-9dad-361cfaf231fa None None] Creating RPC server for service: nova-conductor on topic: conductor {{(pid=110690) start /opt/stack/nova/nova/service.py:195}}
May 09 09:05:43.540606 np0000173061 nova-conductor[110678]: DEBUG nova.service [None req-5152e537-5e0f-478c-9002-65bce24b73df None None] Join ServiceGroup membership for this service conductor {{(pid=110678) start /opt/stack/nova/nova/service.py:221}}
May 09 09:05:43.540813 np0000173061 nova-conductor[110678]: DEBUG nova.servicegroup.drivers.db [None req-5152e537-5e0f-478c-9002-65bce24b73df None None] DB_Driver: join new ServiceGroup member np0000173061 to the conductor group, service = {{(pid=110678) join /opt/stack/nova/nova/servicegroup/drivers/db.py:44}}
May 09 09:05:43.545271 np0000173061 nova-conductor[110698]: DEBUG oslo_db.sqlalchemy.engines [None req-64eec07d-cc86-40c2-8391-cd5778dc0784 None None] MySQL server mode set to STRICT_TRANS_TABLES,STRICT_ALL_TABLES,NO_ZERO_IN_DATE,NO_ZERO_DATE,ERROR_FOR_DIVISION_BY_ZERO,TRADITIONAL,NO_ENGINE_SUBSTITUTION {{(pid=110698) _check_effective_sql_mode /opt/stack/data/venv/lib/python3.12/site-packages/oslo_db/sqlalchemy/engines.py:325}}
May 09 09:05:43.555480 np0000173061 nova-conductor[110683]: DEBUG nova.service [None req-84b87456-a4a5-417f-b5bd-27fb945eb041 None None] Join ServiceGroup membership for this service conductor {{(pid=110683) start /opt/stack/nova/nova/service.py:221}}
May 09 09:05:43.555651 np0000173061 nova-conductor[110683]: DEBUG nova.servicegroup.drivers.db [None req-84b87456-a4a5-417f-b5bd-27fb945eb041 None None] DB_Driver: join new ServiceGroup member np0000173061 to the conductor group, service = {{(pid=110683) join /opt/stack/nova/nova/servicegroup/drivers/db.py:44}}
May 09 09:05:43.557190 np0000173061 nova-conductor[110690]: DEBUG nova.service [None req-193846fd-555a-4a77-9dad-361cfaf231fa None None] Join ServiceGroup membership for this service conductor {{(pid=110690) start /opt/stack/nova/nova/service.py:221}}
May 09 09:05:43.557301 np0000173061 nova-conductor[110698]: DEBUG dbcounter [-] [110698] Writer thread running {{(pid=110698) stat_writer /opt/stack/data/venv/lib/python3.12/site-packages/dbcounter.py:102}}
May 09 09:05:43.557526 np0000173061 nova-conductor[110690]: DEBUG nova.servicegroup.drivers.db [None req-193846fd-555a-4a77-9dad-361cfaf231fa None None] DB_Driver: join new ServiceGroup member np0000173061 to the conductor group, service = {{(pid=110690) join /opt/stack/nova/nova/servicegroup/drivers/db.py:44}}
May 09 09:05:43.560154 np0000173061 nova-conductor[110698]: DEBUG nova.service [None req-64eec07d-cc86-40c2-8391-cd5778dc0784 None None] Creating RPC server for service: nova-conductor on topic: conductor {{(pid=110698) start /opt/stack/nova/nova/service.py:195}}
May 09 09:05:43.580650 np0000173061 nova-conductor[110698]: DEBUG nova.service [None req-64eec07d-cc86-40c2-8391-cd5778dc0784 None None] Join ServiceGroup membership for this service conductor {{(pid=110698) start /opt/stack/nova/nova/service.py:221}}
May 09 09:05:43.580934 np0000173061 nova-conductor[110698]: DEBUG nova.servicegroup.drivers.db [None req-64eec07d-cc86-40c2-8391-cd5778dc0784 None None] DB_Driver: join new ServiceGroup member np0000173061 to the conductor group, service = {{(pid=110698) join /opt/stack/nova/nova/servicegroup/drivers/db.py:44}}
May 09 09:05:45.543461 np0000173061 nova-conductor[110678]: DEBUG oslo.service.backend._threading.loopingcall [None req-2dce1c69-dfab-49ff-b5b1-92d36b30dd49 None None] Dynamic interval looping call 'nova.service.Service.periodic_tasks' sleeping for 60.00 seconds {{(pid=110678) _run_loop /opt/stack/data/venv/lib/python3.12/site-packages/oslo_service/backend/_threading/loopingcall.py:125}}
May 09 09:05:48.562323 np0000173061 nova-conductor[110678]: DEBUG oslo.service.backend._threading.loopingcall [-] Fixed interval looping call 'nova.servicegroup.drivers.db.DbDriver._report_state' sleeping for 119.98 seconds {{(pid=110678) _run_loop /opt/stack/data/venv/lib/python3.12/site-packages/oslo_service/backend/_threading/loopingcall.py:125}}
May 09 09:05:48.563688 np0000173061 nova-conductor[110683]: DEBUG oslo.service.backend._threading.loopingcall [-] Fixed interval looping call 'nova.servicegroup.drivers.db.DbDriver._report_state' sleeping for 119.99 seconds {{(pid=110683) _run_loop /opt/stack/data/venv/lib/python3.12/site-packages/oslo_service/backend/_threading/loopingcall.py:125}}
May 09 09:05:48.573413 np0000173061 nova-conductor[110690]: DEBUG oslo.service.backend._threading.loopingcall [-] Fixed interval looping call 'nova.servicegroup.drivers.db.DbDriver._report_state' sleeping for 119.99 seconds {{(pid=110690) _run_loop /opt/stack/data/venv/lib/python3.12/site-packages/oslo_service/backend/_threading/loopingcall.py:125}}
May 09 09:05:48.595106 np0000173061 nova-conductor[110698]: DEBUG oslo.service.backend._threading.loopingcall [-] Fixed interval looping call 'nova.servicegroup.drivers.db.DbDriver._report_state' sleeping for 119.99 seconds {{(pid=110698) _run_loop /opt/stack/data/venv/lib/python3.12/site-packages/oslo_service/backend/_threading/loopingcall.py:125}}
May 09 09:05:52.172446 np0000173061 nova-conductor[109891]: DEBUG dbcounter [-] [109891] Writing DB stats nova_api:SELECT=1 {{(pid=109891) stat_writer /opt/stack/data/venv/lib/python3.12/site-packages/dbcounter.py:115}}
May 09 09:05:52.273482 np0000173061 nova-conductor[109891]: DEBUG dbcounter [-] [109891] Writing DB stats nova_cell0:SELECT=1 {{(pid=109891) stat_writer /opt/stack/data/venv/lib/python3.12/site-packages/dbcounter.py:115}}
May 09 09:05:52.282215 np0000173061 nova-conductor[109891]: DEBUG dbcounter [-] [109891] Writing DB stats nova_cell1:SELECT=1 {{(pid=109891) stat_writer /opt/stack/data/venv/lib/python3.12/site-packages/dbcounter.py:115}}
May 09 09:05:58.553376 np0000173061 nova-conductor[110678]: DEBUG dbcounter [-] [110678] Writing DB stats nova_cell0:SELECT=4,nova_cell0:INSERT=1,nova_cell0:UPDATE=1 {{(pid=110678) stat_writer /opt/stack/data/venv/lib/python3.12/site-packages/dbcounter.py:115}}
May 09 09:05:58.561171 np0000173061 nova-conductor[110683]: DEBUG dbcounter [-] [110683] Writing DB stats nova_cell0:SELECT=4,nova_cell0:INSERT=1 {{(pid=110683) stat_writer /opt/stack/data/venv/lib/python3.12/site-packages/dbcounter.py:115}}
May 09 09:05:58.569707 np0000173061 nova-conductor[110690]: DEBUG dbcounter [-] [110690] Writing DB stats nova_cell0:SELECT=3 {{(pid=110690) stat_writer /opt/stack/data/venv/lib/python3.12/site-packages/dbcounter.py:115}}
May 09 09:05:58.594724 np0000173061 nova-conductor[110698]: DEBUG dbcounter [-] [110698] Writing DB stats nova_cell0:SELECT=3 {{(pid=110698) stat_writer /opt/stack/data/venv/lib/python3.12/site-packages/dbcounter.py:115}}
May 09 09:06:16.559880 np0000173061 nova-conductor[110683]: DEBUG oslo.service.backend._threading.loopingcall [None req-e3093014-0d4d-45c6-95b4-16bdad5f7fbf None None] Dynamic interval looping call 'nova.service.Service.periodic_tasks' sleeping for 60.00 seconds {{(pid=110683) _run_loop /opt/stack/data/venv/lib/python3.12/site-packages/oslo_service/backend/_threading/loopingcall.py:125}}
May 09 09:06:36.583040 np0000173061 nova-conductor[110698]: DEBUG oslo.service.backend._threading.loopingcall [None req-c7f55e5d-717b-402c-9675-da309e9af242 None None] Dynamic interval looping call 'nova.service.Service.periodic_tasks' sleeping for 60.00 seconds {{(pid=110698) _run_loop /opt/stack/data/venv/lib/python3.12/site-packages/oslo_service/backend/_threading/loopingcall.py:125}}
May 09 09:06:40.560960 np0000173061 nova-conductor[110690]: DEBUG oslo.service.backend._threading.loopingcall [None req-98ae99d8-5f21-4e7d-9f00-5eca3cf718e7 None None] Dynamic interval looping call 'nova.service.Service.periodic_tasks' sleeping for 60.00 seconds {{(pid=110690) _run_loop /opt/stack/data/venv/lib/python3.12/site-packages/oslo_service/backend/_threading/loopingcall.py:125}}
May 09 09:06:45.544533 np0000173061 nova-conductor[110678]: DEBUG oslo.service.backend._threading.loopingcall [None req-2dce1c69-dfab-49ff-b5b1-92d36b30dd49 None None] Dynamic interval looping call 'nova.service.Service.periodic_tasks' sleeping for 60.00 seconds {{(pid=110678) _run_loop /opt/stack/data/venv/lib/python3.12/site-packages/oslo_service/backend/_threading/loopingcall.py:125}}
May 09 09:07:16.560240 np0000173061 nova-conductor[110683]: DEBUG oslo.service.backend._threading.loopingcall [None req-e3093014-0d4d-45c6-95b4-16bdad5f7fbf None None] Dynamic interval looping call 'nova.service.Service.periodic_tasks' sleeping for 60.00 seconds {{(pid=110683) _run_loop /opt/stack/data/venv/lib/python3.12/site-packages/oslo_service/backend/_threading/loopingcall.py:125}}
May 09 09:07:36.583837 np0000173061 nova-conductor[110698]: DEBUG oslo.service.backend._threading.loopingcall [None req-c7f55e5d-717b-402c-9675-da309e9af242 None None] Dynamic interval looping call 'nova.service.Service.periodic_tasks' sleeping for 60.00 seconds {{(pid=110698) _run_loop /opt/stack/data/venv/lib/python3.12/site-packages/oslo_service/backend/_threading/loopingcall.py:125}}
May 09 09:07:40.561822 np0000173061 nova-conductor[110690]: DEBUG oslo.service.backend._threading.loopingcall [None req-98ae99d8-5f21-4e7d-9f00-5eca3cf718e7 None None] Dynamic interval looping call 'nova.service.Service.periodic_tasks' sleeping for 60.00 seconds {{(pid=110690) _run_loop /opt/stack/data/venv/lib/python3.12/site-packages/oslo_service/backend/_threading/loopingcall.py:125}}
May 09 09:07:45.545267 np0000173061 nova-conductor[110678]: DEBUG oslo.service.backend._threading.loopingcall [None req-2dce1c69-dfab-49ff-b5b1-92d36b30dd49 None None] Dynamic interval looping call 'nova.service.Service.periodic_tasks' sleeping for 60.00 seconds {{(pid=110678) _run_loop /opt/stack/data/venv/lib/python3.12/site-packages/oslo_service/backend/_threading/loopingcall.py:125}}
May 09 09:07:48.552603 np0000173061 nova-conductor[110678]: DEBUG oslo.service.backend._threading.loopingcall [-] Fixed interval looping call 'nova.servicegroup.drivers.db.DbDriver._report_state' sleeping for 119.99 seconds {{(pid=110678) _run_loop /opt/stack/data/venv/lib/python3.12/site-packages/oslo_service/backend/_threading/loopingcall.py:125}}
May 09 09:07:48.559670 np0000173061 nova-conductor[110683]: DEBUG oslo.service.backend._threading.loopingcall [-] Fixed interval looping call 'nova.servicegroup.drivers.db.DbDriver._report_state' sleeping for 119.99 seconds {{(pid=110683) _run_loop /opt/stack/data/venv/lib/python3.12/site-packages/oslo_service/backend/_threading/loopingcall.py:125}}
May 09 09:07:48.568201 np0000173061 nova-conductor[110690]: DEBUG oslo.service.backend._threading.loopingcall [-] Fixed interval looping call 'nova.servicegroup.drivers.db.DbDriver._report_state' sleeping for 120.00 seconds {{(pid=110690) _run_loop /opt/stack/data/venv/lib/python3.12/site-packages/oslo_service/backend/_threading/loopingcall.py:125}}
May 09 09:07:48.591282 np0000173061 nova-conductor[110698]: DEBUG oslo.service.backend._threading.loopingcall [-] Fixed interval looping call 'nova.servicegroup.drivers.db.DbDriver._report_state' sleeping for 119.99 seconds {{(pid=110698) _run_loop /opt/stack/data/venv/lib/python3.12/site-packages/oslo_service/backend/_threading/loopingcall.py:125}}
May 09 09:07:58.547154 np0000173061 nova-conductor[110678]: DEBUG dbcounter [-] [110678] Writing DB stats nova_cell0:SELECT=1,nova_cell0:UPDATE=1 {{(pid=110678) stat_writer /opt/stack/data/venv/lib/python3.12/site-packages/dbcounter.py:115}}
May 09 09:07:58.557101 np0000173061 nova-conductor[110683]: DEBUG dbcounter [-] [110683] Writing DB stats nova_cell0:SELECT=1 {{(pid=110683) stat_writer /opt/stack/data/venv/lib/python3.12/site-packages/dbcounter.py:115}}
May 09 09:07:58.566335 np0000173061 nova-conductor[110690]: DEBUG dbcounter [-] [110690] Writing DB stats nova_cell0:SELECT=1 {{(pid=110690) stat_writer /opt/stack/data/venv/lib/python3.12/site-packages/dbcounter.py:115}}
May 09 09:07:58.588164 np0000173061 nova-conductor[110698]: DEBUG dbcounter [-] [110698] Writing DB stats nova_cell0:SELECT=1 {{(pid=110698) stat_writer /opt/stack/data/venv/lib/python3.12/site-packages/dbcounter.py:115}}
May 09 09:08:16.561127 np0000173061 nova-conductor[110683]: DEBUG oslo.service.backend._threading.loopingcall [None req-e3093014-0d4d-45c6-95b4-16bdad5f7fbf None None] Dynamic interval looping call 'nova.service.Service.periodic_tasks' sleeping for 60.00 seconds {{(pid=110683) _run_loop /opt/stack/data/venv/lib/python3.12/site-packages/oslo_service/backend/_threading/loopingcall.py:125}}
May 09 09:08:36.584752 np0000173061 nova-conductor[110698]: DEBUG oslo.service.backend._threading.loopingcall [None req-c7f55e5d-717b-402c-9675-da309e9af242 None None] Dynamic interval looping call 'nova.service.Service.periodic_tasks' sleeping for 60.00 seconds {{(pid=110698) _run_loop /opt/stack/data/venv/lib/python3.12/site-packages/oslo_service/backend/_threading/loopingcall.py:125}}
May 09 09:08:40.562573 np0000173061 nova-conductor[110690]: DEBUG oslo.service.backend._threading.loopingcall [None req-98ae99d8-5f21-4e7d-9f00-5eca3cf718e7 None None] Dynamic interval looping call 'nova.service.Service.periodic_tasks' sleeping for 60.00 seconds {{(pid=110690) _run_loop /opt/stack/data/venv/lib/python3.12/site-packages/oslo_service/backend/_threading/loopingcall.py:125}}
May 09 09:08:45.545818 np0000173061 nova-conductor[110678]: DEBUG oslo.service.backend._threading.loopingcall [None req-2dce1c69-dfab-49ff-b5b1-92d36b30dd49 None None] Dynamic interval looping call 'nova.service.Service.periodic_tasks' sleeping for 60.00 seconds {{(pid=110678) _run_loop /opt/stack/data/venv/lib/python3.12/site-packages/oslo_service/backend/_threading/loopingcall.py:125}}
May 09 09:09:16.562241 np0000173061 nova-conductor[110683]: DEBUG oslo.service.backend._threading.loopingcall [None req-e3093014-0d4d-45c6-95b4-16bdad5f7fbf None None] Dynamic interval looping call 'nova.service.Service.periodic_tasks' sleeping for 60.00 seconds {{(pid=110683) _run_loop /opt/stack/data/venv/lib/python3.12/site-packages/oslo_service/backend/_threading/loopingcall.py:125}}
May 09 09:09:36.585605 np0000173061 nova-conductor[110698]: DEBUG oslo.service.backend._threading.loopingcall [None req-c7f55e5d-717b-402c-9675-da309e9af242 None None] Dynamic interval looping call 'nova.service.Service.periodic_tasks' sleeping for 60.00 seconds {{(pid=110698) _run_loop /opt/stack/data/venv/lib/python3.12/site-packages/oslo_service/backend/_threading/loopingcall.py:125}}
May 09 09:09:40.563391 np0000173061 nova-conductor[110690]: DEBUG oslo.service.backend._threading.loopingcall [None req-98ae99d8-5f21-4e7d-9f00-5eca3cf718e7 None None] Dynamic interval looping call 'nova.service.Service.periodic_tasks' sleeping for 60.00 seconds {{(pid=110690) _run_loop /opt/stack/data/venv/lib/python3.12/site-packages/oslo_service/backend/_threading/loopingcall.py:125}}
May 09 09:09:45.547004 np0000173061 nova-conductor[110678]: DEBUG oslo.service.backend._threading.loopingcall [None req-2dce1c69-dfab-49ff-b5b1-92d36b30dd49 None None] Dynamic interval looping call 'nova.service.Service.periodic_tasks' sleeping for 60.00 seconds {{(pid=110678) _run_loop /opt/stack/data/venv/lib/python3.12/site-packages/oslo_service/backend/_threading/loopingcall.py:125}}
May 09 09:09:48.552829 np0000173061 nova-conductor[110678]: DEBUG oslo.service.backend._threading.loopingcall [-] Fixed interval looping call 'nova.servicegroup.drivers.db.DbDriver._report_state' sleeping for 119.99 seconds {{(pid=110678) _run_loop /opt/stack/data/venv/lib/python3.12/site-packages/oslo_service/backend/_threading/loopingcall.py:125}}
May 09 09:09:48.555096 np0000173061 nova-conductor[110683]: DEBUG oslo.service.backend._threading.loopingcall [-] Fixed interval looping call 'nova.servicegroup.drivers.db.DbDriver._report_state' sleeping for 120.00 seconds {{(pid=110683) _run_loop /opt/stack/data/venv/lib/python3.12/site-packages/oslo_service/backend/_threading/loopingcall.py:125}}
May 09 09:09:48.573221 np0000173061 nova-conductor[110690]: DEBUG oslo.service.backend._threading.loopingcall [-] Fixed interval looping call 'nova.servicegroup.drivers.db.DbDriver._report_state' sleeping for 120.00 seconds {{(pid=110690) _run_loop /opt/stack/data/venv/lib/python3.12/site-packages/oslo_service/backend/_threading/loopingcall.py:125}}
