2026-04-20 06:32:26.239 7 INFO neutron.db.segments_db [None req-a6a920b2-eba5-4a63-bfc1-aaa315aa29ce 62344a7ef20a4b74af977209be139d3d cfb08da99da34cbabfcd6548f393841c - - default default] Added segment 926f1b58-21e6-49e4-8215-666cc6b1c3d3 of type geneve for network ca38dfeb-ff34-4743-a356-3637751d6ce6 [pid: 8|app: 0|req: 779/1572] 10.0.0.214 () {34 vars in 677 bytes} [Mon Apr 20 06:32:25 2026] POST /v2.0/floatingips => generated 856 bytes in 1111 msecs (HTTP/1.1 201) 4 headers in 162 bytes (1 switches on core 0)
2026-04-20 06:32:26.296 8 INFO neutron.notifiers.nova [-] Nova event matching ['req-4e99139a-cc4b-4e22-acd7-ae27fde9684f'] response: {'name': 'network-changed', 'server_uuid': '5b7f6601-1bfb-4c86-b7f7-d41726ef7f4d', 'tag': '120ed29e-69c4-487e-8083-0fa76185d061', 'status': 'completed', 'code': 200} [pid: 8|app: 0|req: 780/1573] 10.0.0.214 () {34 vars in 689 bytes} [Mon Apr 20 06:32:26 2026] POST /v2.0/vpn/ipsecpolicies => generated 412 bytes in 61 msecs (HTTP/1.1 201) 4 headers in 162 bytes (1 switches on core 0)
2026-04-20 06:32:26.371 7 INFO neutron.db.ovn_revision_numbers_db [None req-a6a920b2-eba5-4a63-bfc1-aaa315aa29ce 62344a7ef20a4b74af977209be139d3d cfb08da99da34cbabfcd6548f393841c - - default default] Successfully bumped revision number for resource 84dcd475-21a6-48bd-9c45-cf9e6eb65ec8 (type: networks) to 1
2026-04-20 06:32:26.513 8 INFO neutron.db.ovn_revision_numbers_db [None req-7600c277-0421-4bf0-b3b1-3b50b9d9bbb9 45f114f6c82b43a68f1017f30dc6c421 5a1aeb468b234b75b1c9479895145ad2 - - default default] Successfully bumped revision number for resource 2b361ef3-3b19-48f3-9e26-bae3dbc0e6e3 (type: security_groups) to 1
2026-04-20 06:32:26.525 8 INFO neutron.db.ovn_revision_numbers_db [None req-7600c277-0421-4bf0-b3b1-3b50b9d9bbb9 45f114f6c82b43a68f1017f30dc6c421 5a1aeb468b234b75b1c9479895145ad2 - - default default] Successfully bumped revision number for resource 70486aad-98c5-46be-85e3-732b20d22023 (type: security_group_rules) to 0
2026-04-20 06:32:26.541 8 INFO neutron.db.ovn_revision_numbers_db [None req-7600c277-0421-4bf0-b3b1-3b50b9d9bbb9 45f114f6c82b43a68f1017f30dc6c421 5a1aeb468b234b75b1c9479895145ad2 - - default default] Successfully bumped revision number for resource ace1f5b2-c8e4-41c2-9d87-c02e76fc46b7 (type: security_group_rules) to 0
2026-04-20 06:32:26.557 8 INFO neutron.db.ovn_revision_numbers_db [None req-7600c277-0421-4bf0-b3b1-3b50b9d9bbb9 45f114f6c82b43a68f1017f30dc6c421 5a1aeb468b234b75b1c9479895145ad2 - - default default] Successfully bumped revision number for resource b052326e-6819-4167-9ccb-0308452c65f2 (type: security_group_rules) to 0
2026-04-20 06:32:26.558 7 WARNING neutron.scheduler.dhcp_agent_scheduler [None req-a6a920b2-eba5-4a63-bfc1-aaa315aa29ce 62344a7ef20a4b74af977209be139d3d cfb08da99da34cbabfcd6548f393841c - - default default] No more DHCP agents
2026-04-20 06:32:26.559 7 WARNING neutron.api.rpc.agentnotifiers.dhcp_rpc_agent_api [None req-a6a920b2-eba5-4a63-bfc1-aaa315aa29ce 62344a7ef20a4b74af977209be139d3d cfb08da99da34cbabfcd6548f393841c - - default default] Unable to schedule network 84dcd475-21a6-48bd-9c45-cf9e6eb65ec8: no agents available; will retry on subsequent port and subnet creation events.
2026-04-20 06:32:26.569 8 INFO neutron.db.ovn_revision_numbers_db [None req-7600c277-0421-4bf0-b3b1-3b50b9d9bbb9 45f114f6c82b43a68f1017f30dc6c421 5a1aeb468b234b75b1c9479895145ad2 - - default default] Successfully bumped revision number for resource c94494f6-0549-4dac-bee7-9dd677d59693 (type: security_group_rules) to 0
2026-04-20 06:32:26.603 8 INFO neutron.plugins.ml2.drivers.ovn.mech_driver.mech_driver [None req-350a9a28-ed90-4ce2-9373-8d0e730b1564 - - - - - -] OVN reports status down for port: f729bed6-ff6d-4030-985e-c897bc16f845
2026-04-20 06:32:26.634 7 INFO neutron.db.ovn_revision_numbers_db [None req-a6a920b2-eba5-4a63-bfc1-aaa315aa29ce 62344a7ef20a4b74af977209be139d3d cfb08da99da34cbabfcd6548f393841c - - default default] Successfully bumped revision number for resource f729bed6-ff6d-4030-985e-c897bc16f845 (type: ports) to 1
2026-04-20 06:32:26.656 8 INFO neutron.db.segments_db [None req-7600c277-0421-4bf0-b3b1-3b50b9d9bbb9 45f114f6c82b43a68f1017f30dc6c421 5a1aeb468b234b75b1c9479895145ad2 - - default default] Added segment 29a4bcf6-98c9-45f1-8db1-e51c26b42eab of type geneve for network 4b165218-77e1-4858-90a1-c9d0acfee6c5
2026-04-20 06:32:26.717 7 INFO neutron.db.ovn_revision_numbers_db [None req-a6a920b2-eba5-4a63-bfc1-aaa315aa29ce 62344a7ef20a4b74af977209be139d3d cfb08da99da34cbabfcd6548f393841c - - default default] Successfully bumped revision number for resource ca38dfeb-ff34-4743-a356-3637751d6ce6 (type: networks) to 1
2026-04-20 06:32:26.758 8 INFO neutron.db.ovn_revision_numbers_db [None req-7600c277-0421-4bf0-b3b1-3b50b9d9bbb9 45f114f6c82b43a68f1017f30dc6c421 5a1aeb468b234b75b1c9479895145ad2 - - default default] Successfully bumped revision number for resource 4b165218-77e1-4858-90a1-c9d0acfee6c5 (type: networks) to 1
2026-04-20 06:32:26.884 7 WARNING neutron.scheduler.dhcp_agent_scheduler [None req-a6a920b2-eba5-4a63-bfc1-aaa315aa29ce 62344a7ef20a4b74af977209be139d3d cfb08da99da34cbabfcd6548f393841c - - default default] No more DHCP agents
2026-04-20 06:32:26.886 7 WARNING neutron.api.rpc.agentnotifiers.dhcp_rpc_agent_api [None req-a6a920b2-eba5-4a63-bfc1-aaa315aa29ce 62344a7ef20a4b74af977209be139d3d cfb08da99da34cbabfcd6548f393841c - - default default] Unable to schedule network ca38dfeb-ff34-4743-a356-3637751d6ce6: no agents available; will retry on subsequent port and subnet creation events.
2026-04-20 06:32:26.908 8 WARNING neutron.scheduler.dhcp_agent_scheduler [None req-7600c277-0421-4bf0-b3b1-3b50b9d9bbb9 45f114f6c82b43a68f1017f30dc6c421 5a1aeb468b234b75b1c9479895145ad2 - - default default] No more DHCP agents
2026-04-20 06:32:26.909 8 WARNING neutron.api.rpc.agentnotifiers.dhcp_rpc_agent_api [None req-7600c277-0421-4bf0-b3b1-3b50b9d9bbb9 45f114f6c82b43a68f1017f30dc6c421 5a1aeb468b234b75b1c9479895145ad2 - - default default] Unable to schedule network 4b165218-77e1-4858-90a1-c9d0acfee6c5: no agents available; will retry on subsequent port and subnet creation events.
2026-04-20 06:32:26.929 7 INFO neutron.plugins.ml2.drivers.ovn.mech_driver.mech_driver [None req-4522cc0a-c212-4e0e-9869-d810b80c0bfb - - - - - -] OVN reports status down for port: fb553fce-bea8-4bba-a8b7-f91a83405fe9
2026-04-20 06:32:26.958 8 INFO neutron.plugins.ml2.drivers.ovn.mech_driver.mech_driver [None req-350a9a28-ed90-4ce2-9373-8d0e730b1564 - - - - - -] OVN reports status down for port: de61daa4-b8c9-4fe2-b0c6-ea9af26fe122
2026-04-20 06:32:27.009 7 INFO neutron.db.ovn_revision_numbers_db [None req-a6a920b2-eba5-4a63-bfc1-aaa315aa29ce 62344a7ef20a4b74af977209be139d3d cfb08da99da34cbabfcd6548f393841c - - default default] Successfully bumped revision number for resource fb553fce-bea8-4bba-a8b7-f91a83405fe9 (type: ports) to 1
2026-04-20 06:32:27.015 8 INFO neutron.db.ovn_revision_numbers_db [None req-7600c277-0421-4bf0-b3b1-3b50b9d9bbb9 45f114f6c82b43a68f1017f30dc6c421 5a1aeb468b234b75b1c9479895145ad2 - - default default] Successfully bumped revision number for resource de61daa4-b8c9-4fe2-b0c6-ea9af26fe122 (type: ports) to 1 [pid: 7|app: 0|req: 794/1574] 10.0.0.214 () {34 vars in 670 bytes} [Mon Apr 20 06:32:25 2026] POST /v2.0/networks => generated 1284 bytes in 1385 msecs (HTTP/1.1 201) 4 headers in 163 bytes (1 switches on core 0) [pid: 8|app: 0|req: 781/1575] 10.0.0.214 () {34 vars in 670 bytes} [Mon Apr 20 06:32:26 2026] POST /v2.0/networks => generated 669 bytes in 741 msecs (HTTP/1.1 201) 4 headers in 162 bytes (1 switches on core 0) /var/lib/openstack/lib/python3.12/site-packages/pycadf/identifier.py:70: UserWarning: Invalid uuid: neutron. To ensure interoperability, identifiers should be a valid uuid. warnings.warn(('Invalid uuid: %s. To ensure interoperability, ' [pid: 8|app: 0|req: 782/1576] 10.0.0.214 () {30 vars in 699 bytes} [Mon Apr 20 06:32:27 2026] PUT /v2.0/vpn/ipsecpolicies/818b25d3-8d84-411d-8b8b-61fc5b93ac5d => generated 431 bytes in 25 msecs (HTTP/1.1 200) 4 headers in 157 bytes (1 switches on core 0) [pid: 7|app: 0|req: 795/1577] 10.0.0.214 () {32 vars in 729 bytes} [Mon Apr 20 06:32:27 2026] GET /v2.0/floatingips/0c4d3782-f192-47be-83ba-fc4533ad95fa => generated 858 bytes in 49 msecs (HTTP/1.1 200) 4 headers in 157 bytes (1 switches on core 0) [pid: 8|app: 0|req: 783/1578] 199.19.213.200 () {34 vars in 1080 bytes} [Mon Apr 20 06:32:27 2026] GET /v2.0/ports?tenant_id=93f606efb07c47c6bfcbafe08e3540a8&device_id=5b7f6601-1bfb-4c86-b7f7-d41726ef7f4d => generated 1213 bytes in 31 msecs (HTTP/1.1 200) 4 headers in 158 bytes (1 switches on core 0) [pid: 7|app: 0|req: 796/1579] 10.0.0.214 () {32 vars in 649 bytes} [Mon Apr 20 06:32:27 2026] GET /v2.0/networks => generated 1971 bytes in 53 msecs (HTTP/1.1 200) 4 headers in 158 bytes (1 switches on core 0) [pid: 7|app: 0|req: 797/1580] 10.0.0.214 () {32 vars in 744 bytes} [Mon Apr 20 06:32:27 2026] DELETE /v2.0/vpn/ipsecpolicies/818b25d3-8d84-411d-8b8b-61fc5b93ac5d => generated 0 bytes in 33 msecs (HTTP/1.1 204) 2 headers in 112 bytes (1 switches on core 0) [pid: 7|app: 0|req: 798/1581] 199.19.213.200 () {34 vars in 986 bytes} [Mon Apr 20 06:32:27 2026] GET /v2.0/networks?id=7513997c-f6de-460f-aeb5-7df08d5109bb => generated 798 bytes in 64 msecs (HTTP/1.1 200) 4 headers in 157 bytes (1 switches on core 0)
2026-04-20 06:32:27.286 8 WARNING neutron.scheduler.dhcp_agent_scheduler [None req-d42a4037-238b-4301-ad0c-a69fd4023a4e 45f114f6c82b43a68f1017f30dc6c421 5a1aeb468b234b75b1c9479895145ad2 - - default default] No more DHCP agents
2026-04-20 06:32:27.287 8 WARNING neutron.api.rpc.agentnotifiers.dhcp_rpc_agent_api [None req-d42a4037-238b-4301-ad0c-a69fd4023a4e 45f114f6c82b43a68f1017f30dc6c421 5a1aeb468b234b75b1c9479895145ad2 - - default default] Unable to schedule network 4b165218-77e1-4858-90a1-c9d0acfee6c5: no agents available; will retry on subsequent port and subnet creation events.
2026-04-20 06:32:27.316 8 INFO neutron.db.ovn_revision_numbers_db [None req-d42a4037-238b-4301-ad0c-a69fd4023a4e 45f114f6c82b43a68f1017f30dc6c421 5a1aeb468b234b75b1c9479895145ad2 - - default default] Successfully bumped revision number for resource ea9e0ac5-7cc8-477e-99f9-ce9880c0b0e8 (type: subnets) to 0 [pid: 8|app: 0|req: 784/1582] 10.0.0.214 () {34 vars in 669 bytes} [Mon Apr 20 06:32:27 2026] POST /v2.0/subnets => generated 627 bytes in 222 msecs (HTTP/1.1 201) 4 headers in 162 bytes (1 switches on core 0)
2026-04-20 06:32:27.345 8 INFO neutron.api.v2.resource [None req-f2e7f4c4-8806-42c2-b384-da009e212b52 53d7ad8e119d4c6e93cf47f20de05d13 dde057efb1d049b48cf776e35c776949 - - default default] delete failed (client error): The resource could not be found. [pid: 8|app: 0|req: 785/1583] 10.0.0.214 () {32 vars in 744 bytes} [Mon Apr 20 06:32:27 2026] DELETE /v2.0/vpn/ipsecpolicies/818b25d3-8d84-411d-8b8b-61fc5b93ac5d => generated 145 bytes in 15 msecs (HTTP/1.1 404) 4 headers in 164 bytes (1 switches on core 0)
2026-04-20 06:32:27.372 7 INFO neutron_taas.services.taas.taas_plugin [None req-e4c80bae-1352-4f5a-ae9b-68e8baae2d2f 62344a7ef20a4b74af977209be139d3d cfb08da99da34cbabfcd6548f393841c - - default default] TaaS: Handle Delete Port: f729bed6-ff6d-4030-985e-c897bc16f845
2026-04-20 06:32:27.374 7 INFO neutron_taas.services.taas.tap_mirror_plugin [None req-e4c80bae-1352-4f5a-ae9b-68e8baae2d2f 62344a7ef20a4b74af977209be139d3d cfb08da99da34cbabfcd6548f393841c - - default default] Tap Mirror: Handle Delete Port: f729bed6-ff6d-4030-985e-c897bc16f845 [pid: 8|app: 0|req: 786/1584] 199.19.213.200 () {34 vars in 1060 bytes} [Mon Apr 20 06:32:27 2026] GET /v2.0/floatingips?fixed_ip_address=10.100.0.13&port_id=120ed29e-69c4-487e-8083-0fa76185d061 => generated 861 bytes in 43 msecs (HTTP/1.1 200) 4 headers in 157 bytes (1 switches on core 0)
2026-04-20 06:32:27.571 7 INFO neutron.services.segments.plugin [-] Segment d846d985-b655-4d9e-99ea-f1dd0088658e resource provider aggregate not found
2026-04-20 06:32:27.573 7 INFO neutron.services.segments.plugin [-] Segment d846d985-b655-4d9e-99ea-f1dd0088658e resource provider aggregate not found
2026-04-20 06:32:27.600 7 INFO neutron.services.segments.plugin [-] Segment d846d985-b655-4d9e-99ea-f1dd0088658e resource provider not found; error: Placement Client Error (4xx): {"errors": [{"status": 404, "title": "Not Found", "detail": "The resource could not be found.\n\n No resource provider with uuid d846d985-b655-4d9e-99ea-f1dd0088658e found for delete ", "request_id": "req-b8a0429e-441e-4586-9f0f-60ec26890417"}]}
2026-04-20 06:32:27.603 7 INFO neutron.services.segments.plugin [-] Segment d846d985-b655-4d9e-99ea-f1dd0088658e resource provider not found; error: Placement Client Error (4xx): {"errors": [{"status": 404, "title": "Not Found", "detail": "The resource could not be found.\n\n No resource provider with uuid d846d985-b655-4d9e-99ea-f1dd0088658e found for delete ", "request_id": "req-fd96442d-0e9d-4ab5-9e3d-96ecfd0f0107"}]} [pid: 7|app: 0|req: 799/1585] 10.0.0.214 () {32 vars in 726 bytes} [Mon Apr 20 06:32:27 2026] DELETE /v2.0/networks/84dcd475-21a6-48bd-9c45-cf9e6eb65ec8 => generated 0 bytes in 364 msecs (HTTP/1.1 204) 3 headers in 131 bytes (1 switches on core 0)
2026-04-20 06:32:27.625 7 INFO neutron.api.v2.resource [None req-a92c172e-4077-4963-965b-26f5cff95fb7 53d7ad8e119d4c6e93cf47f20de05d13 dde057efb1d049b48cf776e35c776949 - - default default] delete failed (client error): The resource could not be found. [pid: 7|app: 0|req: 800/1586] 10.0.0.214 () {32 vars in 744 bytes} [Mon Apr 20 06:32:27 2026] DELETE /v2.0/vpn/ipsecpolicies/818b25d3-8d84-411d-8b8b-61fc5b93ac5d => generated 145 bytes in 8 msecs (HTTP/1.1 404) 4 headers in 164 bytes (1 switches on core 0) [pid: 7|app: 0|req: 801/1587] 199.19.213.200 () {34 vars in 984 bytes} [Mon Apr 20 06:32:27 2026] GET /v2.0/subnets?id=dbe0529b-b1b9-4761-a5ad-2af51868833c => generated 677 bytes in 26 msecs (HTTP/1.1 200) 4 headers in 157 bytes (1 switches on core 0)
2026-04-20 06:32:27.757 7 INFO neutron_taas.services.taas.taas_plugin [None req-85d4307a-9db1-457e-8281-e1d61d8e1057 62344a7ef20a4b74af977209be139d3d cfb08da99da34cbabfcd6548f393841c - - default default] TaaS: Handle Delete Port: fb553fce-bea8-4bba-a8b7-f91a83405fe9
2026-04-20 06:32:27.761 7 INFO neutron_taas.services.taas.tap_mirror_plugin [None req-85d4307a-9db1-457e-8281-e1d61d8e1057 62344a7ef20a4b74af977209be139d3d cfb08da99da34cbabfcd6548f393841c - - default default] Tap Mirror: Handle Delete Port: fb553fce-bea8-4bba-a8b7-f91a83405fe9
2026-04-20 06:32:27.829 8 WARNING neutron.scheduler.dhcp_agent_scheduler [None req-6ceb4d55-9185-4ebc-affa-8bbae4c607b5 45f114f6c82b43a68f1017f30dc6c421 5a1aeb468b234b75b1c9479895145ad2 - - default default] No more DHCP agents
2026-04-20 06:32:27.830 8 WARNING neutron.api.rpc.agentnotifiers.dhcp_rpc_agent_api [None req-6ceb4d55-9185-4ebc-affa-8bbae4c607b5 45f114f6c82b43a68f1017f30dc6c421 5a1aeb468b234b75b1c9479895145ad2 - - default default] Unable to schedule network 129b1456-abf4-48bc-8dbc-ecf6194a0b01: no agents available; will retry on subsequent port and subnet creation events.
2026-04-20 06:32:27.930 7 INFO neutron.plugins.ml2.drivers.ovn.mech_driver.mech_driver [None req-4522cc0a-c212-4e0e-9869-d810b80c0bfb - - - - - -] OVN reports status down for port: 031312dc-4a25-44c2-8f8e-2687d348aac3
2026-04-20 06:32:27.968 8 INFO neutron.db.ovn_revision_numbers_db [None req-6ceb4d55-9185-4ebc-affa-8bbae4c607b5 45f114f6c82b43a68f1017f30dc6c421 5a1aeb468b234b75b1c9479895145ad2 - - default default] Successfully bumped revision number for resource 031312dc-4a25-44c2-8f8e-2687d348aac3 (type: ports) to 1 [pid: 7|app: 0|req: 802/1588] 10.0.0.214 () {32 vars in 726 bytes} [Mon Apr 20 06:32:27 2026] DELETE /v2.0/networks/ca38dfeb-ff34-4743-a356-3637751d6ce6 => generated 0 bytes in 358 msecs (HTTP/1.1 204) 3 headers in 131 bytes (1 switches on core 0)
2026-04-20 06:32:28.108 7 INFO neutron.db.segments_db [None req-c5b3a7bb-762e-47e5-a913-179e896f7539 53d7ad8e119d4c6e93cf47f20de05d13 dde057efb1d049b48cf776e35c776949 - - default default] Added segment 308fbb60-ba1c-4138-9ff1-fe3eb7eac5d8 of type geneve for network 3cac8502-bd7e-4f97-a9ae-a761b6f8d1b2
2026-04-20 06:32:28.230 7 INFO neutron.db.ovn_revision_numbers_db [None req-c5b3a7bb-762e-47e5-a913-179e896f7539 53d7ad8e119d4c6e93cf47f20de05d13 dde057efb1d049b48cf776e35c776949 - - default default] Successfully bumped revision number for resource 3cac8502-bd7e-4f97-a9ae-a761b6f8d1b2 (type: networks) to 1
2026-04-20 06:32:28.409 7 WARNING neutron.scheduler.dhcp_agent_scheduler [None req-c5b3a7bb-762e-47e5-a913-179e896f7539 53d7ad8e119d4c6e93cf47f20de05d13 dde057efb1d049b48cf776e35c776949 - - default default] No more DHCP agents
2026-04-20 06:32:28.410 7 WARNING neutron.api.rpc.agentnotifiers.dhcp_rpc_agent_api [None req-c5b3a7bb-762e-47e5-a913-179e896f7539 53d7ad8e119d4c6e93cf47f20de05d13 dde057efb1d049b48cf776e35c776949 - - default default] Unable to schedule network 3cac8502-bd7e-4f97-a9ae-a761b6f8d1b2: no agents available; will retry on subsequent port and subnet creation events.
2026-04-20 06:32:28.468 8 INFO neutron.plugins.ml2.drivers.ovn.mech_driver.mech_driver [None req-350a9a28-ed90-4ce2-9373-8d0e730b1564 - - - - - -] OVN reports status down for port: 97aed5cf-0022-42b3-a7ec-20ca886ab719
2026-04-20 06:32:28.524 7 INFO neutron.db.ovn_revision_numbers_db [None req-c5b3a7bb-762e-47e5-a913-179e896f7539 53d7ad8e119d4c6e93cf47f20de05d13 dde057efb1d049b48cf776e35c776949 - - default default] Successfully bumped revision number for resource 97aed5cf-0022-42b3-a7ec-20ca886ab719 (type: ports) to 1 [pid: 7|app: 0|req: 803/1589] 10.0.0.214 () {34 vars in 670 bytes} [Mon Apr 20 06:32:28 2026] POST /v2.0/networks => generated 651 bytes in 543 msecs (HTTP/1.1 201) 4 headers in 162 bytes (1 switches on core 0) [pid: 7|app: 0|req: 804/1590] 199.19.213.200 () {34 vars in 1052 bytes} [Mon Apr 20 06:32:28 2026] GET /v2.0/ports?network_id=7513997c-f6de-460f-aeb5-7df08d5109bb&device_owner=network%3Adhcp => generated 12 bytes in 16 msecs (HTTP/1.1 200) 4 headers in 156 bytes (1 switches on core 0) [pid: 7|app: 0|req: 805/1591] 10.0.0.214 () {32 vars in 649 bytes} [Mon Apr 20 06:32:28 2026] GET /v2.0/networks => generated 689 bytes in 40 msecs (HTTP/1.1 200) 4 headers in 157 bytes (1 switches on core 0)
2026-04-20 06:32:28.718 8 INFO neutron.plugins.ml2.drivers.ovn.mech_driver.ovsdb.commands [None req-2f9c8cfa-f78e-4f29-ba48-3e7720aef23f - - - - - -] Schedule LRP lrp-031312dc-4a25-44c2-8f8e-2687d348aac3 on gateway 684766bb-9cf5-4455-8b2f-31b3d11b3907 with priority 1
2026-04-20 06:32:28.749 7 INFO neutron.plugins.ml2.drivers.ovn.mech_driver.mech_driver [None req-4522cc0a-c212-4e0e-9869-d810b80c0bfb - - - - - -] OVN reports status up for port: 031312dc-4a25-44c2-8f8e-2687d348aac3
2026-04-20 06:32:28.761 8 INFO neutron.db.ovn_revision_numbers_db [None req-6ceb4d55-9185-4ebc-affa-8bbae4c607b5 45f114f6c82b43a68f1017f30dc6c421 5a1aeb468b234b75b1c9479895145ad2 - - default default] Successfully bumped revision number for resource 031312dc-4a25-44c2-8f8e-2687d348aac3 (type: router_ports) to 1
2026-04-20 06:32:28.786 7 INFO neutron.plugins.ml2.plugin [None req-4522cc0a-c212-4e0e-9869-d810b80c0bfb - - - - - -] Attempt 1 to provision port 031312dc-4a25-44c2-8f8e-2687d348aac3
2026-04-20 06:32:28.849 8 INFO neutron.db.ovn_revision_numbers_db [None req-6ceb4d55-9185-4ebc-affa-8bbae4c607b5 45f114f6c82b43a68f1017f30dc6c421 5a1aeb468b234b75b1c9479895145ad2 - - default default] Successfully bumped revision number for resource 83d071a4-abbc-4ae2-aa07-c898c3cc2f49 (type: routers) to 2 [pid: 8|app: 0|req: 787/1592] 10.0.0.214 () {34 vars in 669 bytes} [Mon Apr 20 06:32:27 2026] POST /v2.0/routers => generated 955 bytes in 1477 msecs (HTTP/1.1 201) 4 headers in 162 bytes (1 switches on core 0) [pid: 8|app: 0|req: 788/1593] 199.19.213.200 () {34 vars in 1012 bytes} [Mon Apr 20 06:32:28 2026] GET /v2.0/networks/7513997c-f6de-460f-aeb5-7df08d5109bb?fields=segments => generated 14 bytes in 40 msecs (HTTP/1.1 200) 4 headers in 156 bytes (1 switches on core 0)
2026-04-20 06:32:28.931 7 WARNING neutron.scheduler.dhcp_agent_scheduler [None req-e68504ea-4814-4810-8bbe-f1e0e38e3a2c 53d7ad8e119d4c6e93cf47f20de05d13 dde057efb1d049b48cf776e35c776949 - - default default] No more DHCP agents
2026-04-20 06:32:28.932 7 WARNING neutron.api.rpc.agentnotifiers.dhcp_rpc_agent_api [None req-e68504ea-4814-4810-8bbe-f1e0e38e3a2c 53d7ad8e119d4c6e93cf47f20de05d13 dde057efb1d049b48cf776e35c776949 - - default default] Unable to schedule network 3cac8502-bd7e-4f97-a9ae-a761b6f8d1b2: no agents available; will retry on subsequent port and subnet creation events.
2026-04-20 06:32:29.005 8 INFO neutron.db.segments_db [None req-b15e1e7d-1c4b-4c67-80d6-b553aacf5a52 62344a7ef20a4b74af977209be139d3d cfb08da99da34cbabfcd6548f393841c - - default default] Added segment b31f127e-b869-405a-9bb7-816e2102c64b of type geneve for network a360f86c-0b5a-45c9-b2c1-4252e33948e4
2026-04-20 06:32:29.121 8 INFO neutron.db.ovn_revision_numbers_db [None req-b15e1e7d-1c4b-4c67-80d6-b553aacf5a52 62344a7ef20a4b74af977209be139d3d cfb08da99da34cbabfcd6548f393841c - - default default] Successfully bumped revision number for resource a360f86c-0b5a-45c9-b2c1-4252e33948e4 (type: networks) to 1
2026-04-20 06:32:29.270 8 WARNING neutron.scheduler.dhcp_agent_scheduler [None req-b15e1e7d-1c4b-4c67-80d6-b553aacf5a52 62344a7ef20a4b74af977209be139d3d cfb08da99da34cbabfcd6548f393841c - - default default] No more DHCP agents
2026-04-20 06:32:29.273 8 WARNING neutron.api.rpc.agentnotifiers.dhcp_rpc_agent_api [None req-b15e1e7d-1c4b-4c67-80d6-b553aacf5a52 62344a7ef20a4b74af977209be139d3d cfb08da99da34cbabfcd6548f393841c - - default default] Unable to schedule network a360f86c-0b5a-45c9-b2c1-4252e33948e4: no agents available; will retry on subsequent port and subnet creation events.
2026-04-20 06:32:29.357 7 INFO neutron.db.ovn_revision_numbers_db [None req-ed40cbab-ad3a-40fb-985a-628099619869 - - - - - -] Successfully bumped revision number for resource 97aed5cf-0022-42b3-a7ec-20ca886ab719 (type: ports) to 2
2026-04-20 06:32:29.375 8 INFO neutron.db.ovn_revision_numbers_db [None req-b15e1e7d-1c4b-4c67-80d6-b553aacf5a52 62344a7ef20a4b74af977209be139d3d cfb08da99da34cbabfcd6548f393841c - - default default] Successfully bumped revision number for resource 8d4f64b6-0c0a-4ec2-bb35-832b6bbf6421 (type: ports) to 1
2026-04-20 06:32:29.389 7 INFO neutron.db.ovn_revision_numbers_db [None req-ed40cbab-ad3a-40fb-985a-628099619869 - - - - - -] Successfully bumped revision number for resource 63a9ac3e-4e12-4491-abe2-9c79bb3c2dc0 (type: subnets) to 0 [pid: 8|app: 0|req: 789/1594] 10.0.0.214 () {34 vars in 670 bytes} [Mon Apr 20 06:32:28 2026] POST /v2.0/networks => generated 673 bytes in 493 msecs (HTTP/1.1 201) 4 headers in 162 bytes (1 switches on core 0) [pid: 7|app: 0|req: 806/1595] 10.0.0.214 () {34 vars in 669 bytes} [Mon Apr 20 06:32:28 2026] POST /v2.0/subnets => generated 629 bytes in 794 msecs (HTTP/1.1 201) 4 headers in 162 bytes (1 switches on core 0) [pid: 7|app: 0|req: 807/1596] 199.19.213.200 () {34 vars in 1112 bytes} [Mon Apr 20 06:32:29 2026] GET /v2.0/networks/7513997c-f6de-460f-aeb5-7df08d5109bb?fields=provider%3Aphysical_network&fields=provider%3Anetwork_type => generated 79 bytes in 41 msecs (HTTP/1.1 200) 4 headers in 156 bytes (1 switches on core 0)
2026-04-20 06:32:29.602 7 INFO neutron.db.segments_db [None req-91527bc1-4e1a-4ddb-982e-32d88393ac9a 62344a7ef20a4b74af977209be139d3d cfb08da99da34cbabfcd6548f393841c - - default default] Added segment 73591f95-66a6-4fdf-89f3-30b1c6b63763 of type geneve for network f116370b-4300-4933-9340-0595fb8c5027
2026-04-20 06:32:29.627 7 INFO neutron.services.segments.plugin [-] Segment 926f1b58-21e6-49e4-8215-666cc6b1c3d3 resource provider aggregate not found
2026-04-20 06:32:29.628 7 INFO neutron.services.segments.plugin [-] Segment 926f1b58-21e6-49e4-8215-666cc6b1c3d3 resource provider aggregate not found
2026-04-20 06:32:29.652 7 INFO neutron.services.segments.plugin [-] Segment 926f1b58-21e6-49e4-8215-666cc6b1c3d3 resource provider not found; error: Placement Client Error (4xx): {"errors": [{"status": 404, "title": "Not Found", "detail": "The resource could not be found.\n\n No resource provider with uuid 926f1b58-21e6-49e4-8215-666cc6b1c3d3 found for delete ", "request_id": "req-2d562585-2883-4af5-ac98-e73a1dfd8077"}]}
2026-04-20 06:32:29.659 7 INFO neutron.services.segments.plugin [-] Segment 926f1b58-21e6-49e4-8215-666cc6b1c3d3 resource provider not found; error: Placement Client Error (4xx): {"errors": [{"status": 404, "title": "Not Found", "detail": "The resource could not be found.\n\n No resource provider with uuid 926f1b58-21e6-49e4-8215-666cc6b1c3d3 found for delete ", "request_id": "req-e19751d7-31d9-42a4-8b88-e10542cf74b1"}]}
2026-04-20 06:32:29.754 7 INFO neutron.db.ovn_revision_numbers_db [None req-91527bc1-4e1a-4ddb-982e-32d88393ac9a 62344a7ef20a4b74af977209be139d3d cfb08da99da34cbabfcd6548f393841c - - default default] Successfully bumped revision number for resource f116370b-4300-4933-9340-0595fb8c5027 (type: networks) to 1
2026-04-20 06:32:29.903 7 WARNING neutron.scheduler.dhcp_agent_scheduler [None req-91527bc1-4e1a-4ddb-982e-32d88393ac9a 62344a7ef20a4b74af977209be139d3d cfb08da99da34cbabfcd6548f393841c - - default default] No more DHCP agents
2026-04-20 06:32:29.904 7 WARNING neutron.api.rpc.agentnotifiers.dhcp_rpc_agent_api [None req-91527bc1-4e1a-4ddb-982e-32d88393ac9a 62344a7ef20a4b74af977209be139d3d cfb08da99da34cbabfcd6548f393841c - - default default] Unable to schedule network f116370b-4300-4933-9340-0595fb8c5027: no agents available; will retry on subsequent port and subnet creation events.
2026-04-20 06:32:29.951 8 INFO neutron.plugins.ml2.drivers.ovn.mech_driver.mech_driver [None req-350a9a28-ed90-4ce2-9373-8d0e730b1564 - - - - - -] OVN reports status down for port: b6a9c1b3-d303-47d4-93c3-89ab23a8aa23
2026-04-20 06:32:29.978 7 INFO neutron.db.ovn_revision_numbers_db [None req-91527bc1-4e1a-4ddb-982e-32d88393ac9a 62344a7ef20a4b74af977209be139d3d cfb08da99da34cbabfcd6548f393841c - - default default] Successfully bumped revision number for resource b6a9c1b3-d303-47d4-93c3-89ab23a8aa23 (type: ports) to 1
2026-04-20 06:32:30.005 8 WARNING neutron.scheduler.dhcp_agent_scheduler [None req-1edb75d4-fb88-43fa-b6f0-636e004da3d8 45f114f6c82b43a68f1017f30dc6c421 5a1aeb468b234b75b1c9479895145ad2 - - default default] No more DHCP agents
2026-04-20 06:32:30.006 8 WARNING neutron.api.rpc.agentnotifiers.dhcp_rpc_agent_api [None req-1edb75d4-fb88-43fa-b6f0-636e004da3d8 45f114f6c82b43a68f1017f30dc6c421 5a1aeb468b234b75b1c9479895145ad2 - - default default] Unable to schedule network 4b165218-77e1-4858-90a1-c9d0acfee6c5: no agents available; will retry on subsequent port and subnet creation events. [pid: 7|app: 0|req: 808/1597] 10.0.0.214 () {34 vars in 670 bytes} [Mon Apr 20 06:32:29 2026] POST /v2.0/networks => generated 673 bytes in 562 msecs (HTTP/1.1 201) 4 headers in 162 bytes (1 switches on core 0)
2026-04-20 06:32:30.135 8 INFO neutron.plugins.ml2.drivers.ovn.mech_driver.mech_driver [None req-350a9a28-ed90-4ce2-9373-8d0e730b1564 - - - - - -] OVN reports status down for port: c91df5a2-83b0-4342-b5dc-4d0e3b8b5c2b
2026-04-20 06:32:30.196 8 INFO neutron.db.ovn_revision_numbers_db [None req-1edb75d4-fb88-43fa-b6f0-636e004da3d8 45f114f6c82b43a68f1017f30dc6c421 5a1aeb468b234b75b1c9479895145ad2 - - default default] Successfully bumped revision number for resource c91df5a2-83b0-4342-b5dc-4d0e3b8b5c2b (type: ports) to 1
2026-04-20 06:32:30.460 7 WARNING neutron.scheduler.dhcp_agent_scheduler [None req-fff7370a-496d-4075-8a77-7e3ef28d48c7 53d7ad8e119d4c6e93cf47f20de05d13 dde057efb1d049b48cf776e35c776949 - - default default] No more DHCP agents
2026-04-20 06:32:30.462 7 WARNING neutron.api.rpc.agentnotifiers.dhcp_rpc_agent_api [None req-fff7370a-496d-4075-8a77-7e3ef28d48c7 53d7ad8e119d4c6e93cf47f20de05d13 dde057efb1d049b48cf776e35c776949 - - default default] Unable to schedule network 129b1456-abf4-48bc-8dbc-ecf6194a0b01: no agents available; will retry on subsequent port and subnet creation events.
2026-04-20 06:32:30.580 7 INFO neutron.db.ovn_revision_numbers_db [None req-fff7370a-496d-4075-8a77-7e3ef28d48c7 53d7ad8e119d4c6e93cf47f20de05d13 dde057efb1d049b48cf776e35c776949 - - default default] Successfully bumped revision number for resource cfd8a6ce-9c34-4fed-a7a7-9b6b1387b663 (type: ports) to 1
2026-04-20 06:32:30.583 8 INFO neutron.plugins.ml2.drivers.ovn.mech_driver.mech_driver [None req-350a9a28-ed90-4ce2-9373-8d0e730b1564 - - - - - -] OVN reports status down for port: cfd8a6ce-9c34-4fed-a7a7-9b6b1387b663
2026-04-20 06:32:30.912 8 INFO neutron.plugins.ml2.drivers.ovn.mech_driver.mech_driver [None req-350a9a28-ed90-4ce2-9373-8d0e730b1564 - - - - - -] OVN reports status up for port: c91df5a2-83b0-4342-b5dc-4d0e3b8b5c2b
2026-04-20 06:32:31.004 8 WARNING neutron.scheduler.dhcp_agent_scheduler [None req-1edb75d4-fb88-43fa-b6f0-636e004da3d8 45f114f6c82b43a68f1017f30dc6c421 5a1aeb468b234b75b1c9479895145ad2 - - default default] No more DHCP agents
2026-04-20 06:32:31.005 8 WARNING neutron.api.rpc.agentnotifiers.dhcp_rpc_agent_api [None req-1edb75d4-fb88-43fa-b6f0-636e004da3d8 45f114f6c82b43a68f1017f30dc6c421 5a1aeb468b234b75b1c9479895145ad2 - - default default] Unable to schedule network 4b165218-77e1-4858-90a1-c9d0acfee6c5: no agents available; will retry on subsequent port and subnet creation events.
2026-04-20 06:32:33.869 8 INFO neutron.db.ovn_revision_numbers_db [None req-1edb75d4-fb88-43fa-b6f0-636e004da3d8 45f114f6c82b43a68f1017f30dc6c421 5a1aeb468b234b75b1c9479895145ad2 - - default default] Successfully bumped revision number for resource c91df5a2-83b0-4342-b5dc-4d0e3b8b5c2b (type: router_ports) to 1
2026-04-20 06:32:33.870 8 INFO neutron.plugins.ml2.plugin [None req-350a9a28-ed90-4ce2-9373-8d0e730b1564 - - - - - -] Attempt 1 to provision port c91df5a2-83b0-4342-b5dc-4d0e3b8b5c2b [pid: 8|app: 0|req: 790/1598] 10.0.0.214 () {34 vars in 783 bytes} [Mon Apr 20 06:32:29 2026] PUT /v2.0/routers/83d071a4-abbc-4ae2-aa07-c898c3cc2f49/add_router_interface => generated 309 bytes in 4474 msecs (HTTP/1.1 200) 4 headers in 157 bytes (1 switches on core 0)
2026-04-20 06:32:34.101 7 WARNING neutron.plugins.ml2.drivers.ovn.mech_driver.ovsdb.ovn_client [None req-4522cc0a-c212-4e0e-9869-d810b80c0bfb - - - - - -] No hosting information found for port 031312dc-4a25-44c2-8f8e-2687d348aac3: RuntimeError: No hosting information found for port 031312dc-4a25-44c2-8f8e-2687d348aac3
2026-04-20 06:32:34.101 7 INFO neutron.plugins.ml2.drivers.ovn.mech_driver.mech_driver [None req-4522cc0a-c212-4e0e-9869-d810b80c0bfb - - - - - -] OVN reports status down for port: 8d4f64b6-0c0a-4ec2-bb35-832b6bbf6421
2026-04-20 06:32:34.150 7 INFO neutron.plugins.ml2.drivers.ovn.mech_driver.ovsdb.commands [None req-205c0835-3b2a-4c14-be4a-5a9c81d5760a - - - - - -] Schedule LRP lrp-cfd8a6ce-9c34-4fed-a7a7-9b6b1387b663 on gateway 684766bb-9cf5-4455-8b2f-31b3d11b3907 with priority 1
2026-04-20 06:32:34.605 7 INFO neutron.db.ovn_revision_numbers_db [None req-fff7370a-496d-4075-8a77-7e3ef28d48c7 53d7ad8e119d4c6e93cf47f20de05d13 dde057efb1d049b48cf776e35c776949 - - default default] Successfully bumped revision number for resource cfd8a6ce-9c34-4fed-a7a7-9b6b1387b663 (type: router_ports) to 1
2026-04-20 06:32:34.752 7 INFO neutron.db.ovn_revision_numbers_db [None req-fff7370a-496d-4075-8a77-7e3ef28d48c7 53d7ad8e119d4c6e93cf47f20de05d13 dde057efb1d049b48cf776e35c776949 - - default default] Successfully bumped revision number for resource bfbb05d9-c22b-4147-a332-4947d41efa64 (type: routers) to 2 [pid: 7|app: 0|req: 809/1599] 10.0.0.214 () {34 vars in 669 bytes} [Mon Apr 20 06:32:30 2026] POST /v2.0/routers => generated 936 bytes in 4862 msecs (HTTP/1.1 201) 4 headers in 162 bytes (1 switches on core 0)
2026-04-20 06:32:35.276 7 WARNING neutron.scheduler.dhcp_agent_scheduler [None req-ce54dffe-42ea-42fb-b798-0ee5d0261f21 45f114f6c82b43a68f1017f30dc6c421 5a1aeb468b234b75b1c9479895145ad2 - - default default] No more DHCP agents
2026-04-20 06:32:35.277 7 WARNING neutron.api.rpc.agentnotifiers.dhcp_rpc_agent_api [None req-ce54dffe-42ea-42fb-b798-0ee5d0261f21 45f114f6c82b43a68f1017f30dc6c421 5a1aeb468b234b75b1c9479895145ad2 - - default default] Unable to schedule network 4b165218-77e1-4858-90a1-c9d0acfee6c5: no agents available; will retry on subsequent port and subnet creation events.
2026-04-20 06:32:35.350 8 INFO neutron.db.ovn_revision_numbers_db [None req-350a9a28-ed90-4ce2-9373-8d0e730b1564 - - - - - -] Successfully bumped revision number for resource c91df5a2-83b0-4342-b5dc-4d0e3b8b5c2b (type: ports) to 2
2026-04-20 06:32:35.395 7 INFO neutron.plugins.ml2.drivers.ovn.mech_driver.mech_driver [None req-4522cc0a-c212-4e0e-9869-d810b80c0bfb - - - - - -] OVN reports status down for port: 9ce9928d-a174-43b7-b295-2a84d1469da7
2026-04-20 06:32:35.448 8 WARNING neutron.scheduler.dhcp_agent_scheduler [None req-de782d6e-d4f5-4202-8166-36f5ca40f8a1 62344a7ef20a4b74af977209be139d3d cfb08da99da34cbabfcd6548f393841c - - default default] No more DHCP agents
2026-04-20 06:32:35.452 8 WARNING neutron.api.rpc.agentnotifiers.dhcp_rpc_agent_api [None req-de782d6e-d4f5-4202-8166-36f5ca40f8a1 62344a7ef20a4b74af977209be139d3d cfb08da99da34cbabfcd6548f393841c - - default default] Unable to schedule network a360f86c-0b5a-45c9-b2c1-4252e33948e4: no agents available; will retry on subsequent port and subnet creation events.
2026-04-20 06:32:35.579 7 INFO neutron.db.ovn_revision_numbers_db [None req-ce54dffe-42ea-42fb-b798-0ee5d0261f21 45f114f6c82b43a68f1017f30dc6c421 5a1aeb468b234b75b1c9479895145ad2 - - default default] Successfully bumped revision number for resource 9ce9928d-a174-43b7-b295-2a84d1469da7 (type: ports) to 1
2026-04-20 06:32:35.837 7 INFO neutron.plugins.ml2.drivers.ovn.mech_driver.mech_driver [None req-4522cc0a-c212-4e0e-9869-d810b80c0bfb - - - - - -] OVN reports status down for port: 8cd0dd5e-7d02-44cd-8696-33eaa626aa61
2026-04-20 06:32:35.924 8 INFO neutron.db.ovn_revision_numbers_db [None req-de782d6e-d4f5-4202-8166-36f5ca40f8a1 62344a7ef20a4b74af977209be139d3d cfb08da99da34cbabfcd6548f393841c - - default default] Successfully bumped revision number for resource 8cd0dd5e-7d02-44cd-8696-33eaa626aa61 (type: ports) to 1
2026-04-20 06:32:35.967 8 WARNING neutron.scheduler.dhcp_agent_scheduler [None req-de782d6e-d4f5-4202-8166-36f5ca40f8a1 62344a7ef20a4b74af977209be139d3d cfb08da99da34cbabfcd6548f393841c - - default default] No more DHCP agents
2026-04-20 06:32:35.969 8 WARNING neutron.api.rpc.agentnotifiers.dhcp_rpc_agent_api [None req-de782d6e-d4f5-4202-8166-36f5ca40f8a1 62344a7ef20a4b74af977209be139d3d cfb08da99da34cbabfcd6548f393841c - - default default] Unable to schedule network f116370b-4300-4933-9340-0595fb8c5027: no agents available; will retry on subsequent port and subnet creation events. [pid: 7|app: 0|req: 812/1602] 10.0.0.214 () {34 vars in 665 bytes} [Mon Apr 20 06:32:34 2026] POST /v2.0/ports => generated 957 bytes in 1153 msecs (HTTP/1.1 201) 4 headers in 162 bytes (1 switches on core 0) /var/lib/openstack/lib/python3.12/site-packages/pycadf/identifier.py:70: UserWarning: Invalid uuid: neutron. To ensure interoperability, identifiers should be a valid uuid. warnings.warn(('Invalid uuid: %s. To ensure interoperability, '
2026-04-20 06:32:36.101 7 INFO neutron.plugins.ml2.drivers.ovn.mech_driver.mech_driver [None req-4522cc0a-c212-4e0e-9869-d810b80c0bfb - - - - - -] OVN reports status down for port: 1de54c66-adab-4b38-ac2a-fda8bd64ca0e [pid: 7|app: 0|req: 813/1603] 10.0.0.200 () {34 vars in 990 bytes} [Mon Apr 20 06:32:36 2026] GET /v2.0/ports?device_id=5b7f6601-1bfb-4c86-b7f7-d41726ef7f4d => generated 1213 bytes in 72 msecs (HTTP/1.1 200) 4 headers in 158 bytes (1 switches on core 0)
2026-04-20 06:32:36.104 8 INFO neutron.db.ovn_revision_numbers_db [None req-de782d6e-d4f5-4202-8166-36f5ca40f8a1 62344a7ef20a4b74af977209be139d3d cfb08da99da34cbabfcd6548f393841c - - default default] Successfully bumped revision number for resource 1de54c66-adab-4b38-ac2a-fda8bd64ca0e (type: ports) to 1 [pid: 8|app: 0|req: 791/1604] 10.0.0.214 () {34 vars in 665 bytes} [Mon Apr 20 06:32:33 2026] POST /v2.0/ports => generated 1506 bytes in 2934 msecs (HTTP/1.1 201) 4 headers in 163 bytes (1 switches on core 0) /var/lib/openstack/lib/python3.12/site-packages/pycadf/identifier.py:70: UserWarning: Invalid uuid: neutron. To ensure interoperability, identifiers should be a valid uuid. warnings.warn(('Invalid uuid: %s. To ensure interoperability, '
2026-04-20 06:32:36.848 7 WARNING neutron.scheduler.dhcp_agent_scheduler [None req-1e7e85e0-1b23-4f63-827f-902e3bd2a7d6 53d7ad8e119d4c6e93cf47f20de05d13 dde057efb1d049b48cf776e35c776949 - - default default] No more DHCP agents
2026-04-20 06:32:36.850 7 WARNING neutron.api.rpc.agentnotifiers.dhcp_rpc_agent_api [None req-1e7e85e0-1b23-4f63-827f-902e3bd2a7d6 53d7ad8e119d4c6e93cf47f20de05d13 dde057efb1d049b48cf776e35c776949 - - default default] Unable to schedule network 3cac8502-bd7e-4f97-a9ae-a761b6f8d1b2: no agents available; will retry on subsequent port and subnet creation events.
2026-04-20 06:32:37.117 7 INFO neutron.plugins.ml2.drivers.ovn.mech_driver.mech_driver [None req-4522cc0a-c212-4e0e-9869-d810b80c0bfb - - - - - -] OVN reports status down for port: bb8ff10c-9fda-43bc-b567-deb4c174f908
2026-04-20 06:32:37.322 7 INFO neutron.db.ovn_revision_numbers_db [None req-1e7e85e0-1b23-4f63-827f-902e3bd2a7d6 53d7ad8e119d4c6e93cf47f20de05d13 dde057efb1d049b48cf776e35c776949 - - default default] Successfully bumped revision number for resource bb8ff10c-9fda-43bc-b567-deb4c174f908 (type: ports) to 1
2026-04-20 06:32:37.399 8 WARNING neutron.scheduler.dhcp_agent_scheduler [None req-2b6882e2-4f07-4d39-bfe0-a3b00aa5e8cb 45f114f6c82b43a68f1017f30dc6c421 5a1aeb468b234b75b1c9479895145ad2 - - default default] No more DHCP agents
2026-04-20 06:32:37.400 8 WARNING neutron.api.rpc.agentnotifiers.dhcp_rpc_agent_api [None req-2b6882e2-4f07-4d39-bfe0-a3b00aa5e8cb 45f114f6c82b43a68f1017f30dc6c421 5a1aeb468b234b75b1c9479895145ad2 - - default default] Unable to schedule network 4b165218-77e1-4858-90a1-c9d0acfee6c5: no agents available; will retry on subsequent port and subnet creation events.
2026-04-20 06:32:37.699 8 INFO neutron.db.ovn_revision_numbers_db [None req-2b6882e2-4f07-4d39-bfe0-a3b00aa5e8cb 45f114f6c82b43a68f1017f30dc6c421 5a1aeb468b234b75b1c9479895145ad2 - - default default] Successfully bumped revision number for resource 044ec652-9db2-4441-bf76-987a3e8f5310 (type: ports) to 1 [pid: 8|app: 0|req: 792/1605] 10.0.0.214 () {34 vars in 665 bytes} [Mon Apr 20 06:32:36 2026] POST /v2.0/ports => generated 955 bytes in 1020 msecs (HTTP/1.1 201) 4 headers in 162 bytes (1 switches on core 0) /var/lib/openstack/lib/python3.12/site-packages/pycadf/identifier.py:70: UserWarning: Invalid uuid: neutron. To ensure interoperability, identifiers should be a valid uuid. warnings.warn(('Invalid uuid: %s. To ensure interoperability, ' [pid: 8|app: 0|req: 793/1606] 10.0.0.200 () {34 vars in 1040 bytes} [Mon Apr 20 06:32:37 2026] GET /v2.0/security-groups?id=952ad879-df93-43da-bf1c-cda406cfe846&fields=id&fields=name => generated 114 bytes in 31 msecs (HTTP/1.1 200) 4 headers in 157 bytes (1 switches on core 0) [pid: 8|app: 0|req: 794/1607] 10.0.0.214 () {32 vars in 643 bytes} [Mon Apr 20 06:32:37 2026] GET /v2.0/ports => generated 3018 bytes in 46 msecs (HTTP/1.1 200) 4 headers in 158 bytes (1 switches on core 0)
2026-04-20 06:32:38.257 7 INFO neutron.plugins.ml2.drivers.ovn.mech_driver.mech_driver [None req-4522cc0a-c212-4e0e-9869-d810b80c0bfb - - - - - -] OVN reports status up for port: bb8ff10c-9fda-43bc-b567-deb4c174f908
2026-04-20 06:32:38.352 7 WARNING neutron.scheduler.dhcp_agent_scheduler [None req-1e7e85e0-1b23-4f63-827f-902e3bd2a7d6 53d7ad8e119d4c6e93cf47f20de05d13 dde057efb1d049b48cf776e35c776949 - - default default] No more DHCP agents
2026-04-20 06:32:38.353 7 WARNING neutron.api.rpc.agentnotifiers.dhcp_rpc_agent_api [None req-1e7e85e0-1b23-4f63-827f-902e3bd2a7d6 53d7ad8e119d4c6e93cf47f20de05d13 dde057efb1d049b48cf776e35c776949 - - default default] Unable to schedule network 3cac8502-bd7e-4f97-a9ae-a761b6f8d1b2: no agents available; will retry on subsequent port and subnet creation events.
2026-04-20 06:32:38.371 8 WARNING neutron.scheduler.dhcp_agent_scheduler [None req-d03d2bc9-2052-4e53-99f0-c67b7710df61 45f114f6c82b43a68f1017f30dc6c421 5a1aeb468b234b75b1c9479895145ad2 - - default default] No more DHCP agents
2026-04-20 06:32:38.372 8 WARNING neutron.api.rpc.agentnotifiers.dhcp_rpc_agent_api [None req-d03d2bc9-2052-4e53-99f0-c67b7710df61 45f114f6c82b43a68f1017f30dc6c421 5a1aeb468b234b75b1c9479895145ad2 - - default default] Unable to schedule network 129b1456-abf4-48bc-8dbc-ecf6194a0b01: no agents available; will retry on subsequent port and subnet creation events.
2026-04-20 06:32:38.392 7 INFO neutron.plugins.ml2.plugin [None req-4522cc0a-c212-4e0e-9869-d810b80c0bfb - - - - - -] Attempt 1 to provision port bb8ff10c-9fda-43bc-b567-deb4c174f908
2026-04-20 06:32:38.903 7 INFO neutron.db.ovn_revision_numbers_db [None req-1e7e85e0-1b23-4f63-827f-902e3bd2a7d6 53d7ad8e119d4c6e93cf47f20de05d13 dde057efb1d049b48cf776e35c776949 - - default default] Successfully bumped revision number for resource bb8ff10c-9fda-43bc-b567-deb4c174f908 (type: router_ports) to 1 [pid: 7|app: 0|req: 814/1608] 10.0.0.214 () {34 vars in 783 bytes} [Mon Apr 20 06:32:36 2026] PUT /v2.0/routers/bfbb05d9-c22b-4147-a332-4947d41efa64/add_router_interface => generated 309 bytes in 2811 msecs (HTTP/1.1 200) 4 headers in 157 bytes (1 switches on core 0)
2026-04-20 06:32:39.259 7 INFO neutron_taas.services.taas.taas_plugin [None req-8b38fa5e-e27a-4d55-a167-cdbf2f353595 62344a7ef20a4b74af977209be139d3d cfb08da99da34cbabfcd6548f393841c - - default default] TaaS: Handle Delete Port: 8cd0dd5e-7d02-44cd-8696-33eaa626aa61
2026-04-20 06:32:39.267 7 INFO neutron_taas.services.taas.tap_mirror_plugin [None req-8b38fa5e-e27a-4d55-a167-cdbf2f353595 62344a7ef20a4b74af977209be139d3d cfb08da99da34cbabfcd6548f393841c - - default default] Tap Mirror: Handle Delete Port: 8cd0dd5e-7d02-44cd-8696-33eaa626aa61
2026-04-20 06:32:39.308 8 INFO neutron.db.ovn_revision_numbers_db [None req-d03d2bc9-2052-4e53-99f0-c67b7710df61 45f114f6c82b43a68f1017f30dc6c421 5a1aeb468b234b75b1c9479895145ad2 - - default default] Successfully bumped revision number for resource 6a7ed1e0-1876-4cca-90ac-f2860ada08fa (type: floatingips) to 1
2026-04-20 06:32:39.309 8 INFO neutron.db.l3_db [None req-d03d2bc9-2052-4e53-99f0-c67b7710df61 45f114f6c82b43a68f1017f30dc6c421 5a1aeb468b234b75b1c9479895145ad2 - - default default] Floating IP 6a7ed1e0-1876-4cca-90ac-f2860ada08fa associated. External IP: 10.96.250.208, port: 044ec652-9db2-4441-bf76-987a3e8f5310.
2026-04-20 06:32:39.318 7 INFO neutron.db.ovn_revision_numbers_db [None req-4522cc0a-c212-4e0e-9869-d810b80c0bfb - - - - - -] Successfully bumped revision number for resource bb8ff10c-9fda-43bc-b567-deb4c174f908 (type: ports) to 2 [pid: 8|app: 0|req: 795/1609] 10.0.0.214 () {34 vars in 677 bytes} [Mon Apr 20 06:32:37 2026] POST /v2.0/floatingips => generated 842 bytes in 1440 msecs (HTTP/1.1 201) 4 headers in 162 bytes (1 switches on core 0) [pid: 7|app: 0|req: 815/1610] 10.0.0.214 () {32 vars in 720 bytes} [Mon Apr 20 06:32:38 2026] DELETE /v2.0/ports/8cd0dd5e-7d02-44cd-8696-33eaa626aa61 => generated 0 bytes in 578 msecs (HTTP/1.1 204) 3 headers in 131 bytes (1 switches on core 0)
2026-04-20 06:32:39.649 7 INFO neutron.db.ovn_revision_numbers_db [None req-f79253f5-6f9f-4fe3-b6f0-052b380730b5 45f114f6c82b43a68f1017f30dc6c421 5a1aeb468b234b75b1c9479895145ad2 - - default default] Successfully bumped revision number for resource 6a7ed1e0-1876-4cca-90ac-f2860ada08fa (type: floatingips) to 2
2026-04-20 06:32:39.698 7 INFO neutron.db.l3_db [None req-f79253f5-6f9f-4fe3-b6f0-052b380730b5 45f114f6c82b43a68f1017f30dc6c421 5a1aeb468b234b75b1c9479895145ad2 - - default default] Floating IP 6a7ed1e0-1876-4cca-90ac-f2860ada08fa disassociated. External IP: 10.96.250.208, port: 044ec652-9db2-4441-bf76-987a3e8f5310. [pid: 7|app: 0|req: 816/1611] 10.0.0.214 () {34 vars in 749 bytes} [Mon Apr 20 06:32:39 2026] PUT /v2.0/floatingips/6a7ed1e0-1876-4cca-90ac-f2860ada08fa => generated 554 bytes in 235 msecs (HTTP/1.1 200) 4 headers in 157 bytes (1 switches on core 0)
2026-04-20 06:32:39.850 8 WARNING neutron.scheduler.dhcp_agent_scheduler [None req-6590e005-d23d-4839-957e-cb9926899fc8 - - - - - -] No more DHCP agents
2026-04-20 06:32:39.851 8 WARNING neutron.api.rpc.agentnotifiers.dhcp_rpc_agent_api [None req-6590e005-d23d-4839-957e-cb9926899fc8 - - - - - -] Unable to schedule network 129b1456-abf4-48bc-8dbc-ecf6194a0b01: no agents available; will retry on subsequent port and subnet creation events.
2026-04-20 06:32:39.860 7 INFO neutron_taas.services.taas.taas_plugin [None req-d91c7312-5196-4bed-875d-fc59fa18e72d 62344a7ef20a4b74af977209be139d3d cfb08da99da34cbabfcd6548f393841c - - default default] TaaS: Handle Delete Port: 1de54c66-adab-4b38-ac2a-fda8bd64ca0e
2026-04-20 06:32:39.862 7 INFO neutron_taas.services.taas.tap_mirror_plugin [None req-d91c7312-5196-4bed-875d-fc59fa18e72d 62344a7ef20a4b74af977209be139d3d cfb08da99da34cbabfcd6548f393841c - - default default] Tap Mirror: Handle Delete Port: 1de54c66-adab-4b38-ac2a-fda8bd64ca0e [pid: 7|app: 0|req: 817/1612] 10.0.0.214 () {32 vars in 720 bytes} [Mon Apr 20 06:32:39 2026] DELETE /v2.0/ports/1de54c66-adab-4b38-ac2a-fda8bd64ca0e => generated 0 bytes in 241 msecs (HTTP/1.1 204) 3 headers in 131 bytes (1 switches on core 0)
2026-04-20 06:32:40.006 8 INFO neutron.db.ovn_revision_numbers_db [None req-6590e005-d23d-4839-957e-cb9926899fc8 - - - - - -] Successfully bumped revision number for resource 03a184cc-164e-4208-b02a-64b870f296f3 (type: ports) to 1
2026-04-20 06:32:40.096 7 INFO neutron_taas.services.taas.taas_plugin [None req-24647f5d-93cc-409d-98a2-eb922d37eab0 45f114f6c82b43a68f1017f30dc6c421 5a1aeb468b234b75b1c9479895145ad2 - - default default] TaaS: Handle Delete Port: 0a4b5167-e92a-41e1-9344-ba3c07408921
2026-04-20 06:32:40.100 7 INFO neutron_taas.services.taas.tap_mirror_plugin [None req-24647f5d-93cc-409d-98a2-eb922d37eab0 45f114f6c82b43a68f1017f30dc6c421 5a1aeb468b234b75b1c9479895145ad2 - - default default] Tap Mirror: Handle Delete Port: 0a4b5167-e92a-41e1-9344-ba3c07408921
2026-04-20 06:32:40.242 8 INFO neutron.db.ovn_revision_numbers_db [None req-6590e005-d23d-4839-957e-cb9926899fc8 - - - - - -] Successfully bumped revision number for resource 03a184cc-164e-4208-b02a-64b870f296f3 (type: ports) to 3 [pid: 7|app: 0|req: 818/1613] 10.0.0.214 () {32 vars in 732 bytes} [Mon Apr 20 06:32:39 2026] DELETE /v2.0/floatingips/6a7ed1e0-1876-4cca-90ac-f2860ada08fa => generated 0 bytes in 284 msecs (HTTP/1.1 204) 2 headers in 112 bytes (1 switches on core 0) [pid: 7|app: 0|req: 819/1614] 10.0.0.214 () {32 vars in 643 bytes} [Mon Apr 20 06:32:40 2026] GET /v2.0/ports => generated 1523 bytes in 35 msecs (HTTP/1.1 200) 4 headers in 158 bytes (1 switches on core 0)
2026-04-20 06:32:40.302 8 INFO neutron.db.segments_db [None req-6590e005-d23d-4839-957e-cb9926899fc8 - - - - - -] Added segment 9ab48269-343f-4589-ad55-b1688f1fec0d of type geneve for network 6ff914d2-45db-4a26-a871-7231d1dff02e
2026-04-20 06:32:40.406 8 INFO neutron.db.ovn_revision_numbers_db [None req-76fc0021-5a77-4069-88c6-33170f2c5b18 - - - - - -] Successfully bumped revision number for resource 6ff914d2-45db-4a26-a871-7231d1dff02e (type: networks) to 1
2026-04-20 06:32:40.514 7 WARNING neutron.scheduler.dhcp_agent_scheduler [None req-76ac8b2f-89af-44b6-bc4b-aa769dd4194a 45f114f6c82b43a68f1017f30dc6c421 5a1aeb468b234b75b1c9479895145ad2 - - default default] No more DHCP agents
2026-04-20 06:32:40.515 7 WARNING neutron.api.rpc.agentnotifiers.dhcp_rpc_agent_api [None req-76ac8b2f-89af-44b6-bc4b-aa769dd4194a 45f114f6c82b43a68f1017f30dc6c421 5a1aeb468b234b75b1c9479895145ad2 - - default default] Unable to schedule network 129b1456-abf4-48bc-8dbc-ecf6194a0b01: no agents available; will retry on subsequent port and subnet creation events.
2026-04-20 06:32:40.557 8 WARNING neutron.scheduler.dhcp_agent_scheduler [None req-76fc0021-5a77-4069-88c6-33170f2c5b18 - - - - - -] No more DHCP agents
2026-04-20 06:32:40.559 8 WARNING neutron.api.rpc.agentnotifiers.dhcp_rpc_agent_api [None req-76fc0021-5a77-4069-88c6-33170f2c5b18 - - - - - -] Unable to schedule network 6ff914d2-45db-4a26-a871-7231d1dff02e: no agents available; will retry on subsequent port and subnet creation events.
2026-04-20 06:32:40.654 8 INFO neutron.db.ovn_revision_numbers_db [None req-76fc0021-5a77-4069-88c6-33170f2c5b18 - - - - - -] Successfully bumped revision number for resource e3176136-b9ed-497c-b1f4-3d94cd6a83b5 (type: ports) to 1
2026-04-20 06:32:40.768 8 WARNING neutron.scheduler.dhcp_agent_scheduler [None req-76fc0021-5a77-4069-88c6-33170f2c5b18 - - - - - -] No more DHCP agents
2026-04-20 06:32:40.769 8 WARNING neutron.api.rpc.agentnotifiers.dhcp_rpc_agent_api [None req-76fc0021-5a77-4069-88c6-33170f2c5b18 - - - - - -] Unable to schedule network 6ff914d2-45db-4a26-a871-7231d1dff02e: no agents available; will retry on subsequent port and subnet creation events.
2026-04-20 06:32:40.792 8 INFO neutron.db.ovn_revision_numbers_db [None req-76fc0021-5a77-4069-88c6-33170f2c5b18 - - - - - -] Successfully bumped revision number for resource 9599078c-a36d-40f9-a930-15a7d763bfc4 (type: subnets) to 0
2026-04-20 06:32:41.118 8 WARNING neutron.scheduler.dhcp_agent_scheduler [None req-76fc0021-5a77-4069-88c6-33170f2c5b18 - - - - - -] No more DHCP agents
2026-04-20 06:32:41.120 8 WARNING neutron.api.rpc.agentnotifiers.dhcp_rpc_agent_api [None req-76fc0021-5a77-4069-88c6-33170f2c5b18 - - - - - -] Unable to schedule network 6ff914d2-45db-4a26-a871-7231d1dff02e: no agents available; will retry on subsequent port and subnet creation events.
