2026-04-20 06:31:36.274 8 INFO neutron.db.l3_db [req-dc272a20-2aa2-494b-83d5-b9300aa67f85 req-a6ca6b16-ac02-4706-a439-f50f88e1f98a 4e78b7f088a94836a7ab53cbbbc68df6 f02ef6ef20c2471683928ad3a900257d - - default default] Floating IP 1ebaea94-0b21-433d-bf21-a852adc2df05 disassociated. External IP: 10.96.250.202, port: e2c3d34b-5ce5-4c0e-917e-6b5d1a045a42. /var/lib/openstack/lib/python3.12/site-packages/pycadf/identifier.py:70: UserWarning: Invalid uuid: neutron. To ensure interoperability, identifiers should be a valid uuid. warnings.warn(('Invalid uuid: %s. To ensure interoperability, ' [pid: 7|app: 0|req: 660/1336] 10.0.0.153 () {34 vars in 1040 bytes} [Mon Apr 20 06:31:36 2026] GET /v2.0/security-groups?id=1644a4ea-d094-4408-a84e-1f6b2f3348f4&fields=id&fields=name => generated 113 bytes in 68 msecs (HTTP/1.1 200) 4 headers in 157 bytes (1 switches on core 0) [pid: 8|app: 0|req: 677/1337] 199.19.213.200 () {36 vars in 997 bytes} [Mon Apr 20 06:31:35 2026] DELETE /v2.0/ports/e2c3d34b-5ce5-4c0e-917e-6b5d1a045a42 => generated 0 bytes in 572 msecs (HTTP/1.1 204) 3 headers in 131 bytes (1 switches on core 0) [pid: 7|app: 0|req: 661/1338] 10.0.0.214 () {32 vars in 774 bytes} [Mon Apr 20 06:31:36 2026] GET /v2.0/security-groups?tenant_id=625d34fbe3e64ae4960915cd9d16a344&name=default => generated 2925 bytes in 35 msecs (HTTP/1.1 200) 4 headers in 158 bytes (1 switches on core 0)
2026-04-20 06:31:36.487 8 INFO neutron.notifiers.nova [-] Nova event matching ['req-8e9ae1b1-73c0-4225-b358-559014f2a857'] response: {'server_uuid': '3079a287-c5f9-4895-bbbd-fb468c65cb72', 'name': 'network-vif-deleted', 'tag': 'e2c3d34b-5ce5-4c0e-917e-6b5d1a045a42', 'status': 'completed', 'code': 200}
2026-04-20 06:31:36.640 7 INFO neutron.notifiers.nova [-] Nova event matching ['req-02e80746-09b7-47ba-8067-e910dae5c83f'] response: {'server_uuid': '3079a287-c5f9-4895-bbbd-fb468c65cb72', 'name': 'network-vif-unplugged', 'status': 'completed', 'tag': 'e2c3d34b-5ce5-4c0e-917e-6b5d1a045a42', 'code': 200}
2026-04-20 06:31:36.646 7 INFO neutron.notifiers.nova [-] Nova event matching ['req-02e80746-09b7-47ba-8067-e910dae5c83f'] response: {'server_uuid': '3079a287-c5f9-4895-bbbd-fb468c65cb72', 'name': 'network-vif-unplugged', 'status': 'completed', 'tag': 'e2c3d34b-5ce5-4c0e-917e-6b5d1a045a42', 'code': 200} [pid: 7|app: 0|req: 662/1339] 10.0.0.153 () {34 vars in 990 bytes} [Mon Apr 20 06:31:36 2026] GET /v2.0/ports?device_id=6de16c6a-5a82-429d-9911-78b332505f9c => generated 971 bytes in 107 msecs (HTTP/1.1 200) 4 headers in 157 bytes (1 switches on core 0) [pid: 7|app: 0|req: 663/1340] 10.0.0.153 () {34 vars in 1040 bytes} [Mon Apr 20 06:31:36 2026] GET /v2.0/security-groups?id=a2582de6-8375-48f4-89c6-2c21bc19c970&fields=id&fields=name => generated 88 bytes in 36 msecs (HTTP/1.1 200) 4 headers in 156 bytes (1 switches on core 0) [pid: 8|app: 0|req: 678/1341] 10.0.0.214 () {32 vars in 740 bytes} [Mon Apr 20 06:31:36 2026] DELETE /v2.0/security-groups/20ed5681-2b43-48bf-96bd-4db76214a319 => generated 0 bytes in 295 msecs (HTTP/1.1 204) 2 headers in 112 bytes (1 switches on core 0) [pid: 7|app: 0|req: 664/1342] 10.0.0.153 () {34 vars in 990 bytes} [Mon Apr 20 06:31:37 2026] GET /v2.0/ports?device_id=3079a287-c5f9-4895-bbbd-fb468c65cb72 => generated 12 bytes in 21 msecs (HTTP/1.1 200) 4 headers in 156 bytes (1 switches on core 0) [pid: 8|app: 0|req: 679/1343] 10.0.0.153 () {34 vars in 990 bytes} [Mon Apr 20 06:31:37 2026] GET /v2.0/ports?device_id=6de16c6a-5a82-429d-9911-78b332505f9c => generated 971 bytes in 69 msecs (HTTP/1.1 200) 4 headers in 157 bytes (1 switches on core 0) [pid: 7|app: 0|req: 665/1344] 10.0.0.153 () {34 vars in 1040 bytes} [Mon Apr 20 06:31:37 2026] GET /v2.0/security-groups?id=a2582de6-8375-48f4-89c6-2c21bc19c970&fields=id&fields=name => generated 88 bytes in 32 msecs (HTTP/1.1 200) 4 headers in 156 bytes (1 switches on core 0)
2026-04-20 06:31:38.256 8 INFO neutron.db.ovn_revision_numbers_db [None req-cdf6cbfb-f1b2-44d4-8ab8-2933daa2a076 53d7ad8e119d4c6e93cf47f20de05d13 dde057efb1d049b48cf776e35c776949 - - default default] Successfully bumped revision number for resource 9959cda4-5f26-489b-8644-4e6d75d6d88c (type: security_groups) to 1
2026-04-20 06:31:38.271 8 INFO neutron.db.ovn_revision_numbers_db [None req-cdf6cbfb-f1b2-44d4-8ab8-2933daa2a076 53d7ad8e119d4c6e93cf47f20de05d13 dde057efb1d049b48cf776e35c776949 - - default default] Successfully bumped revision number for resource 0d95b7d6-7c51-4767-a599-50b5ced86cea (type: security_group_rules) to 0 [pid: 7|app: 0|req: 666/1345] 10.0.0.153 () {34 vars in 990 bytes} [Mon Apr 20 06:31:38 2026] GET /v2.0/ports?device_id=6de16c6a-5a82-429d-9911-78b332505f9c => generated 971 bytes in 47 msecs (HTTP/1.1 200) 4 headers in 157 bytes (1 switches on core 0)
2026-04-20 06:31:38.282 8 INFO neutron.db.ovn_revision_numbers_db [None req-cdf6cbfb-f1b2-44d4-8ab8-2933daa2a076 53d7ad8e119d4c6e93cf47f20de05d13 dde057efb1d049b48cf776e35c776949 - - default default] Successfully bumped revision number for resource 22f4c2c0-ae49-4d46-95c2-ffb6bf1df816 (type: security_group_rules) to 0
2026-04-20 06:31:38.293 8 INFO neutron.db.ovn_revision_numbers_db [None req-cdf6cbfb-f1b2-44d4-8ab8-2933daa2a076 53d7ad8e119d4c6e93cf47f20de05d13 dde057efb1d049b48cf776e35c776949 - - default default] Successfully bumped revision number for resource 80d11b7b-c205-48a4-b635-6401df1b27ad (type: security_group_rules) to 0
2026-04-20 06:31:38.304 8 INFO neutron.db.ovn_revision_numbers_db [None req-cdf6cbfb-f1b2-44d4-8ab8-2933daa2a076 53d7ad8e119d4c6e93cf47f20de05d13 dde057efb1d049b48cf776e35c776949 - - default default] Successfully bumped revision number for resource b49a8130-08c0-4283-b5c3-9a89371cf364 (type: security_group_rules) to 0 [pid: 7|app: 0|req: 667/1346] 10.0.0.153 () {34 vars in 1040 bytes} [Mon Apr 20 06:31:38 2026] GET /v2.0/security-groups?id=a2582de6-8375-48f4-89c6-2c21bc19c970&fields=id&fields=name => generated 88 bytes in 28 msecs (HTTP/1.1 200) 4 headers in 156 bytes (1 switches on core 0)
2026-04-20 06:31:38.379 8 INFO neutron.db.segments_db [None req-cdf6cbfb-f1b2-44d4-8ab8-2933daa2a076 53d7ad8e119d4c6e93cf47f20de05d13 dde057efb1d049b48cf776e35c776949 - - default default] Added segment 9a7522e8-c4b8-4af8-8031-2f132e4b25d9 of type geneve for network e2153f9c-e9fe-4f83-a5b4-7c99a2f60ad5
2026-04-20 06:31:38.513 8 INFO neutron.db.ovn_revision_numbers_db [None req-cdf6cbfb-f1b2-44d4-8ab8-2933daa2a076 53d7ad8e119d4c6e93cf47f20de05d13 dde057efb1d049b48cf776e35c776949 - - default default] Successfully bumped revision number for resource e2153f9c-e9fe-4f83-a5b4-7c99a2f60ad5 (type: networks) to 1 [pid: 7|app: 0|req: 668/1347] 10.0.0.153 () {34 vars in 990 bytes} [Mon Apr 20 06:31:38 2026] GET /v2.0/ports?device_id=3079a287-c5f9-4895-bbbd-fb468c65cb72 => generated 12 bytes in 20 msecs (HTTP/1.1 200) 4 headers in 156 bytes (1 switches on core 0)
2026-04-20 06:31:38.688 8 WARNING neutron.scheduler.dhcp_agent_scheduler [None req-cdf6cbfb-f1b2-44d4-8ab8-2933daa2a076 53d7ad8e119d4c6e93cf47f20de05d13 dde057efb1d049b48cf776e35c776949 - - default default] No more DHCP agents
2026-04-20 06:31:38.689 8 WARNING neutron.api.rpc.agentnotifiers.dhcp_rpc_agent_api [None req-cdf6cbfb-f1b2-44d4-8ab8-2933daa2a076 53d7ad8e119d4c6e93cf47f20de05d13 dde057efb1d049b48cf776e35c776949 - - default default] Unable to schedule network e2153f9c-e9fe-4f83-a5b4-7c99a2f60ad5: no agents available; will retry on subsequent port and subnet creation events.
2026-04-20 06:31:38.757 8 INFO neutron.plugins.ml2.drivers.ovn.mech_driver.mech_driver [None req-9499feed-b7be-4d4c-9a7d-de31a20dbddf - - - - - -] OVN reports status down for port: 392f40ec-af11-4d16-96fb-1d736b5f4c2a
2026-04-20 06:31:38.819 8 INFO neutron.db.ovn_revision_numbers_db [None req-cdf6cbfb-f1b2-44d4-8ab8-2933daa2a076 53d7ad8e119d4c6e93cf47f20de05d13 dde057efb1d049b48cf776e35c776949 - - default default] Successfully bumped revision number for resource 392f40ec-af11-4d16-96fb-1d736b5f4c2a (type: ports) to 1 [pid: 8|app: 0|req: 680/1348] 10.0.0.214 () {34 vars in 670 bytes} [Mon Apr 20 06:31:37 2026] POST /v2.0/networks => generated 645 bytes in 936 msecs (HTTP/1.1 201) 4 headers in 162 bytes (1 switches on core 0)
2026-04-20 06:31:39.048 7 WARNING neutron.scheduler.dhcp_agent_scheduler [None req-a2892e63-2e4c-4768-9cbf-dc9257451da4 53d7ad8e119d4c6e93cf47f20de05d13 dde057efb1d049b48cf776e35c776949 - - default default] No more DHCP agents
2026-04-20 06:31:39.049 7 WARNING neutron.api.rpc.agentnotifiers.dhcp_rpc_agent_api [None req-a2892e63-2e4c-4768-9cbf-dc9257451da4 53d7ad8e119d4c6e93cf47f20de05d13 dde057efb1d049b48cf776e35c776949 - - default default] Unable to schedule network e2153f9c-e9fe-4f83-a5b4-7c99a2f60ad5: no agents available; will retry on subsequent port and subnet creation events.
2026-04-20 06:31:39.280 7 INFO neutron.plugins.ml2.drivers.ovn.mech_driver.mech_driver [None req-05104b4b-18e1-4977-99a1-d8327629cabf - - - - - -] OVN reports status down for port: 25780ca4-1a2b-45fd-abe2-ef326aa9a1e9
2026-04-20 06:31:39.523 7 INFO neutron.notifiers.nova [-] Nova event matching ['req-727c8fc3-fcdb-4372-a150-f466c1285392'] response: {'server_uuid': '6de16c6a-5a82-429d-9911-78b332505f9c', 'name': 'network-vif-unplugged', 'status': 'completed', 'tag': '25780ca4-1a2b-45fd-abe2-ef326aa9a1e9', 'code': 200} [pid: 8|app: 0|req: 681/1349] 10.0.0.153 () {34 vars in 990 bytes} [Mon Apr 20 06:31:39 2026] GET /v2.0/ports?device_id=6de16c6a-5a82-429d-9911-78b332505f9c => generated 969 bytes in 69 msecs (HTTP/1.1 200) 4 headers in 157 bytes (1 switches on core 0) [pid: 8|app: 0|req: 682/1350] 10.0.0.153 () {34 vars in 1040 bytes} [Mon Apr 20 06:31:39 2026] GET /v2.0/security-groups?id=a2582de6-8375-48f4-89c6-2c21bc19c970&fields=id&fields=name => generated 88 bytes in 39 msecs (HTTP/1.1 200) 4 headers in 156 bytes (1 switches on core 0) [pid: 8|app: 0|req: 683/1351] 10.0.0.153 () {34 vars in 990 bytes} [Mon Apr 20 06:31:39 2026] GET /v2.0/ports?device_id=3079a287-c5f9-4895-bbbd-fb468c65cb72 => generated 12 bytes in 21 msecs (HTTP/1.1 200) 4 headers in 156 bytes (1 switches on core 0)
2026-04-20 06:31:39.748 7 INFO neutron.db.ovn_revision_numbers_db [None req-0c918812-6cff-4167-b23b-e355521225f8 - - - - - -] Successfully bumped revision number for resource 392f40ec-af11-4d16-96fb-1d736b5f4c2a (type: ports) to 2
2026-04-20 06:31:39.758 7 INFO neutron.db.ovn_revision_numbers_db [None req-05104b4b-18e1-4977-99a1-d8327629cabf - - - - - -] Successfully bumped revision number for resource 25780ca4-1a2b-45fd-abe2-ef326aa9a1e9 (type: ports) to 6
2026-04-20 06:31:39.816 7 INFO neutron.db.ovn_revision_numbers_db [None req-0c918812-6cff-4167-b23b-e355521225f8 - - - - - -] Successfully bumped revision number for resource 0bdfc7a1-a0b3-4468-86b1-418f867da301 (type: subnets) to 0 [pid: 7|app: 0|req: 669/1352] 10.0.0.214 () {34 vars in 669 bytes} [Mon Apr 20 06:31:38 2026] POST /v2.0/subnets => generated 626 bytes in 970 msecs (HTTP/1.1 201) 4 headers in 162 bytes (1 switches on core 0) /var/lib/openstack/lib/python3.12/site-packages/pycadf/identifier.py:70: UserWarning: Invalid uuid: neutron. To ensure interoperability, identifiers should be a valid uuid. warnings.warn(('Invalid uuid: %s. To ensure interoperability, '
2026-04-20 06:31:39.940 8 INFO neutron.db.ovn_revision_numbers_db [None req-76532658-8116-4e0b-892f-dfc57b3a5177 ac89a45f82c9464397c0546181428cd8 93f606efb07c47c6bfcbafe08e3540a8 - - default default] Successfully bumped revision number for resource b7dda945-0b88-4746-bbb5-c73d7a0b7157 (type: security_groups) to 1
2026-04-20 06:31:39.954 8 INFO neutron.db.ovn_revision_numbers_db [None req-76532658-8116-4e0b-892f-dfc57b3a5177 ac89a45f82c9464397c0546181428cd8 93f606efb07c47c6bfcbafe08e3540a8 - - default default] Successfully bumped revision number for resource 0ec09c35-e18f-4a11-8428-28c70c937940 (type: security_group_rules) to 0
2026-04-20 06:31:39.968 8 INFO neutron.db.ovn_revision_numbers_db [None req-76532658-8116-4e0b-892f-dfc57b3a5177 ac89a45f82c9464397c0546181428cd8 93f606efb07c47c6bfcbafe08e3540a8 - - default default] Successfully bumped revision number for resource 30aa2fa0-e614-43ff-a7bb-7d3c384a2371 (type: security_group_rules) to 0
2026-04-20 06:31:39.979 8 INFO neutron.db.ovn_revision_numbers_db [None req-76532658-8116-4e0b-892f-dfc57b3a5177 ac89a45f82c9464397c0546181428cd8 93f606efb07c47c6bfcbafe08e3540a8 - - default default] Successfully bumped revision number for resource 5ca692d1-c253-4736-8eb2-6de2909e740e (type: security_group_rules) to 0
2026-04-20 06:31:39.994 8 INFO neutron.db.ovn_revision_numbers_db [None req-76532658-8116-4e0b-892f-dfc57b3a5177 ac89a45f82c9464397c0546181428cd8 93f606efb07c47c6bfcbafe08e3540a8 - - default default] Successfully bumped revision number for resource 88f322b4-6ff4-49d0-ae3f-a214254af592 (type: security_group_rules) to 0
2026-04-20 06:31:40.066 8 INFO neutron.db.segments_db [None req-76532658-8116-4e0b-892f-dfc57b3a5177 ac89a45f82c9464397c0546181428cd8 93f606efb07c47c6bfcbafe08e3540a8 - - default default] Added segment d5aee6e4-447e-4426-b7db-cb98551585dd of type geneve for network 7513997c-f6de-460f-aeb5-7df08d5109bb
2026-04-20 06:31:40.170 8 INFO neutron.db.ovn_revision_numbers_db [None req-76532658-8116-4e0b-892f-dfc57b3a5177 ac89a45f82c9464397c0546181428cd8 93f606efb07c47c6bfcbafe08e3540a8 - - default default] Successfully bumped revision number for resource 7513997c-f6de-460f-aeb5-7df08d5109bb (type: networks) to 1
2026-04-20 06:31:40.299 7 WARNING neutron.scheduler.dhcp_agent_scheduler [None req-3e67b327-7897-4f39-a601-030bcc7fdc7f 53d7ad8e119d4c6e93cf47f20de05d13 dde057efb1d049b48cf776e35c776949 - - default default] No more DHCP agents
2026-04-20 06:31:40.301 7 WARNING neutron.api.rpc.agentnotifiers.dhcp_rpc_agent_api [None req-3e67b327-7897-4f39-a601-030bcc7fdc7f 53d7ad8e119d4c6e93cf47f20de05d13 dde057efb1d049b48cf776e35c776949 - - default default] Unable to schedule network 129b1456-abf4-48bc-8dbc-ecf6194a0b01: no agents available; will retry on subsequent port and subnet creation events.
2026-04-20 06:31:40.315 8 WARNING neutron.scheduler.dhcp_agent_scheduler [None req-76532658-8116-4e0b-892f-dfc57b3a5177 ac89a45f82c9464397c0546181428cd8 93f606efb07c47c6bfcbafe08e3540a8 - - default default] No more DHCP agents
2026-04-20 06:31:40.317 8 WARNING neutron.api.rpc.agentnotifiers.dhcp_rpc_agent_api [None req-76532658-8116-4e0b-892f-dfc57b3a5177 ac89a45f82c9464397c0546181428cd8 93f606efb07c47c6bfcbafe08e3540a8 - - default default] Unable to schedule network 7513997c-f6de-460f-aeb5-7df08d5109bb: no agents available; will retry on subsequent port and subnet creation events.
2026-04-20 06:31:40.365 8 INFO neutron.plugins.ml2.drivers.ovn.mech_driver.mech_driver [None req-9499feed-b7be-4d4c-9a7d-de31a20dbddf - - - - - -] OVN reports status down for port: 2409e684-c843-42ca-bd75-dbf723649420
2026-04-20 06:31:40.439 8 INFO neutron.db.ovn_revision_numbers_db [None req-76532658-8116-4e0b-892f-dfc57b3a5177 ac89a45f82c9464397c0546181428cd8 93f606efb07c47c6bfcbafe08e3540a8 - - default default] Successfully bumped revision number for resource 2409e684-c843-42ca-bd75-dbf723649420 (type: ports) to 1
2026-04-20 06:31:40.441 7 INFO neutron.db.ovn_revision_numbers_db [None req-3e67b327-7897-4f39-a601-030bcc7fdc7f 53d7ad8e119d4c6e93cf47f20de05d13 dde057efb1d049b48cf776e35c776949 - - default default] Successfully bumped revision number for resource 6ce90885-a4f0-4920-9e93-5cf933aed234 (type: ports) to 1 [pid: 8|app: 0|req: 684/1353] 10.0.0.214 () {34 vars in 671 bytes} [Mon Apr 20 06:31:39 2026] POST /v2.0/networks => generated 652 bytes in 877 msecs (HTTP/1.1 201) 4 headers in 162 bytes (1 switches on core 0)
2026-04-20 06:31:40.502 8 INFO neutron.plugins.ml2.drivers.ovn.mech_driver.mech_driver [None req-9499feed-b7be-4d4c-9a7d-de31a20dbddf - - - - - -] OVN reports status down for port: 6ce90885-a4f0-4920-9e93-5cf933aed234
2026-04-20 06:31:40.946 8 WARNING neutron.scheduler.dhcp_agent_scheduler [None req-328e21e3-7bf0-4851-83b6-9ff3a7b1ed72 ac89a45f82c9464397c0546181428cd8 93f606efb07c47c6bfcbafe08e3540a8 - - default default] No more DHCP agents
2026-04-20 06:31:40.948 8 WARNING neutron.api.rpc.agentnotifiers.dhcp_rpc_agent_api [None req-328e21e3-7bf0-4851-83b6-9ff3a7b1ed72 ac89a45f82c9464397c0546181428cd8 93f606efb07c47c6bfcbafe08e3540a8 - - default default] Unable to schedule network 129b1456-abf4-48bc-8dbc-ecf6194a0b01: no agents available; will retry on subsequent port and subnet creation events.
2026-04-20 06:31:40.998 7 INFO neutron.plugins.ml2.drivers.ovn.mech_driver.ovsdb.commands [None req-205c0835-3b2a-4c14-be4a-5a9c81d5760a - - - - - -] Schedule LRP lrp-6ce90885-a4f0-4920-9e93-5cf933aed234 on gateway 684766bb-9cf5-4455-8b2f-31b3d11b3907 with priority 1
2026-04-20 06:31:41.058 7 INFO neutron.db.ovn_revision_numbers_db [None req-3e67b327-7897-4f39-a601-030bcc7fdc7f 53d7ad8e119d4c6e93cf47f20de05d13 dde057efb1d049b48cf776e35c776949 - - default default] Successfully bumped revision number for resource 6ce90885-a4f0-4920-9e93-5cf933aed234 (type: router_ports) to 1
2026-04-20 06:31:41.064 8 INFO neutron.plugins.ml2.drivers.ovn.mech_driver.mech_driver [None req-9499feed-b7be-4d4c-9a7d-de31a20dbddf - - - - - -] OVN reports status up for port: 6ce90885-a4f0-4920-9e93-5cf933aed234
2026-04-20 06:31:41.079 8 INFO neutron.plugins.ml2.plugin [None req-9499feed-b7be-4d4c-9a7d-de31a20dbddf - - - - - -] Attempt 1 to provision port 6ce90885-a4f0-4920-9e93-5cf933aed234
2026-04-20 06:31:41.109 7 INFO neutron.plugins.ml2.drivers.ovn.mech_driver.mech_driver [None req-32a035fb-c9aa-4bb5-ac5b-132694e4f9aa - - - - - -] OVN reports status down for port: 805ae426-6b17-48c0-ac5e-dd8570b49505
2026-04-20 06:31:41.166 8 INFO neutron.db.ovn_revision_numbers_db [None req-328e21e3-7bf0-4851-83b6-9ff3a7b1ed72 ac89a45f82c9464397c0546181428cd8 93f606efb07c47c6bfcbafe08e3540a8 - - default default] Successfully bumped revision number for resource 805ae426-6b17-48c0-ac5e-dd8570b49505 (type: ports) to 1
2026-04-20 06:31:41.200 7 INFO neutron.db.ovn_revision_numbers_db [None req-3e67b327-7897-4f39-a601-030bcc7fdc7f 53d7ad8e119d4c6e93cf47f20de05d13 dde057efb1d049b48cf776e35c776949 - - default default] Successfully bumped revision number for resource 629d2f90-d226-4720-9a91-3fc14dfc9e3f (type: routers) to 2 [pid: 7|app: 0|req: 670/1354] 10.0.0.214 () {34 vars in 669 bytes} [Mon Apr 20 06:31:39 2026] POST /v2.0/routers => generated 936 bytes in 1392 msecs (HTTP/1.1 201) 4 headers in 162 bytes (1 switches on core 0) [pid: 7|app: 0|req: 671/1355] 199.19.213.200 () {34 vars in 994 bytes} [Mon Apr 20 06:31:41 2026] GET /v2.0/ports?device_id=6de16c6a-5a82-429d-9911-78b332505f9c => generated 969 bytes in 49 msecs (HTTP/1.1 200) 4 headers in 157 bytes (1 switches on core 0) [pid: 7|app: 0|req: 672/1356] 10.0.0.153 () {34 vars in 990 bytes} [Mon Apr 20 06:31:41 2026] GET /v2.0/ports?device_id=6de16c6a-5a82-429d-9911-78b332505f9c => generated 969 bytes in 45 msecs (HTTP/1.1 200) 4 headers in 157 bytes (1 switches on core 0) [pid: 7|app: 0|req: 673/1357] 10.0.0.214 () {32 vars in 740 bytes} [Mon Apr 20 06:31:41 2026] DELETE /v2.0/security-groups/1644a4ea-d094-4408-a84e-1f6b2f3348f4 => generated 0 bytes in 141 msecs (HTTP/1.1 204) 2 headers in 112 bytes (1 switches on core 0)
2026-04-20 06:31:41.570 7 INFO neutron.notifiers.nova [-] Nova event matching ['req-730981a3-2b3f-4c0f-afe8-6242fb2ae07b'] response: {'server_uuid': '6de16c6a-5a82-429d-9911-78b332505f9c', 'name': 'network-vif-unplugged', 'status': 'completed', 'tag': '25780ca4-1a2b-45fd-abe2-ef326aa9a1e9', 'code': 200}
2026-04-20 06:31:41.808 8 INFO neutron.plugins.ml2.drivers.ovn.mech_driver.ovsdb.commands [None req-2f9c8cfa-f78e-4f29-ba48-3e7720aef23f - - - - - -] Schedule LRP lrp-805ae426-6b17-48c0-ac5e-dd8570b49505 on gateway 684766bb-9cf5-4455-8b2f-31b3d11b3907 with priority 1
2026-04-20 06:31:41.879 8 INFO neutron.db.ovn_revision_numbers_db [None req-328e21e3-7bf0-4851-83b6-9ff3a7b1ed72 ac89a45f82c9464397c0546181428cd8 93f606efb07c47c6bfcbafe08e3540a8 - - default default] Successfully bumped revision number for resource 805ae426-6b17-48c0-ac5e-dd8570b49505 (type: router_ports) to 1
2026-04-20 06:31:41.884 7 INFO neutron.plugins.ml2.drivers.ovn.mech_driver.ovsdb.ovsdb_monitor [None req-e83260f7-cc96-491d-a5eb-ae30155bb724 - - - - - -] Router 1d00b5b4-dde4-4e45-a195-4989166a8eb5 is bound to host instance
2026-04-20 06:31:41.969 8 INFO neutron.db.ovn_revision_numbers_db [None req-328e21e3-7bf0-4851-83b6-9ff3a7b1ed72 ac89a45f82c9464397c0546181428cd8 93f606efb07c47c6bfcbafe08e3540a8 - - default default] Successfully bumped revision number for resource 1d00b5b4-dde4-4e45-a195-4989166a8eb5 (type: routers) to 2
2026-04-20 06:31:41.985 7 INFO neutron.plugins.ml2.drivers.ovn.mech_driver.mech_driver [None req-32a035fb-c9aa-4bb5-ac5b-132694e4f9aa - - - - - -] OVN reports status up for port: 805ae426-6b17-48c0-ac5e-dd8570b49505 [pid: 8|app: 0|req: 685/1358] 10.0.0.214 () {34 vars in 669 bytes} [Mon Apr 20 06:31:40 2026] POST /v2.0/routers => generated 953 bytes in 1482 msecs (HTTP/1.1 201) 4 headers in 162 bytes (1 switches on core 0)
2026-04-20 06:31:42.057 7 INFO neutron.plugins.ml2.plugin [None req-32a035fb-c9aa-4bb5-ac5b-132694e4f9aa - - - - - -] Attempt 1 to provision port 805ae426-6b17-48c0-ac5e-dd8570b49505
2026-04-20 06:31:42.105 8 INFO neutron_taas.services.taas.taas_plugin [req-68e391cc-760c-42cb-ba15-cd7ec22a17e4 req-893b00a7-7661-4704-8413-ea74718097fb 78c5d0f86d0a4468a84f7dfb4dcef2ad 1332d0841953477fa6bb5362e49d9560 - - default default] TaaS: Handle Delete Port: 25780ca4-1a2b-45fd-abe2-ef326aa9a1e9
2026-04-20 06:31:42.108 8 INFO neutron_taas.services.taas.tap_mirror_plugin [req-68e391cc-760c-42cb-ba15-cd7ec22a17e4 req-893b00a7-7661-4704-8413-ea74718097fb 78c5d0f86d0a4468a84f7dfb4dcef2ad 1332d0841953477fa6bb5362e49d9560 - - default default] Tap Mirror: Handle Delete Port: 25780ca4-1a2b-45fd-abe2-ef326aa9a1e9
2026-04-20 06:31:42.172 7 WARNING neutron.scheduler.dhcp_agent_scheduler [None req-8f716bb4-2fdc-447d-b834-1430fa137e6f 53d7ad8e119d4c6e93cf47f20de05d13 dde057efb1d049b48cf776e35c776949 - - default default] No more DHCP agents
2026-04-20 06:31:42.182 7 WARNING neutron.api.rpc.agentnotifiers.dhcp_rpc_agent_api [None req-8f716bb4-2fdc-447d-b834-1430fa137e6f 53d7ad8e119d4c6e93cf47f20de05d13 dde057efb1d049b48cf776e35c776949 - - default default] Unable to schedule network e2153f9c-e9fe-4f83-a5b4-7c99a2f60ad5: no agents available; will retry on subsequent port and subnet creation events. [pid: 8|app: 0|req: 686/1359] 199.19.213.200 () {36 vars in 997 bytes} [Mon Apr 20 06:31:41 2026] DELETE /v2.0/ports/25780ca4-1a2b-45fd-abe2-ef326aa9a1e9 => generated 0 bytes in 249 msecs (HTTP/1.1 204) 3 headers in 131 bytes (1 switches on core 0) [pid: 8|app: 0|req: 687/1360] 10.0.0.153 () {34 vars in 1040 bytes} [Mon Apr 20 06:31:42 2026] GET /v2.0/security-groups?id=a2582de6-8375-48f4-89c6-2c21bc19c970&fields=id&fields=name => generated 88 bytes in 38 msecs (HTTP/1.1 200) 4 headers in 156 bytes (1 switches on core 0)
2026-04-20 06:31:42.279 8 INFO neutron.notifiers.nova [-] Nova event matching ['req-b4836911-9da2-4c8e-96b8-e826a4a4ffe4'] response: {'server_uuid': '6de16c6a-5a82-429d-9911-78b332505f9c', 'name': 'network-vif-deleted', 'tag': '25780ca4-1a2b-45fd-abe2-ef326aa9a1e9', 'status': 'completed', 'code': 200}
2026-04-20 06:31:42.285 8 INFO neutron.api.v2.resource [None req-c4ada540-5429-4a91-a69f-4ea673e3ff9b 4e78b7f088a94836a7ab53cbbbc68df6 f02ef6ef20c2471683928ad3a900257d - - default default] show failed (client error): The resource could not be found. [pid: 8|app: 0|req: 688/1361] 10.0.0.214 () {32 vars in 737 bytes} [Mon Apr 20 06:31:42 2026] GET /v2.0/security-groups/1644a4ea-d094-4408-a84e-1f6b2f3348f4 => generated 146 bytes in 11 msecs (HTTP/1.1 404) 4 headers in 164 bytes (1 switches on core 0) [pid: 8|app: 0|req: 689/1362] 10.0.0.214 () {32 vars in 776 bytes} [Mon Apr 20 06:31:42 2026] GET /v2.0/subnets?project_id=93f606efb07c47c6bfcbafe08e3540a8&cidr=10.100.0.0%2F28 => generated 14 bytes in 48 msecs (HTTP/1.1 200) 4 headers in 156 bytes (1 switches on core 0)
2026-04-20 06:31:42.492 8 INFO neutron_taas.services.taas.taas_plugin [None req-7c42924c-313e-4ba4-ba16-52abf4bff5b3 4e78b7f088a94836a7ab53cbbbc68df6 f02ef6ef20c2471683928ad3a900257d - - default default] TaaS: Handle Delete Port: e0fb8403-dd27-4abb-8799-a2c2992719df
2026-04-20 06:31:42.494 8 INFO neutron_taas.services.taas.tap_mirror_plugin [None req-7c42924c-313e-4ba4-ba16-52abf4bff5b3 4e78b7f088a94836a7ab53cbbbc68df6 f02ef6ef20c2471683928ad3a900257d - - default default] Tap Mirror: Handle Delete Port: e0fb8403-dd27-4abb-8799-a2c2992719df
2026-04-20 06:31:42.496 7 INFO neutron.db.ovn_revision_numbers_db [None req-8f716bb4-2fdc-447d-b834-1430fa137e6f 53d7ad8e119d4c6e93cf47f20de05d13 dde057efb1d049b48cf776e35c776949 - - default default] Successfully bumped revision number for resource afef4900-c447-451a-bb16-41d07bae200f (type: ports) to 1 [pid: 8|app: 0|req: 690/1363] 10.0.0.214 () {32 vars in 732 bytes} [Mon Apr 20 06:31:42 2026] DELETE /v2.0/floatingips/1ebaea94-0b21-433d-bf21-a852adc2df05 => generated 0 bytes in 306 msecs (HTTP/1.1 204) 2 headers in 112 bytes (1 switches on core 0) [pid: 8|app: 0|req: 691/1364] 10.0.0.214 () {32 vars in 694 bytes} [Mon Apr 20 06:31:42 2026] GET /v2.0/networks?router%3Aexternal=True => generated 791 bytes in 52 msecs (HTTP/1.1 200) 4 headers in 157 bytes (1 switches on core 0)
2026-04-20 06:31:42.973 8 INFO neutron_taas.services.taas.taas_plugin [None req-d220d3cf-d8f4-4fb7-824b-0c3d15413213 5b125a8bbdcd42bca37f8acf3e37aa5b 79b7143f2144460ab66fc127bd402e10 - - default default] TaaS: Handle Delete Port: bfee47cf-5f7f-4e9c-89a1-ed178433a7de
2026-04-20 06:31:42.976 8 INFO neutron_taas.services.taas.tap_mirror_plugin [None req-d220d3cf-d8f4-4fb7-824b-0c3d15413213 5b125a8bbdcd42bca37f8acf3e37aa5b 79b7143f2144460ab66fc127bd402e10 - - default default] Tap Mirror: Handle Delete Port: bfee47cf-5f7f-4e9c-89a1-ed178433a7de
2026-04-20 06:31:43.528 7 INFO neutron.db.ovn_revision_numbers_db [None req-5de6bd6b-a71f-4718-8827-ea4d4df0d09e - - - - - -] Successfully bumped revision number for resource 805ae426-6b17-48c0-ac5e-dd8570b49505 (type: ports) to 4 [pid: 8|app: 0|req: 692/1365] 10.0.0.214 () {34 vars in 789 bytes} [Mon Apr 20 06:31:42 2026] PUT /v2.0/routers/d34b96ad-a4af-46d4-96e1-af7a25a2eb51/remove_router_interface => generated 309 bytes in 900 msecs (HTTP/1.1 200) 4 headers in 157 bytes (1 switches on core 0) /var/lib/openstack/lib/python3.12/site-packages/pycadf/identifier.py:70: UserWarning: Invalid uuid: neutron. To ensure interoperability, identifiers should be a valid uuid. warnings.warn(('Invalid uuid: %s. To ensure interoperability, ' [pid: 8|app: 0|req: 693/1366] 10.0.0.214 () {32 vars in 784 bytes} [Mon Apr 20 06:31:43 2026] GET /v2.0/subnets?network_id=129b1456-abf4-48bc-8dbc-ecf6194a0b01&cidr=10.100.0.0%2F28 => generated 14 bytes in 28 msecs (HTTP/1.1 200) 4 headers in 156 bytes (1 switches on core 0) [pid: 8|app: 0|req: 694/1367] 10.0.0.153 () {34 vars in 990 bytes} [Mon Apr 20 06:31:43 2026] GET /v2.0/ports?device_id=6de16c6a-5a82-429d-9911-78b332505f9c => generated 12 bytes in 18 msecs (HTTP/1.1 200) 4 headers in 156 bytes (1 switches on core 0)
2026-04-20 06:31:43.852 7 WARNING neutron.scheduler.dhcp_agent_scheduler [None req-8f716bb4-2fdc-447d-b834-1430fa137e6f 53d7ad8e119d4c6e93cf47f20de05d13 dde057efb1d049b48cf776e35c776949 - - default default] No more DHCP agents
2026-04-20 06:31:43.855 7 WARNING neutron.api.rpc.agentnotifiers.dhcp_rpc_agent_api [None req-8f716bb4-2fdc-447d-b834-1430fa137e6f 53d7ad8e119d4c6e93cf47f20de05d13 dde057efb1d049b48cf776e35c776949 - - default default] Unable to schedule network e2153f9c-e9fe-4f83-a5b4-7c99a2f60ad5: no agents available; will retry on subsequent port and subnet creation events.
2026-04-20 06:31:43.929 8 INFO neutron_taas.services.taas.taas_plugin [None req-45a0b61d-2367-4eb5-bc0e-93d119be274f 5b125a8bbdcd42bca37f8acf3e37aa5b 79b7143f2144460ab66fc127bd402e10 - - default default] TaaS: Handle Delete Port: aa1a20d6-9423-4957-98b2-bff4e4840739
2026-04-20 06:31:43.932 8 INFO neutron_taas.services.taas.tap_mirror_plugin [None req-45a0b61d-2367-4eb5-bc0e-93d119be274f 5b125a8bbdcd42bca37f8acf3e37aa5b 79b7143f2144460ab66fc127bd402e10 - - default default] Tap Mirror: Handle Delete Port: aa1a20d6-9423-4957-98b2-bff4e4840739
2026-04-20 06:31:44.192 7 INFO neutron.db.ovn_revision_numbers_db [None req-5de6bd6b-a71f-4718-8827-ea4d4df0d09e - - - - - -] Successfully bumped revision number for resource 805ae426-6b17-48c0-ac5e-dd8570b49505 (type: ports) to 5 [pid: 8|app: 0|req: 695/1368] 10.0.0.214 () {32 vars in 724 bytes} [Mon Apr 20 06:31:43 2026] DELETE /v2.0/routers/d34b96ad-a4af-46d4-96e1-af7a25a2eb51 => generated 0 bytes in 661 msecs (HTTP/1.1 204) 2 headers in 112 bytes (1 switches on core 0)
2026-04-20 06:31:44.433 7 INFO neutron.plugins.ml2.drivers.ovn.mech_driver.mech_driver [None req-32a035fb-c9aa-4bb5-ac5b-132694e4f9aa - - - - - -] OVN reports status down for port: afef4900-c447-451a-bb16-41d07bae200f
2026-04-20 06:31:44.445 8 WARNING neutron.scheduler.dhcp_agent_scheduler [None req-9eec71ac-5dec-4b32-9710-daba57d9ee46 ac89a45f82c9464397c0546181428cd8 93f606efb07c47c6bfcbafe08e3540a8 - - default default] No more DHCP agents
2026-04-20 06:31:44.446 8 WARNING neutron.api.rpc.agentnotifiers.dhcp_rpc_agent_api [None req-9eec71ac-5dec-4b32-9710-daba57d9ee46 ac89a45f82c9464397c0546181428cd8 93f606efb07c47c6bfcbafe08e3540a8 - - default default] Unable to schedule network 7513997c-f6de-460f-aeb5-7df08d5109bb: no agents available; will retry on subsequent port and subnet creation events.
2026-04-20 06:31:44.617 7 WARNING neutron.plugins.ml2.drivers.ovn.mech_driver.ovsdb.ovn_client [None req-32a035fb-c9aa-4bb5-ac5b-132694e4f9aa - - - - - -] Logical_Switch_Port %s host information not removed, the port state is up
2026-04-20 06:31:44.618 7 INFO neutron.plugins.ml2.drivers.ovn.mech_driver.mech_driver [None req-32a035fb-c9aa-4bb5-ac5b-132694e4f9aa - - - - - -] OVN reports status up for port: afef4900-c447-451a-bb16-41d07bae200f
2026-04-20 06:31:44.648 7 INFO neutron.plugins.ml2.plugin [None req-32a035fb-c9aa-4bb5-ac5b-132694e4f9aa - - - - - -] Attempt 1 to provision port afef4900-c447-451a-bb16-41d07bae200f
2026-04-20 06:31:44.673 7 INFO neutron.db.ovn_revision_numbers_db [None req-8f716bb4-2fdc-447d-b834-1430fa137e6f 53d7ad8e119d4c6e93cf47f20de05d13 dde057efb1d049b48cf776e35c776949 - - default default] Successfully bumped revision number for resource afef4900-c447-451a-bb16-41d07bae200f (type: router_ports) to 1 [pid: 7|app: 0|req: 674/1369] 10.0.0.214 () {34 vars in 783 bytes} [Mon Apr 20 06:31:41 2026] PUT /v2.0/routers/629d2f90-d226-4720-9a91-3fc14dfc9e3f/add_router_interface => generated 309 bytes in 3205 msecs (HTTP/1.1 200) 4 headers in 157 bytes (1 switches on core 0)
2026-04-20 06:31:44.850 8 INFO neutron.db.ovn_revision_numbers_db [None req-efcc1681-85f7-4c16-a58a-e04c33c41618 - - - - - -] Successfully bumped revision number for resource 2409e684-c843-42ca-bd75-dbf723649420 (type: ports) to 2
2026-04-20 06:31:44.890 8 INFO neutron.db.ovn_revision_numbers_db [None req-efcc1681-85f7-4c16-a58a-e04c33c41618 - - - - - -] Successfully bumped revision number for resource dbe0529b-b1b9-4761-a5ad-2af51868833c (type: subnets) to 0 [pid: 8|app: 0|req: 696/1370] 10.0.0.214 () {34 vars in 669 bytes} [Mon Apr 20 06:31:44 2026] POST /v2.0/subnets => generated 656 bytes in 608 msecs (HTTP/1.1 201) 4 headers in 162 bytes (1 switches on core 0) [pid: 7|app: 0|req: 675/1371] 10.0.0.214 () {32 vars in 724 bytes} [Mon Apr 20 06:31:44 2026] DELETE /v2.0/subnets/3ec64157-b6a3-40a6-bff3-2968fedd941b => generated 0 bytes in 303 msecs (HTTP/1.1 204) 3 headers in 131 bytes (1 switches on core 0) [pid: 7|app: 0|req: 676/1372] 10.0.0.153 () {34 vars in 990 bytes} [Mon Apr 20 06:31:44 2026] GET /v2.0/ports?device_id=6de16c6a-5a82-429d-9911-78b332505f9c => generated 12 bytes in 32 msecs (HTTP/1.1 200) 4 headers in 156 bytes (1 switches on core 0)
2026-04-20 06:31:45.355 7 INFO neutron.db.ovn_revision_numbers_db [None req-32a035fb-c9aa-4bb5-ac5b-132694e4f9aa - - - - - -] Successfully bumped revision number for resource afef4900-c447-451a-bb16-41d07bae200f (type: ports) to 2
2026-04-20 06:31:45.735 7 WARNING neutron.scheduler.dhcp_agent_scheduler [None req-76f8ef23-0e65-4275-a656-9d1408ab55f1 ac89a45f82c9464397c0546181428cd8 93f606efb07c47c6bfcbafe08e3540a8 - - default default] No more DHCP agents
2026-04-20 06:31:45.737 7 WARNING neutron.api.rpc.agentnotifiers.dhcp_rpc_agent_api [None req-76f8ef23-0e65-4275-a656-9d1408ab55f1 ac89a45f82c9464397c0546181428cd8 93f606efb07c47c6bfcbafe08e3540a8 - - default default] Unable to schedule network 7513997c-f6de-460f-aeb5-7df08d5109bb: no agents available; will retry on subsequent port and subnet creation events.
2026-04-20 06:31:45.868 7 INFO neutron.db.ovn_revision_numbers_db [None req-76f8ef23-0e65-4275-a656-9d1408ab55f1 ac89a45f82c9464397c0546181428cd8 93f606efb07c47c6bfcbafe08e3540a8 - - default default] Successfully bumped revision number for resource fd42e987-fd17-4298-b085-430902bfdb39 (type: ports) to 1
2026-04-20 06:31:45.902 8 WARNING neutron.plugins.ml2.drivers.ovn.mech_driver.ovsdb.ovn_client [None req-9499feed-b7be-4d4c-9a7d-de31a20dbddf - - - - - -] No hosting information found for port 6ce90885-a4f0-4920-9e93-5cf933aed234: RuntimeError: No hosting information found for port 6ce90885-a4f0-4920-9e93-5cf933aed234
2026-04-20 06:31:45.903 8 INFO neutron.plugins.ml2.drivers.ovn.mech_driver.mech_driver [None req-9499feed-b7be-4d4c-9a7d-de31a20dbddf - - - - - -] OVN reports status down for port: fd42e987-fd17-4298-b085-430902bfdb39
2026-04-20 06:31:46.127 8 WARNING neutron.scheduler.dhcp_agent_scheduler [None req-893cec03-183a-4d39-9be3-07df136939a9 - - - - - -] No more DHCP agents
2026-04-20 06:31:46.128 8 WARNING neutron.api.rpc.agentnotifiers.dhcp_rpc_agent_api [None req-893cec03-183a-4d39-9be3-07df136939a9 - - - - - -] Unable to schedule network 129b1456-abf4-48bc-8dbc-ecf6194a0b01: no agents available; will retry on subsequent port and subnet creation events.
2026-04-20 06:31:46.234 8 INFO neutron.plugins.ml2.drivers.ovn.mech_driver.mech_driver [None req-9499feed-b7be-4d4c-9a7d-de31a20dbddf - - - - - -] OVN reports status down for port: 076bd676-bb85-42ab-9957-e60ec524f836
2026-04-20 06:31:46.287 8 INFO neutron.db.ovn_revision_numbers_db [None req-893cec03-183a-4d39-9be3-07df136939a9 - - - - - -] Successfully bumped revision number for resource 076bd676-bb85-42ab-9957-e60ec524f836 (type: ports) to 1
2026-04-20 06:31:46.497 8 INFO neutron.plugins.ml2.drivers.ovn.mech_driver.mech_driver [None req-9499feed-b7be-4d4c-9a7d-de31a20dbddf - - - - - -] OVN reports status up for port: fd42e987-fd17-4298-b085-430902bfdb39
2026-04-20 06:31:46.523 8 INFO neutron.plugins.ml2.plugin [None req-9499feed-b7be-4d4c-9a7d-de31a20dbddf - - - - - -] Attempt 1 to provision port fd42e987-fd17-4298-b085-430902bfdb39
2026-04-20 06:31:46.565 7 WARNING neutron.scheduler.dhcp_agent_scheduler [None req-76f8ef23-0e65-4275-a656-9d1408ab55f1 ac89a45f82c9464397c0546181428cd8 93f606efb07c47c6bfcbafe08e3540a8 - - default default] No more DHCP agents
2026-04-20 06:31:46.566 7 WARNING neutron.api.rpc.agentnotifiers.dhcp_rpc_agent_api [None req-76f8ef23-0e65-4275-a656-9d1408ab55f1 ac89a45f82c9464397c0546181428cd8 93f606efb07c47c6bfcbafe08e3540a8 - - default default] Unable to schedule network 7513997c-f6de-460f-aeb5-7df08d5109bb: no agents available; will retry on subsequent port and subnet creation events.
2026-04-20 06:31:46.582 8 INFO neutron.db.ovn_revision_numbers_db [None req-893cec03-183a-4d39-9be3-07df136939a9 - - - - - -] Successfully bumped revision number for resource 076bd676-bb85-42ab-9957-e60ec524f836 (type: ports) to 3
2026-04-20 06:31:46.675 8 INFO neutron.db.segments_db [None req-893cec03-183a-4d39-9be3-07df136939a9 - - - - - -] Added segment 17e790e9-a1e3-4ccd-97e8-4a5a745e9fc9 of type geneve for network d4455461-e106-4b65-a299-1bb97adf48a7
2026-04-20 06:31:46.865 7 INFO neutron.db.ovn_revision_numbers_db [None req-76f8ef23-0e65-4275-a656-9d1408ab55f1 ac89a45f82c9464397c0546181428cd8 93f606efb07c47c6bfcbafe08e3540a8 - - default default] Successfully bumped revision number for resource fd42e987-fd17-4298-b085-430902bfdb39 (type: router_ports) to 1 [pid: 7|app: 0|req: 677/1373] 10.0.0.214 () {34 vars in 783 bytes} [Mon Apr 20 06:31:45 2026] PUT /v2.0/routers/1d00b5b4-dde4-4e45-a195-4989166a8eb5/add_router_interface => generated 309 bytes in 1851 msecs (HTTP/1.1 200) 4 headers in 157 bytes (1 switches on core 0)
2026-04-20 06:31:46.975 7 INFO neutron_taas.services.taas.taas_plugin [None req-9b320b1a-e65a-444f-84c9-b51529797850 5b125a8bbdcd42bca37f8acf3e37aa5b 79b7143f2144460ab66fc127bd402e10 - - default default] TaaS: Handle Delete Port: f2dd4b6f-35a1-41f3-9f04-7ae8a1916bec
2026-04-20 06:31:46.978 7 INFO neutron_taas.services.taas.tap_mirror_plugin [None req-9b320b1a-e65a-444f-84c9-b51529797850 5b125a8bbdcd42bca37f8acf3e37aa5b 79b7143f2144460ab66fc127bd402e10 - - default default] Tap Mirror: Handle Delete Port: f2dd4b6f-35a1-41f3-9f04-7ae8a1916bec
2026-04-20 06:31:46.991 8 INFO neutron.db.ovn_revision_numbers_db [None req-26d61741-7525-425a-b436-230e32df5e24 - - - - - -] Successfully bumped revision number for resource d4455461-e106-4b65-a299-1bb97adf48a7 (type: networks) to 1
2026-04-20 06:31:47.132 7 INFO neutron.services.segments.plugin [-] Segment 6267e0f0-dad7-45ff-813e-03c00b0c6adc resource provider aggregate not found
2026-04-20 06:31:47.140 7 INFO neutron.services.segments.plugin [-] Segment 6267e0f0-dad7-45ff-813e-03c00b0c6adc resource provider aggregate not found
2026-04-20 06:31:47.160 7 INFO neutron.services.segments.plugin [-] Segment 6267e0f0-dad7-45ff-813e-03c00b0c6adc resource provider not found; error: Placement Client Error (4xx): {"errors": [{"status": 404, "title": "Not Found", "detail": "The resource could not be found.\n\n No resource provider with uuid 6267e0f0-dad7-45ff-813e-03c00b0c6adc found for delete ", "request_id": "req-79b76bb7-ada2-4c54-89e8-5a98789f7dc6"}]}
2026-04-20 06:31:47.162 7 INFO neutron.services.segments.plugin [-] Segment 6267e0f0-dad7-45ff-813e-03c00b0c6adc resource provider not found; error: Placement Client Error (4xx): {"errors": [{"status": 404, "title": "Not Found", "detail": "The resource could not be found.\n\n No resource provider with uuid 6267e0f0-dad7-45ff-813e-03c00b0c6adc found for delete ", "request_id": "req-bdc9d793-6726-4cda-8862-fb51044cb7d6"}]} [pid: 7|app: 0|req: 678/1374] 10.0.0.214 () {32 vars in 726 bytes} [Mon Apr 20 06:31:46 2026] DELETE /v2.0/networks/32a3da4c-a357-4480-b2b0-aa15bbfa974f => generated 0 bytes in 310 msecs (HTTP/1.1 204) 3 headers in 131 bytes (1 switches on core 0)
2026-04-20 06:31:47.314 8 WARNING neutron.scheduler.dhcp_agent_scheduler [None req-26d61741-7525-425a-b436-230e32df5e24 - - - - - -] No more DHCP agents
2026-04-20 06:31:47.316 8 WARNING neutron.api.rpc.agentnotifiers.dhcp_rpc_agent_api [None req-26d61741-7525-425a-b436-230e32df5e24 - - - - - -] Unable to schedule network d4455461-e106-4b65-a299-1bb97adf48a7: no agents available; will retry on subsequent port and subnet creation events.
2026-04-20 06:31:47.348 8 INFO neutron.db.ovn_revision_numbers_db [None req-9499feed-b7be-4d4c-9a7d-de31a20dbddf - - - - - -] Successfully bumped revision number for resource fd42e987-fd17-4298-b085-430902bfdb39 (type: ports) to 2
2026-04-20 06:31:47.449 8 INFO neutron.db.ovn_revision_numbers_db [None req-26d61741-7525-425a-b436-230e32df5e24 - - - - - -] Successfully bumped revision number for resource a75d6707-b48b-477d-8b6e-b3b6e86e9d4a (type: ports) to 1
2026-04-20 06:31:47.468 7 INFO neutron_taas.services.taas.taas_plugin [None req-117c99ad-f468-4018-a0f8-012250ceca36 5b125a8bbdcd42bca37f8acf3e37aa5b 79b7143f2144460ab66fc127bd402e10 - - default default] TaaS: Handle Delete Port: b27e7649-291d-445f-9099-2fc39eb1fc8c
2026-04-20 06:31:47.470 7 INFO neutron_taas.services.taas.tap_mirror_plugin [None req-117c99ad-f468-4018-a0f8-012250ceca36 5b125a8bbdcd42bca37f8acf3e37aa5b 79b7143f2144460ab66fc127bd402e10 - - default default] Tap Mirror: Handle Delete Port: b27e7649-291d-445f-9099-2fc39eb1fc8c
2026-04-20 06:31:47.597 8 WARNING neutron.scheduler.dhcp_agent_scheduler [None req-26d61741-7525-425a-b436-230e32df5e24 - - - - - -] No more DHCP agents
2026-04-20 06:31:47.599 8 WARNING neutron.api.rpc.agentnotifiers.dhcp_rpc_agent_api [None req-26d61741-7525-425a-b436-230e32df5e24 - - - - - -] Unable to schedule network d4455461-e106-4b65-a299-1bb97adf48a7: no agents available; will retry on subsequent port and subnet creation events.
2026-04-20 06:31:47.620 8 INFO neutron.db.ovn_revision_numbers_db [None req-26d61741-7525-425a-b436-230e32df5e24 - - - - - -] Successfully bumped revision number for resource 0d4649f9-e4b6-4701-ac8e-0855c69ed3a7 (type: subnets) to 0
2026-04-20 06:31:48.015 8 WARNING neutron.scheduler.dhcp_agent_scheduler [None req-26d61741-7525-425a-b436-230e32df5e24 - - - - - -] No more DHCP agents
2026-04-20 06:31:48.016 8 WARNING neutron.api.rpc.agentnotifiers.dhcp_rpc_agent_api [None req-26d61741-7525-425a-b436-230e32df5e24 - - - - - -] Unable to schedule network d4455461-e106-4b65-a299-1bb97adf48a7: no agents available; will retry on subsequent port and subnet creation events.
2026-04-20 06:31:48.146 8 INFO neutron.db.ovn_revision_numbers_db [None req-26d61741-7525-425a-b436-230e32df5e24 - - - - - -] Successfully bumped revision number for resource e9ef2c6f-e201-40cc-907d-42a094fc8886 (type: ports) to 1 [pid: 7|app: 0|req: 679/1375] 10.0.0.214 () {34 vars in 789 bytes} [Mon Apr 20 06:31:47 2026] PUT /v2.0/routers/4f7c42f2-10ae-49e4-9e22-15a6c96f4253/remove_router_interface => generated 309 bytes in 969 msecs (HTTP/1.1 200) 4 headers in 157 bytes (1 switches on core 0) /var/lib/openstack/lib/python3.12/site-packages/pycadf/identifier.py:70: UserWarning: Invalid uuid: neutron. To ensure interoperability, identifiers should be a valid uuid. warnings.warn(('Invalid uuid: %s. To ensure interoperability, ' [pid: 7|app: 0|req: 682/1378] 10.0.0.214 () {32 vars in 649 bytes} [Mon Apr 20 06:31:48 2026] GET /v2.0/networks => generated 5393 bytes in 68 msecs (HTTP/1.1 200) 4 headers in 158 bytes (1 switches on core 0) [pid: 7|app: 0|req: 683/1379] 10.0.0.214 () {32 vars in 774 bytes} [Mon Apr 20 06:31:48 2026] GET /v2.0/security-groups?tenant_id=f02ef6ef20c2471683928ad3a900257d&name=default => generated 2925 bytes in 26 msecs (HTTP/1.1 200) 4 headers in 158 bytes (1 switches on core 0)
2026-04-20 06:31:48.519 7 INFO neutron_taas.services.taas.taas_plugin [None req-512cf40d-3b9e-415a-837a-28adff2a1306 5b125a8bbdcd42bca37f8acf3e37aa5b 79b7143f2144460ab66fc127bd402e10 - - default default] TaaS: Handle Delete Port: 566ca79d-8363-4641-9609-7e951c2da66b
2026-04-20 06:31:48.524 7 INFO neutron_taas.services.taas.tap_mirror_plugin [None req-512cf40d-3b9e-415a-837a-28adff2a1306 5b125a8bbdcd42bca37f8acf3e37aa5b 79b7143f2144460ab66fc127bd402e10 - - default default] Tap Mirror: Handle Delete Port: 566ca79d-8363-4641-9609-7e951c2da66b
2026-04-20 06:31:48.792 8 WARNING neutron.scheduler.dhcp_agent_scheduler [None req-26d61741-7525-425a-b436-230e32df5e24 - - - - - -] No more DHCP agents
2026-04-20 06:31:48.793 8 WARNING neutron.api.rpc.agentnotifiers.dhcp_rpc_agent_api [None req-26d61741-7525-425a-b436-230e32df5e24 - - - - - -] Unable to schedule network d4455461-e106-4b65-a299-1bb97adf48a7: no agents available; will retry on subsequent port and subnet creation events. [pid: 7|app: 0|req: 684/1380] 10.0.0.214 () {32 vars in 724 bytes} [Mon Apr 20 06:31:48 2026] DELETE /v2.0/routers/4f7c42f2-10ae-49e4-9e22-15a6c96f4253 => generated 0 bytes in 676 msecs (HTTP/1.1 204) 2 headers in 112 bytes (1 switches on core 0) [pid: 7|app: 0|req: 685/1381] 10.0.0.214 () {32 vars in 647 bytes} [Mon Apr 20 06:31:48 2026] GET /v2.0/subnets => generated 3983 bytes in 36 msecs (HTTP/1.1 200) 4 headers in 158 bytes (1 switches on core 0) [pid: 7|app: 0|req: 686/1382] 10.0.0.214 () {32 vars in 740 bytes} [Mon Apr 20 06:31:48 2026] DELETE /v2.0/security-groups/24d91b9a-dfdb-4aef-af36-f9e6f1627b07 => generated 0 bytes in 220 msecs (HTTP/1.1 204) 2 headers in 112 bytes (1 switches on core 0)
2026-04-20 06:31:49.251 8 INFO neutron.db.ovn_revision_numbers_db [None req-26d61741-7525-425a-b436-230e32df5e24 - - - - - -] Successfully bumped revision number for resource e9ef2c6f-e201-40cc-907d-42a094fc8886 (type: router_ports) to 1 [pid: 7|app: 0|req: 687/1383] 10.0.0.214 () {32 vars in 724 bytes} [Mon Apr 20 06:31:49 2026] DELETE /v2.0/subnets/ff12c26c-9603-4d6a-a4e1-2f4ab07d13e8 => generated 0 bytes in 233 msecs (HTTP/1.1 204) 3 headers in 131 bytes (1 switches on core 0)
2026-04-20 06:31:49.468 8 WARNING neutron.scheduler.dhcp_agent_scheduler [None req-26d61741-7525-425a-b436-230e32df5e24 - - - - - -] No more DHCP agents
2026-04-20 06:31:49.470 8 WARNING neutron.api.rpc.agentnotifiers.dhcp_rpc_agent_api [None req-26d61741-7525-425a-b436-230e32df5e24 - - - - - -] Unable to schedule network d4455461-e106-4b65-a299-1bb97adf48a7: no agents available; will retry on subsequent port and subnet creation events. [pid: 7|app: 0|req: 688/1384] 10.0.0.214 () {32 vars in 647 bytes} [Mon Apr 20 06:31:49 2026] GET /v2.0/routers => generated 1918 bytes in 70 msecs (HTTP/1.1 200) 4 headers in 158 bytes (1 switches on core 0)
2026-04-20 06:31:49.669 8 INFO neutron.db.ovn_revision_numbers_db [None req-26d61741-7525-425a-b436-230e32df5e24 - - - - - -] Successfully bumped revision number for resource eba751f1-98d0-4af4-94ce-3de304269397 (type: ports) to 1
2026-04-20 06:31:49.679 7 INFO neutron_taas.services.taas.taas_plugin [None req-1be7b3bc-bd10-4bd5-bb2c-6573bd99469c 5b125a8bbdcd42bca37f8acf3e37aa5b 79b7143f2144460ab66fc127bd402e10 - - default default] TaaS: Handle Delete Port: 75811c01-a206-4460-a1cb-1cf90b3449d7
2026-04-20 06:31:49.683 7 INFO neutron_taas.services.taas.tap_mirror_plugin [None req-1be7b3bc-bd10-4bd5-bb2c-6573bd99469c 5b125a8bbdcd42bca37f8acf3e37aa5b 79b7143f2144460ab66fc127bd402e10 - - default default] Tap Mirror: Handle Delete Port: 75811c01-a206-4460-a1cb-1cf90b3449d7
2026-04-20 06:31:49.859 7 INFO neutron.services.segments.plugin [-] Segment bd180b74-c8e5-4769-95f4-fb5f0acd8fc9 resource provider aggregate not found
2026-04-20 06:31:49.862 7 INFO neutron.services.segments.plugin [-] Segment bd180b74-c8e5-4769-95f4-fb5f0acd8fc9 resource provider aggregate not found
2026-04-20 06:31:49.881 7 INFO neutron.services.segments.plugin [-] Segment bd180b74-c8e5-4769-95f4-fb5f0acd8fc9 resource provider not found; error: Placement Client Error (4xx): {"errors": [{"status": 404, "title": "Not Found", "detail": "The resource could not be found.\n\n No resource provider with uuid bd180b74-c8e5-4769-95f4-fb5f0acd8fc9 found for delete ", "request_id": "req-c8c233d9-b777-4ca2-8c2a-93d9503c355b"}]}
2026-04-20 06:31:49.882 7 INFO neutron.services.segments.plugin [-] Segment bd180b74-c8e5-4769-95f4-fb5f0acd8fc9 resource provider not found; error: Placement Client Error (4xx): {"errors": [{"status": 404, "title": "Not Found", "detail": "The resource could not be found.\n\n No resource provider with uuid bd180b74-c8e5-4769-95f4-fb5f0acd8fc9 found for delete ", "request_id": "req-187c06c4-dfbd-4869-8045-3ea77f3ffde1"}]}
2026-04-20 06:31:49.916 8 INFO neutron.db.ovn_revision_numbers_db [None req-26d61741-7525-425a-b436-230e32df5e24 - - - - - -] Successfully bumped revision number for resource eba751f1-98d0-4af4-94ce-3de304269397 (type: ports) to 3 [pid: 7|app: 0|req: 689/1385] 10.0.0.214 () {32 vars in 726 bytes} [Mon Apr 20 06:31:49 2026] DELETE /v2.0/networks/c9f47395-7c44-4597-9ca3-ec9d58dd74ff => generated 0 bytes in 465 msecs (HTTP/1.1 204) 3 headers in 131 bytes (1 switches on core 0)
2026-04-20 06:31:50.089 7 INFO neutron.db.ovn_revision_numbers_db [None req-1136be82-f69b-405a-b88d-38da8c31e5a3 ac89a45f82c9464397c0546181428cd8 93f606efb07c47c6bfcbafe08e3540a8 - - default default] Successfully bumped revision number for resource 952ad879-df93-43da-bf1c-cda406cfe846 (type: security_groups) to 1
2026-04-20 06:31:50.103 7 INFO neutron.db.ovn_revision_numbers_db [None req-1136be82-f69b-405a-b88d-38da8c31e5a3 ac89a45f82c9464397c0546181428cd8 93f606efb07c47c6bfcbafe08e3540a8 - - default default] Successfully bumped revision number for resource 56a6b7d7-a03b-4063-86ae-84ede43be88e (type: security_group_rules) to 0
2026-04-20 06:31:50.115 7 INFO neutron.db.ovn_revision_numbers_db [None req-1136be82-f69b-405a-b88d-38da8c31e5a3 ac89a45f82c9464397c0546181428cd8 93f606efb07c47c6bfcbafe08e3540a8 - - default default] Successfully bumped revision number for resource b7a0a14a-79a7-4b50-9360-cc86830e9ce8 (type: security_group_rules) to 0 [pid: 7|app: 0|req: 690/1386] 10.0.0.214 () {34 vars in 685 bytes} [Mon Apr 20 06:31:49 2026] POST /v2.0/security-groups => generated 1675 bytes in 193 msecs (HTTP/1.1 201) 4 headers in 163 bytes (1 switches on core 0) [pid: 8|app: 0|req: 697/1387] 10.0.0.214 () {34 vars in 685 bytes} [Mon Apr 20 06:31:44 2026] POST /v2.0/vpn/vpnservices => generated 457 bytes in 5250 msecs (HTTP/1.1 201) 4 headers in 162 bytes (1 switches on core 0) [pid: 7|app: 0|req: 691/1388] 10.0.0.214 () {32 vars in 774 bytes} [Mon Apr 20 06:31:50 2026] GET /v2.0/security-groups?tenant_id=1332d0841953477fa6bb5362e49d9560&name=default => generated 2925 bytes in 23 msecs (HTTP/1.1 200) 4 headers in 158 bytes (1 switches on core 0)
2026-04-20 06:31:50.257 7 WARNING neutron.plugins.ml2.drivers.ovn.mech_driver.ovsdb.ovn_client [None req-4b9fa147-9c46-4ec2-b75f-bd314039ce32 - - - - - -] No hosting information found for port afef4900-c447-451a-bb16-41d07bae200f: RuntimeError: No hosting information found for port afef4900-c447-451a-bb16-41d07bae200f
