2026-04-20 06:33:26.685 8 INFO neutron_taas.services.taas.tap_mirror_plugin [None req-0ed2871f-7a88-45a0-9c4f-db9408888572 ac89a45f82c9464397c0546181428cd8 93f606efb07c47c6bfcbafe08e3540a8 - - default default] Tap Mirror: Handle Delete Port: eabff48b-2c71-49e6-97a7-7b5b3b1f3943
2026-04-20 06:33:26.756 7 INFO neutron.db.ovn_revision_numbers_db [None req-992dfb67-265f-4196-9dfa-1c80b70bfc7b - - - - - -] Successfully bumped revision number for resource 72338fc8-e45f-40db-968e-5ef3a5980003 (type: ports) to 2
2026-04-20 06:33:26.782 7 INFO neutron.db.ovn_revision_numbers_db [None req-992dfb67-265f-4196-9dfa-1c80b70bfc7b - - - - - -] Successfully bumped revision number for resource f9eb1bf5-2a03-42a7-a4cf-fa733cc67c36 (type: subnets) to 0 [pid: 7|app: 0|req: 1012/1951] 10.0.0.214 () {34 vars in 669 bytes} [Mon Apr 20 06:33:26 2026] POST /v2.0/subnets => generated 657 bytes in 592 msecs (HTTP/1.1 201) 4 headers in 162 bytes (1 switches on core 0) [pid: 8|app: 0|req: 940/1952] 10.0.0.214 () {32 vars in 732 bytes} [Mon Apr 20 06:33:26 2026] DELETE /v2.0/floatingips/0c4d3782-f192-47be-83ba-fc4533ad95fa => generated 0 bytes in 279 msecs (HTTP/1.1 204) 2 headers in 112 bytes (1 switches on core 0)
2026-04-20 06:33:26.895 7 INFO neutron.db.ovn_revision_numbers_db [None req-889e6b66-09d8-44fd-94b8-b9c9c17e807d 8389dbff848e4d13a8e62ceb910e8df2 9a78d4910f3247ee99f6441fa32127d8 - - default default] Successfully bumped revision number for resource fff4b01f-05dd-4ebf-9d5f-01036d925f47 (type: security_group_rules) to 0 [pid: 7|app: 0|req: 1013/1953] 10.0.0.214 () {34 vars in 695 bytes} [Mon Apr 20 06:33:26 2026] POST /v2.0/security-group-rules => generated 601 bytes in 128 msecs (HTTP/1.1 201) 4 headers in 162 bytes (1 switches on core 0) [pid: 7|app: 0|req: 1014/1954] 10.0.0.214 () {32 vars in 747 bytes} [Mon Apr 20 06:33:26 2026] GET /v2.0/security-group-rules/fff4b01f-05dd-4ebf-9d5f-01036d925f47 => generated 601 bytes in 15 msecs (HTTP/1.1 200) 4 headers in 157 bytes (1 switches on core 0) [pid: 7|app: 0|req: 1015/1955] 10.0.0.214 () {32 vars in 673 bytes} [Mon Apr 20 06:33:26 2026] GET /v2.0/security-group-rules => generated 4138 bytes in 55 msecs (HTTP/1.1 200) 4 headers in 158 bytes (1 switches on core 0) [pid: 8|app: 0|req: 941/1956] 10.0.0.214 () {32 vars in 722 bytes} [Mon Apr 20 06:33:26 2026] GET /v2.0/subnetpools?name=shared-default-subnetpool-v6 => generated 19 bytes in 151 msecs (HTTP/1.1 200) 4 headers in 156 bytes (1 switches on core 0) [pid: 7|app: 0|req: 1016/1957] 10.0.0.153 () {34 vars in 990 bytes} [Mon Apr 20 06:33:27 2026] GET /v2.0/ports?device_id=5b7f6601-1bfb-4c86-b7f7-d41726ef7f4d => generated 975 bytes in 77 msecs (HTTP/1.1 200) 4 headers in 157 bytes (1 switches on core 0) [pid: 8|app: 0|req: 942/1958] 10.0.0.214 () {32 vars in 750 bytes} [Mon Apr 20 06:33:27 2026] DELETE /v2.0/security-group-rules/fff4b01f-05dd-4ebf-9d5f-01036d925f47 => generated 0 bytes in 99 msecs (HTTP/1.1 204) 2 headers in 112 bytes (1 switches on core 0) [pid: 8|app: 0|req: 943/1959] 10.0.0.153 () {34 vars in 1040 bytes} [Mon Apr 20 06:33:27 2026] GET /v2.0/security-groups?id=952ad879-df93-43da-bf1c-cda406cfe846&fields=id&fields=name => generated 114 bytes in 26 msecs (HTTP/1.1 200) 4 headers in 157 bytes (1 switches on core 0)
2026-04-20 06:33:27.258 7 WARNING neutron.scheduler.dhcp_agent_scheduler [None req-ed261005-3d7a-4700-a9b4-bb138ebc1abe 6feb2d2b4acf436a9b0944f04174ef7f 83ec142519334eb4b0ffb2a7f331d900 - - default default] No more DHCP agents
2026-04-20 06:33:27.259 7 WARNING neutron.api.rpc.agentnotifiers.dhcp_rpc_agent_api [None req-ed261005-3d7a-4700-a9b4-bb138ebc1abe 6feb2d2b4acf436a9b0944f04174ef7f 83ec142519334eb4b0ffb2a7f331d900 - - default default] Unable to schedule network ee633c4b-9644-46bf-bb6a-272a1628d4ac: no agents available; will retry on subsequent port and subnet creation events.
2026-04-20 06:33:27.281 8 INFO neutron.db.ovn_revision_numbers_db [None req-6bb1afa3-8f10-4087-b75d-c003db9542f9 5b125a8bbdcd42bca37f8acf3e37aa5b 79b7143f2144460ab66fc127bd402e10 - - default default] Successfully bumped revision number for resource 99881568-0a6e-467e-a5c9-b26daab528d5 (type: security_groups) to 1
2026-04-20 06:33:27.289 7 INFO neutron.db.ovn_revision_numbers_db [None req-ed261005-3d7a-4700-a9b4-bb138ebc1abe 6feb2d2b4acf436a9b0944f04174ef7f 83ec142519334eb4b0ffb2a7f331d900 - - default default] Successfully bumped revision number for resource 02792fa1-3339-4b3f-bae4-561092673043 (type: subnets) to 0
2026-04-20 06:33:27.294 8 INFO neutron.db.ovn_revision_numbers_db [None req-6bb1afa3-8f10-4087-b75d-c003db9542f9 5b125a8bbdcd42bca37f8acf3e37aa5b 79b7143f2144460ab66fc127bd402e10 - - default default] Successfully bumped revision number for resource 84a7a557-6e74-421f-abe1-bd7ffa68d095 (type: security_group_rules) to 0 [pid: 7|app: 0|req: 1017/1960] 10.0.0.214 () {34 vars in 669 bytes} [Mon Apr 20 06:33:27 2026] POST /v2.0/subnets => generated 732 bytes in 224 msecs (HTTP/1.1 201) 4 headers in 162 bytes (1 switches on core 0)
2026-04-20 06:33:27.307 8 INFO neutron.db.ovn_revision_numbers_db [None req-6bb1afa3-8f10-4087-b75d-c003db9542f9 5b125a8bbdcd42bca37f8acf3e37aa5b 79b7143f2144460ab66fc127bd402e10 - - default default] Successfully bumped revision number for resource b18628d8-3e03-4f00-a88e-37650a1426cf (type: security_group_rules) to 0
2026-04-20 06:33:27.320 8 INFO neutron.db.ovn_revision_numbers_db [None req-6bb1afa3-8f10-4087-b75d-c003db9542f9 5b125a8bbdcd42bca37f8acf3e37aa5b 79b7143f2144460ab66fc127bd402e10 - - default default] Successfully bumped revision number for resource b3cc31b7-bd9a-4138-9de0-6054edde5572 (type: security_group_rules) to 0
2026-04-20 06:33:27.334 8 INFO neutron.db.ovn_revision_numbers_db [None req-6bb1afa3-8f10-4087-b75d-c003db9542f9 5b125a8bbdcd42bca37f8acf3e37aa5b 79b7143f2144460ab66fc127bd402e10 - - default default] Successfully bumped revision number for resource f47a1bdc-ad53-46dd-b9de-81578c060e17 (type: security_group_rules) to 0 [pid: 7|app: 0|req: 1018/1961] 10.0.0.214 () {32 vars in 673 bytes} [Mon Apr 20 06:33:27 2026] GET /v2.0/security-group-rules => generated 3560 bytes in 43 msecs (HTTP/1.1 200) 4 headers in 158 bytes (1 switches on core 0)
2026-04-20 06:33:27.401 8 INFO neutron.db.segments_db [None req-6bb1afa3-8f10-4087-b75d-c003db9542f9 5b125a8bbdcd42bca37f8acf3e37aa5b 79b7143f2144460ab66fc127bd402e10 - - default default] Added segment d3d1c41d-96c5-4b2e-98e0-e98d145e0f5f of type geneve for network f6c65434-b1a0-442c-a93e-63f3e58e89d5
2026-04-20 06:33:27.431 7 INFO neutron.db.segments_db [None req-183f97e4-0b0f-407d-bc08-5eee4a6e4127 6feb2d2b4acf436a9b0944f04174ef7f 83ec142519334eb4b0ffb2a7f331d900 - - default default] Added segment c5e9301d-11cf-47e8-a7eb-ead071987e6c of type geneve for network 6a7fa978-68dc-49dc-b8eb-ebb00f880eb5
2026-04-20 06:33:27.506 8 INFO neutron.db.ovn_revision_numbers_db [None req-6bb1afa3-8f10-4087-b75d-c003db9542f9 5b125a8bbdcd42bca37f8acf3e37aa5b 79b7143f2144460ab66fc127bd402e10 - - default default] Successfully bumped revision number for resource f6c65434-b1a0-442c-a93e-63f3e58e89d5 (type: networks) to 1
2026-04-20 06:33:27.532 7 INFO neutron.db.ovn_revision_numbers_db [None req-183f97e4-0b0f-407d-bc08-5eee4a6e4127 6feb2d2b4acf436a9b0944f04174ef7f 83ec142519334eb4b0ffb2a7f331d900 - - default default] Successfully bumped revision number for resource 6a7fa978-68dc-49dc-b8eb-ebb00f880eb5 (type: networks) to 1
2026-04-20 06:33:27.649 8 WARNING neutron.scheduler.dhcp_agent_scheduler [None req-6bb1afa3-8f10-4087-b75d-c003db9542f9 5b125a8bbdcd42bca37f8acf3e37aa5b 79b7143f2144460ab66fc127bd402e10 - - default default] No more DHCP agents
2026-04-20 06:33:27.650 8 WARNING neutron.api.rpc.agentnotifiers.dhcp_rpc_agent_api [None req-6bb1afa3-8f10-4087-b75d-c003db9542f9 5b125a8bbdcd42bca37f8acf3e37aa5b 79b7143f2144460ab66fc127bd402e10 - - default default] Unable to schedule network f6c65434-b1a0-442c-a93e-63f3e58e89d5: no agents available; will retry on subsequent port and subnet creation events.
2026-04-20 06:33:27.686 7 WARNING neutron.scheduler.dhcp_agent_scheduler [None req-183f97e4-0b0f-407d-bc08-5eee4a6e4127 6feb2d2b4acf436a9b0944f04174ef7f 83ec142519334eb4b0ffb2a7f331d900 - - default default] No more DHCP agents
2026-04-20 06:33:27.690 7 WARNING neutron.api.rpc.agentnotifiers.dhcp_rpc_agent_api [None req-183f97e4-0b0f-407d-bc08-5eee4a6e4127 6feb2d2b4acf436a9b0944f04174ef7f 83ec142519334eb4b0ffb2a7f331d900 - - default default] Unable to schedule network 6a7fa978-68dc-49dc-b8eb-ebb00f880eb5: no agents available; will retry on subsequent port and subnet creation events.
2026-04-20 06:33:27.699 7 INFO neutron.plugins.ml2.drivers.ovn.mech_driver.mech_driver [None req-a1c36b6d-63c2-4267-8bb3-c34ed17e60a7 - - - - - -] OVN reports status down for port: f9e04bdc-40f7-4de3-be92-58253a79ae14
2026-04-20 06:33:27.729 8 INFO neutron.db.ovn_revision_numbers_db [None req-6bb1afa3-8f10-4087-b75d-c003db9542f9 5b125a8bbdcd42bca37f8acf3e37aa5b 79b7143f2144460ab66fc127bd402e10 - - default default] Successfully bumped revision number for resource f9e04bdc-40f7-4de3-be92-58253a79ae14 (type: ports) to 1 [pid: 8|app: 0|req: 944/1962] 10.0.0.214 () {34 vars in 671 bytes} [Mon Apr 20 06:33:27 2026] POST /v2.0/networks => generated 763 bytes in 614 msecs (HTTP/1.1 201) 4 headers in 162 bytes (1 switches on core 0)
2026-04-20 06:33:27.807 8 INFO neutron.db.securitygroups_db [None req-c6b63a09-c115-41a2-81b9-861652838b76 8389dbff848e4d13a8e62ceb910e8df2 9a78d4910f3247ee99f6441fa32127d8 - - default default] Project 9a78d4910f3247ee99f6441fa32127d8 added a security group rule with legacy IPv6 ICMP protocol name icmp, ipv6-icmp should be used instead. It was automatically converted.
2026-04-20 06:33:27.829 7 INFO neutron.db.ovn_revision_numbers_db [None req-183f97e4-0b0f-407d-bc08-5eee4a6e4127 6feb2d2b4acf436a9b0944f04174ef7f 83ec142519334eb4b0ffb2a7f331d900 - - default default] Successfully bumped revision number for resource a69ddcdf-ecbe-4e79-b81a-b3892df4508b (type: ports) to 1
2026-04-20 06:33:27.833 7 INFO neutron.plugins.ml2.drivers.ovn.mech_driver.mech_driver [None req-a1c36b6d-63c2-4267-8bb3-c34ed17e60a7 - - - - - -] OVN reports status down for port: a69ddcdf-ecbe-4e79-b81a-b3892df4508b [pid: 7|app: 0|req: 1019/1963] 10.0.0.214 () {34 vars in 670 bytes} [Mon Apr 20 06:33:27 2026] POST /v2.0/networks => generated 657 bytes in 525 msecs (HTTP/1.1 201) 4 headers in 162 bytes (1 switches on core 0)
2026-04-20 06:33:27.881 8 INFO neutron.db.ovn_revision_numbers_db [None req-c6b63a09-c115-41a2-81b9-861652838b76 8389dbff848e4d13a8e62ceb910e8df2 9a78d4910f3247ee99f6441fa32127d8 - - default default] Successfully bumped revision number for resource 7794fc18-870b-4061-bce5-cb789f8bea4e (type: security_group_rules) to 0 [pid: 8|app: 0|req: 945/1964] 10.0.0.214 () {34 vars in 695 bytes} [Mon Apr 20 06:33:27 2026] POST /v2.0/security-group-rules => generated 607 bytes in 158 msecs (HTTP/1.1 201) 4 headers in 162 bytes (1 switches on core 0)
2026-04-20 06:33:28.026 7 WARNING neutron.scheduler.dhcp_agent_scheduler [None req-7de0dae6-51d8-49be-a564-9143c583dfde 5b125a8bbdcd42bca37f8acf3e37aa5b 79b7143f2144460ab66fc127bd402e10 - - default default] No more DHCP agents
2026-04-20 06:33:28.028 7 WARNING neutron.api.rpc.agentnotifiers.dhcp_rpc_agent_api [None req-7de0dae6-51d8-49be-a564-9143c583dfde 5b125a8bbdcd42bca37f8acf3e37aa5b 79b7143f2144460ab66fc127bd402e10 - - default default] Unable to schedule network f6c65434-b1a0-442c-a93e-63f3e58e89d5: no agents available; will retry on subsequent port and subnet creation events.
2026-04-20 06:33:28.050 7 INFO neutron.plugins.ml2.drivers.ovn.mech_driver.mech_driver [None req-a1c36b6d-63c2-4267-8bb3-c34ed17e60a7 - - - - - -] OVN reports status down for port: 120ed29e-69c4-487e-8083-0fa76185d061
2026-04-20 06:33:28.079 8 WARNING neutron.scheduler.dhcp_agent_scheduler [None req-4f2a70d2-68e2-4d11-b18e-211786303dad 6feb2d2b4acf436a9b0944f04174ef7f 83ec142519334eb4b0ffb2a7f331d900 - - default default] No more DHCP agents
2026-04-20 06:33:28.080 8 WARNING neutron.api.rpc.agentnotifiers.dhcp_rpc_agent_api [None req-4f2a70d2-68e2-4d11-b18e-211786303dad 6feb2d2b4acf436a9b0944f04174ef7f 83ec142519334eb4b0ffb2a7f331d900 - - default default] Unable to schedule network 6a7fa978-68dc-49dc-b8eb-ebb00f880eb5: no agents available; will retry on subsequent port and subnet creation events.
2026-04-20 06:33:28.298 7 INFO neutron.notifiers.nova [-] Nova event matching ['req-2d2ddffe-ed21-41da-bf7d-1a0517afd5da'] response: {'server_uuid': '5b7f6601-1bfb-4c86-b7f7-d41726ef7f4d', 'name': 'network-vif-unplugged', 'status': 'completed', 'tag': '120ed29e-69c4-487e-8083-0fa76185d061', 'code': 200}
2026-04-20 06:33:28.481 8 INFO neutron.db.ovn_revision_numbers_db [None req-204a55b8-6dc7-41a0-a8d0-c8830054dcfe - - - - - -] Successfully bumped revision number for resource a69ddcdf-ecbe-4e79-b81a-b3892df4508b (type: ports) to 2
2026-04-20 06:33:28.515 8 INFO neutron.db.ovn_revision_numbers_db [None req-204a55b8-6dc7-41a0-a8d0-c8830054dcfe - - - - - -] Successfully bumped revision number for resource 28bd9388-1aae-4b8b-9095-83d6fc0b2e93 (type: subnets) to 0
2026-04-20 06:33:28.519 7 INFO neutron.db.ovn_revision_numbers_db [None req-a1c36b6d-63c2-4267-8bb3-c34ed17e60a7 - - - - - -] Successfully bumped revision number for resource 120ed29e-69c4-487e-8083-0fa76185d061 (type: ports) to 6 [pid: 8|app: 0|req: 946/1965] 10.0.0.214 () {34 vars in 669 bytes} [Mon Apr 20 06:33:27 2026] POST /v2.0/subnets => generated 656 bytes in 620 msecs (HTTP/1.1 201) 4 headers in 162 bytes (1 switches on core 0) [pid: 8|app: 0|req: 947/1966] 10.0.0.214 () {32 vars in 747 bytes} [Mon Apr 20 06:33:28 2026] GET /v2.0/security-group-rules/7794fc18-870b-4061-bce5-cb789f8bea4e => generated 607 bytes in 17 msecs (HTTP/1.1 200) 4 headers in 157 bytes (1 switches on core 0) [pid: 8|app: 0|req: 948/1967] 10.0.0.153 () {34 vars in 990 bytes} [Mon Apr 20 06:33:28 2026] GET /v2.0/ports?device_id=5b7f6601-1bfb-4c86-b7f7-d41726ef7f4d => generated 973 bytes in 84 msecs (HTTP/1.1 200) 4 headers in 157 bytes (1 switches on core 0)
2026-04-20 06:33:28.709 7 INFO neutron.db.ovn_revision_numbers_db [None req-ea6a4ee9-b438-4b84-bf8a-ce8f2cb77846 - - - - - -] Successfully bumped revision number for resource f9e04bdc-40f7-4de3-be92-58253a79ae14 (type: ports) to 2
2026-04-20 06:33:28.744 7 INFO neutron.db.ovn_revision_numbers_db [None req-ea6a4ee9-b438-4b84-bf8a-ce8f2cb77846 - - - - - -] Successfully bumped revision number for resource ab9647e8-e569-4dc0-9110-261a57c43818 (type: subnets) to 0 [pid: 7|app: 0|req: 1020/1968] 10.0.0.214 () {34 vars in 669 bytes} [Mon Apr 20 06:33:27 2026] POST /v2.0/subnets => generated 688 bytes in 885 msecs (HTTP/1.1 201) 4 headers in 162 bytes (1 switches on core 0) /var/lib/openstack/lib/python3.12/site-packages/pycadf/identifier.py:70: UserWarning: Invalid uuid: neutron. To ensure interoperability, identifiers should be a valid uuid. warnings.warn(('Invalid uuid: %s. To ensure interoperability, '
2026-04-20 06:33:28.802 8 WARNING neutron.scheduler.dhcp_agent_scheduler [None req-26500029-4023-4b95-899f-faa1b6ba4024 6feb2d2b4acf436a9b0944f04174ef7f 83ec142519334eb4b0ffb2a7f331d900 - - default default] No more DHCP agents
2026-04-20 06:33:28.803 8 WARNING neutron.api.rpc.agentnotifiers.dhcp_rpc_agent_api [None req-26500029-4023-4b95-899f-faa1b6ba4024 6feb2d2b4acf436a9b0944f04174ef7f 83ec142519334eb4b0ffb2a7f331d900 - - default default] Unable to schedule network 6a7fa978-68dc-49dc-b8eb-ebb00f880eb5: no agents available; will retry on subsequent port and subnet creation events. [pid: 7|app: 0|req: 1021/1969] 10.0.0.214 () {32 vars in 673 bytes} [Mon Apr 20 06:33:28 2026] GET /v2.0/security-group-rules => generated 4144 bytes in 49 msecs (HTTP/1.1 200) 4 headers in 158 bytes (1 switches on core 0)
2026-04-20 06:33:28.827 8 INFO neutron.db.ovn_revision_numbers_db [None req-26500029-4023-4b95-899f-faa1b6ba4024 6feb2d2b4acf436a9b0944f04174ef7f 83ec142519334eb4b0ffb2a7f331d900 - - default default] Successfully bumped revision number for resource 72c96a76-6880-4dcb-ac52-0b30cca54cbd (type: subnets) to 0 [pid: 7|app: 0|req: 1022/1970] 10.0.0.153 () {34 vars in 1040 bytes} [Mon Apr 20 06:33:28 2026] GET /v2.0/security-groups?id=952ad879-df93-43da-bf1c-cda406cfe846&fields=id&fields=name => generated 114 bytes in 21 msecs (HTTP/1.1 200) 4 headers in 157 bytes (1 switches on core 0) [pid: 8|app: 0|req: 949/1971] 10.0.0.214 () {34 vars in 669 bytes} [Mon Apr 20 06:33:28 2026] POST /v2.0/subnets => generated 725 bytes in 210 msecs (HTTP/1.1 201) 4 headers in 162 bytes (1 switches on core 0) [pid: 8|app: 0|req: 950/1972] 10.0.0.214 () {32 vars in 750 bytes} [Mon Apr 20 06:33:28 2026] DELETE /v2.0/security-group-rules/7794fc18-870b-4061-bce5-cb789f8bea4e => generated 0 bytes in 86 msecs (HTTP/1.1 204) 2 headers in 112 bytes (1 switches on core 0)
2026-04-20 06:33:29.007 8 INFO neutron.db.segments_db [None req-f9d88274-f97a-4504-9745-4fafc700fdfc 6feb2d2b4acf436a9b0944f04174ef7f 83ec142519334eb4b0ffb2a7f331d900 - - default default] Added segment 20650a45-c328-4c8f-aa14-c9f6b56842ae of type geneve for network 7bd7fb73-371c-472d-9791-f6864609c3dd
2026-04-20 06:33:29.110 8 INFO neutron.db.ovn_revision_numbers_db [None req-f9d88274-f97a-4504-9745-4fafc700fdfc 6feb2d2b4acf436a9b0944f04174ef7f 83ec142519334eb4b0ffb2a7f331d900 - - default default] Successfully bumped revision number for resource 7bd7fb73-371c-472d-9791-f6864609c3dd (type: networks) to 1
2026-04-20 06:33:29.183 7 WARNING neutron.scheduler.dhcp_agent_scheduler [None req-4ad70fc4-ea79-4725-ad80-f82349e9ccaf 5b125a8bbdcd42bca37f8acf3e37aa5b 79b7143f2144460ab66fc127bd402e10 - - default default] No more DHCP agents
2026-04-20 06:33:29.184 7 WARNING neutron.api.rpc.agentnotifiers.dhcp_rpc_agent_api [None req-4ad70fc4-ea79-4725-ad80-f82349e9ccaf 5b125a8bbdcd42bca37f8acf3e37aa5b 79b7143f2144460ab66fc127bd402e10 - - default default] Unable to schedule network 129b1456-abf4-48bc-8dbc-ecf6194a0b01: no agents available; will retry on subsequent port and subnet creation events.
2026-04-20 06:33:29.290 8 WARNING neutron.scheduler.dhcp_agent_scheduler [None req-f9d88274-f97a-4504-9745-4fafc700fdfc 6feb2d2b4acf436a9b0944f04174ef7f 83ec142519334eb4b0ffb2a7f331d900 - - default default] No more DHCP agents
2026-04-20 06:33:29.293 8 WARNING neutron.api.rpc.agentnotifiers.dhcp_rpc_agent_api [None req-f9d88274-f97a-4504-9745-4fafc700fdfc 6feb2d2b4acf436a9b0944f04174ef7f 83ec142519334eb4b0ffb2a7f331d900 - - default default] Unable to schedule network 7bd7fb73-371c-472d-9791-f6864609c3dd: no agents available; will retry on subsequent port and subnet creation events.
2026-04-20 06:33:29.307 7 INFO neutron.db.ovn_revision_numbers_db [None req-4ad70fc4-ea79-4725-ad80-f82349e9ccaf 5b125a8bbdcd42bca37f8acf3e37aa5b 79b7143f2144460ab66fc127bd402e10 - - default default] Successfully bumped revision number for resource 771df3ad-34b1-4276-85b8-c3b10bde45f7 (type: ports) to 1
2026-04-20 06:33:29.385 8 INFO neutron.db.ovn_revision_numbers_db [None req-f9d88274-f97a-4504-9745-4fafc700fdfc 6feb2d2b4acf436a9b0944f04174ef7f 83ec142519334eb4b0ffb2a7f331d900 - - default default] Successfully bumped revision number for resource 169d243d-3a2b-400c-bbbf-6ad2ab1dd717 (type: ports) to 1 [pid: 8|app: 0|req: 951/1973] 10.0.0.214 () {34 vars in 670 bytes} [Mon Apr 20 06:33:28 2026] POST /v2.0/networks => generated 655 bytes in 477 msecs (HTTP/1.1 201) 4 headers in 162 bytes (1 switches on core 0) [pid: 8|app: 0|req: 952/1974] 10.0.0.214 () {32 vars in 673 bytes} [Mon Apr 20 06:33:29 2026] GET /v2.0/security-group-rules => generated 3560 bytes in 69 msecs (HTTP/1.1 200) 4 headers in 158 bytes (1 switches on core 0) [pid: 8|app: 0|req: 953/1975] 199.19.213.200 () {34 vars in 994 bytes} [Mon Apr 20 06:33:29 2026] GET /v2.0/ports?device_id=5b7f6601-1bfb-4c86-b7f7-d41726ef7f4d => generated 973 bytes in 36 msecs (HTTP/1.1 200) 4 headers in 157 bytes (1 switches on core 0)
2026-04-20 06:33:29.681 8 WARNING neutron.scheduler.dhcp_agent_scheduler [None req-fa40917d-b1eb-4a40-9c62-3f5a23e23785 6feb2d2b4acf436a9b0944f04174ef7f 83ec142519334eb4b0ffb2a7f331d900 - - default default] No more DHCP agents
2026-04-20 06:33:29.682 8 WARNING neutron.api.rpc.agentnotifiers.dhcp_rpc_agent_api [None req-fa40917d-b1eb-4a40-9c62-3f5a23e23785 6feb2d2b4acf436a9b0944f04174ef7f 83ec142519334eb4b0ffb2a7f331d900 - - default default] Unable to schedule network 7bd7fb73-371c-472d-9791-f6864609c3dd: no agents available; will retry on subsequent port and subnet creation events.
2026-04-20 06:33:29.865 7 INFO neutron.plugins.ml2.drivers.ovn.mech_driver.ovsdb.commands [None req-205c0835-3b2a-4c14-be4a-5a9c81d5760a - - - - - -] Schedule LRP lrp-771df3ad-34b1-4276-85b8-c3b10bde45f7 on gateway 684766bb-9cf5-4455-8b2f-31b3d11b3907 with priority 1
2026-04-20 06:33:29.890 7 INFO neutron.plugins.ml2.drivers.ovn.mech_driver.ovsdb.ovsdb_monitor [None req-90e97ade-83d7-4d74-b07f-deb78dee8c10 - - - - - -] Router 1fbc3239-3b2f-481f-ac64-71e5a7993745 is bound to host instance
2026-04-20 06:33:29.989 7 INFO neutron.db.ovn_revision_numbers_db [None req-4ad70fc4-ea79-4725-ad80-f82349e9ccaf 5b125a8bbdcd42bca37f8acf3e37aa5b 79b7143f2144460ab66fc127bd402e10 - - default default] Successfully bumped revision number for resource 771df3ad-34b1-4276-85b8-c3b10bde45f7 (type: router_ports) to 1
2026-04-20 06:33:30.121 8 INFO neutron.db.ovn_revision_numbers_db [None req-17edfe9b-32bd-40d1-8d1b-469c4383e2ef - - - - - -] Successfully bumped revision number for resource 169d243d-3a2b-400c-bbbf-6ad2ab1dd717 (type: ports) to 2
2026-04-20 06:33:30.128 7 INFO neutron.db.ovn_revision_numbers_db [None req-4ad70fc4-ea79-4725-ad80-f82349e9ccaf 5b125a8bbdcd42bca37f8acf3e37aa5b 79b7143f2144460ab66fc127bd402e10 - - default default] Successfully bumped revision number for resource 1fbc3239-3b2f-481f-ac64-71e5a7993745 (type: routers) to 2
2026-04-20 06:33:30.142 8 INFO neutron.db.ovn_revision_numbers_db [None req-17edfe9b-32bd-40d1-8d1b-469c4383e2ef - - - - - -] Successfully bumped revision number for resource 239d2b6e-9b29-4482-aebb-de4709420c8b (type: subnets) to 0 [pid: 8|app: 0|req: 954/1976] 10.0.0.214 () {34 vars in 669 bytes} [Mon Apr 20 06:33:29 2026] POST /v2.0/subnets => generated 655 bytes in 645 msecs (HTTP/1.1 201) 4 headers in 162 bytes (1 switches on core 0) [pid: 7|app: 0|req: 1023/1977] 10.0.0.214 () {34 vars in 669 bytes} [Mon Apr 20 06:33:28 2026] POST /v2.0/routers => generated 966 bytes in 1331 msecs (HTTP/1.1 201) 4 headers in 162 bytes (1 switches on core 0) [pid: 8|app: 0|req: 955/1978] 10.0.0.214 () {32 vars in 740 bytes} [Mon Apr 20 06:33:30 2026] DELETE /v2.0/security-groups/c44d9d69-da55-4ca6-9d5f-b2c042d03390 => generated 0 bytes in 95 msecs (HTTP/1.1 204) 2 headers in 112 bytes (1 switches on core 0) [pid: 8|app: 0|req: 956/1979] 10.0.0.153 () {34 vars in 990 bytes} [Mon Apr 20 06:33:30 2026] GET /v2.0/ports?device_id=5b7f6601-1bfb-4c86-b7f7-d41726ef7f4d => generated 973 bytes in 44 msecs (HTTP/1.1 200) 4 headers in 157 bytes (1 switches on core 0)
2026-04-20 06:33:30.351 7 INFO neutron.notifiers.nova [-] Nova event matching ['req-7168762d-0596-41e1-885b-4a42d844808d'] response: {'server_uuid': '5b7f6601-1bfb-4c86-b7f7-d41726ef7f4d', 'name': 'network-vif-unplugged', 'status': 'completed', 'tag': '120ed29e-69c4-487e-8083-0fa76185d061', 'code': 200}
2026-04-20 06:33:30.411 7 INFO neutron_taas.services.taas.taas_plugin [req-59f788ab-92ef-49f9-bce1-28fad18ff441 req-4608c3a7-fcf8-4d9f-adb1-a9d1d74a0c68 ac89a45f82c9464397c0546181428cd8 93f606efb07c47c6bfcbafe08e3540a8 - - default default] TaaS: Handle Delete Port: 120ed29e-69c4-487e-8083-0fa76185d061
2026-04-20 06:33:30.416 7 INFO neutron_taas.services.taas.tap_mirror_plugin [req-59f788ab-92ef-49f9-bce1-28fad18ff441 req-4608c3a7-fcf8-4d9f-adb1-a9d1d74a0c68 ac89a45f82c9464397c0546181428cd8 93f606efb07c47c6bfcbafe08e3540a8 - - default default] Tap Mirror: Handle Delete Port: 120ed29e-69c4-487e-8083-0fa76185d061
2026-04-20 06:33:30.513 8 WARNING neutron.scheduler.dhcp_agent_scheduler [None req-ff02bcde-23e8-40de-9ddd-20a2fe9c3deb 6feb2d2b4acf436a9b0944f04174ef7f 83ec142519334eb4b0ffb2a7f331d900 - - default default] No more DHCP agents
2026-04-20 06:33:30.514 8 WARNING neutron.api.rpc.agentnotifiers.dhcp_rpc_agent_api [None req-ff02bcde-23e8-40de-9ddd-20a2fe9c3deb 6feb2d2b4acf436a9b0944f04174ef7f 83ec142519334eb4b0ffb2a7f331d900 - - default default] Unable to schedule network 7bd7fb73-371c-472d-9791-f6864609c3dd: no agents available; will retry on subsequent port and subnet creation events.
2026-04-20 06:33:30.538 8 INFO neutron.db.ovn_revision_numbers_db [None req-ff02bcde-23e8-40de-9ddd-20a2fe9c3deb 6feb2d2b4acf436a9b0944f04174ef7f 83ec142519334eb4b0ffb2a7f331d900 - - default default] Successfully bumped revision number for resource 0323e30a-a124-40f6-bf5b-50cd5e0618e5 (type: subnets) to 0 [pid: 8|app: 0|req: 957/1980] 10.0.0.214 () {34 vars in 669 bytes} [Mon Apr 20 06:33:30 2026] POST /v2.0/subnets => generated 729 bytes in 253 msecs (HTTP/1.1 201) 4 headers in 162 bytes (1 switches on core 0) [pid: 7|app: 0|req: 1024/1981] 199.19.213.200 () {36 vars in 997 bytes} [Mon Apr 20 06:33:30 2026] DELETE /v2.0/ports/120ed29e-69c4-487e-8083-0fa76185d061 => generated 0 bytes in 507 msecs (HTTP/1.1 204) 3 headers in 131 bytes (1 switches on core 0) [pid: 7|app: 0|req: 1025/1982] 10.0.0.214 () {32 vars in 663 bytes} [Mon Apr 20 06:33:30 2026] GET /v2.0/security-groups => generated 2925 bytes in 48 msecs (HTTP/1.1 200) 4 headers in 158 bytes (1 switches on core 0) [pid: 7|app: 0|req: 1026/1983] 10.0.0.153 () {34 vars in 1040 bytes} [Mon Apr 20 06:33:30 2026] GET /v2.0/security-groups?id=952ad879-df93-43da-bf1c-cda406cfe846&fields=id&fields=name => generated 114 bytes in 45 msecs (HTTP/1.1 200) 4 headers in 157 bytes (1 switches on core 0)
2026-04-20 06:33:30.942 8 WARNING neutron.scheduler.dhcp_agent_scheduler [None req-772fd68f-4dae-4de6-ac0a-7ac24ec6b83a 5b125a8bbdcd42bca37f8acf3e37aa5b 79b7143f2144460ab66fc127bd402e10 - - default default] No more DHCP agents
2026-04-20 06:33:30.943 8 WARNING neutron.api.rpc.agentnotifiers.dhcp_rpc_agent_api [None req-772fd68f-4dae-4de6-ac0a-7ac24ec6b83a 5b125a8bbdcd42bca37f8acf3e37aa5b 79b7143f2144460ab66fc127bd402e10 - - default default] Unable to schedule network f6c65434-b1a0-442c-a93e-63f3e58e89d5: no agents available; will retry on subsequent port and subnet creation events.
2026-04-20 06:33:31.064 8 INFO neutron.db.ovn_revision_numbers_db [None req-772fd68f-4dae-4de6-ac0a-7ac24ec6b83a 5b125a8bbdcd42bca37f8acf3e37aa5b 79b7143f2144460ab66fc127bd402e10 - - default default] Successfully bumped revision number for resource 642ec4b6-7942-4930-9422-36643dcd4e7a (type: ports) to 1
2026-04-20 06:33:31.071 7 INFO neutron.plugins.ml2.drivers.ovn.mech_driver.mech_driver [None req-30a8e89c-b7bc-4d4e-af62-08226d36c0a0 - - - - - -] OVN reports status down for port: 642ec4b6-7942-4930-9422-36643dcd4e7a
2026-04-20 06:33:31.411 7 INFO neutron.db.ovn_revision_numbers_db [None req-efb010b2-44f2-4ed3-9c07-299ed1108429 - - - - - -] Successfully bumped revision number for resource 771df3ad-34b1-4276-85b8-c3b10bde45f7 (type: ports) to 4
2026-04-20 06:33:31.549 7 WARNING neutron.scheduler.dhcp_agent_scheduler [None req-7f6918a9-6a0a-450a-b065-109cb46beb1b 6feb2d2b4acf436a9b0944f04174ef7f 83ec142519334eb4b0ffb2a7f331d900 - - default default] No more DHCP agents
2026-04-20 06:33:31.552 7 WARNING neutron.api.rpc.agentnotifiers.dhcp_rpc_agent_api [None req-7f6918a9-6a0a-450a-b065-109cb46beb1b 6feb2d2b4acf436a9b0944f04174ef7f 83ec142519334eb4b0ffb2a7f331d900 - - default default] Unable to schedule network 129b1456-abf4-48bc-8dbc-ecf6194a0b01: no agents available; will retry on subsequent port and subnet creation events.
2026-04-20 06:33:31.668 7 INFO neutron.plugins.ml2.drivers.ovn.mech_driver.mech_driver [None req-30a8e89c-b7bc-4d4e-af62-08226d36c0a0 - - - - - -] OVN reports status up for port: 642ec4b6-7942-4930-9422-36643dcd4e7a
2026-04-20 06:33:31.712 7 INFO neutron.plugins.ml2.plugin [None req-30a8e89c-b7bc-4d4e-af62-08226d36c0a0 - - - - - -] Attempt 1 to provision port 642ec4b6-7942-4930-9422-36643dcd4e7a
2026-04-20 06:33:31.726 8 WARNING neutron.scheduler.dhcp_agent_scheduler [None req-772fd68f-4dae-4de6-ac0a-7ac24ec6b83a 5b125a8bbdcd42bca37f8acf3e37aa5b 79b7143f2144460ab66fc127bd402e10 - - default default] No more DHCP agents
2026-04-20 06:33:31.727 8 WARNING neutron.api.rpc.agentnotifiers.dhcp_rpc_agent_api [None req-772fd68f-4dae-4de6-ac0a-7ac24ec6b83a 5b125a8bbdcd42bca37f8acf3e37aa5b 79b7143f2144460ab66fc127bd402e10 - - default default] Unable to schedule network f6c65434-b1a0-442c-a93e-63f3e58e89d5: no agents available; will retry on subsequent port and subnet creation events.
2026-04-20 06:33:31.892 7 INFO neutron.db.ovn_revision_numbers_db [None req-7f6918a9-6a0a-450a-b065-109cb46beb1b 6feb2d2b4acf436a9b0944f04174ef7f 83ec142519334eb4b0ffb2a7f331d900 - - default default] Successfully bumped revision number for resource 5ff1c690-8180-4579-a5c1-6ab7389e3e15 (type: ports) to 1
2026-04-20 06:33:31.946 8 WARNING neutron.plugins.ml2.drivers.ovn.mech_driver.ovsdb.ovn_client [None req-73d6d063-dd3c-4b52-bb22-9afff991ecd5 - - - - - -] No hosting information found for port b81353cd-ac4a-4e9a-98f3-ff3f2db80beb: RuntimeError: No hosting information found for port b81353cd-ac4a-4e9a-98f3-ff3f2db80beb
2026-04-20 06:33:31.947 8 INFO neutron.plugins.ml2.drivers.ovn.mech_driver.mech_driver [None req-73d6d063-dd3c-4b52-bb22-9afff991ecd5 - - - - - -] OVN reports status down for port: 72338fc8-e45f-40db-968e-5ef3a5980003
2026-04-20 06:33:32.221 8 INFO neutron.db.ovn_revision_numbers_db [None req-73d6d063-dd3c-4b52-bb22-9afff991ecd5 - - - - - -] Successfully bumped revision number for resource b81353cd-ac4a-4e9a-98f3-ff3f2db80beb (type: router_ports) to 2
2026-04-20 06:33:32.222 7 INFO neutron.db.ovn_revision_numbers_db [None req-efb010b2-44f2-4ed3-9c07-299ed1108429 - - - - - -] Successfully bumped revision number for resource 771df3ad-34b1-4276-85b8-c3b10bde45f7 (type: ports) to 5
2026-04-20 06:33:32.310 8 INFO neutron.plugins.ml2.drivers.ovn.mech_driver.mech_driver [None req-73d6d063-dd3c-4b52-bb22-9afff991ecd5 - - - - - -] OVN reports status down for port: 771df3ad-34b1-4276-85b8-c3b10bde45f7
2026-04-20 06:33:32.379 8 INFO neutron.db.ovn_revision_numbers_db [None req-772fd68f-4dae-4de6-ac0a-7ac24ec6b83a 5b125a8bbdcd42bca37f8acf3e37aa5b 79b7143f2144460ab66fc127bd402e10 - - default default] Successfully bumped revision number for resource 642ec4b6-7942-4930-9422-36643dcd4e7a (type: router_ports) to 1 [pid: 8|app: 0|req: 958/1984] 10.0.0.214 () {34 vars in 783 bytes} [Mon Apr 20 06:33:30 2026] PUT /v2.0/routers/1fbc3239-3b2f-481f-ac64-71e5a7993745/add_router_interface => generated 309 bytes in 1843 msecs (HTTP/1.1 200) 4 headers in 157 bytes (1 switches on core 0)
2026-04-20 06:33:32.434 7 INFO neutron.notifiers.nova [-] Nova event matching ['req-dd05e2ce-13e1-4614-a693-f954383e9eb4'] response: {'server_uuid': '5b7f6601-1bfb-4c86-b7f7-d41726ef7f4d', 'name': 'network-vif-deleted', 'tag': '120ed29e-69c4-487e-8083-0fa76185d061', 'status': 'completed', 'code': 200} [pid: 8|app: 0|req: 959/1985] 10.0.0.214 () {32 vars in 663 bytes} [Mon Apr 20 06:33:32 2026] GET /v2.0/security-groups => generated 2925 bytes in 65 msecs (HTTP/1.1 200) 4 headers in 158 bytes (1 switches on core 0) [pid: 8|app: 0|req: 962/1988] 10.0.0.153 () {34 vars in 990 bytes} [Mon Apr 20 06:33:32 2026] GET /v2.0/ports?device_id=5b7f6601-1bfb-4c86-b7f7-d41726ef7f4d => generated 12 bytes in 46 msecs (HTTP/1.1 200) 4 headers in 156 bytes (1 switches on core 0)
2026-04-20 06:33:32.732 8 INFO neutron.db.ovn_revision_numbers_db [None req-73d6d063-dd3c-4b52-bb22-9afff991ecd5 - - - - - -] Successfully bumped revision number for resource 771df3ad-34b1-4276-85b8-c3b10bde45f7 (type: ports) to 6
2026-04-20 06:33:32.810 8 WARNING neutron.plugins.ml2.drivers.ovn.mech_driver.ovsdb.ovn_client [None req-d9cd5d8c-8a34-4d51-bac8-d68481d73d6a - - - - - -] Logical_Switch_Port %s host information not removed, the port state is up
2026-04-20 06:33:32.810 8 INFO neutron.plugins.ml2.drivers.ovn.mech_driver.mech_driver [None req-d9cd5d8c-8a34-4d51-bac8-d68481d73d6a - - - - - -] OVN reports status down for port: 169d243d-3a2b-400c-bbbf-6ad2ab1dd717
2026-04-20 06:33:32.858 7 INFO neutron.db.ovn_revision_numbers_db [None req-30a8e89c-b7bc-4d4e-af62-08226d36c0a0 - - - - - -] Successfully bumped revision number for resource 642ec4b6-7942-4930-9422-36643dcd4e7a (type: ports) to 2
2026-04-20 06:33:32.865 8 INFO neutron.plugins.ml2.drivers.ovn.mech_driver.mech_driver [None req-d9cd5d8c-8a34-4d51-bac8-d68481d73d6a - - - - - -] OVN reports status up for port: 771df3ad-34b1-4276-85b8-c3b10bde45f7
2026-04-20 06:33:32.874 8 INFO neutron.plugins.ml2.plugin [None req-d9cd5d8c-8a34-4d51-bac8-d68481d73d6a - - - - - -] Attempt 1 to provision port 771df3ad-34b1-4276-85b8-c3b10bde45f7 [pid: 8|app: 0|req: 963/1989] 10.0.0.214 () {32 vars in 774 bytes} [Mon Apr 20 06:33:32 2026] GET /v2.0/security-groups?tenant_id=9a78d4910f3247ee99f6441fa32127d8&name=default => generated 2925 bytes in 144 msecs (HTTP/1.1 200) 4 headers in 158 bytes (1 switches on core 0)
2026-04-20 06:33:33.155 7 INFO neutron.plugins.ml2.drivers.ovn.mech_driver.ovsdb.commands [None req-205c0835-3b2a-4c14-be4a-5a9c81d5760a - - - - - -] Schedule LRP lrp-5ff1c690-8180-4579-a5c1-6ab7389e3e15 on gateway 684766bb-9cf5-4455-8b2f-31b3d11b3907 with priority 1
2026-04-20 06:33:33.214 7 INFO neutron.plugins.ml2.drivers.ovn.mech_driver.ovsdb.ovsdb_monitor [None req-efb010b2-44f2-4ed3-9c07-299ed1108429 - - - - - -] Router 1f59a21c-1ab4-490d-8b17-abefabd88771 is bound to host instance
2026-04-20 06:33:33.240 7 INFO neutron.db.ovn_revision_numbers_db [None req-7f6918a9-6a0a-450a-b065-109cb46beb1b 6feb2d2b4acf436a9b0944f04174ef7f 83ec142519334eb4b0ffb2a7f331d900 - - default default] Successfully bumped revision number for resource 5ff1c690-8180-4579-a5c1-6ab7389e3e15 (type: router_ports) to 1
2026-04-20 06:33:33.374 8 INFO neutron.db.ovn_revision_numbers_db [None req-a9d501d1-6878-4e5d-83ac-0299f5b4463f 2d418f914f884c7387efca38fe18fb8a d046777256fb4380945eb72d794598ef - - default default] Successfully bumped revision number for resource 21b1938c-1142-4c42-ae7b-f60c8f686b51 (type: security_groups) to 1
2026-04-20 06:33:33.376 8 INFO neutron.db.ovn_revision_numbers_db [None req-d9cd5d8c-8a34-4d51-bac8-d68481d73d6a - - - - - -] Successfully bumped revision number for resource 771df3ad-34b1-4276-85b8-c3b10bde45f7 (type: ports) to 7
2026-04-20 06:33:33.382 7 INFO neutron.db.ovn_revision_numbers_db [None req-7f6918a9-6a0a-450a-b065-109cb46beb1b 6feb2d2b4acf436a9b0944f04174ef7f 83ec142519334eb4b0ffb2a7f331d900 - - default default] Successfully bumped revision number for resource 1f59a21c-1ab4-490d-8b17-abefabd88771 (type: routers) to 2
2026-04-20 06:33:33.389 8 INFO neutron.db.ovn_revision_numbers_db [None req-a9d501d1-6878-4e5d-83ac-0299f5b4463f 2d418f914f884c7387efca38fe18fb8a d046777256fb4380945eb72d794598ef - - default default] Successfully bumped revision number for resource 2a2aba6e-7bd6-4c18-8365-e63dcdd208a5 (type: security_group_rules) to 0
2026-04-20 06:33:33.410 8 INFO neutron.db.ovn_revision_numbers_db [None req-a9d501d1-6878-4e5d-83ac-0299f5b4463f 2d418f914f884c7387efca38fe18fb8a d046777256fb4380945eb72d794598ef - - default default] Successfully bumped revision number for resource f9b23c4f-efa9-4c55-b8b8-9c721ae02b37 (type: security_group_rules) to 0 [pid: 7|app: 0|req: 1027/1990] 10.0.0.214 () {34 vars in 669 bytes} [Mon Apr 20 06:33:30 2026] POST /v2.0/routers => generated 943 bytes in 2650 msecs (HTTP/1.1 201) 4 headers in 162 bytes (1 switches on core 0) [pid: 8|app: 0|req: 964/1991] 10.0.0.214 () {34 vars in 685 bytes} [Mon Apr 20 06:33:33 2026] POST /v2.0/security-groups => generated 1673 bytes in 404 msecs (HTTP/1.1 201) 4 headers in 163 bytes (1 switches on core 0) [pid: 7|app: 0|req: 1028/1992] 10.0.0.214 () {32 vars in 740 bytes} [Mon Apr 20 06:33:33 2026] DELETE /v2.0/security-groups/7c7b2086-1e69-44cc-ad70-28b8a153b2a2 => generated 0 bytes in 371 msecs (HTTP/1.1 204) 2 headers in 112 bytes (1 switches on core 0)
2026-04-20 06:33:34.015 8 WARNING neutron.scheduler.dhcp_agent_scheduler [None req-9d69775a-eb45-4476-ab51-31efad7df169 6feb2d2b4acf436a9b0944f04174ef7f 83ec142519334eb4b0ffb2a7f331d900 - - default default] No more DHCP agents
2026-04-20 06:33:34.016 8 WARNING neutron.api.rpc.agentnotifiers.dhcp_rpc_agent_api [None req-9d69775a-eb45-4476-ab51-31efad7df169 6feb2d2b4acf436a9b0944f04174ef7f 83ec142519334eb4b0ffb2a7f331d900 - - default default] Unable to schedule network ee633c4b-9644-46bf-bb6a-272a1628d4ac: no agents available; will retry on subsequent port and subnet creation events.
2026-04-20 06:33:34.029 7 INFO neutron.db.ovn_revision_numbers_db [None req-4b350aa4-473a-49aa-9ad9-806c14a07360 2d418f914f884c7387efca38fe18fb8a d046777256fb4380945eb72d794598ef - - default default] Successfully bumped revision number for resource 7f1296a2-6127-402d-a85c-47f2c0aeaeb0 (type: security_group_rules) to 0 [pid: 7|app: 0|req: 1029/1993] 10.0.0.214 () {34 vars in 695 bytes} [Mon Apr 20 06:33:33 2026] POST /v2.0/security-group-rules => generated 597 bytes in 348 msecs (HTTP/1.1 201) 4 headers in 162 bytes (1 switches on core 0)
2026-04-20 06:33:34.172 8 INFO neutron.db.ovn_revision_numbers_db [None req-9d69775a-eb45-4476-ab51-31efad7df169 6feb2d2b4acf436a9b0944f04174ef7f 83ec142519334eb4b0ffb2a7f331d900 - - default default] Successfully bumped revision number for resource 73bf688b-2bf0-4636-95f6-d9048b36bc3f (type: ports) to 1 [pid: 7|app: 0|req: 1030/1994] 10.0.0.153 () {34 vars in 990 bytes} [Mon Apr 20 06:33:34 2026] GET /v2.0/ports?device_id=5b7f6601-1bfb-4c86-b7f7-d41726ef7f4d => generated 12 bytes in 45 msecs (HTTP/1.1 200) 4 headers in 156 bytes (1 switches on core 0)
2026-04-20 06:33:34.427 7 INFO neutron.db.ovn_revision_numbers_db [None req-1898e385-c829-4a16-9fdb-1891ce18b240 2d418f914f884c7387efca38fe18fb8a d046777256fb4380945eb72d794598ef - - default default] Successfully bumped revision number for resource 3823fb2e-49f0-41ed-95b9-26cab7300bc3 (type: security_group_rules) to 0 [pid: 7|app: 0|req: 1031/1995] 10.0.0.214 () {34 vars in 695 bytes} [Mon Apr 20 06:33:34 2026] POST /v2.0/security-group-rules => generated 596 bytes in 336 msecs (HTTP/1.1 201) 4 headers in 162 bytes (1 switches on core 0)
2026-04-20 06:33:34.558 7 INFO neutron.db.ovn_revision_numbers_db [None req-e55e9c05-973a-4a01-bef8-90cb6184b195 - - - - - -] Successfully bumped revision number for resource 5ff1c690-8180-4579-a5c1-6ab7389e3e15 (type: ports) to 4
2026-04-20 06:33:34.756 7 INFO neutron.db.ovn_revision_numbers_db [None req-d1208efb-5a9e-43f0-aa17-1ebd3f3a7c1e 2d418f914f884c7387efca38fe18fb8a d046777256fb4380945eb72d794598ef - - default default] Successfully bumped revision number for resource 57f63b6e-5134-4af8-a288-2e009aba32a9 (type: security_group_rules) to 0 [pid: 7|app: 0|req: 1032/1996] 10.0.0.214 () {34 vars in 695 bytes} [Mon Apr 20 06:33:34 2026] POST /v2.0/security-group-rules => generated 602 bytes in 294 msecs (HTTP/1.1 201) 4 headers in 162 bytes (1 switches on core 0)
2026-04-20 06:33:34.864 8 WARNING neutron.scheduler.dhcp_agent_scheduler [None req-9d69775a-eb45-4476-ab51-31efad7df169 6feb2d2b4acf436a9b0944f04174ef7f 83ec142519334eb4b0ffb2a7f331d900 - - default default] No more DHCP agents
2026-04-20 06:33:34.865 8 WARNING neutron.api.rpc.agentnotifiers.dhcp_rpc_agent_api [None req-9d69775a-eb45-4476-ab51-31efad7df169 6feb2d2b4acf436a9b0944f04174ef7f 83ec142519334eb4b0ffb2a7f331d900 - - default default] Unable to schedule network ee633c4b-9644-46bf-bb6a-272a1628d4ac: no agents available; will retry on subsequent port and subnet creation events.
2026-04-20 06:33:35.076 7 INFO neutron.db.ovn_revision_numbers_db [None req-e55e9c05-973a-4a01-bef8-90cb6184b195 - - - - - -] Successfully bumped revision number for resource 5ff1c690-8180-4579-a5c1-6ab7389e3e15 (type: ports) to 5
2026-04-20 06:33:35.079 7 INFO neutron.db.ovn_revision_numbers_db [None req-28175774-bc01-450a-9d1f-488250462677 2d418f914f884c7387efca38fe18fb8a d046777256fb4380945eb72d794598ef - - default default] Successfully bumped revision number for resource 1abd77ae-4976-4078-830f-fd5812e8a953 (type: security_group_rules) to 0 [pid: 7|app: 0|req: 1033/1997] 10.0.0.214 () {34 vars in 695 bytes} [Mon Apr 20 06:33:34 2026] POST /v2.0/security-group-rules => generated 601 bytes in 303 msecs (HTTP/1.1 201) 4 headers in 162 bytes (1 switches on core 0)
2026-04-20 06:33:35.185 8 INFO neutron.db.ovn_revision_numbers_db [None req-9d69775a-eb45-4476-ab51-31efad7df169 6feb2d2b4acf436a9b0944f04174ef7f 83ec142519334eb4b0ffb2a7f331d900 - - default default] Successfully bumped revision number for resource 73bf688b-2bf0-4636-95f6-d9048b36bc3f (type: router_ports) to 1 [pid: 8|app: 0|req: 965/1998] 10.0.0.214 () {34 vars in 783 bytes} [Mon Apr 20 06:33:33 2026] PUT /v2.0/routers/1f59a21c-1ab4-490d-8b17-abefabd88771/add_router_interface => generated 309 bytes in 1719 msecs (HTTP/1.1 200) 4 headers in 157 bytes (1 switches on core 0)
2026-04-20 06:33:35.274 7 INFO neutron.db.securitygroups_db [None req-a47a10af-6f3b-48ac-916c-50a95624e8a1 2d418f914f884c7387efca38fe18fb8a d046777256fb4380945eb72d794598ef - - default default] Project d046777256fb4380945eb72d794598ef added a security group rule with legacy IPv6 ICMP protocol name icmp, ipv6-icmp should be used instead. It was automatically converted.
2026-04-20 06:33:35.400 7 INFO neutron.db.ovn_revision_numbers_db [None req-a47a10af-6f3b-48ac-916c-50a95624e8a1 2d418f914f884c7387efca38fe18fb8a d046777256fb4380945eb72d794598ef - - default default] Successfully bumped revision number for resource 2dfdddc9-8f8e-44d0-9171-7145db91a58b (type: security_group_rules) to 0 [pid: 7|app: 0|req: 1034/1999] 10.0.0.214 () {34 vars in 695 bytes} [Mon Apr 20 06:33:35 2026] POST /v2.0/security-group-rules => generated 607 bytes in 283 msecs (HTTP/1.1 201) 4 headers in 162 bytes (1 switches on core 0) [pid: 7|app: 0|req: 1035/2000] 10.0.0.214 () {32 vars in 740 bytes} [Mon Apr 20 06:33:35 2026] DELETE /v2.0/security-groups/952ad879-df93-43da-bf1c-cda406cfe846 => generated 0 bytes in 172 msecs (HTTP/1.1 204) 2 headers in 112 bytes (1 switches on core 0)
2026-04-20 06:33:35.669 8 WARNING neutron.scheduler.dhcp_agent_scheduler [None req-b5f31099-937b-4286-8f35-5eb053cde330 6feb2d2b4acf436a9b0944f04174ef7f 83ec142519334eb4b0ffb2a7f331d900 - - default default] No more DHCP agents
2026-04-20 06:33:35.670 8 WARNING neutron.api.rpc.agentnotifiers.dhcp_rpc_agent_api [None req-b5f31099-937b-4286-8f35-5eb053cde330 6feb2d2b4acf436a9b0944f04174ef7f 83ec142519334eb4b0ffb2a7f331d900 - - default default] Unable to schedule network 6a7fa978-68dc-49dc-b8eb-ebb00f880eb5: no agents available; will retry on subsequent port and subnet creation events.
2026-04-20 06:33:35.800 8 INFO neutron.db.ovn_revision_numbers_db [None req-b5f31099-937b-4286-8f35-5eb053cde330 6feb2d2b4acf436a9b0944f04174ef7f 83ec142519334eb4b0ffb2a7f331d900 - - default default] Successfully bumped revision number for resource cb11cd59-c80f-4914-afc6-01f6a22d9182 (type: ports) to 1
2026-04-20 06:33:35.937 7 INFO neutron.db.ovn_revision_numbers_db [None req-75f1192f-ea36-45bd-9da4-f5f5301ee642 a3ea4c6783294cb784dc5bcbf8ac1c68 b3ac5aa6117d4fd7929083f33e130cfb - - default default] Successfully bumped revision number for resource 13c9c699-332d-4ba9-879d-31ece52c5afb (type: security_groups) to 1
2026-04-20 06:33:35.962 7 INFO neutron.db.ovn_revision_numbers_db [None req-75f1192f-ea36-45bd-9da4-f5f5301ee642 a3ea4c6783294cb784dc5bcbf8ac1c68 b3ac5aa6117d4fd7929083f33e130cfb - - default default] Successfully bumped revision number for resource 50268cec-a6b0-4005-b9a9-e35aec984eaf (type: security_group_rules) to 0
2026-04-20 06:33:35.977 7 INFO neutron.db.ovn_revision_numbers_db [None req-75f1192f-ea36-45bd-9da4-f5f5301ee642 a3ea4c6783294cb784dc5bcbf8ac1c68 b3ac5aa6117d4fd7929083f33e130cfb - - default default] Successfully bumped revision number for resource 5ac94fa3-8c3a-44b7-b4ce-e8094c8d547d (type: security_group_rules) to 0
2026-04-20 06:33:35.987 7 INFO neutron.db.ovn_revision_numbers_db [None req-75f1192f-ea36-45bd-9da4-f5f5301ee642 a3ea4c6783294cb784dc5bcbf8ac1c68 b3ac5aa6117d4fd7929083f33e130cfb - - default default] Successfully bumped revision number for resource 5cb6827a-8be1-4a1f-aefa-874dcabc0a98 (type: security_group_rules) to 0
2026-04-20 06:33:35.997 7 INFO neutron.db.ovn_revision_numbers_db [None req-75f1192f-ea36-45bd-9da4-f5f5301ee642 a3ea4c6783294cb784dc5bcbf8ac1c68 b3ac5aa6117d4fd7929083f33e130cfb - - default default] Successfully bumped revision number for resource e0b2795f-de7e-4b9f-834a-aab3e152e09f (type: security_group_rules) to 0
2026-04-20 06:33:36.110 7 INFO neutron.db.ovn_revision_numbers_db [None req-75f1192f-ea36-45bd-9da4-f5f5301ee642 a3ea4c6783294cb784dc5bcbf8ac1c68 b3ac5aa6117d4fd7929083f33e130cfb - - default default] Successfully bumped revision number for resource 36caedde-27a3-4036-aeaa-3d554816cae7 (type: security_groups) to 1
2026-04-20 06:33:36.124 7 INFO neutron.db.ovn_revision_numbers_db [None req-75f1192f-ea36-45bd-9da4-f5f5301ee642 a3ea4c6783294cb784dc5bcbf8ac1c68 b3ac5aa6117d4fd7929083f33e130cfb - - default default] Successfully bumped revision number for resource 61da2e56-cef8-4fe6-929c-93dcdac5a08f (type: security_group_rules) to 0
2026-04-20 06:33:36.137 7 INFO neutron.db.ovn_revision_numbers_db [None req-75f1192f-ea36-45bd-9da4-f5f5301ee642 a3ea4c6783294cb784dc5bcbf8ac1c68 b3ac5aa6117d4fd7929083f33e130cfb - - default default] Successfully bumped revision number for resource e312f4ec-0029-4b8e-9915-734e1a678e63 (type: security_group_rules) to 0 [pid: 7|app: 0|req: 1036/2001] 10.0.0.214 () {34 vars in 684 bytes} [Mon Apr 20 06:33:35 2026] POST /v2.0/security-groups => generated 1624 bytes in 574 msecs (HTTP/1.1 201) 4 headers in 163 bytes (1 switches on core 0)
2026-04-20 06:33:36.211 7 INFO neutron.db.securitygroups_db [None req-e2af0e6d-af6f-48c1-92c0-d1e07f8a660a 2d418f914f884c7387efca38fe18fb8a d046777256fb4380945eb72d794598ef - - default default] Project d046777256fb4380945eb72d794598ef added a security group rule with legacy IPv6 ICMP protocol name icmp, ipv6-icmp should be used instead. It was automatically converted.
2026-04-20 06:33:36.318 7 INFO neutron.db.ovn_revision_numbers_db [None req-e2af0e6d-af6f-48c1-92c0-d1e07f8a660a 2d418f914f884c7387efca38fe18fb8a d046777256fb4380945eb72d794598ef - - default default] Successfully bumped revision number for resource e550ef52-8891-4782-9512-fa1a1e474476 (type: security_group_rules) to 0 [pid: 7|app: 0|req: 1037/2002] 10.0.0.214 () {34 vars in 695 bytes} [Mon Apr 20 06:33:36 2026] POST /v2.0/security-group-rules => generated 606 bytes in 166 msecs (HTTP/1.1 201) 4 headers in 162 bytes (1 switches on core 0)
2026-04-20 06:33:36.473 8 WARNING neutron.scheduler.dhcp_agent_scheduler [None req-b5f31099-937b-4286-8f35-5eb053cde330 6feb2d2b4acf436a9b0944f04174ef7f 83ec142519334eb4b0ffb2a7f331d900 - - default default] No more DHCP agents
2026-04-20 06:33:36.475 8 WARNING neutron.api.rpc.agentnotifiers.dhcp_rpc_agent_api [None req-b5f31099-937b-4286-8f35-5eb053cde330 6feb2d2b4acf436a9b0944f04174ef7f 83ec142519334eb4b0ffb2a7f331d900 - - default default] Unable to schedule network 6a7fa978-68dc-49dc-b8eb-ebb00f880eb5: no agents available; will retry on subsequent port and subnet creation events.
2026-04-20 06:33:36.668 7 INFO neutron_taas.services.taas.taas_plugin [None req-eef329cb-9221-4048-9c08-f14d11e5b30e ac89a45f82c9464397c0546181428cd8 93f606efb07c47c6bfcbafe08e3540a8 - - default default] TaaS: Handle Delete Port: fd42e987-fd17-4298-b085-430902bfdb39
2026-04-20 06:33:36.670 7 INFO neutron_taas.services.taas.tap_mirror_plugin [None req-eef329cb-9221-4048-9c08-f14d11e5b30e ac89a45f82c9464397c0546181428cd8 93f606efb07c47c6bfcbafe08e3540a8 - - default default] Tap Mirror: Handle Delete Port: fd42e987-fd17-4298-b085-430902bfdb39
2026-04-20 06:33:36.802 8 INFO neutron.db.ovn_revision_numbers_db [None req-b5f31099-937b-4286-8f35-5eb053cde330 6feb2d2b4acf436a9b0944f04174ef7f 83ec142519334eb4b0ffb2a7f331d900 - - default default] Successfully bumped revision number for resource cb11cd59-c80f-4914-afc6-01f6a22d9182 (type: router_ports) to 1 [pid: 8|app: 0|req: 966/2003] 10.0.0.214 () {34 vars in 783 bytes} [Mon Apr 20 06:33:35 2026] PUT /v2.0/routers/1f59a21c-1ab4-490d-8b17-abefabd88771/add_router_interface => generated 309 bytes in 1614 msecs (HTTP/1.1 200) 4 headers in 157 bytes (1 switches on core 0) [pid: 8|app: 0|req: 967/2004] 10.0.0.214 () {32 vars in 663 bytes} [Mon Apr 20 06:33:36 2026] GET /v2.0/security-groups => generated 4529 bytes in 30 msecs (HTTP/1.1 200) 4 headers in 158 bytes (1 switches on core 0)
2026-04-20 06:33:36.990 8 INFO neutron.db.ovn_revision_numbers_db [None req-075d0f95-2537-474d-886d-76c6bbf8fda1 2d418f914f884c7387efca38fe18fb8a d046777256fb4380945eb72d794598ef - - default default] Successfully bumped revision number for resource 5056bc1b-163c-464f-81bb-ad0854197c1b (type: security_groups) to 1
2026-04-20 06:33:37.001 8 INFO neutron.db.ovn_revision_numbers_db [None req-075d0f95-2537-474d-886d-76c6bbf8fda1 2d418f914f884c7387efca38fe18fb8a d046777256fb4380945eb72d794598ef - - default default] Successfully bumped revision number for resource 035ab67b-2648-417e-b44b-e4082987ecd1 (type: security_group_rules) to 0
