2026-04-20 06:27:45.997 7 INFO neutron.pecan_wsgi.hooks.translation [None req-409710e0-c5b6-4969-ba2c-c875f1d36813 5b125a8bbdcd42bca37f8acf3e37aa5b 79b7143f2144460ab66fc127bd402e10 - - default default] GET failed (client error): The resource could not be found. [pid: 7|app: 0|req: 90/171] 199.19.213.200 () {30 vars in 741 bytes} [Mon Apr 20 06:27:45 2026] GET /v2.0/ports/octavia-health-manager-port-instance => generated 132 bytes in 91 msecs (HTTP/1.1 404) 4 headers in 164 bytes (1 switches on core 0) [pid: 8|app: 0|req: 82/172] 199.19.213.200 () {30 vars in 763 bytes} [Mon Apr 20 06:27:46 2026] GET /v2.0/ports?name=octavia-health-manager-port-instance => generated 1221 bytes in 37 msecs (HTTP/1.1 200) 4 headers in 158 bytes (1 switches on core 0)
2026-04-20 06:27:47.869 8 INFO neutron.pecan_wsgi.hooks.translation [None req-c5120928-82f5-4240-a6ea-174fa449630d 5b125a8bbdcd42bca37f8acf3e37aa5b 79b7143f2144460ab66fc127bd402e10 - - default default] GET failed (client error): The resource could not be found. [pid: 8|app: 0|req: 84/175] 199.19.213.200 () {30 vars in 741 bytes} [Mon Apr 20 06:27:47 2026] GET /v2.0/ports/octavia-health-manager-port-instance => generated 132 bytes in 68 msecs (HTTP/1.1 404) 4 headers in 164 bytes (1 switches on core 0) [pid: 7|app: 0|req: 92/176] 199.19.213.200 () {30 vars in 763 bytes} [Mon Apr 20 06:27:47 2026] GET /v2.0/ports?name=octavia-health-manager-port-instance => generated 1221 bytes in 100 msecs (HTTP/1.1 200) 4 headers in 158 bytes (1 switches on core 0)
2026-04-20 06:27:48.983 7 INFO neutron.plugins.ml2.drivers.ovn.mech_driver.mech_driver [None req-c01c29ee-983d-47e5-a8c8-c5b7ad63d168 - - - - - -] OVN reports status up for port: baf16251-3f27-45c6-9fab-2ac6ef25e6e9
2026-04-20 06:27:49.017 7 INFO neutron.plugins.ml2.plugin [None req-c01c29ee-983d-47e5-a8c8-c5b7ad63d168 - - - - - -] Attempt 1 to provision port baf16251-3f27-45c6-9fab-2ac6ef25e6e9
2026-04-20 06:27:49.466 7 INFO neutron.db.ovn_revision_numbers_db [None req-c01c29ee-983d-47e5-a8c8-c5b7ad63d168 - - - - - -] Successfully bumped revision number for resource baf16251-3f27-45c6-9fab-2ac6ef25e6e9 (type: ports) to 5 [pid: 8|app: 0|req: 86/179] 10.0.0.163 () {28 vars in 579 bytes} [Mon Apr 20 06:28:13 2026] GET /v2.0/ports => generated 5175 bytes in 315 msecs (HTTP/1.1 200) 4 headers in 158 bytes (1 switches on core 0) /var/lib/openstack/lib/python3.12/site-packages/pycadf/identifier.py:70: UserWarning: Invalid uuid: neutron. To ensure interoperability, identifiers should be a valid uuid. warnings.warn(('Invalid uuid: %s. To ensure interoperability, ' [pid: 7|app: 0|req: 94/180] 10.0.0.163 () {28 vars in 583 bytes} [Mon Apr 20 06:28:13 2026] GET /v2.0/subnets => generated 1308 bytes in 32 msecs (HTTP/1.1 200) 4 headers in 158 bytes (1 switches on core 0) [pid: 8|app: 0|req: 87/181] 10.0.0.163 () {28 vars in 591 bytes} [Mon Apr 20 06:28:13 2026] GET /v2.0/subnetpools => generated 19 bytes in 9 msecs (HTTP/1.1 200) 4 headers in 156 bytes (1 switches on core 0) [pid: 7|app: 0|req: 95/182] 10.0.0.163 () {28 vars in 619 bytes} [Mon Apr 20 06:28:13 2026] GET /v2.0/network-ip-availabilities => generated 1104 bytes in 13 msecs (HTTP/1.1 200) 4 headers in 158 bytes (1 switches on core 0) [pid: 8|app: 0|req: 88/183] 10.0.0.163 () {28 vars in 585 bytes} [Mon Apr 20 06:28:13 2026] GET /v2.0/networks => generated 2288 bytes in 51 msecs (HTTP/1.1 200) 4 headers in 158 bytes (1 switches on core 0) [pid: 7|app: 0|req: 96/184] 10.0.0.163 () {28 vars in 583 bytes} [Mon Apr 20 06:28:13 2026] GET /v2.0/routers => generated 15 bytes in 18 msecs (HTTP/1.1 200) 4 headers in 156 bytes (1 switches on core 0) [pid: 8|app: 0|req: 89/185] 10.0.0.163 () {28 vars in 624 bytes} [Mon Apr 20 06:28:13 2026] GET /v2.0/agents?binary=ovn-controller => generated 416 bytes in 29 msecs (HTTP/1.1 200) 4 headers in 157 bytes (1 switches on core 0) [pid: 7|app: 0|req: 97/186] 10.0.0.163 () {28 vars in 581 bytes} [Mon Apr 20 06:28:13 2026] GET /v2.0/agents => generated 1214 bytes in 15 msecs (HTTP/1.1 200) 4 headers in 158 bytes (1 switches on core 0) [pid: 8|app: 0|req: 90/187] 10.0.0.163 () {28 vars in 591 bytes} [Mon Apr 20 06:28:13 2026] GET /v2.0/floatingips => generated 19 bytes in 14 msecs (HTTP/1.1 200) 4 headers in 156 bytes (1 switches on core 0) [pid: 7|app: 0|req: 98/188] 10.0.0.163 () {28 vars in 599 bytes} [Mon Apr 20 06:28:13 2026] GET /v2.0/security-groups => generated 17401 bytes in 39 msecs (HTTP/1.1 200) 4 headers in 159 bytes (1 switches on core 0) [pid: 8|app: 0|req: 91/189] 10.0.0.163 () {28 vars in 583 bytes} [Mon Apr 20 06:28:13 2026] GET /v2.0/subnets => generated 1308 bytes in 28 msecs (HTTP/1.1 200) 4 headers in 158 bytes (1 switches on core 0) [pid: 8|app: 0|req: 93/192] 199.19.213.200 () {44 vars in 949 bytes} [Mon Apr 20 06:28:25 2026] GET /v2.0/networks?name=public => generated 791 bytes in 72 msecs (HTTP/1.1 200) 4 headers in 157 bytes (1 switches on core 0) [pid: 7|app: 0|req: 102/197] 10.0.0.214 () {32 vars in 649 bytes} [Mon Apr 20 06:28:59 2026] GET /v2.0/networks => generated 2288 bytes in 212 msecs (HTTP/1.1 200) 4 headers in 158 bytes (1 switches on core 0) [pid: 8|app: 0|req: 96/198] 10.0.0.214 () {32 vars in 655 bytes} [Mon Apr 20 06:29:01 2026] GET /v2.0/floatingips => generated 19 bytes in 17 msecs (HTTP/1.1 200) 4 headers in 156 bytes (1 switches on core 0) [pid: 7|app: 0|req: 103/199] 10.0.0.214 () {32 vars in 647 bytes} [Mon Apr 20 06:29:01 2026] GET /v2.0/routers => generated 15 bytes in 21 msecs (HTTP/1.1 200) 4 headers in 156 bytes (1 switches on core 0) [pid: 8|app: 0|req: 97/200] 10.0.0.214 () {32 vars in 643 bytes} [Mon Apr 20 06:29:01 2026] GET /v2.0/ports => generated 5175 bytes in 45 msecs (HTTP/1.1 200) 4 headers in 158 bytes (1 switches on core 0) [pid: 7|app: 0|req: 104/201] 10.0.0.214 () {32 vars in 647 bytes} [Mon Apr 20 06:29:01 2026] GET /v2.0/subnets => generated 1308 bytes in 27 msecs (HTTP/1.1 200) 4 headers in 158 bytes (1 switches on core 0) [pid: 8|app: 0|req: 98/202] 10.0.0.214 () {32 vars in 649 bytes} [Mon Apr 20 06:29:01 2026] GET /v2.0/networks => generated 2288 bytes in 58 msecs (HTTP/1.1 200) 4 headers in 158 bytes (1 switches on core 0) [pid: 7|app: 0|req: 105/203] 10.0.0.214 () {32 vars in 663 bytes} [Mon Apr 20 06:29:01 2026] GET /v2.0/security-groups => generated 17401 bytes in 28 msecs (HTTP/1.1 200) 4 headers in 159 bytes (1 switches on core 0) [pid: 8|app: 0|req: 99/204] 10.0.0.214 () {32 vars in 655 bytes} [Mon Apr 20 06:29:01 2026] GET /v2.0/subnetpools => generated 19 bytes in 11 msecs (HTTP/1.1 200) 4 headers in 156 bytes (1 switches on core 0)
2026-04-20 06:29:11.901 8 INFO neutron.db.ovn_revision_numbers_db [None req-995b7f5c-88b3-4e3f-8323-0aaf438d1a81 5b125a8bbdcd42bca37f8acf3e37aa5b 79b7143f2144460ab66fc127bd402e10 - - default default] Successfully bumped revision number for resource 5a5bf07a-d901-4f05-97f5-6c11f1ca174b (type: security_groups) to 1
2026-04-20 06:29:11.902 7 INFO neutron.db.ovn_revision_numbers_db [None req-1492a2ff-30ab-4539-9716-3ff635157d7c 5b125a8bbdcd42bca37f8acf3e37aa5b 79b7143f2144460ab66fc127bd402e10 - - default default] Successfully bumped revision number for resource 37e575e4-b2ba-4a2c-836d-7828b8124cc2 (type: security_groups) to 1
2026-04-20 06:29:11.913 7 INFO neutron.db.ovn_revision_numbers_db [None req-1492a2ff-30ab-4539-9716-3ff635157d7c 5b125a8bbdcd42bca37f8acf3e37aa5b 79b7143f2144460ab66fc127bd402e10 - - default default] Successfully bumped revision number for resource 6de7e9b9-09c2-4c97-9635-a5b2356959ba (type: security_group_rules) to 0
2026-04-20 06:29:11.914 8 INFO neutron.db.ovn_revision_numbers_db [None req-995b7f5c-88b3-4e3f-8323-0aaf438d1a81 5b125a8bbdcd42bca37f8acf3e37aa5b 79b7143f2144460ab66fc127bd402e10 - - default default] Successfully bumped revision number for resource 048b1874-38c9-4f28-8b66-9517511bc7b8 (type: security_group_rules) to 0
2026-04-20 06:29:11.924 7 INFO neutron.db.ovn_revision_numbers_db [None req-1492a2ff-30ab-4539-9716-3ff635157d7c 5b125a8bbdcd42bca37f8acf3e37aa5b 79b7143f2144460ab66fc127bd402e10 - - default default] Successfully bumped revision number for resource a5f0fcd7-8e3b-4d74-897d-b8ce089f1990 (type: security_group_rules) to 0
2026-04-20 06:29:11.925 8 INFO neutron.db.ovn_revision_numbers_db [None req-995b7f5c-88b3-4e3f-8323-0aaf438d1a81 5b125a8bbdcd42bca37f8acf3e37aa5b 79b7143f2144460ab66fc127bd402e10 - - default default] Successfully bumped revision number for resource 20cc2f2e-7114-47f9-a7df-595eb8da4d5d (type: security_group_rules) to 0
2026-04-20 06:29:11.935 7 INFO neutron.db.ovn_revision_numbers_db [None req-1492a2ff-30ab-4539-9716-3ff635157d7c 5b125a8bbdcd42bca37f8acf3e37aa5b 79b7143f2144460ab66fc127bd402e10 - - default default] Successfully bumped revision number for resource b2b67fe1-ee49-4bdd-9762-63177cc32cf9 (type: security_group_rules) to 0
2026-04-20 06:29:11.937 8 INFO neutron.db.ovn_revision_numbers_db [None req-995b7f5c-88b3-4e3f-8323-0aaf438d1a81 5b125a8bbdcd42bca37f8acf3e37aa5b 79b7143f2144460ab66fc127bd402e10 - - default default] Successfully bumped revision number for resource 8281fc17-5d06-4f02-bb41-17124a4ef80e (type: security_group_rules) to 0
2026-04-20 06:29:11.947 7 INFO neutron.db.ovn_revision_numbers_db [None req-1492a2ff-30ab-4539-9716-3ff635157d7c 5b125a8bbdcd42bca37f8acf3e37aa5b 79b7143f2144460ab66fc127bd402e10 - - default default] Successfully bumped revision number for resource f958a04e-e2c1-4eab-ad03-1d2b342164f0 (type: security_group_rules) to 0
2026-04-20 06:29:11.948 8 INFO neutron.db.ovn_revision_numbers_db [None req-995b7f5c-88b3-4e3f-8323-0aaf438d1a81 5b125a8bbdcd42bca37f8acf3e37aa5b 79b7143f2144460ab66fc127bd402e10 - - default default] Successfully bumped revision number for resource f1520553-c94b-4952-a0e1-4672ff4f1cb2 (type: security_group_rules) to 0
2026-04-20 06:29:12.053 7 INFO neutron.db.segments_db [None req-1492a2ff-30ab-4539-9716-3ff635157d7c 5b125a8bbdcd42bca37f8acf3e37aa5b 79b7143f2144460ab66fc127bd402e10 - - default default] Added segment bcb05aae-2f37-4061-891c-e7275c8ec02c of type geneve for network 784480d8-1134-42f7-af63-dd986f7a7ad6
2026-04-20 06:29:12.072 8 INFO neutron.db.segments_db [None req-995b7f5c-88b3-4e3f-8323-0aaf438d1a81 5b125a8bbdcd42bca37f8acf3e37aa5b 79b7143f2144460ab66fc127bd402e10 - - default default] Added segment e7609023-b1c4-4dd5-8c1d-928a55b21810 of type geneve for network 2382b80f-8d37-4bed-86ef-0c4dc8e24081
2026-04-20 06:29:12.162 7 INFO neutron.db.ovn_revision_numbers_db [None req-1492a2ff-30ab-4539-9716-3ff635157d7c 5b125a8bbdcd42bca37f8acf3e37aa5b 79b7143f2144460ab66fc127bd402e10 - - default default] Successfully bumped revision number for resource 784480d8-1134-42f7-af63-dd986f7a7ad6 (type: networks) to 1
2026-04-20 06:29:12.185 8 INFO neutron.db.ovn_revision_numbers_db [None req-995b7f5c-88b3-4e3f-8323-0aaf438d1a81 5b125a8bbdcd42bca37f8acf3e37aa5b 79b7143f2144460ab66fc127bd402e10 - - default default] Successfully bumped revision number for resource 2382b80f-8d37-4bed-86ef-0c4dc8e24081 (type: networks) to 1
2026-04-20 06:29:12.324 8 WARNING neutron.scheduler.dhcp_agent_scheduler [None req-995b7f5c-88b3-4e3f-8323-0aaf438d1a81 5b125a8bbdcd42bca37f8acf3e37aa5b 79b7143f2144460ab66fc127bd402e10 - - default default] No more DHCP agents
2026-04-20 06:29:12.325 8 WARNING neutron.api.rpc.agentnotifiers.dhcp_rpc_agent_api [None req-995b7f5c-88b3-4e3f-8323-0aaf438d1a81 5b125a8bbdcd42bca37f8acf3e37aa5b 79b7143f2144460ab66fc127bd402e10 - - default default] Unable to schedule network 2382b80f-8d37-4bed-86ef-0c4dc8e24081: no agents available; will retry on subsequent port and subnet creation events.
2026-04-20 06:29:12.340 7 WARNING neutron.scheduler.dhcp_agent_scheduler [None req-1492a2ff-30ab-4539-9716-3ff635157d7c 5b125a8bbdcd42bca37f8acf3e37aa5b 79b7143f2144460ab66fc127bd402e10 - - default default] No more DHCP agents
2026-04-20 06:29:12.341 7 WARNING neutron.api.rpc.agentnotifiers.dhcp_rpc_agent_api [None req-1492a2ff-30ab-4539-9716-3ff635157d7c 5b125a8bbdcd42bca37f8acf3e37aa5b 79b7143f2144460ab66fc127bd402e10 - - default default] Unable to schedule network 784480d8-1134-42f7-af63-dd986f7a7ad6: no agents available; will retry on subsequent port and subnet creation events.
2026-04-20 06:29:12.405 8 INFO neutron.db.ovn_revision_numbers_db [None req-995b7f5c-88b3-4e3f-8323-0aaf438d1a81 5b125a8bbdcd42bca37f8acf3e37aa5b 79b7143f2144460ab66fc127bd402e10 - - default default] Successfully bumped revision number for resource 5c294a27-b4ce-43b1-983a-f21dd3ea8cca (type: ports) to 1
2026-04-20 06:29:12.405 7 INFO neutron.plugins.ml2.drivers.ovn.mech_driver.mech_driver [None req-061fffce-d9d8-4b23-93bb-bbae291210a7 - - - - - -] OVN reports status down for port: 5c294a27-b4ce-43b1-983a-f21dd3ea8cca [pid: 8|app: 0|req: 101/207] 10.0.0.214 () {34 vars in 671 bytes} [Mon Apr 20 06:29:11 2026] POST /v2.0/networks => generated 765 bytes in 778 msecs (HTTP/1.1 201) 4 headers in 162 bytes (1 switches on core 0)
2026-04-20 06:29:12.510 7 INFO neutron.db.ovn_revision_numbers_db [None req-1492a2ff-30ab-4539-9716-3ff635157d7c 5b125a8bbdcd42bca37f8acf3e37aa5b 79b7143f2144460ab66fc127bd402e10 - - default default] Successfully bumped revision number for resource 118b8c0d-d4b3-4b82-bda7-f9cb5873ad5c (type: ports) to 1
2026-04-20 06:29:12.514 7 INFO neutron.plugins.ml2.drivers.ovn.mech_driver.mech_driver [None req-061fffce-d9d8-4b23-93bb-bbae291210a7 - - - - - -] OVN reports status down for port: 118b8c0d-d4b3-4b82-bda7-f9cb5873ad5c [pid: 7|app: 0|req: 107/208] 10.0.0.214 () {34 vars in 671 bytes} [Mon Apr 20 06:29:11 2026] POST /v2.0/networks => generated 765 bytes in 867 msecs (HTTP/1.1 201) 4 headers in 162 bytes (1 switches on core 0)
2026-04-20 06:29:12.698 8 INFO neutron.db.ovn_revision_numbers_db [None req-7fe59dce-7f06-4d0f-8ff9-df9d824b4f73 5b125a8bbdcd42bca37f8acf3e37aa5b 79b7143f2144460ab66fc127bd402e10 - - default default] Successfully bumped revision number for resource 8b31b7ee-578c-430b-9ba1-a029a72bdcb4 (type: security_groups) to 1
2026-04-20 06:29:12.722 8 INFO neutron.db.ovn_revision_numbers_db [None req-7fe59dce-7f06-4d0f-8ff9-df9d824b4f73 5b125a8bbdcd42bca37f8acf3e37aa5b 79b7143f2144460ab66fc127bd402e10 - - default default] Successfully bumped revision number for resource 13ed8e6d-fd55-4378-a345-33c60c68d6a9 (type: security_group_rules) to 0
2026-04-20 06:29:12.724 7 INFO neutron.db.ovn_revision_numbers_db [None req-a3742e88-d667-48ab-b5a5-df21f3701cef 5b125a8bbdcd42bca37f8acf3e37aa5b 79b7143f2144460ab66fc127bd402e10 - - default default] Successfully bumped revision number for resource 82c5709f-f970-44b3-bc99-507859ab4083 (type: security_groups) to 1
2026-04-20 06:29:12.734 8 INFO neutron.db.ovn_revision_numbers_db [None req-7fe59dce-7f06-4d0f-8ff9-df9d824b4f73 5b125a8bbdcd42bca37f8acf3e37aa5b 79b7143f2144460ab66fc127bd402e10 - - default default] Successfully bumped revision number for resource 5ccbb8de-3595-4adb-b4d6-0cf66c7cae6f (type: security_group_rules) to 0
2026-04-20 06:29:12.736 7 INFO neutron.db.ovn_revision_numbers_db [None req-a3742e88-d667-48ab-b5a5-df21f3701cef 5b125a8bbdcd42bca37f8acf3e37aa5b 79b7143f2144460ab66fc127bd402e10 - - default default] Successfully bumped revision number for resource 67ae184d-d275-4a05-b2b3-7cd5917cc867 (type: security_group_rules) to 0
2026-04-20 06:29:12.744 8 INFO neutron.db.ovn_revision_numbers_db [None req-7fe59dce-7f06-4d0f-8ff9-df9d824b4f73 5b125a8bbdcd42bca37f8acf3e37aa5b 79b7143f2144460ab66fc127bd402e10 - - default default] Successfully bumped revision number for resource 6cd07b67-9bbe-4a57-ab87-ecffed7895eb (type: security_group_rules) to 0
2026-04-20 06:29:12.746 7 INFO neutron.db.ovn_revision_numbers_db [None req-a3742e88-d667-48ab-b5a5-df21f3701cef 5b125a8bbdcd42bca37f8acf3e37aa5b 79b7143f2144460ab66fc127bd402e10 - - default default] Successfully bumped revision number for resource 99d36439-57e2-4c5c-8eaa-14fd62379db7 (type: security_group_rules) to 0
2026-04-20 06:29:12.754 8 INFO neutron.db.ovn_revision_numbers_db [None req-7fe59dce-7f06-4d0f-8ff9-df9d824b4f73 5b125a8bbdcd42bca37f8acf3e37aa5b 79b7143f2144460ab66fc127bd402e10 - - default default] Successfully bumped revision number for resource d733ba7d-adee-4596-a5a9-25a806da7ba9 (type: security_group_rules) to 0
2026-04-20 06:29:12.758 7 INFO neutron.db.ovn_revision_numbers_db [None req-a3742e88-d667-48ab-b5a5-df21f3701cef 5b125a8bbdcd42bca37f8acf3e37aa5b 79b7143f2144460ab66fc127bd402e10 - - default default] Successfully bumped revision number for resource ca8a363a-9cfe-4ebd-b064-a06da1f456e9 (type: security_group_rules) to 0
2026-04-20 06:29:12.767 7 INFO neutron.db.ovn_revision_numbers_db [None req-a3742e88-d667-48ab-b5a5-df21f3701cef 5b125a8bbdcd42bca37f8acf3e37aa5b 79b7143f2144460ab66fc127bd402e10 - - default default] Successfully bumped revision number for resource ee6c7174-72d0-4564-9540-cc43b6f9743f (type: security_group_rules) to 0 [pid: 7|app: 0|req: 108/209] 10.0.0.214 () {32 vars in 774 bytes} [Mon Apr 20 06:29:12 2026] GET /v2.0/security-groups?tenant_id=d8b66fa7c8ca40dfbf60e4cfe2f9c070&name=default => generated 2921 bytes in 262 msecs (HTTP/1.1 200) 4 headers in 158 bytes (1 switches on core 0)
2026-04-20 06:29:12.831 8 INFO neutron.db.segments_db [None req-7fe59dce-7f06-4d0f-8ff9-df9d824b4f73 5b125a8bbdcd42bca37f8acf3e37aa5b 79b7143f2144460ab66fc127bd402e10 - - default default] Added segment 69c1024d-c922-4421-ac69-472d2e34419d of type geneve for network a75900d6-4c55-4fd1-99ad-ddefa85863dc
2026-04-20 06:29:12.911 8 INFO neutron.db.ovn_revision_numbers_db [None req-7fe59dce-7f06-4d0f-8ff9-df9d824b4f73 5b125a8bbdcd42bca37f8acf3e37aa5b 79b7143f2144460ab66fc127bd402e10 - - default default] Successfully bumped revision number for resource a75900d6-4c55-4fd1-99ad-ddefa85863dc (type: networks) to 1
2026-04-20 06:29:12.969 7 WARNING neutron.scheduler.dhcp_agent_scheduler [None req-f84ee029-cce8-4361-96b4-7807d79063fc 5b125a8bbdcd42bca37f8acf3e37aa5b 79b7143f2144460ab66fc127bd402e10 - - default default] No more DHCP agents
2026-04-20 06:29:12.970 7 WARNING neutron.api.rpc.agentnotifiers.dhcp_rpc_agent_api [None req-f84ee029-cce8-4361-96b4-7807d79063fc 5b125a8bbdcd42bca37f8acf3e37aa5b 79b7143f2144460ab66fc127bd402e10 - - default default] Unable to schedule network 2382b80f-8d37-4bed-86ef-0c4dc8e24081: no agents available; will retry on subsequent port and subnet creation events.
2026-04-20 06:29:13.050 8 WARNING neutron.scheduler.dhcp_agent_scheduler [None req-7fe59dce-7f06-4d0f-8ff9-df9d824b4f73 5b125a8bbdcd42bca37f8acf3e37aa5b 79b7143f2144460ab66fc127bd402e10 - - default default] No more DHCP agents
2026-04-20 06:29:13.051 8 WARNING neutron.api.rpc.agentnotifiers.dhcp_rpc_agent_api [None req-7fe59dce-7f06-4d0f-8ff9-df9d824b4f73 5b125a8bbdcd42bca37f8acf3e37aa5b 79b7143f2144460ab66fc127bd402e10 - - default default] Unable to schedule network a75900d6-4c55-4fd1-99ad-ddefa85863dc: no agents available; will retry on subsequent port and subnet creation events.
2026-04-20 06:29:13.101 8 INFO neutron.plugins.ml2.drivers.ovn.mech_driver.mech_driver [None req-0c32b900-a08b-4182-b70c-619662849367 - - - - - -] OVN reports status down for port: 07dae4fe-e397-4db7-ab5f-be9bf5165d4a
2026-04-20 06:29:13.154 8 INFO neutron.db.ovn_revision_numbers_db [None req-7fe59dce-7f06-4d0f-8ff9-df9d824b4f73 5b125a8bbdcd42bca37f8acf3e37aa5b 79b7143f2144460ab66fc127bd402e10 - - default default] Successfully bumped revision number for resource 07dae4fe-e397-4db7-ab5f-be9bf5165d4a (type: ports) to 1 [pid: 8|app: 0|req: 102/210] 10.0.0.214 () {34 vars in 671 bytes} [Mon Apr 20 06:29:12 2026] POST /v2.0/networks => generated 770 bytes in 752 msecs (HTTP/1.1 201) 4 headers in 162 bytes (1 switches on core 0)
2026-04-20 06:29:13.314 8 WARNING neutron.scheduler.dhcp_agent_scheduler [None req-df4a7c88-2193-4741-9a22-66d78a3e3014 5b125a8bbdcd42bca37f8acf3e37aa5b 79b7143f2144460ab66fc127bd402e10 - - default default] No more DHCP agents
2026-04-20 06:29:13.316 8 WARNING neutron.api.rpc.agentnotifiers.dhcp_rpc_agent_api [None req-df4a7c88-2193-4741-9a22-66d78a3e3014 5b125a8bbdcd42bca37f8acf3e37aa5b 79b7143f2144460ab66fc127bd402e10 - - default default] Unable to schedule network 784480d8-1134-42f7-af63-dd986f7a7ad6: no agents available; will retry on subsequent port and subnet creation events.
2026-04-20 06:29:13.416 7 INFO neutron.db.ovn_revision_numbers_db [None req-1523bd8a-a4ad-41ee-9c2e-d04dd82117a9 - - - - - -] Successfully bumped revision number for resource 5c294a27-b4ce-43b1-983a-f21dd3ea8cca (type: ports) to 2
2026-04-20 06:29:13.442 7 INFO neutron.db.ovn_revision_numbers_db [None req-1523bd8a-a4ad-41ee-9c2e-d04dd82117a9 - - - - - -] Successfully bumped revision number for resource cb0c8524-c6e2-402c-a581-c0b1ffc90342 (type: subnets) to 0 [pid: 7|app: 0|req: 109/211] 10.0.0.214 () {34 vars in 669 bytes} [Mon Apr 20 06:29:12 2026] POST /v2.0/subnets => generated 690 bytes in 637 msecs (HTTP/1.1 201) 4 headers in 162 bytes (1 switches on core 0) [pid: 7|app: 0|req: 110/212] 10.0.0.214 () {32 vars in 740 bytes} [Mon Apr 20 06:29:13 2026] DELETE /v2.0/security-groups/82c5709f-f970-44b3-bc99-507859ab4083 => generated 0 bytes in 178 msecs (HTTP/1.1 204) 2 headers in 112 bytes (1 switches on core 0) [pid: 7|app: 0|req: 111/213] 10.0.0.163 () {28 vars in 585 bytes} [Mon Apr 20 06:29:13 2026] GET /v2.0/networks => generated 4649 bytes in 90 msecs (HTTP/1.1 200) 4 headers in 158 bytes (1 switches on core 0)
2026-04-20 06:29:13.855 7 WARNING neutron.scheduler.dhcp_agent_scheduler [None req-591c4c99-01da-4c55-80bc-62f59d9b454d 5b125a8bbdcd42bca37f8acf3e37aa5b 79b7143f2144460ab66fc127bd402e10 - - default default] No more DHCP agents
2026-04-20 06:29:13.861 7 WARNING neutron.api.rpc.agentnotifiers.dhcp_rpc_agent_api [None req-591c4c99-01da-4c55-80bc-62f59d9b454d 5b125a8bbdcd42bca37f8acf3e37aa5b 79b7143f2144460ab66fc127bd402e10 - - default default] Unable to schedule network a75900d6-4c55-4fd1-99ad-ddefa85863dc: no agents available; will retry on subsequent port and subnet creation events.
2026-04-20 06:29:13.966 8 INFO neutron.db.ovn_revision_numbers_db [None req-354fc4cd-cf59-4abd-8b88-bf3d0fb6a837 - - - - - -] Successfully bumped revision number for resource 118b8c0d-d4b3-4b82-bda7-f9cb5873ad5c (type: ports) to 2
2026-04-20 06:29:13.999 8 INFO neutron.db.ovn_revision_numbers_db [None req-354fc4cd-cf59-4abd-8b88-bf3d0fb6a837 - - - - - -] Successfully bumped revision number for resource 90a54c0a-3f19-44ef-bc40-467e7b07f489 (type: subnets) to 0 [pid: 8|app: 0|req: 103/214] 10.0.0.214 () {34 vars in 669 bytes} [Mon Apr 20 06:29:13 2026] POST /v2.0/subnets => generated 690 bytes in 828 msecs (HTTP/1.1 201) 4 headers in 162 bytes (1 switches on core 0)
2026-04-20 06:29:14.273 7 INFO neutron.db.ovn_revision_numbers_db [None req-a6125bbd-ab54-46dc-ae1e-8e6643628f91 - - - - - -] Successfully bumped revision number for resource 07dae4fe-e397-4db7-ab5f-be9bf5165d4a (type: ports) to 2
2026-04-20 06:29:14.299 7 INFO neutron.db.ovn_revision_numbers_db [None req-a6125bbd-ab54-46dc-ae1e-8e6643628f91 - - - - - -] Successfully bumped revision number for resource a3ebcbd0-1181-4244-ae2b-e0a761eb320e (type: subnets) to 0 [pid: 7|app: 0|req: 112/215] 10.0.0.214 () {34 vars in 669 bytes} [Mon Apr 20 06:29:13 2026] POST /v2.0/subnets => generated 695 bytes in 590 msecs (HTTP/1.1 201) 4 headers in 162 bytes (1 switches on core 0) [pid: 7|app: 0|req: 113/216] 10.0.0.163 () {28 vars in 583 bytes} [Mon Apr 20 06:29:14 2026] GET /v2.0/subnets => generated 3353 bytes in 33 msecs (HTTP/1.1 200) 4 headers in 158 bytes (1 switches on core 0)
2026-04-20 06:29:14.480 8 WARNING neutron.scheduler.dhcp_agent_scheduler [None req-0d0a293a-c8f6-4f31-91a7-a59577231ba0 5b125a8bbdcd42bca37f8acf3e37aa5b 79b7143f2144460ab66fc127bd402e10 - - default default] No more DHCP agents
2026-04-20 06:29:14.481 8 WARNING neutron.api.rpc.agentnotifiers.dhcp_rpc_agent_api [None req-0d0a293a-c8f6-4f31-91a7-a59577231ba0 5b125a8bbdcd42bca37f8acf3e37aa5b 79b7143f2144460ab66fc127bd402e10 - - default default] Unable to schedule network 129b1456-abf4-48bc-8dbc-ecf6194a0b01: no agents available; will retry on subsequent port and subnet creation events.
2026-04-20 06:29:14.584 7 INFO neutron.plugins.ml2.drivers.ovn.mech_driver.mech_driver [None req-061fffce-d9d8-4b23-93bb-bbae291210a7 - - - - - -] OVN reports status down for port: 0eff8495-fe4a-4bdc-8c90-39ba75981b8a
2026-04-20 06:29:14.613 8 INFO neutron.db.ovn_revision_numbers_db [None req-0d0a293a-c8f6-4f31-91a7-a59577231ba0 5b125a8bbdcd42bca37f8acf3e37aa5b 79b7143f2144460ab66fc127bd402e10 - - default default] Successfully bumped revision number for resource 0eff8495-fe4a-4bdc-8c90-39ba75981b8a (type: ports) to 1
2026-04-20 06:29:14.898 7 WARNING neutron.scheduler.dhcp_agent_scheduler [None req-3dfba50b-8b83-4ef6-991c-eb5fa2252704 5b125a8bbdcd42bca37f8acf3e37aa5b 79b7143f2144460ab66fc127bd402e10 - - default default] No more DHCP agents
2026-04-20 06:29:14.900 7 WARNING neutron.api.rpc.agentnotifiers.dhcp_rpc_agent_api [None req-3dfba50b-8b83-4ef6-991c-eb5fa2252704 5b125a8bbdcd42bca37f8acf3e37aa5b 79b7143f2144460ab66fc127bd402e10 - - default default] Unable to schedule network 129b1456-abf4-48bc-8dbc-ecf6194a0b01: no agents available; will retry on subsequent port and subnet creation events.
2026-04-20 06:29:14.959 8 INFO neutron.plugins.ml2.drivers.ovn.mech_driver.ovsdb.extensions.qos [None req-0d0a293a-c8f6-4f31-91a7-a59577231ba0 5b125a8bbdcd42bca37f8acf3e37aa5b 79b7143f2144460ab66fc127bd402e10 - - default default] Starting OVNClientQosExtension
2026-04-20 06:29:14.983 8 INFO neutron.plugins.ml2.drivers.ovn.mech_driver.mech_driver [None req-0c32b900-a08b-4182-b70c-619662849367 - - - - - -] OVN reports status down for port: 808aa941-868f-42e6-95e2-6d0b32755794
2026-04-20 06:29:15.001 7 INFO neutron.db.ovn_revision_numbers_db [None req-3dfba50b-8b83-4ef6-991c-eb5fa2252704 5b125a8bbdcd42bca37f8acf3e37aa5b 79b7143f2144460ab66fc127bd402e10 - - default default] Successfully bumped revision number for resource 808aa941-868f-42e6-95e2-6d0b32755794 (type: ports) to 1
2026-04-20 06:29:15.088 8 WARNING oslo_config.cfg [None req-0d0a293a-c8f6-4f31-91a7-a59577231ba0 5b125a8bbdcd42bca37f8acf3e37aa5b 79b7143f2144460ab66fc127bd402e10 - - default default] Deprecated: Option "ovn_emit_need_to_frag" from group "ovn" is deprecated for removal (The option is useful only on very old Linux kernels (version < 5.2).). Its value may be silently ignored in the future.
2026-04-20 06:29:15.284 7 INFO neutron.plugins.ml2.drivers.ovn.mech_driver.ovsdb.extensions.qos [None req-3dfba50b-8b83-4ef6-991c-eb5fa2252704 5b125a8bbdcd42bca37f8acf3e37aa5b 79b7143f2144460ab66fc127bd402e10 - - default default] Starting OVNClientQosExtension
2026-04-20 06:29:15.338 8 INFO neutron.plugins.ml2.drivers.ovn.mech_driver.ovsdb.commands [None req-2f9c8cfa-f78e-4f29-ba48-3e7720aef23f - - - - - -] Schedule LRP lrp-0eff8495-fe4a-4bdc-8c90-39ba75981b8a on gateway 684766bb-9cf5-4455-8b2f-31b3d11b3907 with priority 1
2026-04-20 06:29:15.362 7 INFO neutron.plugins.ml2.drivers.ovn.mech_driver.mech_driver [None req-061fffce-d9d8-4b23-93bb-bbae291210a7 - - - - - -] OVN reports status up for port: 0eff8495-fe4a-4bdc-8c90-39ba75981b8a
2026-04-20 06:29:15.372 7 INFO neutron.plugins.ml2.drivers.ovn.mech_driver.ovsdb.ovsdb_monitor [-] Router 0db21ec2-e478-4ee7-a27d-accbf64189c5 is bound to host instance
2026-04-20 06:29:15.395 8 INFO neutron.db.ovn_revision_numbers_db [None req-0d0a293a-c8f6-4f31-91a7-a59577231ba0 5b125a8bbdcd42bca37f8acf3e37aa5b 79b7143f2144460ab66fc127bd402e10 - - default default] Successfully bumped revision number for resource 0eff8495-fe4a-4bdc-8c90-39ba75981b8a (type: router_ports) to 1
2026-04-20 06:29:15.424 7 INFO neutron.plugins.ml2.plugin [None req-061fffce-d9d8-4b23-93bb-bbae291210a7 - - - - - -] Attempt 1 to provision port 0eff8495-fe4a-4bdc-8c90-39ba75981b8a
2026-04-20 06:29:15.465 7 WARNING oslo_config.cfg [None req-3dfba50b-8b83-4ef6-991c-eb5fa2252704 5b125a8bbdcd42bca37f8acf3e37aa5b 79b7143f2144460ab66fc127bd402e10 - - default default] Deprecated: Option "ovn_emit_need_to_frag" from group "ovn" is deprecated for removal (The option is useful only on very old Linux kernels (version < 5.2).). Its value may be silently ignored in the future.
2026-04-20 06:29:15.470 8 INFO neutron.db.ovn_revision_numbers_db [None req-0d0a293a-c8f6-4f31-91a7-a59577231ba0 5b125a8bbdcd42bca37f8acf3e37aa5b 79b7143f2144460ab66fc127bd402e10 - - default default] Successfully bumped revision number for resource 0db21ec2-e478-4ee7-a27d-accbf64189c5 (type: routers) to 2 [pid: 8|app: 0|req: 104/217] 10.0.0.214 () {34 vars in 669 bytes} [Mon Apr 20 06:29:14 2026] POST /v2.0/routers => generated 968 bytes in 1478 msecs (HTTP/1.1 201) 4 headers in 162 bytes (1 switches on core 0)
2026-04-20 06:29:15.873 8 WARNING neutron.scheduler.dhcp_agent_scheduler [None req-c95966c8-1761-4a55-96cd-7136010c188a 5b125a8bbdcd42bca37f8acf3e37aa5b 79b7143f2144460ab66fc127bd402e10 - - default default] No more DHCP agents
2026-04-20 06:29:15.875 8 WARNING neutron.api.rpc.agentnotifiers.dhcp_rpc_agent_api [None req-c95966c8-1761-4a55-96cd-7136010c188a 5b125a8bbdcd42bca37f8acf3e37aa5b 79b7143f2144460ab66fc127bd402e10 - - default default] Unable to schedule network 129b1456-abf4-48bc-8dbc-ecf6194a0b01: no agents available; will retry on subsequent port and subnet creation events.
2026-04-20 06:29:16.001 8 INFO neutron.db.ovn_revision_numbers_db [None req-c95966c8-1761-4a55-96cd-7136010c188a 5b125a8bbdcd42bca37f8acf3e37aa5b 79b7143f2144460ab66fc127bd402e10 - - default default] Successfully bumped revision number for resource 645072ab-e36b-4440-8442-f2398c8e431f (type: ports) to 1
2026-04-20 06:29:16.014 7 INFO neutron.plugins.ml2.drivers.ovn.mech_driver.ovsdb.commands [None req-205c0835-3b2a-4c14-be4a-5a9c81d5760a - - - - - -] Schedule LRP lrp-808aa941-868f-42e6-95e2-6d0b32755794 on gateway 684766bb-9cf5-4455-8b2f-31b3d11b3907 with priority 1
2026-04-20 06:29:16.056 8 INFO neutron.plugins.ml2.drivers.ovn.mech_driver.mech_driver [None req-0c32b900-a08b-4182-b70c-619662849367 - - - - - -] OVN reports status up for port: 808aa941-868f-42e6-95e2-6d0b32755794
2026-04-20 06:29:16.082 8 INFO neutron.plugins.ml2.plugin [None req-0c32b900-a08b-4182-b70c-619662849367 - - - - - -] Attempt 1 to provision port 808aa941-868f-42e6-95e2-6d0b32755794
2026-04-20 06:29:16.115 7 INFO neutron.db.ovn_revision_numbers_db [None req-3dfba50b-8b83-4ef6-991c-eb5fa2252704 5b125a8bbdcd42bca37f8acf3e37aa5b 79b7143f2144460ab66fc127bd402e10 - - default default] Successfully bumped revision number for resource 808aa941-868f-42e6-95e2-6d0b32755794 (type: router_ports) to 1
2026-04-20 06:29:16.229 7 INFO neutron.db.ovn_revision_numbers_db [None req-3dfba50b-8b83-4ef6-991c-eb5fa2252704 5b125a8bbdcd42bca37f8acf3e37aa5b 79b7143f2144460ab66fc127bd402e10 - - default default] Successfully bumped revision number for resource 430231d0-f541-4ecc-8160-21047544916a (type: routers) to 2 [pid: 7|app: 0|req: 114/218] 10.0.0.214 () {34 vars in 669 bytes} [Mon Apr 20 06:29:14 2026] POST /v2.0/routers => generated 968 bytes in 1915 msecs (HTTP/1.1 201) 4 headers in 162 bytes (1 switches on core 0) [pid: 7|app: 0|req: 115/219] 10.0.0.163 () {28 vars in 579 bytes} [Mon Apr 20 06:29:16 2026] GET /v2.0/ports => generated 11333 bytes in 187 msecs (HTTP/1.1 200) 4 headers in 159 bytes (1 switches on core 0)
2026-04-20 06:29:16.711 8 INFO neutron.plugins.ml2.drivers.ovn.mech_driver.ovsdb.commands [None req-2f9c8cfa-f78e-4f29-ba48-3e7720aef23f - - - - - -] Schedule LRP lrp-645072ab-e36b-4440-8442-f2398c8e431f on gateway 684766bb-9cf5-4455-8b2f-31b3d11b3907 with priority 1
2026-04-20 06:29:16.768 8 INFO neutron.db.ovn_revision_numbers_db [None req-c95966c8-1761-4a55-96cd-7136010c188a 5b125a8bbdcd42bca37f8acf3e37aa5b 79b7143f2144460ab66fc127bd402e10 - - default default] Successfully bumped revision number for resource 645072ab-e36b-4440-8442-f2398c8e431f (type: router_ports) to 1
2026-04-20 06:29:16.827 8 INFO neutron.db.ovn_revision_numbers_db [None req-c95966c8-1761-4a55-96cd-7136010c188a 5b125a8bbdcd42bca37f8acf3e37aa5b 79b7143f2144460ab66fc127bd402e10 - - default default] Successfully bumped revision number for resource fc93cc42-a259-477d-b198-5628fc79a32d (type: routers) to 2 [pid: 8|app: 0|req: 105/220] 10.0.0.214 () {34 vars in 669 bytes} [Mon Apr 20 06:29:15 2026] POST /v2.0/routers => generated 973 bytes in 1354 msecs (HTTP/1.1 201) 4 headers in 162 bytes (1 switches on core 0)
2026-04-20 06:29:17.155 7 INFO neutron.db.ovn_revision_numbers_db [None req-7a5387e8-eb64-4b92-a010-b194923b90d3 - - - - - -] Successfully bumped revision number for resource 0eff8495-fe4a-4bdc-8c90-39ba75981b8a (type: ports) to 4
2026-04-20 06:29:17.260 8 WARNING neutron.scheduler.dhcp_agent_scheduler [None req-d3a1d7c0-601d-4542-a197-9e40e376ff3a 5b125a8bbdcd42bca37f8acf3e37aa5b 79b7143f2144460ab66fc127bd402e10 - - default default] No more DHCP agents
2026-04-20 06:29:17.262 8 WARNING neutron.api.rpc.agentnotifiers.dhcp_rpc_agent_api [None req-d3a1d7c0-601d-4542-a197-9e40e376ff3a 5b125a8bbdcd42bca37f8acf3e37aa5b 79b7143f2144460ab66fc127bd402e10 - - default default] Unable to schedule network 784480d8-1134-42f7-af63-dd986f7a7ad6: no agents available; will retry on subsequent port and subnet creation events.
2026-04-20 06:29:17.275 7 WARNING neutron.scheduler.dhcp_agent_scheduler [None req-c3f8a334-942b-467f-8557-a46aa36da3b0 5b125a8bbdcd42bca37f8acf3e37aa5b 79b7143f2144460ab66fc127bd402e10 - - default default] No more DHCP agents
2026-04-20 06:29:17.282 7 WARNING neutron.api.rpc.agentnotifiers.dhcp_rpc_agent_api [None req-c3f8a334-942b-467f-8557-a46aa36da3b0 5b125a8bbdcd42bca37f8acf3e37aa5b 79b7143f2144460ab66fc127bd402e10 - - default default] Unable to schedule network 2382b80f-8d37-4bed-86ef-0c4dc8e24081: no agents available; will retry on subsequent port and subnet creation events.
2026-04-20 06:29:17.370 8 INFO neutron.db.ovn_revision_numbers_db [None req-d3a1d7c0-601d-4542-a197-9e40e376ff3a 5b125a8bbdcd42bca37f8acf3e37aa5b 79b7143f2144460ab66fc127bd402e10 - - default default] Successfully bumped revision number for resource 9b25f923-42c9-4aab-9990-f39a8c21a1eb (type: ports) to 1
2026-04-20 06:29:17.977 7 INFO neutron.db.ovn_revision_numbers_db [None req-c3f8a334-942b-467f-8557-a46aa36da3b0 5b125a8bbdcd42bca37f8acf3e37aa5b 79b7143f2144460ab66fc127bd402e10 - - default default] Successfully bumped revision number for resource 6bdb085f-b16a-4d0a-a37b-bb8f2c0cd1fa (type: ports) to 1
2026-04-20 06:29:18.077 8 WARNING neutron.scheduler.dhcp_agent_scheduler [None req-d3a1d7c0-601d-4542-a197-9e40e376ff3a 5b125a8bbdcd42bca37f8acf3e37aa5b 79b7143f2144460ab66fc127bd402e10 - - default default] No more DHCP agents
2026-04-20 06:29:18.078 8 WARNING neutron.api.rpc.agentnotifiers.dhcp_rpc_agent_api [None req-d3a1d7c0-601d-4542-a197-9e40e376ff3a 5b125a8bbdcd42bca37f8acf3e37aa5b 79b7143f2144460ab66fc127bd402e10 - - default default] Unable to schedule network 784480d8-1134-42f7-af63-dd986f7a7ad6: no agents available; will retry on subsequent port and subnet creation events.
2026-04-20 06:29:18.245 7 INFO neutron.plugins.ml2.drivers.ovn.mech_driver.mech_driver [None req-061fffce-d9d8-4b23-93bb-bbae291210a7 - - - - - -] OVN reports status down for port: 645072ab-e36b-4440-8442-f2398c8e431f
2026-04-20 06:29:18.359 7 INFO neutron.db.ovn_revision_numbers_db [None req-7a5387e8-eb64-4b92-a010-b194923b90d3 - - - - - -] Successfully bumped revision number for resource 0eff8495-fe4a-4bdc-8c90-39ba75981b8a (type: ports) to 5
2026-04-20 06:29:18.594 7 INFO neutron.plugins.ml2.drivers.ovn.mech_driver.ovsdb.ovsdb_monitor [None req-7a5387e8-eb64-4b92-a010-b194923b90d3 - - - - - -] Router 430231d0-f541-4ecc-8160-21047544916a is bound to host instance
2026-04-20 06:29:18.657 7 WARNING neutron.plugins.ml2.drivers.ovn.mech_driver.ovsdb.ovn_client [None req-061fffce-d9d8-4b23-93bb-bbae291210a7 - - - - - -] Logical_Switch_Port %s host information not removed, the port state is up
2026-04-20 06:29:18.658 7 INFO neutron.plugins.ml2.drivers.ovn.mech_driver.mech_driver [None req-061fffce-d9d8-4b23-93bb-bbae291210a7 - - - - - -] OVN reports status up for port: 645072ab-e36b-4440-8442-f2398c8e431f
2026-04-20 06:29:18.690 7 INFO neutron.plugins.ml2.plugin [None req-061fffce-d9d8-4b23-93bb-bbae291210a7 - - - - - -] Attempt 1 to provision port 645072ab-e36b-4440-8442-f2398c8e431f
2026-04-20 06:29:18.716 8 INFO neutron.db.ovn_revision_numbers_db [None req-d3a1d7c0-601d-4542-a197-9e40e376ff3a 5b125a8bbdcd42bca37f8acf3e37aa5b 79b7143f2144460ab66fc127bd402e10 - - default default] Successfully bumped revision number for resource 9b25f923-42c9-4aab-9990-f39a8c21a1eb (type: router_ports) to 1 [pid: 8|app: 0|req: 106/221] 10.0.0.214 () {34 vars in 783 bytes} [Mon Apr 20 06:29:16 2026] PUT /v2.0/routers/430231d0-f541-4ecc-8160-21047544916a/add_router_interface => generated 309 bytes in 1873 msecs (HTTP/1.1 200) 4 headers in 157 bytes (1 switches on core 0) [pid: 8|app: 0|req: 107/222] 10.0.0.163 () {28 vars in 583 bytes} [Mon Apr 20 06:29:18 2026] GET /v2.0/routers => generated 2910 bytes in 65 msecs (HTTP/1.1 200) 4 headers in 158 bytes (1 switches on core 0)
2026-04-20 06:29:19.174 8 WARNING neutron.scheduler.dhcp_agent_scheduler [None req-b190b399-023b-4f1b-80b1-00a5c1ecfe45 5b125a8bbdcd42bca37f8acf3e37aa5b 79b7143f2144460ab66fc127bd402e10 - - default default] No more DHCP agents
2026-04-20 06:29:19.176 8 WARNING neutron.api.rpc.agentnotifiers.dhcp_rpc_agent_api [None req-b190b399-023b-4f1b-80b1-00a5c1ecfe45 5b125a8bbdcd42bca37f8acf3e37aa5b 79b7143f2144460ab66fc127bd402e10 - - default default] Unable to schedule network a75900d6-4c55-4fd1-99ad-ddefa85863dc: no agents available; will retry on subsequent port and subnet creation events.
2026-04-20 06:29:19.281 8 INFO neutron.db.ovn_revision_numbers_db [None req-b190b399-023b-4f1b-80b1-00a5c1ecfe45 5b125a8bbdcd42bca37f8acf3e37aa5b 79b7143f2144460ab66fc127bd402e10 - - default default] Successfully bumped revision number for resource e4623448-b7e3-4c59-8c81-dc9e317c8a3f (type: ports) to 1
2026-04-20 06:29:19.460 7 WARNING neutron.scheduler.dhcp_agent_scheduler [None req-c3f8a334-942b-467f-8557-a46aa36da3b0 5b125a8bbdcd42bca37f8acf3e37aa5b 79b7143f2144460ab66fc127bd402e10 - - default default] No more DHCP agents
2026-04-20 06:29:19.463 7 WARNING neutron.api.rpc.agentnotifiers.dhcp_rpc_agent_api [None req-c3f8a334-942b-467f-8557-a46aa36da3b0 5b125a8bbdcd42bca37f8acf3e37aa5b 79b7143f2144460ab66fc127bd402e10 - - default default] Unable to schedule network 2382b80f-8d37-4bed-86ef-0c4dc8e24081: no agents available; will retry on subsequent port and subnet creation events.
2026-04-20 06:29:19.856 8 WARNING neutron.scheduler.dhcp_agent_scheduler [None req-b190b399-023b-4f1b-80b1-00a5c1ecfe45 5b125a8bbdcd42bca37f8acf3e37aa5b 79b7143f2144460ab66fc127bd402e10 - - default default] No more DHCP agents
2026-04-20 06:29:19.857 8 WARNING neutron.api.rpc.agentnotifiers.dhcp_rpc_agent_api [None req-b190b399-023b-4f1b-80b1-00a5c1ecfe45 5b125a8bbdcd42bca37f8acf3e37aa5b 79b7143f2144460ab66fc127bd402e10 - - default default] Unable to schedule network a75900d6-4c55-4fd1-99ad-ddefa85863dc: no agents available; will retry on subsequent port and subnet creation events.
2026-04-20 06:29:20.106 7 INFO neutron.db.ovn_revision_numbers_db [None req-a5bb0526-20e6-4dae-ac64-c9eba259b176 - - - - - -] Successfully bumped revision number for resource 808aa941-868f-42e6-95e2-6d0b32755794 (type: ports) to 4
2026-04-20 06:29:20.255 7 INFO neutron.db.ovn_revision_numbers_db [None req-c3f8a334-942b-467f-8557-a46aa36da3b0 5b125a8bbdcd42bca37f8acf3e37aa5b 79b7143f2144460ab66fc127bd402e10 - - default default] Successfully bumped revision number for resource 6bdb085f-b16a-4d0a-a37b-bb8f2c0cd1fa (type: router_ports) to 1 [pid: 7|app: 0|req: 116/225] 10.0.0.214 () {34 vars in 783 bytes} [Mon Apr 20 06:29:16 2026] PUT /v2.0/routers/0db21ec2-e478-4ee7-a27d-accbf64189c5/add_router_interface => generated 309 bytes in 3811 msecs (HTTP/1.1 200) 4 headers in 157 bytes (1 switches on core 0)
2026-04-20 06:29:20.359 8 INFO neutron.db.ovn_revision_numbers_db [None req-b190b399-023b-4f1b-80b1-00a5c1ecfe45 5b125a8bbdcd42bca37f8acf3e37aa5b 79b7143f2144460ab66fc127bd402e10 - - default default] Successfully bumped revision number for resource e4623448-b7e3-4c59-8c81-dc9e317c8a3f (type: router_ports) to 1 [pid: 8|app: 0|req: 110/226] 10.0.0.214 () {34 vars in 783 bytes} [Mon Apr 20 06:29:18 2026] PUT /v2.0/routers/fc93cc42-a259-477d-b198-5628fc79a32d/add_router_interface => generated 309 bytes in 1575 msecs (HTTP/1.1 200) 4 headers in 157 bytes (1 switches on core 0) [pid: 8|app: 0|req: 111/227] 10.0.0.163 () {28 vars in 624 bytes} [Mon Apr 20 06:29:20 2026] GET /v2.0/agents?binary=ovn-controller => generated 416 bytes in 10 msecs (HTTP/1.1 200) 4 headers in 157 bytes (1 switches on core 0)
2026-04-20 06:29:20.531 8 INFO neutron.db.ovn_revision_numbers_db [None req-6a1f76e8-86e1-416c-93fc-b60378a97fcf 1bbc95c0b83c434e80812c686da78a9c 3634ba5baa2344fb9dbf0eb14fb62d84 - - default default] Successfully bumped revision number for resource 4c40350d-2eae-42e0-ad0e-2e745872c79f (type: security_groups) to 1
2026-04-20 06:29:20.545 8 INFO neutron.db.ovn_revision_numbers_db [None req-6a1f76e8-86e1-416c-93fc-b60378a97fcf 1bbc95c0b83c434e80812c686da78a9c 3634ba5baa2344fb9dbf0eb14fb62d84 - - default default] Successfully bumped revision number for resource 04150ebc-a8ef-405e-a6ea-eb1c1751d297 (type: security_group_rules) to 0
2026-04-20 06:29:20.556 8 INFO neutron.db.ovn_revision_numbers_db [None req-6a1f76e8-86e1-416c-93fc-b60378a97fcf 1bbc95c0b83c434e80812c686da78a9c 3634ba5baa2344fb9dbf0eb14fb62d84 - - default default] Successfully bumped revision number for resource cbb824be-cb5e-4f5d-b1cb-5a69af15d42e (type: security_group_rules) to 0 [pid: 8|app: 0|req: 112/228] 10.0.0.214 () {34 vars in 685 bytes} [Mon Apr 20 06:29:20 2026] POST /v2.0/security-groups => generated 1659 bytes in 224 msecs (HTTP/1.1 201) 4 headers in 163 bytes (1 switches on core 0)
2026-04-20 06:29:20.616 7 INFO neutron.db.ovn_revision_numbers_db [None req-4a6427bd-3ec0-4ac6-bcf7-55966e4f59b3 5b125a8bbdcd42bca37f8acf3e37aa5b 79b7143f2144460ab66fc127bd402e10 - - default default] Successfully bumped revision number for resource 7a917f1b-e22b-4f2d-878f-7a118938b645 (type: security_groups) to 1 [pid: 8|app: 0|req: 113/229] 10.0.0.163 () {28 vars in 591 bytes} [Mon Apr 20 06:29:20 2026] GET /v2.0/floatingips => generated 19 bytes in 24 msecs (HTTP/1.1 200) 4 headers in 156 bytes (1 switches on core 0)
2026-04-20 06:29:20.638 7 INFO neutron.db.ovn_revision_numbers_db [None req-4a6427bd-3ec0-4ac6-bcf7-55966e4f59b3 5b125a8bbdcd42bca37f8acf3e37aa5b 79b7143f2144460ab66fc127bd402e10 - - default default] Successfully bumped revision number for resource 2be89b80-9e7f-42ad-b246-db6992b4f990 (type: security_group_rules) to 0
2026-04-20 06:29:20.661 7 INFO neutron.db.ovn_revision_numbers_db [None req-4a6427bd-3ec0-4ac6-bcf7-55966e4f59b3 5b125a8bbdcd42bca37f8acf3e37aa5b 79b7143f2144460ab66fc127bd402e10 - - default default] Successfully bumped revision number for resource 2d39fe0c-c86b-4cd3-bc35-c807d0d9bdec (type: security_group_rules) to 0
2026-04-20 06:29:20.675 7 INFO neutron.db.ovn_revision_numbers_db [None req-a5bb0526-20e6-4dae-ac64-c9eba259b176 - - - - - -] Successfully bumped revision number for resource 808aa941-868f-42e6-95e2-6d0b32755794 (type: ports) to 5
2026-04-20 06:29:20.677 7 INFO neutron.db.ovn_revision_numbers_db [None req-4a6427bd-3ec0-4ac6-bcf7-55966e4f59b3 5b125a8bbdcd42bca37f8acf3e37aa5b 79b7143f2144460ab66fc127bd402e10 - - default default] Successfully bumped revision number for resource 5b6dade0-2d90-4997-ad69-a59dc430e393 (type: security_group_rules) to 0
2026-04-20 06:29:20.689 7 INFO neutron.db.ovn_revision_numbers_db [None req-4a6427bd-3ec0-4ac6-bcf7-55966e4f59b3 5b125a8bbdcd42bca37f8acf3e37aa5b 79b7143f2144460ab66fc127bd402e10 - - default default] Successfully bumped revision number for resource 79cabe66-e6a4-4299-a408-c7dcd1858ada (type: security_group_rules) to 0 [pid: 7|app: 0|req: 117/230] 10.0.0.214 () {32 vars in 774 bytes} [Mon Apr 20 06:29:20 2026] GET /v2.0/security-groups?tenant_id=5237c90188cf4aa58f33b162257e45d3&name=default => generated 2921 bytes in 476 msecs (HTTP/1.1 200) 4 headers in 158 bytes (1 switches on core 0)
2026-04-20 06:29:20.758 8 INFO neutron.db.ovn_revision_numbers_db [None req-47ca7a08-66c6-4c1d-804b-939e8a4cbd6d 1bbc95c0b83c434e80812c686da78a9c 3634ba5baa2344fb9dbf0eb14fb62d84 - - default default] Successfully bumped revision number for resource b3b8312b-19b9-46de-ae80-c9c887732fb8 (type: security_group_rules) to 0 [pid: 8|app: 0|req: 114/231] 10.0.0.214 () {34 vars in 695 bytes} [Mon Apr 20 06:29:20 2026] POST /v2.0/security-group-rules => generated 597 bytes in 166 msecs (HTTP/1.1 201) 4 headers in 162 bytes (1 switches on core 0)
2026-04-20 06:29:20.813 7 INFO neutron.plugins.ml2.drivers.ovn.mech_driver.ovsdb.ovsdb_monitor [None req-a5bb0526-20e6-4dae-ac64-c9eba259b176 - - - - - -] Router fc93cc42-a259-477d-b198-5628fc79a32d is bound to host instance [pid: 7|app: 0|req: 118/232] 10.0.0.163 () {28 vars in 599 bytes} [Mon Apr 20 06:29:20 2026] GET /v2.0/security-groups => generated 31249 bytes in 81 msecs (HTTP/1.1 200) 4 headers in 159 bytes (1 switches on core 0) [pid: 8|app: 0|req: 115/233] 10.0.0.214 () {32 vars in 740 bytes} [Mon Apr 20 06:29:20 2026] DELETE /v2.0/security-groups/7a917f1b-e22b-4f2d-878f-7a118938b645 => generated 0 bytes in 236 msecs (HTTP/1.1 204) 2 headers in 112 bytes (1 switches on core 0) [pid: 8|app: 0|req: 116/234] 10.0.0.163 () {28 vars in 581 bytes} [Mon Apr 20 06:29:21 2026] GET /v2.0/agents => generated 1214 bytes in 14 msecs (HTTP/1.1 200) 4 headers in 158 bytes (1 switches on core 0) [pid: 8|app: 0|req: 117/235] 10.0.0.163 () {28 vars in 619 bytes} [Mon Apr 20 06:29:21 2026] GET /v2.0/network-ip-availabilities => generated 2542 bytes in 23 msecs (HTTP/1.1 200) 4 headers in 158 bytes (1 switches on core 0)
2026-04-20 06:29:21.086 7 INFO neutron.db.ovn_revision_numbers_db [None req-f56cd24b-e0f2-44fd-b528-a7685c2bbb01 1bbc95c0b83c434e80812c686da78a9c 3634ba5baa2344fb9dbf0eb14fb62d84 - - default default] Successfully bumped revision number for resource bf46c797-9804-4f10-8434-405648a55269 (type: security_group_rules) to 0 [pid: 8|app: 0|req: 118/236] 10.0.0.163 () {28 vars in 583 bytes} [Mon Apr 20 06:29:21 2026] GET /v2.0/subnets => generated 3353 bytes in 47 msecs (HTTP/1.1 200) 4 headers in 158 bytes (1 switches on core 0) [pid: 7|app: 0|req: 119/237] 10.0.0.214 () {34 vars in 695 bytes} [Mon Apr 20 06:29:20 2026] POST /v2.0/security-group-rules => generated 602 bytes in 347 msecs (HTTP/1.1 201) 4 headers in 162 bytes (1 switches on core 0) [pid: 7|app: 0|req: 120/238] 10.0.0.163 () {28 vars in 591 bytes} [Mon Apr 20 06:29:21 2026] GET /v2.0/subnetpools => generated 19 bytes in 18 msecs (HTTP/1.1 200) 4 headers in 156 bytes (1 switches on core 0)
2026-04-20 06:29:21.386 8 INFO neutron.db.ovn_revision_numbers_db [req-620ae9c0-18b4-4b7b-8004-511464cb96c4 req-bbe388f7-5632-475f-93ff-b93190bb4028 4b5509f19dfc41fd992fff0dba444b70 ee7c4e49f1044039ac114904785d1ea6 - - default default] Successfully bumped revision number for resource 76b70496-2db6-421e-bdc1-38b8441670ba (type: security_groups) to 1
2026-04-20 06:29:21.389 8 INFO neutron.plugins.ml2.drivers.ovn.mech_driver.mech_driver [None req-0c32b900-a08b-4182-b70c-619662849367 - - - - - -] OVN reports status down for port: 6bdb085f-b16a-4d0a-a37b-bb8f2c0cd1fa
2026-04-20 06:29:21.405 7 INFO neutron.db.ovn_revision_numbers_db [None req-cdebe995-0057-4ddc-bb85-dc23547596d4 5b125a8bbdcd42bca37f8acf3e37aa5b 79b7143f2144460ab66fc127bd402e10 - - default default] Successfully bumped revision number for resource d6f498db-84ea-46fe-ac2f-4eb5701ed76a (type: security_groups) to 1
2026-04-20 06:29:21.411 8 INFO neutron.db.ovn_revision_numbers_db [req-620ae9c0-18b4-4b7b-8004-511464cb96c4 req-bbe388f7-5632-475f-93ff-b93190bb4028 4b5509f19dfc41fd992fff0dba444b70 ee7c4e49f1044039ac114904785d1ea6 - - default default] Successfully bumped revision number for resource 18279c4c-193e-477a-a07a-a1ebe4ac1c1f (type: security_group_rules) to 0
2026-04-20 06:29:21.422 7 INFO neutron.db.ovn_revision_numbers_db [None req-cdebe995-0057-4ddc-bb85-dc23547596d4 5b125a8bbdcd42bca37f8acf3e37aa5b 79b7143f2144460ab66fc127bd402e10 - - default default] Successfully bumped revision number for resource 1e01199e-5e75-4c21-afb8-399ce2a4f98d (type: security_group_rules) to 0
2026-04-20 06:29:21.430 8 INFO neutron.db.ovn_revision_numbers_db [req-620ae9c0-18b4-4b7b-8004-511464cb96c4 req-bbe388f7-5632-475f-93ff-b93190bb4028 4b5509f19dfc41fd992fff0dba444b70 ee7c4e49f1044039ac114904785d1ea6 - - default default] Successfully bumped revision number for resource bbe3d195-76b7-4ec9-bf83-1c65485394dc (type: security_group_rules) to 0
2026-04-20 06:29:21.438 7 INFO neutron.db.ovn_revision_numbers_db [None req-cdebe995-0057-4ddc-bb85-dc23547596d4 5b125a8bbdcd42bca37f8acf3e37aa5b 79b7143f2144460ab66fc127bd402e10 - - default default] Successfully bumped revision number for resource 3d7ad8e7-d201-4607-98fc-24552ebf7921 (type: security_group_rules) to 0
2026-04-20 06:29:21.457 7 INFO neutron.db.ovn_revision_numbers_db [None req-cdebe995-0057-4ddc-bb85-dc23547596d4 5b125a8bbdcd42bca37f8acf3e37aa5b 79b7143f2144460ab66fc127bd402e10 - - default default] Successfully bumped revision number for resource 84c5e928-ee6b-4317-ba81-e103e169e4a9 (type: security_group_rules) to 0
2026-04-20 06:29:21.478 7 INFO neutron.db.ovn_revision_numbers_db [None req-cdebe995-0057-4ddc-bb85-dc23547596d4 5b125a8bbdcd42bca37f8acf3e37aa5b 79b7143f2144460ab66fc127bd402e10 - - default default] Successfully bumped revision number for resource d52760df-8d6e-47ca-9acd-288cee411aa4 (type: security_group_rules) to 0 [pid: 8|app: 0|req: 119/239] 10.0.0.153 () {38 vars in 971 bytes} [Mon Apr 20 06:29:21 2026] POST /v2.0/security-groups => generated 1681 bytes in 355 msecs (HTTP/1.1 201) 4 headers in 163 bytes (1 switches on core 0)
