Aug 31 07:24:30.800882 np0000191531 devstack@neutron-api.service[101911]: DEBUG neutron_lib.callbacks.manager [None req-e013c6df-e7b3-4361-92a3-dad0050e98d4 None None] Subscribe: ._register_pvlan_driver at 0x74897aaff600> pvlan_plugin before_spawn 55550000, False {{(pid=101911) subscribe /opt/stack/data/venv/lib/python3.12/site-packages/neutron_lib/callbacks/manager.py:52}}
Aug 31 07:24:30.800882 np0000191531 devstack@neutron-api.service[101911]: DEBUG neutron_lib.callbacks.manager [None req-e013c6df-e7b3-4361-92a3-dad0050e98d4 None None] Subscribe: process after_init 55550000, False {{(pid=101911) subscribe /opt/stack/data/venv/lib/python3.12/site-packages/neutron_lib/callbacks/manager.py:52}}
Aug 31 07:24:30.800962 np0000191531 devstack@neutron-api.service[101913]: DEBUG neutron.api.extensions [None req-baedd9b4-9c9b-423c-8325-31afe17f3b92 None None] Ext name="Router Flavor Extension" alias="l3-flavors" description="Flavor support for routers." updated="2016-05-17T00:00:00-00:00" {{(pid=101913) _check_extension /opt/stack/neutron/neutron/api/extensions.py:415}}
Aug 31 07:24:30.801014 np0000191531 devstack@neutron-api.service[101913]: INFO neutron.api.extensions [None req-baedd9b4-9c9b-423c-8325-31afe17f3b92 None None] Loaded extension: l3-flavors
Aug 31 07:24:30.801119 np0000191531 devstack@neutron-api.service[101913]: DEBUG neutron.api.extensions [None req-baedd9b4-9c9b-423c-8325-31afe17f3b92 None None] Loading extension file: l3_ndp_proxy.py {{(pid=101913) _load_all_extensions_from_path /opt/stack/neutron/neutron/api/extensions.py:449}}
Aug 31 07:24:30.801391 np0000191531 devstack@neutron-api.service[101913]: DEBUG neutron.api.extensions [None req-baedd9b4-9c9b-423c-8325-31afe17f3b92 None None] Ext name="name" alias="l3-ndp-proxy" description="description" updated="2021-06-29T10:00:00-00:00" {{(pid=101913) _check_extension /opt/stack/neutron/neutron/api/extensions.py:415}}
Aug 31 07:24:30.801549 np0000191531 devstack@neutron-api.service[101913]: INFO neutron.api.extensions [None req-baedd9b4-9c9b-423c-8325-31afe17f3b92 None None] Extension l3-ndp-proxy not supported by any of loaded plugins
Aug 31 07:24:30.801632 np0000191531 devstack@neutron-api.service[101913]: DEBUG neutron.api.extensions [None req-baedd9b4-9c9b-423c-8325-31afe17f3b92 None None] Loading extension file: l3_port_ip_change_not_allowed.py {{(pid=101913) _load_all_extensions_from_path /opt/stack/neutron/neutron/api/extensions.py:449}}
Aug 31 07:24:30.801849 np0000191531 devstack@neutron-api.service[101913]: DEBUG neutron.api.extensions [None req-baedd9b4-9c9b-423c-8325-31afe17f3b92 None None] Ext name="Prevent L3 router ports IP address change extension" alias="l3-port-ip-change-not-allowed" description="Prevent change of IP address for some L3 router ports" updated="2018-10-09T10:00:00-00:00" {{(pid=101913) _check_extension /opt/stack/neutron/neutron/api/extensions.py:415}}
Aug 31 07:24:30.801994 np0000191531 devstack@neutron-api.service[101913]: INFO neutron.api.extensions [None req-baedd9b4-9c9b-423c-8325-31afe17f3b92 None None] Extension l3-port-ip-change-not-allowed not supported by any of loaded plugins
Aug 31 07:24:30.802100 np0000191531 devstack@neutron-api.service[101913]: DEBUG neutron.api.extensions [None req-baedd9b4-9c9b-423c-8325-31afe17f3b92 None None] Loading extension file: l3agentscheduler.py {{(pid=101913) _load_all_extensions_from_path /opt/stack/neutron/neutron/api/extensions.py:449}}
Aug 31 07:24:30.802233 np0000191531 devstack@neutron-api.service[101911]: DEBUG neutron.plugins.ml2.plugin [None req-e013c6df-e7b3-4361-92a3-dad0050e98d4 None None] neutron.plugins.ml2.plugin.Ml2Plugin method _start_rpc_notifiers called with arguments () {} {{(pid=101911) wrapper /opt/stack/data/venv/lib/python3.12/site-packages/oslo_log/helpers.py:77}}
Aug 31 07:24:30.802505 np0000191531 devstack@neutron-api.service[101911]: DEBUG neutron_lib.callbacks.manager [None req-e013c6df-e7b3-4361-92a3-dad0050e98d4 None None] Subscribe: > port after_create 55550000, False {{(pid=101911) subscribe /opt/stack/data/venv/lib/python3.12/site-packages/neutron_lib/callbacks/manager.py:52}}
Aug 31 07:24:30.802625 np0000191531 devstack@neutron-api.service[101911]: DEBUG neutron_lib.callbacks.manager [None req-e013c6df-e7b3-4361-92a3-dad0050e98d4 None None] Subscribe: > port after_update 55550000, False {{(pid=101911) subscribe /opt/stack/data/venv/lib/python3.12/site-packages/neutron_lib/callbacks/manager.py:52}}
Aug 31 07:24:30.802766 np0000191531 devstack@neutron-api.service[101911]: DEBUG neutron_lib.callbacks.manager [None req-e013c6df-e7b3-4361-92a3-dad0050e98d4 None None] Subscribe: > port after_delete 55550000, False {{(pid=101911) subscribe /opt/stack/data/venv/lib/python3.12/site-packages/neutron_lib/callbacks/manager.py:52}}
Aug 31 07:24:30.802816 np0000191531 devstack@neutron-api.service[101913]: DEBUG neutron.api.extensions [None req-baedd9b4-9c9b-423c-8325-31afe17f3b92 None None] Ext name="L3 Agent Scheduler" alias="l3_agent_scheduler" description="Schedule routers among l3 agents" updated="2013-02-07T10:00:00-00:00" {{(pid=101913) _check_extension /opt/stack/neutron/neutron/api/extensions.py:415}}
Aug 31 07:24:30.802882 np0000191531 devstack@neutron-api.service[101911]: DEBUG neutron_lib.callbacks.manager [None req-e013c6df-e7b3-4361-92a3-dad0050e98d4 None None] Subscribe: > subnet after_create 55550000, False {{(pid=101911) subscribe /opt/stack/data/venv/lib/python3.12/site-packages/neutron_lib/callbacks/manager.py:52}}
Aug 31 07:24:30.802919 np0000191531 devstack@neutron-api.service[101913]: INFO neutron.api.extensions [None req-baedd9b4-9c9b-423c-8325-31afe17f3b92 None None] Loaded extension: l3_agent_scheduler
Aug 31 07:24:30.802977 np0000191531 devstack@neutron-api.service[101911]: DEBUG neutron_lib.callbacks.manager [None req-e013c6df-e7b3-4361-92a3-dad0050e98d4 None None] Subscribe: > subnet after_update 55550000, False {{(pid=101911) subscribe /opt/stack/data/venv/lib/python3.12/site-packages/neutron_lib/callbacks/manager.py:52}}
Aug 31 07:24:30.803005 np0000191531 devstack@neutron-api.service[101913]: DEBUG neutron.api.extensions [None req-baedd9b4-9c9b-423c-8325-31afe17f3b92 None None] Loading extension file: local_ip.py {{(pid=101913) _load_all_extensions_from_path /opt/stack/neutron/neutron/api/extensions.py:449}}
Aug 31 07:24:30.803055 np0000191531 devstack@neutron-api.service[101911]: DEBUG neutron_lib.callbacks.manager [None req-e013c6df-e7b3-4361-92a3-dad0050e98d4 None None] Subscribe: > subnet after_delete 55550000, False {{(pid=101911) subscribe /opt/stack/data/venv/lib/python3.12/site-packages/neutron_lib/callbacks/manager.py:52}}
Aug 31 07:24:30.803081 np0000191531 devstack@neutron-api.service[101911]: DEBUG neutron_lib.callbacks.manager [None req-e013c6df-e7b3-4361-92a3-dad0050e98d4 None None] Subscribe: > network after_create 55550000, False {{(pid=101911) subscribe /opt/stack/data/venv/lib/python3.12/site-packages/neutron_lib/callbacks/manager.py:52}}
Aug 31 07:24:30.803195 np0000191531 devstack@neutron-api.service[101911]: DEBUG neutron_lib.callbacks.manager [None req-e013c6df-e7b3-4361-92a3-dad0050e98d4 None None] Subscribe: > network after_update 55550000, False {{(pid=101911) subscribe /opt/stack/data/venv/lib/python3.12/site-packages/neutron_lib/callbacks/manager.py:52}}
Aug 31 07:24:30.803402 np0000191531 devstack@neutron-api.service[101913]: DEBUG neutron.api.extensions [None req-baedd9b4-9c9b-423c-8325-31afe17f3b92 None None] Ext name="Local IP" alias="local_ip" description="Support Node Local Virtual IP" updated="2021-07-26T10:00:00-00:00" {{(pid=101913) _check_extension /opt/stack/neutron/neutron/api/extensions.py:415}}
Aug 31 07:24:30.803502 np0000191531 devstack@neutron-api.service[101911]: DEBUG neutron_lib.callbacks.manager [None req-e013c6df-e7b3-4361-92a3-dad0050e98d4 None None] Subscribe: > network after_delete 55550000, False {{(pid=101911) subscribe /opt/stack/data/venv/lib/python3.12/site-packages/neutron_lib/callbacks/manager.py:52}}
Aug 31 07:24:30.803502 np0000191531 devstack@neutron-api.service[101911]: DEBUG neutron_lib.callbacks.manager [None req-e013c6df-e7b3-4361-92a3-dad0050e98d4 None None] Subscribe: > security_group after_create 55550000, False {{(pid=101911) subscribe /opt/stack/data/venv/lib/python3.12/site-packages/neutron_lib/callbacks/manager.py:52}}
Aug 31 07:24:30.803689 np0000191531 devstack@neutron-api.service[101913]: INFO neutron.api.extensions [None req-baedd9b4-9c9b-423c-8325-31afe17f3b92 None None] Extension local_ip not supported by any of loaded plugins
Aug 31 07:24:30.803791 np0000191531 devstack@neutron-api.service[101911]: DEBUG neutron_lib.callbacks.manager [None req-e013c6df-e7b3-4361-92a3-dad0050e98d4 None None] Subscribe: > security_group after_update 55550000, False {{(pid=101911) subscribe /opt/stack/data/venv/lib/python3.12/site-packages/neutron_lib/callbacks/manager.py:52}}
Aug 31 07:24:30.803841 np0000191531 devstack@neutron-api.service[101913]: DEBUG neutron.api.extensions [None req-baedd9b4-9c9b-423c-8325-31afe17f3b92 None None] Loading extension file: logging.py {{(pid=101913) _load_all_extensions_from_path /opt/stack/neutron/neutron/api/extensions.py:449}}
Aug 31 07:24:30.804128 np0000191531 devstack@neutron-api.service[101911]: DEBUG neutron_lib.callbacks.manager [None req-e013c6df-e7b3-4361-92a3-dad0050e98d4 None None] Subscribe: > security_group after_delete 55550000, False {{(pid=101911) subscribe /opt/stack/data/venv/lib/python3.12/site-packages/neutron_lib/callbacks/manager.py:52}}
Aug 31 07:24:30.804128 np0000191531 devstack@neutron-api.service[101911]: DEBUG neutron_lib.callbacks.manager [None req-e013c6df-e7b3-4361-92a3-dad0050e98d4 None None] Subscribe: > security_group_rule after_create 55550000, False {{(pid=101911) subscribe /opt/stack/data/venv/lib/python3.12/site-packages/neutron_lib/callbacks/manager.py:52}}
Aug 31 07:24:30.804128 np0000191531 devstack@neutron-api.service[101911]: DEBUG neutron_lib.callbacks.manager [None req-e013c6df-e7b3-4361-92a3-dad0050e98d4 None None] Subscribe: > security_group_rule after_update 55550000, False {{(pid=101911) subscribe /opt/stack/data/venv/lib/python3.12/site-packages/neutron_lib/callbacks/manager.py:52}}
Aug 31 07:24:30.804397 np0000191531 devstack@neutron-api.service[101913]: DEBUG neutron.api.extensions [None req-baedd9b4-9c9b-423c-8325-31afe17f3b92 None None] Ext name="Logging API Extension" alias="logging" description="Provides a logging API for resources such as security group and firewall." updated="2017-01-01T10:00:00-00:00" {{(pid=101913) _check_extension /opt/stack/neutron/neutron/api/extensions.py:415}}
Aug 31 07:24:30.804584 np0000191531 devstack@neutron-api.service[101911]: DEBUG neutron_lib.callbacks.manager [None req-e013c6df-e7b3-4361-92a3-dad0050e98d4 None None] Subscribe: > security_group_rule after_delete 55550000, False {{(pid=101911) subscribe /opt/stack/data/venv/lib/python3.12/site-packages/neutron_lib/callbacks/manager.py:52}}
Aug 31 07:24:30.804584 np0000191531 devstack@neutron-api.service[101911]: DEBUG neutron_lib.callbacks.manager [None req-e013c6df-e7b3-4361-92a3-dad0050e98d4 None None] Subscribe: > address_group after_create 55550000, False {{(pid=101911) subscribe /opt/stack/data/venv/lib/python3.12/site-packages/neutron_lib/callbacks/manager.py:52}}
Aug 31 07:24:30.804795 np0000191531 devstack@neutron-api.service[101913]: INFO neutron.api.extensions [None req-baedd9b4-9c9b-423c-8325-31afe17f3b92 None None] Extension logging not supported by any of loaded plugins
Aug 31 07:24:30.804847 np0000191531 devstack@neutron-api.service[101911]: DEBUG neutron_lib.callbacks.manager [None req-e013c6df-e7b3-4361-92a3-dad0050e98d4 None None] Subscribe: > address_group after_update 55550000, False {{(pid=101911) subscribe /opt/stack/data/venv/lib/python3.12/site-packages/neutron_lib/callbacks/manager.py:52}}
Aug 31 07:24:30.804897 np0000191531 devstack@neutron-api.service[101913]: DEBUG neutron.api.extensions [None req-baedd9b4-9c9b-423c-8325-31afe17f3b92 None None] Loading extension file: metering.py {{(pid=101913) _load_all_extensions_from_path /opt/stack/neutron/neutron/api/extensions.py:449}}
Aug 31 07:24:30.804922 np0000191531 devstack@neutron-api.service[101911]: DEBUG neutron_lib.callbacks.manager [None req-e013c6df-e7b3-4361-92a3-dad0050e98d4 None None] Subscribe: > address_group after_delete 55550000, False {{(pid=101911) subscribe /opt/stack/data/venv/lib/python3.12/site-packages/neutron_lib/callbacks/manager.py:52}}
Aug 31 07:24:30.804922 np0000191531 devstack@neutron-api.service[101911]: DEBUG neutron.plugins.ml2.ovo_rpc [None req-e013c6df-e7b3-4361-92a3-dad0050e98d4 None None] ML2 OVO RPC backend initialized. {{(pid=101911) __init__ /opt/stack/neutron/neutron/plugins/ml2/ovo_rpc.py:117}}
Aug 31 07:24:30.804968 np0000191531 devstack@neutron-api.service[101913]: DEBUG neutron.api.extensions [None req-baedd9b4-9c9b-423c-8325-31afe17f3b92 None None] Ext name="Neutron Metering" alias="metering" description="Neutron Metering extension." updated="2013-06-12T10:00:00-00:00" {{(pid=101913) _check_extension /opt/stack/neutron/neutron/api/extensions.py:415}}
Aug 31 07:24:30.804968 np0000191531 devstack@neutron-api.service[101913]: INFO neutron.api.extensions [None req-baedd9b4-9c9b-423c-8325-31afe17f3b92 None None] Extension metering not supported by any of loaded plugins
Aug 31 07:24:30.804968 np0000191531 devstack@neutron-api.service[101913]: DEBUG neutron.api.extensions [None req-baedd9b4-9c9b-423c-8325-31afe17f3b92 None None] Loading extension file: metering_source_and_destination_fields.py {{(pid=101913) _load_all_extensions_from_path /opt/stack/neutron/neutron/api/extensions.py:449}}
Aug 31 07:24:30.805122 np0000191531 devstack@neutron-api.service[101913]: DEBUG neutron.api.extensions [None req-baedd9b4-9c9b-423c-8325-31afe17f3b92 None None] Ext name="Neutron Metering with source and destination filtering" alias="metering_source_and_destination_fields" description="Neutron Metering extension that enables the use of source and destination IP prefixes to create metering label rules." updated="2020-08-21T08:12:00-00:00" {{(pid=101913) _check_extension /opt/stack/neutron/neutron/api/extensions.py:415}}
Aug 31 07:24:30.805237 np0000191531 devstack@neutron-api.service[101911]: INFO neutron.quota [None req-e013c6df-e7b3-4361-92a3-dad0050e98d4 None None] Loaded quota_driver: .
Aug 31 07:24:30.805330 np0000191531 devstack@neutron-api.service[101913]: INFO neutron.api.extensions [None req-baedd9b4-9c9b-423c-8325-31afe17f3b92 None None] Extension metering_source_and_destination_fields not supported by any of loaded plugins
Aug 31 07:24:30.805408 np0000191531 devstack@neutron-api.service[101911]: INFO neutron.plugins.ml2.plugin [None req-e013c6df-e7b3-4361-92a3-dad0050e98d4 None None] Modular L2 Plugin initialization complete
Aug 31 07:24:30.805475 np0000191531 devstack@neutron-api.service[101913]: DEBUG neutron.api.extensions [None req-baedd9b4-9c9b-423c-8325-31afe17f3b92 None None] Loading extension file: multiprovidernet.py {{(pid=101913) _load_all_extensions_from_path /opt/stack/neutron/neutron/api/extensions.py:449}}
Aug 31 07:24:30.805501 np0000191531 devstack@neutron-api.service[101911]: DEBUG neutron.manager [None req-e013c6df-e7b3-4361-92a3-dad0050e98d4 None None] Loading services supported by the core plugin {{(pid=101911) _load_services_from_core_plugin /opt/stack/neutron/neutron/manager.py:167}}
Aug 31 07:24:30.805568 np0000191531 devstack@neutron-api.service[101913]: DEBUG neutron.api.extensions [None req-baedd9b4-9c9b-423c-8325-31afe17f3b92 None None] Ext name="Multi Provider Network" alias="multi-provider" description="Expose mapping of virtual networks to multiple physical networks" updated="2013-06-27T10:00:00-00:00" {{(pid=101913) _check_extension /opt/stack/neutron/neutron/api/extensions.py:415}}
Aug 31 07:24:30.805635 np0000191531 devstack@neutron-api.service[101911]: INFO neutron.plugins.ml2.managers [None req-e013c6df-e7b3-4361-92a3-dad0050e98d4 None None] Got port-security extension from driver 'port_security'
Aug 31 07:24:30.805710 np0000191531 devstack@neutron-api.service[101913]: INFO neutron.api.extensions [None req-baedd9b4-9c9b-423c-8325-31afe17f3b92 None None] Loaded extension: multi-provider
Aug 31 07:24:30.805710 np0000191531 devstack@neutron-api.service[101913]: DEBUG neutron.api.extensions [None req-baedd9b4-9c9b-423c-8325-31afe17f3b92 None None] Loading extension file: netmtu.py {{(pid=101913) _load_all_extensions_from_path /opt/stack/neutron/neutron/api/extensions.py:449}}
Aug 31 07:24:30.805807 np0000191531 devstack@neutron-api.service[101911]: DEBUG neutron.manager [None req-e013c6df-e7b3-4361-92a3-dad0050e98d4 None None] Loading service plugins: ['ovn-router', 'auto_allocate', 'tag', 'timestamp', 'network_ip_availability', 'flavors', 'revisions'] {{(pid=101911) _load_service_plugins /opt/stack/neutron/neutron/manager.py:192}}
Aug 31 07:24:30.805807 np0000191531 devstack@neutron-api.service[101911]: INFO neutron.manager [None req-e013c6df-e7b3-4361-92a3-dad0050e98d4 None None] Loading Plugin: ovn-router
Aug 31 07:24:30.805931 np0000191531 devstack@neutron-api.service[101913]: DEBUG neutron.api.extensions [None req-baedd9b4-9c9b-423c-8325-31afe17f3b92 None None] Ext name="Network MTU" alias="net-mtu" description="Provides MTU attribute for a network resource." updated="2015-03-25T10:00:00-00:00" {{(pid=101913) _check_extension /opt/stack/neutron/neutron/api/extensions.py:415}}
Aug 31 07:24:30.806070 np0000191531 devstack@neutron-api.service[101913]: INFO neutron.api.extensions [None req-baedd9b4-9c9b-423c-8325-31afe17f3b92 None None] Loaded extension: net-mtu
Aug 31 07:24:30.806186 np0000191531 devstack@neutron-api.service[101913]: DEBUG neutron.api.extensions [None req-baedd9b4-9c9b-423c-8325-31afe17f3b92 None None] Loading extension file: netmtu_writable.py {{(pid=101913) _load_all_extensions_from_path /opt/stack/neutron/neutron/api/extensions.py:449}}
Aug 31 07:24:30.806473 np0000191531 devstack@neutron-api.service[101913]: DEBUG neutron.api.extensions [None req-baedd9b4-9c9b-423c-8325-31afe17f3b92 None None] Ext name="Network MTU (writable)" alias="net-mtu-writable" description="Provides a writable MTU attribute for a network resource." updated="2017-07-12T00:00:00-00:00" {{(pid=101913) _check_extension /opt/stack/neutron/neutron/api/extensions.py:415}}
Aug 31 07:24:30.806540 np0000191531 devstack@neutron-api.service[101913]: INFO neutron.api.extensions [None req-baedd9b4-9c9b-423c-8325-31afe17f3b92 None None] Loaded extension: net-mtu-writable
Aug 31 07:24:30.806597 np0000191531 devstack@neutron-api.service[101913]: DEBUG neutron.api.extensions [None req-baedd9b4-9c9b-423c-8325-31afe17f3b92 None None] Loading extension file: network_availability_zone.py {{(pid=101913) _load_all_extensions_from_path /opt/stack/neutron/neutron/api/extensions.py:449}}
Aug 31 07:24:30.807075 np0000191531 devstack@neutron-api.service[101913]: DEBUG neutron.api.extensions [None req-baedd9b4-9c9b-423c-8325-31afe17f3b92 None None] Ext name="Network Availability Zone" alias="network_availability_zone" description="Availability zone support for network." updated="2015-01-01T10:00:00-00:00" {{(pid=101913) _check_extension /opt/stack/neutron/neutron/api/extensions.py:415}}
Aug 31 07:24:30.807075 np0000191531 devstack@neutron-api.service[101913]: INFO neutron.api.extensions [None req-baedd9b4-9c9b-423c-8325-31afe17f3b92 None None] Loaded extension: network_availability_zone
Aug 31 07:24:30.807075 np0000191531 devstack@neutron-api.service[101913]: DEBUG neutron.api.extensions [None req-baedd9b4-9c9b-423c-8325-31afe17f3b92 None None] Loading extension file: network_ha.py {{(pid=101913) _load_all_extensions_from_path /opt/stack/neutron/neutron/api/extensions.py:449}}
Aug 31 07:24:30.807421 np0000191531 devstack@neutron-api.service[101913]: DEBUG neutron.api.extensions [None req-baedd9b4-9c9b-423c-8325-31afe17f3b92 None None] Ext name="Network HA creation flag" alias="network_ha" description="Network high availability creation flag." updated="2023-04-27T10:00:00-00:00" {{(pid=101913) _check_extension /opt/stack/neutron/neutron/api/extensions.py:415}}
Aug 31 07:24:30.807528 np0000191531 devstack@neutron-api.service[101913]: INFO neutron.api.extensions [None req-baedd9b4-9c9b-423c-8325-31afe17f3b92 None None] Extension network_ha not supported by any of loaded plugins
Aug 31 07:24:30.807528 np0000191531 devstack@neutron-api.service[101913]: DEBUG neutron.api.extensions [None req-baedd9b4-9c9b-423c-8325-31afe17f3b92 None None] Loading extension file: network_ip_availability.py {{(pid=101913) _load_all_extensions_from_path /opt/stack/neutron/neutron/api/extensions.py:449}}
Aug 31 07:24:30.807858 np0000191531 devstack@neutron-api.service[101913]: DEBUG neutron.api.extensions [None req-baedd9b4-9c9b-423c-8325-31afe17f3b92 None None] Ext name="Network IP Availability" alias="network-ip-availability" description="Provides IP availability data for each network and subnet." updated="2015-09-24T00:00:00-00:00" {{(pid=101913) _check_extension /opt/stack/neutron/neutron/api/extensions.py:415}}
Aug 31 07:24:30.807955 np0000191531 devstack@neutron-api.service[101913]: INFO neutron.api.extensions [None req-baedd9b4-9c9b-423c-8325-31afe17f3b92 None None] Loaded extension: network-ip-availability
Aug 31 07:24:30.808197 np0000191531 devstack@neutron-api.service[101913]: DEBUG neutron.api.extensions [None req-baedd9b4-9c9b-423c-8325-31afe17f3b92 None None] Loading extension file: network_ip_availability_details.py {{(pid=101913) _load_all_extensions_from_path /opt/stack/neutron/neutron/api/extensions.py:449}}
Aug 31 07:24:30.808345 np0000191531 devstack@neutron-api.service[101913]: DEBUG neutron.api.extensions [None req-baedd9b4-9c9b-423c-8325-31afe17f3b92 None None] Ext name="Network IP Availability Details Extension" alias="network-ip-availability-details" description="Add ip_availability_details attribute to network-ip-availabilities resource." updated="2025-10-31T00:00:00-00:00" {{(pid=101913) _check_extension /opt/stack/neutron/neutron/api/extensions.py:415}}
Aug 31 07:24:30.808449 np0000191531 devstack@neutron-api.service[101913]: INFO neutron.api.extensions [None req-baedd9b4-9c9b-423c-8325-31afe17f3b92 None None] Loaded extension: network-ip-availability-details
Aug 31 07:24:30.808449 np0000191531 devstack@neutron-api.service[101913]: DEBUG neutron.api.extensions [None req-baedd9b4-9c9b-423c-8325-31afe17f3b92 None None] Loading extension file: network_segment_range.py {{(pid=101913) _load_all_extensions_from_path /opt/stack/neutron/neutron/api/extensions.py:449}}
Aug 31 07:24:30.808812 np0000191531 devstack@neutron-api.service[101913]: DEBUG neutron.api.extensions [None req-baedd9b4-9c9b-423c-8325-31afe17f3b92 None None] Ext name="Neutron Network Segment Range" alias="network-segment-range" description="Provides support for the network segment range management" updated="2018-11-29T00:00:00-00:00" {{(pid=101913) _check_extension /opt/stack/neutron/neutron/api/extensions.py:415}}
Aug 31 07:24:30.809008 np0000191531 devstack@neutron-api.service[101913]: INFO neutron.api.extensions [None req-baedd9b4-9c9b-423c-8325-31afe17f3b92 None None] Extension network-segment-range not supported by any of loaded plugins
Aug 31 07:24:30.809008 np0000191531 devstack@neutron-api.service[101913]: DEBUG neutron.api.extensions [None req-baedd9b4-9c9b-423c-8325-31afe17f3b92 None None] Loading extension file: ovn_bgp.py {{(pid=101913) _load_all_extensions_from_path /opt/stack/neutron/neutron/api/extensions.py:449}}
Aug 31 07:24:30.809326 np0000191531 devstack@neutron-api.service[101913]: DEBUG neutron.api.extensions [None req-baedd9b4-9c9b-423c-8325-31afe17f3b92 None None] Ext name="OVN BGP" alias="ovn-bgp" description="Subnet extension to support OVN BGP route leaking" updated="2026-07-20T00:00:00-00:00" {{(pid=101913) _check_extension /opt/stack/neutron/neutron/api/extensions.py:415}}
Aug 31 07:24:30.809431 np0000191531 devstack@neutron-api.service[101913]: INFO neutron.api.extensions [None req-baedd9b4-9c9b-423c-8325-31afe17f3b92 None None] Extension ovn-bgp not supported by any of loaded plugins
Aug 31 07:24:30.809431 np0000191531 devstack@neutron-api.service[101913]: DEBUG neutron.api.extensions [None req-baedd9b4-9c9b-423c-8325-31afe17f3b92 None None] Loading extension file: pagination.py {{(pid=101913) _load_all_extensions_from_path /opt/stack/neutron/neutron/api/extensions.py:449}}
Aug 31 07:24:30.809714 np0000191531 devstack@neutron-api.service[101913]: DEBUG neutron.api.extensions [None req-baedd9b4-9c9b-423c-8325-31afe17f3b92 None None] Ext name="Pagination support" alias="pagination" description="Extension that indicates that pagination is enabled." updated="2016-06-12T00:00:00-00:00" {{(pid=101913) _check_extension /opt/stack/neutron/neutron/api/extensions.py:415}}
Aug 31 07:24:30.809812 np0000191531 devstack@neutron-api.service[101913]: INFO neutron.api.extensions [None req-baedd9b4-9c9b-423c-8325-31afe17f3b92 None None] Loaded extension: pagination
Aug 31 07:24:30.809812 np0000191531 devstack@neutron-api.service[101913]: DEBUG neutron.api.extensions [None req-baedd9b4-9c9b-423c-8325-31afe17f3b92 None None] Loading extension file: port_device_profile.py {{(pid=101913) _load_all_extensions_from_path /opt/stack/neutron/neutron/api/extensions.py:449}}
Aug 31 07:24:30.810156 np0000191531 devstack@neutron-api.service[101913]: DEBUG neutron.api.extensions [None req-baedd9b4-9c9b-423c-8325-31afe17f3b92 None None] Ext name="Port device profile" alias="port-device-profile" description="Expose the port device profile (Cyborg)" updated="2020-12-17T10:00:00-00:00" {{(pid=101913) _check_extension /opt/stack/neutron/neutron/api/extensions.py:415}}
Aug 31 07:24:30.810156 np0000191531 devstack@neutron-api.service[101913]: INFO neutron.api.extensions [None req-baedd9b4-9c9b-423c-8325-31afe17f3b92 None None] Loaded extension: port-device-profile
Aug 31 07:24:30.810340 np0000191531 devstack@neutron-api.service[101913]: DEBUG neutron.api.extensions [None req-baedd9b4-9c9b-423c-8325-31afe17f3b92 None None] Loading extension file: port_hardware_offload_type.py {{(pid=101913) _load_all_extensions_from_path /opt/stack/neutron/neutron/api/extensions.py:449}}
Aug 31 07:24:30.810560 np0000191531 devstack@neutron-api.service[101913]: DEBUG neutron.api.extensions [None req-baedd9b4-9c9b-423c-8325-31afe17f3b92 None None] Ext name="Port hardware offload" alias="port-hardware-offload-type" description="Expose port hardware offload extension" updated="2023-05-09T10:00:00-00:00" {{(pid=101913) _check_extension /opt/stack/neutron/neutron/api/extensions.py:415}}
Aug 31 07:24:30.810670 np0000191531 devstack@neutron-api.service[101913]: INFO neutron.api.extensions [None req-baedd9b4-9c9b-423c-8325-31afe17f3b92 None None] Extension port-hardware-offload-type not supported by any of loaded plugins
Aug 31 07:24:30.810740 np0000191531 devstack@neutron-api.service[101913]: DEBUG neutron.api.extensions [None req-baedd9b4-9c9b-423c-8325-31afe17f3b92 None None] Loading extension file: port_hint_ovs_tx_steering.py {{(pid=101913) _load_all_extensions_from_path /opt/stack/neutron/neutron/api/extensions.py:449}}
Aug 31 07:24:30.810928 np0000191531 devstack@neutron-api.service[101913]: DEBUG neutron.api.extensions [None req-baedd9b4-9c9b-423c-8325-31afe17f3b92 None None] Ext name="Port hint: Open vSwitch Tx steering" alias="port-hint-ovs-tx-steering" description="Enable Port hint: Open vSwitch Tx steering" updated="2023-01-01T00:00:00-00:00" {{(pid=101913) _check_extension /opt/stack/neutron/neutron/api/extensions.py:415}}
Aug 31 07:24:30.811074 np0000191531 devstack@neutron-api.service[101913]: INFO neutron.api.extensions [None req-baedd9b4-9c9b-423c-8325-31afe17f3b92 None None] Extension port-hint-ovs-tx-steering not supported by any of loaded plugins
Aug 31 07:24:30.811243 np0000191531 devstack@neutron-api.service[101913]: DEBUG neutron.api.extensions [None req-baedd9b4-9c9b-423c-8325-31afe17f3b92 None None] Loading extension file: port_hints.py {{(pid=101913) _load_all_extensions_from_path /opt/stack/neutron/neutron/api/extensions.py:449}}
Aug 31 07:24:30.811432 np0000191531 devstack@neutron-api.service[101913]: DEBUG neutron.api.extensions [None req-baedd9b4-9c9b-423c-8325-31afe17f3b92 None None] Ext name="Port hints" alias="port-hints" description="Backend specific port hints to allow backend specific tuning" updated="2023-01-01T00:00:00-00:00" {{(pid=101913) _check_extension /opt/stack/neutron/neutron/api/extensions.py:415}}
Aug 31 07:24:30.811646 np0000191531 devstack@neutron-api.service[101913]: INFO neutron.api.extensions [None req-baedd9b4-9c9b-423c-8325-31afe17f3b92 None None] Extension port-hints not supported by any of loaded plugins
Aug 31 07:24:30.811646 np0000191531 devstack@neutron-api.service[101913]: DEBUG neutron.api.extensions [None req-baedd9b4-9c9b-423c-8325-31afe17f3b92 None None] Loading extension file: port_mac_address_override.py {{(pid=101913) _load_all_extensions_from_path /opt/stack/neutron/neutron/api/extensions.py:449}}
Aug 31 07:24:30.811882 np0000191531 devstack@neutron-api.service[101913]: DEBUG neutron.api.extensions [None req-baedd9b4-9c9b-423c-8325-31afe17f3b92 None None] Ext name="Neutron Port MAC address override" alias="port-mac-override" description="Allow overriding the MAC address of a direct-physical Port via the active binding profile" updated="2022-03-18T10:00:00-00:00" {{(pid=101913) _check_extension /opt/stack/neutron/neutron/api/extensions.py:415}}
Aug 31 07:24:30.811980 np0000191531 devstack@neutron-api.service[101913]: INFO neutron.api.extensions [None req-baedd9b4-9c9b-423c-8325-31afe17f3b92 None None] Extension port-mac-override not supported by any of loaded plugins
Aug 31 07:24:30.812082 np0000191531 devstack@neutron-api.service[101913]: DEBUG neutron.api.extensions [None req-baedd9b4-9c9b-423c-8325-31afe17f3b92 None None] Loading extension file: port_mac_address_regenerate.py {{(pid=101913) _load_all_extensions_from_path /opt/stack/neutron/neutron/api/extensions.py:449}}
Aug 31 07:24:30.812327 np0000191531 devstack@neutron-api.service[101913]: DEBUG neutron.api.extensions [None req-baedd9b4-9c9b-423c-8325-31afe17f3b92 None None] Ext name="Neutron Port MAC address regenerate" alias="port-mac-address-regenerate" description="Network port MAC address regenerate" updated="2018-05-03T10:00:00-00:00" {{(pid=101913) _check_extension /opt/stack/neutron/neutron/api/extensions.py:415}}
Aug 31 07:24:30.812479 np0000191531 devstack@neutron-api.service[101913]: INFO neutron.api.extensions [None req-baedd9b4-9c9b-423c-8325-31afe17f3b92 None None] Loaded extension: port-mac-address-regenerate
Aug 31 07:24:30.812479 np0000191531 devstack@neutron-api.service[101913]: DEBUG neutron.api.extensions [None req-baedd9b4-9c9b-423c-8325-31afe17f3b92 None None] Loading extension file: port_numa_affinity_policy.py {{(pid=101913) _load_all_extensions_from_path /opt/stack/neutron/neutron/api/extensions.py:449}}
Aug 31 07:24:30.813008 np0000191531 devstack@neutron-api.service[101913]: DEBUG neutron.api.extensions [None req-baedd9b4-9c9b-423c-8325-31afe17f3b92 None None] Ext name="Port NUMA affinity policy" alias="port-numa-affinity-policy" description="Expose the port NUMA affinity policy" updated="2020-07-08T10:00:00-00:00" {{(pid=101913) _check_extension /opt/stack/neutron/neutron/api/extensions.py:415}}
Aug 31 07:24:30.813008 np0000191531 devstack@neutron-api.service[101913]: INFO neutron.api.extensions [None req-baedd9b4-9c9b-423c-8325-31afe17f3b92 None None] Loaded extension: port-numa-affinity-policy
Aug 31 07:24:30.813008 np0000191531 devstack@neutron-api.service[101913]: DEBUG neutron.api.extensions [None req-baedd9b4-9c9b-423c-8325-31afe17f3b92 None None] Loading extension file: port_numa_affinity_policy_socket.py {{(pid=101913) _load_all_extensions_from_path /opt/stack/neutron/neutron/api/extensions.py:449}}
Aug 31 07:24:30.813373 np0000191531 devstack@neutron-api.service[101913]: DEBUG neutron.api.extensions [None req-baedd9b4-9c9b-423c-8325-31afe17f3b92 None None] Ext name="Port NUMA affinity policy "socket"" alias="port-numa-affinity-policy-socket" description="Adds "socket" to the supported port NUMA affinity policies" updated="2024-02-09T10:00:00-00:00" {{(pid=101913) _check_extension /opt/stack/neutron/neutron/api/extensions.py:415}}
Aug 31 07:24:30.813373 np0000191531 devstack@neutron-api.service[101913]: INFO neutron.api.extensions [None req-baedd9b4-9c9b-423c-8325-31afe17f3b92 None None] Loaded extension: port-numa-affinity-policy-socket
Aug 31 07:24:30.813373 np0000191531 devstack@neutron-api.service[101913]: DEBUG neutron.api.extensions [None req-baedd9b4-9c9b-423c-8325-31afe17f3b92 None None] Loading extension file: port_resource_request.py {{(pid=101913) _load_all_extensions_from_path /opt/stack/neutron/neutron/api/extensions.py:449}}
Aug 31 07:24:30.813672 np0000191531 devstack@neutron-api.service[101913]: DEBUG neutron.api.extensions [None req-baedd9b4-9c9b-423c-8325-31afe17f3b92 None None] Ext name="Port Resource Request" alias="port-resource-request" description="Expose resource request to Port" updated="2018-05-08T10:00:00-00:00" {{(pid=101913) _check_extension /opt/stack/neutron/neutron/api/extensions.py:415}}
Aug 31 07:24:30.813775 np0000191531 devstack@neutron-api.service[101913]: INFO neutron.api.extensions [None req-baedd9b4-9c9b-423c-8325-31afe17f3b92 None None] Extension port-resource-request not supported by any of loaded plugins
Aug 31 07:24:30.813775 np0000191531 devstack@neutron-api.service[101913]: DEBUG neutron.api.extensions [None req-baedd9b4-9c9b-423c-8325-31afe17f3b92 None None] Loading extension file: port_resource_request_groups.py {{(pid=101913) _load_all_extensions_from_path /opt/stack/neutron/neutron/api/extensions.py:449}}
Aug 31 07:24:30.814108 np0000191531 devstack@neutron-api.service[101913]: DEBUG neutron.api.extensions [None req-baedd9b4-9c9b-423c-8325-31afe17f3b92 None None] Ext name="Port Resource Request Groups" alias="port-resource-request-groups" description="Support requesting multiple groups of resources and traits from the same RP subtree in resource_request" updated="2021-08-02T10:00:00-00:00" {{(pid=101913) _check_extension /opt/stack/neutron/neutron/api/extensions.py:415}}
Aug 31 07:24:30.814236 np0000191531 devstack@neutron-api.service[101913]: INFO neutron.api.extensions [None req-baedd9b4-9c9b-423c-8325-31afe17f3b92 None None] Extension port-resource-request-groups not supported by any of loaded plugins
Aug 31 07:24:30.814236 np0000191531 devstack@neutron-api.service[101913]: DEBUG neutron.api.extensions [None req-baedd9b4-9c9b-423c-8325-31afe17f3b92 None None] Loading extension file: port_trusted_vif.py {{(pid=101913) _load_all_extensions_from_path /opt/stack/neutron/neutron/api/extensions.py:449}}
Aug 31 07:24:30.814531 np0000191531 devstack@neutron-api.service[101913]: DEBUG neutron.api.extensions [None req-baedd9b4-9c9b-423c-8325-31afe17f3b92 None None] Ext name="Port trusted vif" alias="port-trusted-vif" description="Expose port 'trusted' attribute in the API" updated="2024-07-10T10:00:00-00:00" {{(pid=101913) _check_extension /opt/stack/neutron/neutron/api/extensions.py:415}}
Aug 31 07:24:30.814630 np0000191531 devstack@neutron-api.service[101913]: INFO neutron.api.extensions [None req-baedd9b4-9c9b-423c-8325-31afe17f3b92 None None] Extension port-trusted-vif not supported by any of loaded plugins
Aug 31 07:24:30.814714 np0000191531 devstack@neutron-api.service[101913]: DEBUG neutron.api.extensions [None req-baedd9b4-9c9b-423c-8325-31afe17f3b92 None None] Loading extension file: portbindings.py {{(pid=101913) _load_all_extensions_from_path /opt/stack/neutron/neutron/api/extensions.py:449}}
Aug 31 07:24:30.814921 np0000191531 devstack@neutron-api.service[101913]: DEBUG neutron.api.extensions [None req-baedd9b4-9c9b-423c-8325-31afe17f3b92 None None] Ext name="Port Binding" alias="binding" description="Expose port bindings of a virtual port to external application" updated="2014-02-03T10:00:00-00:00" {{(pid=101913) _check_extension /opt/stack/neutron/neutron/api/extensions.py:415}}
Aug 31 07:24:30.815065 np0000191531 devstack@neutron-api.service[101913]: INFO neutron.api.extensions [None req-baedd9b4-9c9b-423c-8325-31afe17f3b92 None None] Loaded extension: binding
Aug 31 07:24:30.815140 np0000191531 devstack@neutron-api.service[101913]: DEBUG neutron.api.extensions [None req-baedd9b4-9c9b-423c-8325-31afe17f3b92 None None] Loading extension file: portbindings_extended.py {{(pid=101913) _load_all_extensions_from_path /opt/stack/neutron/neutron/api/extensions.py:449}}
Aug 31 07:24:30.815324 np0000191531 devstack@neutron-api.service[101911]: DEBUG neutron_lib.callbacks.manager [None req-e013c6df-e7b3-4361-92a3-dad0050e98d4 None None] Subscribe: > router before_delete 55550000, False {{(pid=101911) subscribe /opt/stack/data/venv/lib/python3.12/site-packages/neutron_lib/callbacks/manager.py:52}}
Aug 31 07:24:30.815409 np0000191531 devstack@neutron-api.service[101913]: DEBUG neutron.api.extensions [None req-baedd9b4-9c9b-423c-8325-31afe17f3b92 None None] Ext name="Port Bindings Extended" alias="binding-extended" description="Expose port bindings of a virtual port to external application" updated="2017-07-17T10:00:00-00:00" {{(pid=101913) _check_extension /opt/stack/neutron/neutron/api/extensions.py:415}}
Aug 31 07:24:30.815460 np0000191531 devstack@neutron-api.service[101911]: DEBUG neutron_lib.callbacks.manager [None req-e013c6df-e7b3-4361-92a3-dad0050e98d4 None None] Subscribe: port before_update 55550000, False {{(pid=101911) subscribe /opt/stack/data/venv/lib/python3.12/site-packages/neutron_lib/callbacks/manager.py:52}}
Aug 31 07:24:30.815546 np0000191531 devstack@neutron-api.service[101911]: DEBUG neutron_lib.callbacks.manager [None req-e013c6df-e7b3-4361-92a3-dad0050e98d4 None None] Subscribe: port after_update 55550000, False {{(pid=101911) subscribe /opt/stack/data/venv/lib/python3.12/site-packages/neutron_lib/callbacks/manager.py:52}}
Aug 31 07:24:30.815601 np0000191531 devstack@neutron-api.service[101913]: INFO neutron.api.extensions [None req-baedd9b4-9c9b-423c-8325-31afe17f3b92 None None] Loaded extension: binding-extended
Aug 31 07:24:30.815601 np0000191531 devstack@neutron-api.service[101913]: DEBUG neutron.api.extensions [None req-baedd9b4-9c9b-423c-8325-31afe17f3b92 None None] Loading extension file: portsecurity.py {{(pid=101913) _load_all_extensions_from_path /opt/stack/neutron/neutron/api/extensions.py:449}}
Aug 31 07:24:30.815676 np0000191531 devstack@neutron-api.service[101911]: DEBUG neutron_lib.callbacks.manager [None req-e013c6df-e7b3-4361-92a3-dad0050e98d4 None None] Subscribe: > port precommit_delete 55550000, False {{(pid=101911) subscribe /opt/stack/data/venv/lib/python3.12/site-packages/neutron_lib/callbacks/manager.py:52}}
Aug 31 07:24:30.815738 np0000191531 devstack@neutron-api.service[101911]: DEBUG neutron_lib.callbacks.manager [None req-e013c6df-e7b3-4361-92a3-dad0050e98d4 None None] Subscribe: port before_update 55550000, False {{(pid=101911) subscribe /opt/stack/data/venv/lib/python3.12/site-packages/neutron_lib/callbacks/manager.py:52}}
Aug 31 07:24:30.815836 np0000191531 devstack@neutron-api.service[101913]: DEBUG neutron.api.extensions [None req-baedd9b4-9c9b-423c-8325-31afe17f3b92 None None] Ext name="Port Security" alias="port-security" description="Provides port security" updated="2012-07-23T10:00:00-00:00" {{(pid=101913) _check_extension /opt/stack/neutron/neutron/api/extensions.py:415}}
Aug 31 07:24:30.815886 np0000191531 devstack@neutron-api.service[101911]: DEBUG neutron_lib.callbacks.manager [None req-e013c6df-e7b3-4361-92a3-dad0050e98d4 None None] Subscribe: port before_delete 55550000, False {{(pid=101911) subscribe /opt/stack/data/venv/lib/python3.12/site-packages/neutron_lib/callbacks/manager.py:52}}
Aug 31 07:24:30.815938 np0000191531 devstack@neutron-api.service[101911]: DEBUG neutron_lib.callbacks.manager [None req-e013c6df-e7b3-4361-92a3-dad0050e98d4 None None] Subscribe: > router precommit_create 55550000, False {{(pid=101911) subscribe /opt/stack/data/venv/lib/python3.12/site-packages/neutron_lib/callbacks/manager.py:52}}
Aug 31 07:24:30.815999 np0000191531 devstack@neutron-api.service[101913]: INFO neutron.api.extensions [None req-baedd9b4-9c9b-423c-8325-31afe17f3b92 None None] Loaded extension: port-security
Aug 31 07:24:30.816072 np0000191531 devstack@neutron-api.service[101911]: DEBUG neutron_lib.callbacks.manager [None req-e013c6df-e7b3-4361-92a3-dad0050e98d4 None None] Subscribe: > router precommit_create 55550000, False {{(pid=101911) subscribe /opt/stack/data/venv/lib/python3.12/site-packages/neutron_lib/callbacks/manager.py:52}}
Aug 31 07:24:30.816125 np0000191531 devstack@neutron-api.service[101913]: DEBUG neutron.api.extensions [None req-baedd9b4-9c9b-423c-8325-31afe17f3b92 None None] Loading extension file: project_id.py {{(pid=101913) _load_all_extensions_from_path /opt/stack/neutron/neutron/api/extensions.py:449}}
Aug 31 07:24:30.816193 np0000191531 devstack@neutron-api.service[101911]: DEBUG neutron_lib.callbacks.manager [None req-e013c6df-e7b3-4361-92a3-dad0050e98d4 None None] Subscribe: > router precommit_update 55550000, False {{(pid=101911) subscribe /opt/stack/data/venv/lib/python3.12/site-packages/neutron_lib/callbacks/manager.py:52}}
Aug 31 07:24:30.816193 np0000191531 devstack@neutron-api.service[101911]: DEBUG neutron_lib.callbacks.manager [None req-e013c6df-e7b3-4361-92a3-dad0050e98d4 None None] Subscribe: subnet after_update 55550000, False {{(pid=101911) subscribe /opt/stack/data/venv/lib/python3.12/site-packages/neutron_lib/callbacks/manager.py:52}}
Aug 31 07:24:30.816307 np0000191531 devstack@neutron-api.service[101913]: DEBUG neutron.api.extensions [None req-baedd9b4-9c9b-423c-8325-31afe17f3b92 None None] Ext name="project_id field enabled" alias="project-id" description="Extension that indicates that project_id field is enabled." updated="2016-09-09T09:09:09-09:09" {{(pid=101913) _check_extension /opt/stack/neutron/neutron/api/extensions.py:415}}
Aug 31 07:24:30.816384 np0000191531 devstack@neutron-api.service[101913]: INFO neutron.api.extensions [None req-baedd9b4-9c9b-423c-8325-31afe17f3b92 None None] Loaded extension: project-id
Aug 31 07:24:30.816447 np0000191531 devstack@neutron-api.service[101911]: DEBUG neutron.quota.resource_registry [None req-e013c6df-e7b3-4361-92a3-dad0050e98d4 None None] Tracking information for resource: router configured {{(pid=101911) set_tracked_resource /opt/stack/neutron/neutron/quota/resource_registry.py:203}}
Aug 31 07:24:30.816508 np0000191531 devstack@neutron-api.service[101913]: DEBUG neutron.api.extensions [None req-baedd9b4-9c9b-423c-8325-31afe17f3b92 None None] Loading extension file: providernet.py {{(pid=101913) _load_all_extensions_from_path /opt/stack/neutron/neutron/api/extensions.py:449}}
Aug 31 07:24:30.816564 np0000191531 devstack@neutron-api.service[101911]: DEBUG neutron.quota.resource_registry [None req-e013c6df-e7b3-4361-92a3-dad0050e98d4 None None] Tracking information for resource: floatingip configured {{(pid=101911) set_tracked_resource /opt/stack/neutron/neutron/quota/resource_registry.py:203}}
Aug 31 07:24:30.816564 np0000191531 devstack@neutron-api.service[101911]: INFO neutron.services.ovn_l3.plugin [None req-e013c6df-e7b3-4361-92a3-dad0050e98d4 None None] Starting OVNL3RouterPlugin
Aug 31 07:24:30.816668 np0000191531 devstack@neutron-api.service[101913]: DEBUG neutron.api.extensions [None req-baedd9b4-9c9b-423c-8325-31afe17f3b92 None None] Ext name="Provider Network" alias="provider" description="Expose mapping of virtual networks to physical networks" updated="2012-09-07T10:00:00-00:00" {{(pid=101913) _check_extension /opt/stack/neutron/neutron/api/extensions.py:415}}
Aug 31 07:24:30.816794 np0000191531 devstack@neutron-api.service[101911]: DEBUG neutron_lib.callbacks.manager [None req-e013c6df-e7b3-4361-92a3-dad0050e98d4 None None] Subscribe: > port_forwarding_plugin after_init 55550000, False {{(pid=101911) subscribe /opt/stack/data/venv/lib/python3.12/site-packages/neutron_lib/callbacks/manager.py:52}}
Aug 31 07:24:30.816858 np0000191531 devstack@neutron-api.service[101913]: INFO neutron.api.extensions [None req-baedd9b4-9c9b-423c-8325-31afe17f3b92 None None] Loaded extension: provider
Aug 31 07:24:30.816858 np0000191531 devstack@neutron-api.service[101913]: DEBUG neutron.api.extensions [None req-baedd9b4-9c9b-423c-8325-31afe17f3b92 None None] Loading extension file: pvlan.py {{(pid=101913) _load_all_extensions_from_path /opt/stack/neutron/neutron/api/extensions.py:449}}
Aug 31 07:24:30.816977 np0000191531 devstack@neutron-api.service[101911]: DEBUG neutron_lib.callbacks.manager [None req-e013c6df-e7b3-4361-92a3-dad0050e98d4 None None] Subscribe: > router before_create 55550100, False {{(pid=101911) subscribe /opt/stack/data/venv/lib/python3.12/site-packages/neutron_lib/callbacks/manager.py:52}}
Aug 31 07:24:30.817167 np0000191531 devstack@neutron-api.service[101911]: DEBUG neutron_lib.callbacks.manager [None req-e013c6df-e7b3-4361-92a3-dad0050e98d4 None None] Subscribe: > router precommit_delete 55550100, False {{(pid=101911) subscribe /opt/stack/data/venv/lib/python3.12/site-packages/neutron_lib/callbacks/manager.py:52}}
Aug 31 07:24:30.817219 np0000191531 devstack@neutron-api.service[101913]: DEBUG neutron.api.extensions [None req-baedd9b4-9c9b-423c-8325-31afe17f3b92 None None] Ext name="Private VLAN" alias="pvlan" description="The Private VLAN semantics extension." updated="2026-02-03T10:00:00-00:00" {{(pid=101913) _check_extension /opt/stack/neutron/neutron/api/extensions.py:415}}
Aug 31 07:24:30.817434 np0000191531 devstack@neutron-api.service[101911]: DEBUG neutron_lib.callbacks.manager [None req-e013c6df-e7b3-4361-92a3-dad0050e98d4 None None] Subscribe: > router precommit_create 55550100, False {{(pid=101911) subscribe /opt/stack/data/venv/lib/python3.12/site-packages/neutron_lib/callbacks/manager.py:52}}
Aug 31 07:24:30.817547 np0000191531 devstack@neutron-api.service[101913]: INFO neutron.api.extensions [None req-baedd9b4-9c9b-423c-8325-31afe17f3b92 None None] Extension pvlan not supported by any of loaded plugins
Aug 31 07:24:30.817637 np0000191531 devstack@neutron-api.service[101911]: DEBUG neutron_lib.callbacks.manager [None req-e013c6df-e7b3-4361-92a3-dad0050e98d4 None None] Subscribe: > router precommit_update 55550100, False {{(pid=101911) subscribe /opt/stack/data/venv/lib/python3.12/site-packages/neutron_lib/callbacks/manager.py:52}}
Aug 31 07:24:30.817729 np0000191531 devstack@neutron-api.service[101913]: DEBUG neutron.api.extensions [None req-baedd9b4-9c9b-423c-8325-31afe17f3b92 None None] Loading extension file: qinq.py {{(pid=101913) _load_all_extensions_from_path /opt/stack/neutron/neutron/api/extensions.py:449}}
Aug 31 07:24:30.820642 np0000191531 devstack@neutron-api.service[101911]: DEBUG neutron.services.provider_configuration [None req-e013c6df-e7b3-4361-92a3-dad0050e98d4 None None] Service providers = [] {{(pid=101911) parse_service_provider_opt /opt/stack/neutron/neutron/services/provider_configuration.py:170}}
Aug 31 07:24:30.820742 np0000191531 devstack@neutron-api.service[101911]: DEBUG neutron.db.servicetype_db [None req-e013c6df-e7b3-4361-92a3-dad0050e98d4 None None] Adding provider configuration for service L3_ROUTER_NAT {{(pid=101911) add_provider_configuration /opt/stack/neutron/neutron/db/servicetype_db.py:45}}
Aug 31 07:24:30.821835 np0000191531 devstack@neutron-api.service[101911]: DEBUG neutron_lib.callbacks.manager [None req-e013c6df-e7b3-4361-92a3-dad0050e98d4 None None] Subscribe: > router precommit_create 55549900, False {{(pid=101911) subscribe /opt/stack/data/venv/lib/python3.12/site-packages/neutron_lib/callbacks/manager.py:52}}
Aug 31 07:24:30.821835 np0000191531 devstack@neutron-api.service[101911]: DEBUG neutron_lib.callbacks.manager [None req-e013c6df-e7b3-4361-92a3-dad0050e98d4 None None] Subscribe: > router_interface after_create 55550000, False {{(pid=101911) subscribe /opt/stack/data/venv/lib/python3.12/site-packages/neutron_lib/callbacks/manager.py:52}}
Aug 31 07:24:30.822063 np0000191531 devstack@neutron-api.service[101911]: DEBUG neutron_lib.callbacks.manager [None req-e013c6df-e7b3-4361-92a3-dad0050e98d4 None None] Subscribe: > floatingip after_create 55550000, False {{(pid=101911) subscribe /opt/stack/data/venv/lib/python3.12/site-packages/neutron_lib/callbacks/manager.py:52}}
Aug 31 07:24:30.822063 np0000191531 devstack@neutron-api.service[101911]: DEBUG neutron_lib.callbacks.manager [None req-e013c6df-e7b3-4361-92a3-dad0050e98d4 None None] Subscribe: > floatingip precommit_create 55550000, False {{(pid=101911) subscribe /opt/stack/data/venv/lib/python3.12/site-packages/neutron_lib/callbacks/manager.py:52}}
Aug 31 07:24:30.822222 np0000191531 devstack@neutron-api.service[101911]: DEBUG neutron_lib.callbacks.manager [None req-e013c6df-e7b3-4361-92a3-dad0050e98d4 None None] Subscribe: > floatingip precommit_update 55550000, False {{(pid=101911) subscribe /opt/stack/data/venv/lib/python3.12/site-packages/neutron_lib/callbacks/manager.py:52}}
Aug 31 07:24:30.822368 np0000191531 devstack@neutron-api.service[101911]: DEBUG neutron_lib.callbacks.manager [None req-e013c6df-e7b3-4361-92a3-dad0050e98d4 None None] Subscribe: > floatingip after_delete 55550000, False {{(pid=101911) subscribe /opt/stack/data/venv/lib/python3.12/site-packages/neutron_lib/callbacks/manager.py:52}}
Aug 31 07:24:30.822368 np0000191531 devstack@neutron-api.service[101911]: DEBUG neutron_lib.callbacks.manager [None req-e013c6df-e7b3-4361-92a3-dad0050e98d4 None None] Subscribe: > floatingip after_status_update 55550000, False {{(pid=101911) subscribe /opt/stack/data/venv/lib/python3.12/site-packages/neutron_lib/callbacks/manager.py:52}}
