Jun 17 20:26:54.596841 np0000181554 devstack@neutron-api.service[107392]: DEBUG neutron.api.extensions [None req-9b081c35-a377-487d-989b-58eeba37ffc9 None None] Loading extension file: security_groups_rules_belongs_to_default_sg.py {{(pid=107392) _load_all_extensions_from_path /opt/stack/neutron/neutron/api/extensions.py:449}}
Jun 17 20:26:54.600993 np0000181554 devstack@neutron-api.service[107392]: DEBUG neutron.api.extensions [None req-9b081c35-a377-487d-989b-58eeba37ffc9 None None] Ext name="Security group rule belongs to the project's default security group" alias="security-groups-rules-belongs-to-default-sg" description="Flag to determine if the security group rule belongs to the project's default security group" updated="2023-05-23T10:00:00-00:00" {{(pid=107392) _check_extension /opt/stack/neutron/neutron/api/extensions.py:415}}
Jun 17 20:26:54.601163 np0000181554 devstack@neutron-api.service[107392]: INFO neutron.api.extensions [None req-9b081c35-a377-487d-989b-58eeba37ffc9 None None] Loaded extension: security-groups-rules-belongs-to-default-sg
Jun 17 20:26:54.601338 np0000181554 devstack@neutron-api.service[107392]: DEBUG neutron.api.extensions [None req-9b081c35-a377-487d-989b-58eeba37ffc9 None None] Loading extension file: security_groups_shared_filtering.py {{(pid=107392) _load_all_extensions_from_path /opt/stack/neutron/neutron/api/extensions.py:449}}
Jun 17 20:26:54.601667 np0000181554 devstack@neutron-api.service[107392]: DEBUG neutron.api.extensions [None req-9b081c35-a377-487d-989b-58eeba37ffc9 None None] Ext name="Security group filtering on the shared field" alias="security-groups-shared-filtering" description="Support filtering security groups on the shared field" updated="2021-10-05T09:00:00-00:00" {{(pid=107392) _check_extension /opt/stack/neutron/neutron/api/extensions.py:415}}
Jun 17 20:26:54.601667 np0000181554 devstack@neutron-api.service[107392]: INFO neutron.api.extensions [None req-9b081c35-a377-487d-989b-58eeba37ffc9 None None] Loaded extension: security-groups-shared-filtering
Jun 17 20:26:54.601778 np0000181554 devstack@neutron-api.service[107392]: DEBUG neutron.api.extensions [None req-9b081c35-a377-487d-989b-58eeba37ffc9 None None] Loading extension file: securitygroup.py {{(pid=107392) _load_all_extensions_from_path /opt/stack/neutron/neutron/api/extensions.py:449}}
Jun 17 20:26:54.603894 np0000181554 devstack@neutron-api.service[107392]: DEBUG neutron.api.extensions [None req-9b081c35-a377-487d-989b-58eeba37ffc9 None None] Ext name="security-group" alias="security-group" description="The security groups extension." updated="2012-10-05T10:00:00-00:00" {{(pid=107392) _check_extension /opt/stack/neutron/neutron/api/extensions.py:415}}
Jun 17 20:26:54.604117 np0000181554 devstack@neutron-api.service[107392]: INFO neutron.api.extensions [None req-9b081c35-a377-487d-989b-58eeba37ffc9 None None] Loaded extension: security-group
Jun 17 20:26:54.604260 np0000181554 devstack@neutron-api.service[107392]: DEBUG neutron.api.extensions [None req-9b081c35-a377-487d-989b-58eeba37ffc9 None None] Loading extension file: segment.py {{(pid=107392) _load_all_extensions_from_path /opt/stack/neutron/neutron/api/extensions.py:449}}
Jun 17 20:26:54.604519 np0000181554 devstack@neutron-api.service[107392]: DEBUG neutron.api.extensions [None req-9b081c35-a377-487d-989b-58eeba37ffc9 None None] Ext name="Segment" alias="segment" description="Segments extension." updated="2016-02-24T17:00:00-00:00" {{(pid=107392) _check_extension /opt/stack/neutron/neutron/api/extensions.py:415}}
Jun 17 20:26:54.604715 np0000181554 devstack@neutron-api.service[107392]: INFO neutron.api.extensions [None req-9b081c35-a377-487d-989b-58eeba37ffc9 None None] Extension segment not supported by any of loaded plugins
Jun 17 20:26:54.604787 np0000181554 devstack@neutron-api.service[107392]: DEBUG neutron.api.extensions [None req-9b081c35-a377-487d-989b-58eeba37ffc9 None None] Loading extension file: segments_peer_subnet_host_routes.py {{(pid=107392) _load_all_extensions_from_path /opt/stack/neutron/neutron/api/extensions.py:449}}
Jun 17 20:26:54.605038 np0000181554 devstack@neutron-api.service[107392]: DEBUG neutron.api.extensions [None req-9b081c35-a377-487d-989b-58eeba37ffc9 None None] Ext name="Segments peer-subnet host routes" alias="segments-peer-subnet-host-routes" description="Add host routes to subnets on a routed network (segments)" updated="2018-06-12T10:00:00-00:00" {{(pid=107392) _check_extension /opt/stack/neutron/neutron/api/extensions.py:415}}
Jun 17 20:26:54.605208 np0000181554 devstack@neutron-api.service[107392]: INFO neutron.api.extensions [None req-9b081c35-a377-487d-989b-58eeba37ffc9 None None] Extension segments-peer-subnet-host-routes not supported by any of loaded plugins
Jun 17 20:26:54.605351 np0000181554 devstack@neutron-api.service[107392]: DEBUG neutron.api.extensions [None req-9b081c35-a377-487d-989b-58eeba37ffc9 None None] Loading extension file: servicetype.py {{(pid=107392) _load_all_extensions_from_path /opt/stack/neutron/neutron/api/extensions.py:449}}
Jun 17 20:26:54.606282 np0000181554 devstack@neutron-api.service[107393]: DEBUG oslo_concurrency.processutils [None req-af3793e8-9d6c-4948-b1ba-bc4bc4af65a0 None None] CMD "ovsdb-client transact ssl:199.19.213.228:6641 --timeout 180 -p /opt/stack/data/CA/int-ca/private/devstack-cert.key -c /opt/stack/data/CA/int-ca/devstack-cert.crt -C /opt/stack/data/CA/int-ca/ca-chain.pem ["OVN_Northbound", {"op": "wait", "timeout": 0, "table": "Port_Group", "where": [["name", "==", "neutron_pg_drop"]], "until": "==", "rows": []}, {"op": "insert", "table": "ACL", "row": {"action": "drop", "direction": "to-lport", "match": "outport == @neutron_pg_drop && ip", "priority": 1001}, "uuid-name": "droptoport"}, {"op": "insert", "table": "ACL", "row": {"action": "drop", "direction": "from-lport", "match": "inport == @neutron_pg_drop && ip", "priority": 1001}, "uuid-name": "dropfromport"}, {"op": "insert", "table": "Port_Group", "row": {"name": "neutron_pg_drop", "acls": ["set", [["named-uuid", "droptoport"], ["named-uuid", "dropfromport"]]]}}]" returned: 0 in 0.058s {{(pid=107393) execute /opt/stack/data/venv/lib/python3.12/site-packages/oslo_concurrency/processutils.py:468}}
Jun 17 20:26:54.606784 np0000181554 devstack@neutron-api.service[107393]: DEBUG neutron_lib.callbacks.manager [None req-af3793e8-9d6c-4948-b1ba-bc4bc4af65a0 None None] Publish callbacks ['neutron.plugins.ml2.drivers.ovn.mech_driver.mech_driver.OVNMechanismDriver.post_fork_initialize-989117', 'neutron.services.pvlan.drivers.ovn.driver._initialize_pvlan_pg_drop-8244094743312', 'neutron.services.ovn_l3.plugin.OVNL3RouterPlugin._post_fork_initialize-8383114'] for process (None), after_init {{(pid=107393) _notify_loop /opt/stack/data/venv/lib/python3.12/site-packages/neutron_lib/callbacks/manager.py:184}}
Jun 17 20:26:54.607161 np0000181554 devstack@neutron-api.service[107393]: DEBUG oslo_concurrency.lockutils [None req-af3793e8-9d6c-4948-b1ba-bc4bc4af65a0 None None] Acquiring lock "singleton_lock" {{(pid=107393) lock /opt/stack/data/venv/lib/python3.12/site-packages/oslo_concurrency/lockutils.py:395}}
Jun 17 20:26:54.607321 np0000181554 devstack@neutron-api.service[107393]: DEBUG oslo_concurrency.lockutils [None req-af3793e8-9d6c-4948-b1ba-bc4bc4af65a0 None None] Acquired lock "singleton_lock" {{(pid=107393) lock /opt/stack/data/venv/lib/python3.12/site-packages/oslo_concurrency/lockutils.py:398}}
Jun 17 20:26:54.607505 np0000181554 devstack@neutron-api.service[107393]: DEBUG oslo_concurrency.lockutils [None req-af3793e8-9d6c-4948-b1ba-bc4bc4af65a0 None None] Releasing lock "singleton_lock" {{(pid=107393) lock /opt/stack/data/venv/lib/python3.12/site-packages/oslo_concurrency/lockutils.py:418}}
Jun 17 20:26:54.608653 np0000181554 devstack@neutron-api.service[107392]: DEBUG neutron.api.extensions [None req-9b081c35-a377-487d-989b-58eeba37ffc9 None None] Ext name="Neutron Service Type Management" alias="service-type" description="API for retrieving service providers for Neutron advanced services" updated="2013-01-20T00:00:00-00:00" {{(pid=107392) _check_extension /opt/stack/neutron/neutron/api/extensions.py:415}}
Jun 17 20:26:54.609017 np0000181554 devstack@neutron-api.service[107392]: INFO neutron.api.extensions [None req-9b081c35-a377-487d-989b-58eeba37ffc9 None None] Loaded extension: service-type
Jun 17 20:26:54.609017 np0000181554 devstack@neutron-api.service[107392]: DEBUG neutron.api.extensions [None req-9b081c35-a377-487d-989b-58eeba37ffc9 None None] Loading extension file: sorting.py {{(pid=107392) _load_all_extensions_from_path /opt/stack/neutron/neutron/api/extensions.py:449}}
Jun 17 20:26:54.609184 np0000181554 devstack@neutron-api.service[107392]: DEBUG neutron.api.extensions [None req-9b081c35-a377-487d-989b-58eeba37ffc9 None None] Ext name="Sorting support" alias="sorting" description="Extension that indicates that sorting is enabled." updated="2016-06-12T00:00:00-00:00" {{(pid=107392) _check_extension /opt/stack/neutron/neutron/api/extensions.py:415}}
Jun 17 20:26:54.609323 np0000181554 devstack@neutron-api.service[107392]: INFO neutron.api.extensions [None req-9b081c35-a377-487d-989b-58eeba37ffc9 None None] Loaded extension: sorting
Jun 17 20:26:54.609323 np0000181554 devstack@neutron-api.service[107392]: DEBUG neutron.api.extensions [None req-9b081c35-a377-487d-989b-58eeba37ffc9 None None] Loading extension file: standard_attr_segment.py {{(pid=107392) _load_all_extensions_from_path /opt/stack/neutron/neutron/api/extensions.py:449}}
Jun 17 20:26:54.609694 np0000181554 devstack@neutron-api.service[107392]: DEBUG neutron.api.extensions [None req-9b081c35-a377-487d-989b-58eeba37ffc9 None None] Ext name="Standard Attribute Segment Extension" alias="standard-attr-segment" description="Add standard attributes to Segment resource" updated="2018-04-09T10:00:00-00:00" {{(pid=107392) _check_extension /opt/stack/neutron/neutron/api/extensions.py:415}}
Jun 17 20:26:54.609863 np0000181554 devstack@neutron-api.service[107393]: DEBUG neutron.plugins.ml2.drivers.ovn.mech_driver.mech_driver [None req-af3793e8-9d6c-4948-b1ba-bc4bc4af65a0 None None] Hash Ring setup using WSGI start time 2026-06-17 20:26:47+00:00 {{(pid=107393) _init_hash_ring /opt/stack/neutron/neutron/plugins/ml2/drivers/ovn/mech_driver/mech_driver.py:404}}
Jun 17 20:26:54.609986 np0000181554 devstack@neutron-api.service[107392]: INFO neutron.api.extensions [None req-9b081c35-a377-487d-989b-58eeba37ffc9 None None] Extension standard-attr-segment not supported by any of loaded plugins
Jun 17 20:26:54.609986 np0000181554 devstack@neutron-api.service[107392]: DEBUG neutron.api.extensions [None req-9b081c35-a377-487d-989b-58eeba37ffc9 None None] Loading extension file: standardattrdescription.py {{(pid=107392) _load_all_extensions_from_path /opt/stack/neutron/neutron/api/extensions.py:449}}
Jun 17 20:26:54.610149 np0000181554 devstack@neutron-api.service[107392]: DEBUG neutron.api.extensions [None req-9b081c35-a377-487d-989b-58eeba37ffc9 None None] Ext name="standard-attr-description" alias="standard-attr-description" description="Extension to add descriptions to standard attributes" updated="2016-02-10T10:00:00-00:00" {{(pid=107392) _check_extension /opt/stack/neutron/neutron/api/extensions.py:415}}
Jun 17 20:26:54.610295 np0000181554 devstack@neutron-api.service[107392]: INFO neutron.api.extensions [None req-9b081c35-a377-487d-989b-58eeba37ffc9 None None] Loaded extension: standard-attr-description
Jun 17 20:26:54.610434 np0000181554 devstack@neutron-api.service[107392]: DEBUG neutron.api.extensions [None req-9b081c35-a377-487d-989b-58eeba37ffc9 None None] Loading extension file: stateful_security_group.py {{(pid=107392) _load_all_extensions_from_path /opt/stack/neutron/neutron/api/extensions.py:449}}
Jun 17 20:26:54.610599 np0000181554 devstack@neutron-api.service[107392]: DEBUG neutron.api.extensions [None req-9b081c35-a377-487d-989b-58eeba37ffc9 None None] Ext name="Stateful security group" alias="stateful-security-group" description="Indicates if the security group is stateful or not" updated="2019-11-26T09:00:00-00:00" {{(pid=107392) _check_extension /opt/stack/neutron/neutron/api/extensions.py:415}}
Jun 17 20:26:54.610840 np0000181554 devstack@neutron-api.service[107392]: INFO neutron.api.extensions [None req-9b081c35-a377-487d-989b-58eeba37ffc9 None None] Loaded extension: stateful-security-group
Jun 17 20:26:54.610840 np0000181554 devstack@neutron-api.service[107392]: DEBUG neutron.api.extensions [None req-9b081c35-a377-487d-989b-58eeba37ffc9 None None] Loading extension file: stdattrs_common.py {{(pid=107392) _load_all_extensions_from_path /opt/stack/neutron/neutron/api/extensions.py:449}}
Jun 17 20:26:54.611117 np0000181554 devstack@neutron-api.service[107392]: WARNING neutron.api.extensions [None req-9b081c35-a377-487d-989b-58eeba37ffc9 None None] Did not find expected name "Stdattrs_common" in /opt/stack/neutron/neutron/extensions/stdattrs_common.py
Jun 17 20:26:54.611117 np0000181554 devstack@neutron-api.service[107392]: DEBUG neutron.api.extensions [None req-9b081c35-a377-487d-989b-58eeba37ffc9 None None] Loading extension file: subnet_dns_publish_fixed_ip.py {{(pid=107392) _load_all_extensions_from_path /opt/stack/neutron/neutron/api/extensions.py:449}}
Jun 17 20:26:54.614666 np0000181554 devstack@neutron-api.service[107392]: DEBUG neutron.api.extensions [None req-9b081c35-a377-487d-989b-58eeba37ffc9 None None] Ext name="Subnet DNS publish fixed IP" alias="subnet-dns-publish-fixed-ip" description="Support choosing to publish DNS records for IPs from a subnet" updated="2019-05-24T10:00:00-00:00" {{(pid=107392) _check_extension /opt/stack/neutron/neutron/api/extensions.py:415}}
Jun 17 20:26:54.614666 np0000181554 devstack@neutron-api.service[107392]: INFO neutron.api.extensions [None req-9b081c35-a377-487d-989b-58eeba37ffc9 None None] Loaded extension: subnet-dns-publish-fixed-ip
Jun 17 20:26:54.614666 np0000181554 devstack@neutron-api.service[107392]: DEBUG neutron.api.extensions [None req-9b081c35-a377-487d-989b-58eeba37ffc9 None None] Loading extension file: subnet_external_network.py {{(pid=107392) _load_all_extensions_from_path /opt/stack/neutron/neutron/api/extensions.py:449}}
Jun 17 20:26:54.614915 np0000181554 devstack@neutron-api.service[107392]: DEBUG neutron.api.extensions [None req-9b081c35-a377-487d-989b-58eeba37ffc9 None None] Ext name="Subnet belongs to an external network" alias="subnet-external-network" description="Informs if the subnet belongs to an external network" updated="2024-02-05T18:00:00-00:00" {{(pid=107392) _check_extension /opt/stack/neutron/neutron/api/extensions.py:415}}
Jun 17 20:26:54.615320 np0000181554 devstack@neutron-api.service[107392]: INFO neutron.api.extensions [None req-9b081c35-a377-487d-989b-58eeba37ffc9 None None] Loaded extension: subnet-external-network
Jun 17 20:26:54.615320 np0000181554 devstack@neutron-api.service[107392]: DEBUG neutron.api.extensions [None req-9b081c35-a377-487d-989b-58eeba37ffc9 None None] Loading extension file: subnet_onboard.py {{(pid=107392) _load_all_extensions_from_path /opt/stack/neutron/neutron/api/extensions.py:449}}
Jun 17 20:26:54.615520 np0000181554 devstack@neutron-api.service[107392]: DEBUG neutron.api.extensions [None req-9b081c35-a377-487d-989b-58eeba37ffc9 None None] Ext name="Subnet Onboard" alias="subnet_onboard" description="Provides support for onboarding subnets into subnet pools" updated="2018-12-18T09:00:00-00:00" {{(pid=107392) _check_extension /opt/stack/neutron/neutron/api/extensions.py:415}}
Jun 17 20:26:54.615902 np0000181554 devstack@neutron-api.service[107392]: INFO neutron.api.extensions [None req-9b081c35-a377-487d-989b-58eeba37ffc9 None None] Loaded extension: subnet_onboard
Jun 17 20:26:54.615902 np0000181554 devstack@neutron-api.service[107392]: DEBUG neutron.api.extensions [None req-9b081c35-a377-487d-989b-58eeba37ffc9 None None] Loading extension file: subnet_segmentid_writable.py {{(pid=107392) _load_all_extensions_from_path /opt/stack/neutron/neutron/api/extensions.py:449}}
Jun 17 20:26:54.615902 np0000181554 devstack@neutron-api.service[107392]: DEBUG neutron.api.extensions [None req-9b081c35-a377-487d-989b-58eeba37ffc9 None None] Ext name="Subnet SegmentID (writable)" alias="subnet-segmentid-writable" description="Provides a writable segment_id attribute for a subnet resource." updated="2018-03-12T00:00:00-00:00" {{(pid=107392) _check_extension /opt/stack/neutron/neutron/api/extensions.py:415}}
Jun 17 20:26:54.616354 np0000181554 devstack@neutron-api.service[107392]: INFO neutron.api.extensions [None req-9b081c35-a377-487d-989b-58eeba37ffc9 None None] Extension subnet-segmentid-writable not supported by any of loaded plugins
Jun 17 20:26:54.616354 np0000181554 devstack@neutron-api.service[107392]: DEBUG neutron.api.extensions [None req-9b081c35-a377-487d-989b-58eeba37ffc9 None None] Loading extension file: subnet_service_types.py {{(pid=107392) _load_all_extensions_from_path /opt/stack/neutron/neutron/api/extensions.py:449}}
Jun 17 20:26:54.616499 np0000181554 devstack@neutron-api.service[107392]: DEBUG neutron.api.extensions [None req-9b081c35-a377-487d-989b-58eeba37ffc9 None None] Ext name="Subnet service types" alias="subnet-service-types" description="Provides ability to set the subnet service_types field" updated="2016-03-15T18:00:00-00:00" {{(pid=107392) _check_extension /opt/stack/neutron/neutron/api/extensions.py:415}}
Jun 17 20:26:54.620533 np0000181554 devstack@neutron-api.service[107392]: INFO neutron.api.extensions [None req-9b081c35-a377-487d-989b-58eeba37ffc9 None None] Loaded extension: subnet-service-types
Jun 17 20:26:54.620533 np0000181554 devstack@neutron-api.service[107392]: DEBUG neutron.api.extensions [None req-9b081c35-a377-487d-989b-58eeba37ffc9 None None] Loading extension file: subnetallocation.py {{(pid=107392) _load_all_extensions_from_path /opt/stack/neutron/neutron/api/extensions.py:449}}
Jun 17 20:26:54.620968 np0000181554 devstack@neutron-api.service[107392]: DEBUG neutron.api.extensions [None req-9b081c35-a377-487d-989b-58eeba37ffc9 None None] Ext name="Subnet Allocation" alias="subnet_allocation" description="Enables allocation of subnets from a subnet pool" updated="2015-03-30T10:00:00-00:00" {{(pid=107392) _check_extension /opt/stack/neutron/neutron/api/extensions.py:415}}
Jun 17 20:26:54.620968 np0000181554 devstack@neutron-api.service[107392]: INFO neutron.api.extensions [None req-9b081c35-a377-487d-989b-58eeba37ffc9 None None] Loaded extension: subnet_allocation
Jun 17 20:26:54.620968 np0000181554 devstack@neutron-api.service[107392]: DEBUG neutron.api.extensions [None req-9b081c35-a377-487d-989b-58eeba37ffc9 None None] Loading extension file: subnetpool_prefix_ops.py {{(pid=107392) _load_all_extensions_from_path /opt/stack/neutron/neutron/api/extensions.py:449}}
Jun 17 20:26:54.621383 np0000181554 devstack@neutron-api.service[107391]: DEBUG neutron.common.ovn.hash_ring_manager [None req-181f29ce-ada6-4a0c-9413-10b985596af6 None None] Disallow caching, nodes 2<4 {{(pid=107391) _wait_startup_before_caching /opt/stack/neutron/neutron/common/ovn/hash_ring_manager.py:79}}
Jun 17 20:26:54.621483 np0000181554 devstack@neutron-api.service[107392]: DEBUG neutron.api.extensions [None req-9b081c35-a377-487d-989b-58eeba37ffc9 None None] Ext name="Subnet Pool Prefix Operations" alias="subnetpool-prefix-ops" description="Provides support for adjusting the prefix list of subnet pools" updated="2019-02-08T10:00:00-00:00" {{(pid=107392) _check_extension /opt/stack/neutron/neutron/api/extensions.py:415}}
Jun 17 20:26:54.621483 np0000181554 devstack@neutron-api.service[107392]: INFO neutron.api.extensions [None req-9b081c35-a377-487d-989b-58eeba37ffc9 None None] Loaded extension: subnetpool-prefix-ops
Jun 17 20:26:54.621609 np0000181554 devstack@neutron-api.service[107392]: DEBUG neutron.api.extensions [None req-9b081c35-a377-487d-989b-58eeba37ffc9 None None] Loading extension file: tag_creation.py {{(pid=107392) _load_all_extensions_from_path /opt/stack/neutron/neutron/api/extensions.py:449}}
Jun 17 20:26:54.621761 np0000181554 devstack@neutron-api.service[107392]: DEBUG neutron.api.extensions [None req-9b081c35-a377-487d-989b-58eeba37ffc9 None None] Ext name="Tag creation extension" alias="tag-creation" description="Allow to create multiple tags for a resource" updated="2024-23-07T10:00:00-00:00" {{(pid=107392) _check_extension /opt/stack/neutron/neutron/api/extensions.py:415}}
Jun 17 20:26:54.622216 np0000181554 devstack@neutron-api.service[107392]: INFO neutron.api.extensions [None req-9b081c35-a377-487d-989b-58eeba37ffc9 None None] Loaded extension: tag-creation
Jun 17 20:26:54.622216 np0000181554 devstack@neutron-api.service[107392]: DEBUG neutron.api.extensions [None req-9b081c35-a377-487d-989b-58eeba37ffc9 None None] Loading extension file: tag_ports_during_bulk_creation.py {{(pid=107392) _load_all_extensions_from_path /opt/stack/neutron/neutron/api/extensions.py:449}}
Jun 17 20:26:54.622216 np0000181554 devstack@neutron-api.service[107392]: DEBUG neutron.api.extensions [None req-9b081c35-a377-487d-989b-58eeba37ffc9 None None] Ext name="Tag Ports During Bulk Creation" alias="tag-ports-during-bulk-creation" description="Allow to tag ports during bulk creation" updated="2019-12-29T19:00:00-00:00" {{(pid=107392) _check_extension /opt/stack/neutron/neutron/api/extensions.py:415}}
Jun 17 20:26:54.622761 np0000181554 devstack@neutron-api.service[107392]: INFO neutron.api.extensions [None req-9b081c35-a377-487d-989b-58eeba37ffc9 None None] Extension tag-ports-during-bulk-creation not supported by any of loaded plugins
Jun 17 20:26:54.622761 np0000181554 devstack@neutron-api.service[107392]: DEBUG neutron.api.extensions [None req-9b081c35-a377-487d-989b-58eeba37ffc9 None None] Loading extension file: tagging.py {{(pid=107392) _load_all_extensions_from_path /opt/stack/neutron/neutron/api/extensions.py:449}}
Jun 17 20:26:54.623495 np0000181554 devstack@neutron-api.service[107392]: DEBUG neutron.api.extensions [None req-9b081c35-a377-487d-989b-58eeba37ffc9 None None] Ext name="Tag support for resources with standard attribute: port, subnet, subnetpool, network, security_group, router, floatingip, policy, trunk, network_segment_range" alias="standard-attr-tag" description="Enables to set tag on resources with standard attribute." updated="2017-01-01T00:00:00-00:00" {{(pid=107392) _check_extension /opt/stack/neutron/neutron/api/extensions.py:415}}
Jun 17 20:26:54.623882 np0000181554 devstack@neutron-api.service[107392]: INFO neutron.api.extensions [None req-9b081c35-a377-487d-989b-58eeba37ffc9 None None] Loaded extension: standard-attr-tag
Jun 17 20:26:54.623882 np0000181554 devstack@neutron-api.service[107392]: DEBUG neutron.api.extensions [None req-9b081c35-a377-487d-989b-58eeba37ffc9 None None] Loading extension file: timestamp.py {{(pid=107392) _load_all_extensions_from_path /opt/stack/neutron/neutron/api/extensions.py:449}}
Jun 17 20:26:54.625708 np0000181554 devstack@neutron-api.service[107391]: DEBUG neutron.common.ovn.hash_ring_manager [None req-181f29ce-ada6-4a0c-9413-10b985596af6 None None] Hash Ring loaded. 2 active nodes. 0 offline nodes {{(pid=107391) _load_hash_ring /opt/stack/neutron/neutron/common/ovn/hash_ring_manager.py:110}}
Jun 17 20:26:54.626619 np0000181554 devstack@neutron-api.service[107392]: DEBUG neutron.api.extensions [None req-9b081c35-a377-487d-989b-58eeba37ffc9 None None] Ext name="Resource timestamps" alias="standard-attr-timestamp" description="Adds created_at and updated_at fields to all Neutron resources that have Neutron standard attributes." updated="2016-09-12T10:00:00-00:00" {{(pid=107392) _check_extension /opt/stack/neutron/neutron/api/extensions.py:415}}
Jun 17 20:26:54.626974 np0000181554 devstack@neutron-api.service[107392]: INFO neutron.api.extensions [None req-9b081c35-a377-487d-989b-58eeba37ffc9 None None] Loaded extension: standard-attr-timestamp
Jun 17 20:26:54.626974 np0000181554 devstack@neutron-api.service[107392]: DEBUG neutron.api.extensions [None req-9b081c35-a377-487d-989b-58eeba37ffc9 None None] Loading extension file: trunk.py {{(pid=107392) _load_all_extensions_from_path /opt/stack/neutron/neutron/api/extensions.py:449}}
Jun 17 20:26:54.627150 np0000181554 devstack@neutron-api.service[107392]: DEBUG neutron.api.extensions [None req-9b081c35-a377-487d-989b-58eeba37ffc9 None None] Ext name="Trunk Extension" alias="trunk" description="Provides support for trunk ports" updated="2016-01-01T10:00:00-00:00" {{(pid=107392) _check_extension /opt/stack/neutron/neutron/api/extensions.py:415}}
Jun 17 20:26:54.627539 np0000181554 devstack@neutron-api.service[107392]: INFO neutron.api.extensions [None req-9b081c35-a377-487d-989b-58eeba37ffc9 None None] Extension trunk not supported by any of loaded plugins
Jun 17 20:26:54.627865 np0000181554 devstack@neutron-api.service[107393]: INFO neutron.db.ovn_hash_ring_db [None req-af3793e8-9d6c-4948-b1ba-bc4bc4af65a0 None None] Nodes from host "np0000181554" and group "mechanism_driver" removed from the Hash Ring created at 2026-06-17 20:26:47+00:00
Jun 17 20:26:54.628201 np0000181554 devstack@neutron-api.service[107392]: DEBUG neutron.api.extensions [None req-9b081c35-a377-487d-989b-58eeba37ffc9 None None] Loading extension file: trunk_details.py {{(pid=107392) _load_all_extensions_from_path /opt/stack/neutron/neutron/api/extensions.py:449}}
Jun 17 20:26:54.628541 np0000181554 devstack@neutron-api.service[107392]: DEBUG neutron.api.extensions [None req-9b081c35-a377-487d-989b-58eeba37ffc9 None None] Ext name="Trunk port details" alias="trunk-details" description="Expose trunk port details" updated="2016-01-01T10:00:00-00:00" {{(pid=107392) _check_extension /opt/stack/neutron/neutron/api/extensions.py:415}}
Jun 17 20:26:54.629812 np0000181554 devstack@neutron-api.service[107392]: INFO neutron.api.extensions [None req-9b081c35-a377-487d-989b-58eeba37ffc9 None None] Extension trunk-details not supported by any of loaded plugins
Jun 17 20:26:54.629938 np0000181554 devstack@neutron-api.service[107392]: DEBUG neutron.api.extensions [None req-9b081c35-a377-487d-989b-58eeba37ffc9 None None] Loading extension file: uplink_status_propagation.py {{(pid=107392) _load_all_extensions_from_path /opt/stack/neutron/neutron/api/extensions.py:449}}
Jun 17 20:26:54.630180 np0000181554 devstack@neutron-api.service[107392]: DEBUG neutron.api.extensions [None req-9b081c35-a377-487d-989b-58eeba37ffc9 None None] Ext name="Uplink status propagation extension" alias="uplink-status-propagation" description="Provides ability to propagate port uplink status." updated="2018-05-31T18:00:00-00:00" {{(pid=107392) _check_extension /opt/stack/neutron/neutron/api/extensions.py:415}}
Jun 17 20:26:54.630407 np0000181554 devstack@neutron-api.service[107391]: DEBUG neutron.common.ovn.hash_ring_manager [None req-181f29ce-ada6-4a0c-9413-10b985596af6 None None] Hash Ring loaded. 2 active nodes. 0 offline nodes {{(pid=107391) _load_hash_ring /opt/stack/neutron/neutron/common/ovn/hash_ring_manager.py:110}}
Jun 17 20:26:54.630467 np0000181554 devstack@neutron-api.service[107392]: INFO neutron.api.extensions [None req-9b081c35-a377-487d-989b-58eeba37ffc9 None None] Extension uplink-status-propagation not supported by any of loaded plugins
Jun 17 20:26:54.630523 np0000181554 devstack@neutron-api.service[107392]: DEBUG neutron.api.extensions [None req-9b081c35-a377-487d-989b-58eeba37ffc9 None None] Loading extension file: uplink_status_propagation_updatable.py {{(pid=107392) _load_all_extensions_from_path /opt/stack/neutron/neutron/api/extensions.py:449}}
Jun 17 20:26:54.630579 np0000181554 devstack@neutron-api.service[107391]: DEBUG neutron.plugins.ml2.drivers.ovn.mech_driver.ovsdb.ovsdb_monitor [None req-181f29ce-ada6-4a0c-9413-10b985596af6 None None] Hash Ring: Node 3aa4cdcd4f7f51779296a8003c7a0616 (host: np0000181554) handling event "create" for row a838dc33-a8e9-401f-9073-a673d2eafb7e (table: ACL) {{(pid=107391) notify /opt/stack/neutron/neutron/plugins/ml2/drivers/ovn/mech_driver/ovsdb/ovsdb_monitor.py:1015}}
Jun 17 20:26:54.630822 np0000181554 devstack@neutron-api.service[107392]: DEBUG neutron.api.extensions [None req-9b081c35-a377-487d-989b-58eeba37ffc9 None None] Ext name="Uplink status propagation updatable extension" alias="uplink-status-propagation-updatable" description="Provides ability to update the port uplink status." updated="2024-09-03T18:00:00-00:00" {{(pid=107392) _check_extension /opt/stack/neutron/neutron/api/extensions.py:415}}
Jun 17 20:26:54.631002 np0000181554 devstack@neutron-api.service[107392]: INFO neutron.api.extensions [None req-9b081c35-a377-487d-989b-58eeba37ffc9 None None] Extension uplink-status-propagation-updatable not supported by any of loaded plugins
Jun 17 20:26:54.631091 np0000181554 devstack@neutron-api.service[107392]: DEBUG neutron.api.extensions [None req-9b081c35-a377-487d-989b-58eeba37ffc9 None None] Loading extension file: vlantransparent.py {{(pid=107392) _load_all_extensions_from_path /opt/stack/neutron/neutron/api/extensions.py:449}}
Jun 17 20:26:54.631308 np0000181554 devstack@neutron-api.service[107393]: INFO neutron.db.ovn_hash_ring_db [None req-af3793e8-9d6c-4948-b1ba-bc4bc4af65a0 None None] Node 646699e0fc8c5f25b18b9675681478ba from host "np0000181554" and group "mechanism_driver" added to the Hash Ring
Jun 17 20:26:54.631554 np0000181554 devstack@neutron-api.service[107392]: DEBUG neutron.api.extensions [None req-9b081c35-a377-487d-989b-58eeba37ffc9 None None] Ext name="Vlantransparent" alias="vlan-transparent" description="Provides Vlan Transparent Networks" updated="2015-03-23T09:00:00-00:00" {{(pid=107392) _check_extension /opt/stack/neutron/neutron/api/extensions.py:415}}
Jun 17 20:26:54.631753 np0000181554 devstack@neutron-api.service[107392]: INFO neutron.api.extensions [None req-9b081c35-a377-487d-989b-58eeba37ffc9 None None] Loaded extension: vlan-transparent
Jun 17 20:26:54.635726 np0000181554 devstack@neutron-api.service[107391]: DEBUG neutron.common.ovn.hash_ring_manager [None req-181f29ce-ada6-4a0c-9413-10b985596af6 None None] Hash Ring loaded. 2 active nodes. 0 offline nodes {{(pid=107391) _load_hash_ring /opt/stack/neutron/neutron/common/ovn/hash_ring_manager.py:110}}
Jun 17 20:26:54.635726 np0000181554 devstack@neutron-api.service[107391]: DEBUG neutron.plugins.ml2.drivers.ovn.mech_driver.ovsdb.ovsdb_monitor [None req-181f29ce-ada6-4a0c-9413-10b985596af6 None None] Hash Ring: Node 3aa4cdcd4f7f51779296a8003c7a0616 (host: np0000181554) handling event "create" for row b97d49cd-d831-406e-b2b5-9be9640b48cd (table: ACL) {{(pid=107391) notify /opt/stack/neutron/neutron/plugins/ml2/drivers/ovn/mech_driver/ovsdb/ovsdb_monitor.py:1015}}
Jun 17 20:26:54.636924 np0000181554 devstack@neutron-api.service[107393]: DEBUG neutron.plugins.ml2.drivers.ovn.mech_driver.mech_driver [None req-af3793e8-9d6c-4948-b1ba-bc4bc4af65a0 None None] Hash Ring setup, this worker has detected 3 OVN hash ring registers in the database {{(pid=107393) _init_hash_ring /opt/stack/neutron/neutron/plugins/ml2/drivers/ovn/mech_driver/mech_driver.py:414}}
Jun 17 20:26:54.638671 np0000181554 devstack@neutron-api.service[107392]: INFO neutron.quota.resource_registry [None req-9b081c35-a377-487d-989b-58eeba37ffc9 None None] Creating instance of TrackedResource for resource:network
Jun 17 20:26:54.638980 np0000181554 devstack@neutron-api.service[107392]: INFO neutron.quota.resource_registry [None req-9b081c35-a377-487d-989b-58eeba37ffc9 None None] Creating instance of TrackedResource for resource:subnet
Jun 17 20:26:54.639080 np0000181554 devstack@neutron-api.service[107392]: INFO neutron.quota.resource_registry [None req-9b081c35-a377-487d-989b-58eeba37ffc9 None None] Creating instance of TrackedResource for resource:subnetpool
Jun 17 20:26:54.639198 np0000181554 devstack@neutron-api.service[107392]: INFO neutron.quota.resource_registry [None req-9b081c35-a377-487d-989b-58eeba37ffc9 None None] Creating instance of TrackedResource for resource:port
Jun 17 20:26:54.641063 np0000181554 devstack@neutron-api.service[107391]: DEBUG neutron.common.ovn.hash_ring_manager [None req-181f29ce-ada6-4a0c-9413-10b985596af6 None None] Hash Ring loaded. 2 active nodes. 0 offline nodes {{(pid=107391) _load_hash_ring /opt/stack/neutron/neutron/common/ovn/hash_ring_manager.py:110}}
Jun 17 20:26:54.643204 np0000181554 devstack@neutron-api.service[107392]: DEBUG neutron.api.v2.resource_helper [None req-9b081c35-a377-487d-989b-58eeba37ffc9 None None] Service L3_ROUTER_NAT assigned prefix: {{(pid=107392) build_resource_info /opt/stack/neutron/neutron/api/v2/resource_helper.py:77}}
Jun 17 20:26:54.643282 np0000181554 devstack@neutron-api.service[107393]: DEBUG neutron.plugins.ml2.drivers.ovn.mech_driver.ovsdb.maintenance [None req-af3793e8-9d6c-4948-b1ba-bc4bc4af65a0 None None] Periodic task found: HashRingHealthCheckPeriodics.touch_hash_ring_node {{(pid=107393) add_periodics /opt/stack/neutron/neutron/plugins/ml2/drivers/ovn/mech_driver/ovsdb/maintenance.py:146}}
Jun 17 20:26:54.643420 np0000181554 devstack@neutron-api.service[107391]: DEBUG neutron.common.ovn.hash_ring_manager [None req-181f29ce-ada6-4a0c-9413-10b985596af6 None None] Disallow caching, nodes 3<4 {{(pid=107391) _wait_startup_before_caching /opt/stack/neutron/neutron/common/ovn/hash_ring_manager.py:79}}
Jun 17 20:26:54.643641 np0000181554 devstack@neutron-api.service[107392]: DEBUG neutron.api.v2.resource_helper [None req-9b081c35-a377-487d-989b-58eeba37ffc9 None None] Service FLAVORS assigned prefix: {{(pid=107392) build_resource_info /opt/stack/neutron/neutron/api/v2/resource_helper.py:77}}
Jun 17 20:26:54.644714 np0000181554 devstack@neutron-api.service[107392]: DEBUG neutron.api.v2.resource_helper [None req-9b081c35-a377-487d-989b-58eeba37ffc9 None None] Service L3_ROUTER_NAT assigned prefix: {{(pid=107392) build_resource_info /opt/stack/neutron/neutron/api/v2/resource_helper.py:77}}
Jun 17 20:26:54.645231 np0000181554 devstack@neutron-api.service[107392]: DEBUG neutron.api.v2.resource_helper [None req-9b081c35-a377-487d-989b-58eeba37ffc9 None None] Service L3_ROUTER_NAT assigned prefix: {{(pid=107392) build_resource_info /opt/stack/neutron/neutron/api/v2/resource_helper.py:77}}
Jun 17 20:26:54.645635 np0000181554 devstack@neutron-api.service[107393]: INFO neutron.plugins.ml2.drivers.ovn.mech_driver.mech_driver [None req-af3793e8-9d6c-4948-b1ba-bc4bc4af65a0 None None] Hash Ring probing thread for node 646699e0fc8c5f25b18b9675681478ba has started
Jun 17 20:26:54.646475 np0000181554 devstack@neutron-api.service[107393]: INFO neutron.plugins.ml2.drivers.ovn.mech_driver.ovsdb.impl_idl_ovn [None req-af3793e8-9d6c-4948-b1ba-bc4bc4af65a0 None None] Getting OvsdbNbOvnIdl for WorkerService with retry
Jun 17 20:26:54.646663 np0000181554 devstack@neutron-api.service[107391]: DEBUG neutron.common.ovn.hash_ring_manager [None req-181f29ce-ada6-4a0c-9413-10b985596af6 None None] Hash Ring loaded. 3 active nodes. 0 offline nodes {{(pid=107391) _load_hash_ring /opt/stack/neutron/neutron/common/ovn/hash_ring_manager.py:110}}
Jun 17 20:26:54.648444 np0000181554 devstack@neutron-api.service[107392]: INFO neutron.quota.resource_registry [None req-9b081c35-a377-487d-989b-58eeba37ffc9 None None] Creating instance of TrackedResource for resource:router
Jun 17 20:26:54.648903 np0000181554 devstack@neutron-api.service[107392]: INFO neutron.quota.resource_registry [None req-9b081c35-a377-487d-989b-58eeba37ffc9 None None] Creating instance of TrackedResource for resource:floatingip
Jun 17 20:26:54.649971 np0000181554 devstack@neutron-api.service[107392]: INFO neutron.quota.resource_registry [None req-9b081c35-a377-487d-989b-58eeba37ffc9 None None] Creating instance of CountableResource for resource:rbac_policy
Jun 17 20:26:54.650564 np0000181554 devstack@neutron-api.service[107392]: INFO neutron.quota.resource_registry [None req-9b081c35-a377-487d-989b-58eeba37ffc9 None None] Creating instance of TrackedResource for resource:security_group
Jun 17 20:26:54.650980 np0000181554 devstack@neutron-api.service[107392]: INFO neutron.quota.resource_registry [None req-9b081c35-a377-487d-989b-58eeba37ffc9 None None] Creating instance of TrackedResource for resource:security_group_rule
Jun 17 20:26:54.651801 np0000181554 devstack@neutron-api.service[107391]: DEBUG neutron.common.ovn.hash_ring_manager [None req-181f29ce-ada6-4a0c-9413-10b985596af6 None None] Hash Ring loaded. 3 active nodes. 0 offline nodes {{(pid=107391) _load_hash_ring /opt/stack/neutron/neutron/common/ovn/hash_ring_manager.py:110}}
Jun 17 20:26:54.654627 np0000181554 devstack@neutron-api.service[107392]: DEBUG neutron.api.v2.resource_helper [None req-9b081c35-a377-487d-989b-58eeba37ffc9 None None] Service CORE assigned prefix: {{(pid=107392) build_resource_info /opt/stack/neutron/neutron/api/v2/resource_helper.py:77}}
Jun 17 20:26:54.654764 np0000181554 devstack@neutron-api.service[107392]: INFO neutron.quota.resource_registry [None req-9b081c35-a377-487d-989b-58eeba37ffc9 None None] Creating instance of TrackedResource for resource:subnetpool
Jun 17 20:26:54.654871 np0000181554 devstack@neutron-api.service[107392]: WARNING neutron.quota.resource_registry [None req-9b081c35-a377-487d-989b-58eeba37ffc9 None None] subnetpool is already registered
Jun 17 20:26:54.655378 np0000181554 devstack@neutron-api.service[107392]: DEBUG neutron.api.v2.resource_helper [None req-9b081c35-a377-487d-989b-58eeba37ffc9 None None] Service CORE assigned prefix: {{(pid=107392) build_resource_info /opt/stack/neutron/neutron/api/v2/resource_helper.py:77}}
Jun 17 20:26:54.655509 np0000181554 devstack@neutron-api.service[107392]: INFO neutron.quota.resource_registry [None req-9b081c35-a377-487d-989b-58eeba37ffc9 None None] Creating instance of TrackedResource for resource:subnetpool
Jun 17 20:26:54.655642 np0000181554 devstack@neutron-api.service[107392]: WARNING neutron.quota.resource_registry [None req-9b081c35-a377-487d-989b-58eeba37ffc9 None None] subnetpool is already registered
Jun 17 20:26:54.657066 np0000181554 devstack@neutron-api.service[107391]: DEBUG neutron.common.ovn.hash_ring_manager [None req-181f29ce-ada6-4a0c-9413-10b985596af6 None None] Hash Ring loaded. 3 active nodes. 0 offline nodes {{(pid=107391) _load_hash_ring /opt/stack/neutron/neutron/common/ovn/hash_ring_manager.py:110}}
Jun 17 20:26:54.660379 np0000181554 devstack@neutron-api.service[107392]: DEBUG neutron.api.v2.resource_helper [None req-9b081c35-a377-487d-989b-58eeba37ffc9 None None] Service L3_ROUTER_NAT assigned prefix: {{(pid=107392) build_resource_info /opt/stack/neutron/neutron/api/v2/resource_helper.py:77}}
Jun 17 20:26:54.660599 np0000181554 devstack@neutron-api.service[107392]: DEBUG neutron.api.v2.resource_helper [None req-9b081c35-a377-487d-989b-58eeba37ffc9 None None] Service FLAVORS assigned prefix: {{(pid=107392) build_resource_info /opt/stack/neutron/neutron/api/v2/resource_helper.py:77}}
Jun 17 20:26:54.661522 np0000181554 devstack@neutron-api.service[107392]: DEBUG neutron.api.v2.resource_helper [None req-9b081c35-a377-487d-989b-58eeba37ffc9 None None] Service L3_ROUTER_NAT assigned prefix: {{(pid=107392) build_resource_info /opt/stack/neutron/neutron/api/v2/resource_helper.py:77}}
Jun 17 20:26:54.661954 np0000181554 devstack@neutron-api.service[107392]: DEBUG neutron.api.v2.resource_helper [None req-9b081c35-a377-487d-989b-58eeba37ffc9 None None] Service L3_ROUTER_NAT assigned prefix: {{(pid=107392) build_resource_info /opt/stack/neutron/neutron/api/v2/resource_helper.py:77}}
Jun 17 20:26:54.661998 np0000181554 devstack@neutron-api.service[107392]: INFO neutron.quota.resource_registry [None req-9b081c35-a377-487d-989b-58eeba37ffc9 None None] Creating instance of TrackedResource for resource:router
Jun 17 20:26:54.662200 np0000181554 devstack@neutron-api.service[107392]: WARNING neutron.quota.resource_registry [None req-9b081c35-a377-487d-989b-58eeba37ffc9 None None] router is already registered
Jun 17 20:26:54.662648 np0000181554 devstack@neutron-api.service[107392]: INFO neutron.quota.resource_registry [None req-9b081c35-a377-487d-989b-58eeba37ffc9 None None] Creating instance of TrackedResource for resource:floatingip
Jun 17 20:26:54.662738 np0000181554 devstack@neutron-api.service[107392]: WARNING neutron.quota.resource_registry [None req-9b081c35-a377-487d-989b-58eeba37ffc9 None None] floatingip is already registered
Jun 17 20:26:54.663676 np0000181554 devstack@neutron-api.service[107392]: INFO neutron.quota.resource_registry [None req-9b081c35-a377-487d-989b-58eeba37ffc9 None None] Creating instance of CountableResource for resource:rbac_policy
Jun 17 20:26:54.663778 np0000181554 devstack@neutron-api.service[107392]: WARNING neutron.quota.resource_registry [None req-9b081c35-a377-487d-989b-58eeba37ffc9 None None] rbac_policy is already registered
Jun 17 20:26:54.663825 np0000181554 devstack@neutron-api.service[107391]: DEBUG neutron.common.ovn.hash_ring_manager [None req-181f29ce-ada6-4a0c-9413-10b985596af6 None None] Hash Ring loaded. 3 active nodes. 0 offline nodes {{(pid=107391) _load_hash_ring /opt/stack/neutron/neutron/common/ovn/hash_ring_manager.py:110}}
Jun 17 20:26:54.663992 np0000181554 devstack@neutron-api.service[107391]: DEBUG neutron.plugins.ml2.drivers.ovn.mech_driver.ovsdb.ovsdb_monitor [None req-181f29ce-ada6-4a0c-9413-10b985596af6 None None] Hash Ring: Node 3aa4cdcd4f7f51779296a8003c7a0616 (host: np0000181554) handling event "create" for row 6b19e888-b437-49a7-8fd6-82184a34d5da (table: Port_Group) {{(pid=107391) notify /opt/stack/neutron/neutron/plugins/ml2/drivers/ovn/mech_driver/ovsdb/ovsdb_monitor.py:1015}}
Jun 17 20:26:54.664478 np0000181554 devstack@neutron-api.service[107392]: INFO neutron.quota.resource_registry [None req-9b081c35-a377-487d-989b-58eeba37ffc9 None None] Creating instance of TrackedResource for resource:security_group
Jun 17 20:26:54.666335 np0000181554 devstack@neutron-api.service[107392]: WARNING neutron.quota.resource_registry [None req-9b081c35-a377-487d-989b-58eeba37ffc9 None None] security_group is already registered
Jun 17 20:26:54.666335 np0000181554 devstack@neutron-api.service[107392]: INFO neutron.quota.resource_registry [None req-9b081c35-a377-487d-989b-58eeba37ffc9 None None] Creating instance of TrackedResource for resource:security_group_rule
Jun 17 20:26:54.666335 np0000181554 devstack@neutron-api.service[107392]: WARNING neutron.quota.resource_registry [None req-9b081c35-a377-487d-989b-58eeba37ffc9 None None] security_group_rule is already registered
Jun 17 20:26:54.669203 np0000181554 devstack@neutron-api.service[107392]: DEBUG neutron.api.v2.resource_helper [None req-9b081c35-a377-487d-989b-58eeba37ffc9 None None] Service CORE assigned prefix: {{(pid=107392) build_resource_info /opt/stack/neutron/neutron/api/v2/resource_helper.py:77}}
Jun 17 20:26:54.669203 np0000181554 devstack@neutron-api.service[107392]: INFO neutron.quota.resource_registry [None req-9b081c35-a377-487d-989b-58eeba37ffc9 None None] Creating instance of TrackedResource for resource:subnetpool
Jun 17 20:26:54.669203 np0000181554 devstack@neutron-api.service[107392]: WARNING neutron.quota.resource_registry [None req-9b081c35-a377-487d-989b-58eeba37ffc9 None None] subnetpool is already registered
Jun 17 20:26:54.669378 np0000181554 devstack@neutron-api.service[107392]: DEBUG neutron.api.v2.resource_helper [None req-9b081c35-a377-487d-989b-58eeba37ffc9 None None] Service CORE assigned prefix: {{(pid=107392) build_resource_info /opt/stack/neutron/neutron/api/v2/resource_helper.py:77}}
Jun 17 20:26:54.669429 np0000181554 devstack@neutron-api.service[107392]: INFO neutron.quota.resource_registry [None req-9b081c35-a377-487d-989b-58eeba37ffc9 None None] Creating instance of TrackedResource for resource:subnetpool
Jun 17 20:26:54.669544 np0000181554 devstack@neutron-api.service[107391]: DEBUG neutron.common.ovn.hash_ring_manager [None req-181f29ce-ada6-4a0c-9413-10b985596af6 None None] Hash Ring loaded. 3 active nodes. 0 offline nodes {{(pid=107391) _load_hash_ring /opt/stack/neutron/neutron/common/ovn/hash_ring_manager.py:110}}
Jun 17 20:26:54.669802 np0000181554 devstack@neutron-api.service[107392]: WARNING neutron.quota.resource_registry [None req-9b081c35-a377-487d-989b-58eeba37ffc9 None None] subnetpool is already registered
Jun 17 20:26:54.670052 np0000181554 devstack@neutron-api.service[107391]: DEBUG neutron.plugins.ml2.drivers.ovn.mech_driver.ovsdb.ovsdb_monitor [None req-181f29ce-ada6-4a0c-9413-10b985596af6 None None] Hash Ring: Node 3aa4cdcd4f7f51779296a8003c7a0616 (host: np0000181554) handling event "create" for row e3bdab78-205c-4b0a-b7b1-9e40fd0c520a (table: SSL) {{(pid=107391) notify /opt/stack/neutron/neutron/plugins/ml2/drivers/ovn/mech_driver/ovsdb/ovsdb_monitor.py:1015}}
Jun 17 20:26:54.670218 np0000181554 devstack@neutron-api.service[107392]: DEBUG neutron.api.extensions [None req-9b081c35-a377-487d-989b-58eeba37ffc9 None None] Extended resource: extensions {{(pid=107392) __init__ /opt/stack/neutron/neutron/api/extensions.py:156}}
Jun 17 20:26:54.670979 np0000181554 devstack@neutron-api.service[107392]: DEBUG neutron.api.extensions [None req-9b081c35-a377-487d-989b-58eeba37ffc9 None None] Extended resource: address-groups {{(pid=107392) __init__ /opt/stack/neutron/neutron/api/extensions.py:156}}
Jun 17 20:26:54.671442 np0000181554 devstack@neutron-api.service[107391]: INFO neutron.plugins.ml2.drivers.ovn.mech_driver.ovsdb.impl_idl_ovn [None req-181f29ce-ada6-4a0c-9413-10b985596af6 None None] Getting OvsdbSbOvnIdl for WorkerService with retry
Jun 17 20:26:54.676031 np0000181554 devstack@neutron-api.service[107392]: DEBUG neutron.api.extensions [None req-9b081c35-a377-487d-989b-58eeba37ffc9 None None] Extended resource: address-scopes {{(pid=107392) __init__ /opt/stack/neutron/neutron/api/extensions.py:156}}
Jun 17 20:26:54.679939 np0000181554 devstack@neutron-api.service[107392]: DEBUG neutron.api.extensions [None req-9b081c35-a377-487d-989b-58eeba37ffc9 None None] Extended resource: agents {{(pid=107392) __init__ /opt/stack/neutron/neutron/api/extensions.py:156}}
Jun 17 20:26:54.680412 np0000181554 devstack@neutron-api.service[107392]: DEBUG neutron.api.extensions [None req-9b081c35-a377-487d-989b-58eeba37ffc9 None None] Extended resource: auto-allocated-topology {{(pid=107392) __init__ /opt/stack/neutron/neutron/api/extensions.py:156}}
Jun 17 20:26:54.681107 np0000181554 devstack@neutron-api.service[107392]: DEBUG neutron.api.extensions [None req-9b081c35-a377-487d-989b-58eeba37ffc9 None None] Extended resource: availability_zones {{(pid=107392) __init__ /opt/stack/neutron/neutron/api/extensions.py:156}}
Jun 17 20:26:54.682318 np0000181554 devstack@neutron-api.service[107392]: DEBUG neutron.api.extensions [None req-9b081c35-a377-487d-989b-58eeba37ffc9 None None] Extended resource: dhcp-networks {{(pid=107392) __init__ /opt/stack/neutron/neutron/api/extensions.py:156}}
Jun 17 20:26:54.682985 np0000181554 devstack@neutron-api.service[107392]: DEBUG neutron.api.extensions [None req-9b081c35-a377-487d-989b-58eeba37ffc9 None None] Extended resource: dhcp-agents {{(pid=107392) __init__ /opt/stack/neutron/neutron/api/extensions.py:156}}
Jun 17 20:26:54.683677 np0000181554 devstack@neutron-api.service[107392]: DEBUG neutron.api.extensions [None req-9b081c35-a377-487d-989b-58eeba37ffc9 None None] Extended resource: routers {{(pid=107392) __init__ /opt/stack/neutron/neutron/api/extensions.py:156}}
Jun 17 20:26:54.687311 np0000181554 devstack@neutron-api.service[107392]: DEBUG neutron.api.extensions [None req-9b081c35-a377-487d-989b-58eeba37ffc9 None None] Extended resource: flavors {{(pid=107392) __init__ /opt/stack/neutron/neutron/api/extensions.py:156}}
Jun 17 20:26:54.688493 np0000181554 devstack@neutron-api.service[107392]: DEBUG neutron.api.extensions [None req-9b081c35-a377-487d-989b-58eeba37ffc9 None None] Extended resource: service_profiles {{(pid=107392) __init__ /opt/stack/neutron/neutron/api/extensions.py:156}}
Jun 17 20:26:54.689854 np0000181554 devstack@neutron-api.service[107392]: DEBUG neutron.api.extensions [None req-9b081c35-a377-487d-989b-58eeba37ffc9 None None] Extended resource: next_providers {{(pid=107392) __init__ /opt/stack/neutron/neutron/api/extensions.py:156}}
Jun 17 20:26:54.691753 np0000181554 devstack@neutron-api.service[107392]: DEBUG neutron.api.extensions [None req-9b081c35-a377-487d-989b-58eeba37ffc9 None None] Extended resource: service_profiles {{(pid=107392) __init__ /opt/stack/neutron/neutron/api/extensions.py:156}}
Jun 17 20:26:54.692456 np0000181554 devstack@neutron-api.service[107392]: DEBUG neutron.api.extensions [None req-9b081c35-a377-487d-989b-58eeba37ffc9 None None] Extended resource: floatingip-pools {{(pid=107392) __init__ /opt/stack/neutron/neutron/api/extensions.py:156}}
Jun 17 20:26:54.695191 np0000181554 devstack@neutron-api.service[107392]: DEBUG neutron.api.extensions [None req-9b081c35-a377-487d-989b-58eeba37ffc9 None None] Extended resource: routers {{(pid=107392) __init__ /opt/stack/neutron/neutron/api/extensions.py:156}}
Jun 17 20:26:54.696260 np0000181554 devstack@neutron-api.service[107392]: DEBUG neutron.api.extensions [None req-9b081c35-a377-487d-989b-58eeba37ffc9 None None] Extended resource: floatingips {{(pid=107392) __init__ /opt/stack/neutron/neutron/api/extensions.py:156}}
Jun 17 20:26:54.696430 np0000181554 devstack@neutron-api.service[107393]: DEBUG ovsdbapp.backend.ovs_idl [None req-af3793e8-9d6c-4948-b1ba-bc4bc4af65a0 None None] Created lookup_table index Logical_Switch.name {{(pid=107393) autocreate_indices /opt/stack/data/venv/lib/python3.12/site-packages/ovsdbapp/backend/ovs_idl/__init__.py:87}}
