Jun 17 20:27:29.598843 np0000181554 systemd[1]: Starting devstack@n-api-meta.service - Devstack devstack@n-api-meta.service...
Jun 17 20:27:29.606202 np0000181554 devstack@n-api-meta.service[112530]: [uWSGI] getting INI configuration from /etc/nova/nova-metadata-uwsgi.ini
Jun 17 20:27:29.609377 np0000181554 devstack@n-api-meta.service[112530]: *** Starting uWSGI 2.0.24-debian (64bit) on [Wed Jun 17 20:27:29 2026] ***
Jun 17 20:27:29.609377 np0000181554 devstack@n-api-meta.service[112530]: compiled with version: 13.2.0 on 17 April 2024 16:23:48
Jun 17 20:27:29.609377 np0000181554 devstack@n-api-meta.service[112530]: os: Linux-6.8.0-124-generic #124-Ubuntu SMP PREEMPT_DYNAMIC Tue May 26 13:00:45 UTC 2026
Jun 17 20:27:29.609377 np0000181554 devstack@n-api-meta.service[112530]: nodename: np0000181554
Jun 17 20:27:29.609377 np0000181554 devstack@n-api-meta.service[112530]: machine: x86_64
Jun 17 20:27:29.609377 np0000181554 devstack@n-api-meta.service[112530]: clock source: unix
Jun 17 20:27:29.609377 np0000181554 devstack@n-api-meta.service[112530]: pcre jit disabled
Jun 17 20:27:29.609377 np0000181554 devstack@n-api-meta.service[112530]: detected number of CPU cores: 16
Jun 17 20:27:29.609377 np0000181554 devstack@n-api-meta.service[112530]: current working directory: /
Jun 17 20:27:29.609377 np0000181554 devstack@n-api-meta.service[112530]: detected binary path: /usr/bin/uwsgi-core
Jun 17 20:27:29.609377 np0000181554 devstack@n-api-meta.service[112530]: your processes number limit is 256917
Jun 17 20:27:29.609377 np0000181554 devstack@n-api-meta.service[112530]: your memory page size is 4096 bytes
Jun 17 20:27:29.609377 np0000181554 devstack@n-api-meta.service[112530]: detected max file descriptor number: 2048
Jun 17 20:27:29.609377 np0000181554 devstack@n-api-meta.service[112530]: lock engine: pthread robust mutexes
Jun 17 20:27:29.610173 np0000181554 devstack@n-api-meta.service[112530]: thunder lock: enabled
Jun 17 20:27:29.610173 np0000181554 devstack@n-api-meta.service[112530]: uWSGI http bound on 0.0.0.0:8775 fd 5
Jun 17 20:27:29.610173 np0000181554 devstack@n-api-meta.service[112530]: uwsgi socket 0 bound to TCP address 127.0.0.1:35663 (port auto-assigned) fd 4
Jun 17 20:27:29.610173 np0000181554 devstack@n-api-meta.service[112530]: Python version: 3.12.3 (main, Mar 23 2026, 19:04:32) [GCC 13.3.0]
Jun 17 20:27:29.610173 np0000181554 devstack@n-api-meta.service[112530]: PEP 405 virtualenv detected: /opt/stack/data/venv
Jun 17 20:27:29.610173 np0000181554 devstack@n-api-meta.service[112530]: Set PythonHome to /opt/stack/data/venv
Jun 17 20:27:29.645656 np0000181554 devstack@n-api-meta.service[112530]: Python main interpreter initialized at 0x7d6bbf2a3668
Jun 17 20:27:29.645656 np0000181554 devstack@n-api-meta.service[112530]: python threads support enabled
Jun 17 20:27:29.645656 np0000181554 devstack@n-api-meta.service[112530]: your server socket listen backlog is limited to 100 connections
Jun 17 20:27:29.645656 np0000181554 devstack@n-api-meta.service[112530]: your mercy for graceful operations on workers is 80 seconds
Jun 17 20:27:29.646201 np0000181554 devstack@n-api-meta.service[112530]: mapped 671795 bytes (656 KB) for 4 cores
Jun 17 20:27:29.646370 np0000181554 devstack@n-api-meta.service[112530]: *** Operational MODE: preforking ***
Jun 17 20:27:29.646546 np0000181554 devstack@n-api-meta.service[112530]: *** uWSGI is running in multiple interpreter mode ***
Jun 17 20:27:29.646546 np0000181554 devstack@n-api-meta.service[112530]: spawned uWSGI master process (pid: 112530)
Jun 17 20:27:29.646867 np0000181554 systemd[1]: Started devstack@n-api-meta.service - Devstack devstack@n-api-meta.service.
Jun 17 20:27:29.647364 np0000181554 devstack@n-api-meta.service[112530]: spawned uWSGI worker 1 (pid: 112531, cores: 1)
Jun 17 20:27:29.647952 np0000181554 devstack@n-api-meta.service[112530]: spawned uWSGI worker 2 (pid: 112532, cores: 1)
Jun 17 20:27:29.648746 np0000181554 devstack@n-api-meta.service[112530]: spawned uWSGI worker 3 (pid: 112533, cores: 1)
Jun 17 20:27:29.649445 np0000181554 devstack@n-api-meta.service[112530]: spawned uWSGI worker 4 (pid: 112534, cores: 1)
Jun 17 20:27:29.650176 np0000181554 devstack@n-api-meta.service[112530]: spawned uWSGI http 1 (pid: 112535)
Jun 17 20:27:29.650176 np0000181554 devstack@n-api-meta.service[112530]: running "unix_signal:15 gracefully_kill_them_all" (master-start)...
Jun 17 20:27:31.399179 np0000181554 devstack@n-api-meta.service[112532]: INFO dbcounter [None req-6e1bb33a-d0f5-4395-afc5-71ffb8b7a97c None None] Registered counter for database nova_api
Jun 17 20:27:31.445657 np0000181554 devstack@n-api-meta.service[112532]: DEBUG oslo_db.sqlalchemy.engines [None req-6e1bb33a-d0f5-4395-afc5-71ffb8b7a97c None None] MySQL server mode set to STRICT_TRANS_TABLES,STRICT_ALL_TABLES,NO_ZERO_IN_DATE,NO_ZERO_DATE,ERROR_FOR_DIVISION_BY_ZERO,TRADITIONAL,NO_ENGINE_SUBSTITUTION {{(pid=112532) _check_effective_sql_mode /opt/stack/data/venv/lib/python3.12/site-packages/oslo_db/sqlalchemy/engines.py:325}}
Jun 17 20:27:31.478213 np0000181554 devstack@n-api-meta.service[112532]: DEBUG dbcounter [-] [112532] Writer thread running {{(pid=112532) stat_writer /opt/stack/data/venv/lib/python3.12/site-packages/dbcounter.py:102}}
Jun 17 20:27:31.480643 np0000181554 devstack@n-api-meta.service[112532]: DEBUG nova.context [None req-6e1bb33a-d0f5-4395-afc5-71ffb8b7a97c None None] Found 2 cells: 00000000-0000-0000-0000-000000000000(cell0),2c5d198a-da66-43f5-8700-5462b91465ee(cell1) {{(pid=112532) load_cells /opt/stack/nova/nova/context.py:509}}
Jun 17 20:27:31.480820 np0000181554 devstack@n-api-meta.service[112532]: INFO nova.utils [None req-6e1bb33a-d0f5-4395-afc5-71ffb8b7a97c None None] The cell worker thread pool MainProcess.cell_worker is initialized
Jun 17 20:27:31.482594 np0000181554 devstack@n-api-meta.service[112532]: DEBUG oslo_concurrency.lockutils [None req-6e1bb33a-d0f5-4395-afc5-71ffb8b7a97c None None] Acquiring lock "00000000-0000-0000-0000-000000000000" by "nova.context.set_target_cell..get_or_set_cached_cell_and_set_connections" {{(pid=112532) inner /opt/stack/data/venv/lib/python3.12/site-packages/oslo_concurrency/lockutils.py:511}}
Jun 17 20:27:31.482718 np0000181554 devstack@n-api-meta.service[112532]: DEBUG oslo_concurrency.lockutils [None req-6e1bb33a-d0f5-4395-afc5-71ffb8b7a97c None None] Lock "00000000-0000-0000-0000-000000000000" acquired by "nova.context.set_target_cell..get_or_set_cached_cell_and_set_connections" :: waited 0.000s {{(pid=112532) inner /opt/stack/data/venv/lib/python3.12/site-packages/oslo_concurrency/lockutils.py:524}}
Jun 17 20:27:31.483110 np0000181554 devstack@n-api-meta.service[112532]: DEBUG oslo_concurrency.lockutils [None req-6e1bb33a-d0f5-4395-afc5-71ffb8b7a97c None None] Lock "00000000-0000-0000-0000-000000000000" "released" by "nova.context.set_target_cell..get_or_set_cached_cell_and_set_connections" :: held 0.000s {{(pid=112532) inner /opt/stack/data/venv/lib/python3.12/site-packages/oslo_concurrency/lockutils.py:543}}
Jun 17 20:27:31.484256 np0000181554 devstack@n-api-meta.service[112532]: DEBUG oslo_concurrency.lockutils [None req-6e1bb33a-d0f5-4395-afc5-71ffb8b7a97c None None] Acquiring lock "2c5d198a-da66-43f5-8700-5462b91465ee" by "nova.context.set_target_cell..get_or_set_cached_cell_and_set_connections" {{(pid=112532) inner /opt/stack/data/venv/lib/python3.12/site-packages/oslo_concurrency/lockutils.py:511}}
Jun 17 20:27:31.484418 np0000181554 devstack@n-api-meta.service[112532]: DEBUG oslo_concurrency.lockutils [None req-6e1bb33a-d0f5-4395-afc5-71ffb8b7a97c None None] Lock "2c5d198a-da66-43f5-8700-5462b91465ee" acquired by "nova.context.set_target_cell..get_or_set_cached_cell_and_set_connections" :: waited 0.000s {{(pid=112532) inner /opt/stack/data/venv/lib/python3.12/site-packages/oslo_concurrency/lockutils.py:524}}
Jun 17 20:27:31.485181 np0000181554 devstack@n-api-meta.service[112532]: DEBUG oslo_concurrency.lockutils [None req-6e1bb33a-d0f5-4395-afc5-71ffb8b7a97c None None] Lock "2c5d198a-da66-43f5-8700-5462b91465ee" "released" by "nova.context.set_target_cell..get_or_set_cached_cell_and_set_connections" :: held 0.001s {{(pid=112532) inner /opt/stack/data/venv/lib/python3.12/site-packages/oslo_concurrency/lockutils.py:543}}
Jun 17 20:27:31.487357 np0000181554 devstack@n-api-meta.service[112532]: INFO dbcounter [None req-6e1bb33a-d0f5-4395-afc5-71ffb8b7a97c None None] Registered counter for database nova_cell0
Jun 17 20:27:31.492042 np0000181554 devstack@n-api-meta.service[112532]: INFO dbcounter [None req-6e1bb33a-d0f5-4395-afc5-71ffb8b7a97c None None] Registered counter for database nova_cell1
Jun 17 20:27:31.534385 np0000181554 devstack@n-api-meta.service[112534]: INFO dbcounter [None req-00ead1c7-6a8a-460a-a35b-7b73b271119d None None] Registered counter for database nova_api
Jun 17 20:27:31.544791 np0000181554 devstack@n-api-meta.service[112533]: INFO dbcounter [None req-9a16ed07-7055-4e0c-8873-f3e61fc0ba1c None None] Registered counter for database nova_api
Jun 17 20:27:31.557335 np0000181554 devstack@n-api-meta.service[112532]: DEBUG oslo_db.sqlalchemy.engines [None req-6e1bb33a-d0f5-4395-afc5-71ffb8b7a97c None None] MySQL server mode set to STRICT_TRANS_TABLES,STRICT_ALL_TABLES,NO_ZERO_IN_DATE,NO_ZERO_DATE,ERROR_FOR_DIVISION_BY_ZERO,TRADITIONAL,NO_ENGINE_SUBSTITUTION {{(pid=112532) _check_effective_sql_mode /opt/stack/data/venv/lib/python3.12/site-packages/oslo_db/sqlalchemy/engines.py:325}}
Jun 17 20:27:31.579731 np0000181554 devstack@n-api-meta.service[112534]: DEBUG oslo_db.sqlalchemy.engines [None req-00ead1c7-6a8a-460a-a35b-7b73b271119d None None] MySQL server mode set to STRICT_TRANS_TABLES,STRICT_ALL_TABLES,NO_ZERO_IN_DATE,NO_ZERO_DATE,ERROR_FOR_DIVISION_BY_ZERO,TRADITIONAL,NO_ENGINE_SUBSTITUTION {{(pid=112534) _check_effective_sql_mode /opt/stack/data/venv/lib/python3.12/site-packages/oslo_db/sqlalchemy/engines.py:325}}
Jun 17 20:27:31.589450 np0000181554 devstack@n-api-meta.service[112533]: DEBUG oslo_db.sqlalchemy.engines [None req-9a16ed07-7055-4e0c-8873-f3e61fc0ba1c None None] MySQL server mode set to STRICT_TRANS_TABLES,STRICT_ALL_TABLES,NO_ZERO_IN_DATE,NO_ZERO_DATE,ERROR_FOR_DIVISION_BY_ZERO,TRADITIONAL,NO_ENGINE_SUBSTITUTION {{(pid=112533) _check_effective_sql_mode /opt/stack/data/venv/lib/python3.12/site-packages/oslo_db/sqlalchemy/engines.py:325}}
Jun 17 20:27:31.613636 np0000181554 devstack@n-api-meta.service[112534]: DEBUG dbcounter [-] [112534] Writer thread running {{(pid=112534) stat_writer /opt/stack/data/venv/lib/python3.12/site-packages/dbcounter.py:102}}
Jun 17 20:27:31.616561 np0000181554 devstack@n-api-meta.service[112534]: DEBUG nova.context [None req-00ead1c7-6a8a-460a-a35b-7b73b271119d None None] Found 2 cells: 00000000-0000-0000-0000-000000000000(cell0),2c5d198a-da66-43f5-8700-5462b91465ee(cell1) {{(pid=112534) load_cells /opt/stack/nova/nova/context.py:509}}
Jun 17 20:27:31.616792 np0000181554 devstack@n-api-meta.service[112534]: INFO nova.utils [None req-00ead1c7-6a8a-460a-a35b-7b73b271119d None None] The cell worker thread pool MainProcess.cell_worker is initialized
Jun 17 20:27:31.618720 np0000181554 devstack@n-api-meta.service[112534]: DEBUG oslo_concurrency.lockutils [None req-00ead1c7-6a8a-460a-a35b-7b73b271119d None None] Acquiring lock "00000000-0000-0000-0000-000000000000" by "nova.context.set_target_cell..get_or_set_cached_cell_and_set_connections" {{(pid=112534) inner /opt/stack/data/venv/lib/python3.12/site-packages/oslo_concurrency/lockutils.py:511}}
Jun 17 20:27:31.618887 np0000181554 devstack@n-api-meta.service[112534]: DEBUG oslo_concurrency.lockutils [None req-00ead1c7-6a8a-460a-a35b-7b73b271119d None None] Lock "00000000-0000-0000-0000-000000000000" acquired by "nova.context.set_target_cell..get_or_set_cached_cell_and_set_connections" :: waited 0.000s {{(pid=112534) inner /opt/stack/data/venv/lib/python3.12/site-packages/oslo_concurrency/lockutils.py:524}}
Jun 17 20:27:31.619294 np0000181554 devstack@n-api-meta.service[112534]: DEBUG oslo_concurrency.lockutils [None req-00ead1c7-6a8a-460a-a35b-7b73b271119d None None] Lock "00000000-0000-0000-0000-000000000000" "released" by "nova.context.set_target_cell..get_or_set_cached_cell_and_set_connections" :: held 0.000s {{(pid=112534) inner /opt/stack/data/venv/lib/python3.12/site-packages/oslo_concurrency/lockutils.py:543}}
Jun 17 20:27:31.620223 np0000181554 devstack@n-api-meta.service[112534]: DEBUG oslo_concurrency.lockutils [None req-00ead1c7-6a8a-460a-a35b-7b73b271119d None None] Acquiring lock "2c5d198a-da66-43f5-8700-5462b91465ee" by "nova.context.set_target_cell..get_or_set_cached_cell_and_set_connections" {{(pid=112534) inner /opt/stack/data/venv/lib/python3.12/site-packages/oslo_concurrency/lockutils.py:511}}
Jun 17 20:27:31.620374 np0000181554 devstack@n-api-meta.service[112534]: DEBUG oslo_concurrency.lockutils [None req-00ead1c7-6a8a-460a-a35b-7b73b271119d None None] Lock "2c5d198a-da66-43f5-8700-5462b91465ee" acquired by "nova.context.set_target_cell..get_or_set_cached_cell_and_set_connections" :: waited 0.000s {{(pid=112534) inner /opt/stack/data/venv/lib/python3.12/site-packages/oslo_concurrency/lockutils.py:524}}
Jun 17 20:27:31.621061 np0000181554 devstack@n-api-meta.service[112532]: DEBUG oslo_db.sqlalchemy.engines [None req-6e1bb33a-d0f5-4395-afc5-71ffb8b7a97c None None] MySQL server mode set to STRICT_TRANS_TABLES,STRICT_ALL_TABLES,NO_ZERO_IN_DATE,NO_ZERO_DATE,ERROR_FOR_DIVISION_BY_ZERO,TRADITIONAL,NO_ENGINE_SUBSTITUTION {{(pid=112532) _check_effective_sql_mode /opt/stack/data/venv/lib/python3.12/site-packages/oslo_db/sqlalchemy/engines.py:325}}
Jun 17 20:27:31.621238 np0000181554 devstack@n-api-meta.service[112534]: DEBUG oslo_concurrency.lockutils [None req-00ead1c7-6a8a-460a-a35b-7b73b271119d None None] Lock "2c5d198a-da66-43f5-8700-5462b91465ee" "released" by "nova.context.set_target_cell..get_or_set_cached_cell_and_set_connections" :: held 0.001s {{(pid=112534) inner /opt/stack/data/venv/lib/python3.12/site-packages/oslo_concurrency/lockutils.py:543}}
Jun 17 20:27:31.622018 np0000181554 devstack@n-api-meta.service[112533]: DEBUG dbcounter [-] [112533] Writer thread running {{(pid=112533) stat_writer /opt/stack/data/venv/lib/python3.12/site-packages/dbcounter.py:102}}
Jun 17 20:27:31.624663 np0000181554 devstack@n-api-meta.service[112533]: DEBUG nova.context [None req-9a16ed07-7055-4e0c-8873-f3e61fc0ba1c None None] Found 2 cells: 00000000-0000-0000-0000-000000000000(cell0),2c5d198a-da66-43f5-8700-5462b91465ee(cell1) {{(pid=112533) load_cells /opt/stack/nova/nova/context.py:509}}
Jun 17 20:27:31.624931 np0000181554 devstack@n-api-meta.service[112533]: INFO nova.utils [None req-9a16ed07-7055-4e0c-8873-f3e61fc0ba1c None None] The cell worker thread pool MainProcess.cell_worker is initialized
Jun 17 20:27:31.626459 np0000181554 devstack@n-api-meta.service[112534]: INFO dbcounter [None req-00ead1c7-6a8a-460a-a35b-7b73b271119d None None] Registered counter for database nova_cell0
Jun 17 20:27:31.626727 np0000181554 devstack@n-api-meta.service[112533]: DEBUG oslo_concurrency.lockutils [None req-9a16ed07-7055-4e0c-8873-f3e61fc0ba1c None None] Acquiring lock "00000000-0000-0000-0000-000000000000" by "nova.context.set_target_cell..get_or_set_cached_cell_and_set_connections" {{(pid=112533) inner /opt/stack/data/venv/lib/python3.12/site-packages/oslo_concurrency/lockutils.py:511}}
Jun 17 20:27:31.626889 np0000181554 devstack@n-api-meta.service[112533]: DEBUG oslo_concurrency.lockutils [None req-9a16ed07-7055-4e0c-8873-f3e61fc0ba1c None None] Lock "00000000-0000-0000-0000-000000000000" acquired by "nova.context.set_target_cell..get_or_set_cached_cell_and_set_connections" :: waited 0.000s {{(pid=112533) inner /opt/stack/data/venv/lib/python3.12/site-packages/oslo_concurrency/lockutils.py:524}}
Jun 17 20:27:31.627250 np0000181554 devstack@n-api-meta.service[112533]: DEBUG oslo_concurrency.lockutils [None req-9a16ed07-7055-4e0c-8873-f3e61fc0ba1c None None] Lock "00000000-0000-0000-0000-000000000000" "released" by "nova.context.set_target_cell..get_or_set_cached_cell_and_set_connections" :: held 0.000s {{(pid=112533) inner /opt/stack/data/venv/lib/python3.12/site-packages/oslo_concurrency/lockutils.py:543}}
Jun 17 20:27:31.627977 np0000181554 devstack@n-api-meta.service[112533]: DEBUG oslo_concurrency.lockutils [None req-9a16ed07-7055-4e0c-8873-f3e61fc0ba1c None None] Acquiring lock "2c5d198a-da66-43f5-8700-5462b91465ee" by "nova.context.set_target_cell..get_or_set_cached_cell_and_set_connections" {{(pid=112533) inner /opt/stack/data/venv/lib/python3.12/site-packages/oslo_concurrency/lockutils.py:511}}
Jun 17 20:27:31.628141 np0000181554 devstack@n-api-meta.service[112533]: DEBUG oslo_concurrency.lockutils [None req-9a16ed07-7055-4e0c-8873-f3e61fc0ba1c None None] Lock "2c5d198a-da66-43f5-8700-5462b91465ee" acquired by "nova.context.set_target_cell..get_or_set_cached_cell_and_set_connections" :: waited 0.000s {{(pid=112533) inner /opt/stack/data/venv/lib/python3.12/site-packages/oslo_concurrency/lockutils.py:524}}
Jun 17 20:27:31.629033 np0000181554 devstack@n-api-meta.service[112533]: DEBUG oslo_concurrency.lockutils [None req-9a16ed07-7055-4e0c-8873-f3e61fc0ba1c None None] Lock "2c5d198a-da66-43f5-8700-5462b91465ee" "released" by "nova.context.set_target_cell..get_or_set_cached_cell_and_set_connections" :: held 0.001s {{(pid=112533) inner /opt/stack/data/venv/lib/python3.12/site-packages/oslo_concurrency/lockutils.py:543}}
Jun 17 20:27:31.632082 np0000181554 devstack@n-api-meta.service[112534]: INFO dbcounter [None req-00ead1c7-6a8a-460a-a35b-7b73b271119d None None] Registered counter for database nova_cell1
Jun 17 20:27:31.632216 np0000181554 devstack@n-api-meta.service[112533]: INFO dbcounter [None req-9a16ed07-7055-4e0c-8873-f3e61fc0ba1c None None] Registered counter for database nova_cell0
Jun 17 20:27:31.637395 np0000181554 devstack@n-api-meta.service[112533]: INFO dbcounter [None req-9a16ed07-7055-4e0c-8873-f3e61fc0ba1c None None] Registered counter for database nova_cell1
Jun 17 20:27:31.657313 np0000181554 devstack@n-api-meta.service[112532]: DEBUG dbcounter [-] [112532] Writer thread running {{(pid=112532) stat_writer /opt/stack/data/venv/lib/python3.12/site-packages/dbcounter.py:102}}
Jun 17 20:27:31.661764 np0000181554 devstack@n-api-meta.service[112532]: DEBUG dbcounter [-] [112532] Writer thread running {{(pid=112532) stat_writer /opt/stack/data/venv/lib/python3.12/site-packages/dbcounter.py:102}}
Jun 17 20:27:31.666030 np0000181554 devstack@n-api-meta.service[112532]: INFO dbcounter [None req-6e1bb33a-d0f5-4395-afc5-71ffb8b7a97c None None] Registered counter for database nova_cell0
Jun 17 20:27:31.702837 np0000181554 devstack@n-api-meta.service[112533]: DEBUG oslo_db.sqlalchemy.engines [None req-9a16ed07-7055-4e0c-8873-f3e61fc0ba1c None None] MySQL server mode set to STRICT_TRANS_TABLES,STRICT_ALL_TABLES,NO_ZERO_IN_DATE,NO_ZERO_DATE,ERROR_FOR_DIVISION_BY_ZERO,TRADITIONAL,NO_ENGINE_SUBSTITUTION {{(pid=112533) _check_effective_sql_mode /opt/stack/data/venv/lib/python3.12/site-packages/oslo_db/sqlalchemy/engines.py:325}}
Jun 17 20:27:31.708698 np0000181554 devstack@n-api-meta.service[112534]: DEBUG oslo_db.sqlalchemy.engines [None req-00ead1c7-6a8a-460a-a35b-7b73b271119d None None] MySQL server mode set to STRICT_TRANS_TABLES,STRICT_ALL_TABLES,NO_ZERO_IN_DATE,NO_ZERO_DATE,ERROR_FOR_DIVISION_BY_ZERO,TRADITIONAL,NO_ENGINE_SUBSTITUTION {{(pid=112534) _check_effective_sql_mode /opt/stack/data/venv/lib/python3.12/site-packages/oslo_db/sqlalchemy/engines.py:325}}
Jun 17 20:27:31.716778 np0000181554 devstack@n-api-meta.service[112534]: DEBUG oslo_db.sqlalchemy.engines [None req-00ead1c7-6a8a-460a-a35b-7b73b271119d None None] MySQL server mode set to STRICT_TRANS_TABLES,STRICT_ALL_TABLES,NO_ZERO_IN_DATE,NO_ZERO_DATE,ERROR_FOR_DIVISION_BY_ZERO,TRADITIONAL,NO_ENGINE_SUBSTITUTION {{(pid=112534) _check_effective_sql_mode /opt/stack/data/venv/lib/python3.12/site-packages/oslo_db/sqlalchemy/engines.py:325}}
Jun 17 20:27:31.716923 np0000181554 devstack@n-api-meta.service[112531]: INFO dbcounter [None req-09d629c7-0eff-4b51-a95d-40f90d4c24ad None None] Registered counter for database nova_api
Jun 17 20:27:31.720752 np0000181554 devstack@n-api-meta.service[112532]: DEBUG oslo_db.sqlalchemy.engines [None req-6e1bb33a-d0f5-4395-afc5-71ffb8b7a97c None None] MySQL server mode set to STRICT_TRANS_TABLES,STRICT_ALL_TABLES,NO_ZERO_IN_DATE,NO_ZERO_DATE,ERROR_FOR_DIVISION_BY_ZERO,TRADITIONAL,NO_ENGINE_SUBSTITUTION {{(pid=112532) _check_effective_sql_mode /opt/stack/data/venv/lib/python3.12/site-packages/oslo_db/sqlalchemy/engines.py:325}}
Jun 17 20:27:31.730841 np0000181554 devstack@n-api-meta.service[112532]: DEBUG dbcounter [-] [112532] Writer thread running {{(pid=112532) stat_writer /opt/stack/data/venv/lib/python3.12/site-packages/dbcounter.py:102}}
Jun 17 20:27:31.765495 np0000181554 devstack@n-api-meta.service[112531]: DEBUG oslo_db.sqlalchemy.engines [None req-09d629c7-0eff-4b51-a95d-40f90d4c24ad None None] MySQL server mode set to STRICT_TRANS_TABLES,STRICT_ALL_TABLES,NO_ZERO_IN_DATE,NO_ZERO_DATE,ERROR_FOR_DIVISION_BY_ZERO,TRADITIONAL,NO_ENGINE_SUBSTITUTION {{(pid=112531) _check_effective_sql_mode /opt/stack/data/venv/lib/python3.12/site-packages/oslo_db/sqlalchemy/engines.py:325}}
Jun 17 20:27:31.792981 np0000181554 devstack@n-api-meta.service[112532]: WARNING nova.api.metadata.handler [None req-6e1bb33a-d0f5-4395-afc5-71ffb8b7a97c None None] metadata_proxy_shared_secret is not configured, the metadata information returned by the proxy cannot be trusted
Jun 17 20:27:31.795675 np0000181554 devstack@n-api-meta.service[112532]: DEBUG nova.api.openstack.wsgi_app [None req-6e1bb33a-d0f5-4395-afc5-71ffb8b7a97c None None] ******************************************************************************** {{(pid=112532) log_opt_values /opt/stack/data/venv/lib/python3.12/site-packages/oslo_config/cfg.py:3226}}
Jun 17 20:27:31.795789 np0000181554 devstack@n-api-meta.service[112532]: DEBUG nova.api.openstack.wsgi_app [None req-6e1bb33a-d0f5-4395-afc5-71ffb8b7a97c None None] Configuration options gathered from: {{(pid=112532) log_opt_values /opt/stack/data/venv/lib/python3.12/site-packages/oslo_config/cfg.py:3227}}
Jun 17 20:27:31.795889 np0000181554 devstack@n-api-meta.service[112532]: DEBUG nova.api.openstack.wsgi_app [None req-6e1bb33a-d0f5-4395-afc5-71ffb8b7a97c None None] command line args: [] {{(pid=112532) log_opt_values /opt/stack/data/venv/lib/python3.12/site-packages/oslo_config/cfg.py:3228}}
Jun 17 20:27:31.796089 np0000181554 devstack@n-api-meta.service[112532]: DEBUG nova.api.openstack.wsgi_app [None req-6e1bb33a-d0f5-4395-afc5-71ffb8b7a97c None None] config files: ['/etc/nova/api-paste.ini', '/etc/nova/nova.conf'] {{(pid=112532) log_opt_values /opt/stack/data/venv/lib/python3.12/site-packages/oslo_config/cfg.py:3229}}
Jun 17 20:27:31.796217 np0000181554 devstack@n-api-meta.service[112532]: DEBUG nova.api.openstack.wsgi_app [None req-6e1bb33a-d0f5-4395-afc5-71ffb8b7a97c None None] ================================================================================ {{(pid=112532) log_opt_values /opt/stack/data/venv/lib/python3.12/site-packages/oslo_config/cfg.py:3234}}
Jun 17 20:27:31.796396 np0000181554 devstack@n-api-meta.service[112532]: DEBUG nova.api.openstack.wsgi_app [None req-6e1bb33a-d0f5-4395-afc5-71ffb8b7a97c None None] allow_resize_to_same_host = True {{(pid=112532) log_opt_values /opt/stack/data/venv/lib/python3.12/site-packages/oslo_config/cfg.py:3242}}
Jun 17 20:27:31.796547 np0000181554 devstack@n-api-meta.service[112532]: DEBUG nova.api.openstack.wsgi_app [None req-6e1bb33a-d0f5-4395-afc5-71ffb8b7a97c None None] arq_binding_timeout = 300 {{(pid=112532) log_opt_values /opt/stack/data/venv/lib/python3.12/site-packages/oslo_config/cfg.py:3242}}
Jun 17 20:27:31.796672 np0000181554 devstack@n-api-meta.service[112532]: DEBUG nova.api.openstack.wsgi_app [None req-6e1bb33a-d0f5-4395-afc5-71ffb8b7a97c None None] block_device_allocate_retries = 60 {{(pid=112532) log_opt_values /opt/stack/data/venv/lib/python3.12/site-packages/oslo_config/cfg.py:3242}}
Jun 17 20:27:31.796812 np0000181554 devstack@n-api-meta.service[112532]: DEBUG nova.api.openstack.wsgi_app [None req-6e1bb33a-d0f5-4395-afc5-71ffb8b7a97c None None] block_device_allocate_retries_interval = 3 {{(pid=112532) log_opt_values /opt/stack/data/venv/lib/python3.12/site-packages/oslo_config/cfg.py:3242}}
Jun 17 20:27:31.796945 np0000181554 devstack@n-api-meta.service[112532]: DEBUG nova.api.openstack.wsgi_app [None req-6e1bb33a-d0f5-4395-afc5-71ffb8b7a97c None None] cell_worker_thread_pool_size = 5 {{(pid=112532) log_opt_values /opt/stack/data/venv/lib/python3.12/site-packages/oslo_config/cfg.py:3242}}
Jun 17 20:27:31.797116 np0000181554 devstack@n-api-meta.service[112532]: DEBUG nova.api.openstack.wsgi_app [None req-6e1bb33a-d0f5-4395-afc5-71ffb8b7a97c None None] cert = self.pem {{(pid=112532) log_opt_values /opt/stack/data/venv/lib/python3.12/site-packages/oslo_config/cfg.py:3242}}
Jun 17 20:27:31.797247 np0000181554 devstack@n-api-meta.service[112532]: DEBUG nova.api.openstack.wsgi_app [None req-6e1bb33a-d0f5-4395-afc5-71ffb8b7a97c None None] compute_driver = libvirt.LibvirtDriver {{(pid=112532) log_opt_values /opt/stack/data/venv/lib/python3.12/site-packages/oslo_config/cfg.py:3242}}
Jun 17 20:27:31.797413 np0000181554 devstack@n-api-meta.service[112532]: DEBUG nova.api.openstack.wsgi_app [None req-6e1bb33a-d0f5-4395-afc5-71ffb8b7a97c None None] compute_monitors = [] {{(pid=112532) log_opt_values /opt/stack/data/venv/lib/python3.12/site-packages/oslo_config/cfg.py:3242}}
Jun 17 20:27:31.797792 np0000181554 devstack@n-api-meta.service[112532]: DEBUG nova.api.openstack.wsgi_app [None req-6e1bb33a-d0f5-4395-afc5-71ffb8b7a97c None None] config_dir = [] {{(pid=112532) log_opt_values /opt/stack/data/venv/lib/python3.12/site-packages/oslo_config/cfg.py:3242}}
Jun 17 20:27:31.797792 np0000181554 devstack@n-api-meta.service[112532]: DEBUG nova.api.openstack.wsgi_app [None req-6e1bb33a-d0f5-4395-afc5-71ffb8b7a97c None None] config_drive_format = iso9660 {{(pid=112532) log_opt_values /opt/stack/data/venv/lib/python3.12/site-packages/oslo_config/cfg.py:3242}}
Jun 17 20:27:31.797792 np0000181554 devstack@n-api-meta.service[112532]: DEBUG nova.api.openstack.wsgi_app [None req-6e1bb33a-d0f5-4395-afc5-71ffb8b7a97c None None] config_file = ['/etc/nova/api-paste.ini', '/etc/nova/nova.conf'] {{(pid=112532) log_opt_values /opt/stack/data/venv/lib/python3.12/site-packages/oslo_config/cfg.py:3242}}
Jun 17 20:27:31.797984 np0000181554 devstack@n-api-meta.service[112532]: DEBUG nova.api.openstack.wsgi_app [None req-6e1bb33a-d0f5-4395-afc5-71ffb8b7a97c None None] config_source = [] {{(pid=112532) log_opt_values /opt/stack/data/venv/lib/python3.12/site-packages/oslo_config/cfg.py:3242}}
Jun 17 20:27:31.798109 np0000181554 devstack@n-api-meta.service[112532]: DEBUG nova.api.openstack.wsgi_app [None req-6e1bb33a-d0f5-4395-afc5-71ffb8b7a97c None None] console_host = np0000181554 {{(pid=112532) log_opt_values /opt/stack/data/venv/lib/python3.12/site-packages/oslo_config/cfg.py:3242}}
Jun 17 20:27:31.798373 np0000181554 devstack@n-api-meta.service[112532]: DEBUG nova.api.openstack.wsgi_app [None req-6e1bb33a-d0f5-4395-afc5-71ffb8b7a97c None None] control_exchange = nova {{(pid=112532) log_opt_values /opt/stack/data/venv/lib/python3.12/site-packages/oslo_config/cfg.py:3242}}
Jun 17 20:27:31.798505 np0000181554 devstack@n-api-meta.service[112532]: DEBUG nova.api.openstack.wsgi_app [None req-6e1bb33a-d0f5-4395-afc5-71ffb8b7a97c None None] cpu_allocation_ratio = None {{(pid=112532) log_opt_values /opt/stack/data/venv/lib/python3.12/site-packages/oslo_config/cfg.py:3242}}
Jun 17 20:27:31.798612 np0000181554 devstack@n-api-meta.service[112532]: DEBUG nova.api.openstack.wsgi_app [None req-6e1bb33a-d0f5-4395-afc5-71ffb8b7a97c None None] daemon = False {{(pid=112532) log_opt_values /opt/stack/data/venv/lib/python3.12/site-packages/oslo_config/cfg.py:3242}}
Jun 17 20:27:31.798739 np0000181554 devstack@n-api-meta.service[112532]: DEBUG nova.api.openstack.wsgi_app [None req-6e1bb33a-d0f5-4395-afc5-71ffb8b7a97c None None] debug = True {{(pid=112532) log_opt_values /opt/stack/data/venv/lib/python3.12/site-packages/oslo_config/cfg.py:3242}}
Jun 17 20:27:31.798852 np0000181554 devstack@n-api-meta.service[112532]: DEBUG nova.api.openstack.wsgi_app [None req-6e1bb33a-d0f5-4395-afc5-71ffb8b7a97c None None] default_access_ip_network_name = None {{(pid=112532) log_opt_values /opt/stack/data/venv/lib/python3.12/site-packages/oslo_config/cfg.py:3242}}
Jun 17 20:27:31.799006 np0000181554 devstack@n-api-meta.service[112532]: DEBUG nova.api.openstack.wsgi_app [None req-6e1bb33a-d0f5-4395-afc5-71ffb8b7a97c None None] default_availability_zone = nova {{(pid=112532) log_opt_values /opt/stack/data/venv/lib/python3.12/site-packages/oslo_config/cfg.py:3242}}
Jun 17 20:27:31.799167 np0000181554 devstack@n-api-meta.service[112532]: DEBUG nova.api.openstack.wsgi_app [None req-6e1bb33a-d0f5-4395-afc5-71ffb8b7a97c None None] default_ephemeral_format = ext4 {{(pid=112532) log_opt_values /opt/stack/data/venv/lib/python3.12/site-packages/oslo_config/cfg.py:3242}}
Jun 17 20:27:31.799331 np0000181554 devstack@n-api-meta.service[112532]: DEBUG nova.api.openstack.wsgi_app [None req-6e1bb33a-d0f5-4395-afc5-71ffb8b7a97c None None] default_green_pool_size = 1000 {{(pid=112532) log_opt_values /opt/stack/data/venv/lib/python3.12/site-packages/oslo_config/cfg.py:3242}}
Jun 17 20:27:31.799565 np0000181554 devstack@n-api-meta.service[112532]: DEBUG nova.api.openstack.wsgi_app [None req-6e1bb33a-d0f5-4395-afc5-71ffb8b7a97c None None] default_log_levels = ['amqp=WARN', 'boto=WARN', 'sqlalchemy=WARN', 'suds=INFO', 'oslo.messaging=INFO', 'oslo_messaging=INFO', 'iso8601=WARN', 'requests.packages.urllib3.connectionpool=WARN', 'urllib3.connectionpool=WARN', 'websocket=WARN', 'requests.packages.urllib3.util.retry=WARN', 'urllib3.util.retry=WARN', 'keystonemiddleware=WARN', 'routes.middleware=WARN', 'stevedore=WARN', 'taskflow=WARN', 'keystoneauth=WARN', 'oslo.cache=INFO', 'oslo_policy=INFO', 'dogpile.core.dogpile=INFO', 'glanceclient=WARN', 'oslo.privsep.daemon=INFO'] {{(pid=112532) log_opt_values /opt/stack/data/venv/lib/python3.12/site-packages/oslo_config/cfg.py:3242}}
Jun 17 20:27:31.799717 np0000181554 devstack@n-api-meta.service[112532]: DEBUG nova.api.openstack.wsgi_app [None req-6e1bb33a-d0f5-4395-afc5-71ffb8b7a97c None None] default_schedule_zone = None {{(pid=112532) log_opt_values /opt/stack/data/venv/lib/python3.12/site-packages/oslo_config/cfg.py:3242}}
Jun 17 20:27:31.799851 np0000181554 devstack@n-api-meta.service[112532]: DEBUG nova.api.openstack.wsgi_app [None req-6e1bb33a-d0f5-4395-afc5-71ffb8b7a97c None None] default_thread_pool_size = 10 {{(pid=112532) log_opt_values /opt/stack/data/venv/lib/python3.12/site-packages/oslo_config/cfg.py:3242}}
Jun 17 20:27:31.799983 np0000181554 devstack@n-api-meta.service[112532]: DEBUG nova.api.openstack.wsgi_app [None req-6e1bb33a-d0f5-4395-afc5-71ffb8b7a97c None None] disk_allocation_ratio = None {{(pid=112532) log_opt_values /opt/stack/data/venv/lib/python3.12/site-packages/oslo_config/cfg.py:3242}}
Jun 17 20:27:31.800137 np0000181554 devstack@n-api-meta.service[112532]: DEBUG nova.api.openstack.wsgi_app [None req-6e1bb33a-d0f5-4395-afc5-71ffb8b7a97c None None] enable_new_services = True {{(pid=112532) log_opt_values /opt/stack/data/venv/lib/python3.12/site-packages/oslo_config/cfg.py:3242}}
Jun 17 20:27:31.800287 np0000181554 devstack@n-api-meta.service[112532]: DEBUG nova.api.openstack.wsgi_app [None req-6e1bb33a-d0f5-4395-afc5-71ffb8b7a97c None None] flat_injected = False {{(pid=112532) log_opt_values /opt/stack/data/venv/lib/python3.12/site-packages/oslo_config/cfg.py:3242}}
Jun 17 20:27:31.800437 np0000181554 devstack@n-api-meta.service[112532]: DEBUG nova.api.openstack.wsgi_app [None req-6e1bb33a-d0f5-4395-afc5-71ffb8b7a97c None None] force_config_drive = False {{(pid=112532) log_opt_values /opt/stack/data/venv/lib/python3.12/site-packages/oslo_config/cfg.py:3242}}
Jun 17 20:27:31.800564 np0000181554 devstack@n-api-meta.service[112532]: DEBUG nova.api.openstack.wsgi_app [None req-6e1bb33a-d0f5-4395-afc5-71ffb8b7a97c None None] force_raw_images = True {{(pid=112532) log_opt_values /opt/stack/data/venv/lib/python3.12/site-packages/oslo_config/cfg.py:3242}}
Jun 17 20:27:31.800708 np0000181554 devstack@n-api-meta.service[112532]: DEBUG nova.api.openstack.wsgi_app [None req-6e1bb33a-d0f5-4395-afc5-71ffb8b7a97c None None] graceful_shutdown_timeout = 5 {{(pid=112532) log_opt_values /opt/stack/data/venv/lib/python3.12/site-packages/oslo_config/cfg.py:3242}}
Jun 17 20:27:31.800883 np0000181554 devstack@n-api-meta.service[112532]: DEBUG nova.api.openstack.wsgi_app [None req-6e1bb33a-d0f5-4395-afc5-71ffb8b7a97c None None] heal_instance_info_cache_interval = -1 {{(pid=112532) log_opt_values /opt/stack/data/venv/lib/python3.12/site-packages/oslo_config/cfg.py:3242}}
Jun 17 20:27:31.801095 np0000181554 devstack@n-api-meta.service[112532]: DEBUG nova.api.openstack.wsgi_app [None req-6e1bb33a-d0f5-4395-afc5-71ffb8b7a97c None None] host = np0000181554 {{(pid=112532) log_opt_values /opt/stack/data/venv/lib/python3.12/site-packages/oslo_config/cfg.py:3242}}
Jun 17 20:27:31.801288 np0000181554 devstack@n-api-meta.service[112532]: DEBUG nova.api.openstack.wsgi_app [None req-6e1bb33a-d0f5-4395-afc5-71ffb8b7a97c None None] initial_cpu_allocation_ratio = 4.0 {{(pid=112532) log_opt_values /opt/stack/data/venv/lib/python3.12/site-packages/oslo_config/cfg.py:3242}}
Jun 17 20:27:31.801352 np0000181554 devstack@n-api-meta.service[112533]: DEBUG oslo_db.sqlalchemy.engines [None req-9a16ed07-7055-4e0c-8873-f3e61fc0ba1c None None] MySQL server mode set to STRICT_TRANS_TABLES,STRICT_ALL_TABLES,NO_ZERO_IN_DATE,NO_ZERO_DATE,ERROR_FOR_DIVISION_BY_ZERO,TRADITIONAL,NO_ENGINE_SUBSTITUTION {{(pid=112533) _check_effective_sql_mode /opt/stack/data/venv/lib/python3.12/site-packages/oslo_db/sqlalchemy/engines.py:325}}
Jun 17 20:27:31.801494 np0000181554 devstack@n-api-meta.service[112532]: DEBUG nova.api.openstack.wsgi_app [None req-6e1bb33a-d0f5-4395-afc5-71ffb8b7a97c None None] initial_disk_allocation_ratio = 1.0 {{(pid=112532) log_opt_values /opt/stack/data/venv/lib/python3.12/site-packages/oslo_config/cfg.py:3242}}
Jun 17 20:27:31.801655 np0000181554 devstack@n-api-meta.service[112532]: DEBUG nova.api.openstack.wsgi_app [None req-6e1bb33a-d0f5-4395-afc5-71ffb8b7a97c None None] initial_ram_allocation_ratio = 1.0 {{(pid=112532) log_opt_values /opt/stack/data/venv/lib/python3.12/site-packages/oslo_config/cfg.py:3242}}
Jun 17 20:27:31.801833 np0000181554 devstack@n-api-meta.service[112532]: DEBUG nova.api.openstack.wsgi_app [None req-6e1bb33a-d0f5-4395-afc5-71ffb8b7a97c None None] injected_network_template = /opt/stack/nova/nova/virt/interfaces.template {{(pid=112532) log_opt_values /opt/stack/data/venv/lib/python3.12/site-packages/oslo_config/cfg.py:3242}}
Jun 17 20:27:31.801965 np0000181554 devstack@n-api-meta.service[112532]: DEBUG nova.api.openstack.wsgi_app [None req-6e1bb33a-d0f5-4395-afc5-71ffb8b7a97c None None] instance_build_timeout = 0 {{(pid=112532) log_opt_values /opt/stack/data/venv/lib/python3.12/site-packages/oslo_config/cfg.py:3242}}
Jun 17 20:27:31.802097 np0000181554 devstack@n-api-meta.service[112532]: DEBUG nova.api.openstack.wsgi_app [None req-6e1bb33a-d0f5-4395-afc5-71ffb8b7a97c None None] instance_delete_interval = 300 {{(pid=112532) log_opt_values /opt/stack/data/venv/lib/python3.12/site-packages/oslo_config/cfg.py:3242}}
Jun 17 20:27:31.802344 np0000181554 devstack@n-api-meta.service[112532]: DEBUG nova.api.openstack.wsgi_app [None req-6e1bb33a-d0f5-4395-afc5-71ffb8b7a97c None None] instance_format = [instance: %(uuid)s] {{(pid=112532) log_opt_values /opt/stack/data/venv/lib/python3.12/site-packages/oslo_config/cfg.py:3242}}
Jun 17 20:27:31.802491 np0000181554 devstack@n-api-meta.service[112532]: DEBUG nova.api.openstack.wsgi_app [None req-6e1bb33a-d0f5-4395-afc5-71ffb8b7a97c None None] instance_name_template = instance-%08x {{(pid=112532) log_opt_values /opt/stack/data/venv/lib/python3.12/site-packages/oslo_config/cfg.py:3242}}
Jun 17 20:27:31.802622 np0000181554 devstack@n-api-meta.service[112532]: DEBUG nova.api.openstack.wsgi_app [None req-6e1bb33a-d0f5-4395-afc5-71ffb8b7a97c None None] instance_usage_audit = False {{(pid=112532) log_opt_values /opt/stack/data/venv/lib/python3.12/site-packages/oslo_config/cfg.py:3242}}
Jun 17 20:27:31.802756 np0000181554 devstack@n-api-meta.service[112532]: DEBUG nova.api.openstack.wsgi_app [None req-6e1bb33a-d0f5-4395-afc5-71ffb8b7a97c None None] instance_usage_audit_period = month {{(pid=112532) log_opt_values /opt/stack/data/venv/lib/python3.12/site-packages/oslo_config/cfg.py:3242}}
Jun 17 20:27:31.802890 np0000181554 devstack@n-api-meta.service[112532]: DEBUG nova.api.openstack.wsgi_app [None req-6e1bb33a-d0f5-4395-afc5-71ffb8b7a97c None None] instance_uuid_format = [instance: %(uuid)s] {{(pid=112532) log_opt_values /opt/stack/data/venv/lib/python3.12/site-packages/oslo_config/cfg.py:3242}}
Jun 17 20:27:31.803023 np0000181554 devstack@n-api-meta.service[112532]: DEBUG nova.api.openstack.wsgi_app [None req-6e1bb33a-d0f5-4395-afc5-71ffb8b7a97c None None] instances_path = /opt/stack/data/nova/instances {{(pid=112532) log_opt_values /opt/stack/data/venv/lib/python3.12/site-packages/oslo_config/cfg.py:3242}}
Jun 17 20:27:31.803187 np0000181554 devstack@n-api-meta.service[112532]: DEBUG nova.api.openstack.wsgi_app [None req-6e1bb33a-d0f5-4395-afc5-71ffb8b7a97c None None] internal_service_availability_zone = internal {{(pid=112532) log_opt_values /opt/stack/data/venv/lib/python3.12/site-packages/oslo_config/cfg.py:3242}}
Jun 17 20:27:31.803350 np0000181554 devstack@n-api-meta.service[112532]: DEBUG nova.api.openstack.wsgi_app [None req-6e1bb33a-d0f5-4395-afc5-71ffb8b7a97c None None] key = None {{(pid=112532) log_opt_values /opt/stack/data/venv/lib/python3.12/site-packages/oslo_config/cfg.py:3242}}
Jun 17 20:27:31.803481 np0000181554 devstack@n-api-meta.service[112532]: DEBUG nova.api.openstack.wsgi_app [None req-6e1bb33a-d0f5-4395-afc5-71ffb8b7a97c None None] live_migration_retry_count = 30 {{(pid=112532) log_opt_values /opt/stack/data/venv/lib/python3.12/site-packages/oslo_config/cfg.py:3242}}
Jun 17 20:27:31.803637 np0000181554 devstack@n-api-meta.service[112532]: DEBUG nova.api.openstack.wsgi_app [None req-6e1bb33a-d0f5-4395-afc5-71ffb8b7a97c None None] log_color = False {{(pid=112532) log_opt_values /opt/stack/data/venv/lib/python3.12/site-packages/oslo_config/cfg.py:3242}}
Jun 17 20:27:31.803801 np0000181554 devstack@n-api-meta.service[112532]: DEBUG nova.api.openstack.wsgi_app [None req-6e1bb33a-d0f5-4395-afc5-71ffb8b7a97c None None] log_config_append = None {{(pid=112532) log_opt_values /opt/stack/data/venv/lib/python3.12/site-packages/oslo_config/cfg.py:3242}}
Jun 17 20:27:31.803857 np0000181554 devstack@n-api-meta.service[112531]: DEBUG dbcounter [-] [112531] Writer thread running {{(pid=112531) stat_writer /opt/stack/data/venv/lib/python3.12/site-packages/dbcounter.py:102}}
Jun 17 20:27:31.803947 np0000181554 devstack@n-api-meta.service[112532]: DEBUG nova.api.openstack.wsgi_app [None req-6e1bb33a-d0f5-4395-afc5-71ffb8b7a97c None None] log_date_format = %Y-%m-%d %H:%M:%S {{(pid=112532) log_opt_values /opt/stack/data/venv/lib/python3.12/site-packages/oslo_config/cfg.py:3242}}
Jun 17 20:27:31.804078 np0000181554 devstack@n-api-meta.service[112532]: DEBUG nova.api.openstack.wsgi_app [None req-6e1bb33a-d0f5-4395-afc5-71ffb8b7a97c None None] log_dir = None {{(pid=112532) log_opt_values /opt/stack/data/venv/lib/python3.12/site-packages/oslo_config/cfg.py:3242}}
Jun 17 20:27:31.804238 np0000181554 devstack@n-api-meta.service[112532]: DEBUG nova.api.openstack.wsgi_app [None req-6e1bb33a-d0f5-4395-afc5-71ffb8b7a97c None None] log_file = None {{(pid=112532) log_opt_values /opt/stack/data/venv/lib/python3.12/site-packages/oslo_config/cfg.py:3242}}
Jun 17 20:27:31.804397 np0000181554 devstack@n-api-meta.service[112532]: DEBUG nova.api.openstack.wsgi_app [None req-6e1bb33a-d0f5-4395-afc5-71ffb8b7a97c None None] log_options = True {{(pid=112532) log_opt_values /opt/stack/data/venv/lib/python3.12/site-packages/oslo_config/cfg.py:3242}}
Jun 17 20:27:31.804535 np0000181554 devstack@n-api-meta.service[112532]: DEBUG nova.api.openstack.wsgi_app [None req-6e1bb33a-d0f5-4395-afc5-71ffb8b7a97c None None] log_rotate_interval = 1 {{(pid=112532) log_opt_values /opt/stack/data/venv/lib/python3.12/site-packages/oslo_config/cfg.py:3242}}
Jun 17 20:27:31.804710 np0000181554 devstack@n-api-meta.service[112532]: DEBUG nova.api.openstack.wsgi_app [None req-6e1bb33a-d0f5-4395-afc5-71ffb8b7a97c None None] log_rotate_interval_type = days {{(pid=112532) log_opt_values /opt/stack/data/venv/lib/python3.12/site-packages/oslo_config/cfg.py:3242}}
Jun 17 20:27:31.804806 np0000181554 devstack@n-api-meta.service[112532]: DEBUG nova.api.openstack.wsgi_app [None req-6e1bb33a-d0f5-4395-afc5-71ffb8b7a97c None None] log_rotation_type = none {{(pid=112532) log_opt_values /opt/stack/data/venv/lib/python3.12/site-packages/oslo_config/cfg.py:3242}}
Jun 17 20:27:31.804909 np0000181554 devstack@n-api-meta.service[112532]: DEBUG nova.api.openstack.wsgi_app [None req-6e1bb33a-d0f5-4395-afc5-71ffb8b7a97c None None] logging_context_format_string = %(color)s%(levelname)s %(name)s [%(global_request_id)s %(request_id)s %(project_name)s %(user_name)s%(color)s] %(instance)s%(color)s%(message)s {{(pid=112532) log_opt_values /opt/stack/data/venv/lib/python3.12/site-packages/oslo_config/cfg.py:3242}}
Jun 17 20:27:31.805018 np0000181554 devstack@n-api-meta.service[112532]: DEBUG nova.api.openstack.wsgi_app [None req-6e1bb33a-d0f5-4395-afc5-71ffb8b7a97c None None] logging_debug_format_suffix = {{(pid=%(process)d) %(funcName)s %(pathname)s:%(lineno)d}} {{(pid=112532) log_opt_values /opt/stack/data/venv/lib/python3.12/site-packages/oslo_config/cfg.py:3242}}
Jun 17 20:27:31.805162 np0000181554 devstack@n-api-meta.service[112532]: DEBUG nova.api.openstack.wsgi_app [None req-6e1bb33a-d0f5-4395-afc5-71ffb8b7a97c None None] logging_default_format_string = %(color)s%(levelname)s %(name)s [-%(color)s] %(instance)s%(color)s%(message)s {{(pid=112532) log_opt_values /opt/stack/data/venv/lib/python3.12/site-packages/oslo_config/cfg.py:3242}}
Jun 17 20:27:31.805361 np0000181554 devstack@n-api-meta.service[112532]: DEBUG nova.api.openstack.wsgi_app [None req-6e1bb33a-d0f5-4395-afc5-71ffb8b7a97c None None] logging_exception_prefix = ERROR %(name)s %(instance)s {{(pid=112532) log_opt_values /opt/stack/data/venv/lib/python3.12/site-packages/oslo_config/cfg.py:3242}}
Jun 17 20:27:31.805502 np0000181554 devstack@n-api-meta.service[112532]: DEBUG nova.api.openstack.wsgi_app [None req-6e1bb33a-d0f5-4395-afc5-71ffb8b7a97c None None] logging_user_identity_format = %(user)s %(project)s %(domain)s %(system_scope)s %(user_domain)s %(project_domain)s {{(pid=112532) log_opt_values /opt/stack/data/venv/lib/python3.12/site-packages/oslo_config/cfg.py:3242}}
Jun 17 20:27:31.805671 np0000181554 devstack@n-api-meta.service[112532]: DEBUG nova.api.openstack.wsgi_app [None req-6e1bb33a-d0f5-4395-afc5-71ffb8b7a97c None None] long_rpc_timeout = 1800 {{(pid=112532) log_opt_values /opt/stack/data/venv/lib/python3.12/site-packages/oslo_config/cfg.py:3242}}
Jun 17 20:27:31.805829 np0000181554 devstack@n-api-meta.service[112532]: DEBUG nova.api.openstack.wsgi_app [None req-6e1bb33a-d0f5-4395-afc5-71ffb8b7a97c None None] manager_shutdown_timeout = 160 {{(pid=112532) log_opt_values /opt/stack/data/venv/lib/python3.12/site-packages/oslo_config/cfg.py:3242}}
Jun 17 20:27:31.805965 np0000181554 devstack@n-api-meta.service[112532]: DEBUG nova.api.openstack.wsgi_app [None req-6e1bb33a-d0f5-4395-afc5-71ffb8b7a97c None None] max_concurrent_builds = 10 {{(pid=112532) log_opt_values /opt/stack/data/venv/lib/python3.12/site-packages/oslo_config/cfg.py:3242}}
Jun 17 20:27:31.806096 np0000181554 devstack@n-api-meta.service[112532]: DEBUG nova.api.openstack.wsgi_app [None req-6e1bb33a-d0f5-4395-afc5-71ffb8b7a97c None None] max_concurrent_live_migrations = 1 {{(pid=112532) log_opt_values /opt/stack/data/venv/lib/python3.12/site-packages/oslo_config/cfg.py:3242}}
Jun 17 20:27:31.806308 np0000181554 devstack@n-api-meta.service[112532]: DEBUG nova.api.openstack.wsgi_app [None req-6e1bb33a-d0f5-4395-afc5-71ffb8b7a97c None None] max_concurrent_snapshots = 5 {{(pid=112532) log_opt_values /opt/stack/data/venv/lib/python3.12/site-packages/oslo_config/cfg.py:3242}}
Jun 17 20:27:31.806449 np0000181554 devstack@n-api-meta.service[112532]: DEBUG nova.api.openstack.wsgi_app [None req-6e1bb33a-d0f5-4395-afc5-71ffb8b7a97c None None] max_local_block_devices = 3 {{(pid=112532) log_opt_values /opt/stack/data/venv/lib/python3.12/site-packages/oslo_config/cfg.py:3242}}
Jun 17 20:27:31.806577 np0000181554 devstack@n-api-meta.service[112532]: DEBUG nova.api.openstack.wsgi_app [None req-6e1bb33a-d0f5-4395-afc5-71ffb8b7a97c None None] max_logfile_count = 30 {{(pid=112532) log_opt_values /opt/stack/data/venv/lib/python3.12/site-packages/oslo_config/cfg.py:3242}}
Jun 17 20:27:31.806704 np0000181554 devstack@n-api-meta.service[112532]: DEBUG nova.api.openstack.wsgi_app [None req-6e1bb33a-d0f5-4395-afc5-71ffb8b7a97c None None] max_logfile_size_mb = 200 {{(pid=112532) log_opt_values /opt/stack/data/venv/lib/python3.12/site-packages/oslo_config/cfg.py:3242}}
Jun 17 20:27:31.806869 np0000181554 devstack@n-api-meta.service[112532]: DEBUG nova.api.openstack.wsgi_app [None req-6e1bb33a-d0f5-4395-afc5-71ffb8b7a97c None None] maximum_instance_delete_attempts = 5 {{(pid=112532) log_opt_values /opt/stack/data/venv/lib/python3.12/site-packages/oslo_config/cfg.py:3242}}
Jun 17 20:27:31.807006 np0000181554 devstack@n-api-meta.service[112532]: DEBUG nova.api.openstack.wsgi_app [None req-6e1bb33a-d0f5-4395-afc5-71ffb8b7a97c None None] migrate_max_retries = -1 {{(pid=112532) log_opt_values /opt/stack/data/venv/lib/python3.12/site-packages/oslo_config/cfg.py:3242}}
Jun 17 20:27:31.807054 np0000181554 devstack@n-api-meta.service[112531]: DEBUG nova.context [None req-09d629c7-0eff-4b51-a95d-40f90d4c24ad None None] Found 2 cells: 00000000-0000-0000-0000-000000000000(cell0),2c5d198a-da66-43f5-8700-5462b91465ee(cell1) {{(pid=112531) load_cells /opt/stack/nova/nova/context.py:509}}
Jun 17 20:27:31.807147 np0000181554 devstack@n-api-meta.service[112532]: DEBUG nova.api.openstack.wsgi_app [None req-6e1bb33a-d0f5-4395-afc5-71ffb8b7a97c None None] mkisofs_cmd = genisoimage {{(pid=112532) log_opt_values /opt/stack/data/venv/lib/python3.12/site-packages/oslo_config/cfg.py:3242}}
Jun 17 20:27:31.807494 np0000181554 devstack@n-api-meta.service[112532]: DEBUG nova.api.openstack.wsgi_app [None req-6e1bb33a-d0f5-4395-afc5-71ffb8b7a97c None None] my_block_storage_ip = 199.19.213.228 {{(pid=112532) log_opt_values /opt/stack/data/venv/lib/python3.12/site-packages/oslo_config/cfg.py:3242}}
Jun 17 20:27:31.807609 np0000181554 devstack@n-api-meta.service[112532]: DEBUG nova.api.openstack.wsgi_app [None req-6e1bb33a-d0f5-4395-afc5-71ffb8b7a97c None None] my_ip = 199.19.213.228 {{(pid=112532) log_opt_values /opt/stack/data/venv/lib/python3.12/site-packages/oslo_config/cfg.py:3242}}
Jun 17 20:27:31.807675 np0000181554 devstack@n-api-meta.service[112531]: INFO nova.utils [None req-09d629c7-0eff-4b51-a95d-40f90d4c24ad None None] The cell worker thread pool MainProcess.cell_worker is initialized
Jun 17 20:27:31.807815 np0000181554 devstack@n-api-meta.service[112532]: DEBUG nova.api.openstack.wsgi_app [None req-6e1bb33a-d0f5-4395-afc5-71ffb8b7a97c None None] my_shared_fs_storage_ip = 199.19.213.228 {{(pid=112532) log_opt_values /opt/stack/data/venv/lib/python3.12/site-packages/oslo_config/cfg.py:3242}}
Jun 17 20:27:31.807949 np0000181554 devstack@n-api-meta.service[112532]: DEBUG nova.api.openstack.wsgi_app [None req-6e1bb33a-d0f5-4395-afc5-71ffb8b7a97c None None] network_allocate_retries = 0 {{(pid=112532) log_opt_values /opt/stack/data/venv/lib/python3.12/site-packages/oslo_config/cfg.py:3242}}
Jun 17 20:27:31.808096 np0000181554 devstack@n-api-meta.service[112532]: DEBUG nova.api.openstack.wsgi_app [None req-6e1bb33a-d0f5-4395-afc5-71ffb8b7a97c None None] non_inheritable_image_properties = ['cache_in_nova', 'bittorrent'] {{(pid=112532) log_opt_values /opt/stack/data/venv/lib/python3.12/site-packages/oslo_config/cfg.py:3242}}
Jun 17 20:27:31.808255 np0000181554 devstack@n-api-meta.service[112532]: DEBUG nova.api.openstack.wsgi_app [None req-6e1bb33a-d0f5-4395-afc5-71ffb8b7a97c None None] osapi_compute_unique_server_name_scope = {{(pid=112532) log_opt_values /opt/stack/data/venv/lib/python3.12/site-packages/oslo_config/cfg.py:3242}}
Jun 17 20:27:31.808413 np0000181554 devstack@n-api-meta.service[112532]: DEBUG nova.api.openstack.wsgi_app [None req-6e1bb33a-d0f5-4395-afc5-71ffb8b7a97c None None] password_length = 12 {{(pid=112532) log_opt_values /opt/stack/data/venv/lib/python3.12/site-packages/oslo_config/cfg.py:3242}}
Jun 17 20:27:31.808548 np0000181554 devstack@n-api-meta.service[112532]: DEBUG nova.api.openstack.wsgi_app [None req-6e1bb33a-d0f5-4395-afc5-71ffb8b7a97c None None] periodic_enable = True {{(pid=112532) log_opt_values /opt/stack/data/venv/lib/python3.12/site-packages/oslo_config/cfg.py:3242}}
Jun 17 20:27:31.808678 np0000181554 devstack@n-api-meta.service[112532]: DEBUG nova.api.openstack.wsgi_app [None req-6e1bb33a-d0f5-4395-afc5-71ffb8b7a97c None None] periodic_fuzzy_delay = 60 {{(pid=112532) log_opt_values /opt/stack/data/venv/lib/python3.12/site-packages/oslo_config/cfg.py:3242}}
