Jun 26 22:03:11.040101 np0000183220 nova-scheduler[108556]: DEBUG cotyledon.oslo_config_glue [-] workarounds.disable_group_policy_check_upcall = False {{(pid=108556) log_opt_values /opt/stack/data/venv/lib/python3.12/site-packages/oslo_config/cfg.py:3253}}
Jun 26 22:03:11.040101 np0000183220 nova-scheduler[108556]: DEBUG cotyledon.oslo_config_glue [-] workarounds.disable_libvirt_livesnapshot = False {{(pid=108556) log_opt_values /opt/stack/data/venv/lib/python3.12/site-packages/oslo_config/cfg.py:3253}}
Jun 26 22:03:11.040101 np0000183220 nova-scheduler[108556]: DEBUG cotyledon.oslo_config_glue [-] workarounds.disable_rootwrap = False {{(pid=108556) log_opt_values /opt/stack/data/venv/lib/python3.12/site-packages/oslo_config/cfg.py:3253}}
Jun 26 22:03:11.040101 np0000183220 nova-scheduler[108556]: DEBUG cotyledon.oslo_config_glue [-] workarounds.enable_numa_live_migration = False {{(pid=108556) log_opt_values /opt/stack/data/venv/lib/python3.12/site-packages/oslo_config/cfg.py:3253}}
Jun 26 22:03:11.040316 np0000183220 nova-scheduler[108556]: DEBUG cotyledon.oslo_config_glue [-] workarounds.enable_qemu_monitor_announce_self = False {{(pid=108556) log_opt_values /opt/stack/data/venv/lib/python3.12/site-packages/oslo_config/cfg.py:3253}}
Jun 26 22:03:11.040316 np0000183220 nova-scheduler[108556]: DEBUG cotyledon.oslo_config_glue [-] workarounds.ensure_libvirt_rbd_instance_dir_cleanup = False {{(pid=108556) log_opt_values /opt/stack/data/venv/lib/python3.12/site-packages/oslo_config/cfg.py:3253}}
Jun 26 22:03:11.040316 np0000183220 nova-scheduler[108556]: DEBUG cotyledon.oslo_config_glue [-] workarounds.handle_virt_lifecycle_events = True {{(pid=108556) log_opt_values /opt/stack/data/venv/lib/python3.12/site-packages/oslo_config/cfg.py:3253}}
Jun 26 22:03:11.040316 np0000183220 nova-scheduler[108556]: DEBUG cotyledon.oslo_config_glue [-] workarounds.libvirt_disable_apic = False {{(pid=108556) log_opt_values /opt/stack/data/venv/lib/python3.12/site-packages/oslo_config/cfg.py:3253}}
Jun 26 22:03:11.040316 np0000183220 nova-scheduler[108556]: DEBUG cotyledon.oslo_config_glue [-] workarounds.never_download_image_if_on_rbd = False {{(pid=108556) log_opt_values /opt/stack/data/venv/lib/python3.12/site-packages/oslo_config/cfg.py:3253}}
Jun 26 22:03:11.040316 np0000183220 nova-scheduler[108556]: DEBUG cotyledon.oslo_config_glue [-] workarounds.qemu_monitor_announce_self_count = 3 {{(pid=108556) log_opt_values /opt/stack/data/venv/lib/python3.12/site-packages/oslo_config/cfg.py:3253}}
Jun 26 22:03:11.040316 np0000183220 nova-scheduler[108556]: DEBUG cotyledon.oslo_config_glue [-] workarounds.qemu_monitor_announce_self_interval = 1 {{(pid=108556) log_opt_values /opt/stack/data/venv/lib/python3.12/site-packages/oslo_config/cfg.py:3253}}
Jun 26 22:03:11.040316 np0000183220 nova-scheduler[108556]: DEBUG cotyledon.oslo_config_glue [-] workarounds.reserve_disk_resource_for_image_cache = False {{(pid=108556) log_opt_values /opt/stack/data/venv/lib/python3.12/site-packages/oslo_config/cfg.py:3253}}
Jun 26 22:03:11.040316 np0000183220 nova-scheduler[108556]: DEBUG cotyledon.oslo_config_glue [-] workarounds.skip_cpu_compare_at_startup = False {{(pid=108556) log_opt_values /opt/stack/data/venv/lib/python3.12/site-packages/oslo_config/cfg.py:3253}}
Jun 26 22:03:11.040566 np0000183220 nova-scheduler[108556]: DEBUG cotyledon.oslo_config_glue [-] workarounds.skip_cpu_compare_on_dest = False {{(pid=108556) log_opt_values /opt/stack/data/venv/lib/python3.12/site-packages/oslo_config/cfg.py:3253}}
Jun 26 22:03:11.040566 np0000183220 nova-scheduler[108556]: DEBUG cotyledon.oslo_config_glue [-] workarounds.skip_hypervisor_version_check_on_lm = False {{(pid=108556) log_opt_values /opt/stack/data/venv/lib/python3.12/site-packages/oslo_config/cfg.py:3253}}
Jun 26 22:03:11.040566 np0000183220 nova-scheduler[108556]: DEBUG cotyledon.oslo_config_glue [-] workarounds.skip_reserve_in_use_ironic_nodes = False {{(pid=108556) log_opt_values /opt/stack/data/venv/lib/python3.12/site-packages/oslo_config/cfg.py:3253}}
Jun 26 22:03:11.040566 np0000183220 nova-scheduler[108556]: DEBUG cotyledon.oslo_config_glue [-] workarounds.unified_limits_count_pcpu_as_vcpu = False {{(pid=108556) log_opt_values /opt/stack/data/venv/lib/python3.12/site-packages/oslo_config/cfg.py:3253}}
Jun 26 22:03:11.040566 np0000183220 nova-scheduler[108556]: DEBUG cotyledon.oslo_config_glue [-] workarounds.wait_for_vif_plugged_event_during_hard_reboot = [] {{(pid=108556) log_opt_values /opt/stack/data/venv/lib/python3.12/site-packages/oslo_config/cfg.py:3253}}
Jun 26 22:03:11.040566 np0000183220 nova-scheduler[108556]: DEBUG cotyledon.oslo_config_glue [-] wsgi.api_paste_config = /etc/nova/api-paste.ini {{(pid=108556) log_opt_values /opt/stack/data/venv/lib/python3.12/site-packages/oslo_config/cfg.py:3253}}
Jun 26 22:03:11.040566 np0000183220 nova-scheduler[108556]: DEBUG cotyledon.oslo_config_glue [-] wsgi.secure_proxy_ssl_header = None {{(pid=108556) log_opt_values /opt/stack/data/venv/lib/python3.12/site-packages/oslo_config/cfg.py:3253}}
Jun 26 22:03:11.040566 np0000183220 nova-scheduler[108556]: DEBUG cotyledon.oslo_config_glue [-] zvm.ca_file = None {{(pid=108556) log_opt_values /opt/stack/data/venv/lib/python3.12/site-packages/oslo_config/cfg.py:3253}}
Jun 26 22:03:11.040566 np0000183220 nova-scheduler[108556]: DEBUG cotyledon.oslo_config_glue [-] zvm.cloud_connector_url = None {{(pid=108556) log_opt_values /opt/stack/data/venv/lib/python3.12/site-packages/oslo_config/cfg.py:3253}}
Jun 26 22:03:11.040791 np0000183220 nova-scheduler[108530]: DEBUG oslo_db.sqlalchemy.engines [None req-890effaf-4cad-49bd-8e3b-27cbe5648f81 None None] MySQL server mode set to STRICT_TRANS_TABLES,STRICT_ALL_TABLES,NO_ZERO_IN_DATE,NO_ZERO_DATE,ERROR_FOR_DIVISION_BY_ZERO,TRADITIONAL,NO_ENGINE_SUBSTITUTION {{(pid=108530) _check_effective_sql_mode /opt/stack/data/venv/lib/python3.12/site-packages/oslo_db/sqlalchemy/engines.py:325}}
Jun 26 22:03:11.040826 np0000183220 nova-scheduler[108556]: DEBUG cotyledon.oslo_config_glue [-] zvm.image_tmp_path = /opt/stack/data/nova/images {{(pid=108556) log_opt_values /opt/stack/data/venv/lib/python3.12/site-packages/oslo_config/cfg.py:3253}}
Jun 26 22:03:11.040826 np0000183220 nova-scheduler[108556]: DEBUG cotyledon.oslo_config_glue [-] zvm.reachable_timeout = 300 {{(pid=108556) log_opt_values /opt/stack/data/venv/lib/python3.12/site-packages/oslo_config/cfg.py:3253}}
Jun 26 22:03:11.040826 np0000183220 nova-scheduler[108556]: DEBUG cotyledon.oslo_config_glue [-] oslo_versionedobjects.fatal_exception_format_errors = False {{(pid=108556) log_opt_values /opt/stack/data/venv/lib/python3.12/site-packages/oslo_config/cfg.py:3253}}
Jun 26 22:03:11.040826 np0000183220 nova-scheduler[108556]: DEBUG cotyledon.oslo_config_glue [-] oslo_middleware.http_basic_auth_user_file = /etc/htpasswd {{(pid=108556) log_opt_values /opt/stack/data/venv/lib/python3.12/site-packages/oslo_config/cfg.py:3253}}
Jun 26 22:03:11.040826 np0000183220 nova-scheduler[108556]: DEBUG cotyledon.oslo_config_glue [-] oslo_messaging_metrics.metrics_buffer_size = 1000 {{(pid=108556) log_opt_values /opt/stack/data/venv/lib/python3.12/site-packages/oslo_config/cfg.py:3253}}
Jun 26 22:03:11.040826 np0000183220 nova-scheduler[108556]: DEBUG cotyledon.oslo_config_glue [-] oslo_messaging_metrics.metrics_enabled = False {{(pid=108556) log_opt_values /opt/stack/data/venv/lib/python3.12/site-packages/oslo_config/cfg.py:3253}}
Jun 26 22:03:11.040826 np0000183220 nova-scheduler[108556]: DEBUG cotyledon.oslo_config_glue [-] oslo_messaging_metrics.metrics_process_name = {{(pid=108556) log_opt_values /opt/stack/data/venv/lib/python3.12/site-packages/oslo_config/cfg.py:3253}}
Jun 26 22:03:11.040826 np0000183220 nova-scheduler[108556]: DEBUG cotyledon.oslo_config_glue [-] oslo_messaging_metrics.metrics_socket_file = /var/tmp/metrics_collector.sock {{(pid=108556) log_opt_values /opt/stack/data/venv/lib/python3.12/site-packages/oslo_config/cfg.py:3253}}
Jun 26 22:03:11.041036 np0000183220 nova-scheduler[108556]: DEBUG cotyledon.oslo_config_glue [-] oslo_messaging_metrics.metrics_thread_stop_timeout = 10 {{(pid=108556) log_opt_values /opt/stack/data/venv/lib/python3.12/site-packages/oslo_config/cfg.py:3253}}
Jun 26 22:03:11.041036 np0000183220 nova-scheduler[108556]: DEBUG cotyledon.oslo_config_glue [-] profiler.connection_string = messaging:// {{(pid=108556) log_opt_values /opt/stack/data/venv/lib/python3.12/site-packages/oslo_config/cfg.py:3253}}
Jun 26 22:03:11.041036 np0000183220 nova-scheduler[108556]: DEBUG cotyledon.oslo_config_glue [-] profiler.enabled = False {{(pid=108556) log_opt_values /opt/stack/data/venv/lib/python3.12/site-packages/oslo_config/cfg.py:3253}}
Jun 26 22:03:11.041036 np0000183220 nova-scheduler[108556]: DEBUG cotyledon.oslo_config_glue [-] profiler.es_doc_type = notification {{(pid=108556) log_opt_values /opt/stack/data/venv/lib/python3.12/site-packages/oslo_config/cfg.py:3253}}
Jun 26 22:03:11.041036 np0000183220 nova-scheduler[108556]: DEBUG cotyledon.oslo_config_glue [-] profiler.es_scroll_size = 10000 {{(pid=108556) log_opt_values /opt/stack/data/venv/lib/python3.12/site-packages/oslo_config/cfg.py:3253}}
Jun 26 22:03:11.041036 np0000183220 nova-scheduler[108556]: DEBUG cotyledon.oslo_config_glue [-] profiler.es_scroll_time = 2m {{(pid=108556) log_opt_values /opt/stack/data/venv/lib/python3.12/site-packages/oslo_config/cfg.py:3253}}
Jun 26 22:03:11.041036 np0000183220 nova-scheduler[108556]: DEBUG cotyledon.oslo_config_glue [-] profiler.filter_error_trace = False {{(pid=108556) log_opt_values /opt/stack/data/venv/lib/python3.12/site-packages/oslo_config/cfg.py:3253}}
Jun 26 22:03:11.041036 np0000183220 nova-scheduler[108556]: DEBUG cotyledon.oslo_config_glue [-] profiler.hmac_keys = **** {{(pid=108556) log_opt_values /opt/stack/data/venv/lib/python3.12/site-packages/oslo_config/cfg.py:3253}}
Jun 26 22:03:11.041036 np0000183220 nova-scheduler[108556]: DEBUG cotyledon.oslo_config_glue [-] profiler.sentinel_service_name = mymaster {{(pid=108556) log_opt_values /opt/stack/data/venv/lib/python3.12/site-packages/oslo_config/cfg.py:3253}}
Jun 26 22:03:11.041254 np0000183220 nova-scheduler[108556]: DEBUG cotyledon.oslo_config_glue [-] profiler.socket_timeout = 0.1 {{(pid=108556) log_opt_values /opt/stack/data/venv/lib/python3.12/site-packages/oslo_config/cfg.py:3253}}
Jun 26 22:03:11.041254 np0000183220 nova-scheduler[108556]: DEBUG cotyledon.oslo_config_glue [-] profiler.trace_requests = False {{(pid=108556) log_opt_values /opt/stack/data/venv/lib/python3.12/site-packages/oslo_config/cfg.py:3253}}
Jun 26 22:03:11.041254 np0000183220 nova-scheduler[108556]: DEBUG cotyledon.oslo_config_glue [-] profiler.trace_sqlalchemy = False {{(pid=108556) log_opt_values /opt/stack/data/venv/lib/python3.12/site-packages/oslo_config/cfg.py:3253}}
Jun 26 22:03:11.041254 np0000183220 nova-scheduler[108556]: DEBUG cotyledon.oslo_config_glue [-] profiler_jaeger.process_tags = {} {{(pid=108556) log_opt_values /opt/stack/data/venv/lib/python3.12/site-packages/oslo_config/cfg.py:3253}}
Jun 26 22:03:11.041254 np0000183220 nova-scheduler[108556]: DEBUG cotyledon.oslo_config_glue [-] profiler_jaeger.service_name_prefix = None {{(pid=108556) log_opt_values /opt/stack/data/venv/lib/python3.12/site-packages/oslo_config/cfg.py:3253}}
Jun 26 22:03:11.041254 np0000183220 nova-scheduler[108556]: DEBUG cotyledon.oslo_config_glue [-] profiler_otlp.service_name_prefix = None {{(pid=108556) log_opt_values /opt/stack/data/venv/lib/python3.12/site-packages/oslo_config/cfg.py:3253}}
Jun 26 22:03:11.041254 np0000183220 nova-scheduler[108556]: DEBUG cotyledon.oslo_config_glue [-] oslo_messaging_rabbit.amqp_auto_delete = False {{(pid=108556) log_opt_values /opt/stack/data/venv/lib/python3.12/site-packages/oslo_config/cfg.py:3253}}
Jun 26 22:03:11.041254 np0000183220 nova-scheduler[108556]: DEBUG cotyledon.oslo_config_glue [-] oslo_messaging_rabbit.amqp_durable_queues = False {{(pid=108556) log_opt_values /opt/stack/data/venv/lib/python3.12/site-packages/oslo_config/cfg.py:3253}}
Jun 26 22:03:11.041254 np0000183220 nova-scheduler[108556]: DEBUG cotyledon.oslo_config_glue [-] oslo_messaging_rabbit.conn_pool_min_size = 2 {{(pid=108556) log_opt_values /opt/stack/data/venv/lib/python3.12/site-packages/oslo_config/cfg.py:3253}}
Jun 26 22:03:11.041455 np0000183220 nova-scheduler[108556]: DEBUG cotyledon.oslo_config_glue [-] oslo_messaging_rabbit.conn_pool_ttl = 1200 {{(pid=108556) log_opt_values /opt/stack/data/venv/lib/python3.12/site-packages/oslo_config/cfg.py:3253}}
Jun 26 22:03:11.041455 np0000183220 nova-scheduler[108556]: DEBUG cotyledon.oslo_config_glue [-] oslo_messaging_rabbit.direct_mandatory_flag = True {{(pid=108556) log_opt_values /opt/stack/data/venv/lib/python3.12/site-packages/oslo_config/cfg.py:3253}}
Jun 26 22:03:11.041455 np0000183220 nova-scheduler[108556]: DEBUG cotyledon.oslo_config_glue [-] oslo_messaging_rabbit.enable_cancel_on_failover = False {{(pid=108556) log_opt_values /opt/stack/data/venv/lib/python3.12/site-packages/oslo_config/cfg.py:3253}}
Jun 26 22:03:11.041455 np0000183220 nova-scheduler[108556]: DEBUG cotyledon.oslo_config_glue [-] oslo_messaging_rabbit.heartbeat_rate = 3 {{(pid=108556) log_opt_values /opt/stack/data/venv/lib/python3.12/site-packages/oslo_config/cfg.py:3253}}
Jun 26 22:03:11.041455 np0000183220 nova-scheduler[108556]: DEBUG cotyledon.oslo_config_glue [-] oslo_messaging_rabbit.heartbeat_timeout_threshold = 60 {{(pid=108556) log_opt_values /opt/stack/data/venv/lib/python3.12/site-packages/oslo_config/cfg.py:3253}}
Jun 26 22:03:11.041455 np0000183220 nova-scheduler[108556]: DEBUG cotyledon.oslo_config_glue [-] oslo_messaging_rabbit.hostname = np0000183220 {{(pid=108556) log_opt_values /opt/stack/data/venv/lib/python3.12/site-packages/oslo_config/cfg.py:3253}}
Jun 26 22:03:11.041455 np0000183220 nova-scheduler[108556]: DEBUG cotyledon.oslo_config_glue [-] oslo_messaging_rabbit.kombu_compression = None {{(pid=108556) log_opt_values /opt/stack/data/venv/lib/python3.12/site-packages/oslo_config/cfg.py:3253}}
Jun 26 22:03:11.041455 np0000183220 nova-scheduler[108556]: DEBUG cotyledon.oslo_config_glue [-] oslo_messaging_rabbit.kombu_failover_strategy = round-robin {{(pid=108556) log_opt_values /opt/stack/data/venv/lib/python3.12/site-packages/oslo_config/cfg.py:3253}}
Jun 26 22:03:11.041654 np0000183220 nova-scheduler[108556]: DEBUG cotyledon.oslo_config_glue [-] oslo_messaging_rabbit.kombu_missing_consumer_retry_timeout = 60 {{(pid=108556) log_opt_values /opt/stack/data/venv/lib/python3.12/site-packages/oslo_config/cfg.py:3253}}
Jun 26 22:03:11.041654 np0000183220 nova-scheduler[108556]: DEBUG cotyledon.oslo_config_glue [-] oslo_messaging_rabbit.kombu_reconnect_delay = 1.0 {{(pid=108556) log_opt_values /opt/stack/data/venv/lib/python3.12/site-packages/oslo_config/cfg.py:3253}}
Jun 26 22:03:11.041654 np0000183220 nova-scheduler[108556]: DEBUG cotyledon.oslo_config_glue [-] oslo_messaging_rabbit.kombu_reconnect_splay = 0.0 {{(pid=108556) log_opt_values /opt/stack/data/venv/lib/python3.12/site-packages/oslo_config/cfg.py:3253}}
Jun 26 22:03:11.041654 np0000183220 nova-scheduler[108556]: DEBUG cotyledon.oslo_config_glue [-] oslo_messaging_rabbit.processname = nova-scheduler {{(pid=108556) log_opt_values /opt/stack/data/venv/lib/python3.12/site-packages/oslo_config/cfg.py:3253}}
Jun 26 22:03:11.041654 np0000183220 nova-scheduler[108556]: DEBUG cotyledon.oslo_config_glue [-] oslo_messaging_rabbit.rabbit_ha_queues = False {{(pid=108556) log_opt_values /opt/stack/data/venv/lib/python3.12/site-packages/oslo_config/cfg.py:3253}}
Jun 26 22:03:11.041654 np0000183220 nova-scheduler[108556]: DEBUG cotyledon.oslo_config_glue [-] oslo_messaging_rabbit.rabbit_interval_max = 30 {{(pid=108556) log_opt_values /opt/stack/data/venv/lib/python3.12/site-packages/oslo_config/cfg.py:3253}}
Jun 26 22:03:11.041654 np0000183220 nova-scheduler[108556]: DEBUG cotyledon.oslo_config_glue [-] oslo_messaging_rabbit.rabbit_login_method = AMQPLAIN {{(pid=108556) log_opt_values /opt/stack/data/venv/lib/python3.12/site-packages/oslo_config/cfg.py:3253}}
Jun 26 22:03:11.041654 np0000183220 nova-scheduler[108556]: DEBUG cotyledon.oslo_config_glue [-] oslo_messaging_rabbit.rabbit_qos_prefetch_count = 0 {{(pid=108556) log_opt_values /opt/stack/data/venv/lib/python3.12/site-packages/oslo_config/cfg.py:3253}}
Jun 26 22:03:11.041835 np0000183220 nova-scheduler[108556]: DEBUG cotyledon.oslo_config_glue [-] oslo_messaging_rabbit.rabbit_quorum_delivery_limit = 0 {{(pid=108556) log_opt_values /opt/stack/data/venv/lib/python3.12/site-packages/oslo_config/cfg.py:3253}}
Jun 26 22:03:11.041835 np0000183220 nova-scheduler[108556]: DEBUG cotyledon.oslo_config_glue [-] oslo_messaging_rabbit.rabbit_quorum_max_memory_bytes = 0 {{(pid=108556) log_opt_values /opt/stack/data/venv/lib/python3.12/site-packages/oslo_config/cfg.py:3253}}
Jun 26 22:03:11.041835 np0000183220 nova-scheduler[108556]: DEBUG cotyledon.oslo_config_glue [-] oslo_messaging_rabbit.rabbit_quorum_max_memory_length = 0 {{(pid=108556) log_opt_values /opt/stack/data/venv/lib/python3.12/site-packages/oslo_config/cfg.py:3253}}
Jun 26 22:03:11.041835 np0000183220 nova-scheduler[108556]: DEBUG cotyledon.oslo_config_glue [-] oslo_messaging_rabbit.rabbit_quorum_queue = False {{(pid=108556) log_opt_values /opt/stack/data/venv/lib/python3.12/site-packages/oslo_config/cfg.py:3253}}
Jun 26 22:03:11.041835 np0000183220 nova-scheduler[108556]: DEBUG cotyledon.oslo_config_glue [-] oslo_messaging_rabbit.rabbit_retry_backoff = 2 {{(pid=108556) log_opt_values /opt/stack/data/venv/lib/python3.12/site-packages/oslo_config/cfg.py:3253}}
Jun 26 22:03:11.041835 np0000183220 nova-scheduler[108556]: DEBUG cotyledon.oslo_config_glue [-] oslo_messaging_rabbit.rabbit_retry_interval = 1 {{(pid=108556) log_opt_values /opt/stack/data/venv/lib/python3.12/site-packages/oslo_config/cfg.py:3253}}
Jun 26 22:03:11.041835 np0000183220 nova-scheduler[108556]: DEBUG cotyledon.oslo_config_glue [-] oslo_messaging_rabbit.rabbit_stream_fanout = False {{(pid=108556) log_opt_values /opt/stack/data/venv/lib/python3.12/site-packages/oslo_config/cfg.py:3253}}
Jun 26 22:03:11.041835 np0000183220 nova-scheduler[108556]: DEBUG cotyledon.oslo_config_glue [-] oslo_messaging_rabbit.rabbit_transient_queues_ttl = 1800 {{(pid=108556) log_opt_values /opt/stack/data/venv/lib/python3.12/site-packages/oslo_config/cfg.py:3253}}
Jun 26 22:03:11.042017 np0000183220 nova-scheduler[108556]: DEBUG cotyledon.oslo_config_glue [-] oslo_messaging_rabbit.rabbit_transient_quorum_queue = False {{(pid=108556) log_opt_values /opt/stack/data/venv/lib/python3.12/site-packages/oslo_config/cfg.py:3253}}
Jun 26 22:03:11.042017 np0000183220 nova-scheduler[108556]: DEBUG cotyledon.oslo_config_glue [-] oslo_messaging_rabbit.rpc_conn_pool_size = 30 {{(pid=108556) log_opt_values /opt/stack/data/venv/lib/python3.12/site-packages/oslo_config/cfg.py:3253}}
Jun 26 22:03:11.042017 np0000183220 nova-scheduler[108556]: DEBUG cotyledon.oslo_config_glue [-] oslo_messaging_rabbit.ssl = False {{(pid=108556) log_opt_values /opt/stack/data/venv/lib/python3.12/site-packages/oslo_config/cfg.py:3253}}
Jun 26 22:03:11.042017 np0000183220 nova-scheduler[108556]: DEBUG cotyledon.oslo_config_glue [-] oslo_messaging_rabbit.ssl_ca_file = {{(pid=108556) log_opt_values /opt/stack/data/venv/lib/python3.12/site-packages/oslo_config/cfg.py:3253}}
Jun 26 22:03:11.042017 np0000183220 nova-scheduler[108556]: DEBUG cotyledon.oslo_config_glue [-] oslo_messaging_rabbit.ssl_cert_file = {{(pid=108556) log_opt_values /opt/stack/data/venv/lib/python3.12/site-packages/oslo_config/cfg.py:3253}}
Jun 26 22:03:11.042017 np0000183220 nova-scheduler[108556]: DEBUG cotyledon.oslo_config_glue [-] oslo_messaging_rabbit.ssl_enforce_fips_mode = False {{(pid=108556) log_opt_values /opt/stack/data/venv/lib/python3.12/site-packages/oslo_config/cfg.py:3253}}
Jun 26 22:03:11.042017 np0000183220 nova-scheduler[108556]: DEBUG cotyledon.oslo_config_glue [-] oslo_messaging_rabbit.ssl_enforce_hostname_verification = True {{(pid=108556) log_opt_values /opt/stack/data/venv/lib/python3.12/site-packages/oslo_config/cfg.py:3253}}
Jun 26 22:03:11.042017 np0000183220 nova-scheduler[108556]: DEBUG cotyledon.oslo_config_glue [-] oslo_messaging_rabbit.ssl_key_file = {{(pid=108556) log_opt_values /opt/stack/data/venv/lib/python3.12/site-packages/oslo_config/cfg.py:3253}}
Jun 26 22:03:11.042017 np0000183220 nova-scheduler[108556]: DEBUG cotyledon.oslo_config_glue [-] oslo_messaging_rabbit.ssl_version = {{(pid=108556) log_opt_values /opt/stack/data/venv/lib/python3.12/site-packages/oslo_config/cfg.py:3253}}
Jun 26 22:03:11.042204 np0000183220 nova-scheduler[108556]: DEBUG cotyledon.oslo_config_glue [-] oslo_messaging_rabbit.use_queue_manager = False {{(pid=108556) log_opt_values /opt/stack/data/venv/lib/python3.12/site-packages/oslo_config/cfg.py:3253}}
Jun 26 22:03:11.042204 np0000183220 nova-scheduler[108556]: DEBUG cotyledon.oslo_config_glue [-] oslo_messaging_notifications.driver = ['messagingv2'] {{(pid=108556) log_opt_values /opt/stack/data/venv/lib/python3.12/site-packages/oslo_config/cfg.py:3253}}
Jun 26 22:03:11.042204 np0000183220 nova-scheduler[108556]: DEBUG cotyledon.oslo_config_glue [-] oslo_messaging_notifications.retry = -1 {{(pid=108556) log_opt_values /opt/stack/data/venv/lib/python3.12/site-packages/oslo_config/cfg.py:3253}}
Jun 26 22:03:11.042204 np0000183220 nova-scheduler[108556]: DEBUG cotyledon.oslo_config_glue [-] oslo_messaging_notifications.topics = ['notifications'] {{(pid=108556) log_opt_values /opt/stack/data/venv/lib/python3.12/site-packages/oslo_config/cfg.py:3253}}
Jun 26 22:03:11.042204 np0000183220 nova-scheduler[108556]: DEBUG cotyledon.oslo_config_glue [-] oslo_messaging_notifications.transport_url = **** {{(pid=108556) log_opt_values /opt/stack/data/venv/lib/python3.12/site-packages/oslo_config/cfg.py:3253}}
Jun 26 22:03:11.042204 np0000183220 nova-scheduler[108556]: DEBUG cotyledon.oslo_config_glue [-] oslo_limit.auth_section = None {{(pid=108556) log_opt_values /opt/stack/data/venv/lib/python3.12/site-packages/oslo_config/cfg.py:3253}}
Jun 26 22:03:11.042204 np0000183220 nova-scheduler[108556]: DEBUG cotyledon.oslo_config_glue [-] oslo_limit.auth_type = None {{(pid=108556) log_opt_values /opt/stack/data/venv/lib/python3.12/site-packages/oslo_config/cfg.py:3253}}
Jun 26 22:03:11.042204 np0000183220 nova-scheduler[108556]: DEBUG cotyledon.oslo_config_glue [-] oslo_limit.cafile = None {{(pid=108556) log_opt_values /opt/stack/data/venv/lib/python3.12/site-packages/oslo_config/cfg.py:3253}}
Jun 26 22:03:11.042204 np0000183220 nova-scheduler[108556]: DEBUG cotyledon.oslo_config_glue [-] oslo_limit.certfile = None {{(pid=108556) log_opt_values /opt/stack/data/venv/lib/python3.12/site-packages/oslo_config/cfg.py:3253}}
Jun 26 22:03:11.042392 np0000183220 nova-scheduler[108556]: DEBUG cotyledon.oslo_config_glue [-] oslo_limit.collect_timing = False {{(pid=108556) log_opt_values /opt/stack/data/venv/lib/python3.12/site-packages/oslo_config/cfg.py:3253}}
Jun 26 22:03:11.042392 np0000183220 nova-scheduler[108556]: DEBUG cotyledon.oslo_config_glue [-] oslo_limit.connect_retries = None {{(pid=108556) log_opt_values /opt/stack/data/venv/lib/python3.12/site-packages/oslo_config/cfg.py:3253}}
Jun 26 22:03:11.042392 np0000183220 nova-scheduler[108556]: DEBUG cotyledon.oslo_config_glue [-] oslo_limit.connect_retry_delay = None {{(pid=108556) log_opt_values /opt/stack/data/venv/lib/python3.12/site-packages/oslo_config/cfg.py:3253}}
Jun 26 22:03:11.042392 np0000183220 nova-scheduler[108556]: DEBUG cotyledon.oslo_config_glue [-] oslo_limit.endpoint_id = None {{(pid=108556) log_opt_values /opt/stack/data/venv/lib/python3.12/site-packages/oslo_config/cfg.py:3253}}
Jun 26 22:03:11.042392 np0000183220 nova-scheduler[108556]: DEBUG cotyledon.oslo_config_glue [-] oslo_limit.endpoint_interface = public {{(pid=108556) log_opt_values /opt/stack/data/venv/lib/python3.12/site-packages/oslo_config/cfg.py:3253}}
Jun 26 22:03:11.042392 np0000183220 nova-scheduler[108556]: DEBUG cotyledon.oslo_config_glue [-] oslo_limit.endpoint_override = None {{(pid=108556) log_opt_values /opt/stack/data/venv/lib/python3.12/site-packages/oslo_config/cfg.py:3253}}
Jun 26 22:03:11.042392 np0000183220 nova-scheduler[108556]: DEBUG cotyledon.oslo_config_glue [-] oslo_limit.endpoint_region_name = None {{(pid=108556) log_opt_values /opt/stack/data/venv/lib/python3.12/site-packages/oslo_config/cfg.py:3253}}
Jun 26 22:03:11.042392 np0000183220 nova-scheduler[108556]: DEBUG cotyledon.oslo_config_glue [-] oslo_limit.endpoint_service_name = None {{(pid=108556) log_opt_values /opt/stack/data/venv/lib/python3.12/site-packages/oslo_config/cfg.py:3253}}
Jun 26 22:03:11.042392 np0000183220 nova-scheduler[108556]: DEBUG cotyledon.oslo_config_glue [-] oslo_limit.endpoint_service_type = None {{(pid=108556) log_opt_values /opt/stack/data/venv/lib/python3.12/site-packages/oslo_config/cfg.py:3253}}
Jun 26 22:03:11.042575 np0000183220 nova-scheduler[108556]: DEBUG cotyledon.oslo_config_glue [-] oslo_limit.insecure = False {{(pid=108556) log_opt_values /opt/stack/data/venv/lib/python3.12/site-packages/oslo_config/cfg.py:3253}}
Jun 26 22:03:11.042575 np0000183220 nova-scheduler[108556]: DEBUG cotyledon.oslo_config_glue [-] oslo_limit.keyfile = None {{(pid=108556) log_opt_values /opt/stack/data/venv/lib/python3.12/site-packages/oslo_config/cfg.py:3253}}
Jun 26 22:03:11.042575 np0000183220 nova-scheduler[108556]: DEBUG cotyledon.oslo_config_glue [-] oslo_limit.max_version = None {{(pid=108556) log_opt_values /opt/stack/data/venv/lib/python3.12/site-packages/oslo_config/cfg.py:3253}}
Jun 26 22:03:11.042575 np0000183220 nova-scheduler[108556]: DEBUG cotyledon.oslo_config_glue [-] oslo_limit.min_version = None {{(pid=108556) log_opt_values /opt/stack/data/venv/lib/python3.12/site-packages/oslo_config/cfg.py:3253}}
Jun 26 22:03:11.042575 np0000183220 nova-scheduler[108556]: DEBUG cotyledon.oslo_config_glue [-] oslo_limit.region_name = None {{(pid=108556) log_opt_values /opt/stack/data/venv/lib/python3.12/site-packages/oslo_config/cfg.py:3253}}
Jun 26 22:03:11.042575 np0000183220 nova-scheduler[108556]: DEBUG cotyledon.oslo_config_glue [-] oslo_limit.retriable_status_codes = None {{(pid=108556) log_opt_values /opt/stack/data/venv/lib/python3.12/site-packages/oslo_config/cfg.py:3253}}
Jun 26 22:03:11.042575 np0000183220 nova-scheduler[108556]: DEBUG cotyledon.oslo_config_glue [-] oslo_limit.service_name = None {{(pid=108556) log_opt_values /opt/stack/data/venv/lib/python3.12/site-packages/oslo_config/cfg.py:3253}}
Jun 26 22:03:11.042575 np0000183220 nova-scheduler[108556]: DEBUG cotyledon.oslo_config_glue [-] oslo_limit.service_type = None {{(pid=108556) log_opt_values /opt/stack/data/venv/lib/python3.12/site-packages/oslo_config/cfg.py:3253}}
Jun 26 22:03:11.042575 np0000183220 nova-scheduler[108556]: DEBUG cotyledon.oslo_config_glue [-] oslo_limit.split_loggers = False {{(pid=108556) log_opt_values /opt/stack/data/venv/lib/python3.12/site-packages/oslo_config/cfg.py:3253}}
Jun 26 22:03:11.042767 np0000183220 nova-scheduler[108556]: DEBUG cotyledon.oslo_config_glue [-] oslo_limit.status_code_retries = None {{(pid=108556) log_opt_values /opt/stack/data/venv/lib/python3.12/site-packages/oslo_config/cfg.py:3253}}
Jun 26 22:03:11.042767 np0000183220 nova-scheduler[108556]: DEBUG cotyledon.oslo_config_glue [-] oslo_limit.status_code_retry_delay = None {{(pid=108556) log_opt_values /opt/stack/data/venv/lib/python3.12/site-packages/oslo_config/cfg.py:3253}}
Jun 26 22:03:11.042767 np0000183220 nova-scheduler[108556]: DEBUG cotyledon.oslo_config_glue [-] oslo_limit.timeout = None {{(pid=108556) log_opt_values /opt/stack/data/venv/lib/python3.12/site-packages/oslo_config/cfg.py:3253}}
Jun 26 22:03:11.042767 np0000183220 nova-scheduler[108556]: DEBUG cotyledon.oslo_config_glue [-] oslo_limit.valid_interfaces = None {{(pid=108556) log_opt_values /opt/stack/data/venv/lib/python3.12/site-packages/oslo_config/cfg.py:3253}}
Jun 26 22:03:11.042767 np0000183220 nova-scheduler[108556]: DEBUG cotyledon.oslo_config_glue [-] oslo_limit.version = None {{(pid=108556) log_opt_values /opt/stack/data/venv/lib/python3.12/site-packages/oslo_config/cfg.py:3253}}
Jun 26 22:03:11.042767 np0000183220 nova-scheduler[108556]: DEBUG cotyledon.oslo_config_glue [-] oslo_reports.file_event_handler = None {{(pid=108556) log_opt_values /opt/stack/data/venv/lib/python3.12/site-packages/oslo_config/cfg.py:3253}}
Jun 26 22:03:11.042767 np0000183220 nova-scheduler[108556]: DEBUG cotyledon.oslo_config_glue [-] oslo_reports.file_event_handler_interval = 1 {{(pid=108556) log_opt_values /opt/stack/data/venv/lib/python3.12/site-packages/oslo_config/cfg.py:3253}}
Jun 26 22:03:11.042767 np0000183220 nova-scheduler[108556]: DEBUG cotyledon.oslo_config_glue [-] oslo_reports.log_dir = None {{(pid=108556) log_opt_values /opt/stack/data/venv/lib/python3.12/site-packages/oslo_config/cfg.py:3253}}
Jun 26 22:03:11.042767 np0000183220 nova-scheduler[108556]: DEBUG cotyledon.oslo_config_glue [-] ******************************************************************************** {{(pid=108556) log_opt_values /opt/stack/data/venv/lib/python3.12/site-packages/oslo_config/cfg.py:3260}}
Jun 26 22:03:11.042976 np0000183220 nova-scheduler[108556]: DEBUG cotyledon._service_worker [-] Run service ServiceWrapper(3) [108556] {{(pid=108556) wait_forever /opt/stack/data/venv/lib/python3.12/site-packages/cotyledon/_service_worker.py:218}}
Jun 26 22:03:11.042976 np0000183220 nova-scheduler[108556]: INFO nova.service [-] Starting scheduler node (version 33.1.0)
Jun 26 22:03:11.043021 np0000183220 nova-scheduler[108530]: DEBUG dbcounter [-] [108530] Writer thread running {{(pid=108530) stat_writer /opt/stack/data/venv/lib/python3.12/site-packages/dbcounter.py:102}}
Jun 26 22:03:11.048324 np0000183220 nova-scheduler[108556]: INFO dbcounter [None req-f29d87d5-1d7a-4a61-9832-76ced185b6d2 None None] Registered counter for database nova_cell0
Jun 26 22:03:11.059757 np0000183220 nova-scheduler[108537]: DEBUG oslo_db.sqlalchemy.engines [None req-7bed6046-0601-4c5f-bdb9-c93f31c1979c None None] MySQL server mode set to STRICT_TRANS_TABLES,STRICT_ALL_TABLES,NO_ZERO_IN_DATE,NO_ZERO_DATE,ERROR_FOR_DIVISION_BY_ZERO,TRADITIONAL,NO_ENGINE_SUBSTITUTION {{(pid=108537) _check_effective_sql_mode /opt/stack/data/venv/lib/python3.12/site-packages/oslo_db/sqlalchemy/engines.py:325}}
Jun 26 22:03:11.061519 np0000183220 nova-scheduler[108530]: DEBUG nova.service [None req-890effaf-4cad-49bd-8e3b-27cbe5648f81 None None] Creating RPC server for service: nova-scheduler on topic: scheduler {{(pid=108530) start /opt/stack/nova/nova/service.py:196}}
Jun 26 22:03:11.063468 np0000183220 nova-scheduler[108549]: DEBUG oslo_db.sqlalchemy.engines [None req-5f9b2877-3faf-490c-af4a-f11aab9b7aab None None] MySQL server mode set to STRICT_TRANS_TABLES,STRICT_ALL_TABLES,NO_ZERO_IN_DATE,NO_ZERO_DATE,ERROR_FOR_DIVISION_BY_ZERO,TRADITIONAL,NO_ENGINE_SUBSTITUTION {{(pid=108549) _check_effective_sql_mode /opt/stack/data/venv/lib/python3.12/site-packages/oslo_db/sqlalchemy/engines.py:325}}
Jun 26 22:03:11.073184 np0000183220 nova-scheduler[108537]: DEBUG dbcounter [-] [108537] Writer thread running {{(pid=108537) stat_writer /opt/stack/data/venv/lib/python3.12/site-packages/dbcounter.py:102}}
Jun 26 22:03:11.077321 np0000183220 nova-scheduler[108537]: DEBUG nova.service [None req-7bed6046-0601-4c5f-bdb9-c93f31c1979c None None] Creating RPC server for service: nova-scheduler on topic: scheduler {{(pid=108537) start /opt/stack/nova/nova/service.py:196}}
Jun 26 22:03:11.078451 np0000183220 nova-scheduler[108549]: DEBUG dbcounter [-] [108549] Writer thread running {{(pid=108549) stat_writer /opt/stack/data/venv/lib/python3.12/site-packages/dbcounter.py:102}}
Jun 26 22:03:11.081895 np0000183220 nova-scheduler[108549]: DEBUG nova.service [None req-5f9b2877-3faf-490c-af4a-f11aab9b7aab None None] Creating RPC server for service: nova-scheduler on topic: scheduler {{(pid=108549) start /opt/stack/nova/nova/service.py:196}}
Jun 26 22:03:11.085383 np0000183220 nova-scheduler[108530]: DEBUG nova.service [None req-890effaf-4cad-49bd-8e3b-27cbe5648f81 None None] Join ServiceGroup membership for this service scheduler {{(pid=108530) start /opt/stack/nova/nova/service.py:222}}
Jun 26 22:03:11.085799 np0000183220 nova-scheduler[108530]: DEBUG nova.servicegroup.drivers.db [None req-890effaf-4cad-49bd-8e3b-27cbe5648f81 None None] DB_Driver: join new ServiceGroup member np0000183220 to the scheduler group, service = {{(pid=108530) join /opt/stack/nova/nova/servicegroup/drivers/db.py:44}}
Jun 26 22:03:11.094920 np0000183220 nova-scheduler[108556]: DEBUG oslo_db.sqlalchemy.engines [None req-f29d87d5-1d7a-4a61-9832-76ced185b6d2 None None] MySQL server mode set to STRICT_TRANS_TABLES,STRICT_ALL_TABLES,NO_ZERO_IN_DATE,NO_ZERO_DATE,ERROR_FOR_DIVISION_BY_ZERO,TRADITIONAL,NO_ENGINE_SUBSTITUTION {{(pid=108556) _check_effective_sql_mode /opt/stack/data/venv/lib/python3.12/site-packages/oslo_db/sqlalchemy/engines.py:325}}
Jun 26 22:03:11.098827 np0000183220 nova-scheduler[108537]: DEBUG nova.service [None req-7bed6046-0601-4c5f-bdb9-c93f31c1979c None None] Join ServiceGroup membership for this service scheduler {{(pid=108537) start /opt/stack/nova/nova/service.py:222}}
Jun 26 22:03:11.099171 np0000183220 nova-scheduler[108537]: DEBUG nova.servicegroup.drivers.db [None req-7bed6046-0601-4c5f-bdb9-c93f31c1979c None None] DB_Driver: join new ServiceGroup member np0000183220 to the scheduler group, service = {{(pid=108537) join /opt/stack/nova/nova/servicegroup/drivers/db.py:44}}
Jun 26 22:03:11.104601 np0000183220 nova-scheduler[108549]: DEBUG nova.service [None req-5f9b2877-3faf-490c-af4a-f11aab9b7aab None None] Join ServiceGroup membership for this service scheduler {{(pid=108549) start /opt/stack/nova/nova/service.py:222}}
Jun 26 22:03:11.105008 np0000183220 nova-scheduler[108549]: DEBUG nova.servicegroup.drivers.db [None req-5f9b2877-3faf-490c-af4a-f11aab9b7aab None None] DB_Driver: join new ServiceGroup member np0000183220 to the scheduler group, service = {{(pid=108549) join /opt/stack/nova/nova/servicegroup/drivers/db.py:44}}
Jun 26 22:03:11.105269 np0000183220 nova-scheduler[108556]: DEBUG dbcounter [-] [108556] Writer thread running {{(pid=108556) stat_writer /opt/stack/data/venv/lib/python3.12/site-packages/dbcounter.py:102}}
Jun 26 22:03:11.107266 np0000183220 nova-scheduler[108549]: DEBUG oslo.service.backend._threading.loopingcall [None req-dc8f2f00-f1cd-4987-8168-86c3a95df9e6 None None] Dynamic interval looping call 'nova.service.Service.periodic_tasks' sleeping for 60.00 seconds {{(pid=108549) _run_loop /opt/stack/data/venv/lib/python3.12/site-packages/oslo_service/backend/_threading/loopingcall.py:125}}
Jun 26 22:03:11.109037 np0000183220 nova-scheduler[108556]: DEBUG nova.service [None req-f29d87d5-1d7a-4a61-9832-76ced185b6d2 None None] Creating RPC server for service: nova-scheduler on topic: scheduler {{(pid=108556) start /opt/stack/nova/nova/service.py:196}}
Jun 26 22:03:11.127851 np0000183220 nova-scheduler[108556]: DEBUG nova.service [None req-f29d87d5-1d7a-4a61-9832-76ced185b6d2 None None] Join ServiceGroup membership for this service scheduler {{(pid=108556) start /opt/stack/nova/nova/service.py:222}}
Jun 26 22:03:11.128336 np0000183220 nova-scheduler[108556]: DEBUG nova.servicegroup.drivers.db [None req-f29d87d5-1d7a-4a61-9832-76ced185b6d2 None None] DB_Driver: join new ServiceGroup member np0000183220 to the scheduler group, service = {{(pid=108556) join /opt/stack/nova/nova/servicegroup/drivers/db.py:44}}
Jun 26 22:03:15.102099 np0000183220 nova-scheduler[108537]: DEBUG oslo.service.backend._threading.loopingcall [None req-b68c44e7-87e0-45f2-bfe7-1d17f0b88ce7 None None] Dynamic interval looping call 'nova.service.Service.periodic_tasks' sleeping for 60.00 seconds {{(pid=108537) _run_loop /opt/stack/data/venv/lib/python3.12/site-packages/oslo_service/backend/_threading/loopingcall.py:125}}
Jun 26 22:03:16.103378 np0000183220 nova-scheduler[108530]: DEBUG oslo.service.backend._threading.loopingcall [-] Fixed interval looping call 'nova.servicegroup.drivers.db.DbDriver._report_state' sleeping for 119.99 seconds {{(pid=108530) _run_loop /opt/stack/data/venv/lib/python3.12/site-packages/oslo_service/backend/_threading/loopingcall.py:125}}
Jun 26 22:03:16.117128 np0000183220 nova-scheduler[108537]: DEBUG oslo.service.backend._threading.loopingcall [-] Fixed interval looping call 'nova.servicegroup.drivers.db.DbDriver._report_state' sleeping for 119.98 seconds {{(pid=108537) _run_loop /opt/stack/data/venv/lib/python3.12/site-packages/oslo_service/backend/_threading/loopingcall.py:125}}
Jun 26 22:03:16.119020 np0000183220 nova-scheduler[108549]: DEBUG oslo.service.backend._threading.loopingcall [-] Fixed interval looping call 'nova.servicegroup.drivers.db.DbDriver._report_state' sleeping for 119.99 seconds {{(pid=108549) _run_loop /opt/stack/data/venv/lib/python3.12/site-packages/oslo_service/backend/_threading/loopingcall.py:125}}
Jun 26 22:03:16.145726 np0000183220 nova-scheduler[108556]: DEBUG oslo.service.backend._threading.loopingcall [-] Fixed interval looping call 'nova.servicegroup.drivers.db.DbDriver._report_state' sleeping for 119.99 seconds {{(pid=108556) _run_loop /opt/stack/data/venv/lib/python3.12/site-packages/oslo_service/backend/_threading/loopingcall.py:125}}
Jun 26 22:03:19.613005 np0000183220 nova-scheduler[107710]: DEBUG dbcounter [-] [107710] Writing DB stats nova_api:SELECT=3 {{(pid=107710) stat_writer /opt/stack/data/venv/lib/python3.12/site-packages/dbcounter.py:115}}
Jun 26 22:03:19.774477 np0000183220 nova-scheduler[107710]: DEBUG dbcounter [-] [107710] Writing DB stats nova_cell0:SELECT=1 {{(pid=107710) stat_writer /opt/stack/data/venv/lib/python3.12/site-packages/dbcounter.py:115}}
Jun 26 22:03:19.782091 np0000183220 nova-scheduler[107710]: DEBUG dbcounter [-] [107710] Writing DB stats nova_cell1:SELECT=1 {{(pid=107710) stat_writer /opt/stack/data/venv/lib/python3.12/site-packages/dbcounter.py:115}}
Jun 26 22:03:26.101305 np0000183220 nova-scheduler[108530]: DEBUG dbcounter [-] [108530] Writing DB stats nova_cell0:SELECT=4,nova_cell0:INSERT=1,nova_cell0:UPDATE=1 {{(pid=108530) stat_writer /opt/stack/data/venv/lib/python3.12/site-packages/dbcounter.py:115}}
Jun 26 22:03:26.111989 np0000183220 nova-scheduler[108537]: DEBUG dbcounter [-] [108537] Writing DB stats nova_cell0:SELECT=3 {{(pid=108537) stat_writer /opt/stack/data/venv/lib/python3.12/site-packages/dbcounter.py:115}}
Jun 26 22:03:26.115420 np0000183220 nova-scheduler[108549]: DEBUG dbcounter [-] [108549] Writing DB stats nova_cell0:SELECT=3 {{(pid=108549) stat_writer /opt/stack/data/venv/lib/python3.12/site-packages/dbcounter.py:115}}
Jun 26 22:03:26.150801 np0000183220 nova-scheduler[108556]: DEBUG dbcounter [-] [108556] Writing DB stats nova_cell0:SELECT=3 {{(pid=108556) stat_writer /opt/stack/data/venv/lib/python3.12/site-packages/dbcounter.py:115}}
Jun 26 22:03:37.131873 np0000183220 nova-scheduler[108556]: DEBUG oslo.service.backend._threading.loopingcall [None req-e6bafd70-de79-4989-938b-52a8fcd6bf85 None None] Dynamic interval looping call 'nova.service.Service.periodic_tasks' sleeping for 60.00 seconds {{(pid=108556) _run_loop /opt/stack/data/venv/lib/python3.12/site-packages/oslo_service/backend/_threading/loopingcall.py:125}}
Jun 26 22:03:51.090505 np0000183220 nova-scheduler[108530]: DEBUG oslo.service.backend._threading.loopingcall [None req-ad8746cf-fc0c-4a21-9541-c99bb1325061 None None] Dynamic interval looping call 'nova.service.Service.periodic_tasks' sleeping for 60.00 seconds {{(pid=108530) _run_loop /opt/stack/data/venv/lib/python3.12/site-packages/oslo_service/backend/_threading/loopingcall.py:125}}
Jun 26 22:04:11.109257 np0000183220 nova-scheduler[108549]: DEBUG oslo.service.backend._threading.loopingcall [None req-dc8f2f00-f1cd-4987-8168-86c3a95df9e6 None None] Dynamic interval looping call 'nova.service.Service.periodic_tasks' sleeping for 60.00 seconds {{(pid=108549) _run_loop /opt/stack/data/venv/lib/python3.12/site-packages/oslo_service/backend/_threading/loopingcall.py:125}}
Jun 26 22:04:15.102797 np0000183220 nova-scheduler[108537]: DEBUG oslo.service.backend._threading.loopingcall [None req-b68c44e7-87e0-45f2-bfe7-1d17f0b88ce7 None None] Dynamic interval looping call 'nova.service.Service.periodic_tasks' sleeping for 60.00 seconds {{(pid=108537) _run_loop /opt/stack/data/venv/lib/python3.12/site-packages/oslo_service/backend/_threading/loopingcall.py:125}}
Jun 26 22:04:37.132418 np0000183220 nova-scheduler[108556]: DEBUG oslo.service.backend._threading.loopingcall [None req-e6bafd70-de79-4989-938b-52a8fcd6bf85 None None] Dynamic interval looping call 'nova.service.Service.periodic_tasks' sleeping for 60.00 seconds {{(pid=108556) _run_loop /opt/stack/data/venv/lib/python3.12/site-packages/oslo_service/backend/_threading/loopingcall.py:125}}
Jun 26 22:04:51.091024 np0000183220 nova-scheduler[108530]: DEBUG oslo.service.backend._threading.loopingcall [None req-ad8746cf-fc0c-4a21-9541-c99bb1325061 None None] Dynamic interval looping call 'nova.service.Service.periodic_tasks' sleeping for 60.00 seconds {{(pid=108530) _run_loop /opt/stack/data/venv/lib/python3.12/site-packages/oslo_service/backend/_threading/loopingcall.py:125}}
Jun 26 22:05:11.110110 np0000183220 nova-scheduler[108549]: DEBUG oslo.service.backend._threading.loopingcall [None req-dc8f2f00-f1cd-4987-8168-86c3a95df9e6 None None] Dynamic interval looping call 'nova.service.Service.periodic_tasks' sleeping for 60.00 seconds {{(pid=108549) _run_loop /opt/stack/data/venv/lib/python3.12/site-packages/oslo_service/backend/_threading/loopingcall.py:125}}
Jun 26 22:05:15.103552 np0000183220 nova-scheduler[108537]: DEBUG oslo.service.backend._threading.loopingcall [None req-b68c44e7-87e0-45f2-bfe7-1d17f0b88ce7 None None] Dynamic interval looping call 'nova.service.Service.periodic_tasks' sleeping for 60.00 seconds {{(pid=108537) _run_loop /opt/stack/data/venv/lib/python3.12/site-packages/oslo_service/backend/_threading/loopingcall.py:125}}
Jun 26 22:05:16.103465 np0000183220 nova-scheduler[108530]: DEBUG oslo.service.backend._threading.loopingcall [-] Fixed interval looping call 'nova.servicegroup.drivers.db.DbDriver._report_state' sleeping for 119.99 seconds {{(pid=108530) _run_loop /opt/stack/data/venv/lib/python3.12/site-packages/oslo_service/backend/_threading/loopingcall.py:125}}
Jun 26 22:05:16.104352 np0000183220 nova-scheduler[108537]: DEBUG oslo.service.backend._threading.loopingcall [-] Fixed interval looping call 'nova.servicegroup.drivers.db.DbDriver._report_state' sleeping for 119.99 seconds {{(pid=108537) _run_loop /opt/stack/data/venv/lib/python3.12/site-packages/oslo_service/backend/_threading/loopingcall.py:125}}
Jun 26 22:05:16.113863 np0000183220 nova-scheduler[108549]: DEBUG oslo.service.backend._threading.loopingcall [-] Fixed interval looping call 'nova.servicegroup.drivers.db.DbDriver._report_state' sleeping for 120.00 seconds {{(pid=108549) _run_loop /opt/stack/data/venv/lib/python3.12/site-packages/oslo_service/backend/_threading/loopingcall.py:125}}
Jun 26 22:05:16.140293 np0000183220 nova-scheduler[108556]: DEBUG oslo.service.backend._threading.loopingcall [-] Fixed interval looping call 'nova.servicegroup.drivers.db.DbDriver._report_state' sleeping for 120.00 seconds {{(pid=108556) _run_loop /opt/stack/data/venv/lib/python3.12/site-packages/oslo_service/backend/_threading/loopingcall.py:125}}
Jun 26 22:05:26.098035 np0000183220 nova-scheduler[108530]: DEBUG dbcounter [-] [108530] Writing DB stats nova_cell0:SELECT=1,nova_cell0:UPDATE=1 {{(pid=108530) stat_writer /opt/stack/data/venv/lib/python3.12/site-packages/dbcounter.py:115}}
Jun 26 22:05:26.103128 np0000183220 nova-scheduler[108537]: DEBUG dbcounter [-] [108537] Writing DB stats nova_cell0:SELECT=1,nova_cell0:UPDATE=1 {{(pid=108537) stat_writer /opt/stack/data/venv/lib/python3.12/site-packages/dbcounter.py:115}}
Jun 26 22:05:26.111594 np0000183220 nova-scheduler[108549]: DEBUG dbcounter [-] [108549] Writing DB stats nova_cell0:SELECT=1 {{(pid=108549) stat_writer /opt/stack/data/venv/lib/python3.12/site-packages/dbcounter.py:115}}
Jun 26 22:05:26.138000 np0000183220 nova-scheduler[108556]: DEBUG dbcounter [-] [108556] Writing DB stats nova_cell0:SELECT=1 {{(pid=108556) stat_writer /opt/stack/data/venv/lib/python3.12/site-packages/dbcounter.py:115}}
Jun 26 22:05:37.133387 np0000183220 nova-scheduler[108556]: DEBUG oslo.service.backend._threading.loopingcall [None req-e6bafd70-de79-4989-938b-52a8fcd6bf85 None None] Dynamic interval looping call 'nova.service.Service.periodic_tasks' sleeping for 60.00 seconds {{(pid=108556) _run_loop /opt/stack/data/venv/lib/python3.12/site-packages/oslo_service/backend/_threading/loopingcall.py:125}}
Jun 26 22:05:51.091698 np0000183220 nova-scheduler[108530]: DEBUG oslo.service.backend._threading.loopingcall [None req-ad8746cf-fc0c-4a21-9541-c99bb1325061 None None] Dynamic interval looping call 'nova.service.Service.periodic_tasks' sleeping for 60.00 seconds {{(pid=108530) _run_loop /opt/stack/data/venv/lib/python3.12/site-packages/oslo_service/backend/_threading/loopingcall.py:125}}
Jun 26 22:06:11.110839 np0000183220 nova-scheduler[108549]: DEBUG oslo.service.backend._threading.loopingcall [None req-dc8f2f00-f1cd-4987-8168-86c3a95df9e6 None None] Dynamic interval looping call 'nova.service.Service.periodic_tasks' sleeping for 60.00 seconds {{(pid=108549) _run_loop /opt/stack/data/venv/lib/python3.12/site-packages/oslo_service/backend/_threading/loopingcall.py:125}}
Jun 26 22:06:15.104769 np0000183220 nova-scheduler[108537]: DEBUG oslo.service.backend._threading.loopingcall [None req-b68c44e7-87e0-45f2-bfe7-1d17f0b88ce7 None None] Dynamic interval looping call 'nova.service.Service.periodic_tasks' sleeping for 60.00 seconds {{(pid=108537) _run_loop /opt/stack/data/venv/lib/python3.12/site-packages/oslo_service/backend/_threading/loopingcall.py:125}}
Jun 26 22:06:37.134170 np0000183220 nova-scheduler[108556]: DEBUG oslo.service.backend._threading.loopingcall [None req-e6bafd70-de79-4989-938b-52a8fcd6bf85 None None] Dynamic interval looping call 'nova.service.Service.periodic_tasks' sleeping for 60.00 seconds {{(pid=108556) _run_loop /opt/stack/data/venv/lib/python3.12/site-packages/oslo_service/backend/_threading/loopingcall.py:125}}
Jun 26 22:06:51.092721 np0000183220 nova-scheduler[108530]: DEBUG oslo.service.backend._threading.loopingcall [None req-ad8746cf-fc0c-4a21-9541-c99bb1325061 None None] Dynamic interval looping call 'nova.service.Service.periodic_tasks' sleeping for 60.00 seconds {{(pid=108530) _run_loop /opt/stack/data/venv/lib/python3.12/site-packages/oslo_service/backend/_threading/loopingcall.py:125}}
Jun 26 22:07:11.111413 np0000183220 nova-scheduler[108549]: DEBUG oslo.service.backend._threading.loopingcall [None req-dc8f2f00-f1cd-4987-8168-86c3a95df9e6 None None] Dynamic interval looping call 'nova.service.Service.periodic_tasks' sleeping for 60.00 seconds {{(pid=108549) _run_loop /opt/stack/data/venv/lib/python3.12/site-packages/oslo_service/backend/_threading/loopingcall.py:125}}
Jun 26 22:07:15.105603 np0000183220 nova-scheduler[108537]: DEBUG oslo.service.backend._threading.loopingcall [None req-b68c44e7-87e0-45f2-bfe7-1d17f0b88ce7 None None] Dynamic interval looping call 'nova.service.Service.periodic_tasks' sleeping for 60.00 seconds {{(pid=108537) _run_loop /opt/stack/data/venv/lib/python3.12/site-packages/oslo_service/backend/_threading/loopingcall.py:125}}
Jun 26 22:07:16.102401 np0000183220 nova-scheduler[108530]: DEBUG oslo.service.backend._threading.loopingcall [-] Fixed interval looping call 'nova.servicegroup.drivers.db.DbDriver._report_state' sleeping for 119.99 seconds {{(pid=108530) _run_loop /opt/stack/data/venv/lib/python3.12/site-packages/oslo_service/backend/_threading/loopingcall.py:125}}
Jun 26 22:07:16.105835 np0000183220 nova-scheduler[108537]: DEBUG oslo.service.backend._threading.loopingcall [-] Fixed interval looping call 'nova.servicegroup.drivers.db.DbDriver._report_state' sleeping for 119.99 seconds {{(pid=108537) _run_loop /opt/stack/data/venv/lib/python3.12/site-packages/oslo_service/backend/_threading/loopingcall.py:125}}
Jun 26 22:07:16.123711 np0000183220 nova-scheduler[108549]: DEBUG oslo.service.backend._threading.loopingcall [-] Fixed interval looping call 'nova.servicegroup.drivers.db.DbDriver._report_state' sleeping for 119.99 seconds {{(pid=108549) _run_loop /opt/stack/data/venv/lib/python3.12/site-packages/oslo_service/backend/_threading/loopingcall.py:125}}
Jun 26 22:07:16.144823 np0000183220 nova-scheduler[108556]: DEBUG oslo.service.backend._threading.loopingcall [-] Fixed interval looping call 'nova.servicegroup.drivers.db.DbDriver._report_state' sleeping for 120.00 seconds {{(pid=108556) _run_loop /opt/stack/data/venv/lib/python3.12/site-packages/oslo_service/backend/_threading/loopingcall.py:125}}
Jun 26 22:07:22.690511 np0000183220 nova-scheduler[108530]: DEBUG nova.scheduler.manager [None req-69ad8672-5b46-4d40-a041-2e005e10bbb0 demo demo] Starting to schedule for instances: ['c97c4cee-f1db-444e-bc00-7acd3186f40c'] {{(pid=108530) select_destinations /opt/stack/nova/nova/scheduler/manager.py:210}}
Jun 26 22:07:22.692984 np0000183220 nova-scheduler[108530]: DEBUG oslo_db.sqlalchemy.engines [None req-69ad8672-5b46-4d40-a041-2e005e10bbb0 demo demo] Parent process 107710 forked (108530) with an open database connection, which is being discarded and recreated. {{(pid=108530) checkout /opt/stack/data/venv/lib/python3.12/site-packages/oslo_db/sqlalchemy/engines.py:402}}
Jun 26 22:07:22.740650 np0000183220 nova-scheduler[108530]: DEBUG dbcounter [-] [108530] Writer thread running {{(pid=108530) stat_writer /opt/stack/data/venv/lib/python3.12/site-packages/dbcounter.py:102}}
