Apr 06 17:21:19.262862 np0000163550 neutron-periodic-workers[103904]: DEBUG cotyledon.oslo_config_glue [-] ml2.type_drivers = ['local', 'flat', 'vlan', 'geneve'] {{(pid=103904) log_opt_values /opt/stack/data/venv/lib/python3.12/site-packages/oslo_config/cfg.py:3006}}
Apr 06 17:21:19.262933 np0000163550 neutron-periodic-workers[103904]: DEBUG cotyledon.oslo_config_glue [-] ml2_type_flat.flat_networks = ['public'] {{(pid=103904) log_opt_values /opt/stack/data/venv/lib/python3.12/site-packages/oslo_config/cfg.py:3006}}
Apr 06 17:21:19.262988 np0000163550 neutron-periodic-workers[103904]: DEBUG cotyledon.oslo_config_glue [-] ml2_type_geneve.max_header_size = 38 {{(pid=103904) log_opt_values /opt/stack/data/venv/lib/python3.12/site-packages/oslo_config/cfg.py:3006}}
Apr 06 17:21:19.263031 np0000163550 neutron-periodic-workers[103904]: DEBUG cotyledon.oslo_config_glue [-] ml2_type_geneve.vni_ranges = ['1:65536'] {{(pid=103904) log_opt_values /opt/stack/data/venv/lib/python3.12/site-packages/oslo_config/cfg.py:3006}}
Apr 06 17:21:19.263106 np0000163550 neutron-periodic-workers[103904]: DEBUG cotyledon.oslo_config_glue [-] ml2_type_vlan.network_vlan_ranges = ['public'] {{(pid=103904) log_opt_values /opt/stack/data/venv/lib/python3.12/site-packages/oslo_config/cfg.py:3006}}
Apr 06 17:21:19.263173 np0000163550 neutron-periodic-workers[103904]: DEBUG cotyledon.oslo_config_glue [-] network_log.burst_limit = 25 {{(pid=103904) log_opt_values /opt/stack/data/venv/lib/python3.12/site-packages/oslo_config/cfg.py:3006}}
Apr 06 17:21:19.263215 np0000163550 neutron-periodic-workers[103904]: DEBUG cotyledon.oslo_config_glue [-] network_log.local_output_log_base = None {{(pid=103904) log_opt_values /opt/stack/data/venv/lib/python3.12/site-packages/oslo_config/cfg.py:3006}}
Apr 06 17:21:19.263261 np0000163550 neutron-periodic-workers[103904]: DEBUG cotyledon.oslo_config_glue [-] network_log.rate_limit = 100 {{(pid=103904) log_opt_values /opt/stack/data/venv/lib/python3.12/site-packages/oslo_config/cfg.py:3006}}
Apr 06 17:21:19.263315 np0000163550 neutron-periodic-workers[103904]: DEBUG cotyledon.oslo_config_glue [-] database.asyncio_connection = **** {{(pid=103904) log_opt_values /opt/stack/data/venv/lib/python3.12/site-packages/oslo_config/cfg.py:3006}}
Apr 06 17:21:19.263356 np0000163550 neutron-periodic-workers[103904]: DEBUG cotyledon.oslo_config_glue [-] database.asyncio_slave_connection = **** {{(pid=103904) log_opt_values /opt/stack/data/venv/lib/python3.12/site-packages/oslo_config/cfg.py:3006}}
Apr 06 17:21:19.263391 np0000163550 neutron-periodic-workers[103904]: DEBUG cotyledon.oslo_config_glue [-] database.backend = sqlalchemy {{(pid=103904) log_opt_values /opt/stack/data/venv/lib/python3.12/site-packages/oslo_config/cfg.py:3006}}
Apr 06 17:21:19.263444 np0000163550 neutron-periodic-workers[103904]: DEBUG cotyledon.oslo_config_glue [-] database.connection = **** {{(pid=103904) log_opt_values /opt/stack/data/venv/lib/python3.12/site-packages/oslo_config/cfg.py:3006}}
Apr 06 17:21:19.263479 np0000163550 neutron-periodic-workers[103904]: DEBUG cotyledon.oslo_config_glue [-] database.connection_debug = 0 {{(pid=103904) log_opt_values /opt/stack/data/venv/lib/python3.12/site-packages/oslo_config/cfg.py:3006}}
Apr 06 17:21:19.263529 np0000163550 neutron-periodic-workers[103904]: DEBUG cotyledon.oslo_config_glue [-] database.connection_parameters = {{(pid=103904) log_opt_values /opt/stack/data/venv/lib/python3.12/site-packages/oslo_config/cfg.py:3006}}
Apr 06 17:21:19.263580 np0000163550 neutron-periodic-workers[103904]: DEBUG cotyledon.oslo_config_glue [-] database.connection_recycle_time = 3600 {{(pid=103904) log_opt_values /opt/stack/data/venv/lib/python3.12/site-packages/oslo_config/cfg.py:3006}}
Apr 06 17:21:19.263622 np0000163550 neutron-periodic-workers[103904]: DEBUG cotyledon.oslo_config_glue [-] database.connection_trace = False {{(pid=103904) log_opt_values /opt/stack/data/venv/lib/python3.12/site-packages/oslo_config/cfg.py:3006}}
Apr 06 17:21:19.263669 np0000163550 neutron-periodic-workers[103904]: DEBUG cotyledon.oslo_config_glue [-] database.db_inc_retry_interval = True {{(pid=103904) log_opt_values /opt/stack/data/venv/lib/python3.12/site-packages/oslo_config/cfg.py:3006}}
Apr 06 17:21:19.263735 np0000163550 neutron-periodic-workers[103904]: DEBUG cotyledon.oslo_config_glue [-] database.db_max_retries = 20 {{(pid=103904) log_opt_values /opt/stack/data/venv/lib/python3.12/site-packages/oslo_config/cfg.py:3006}}
Apr 06 17:21:19.263763 np0000163550 neutron-periodic-workers[103904]: DEBUG cotyledon.oslo_config_glue [-] database.db_max_retry_interval = 10 {{(pid=103904) log_opt_values /opt/stack/data/venv/lib/python3.12/site-packages/oslo_config/cfg.py:3006}}
Apr 06 17:21:19.263791 np0000163550 neutron-periodic-workers[103904]: DEBUG cotyledon.oslo_config_glue [-] database.db_retry_interval = 1 {{(pid=103904) log_opt_values /opt/stack/data/venv/lib/python3.12/site-packages/oslo_config/cfg.py:3006}}
Apr 06 17:21:19.263826 np0000163550 neutron-periodic-workers[103904]: DEBUG cotyledon.oslo_config_glue [-] database.max_overflow = 50 {{(pid=103904) log_opt_values /opt/stack/data/venv/lib/python3.12/site-packages/oslo_config/cfg.py:3006}}
Apr 06 17:21:19.263871 np0000163550 neutron-periodic-workers[103904]: DEBUG cotyledon.oslo_config_glue [-] database.max_pool_size = 5 {{(pid=103904) log_opt_values /opt/stack/data/venv/lib/python3.12/site-packages/oslo_config/cfg.py:3006}}
Apr 06 17:21:19.263928 np0000163550 neutron-periodic-workers[103904]: DEBUG cotyledon.oslo_config_glue [-] database.max_retries = 10 {{(pid=103904) log_opt_values /opt/stack/data/venv/lib/python3.12/site-packages/oslo_config/cfg.py:3006}}
Apr 06 17:21:19.263962 np0000163550 neutron-periodic-workers[103904]: DEBUG cotyledon.oslo_config_glue [-] database.mysql_sql_mode = TRADITIONAL {{(pid=103904) log_opt_values /opt/stack/data/venv/lib/python3.12/site-packages/oslo_config/cfg.py:3006}}
Apr 06 17:21:19.264067 np0000163550 neutron-periodic-workers[103904]: DEBUG cotyledon.oslo_config_glue [-] database.mysql_wsrep_sync_wait = None {{(pid=103904) log_opt_values /opt/stack/data/venv/lib/python3.12/site-packages/oslo_config/cfg.py:3006}}
Apr 06 17:21:19.264067 np0000163550 neutron-periodic-workers[103904]: DEBUG cotyledon.oslo_config_glue [-] database.pool_timeout = None {{(pid=103904) log_opt_values /opt/stack/data/venv/lib/python3.12/site-packages/oslo_config/cfg.py:3006}}
Apr 06 17:21:19.264123 np0000163550 neutron-periodic-workers[103904]: DEBUG cotyledon.oslo_config_glue [-] database.retry_interval = 10 {{(pid=103904) log_opt_values /opt/stack/data/venv/lib/python3.12/site-packages/oslo_config/cfg.py:3006}}
Apr 06 17:21:19.264123 np0000163550 neutron-periodic-workers[103904]: DEBUG cotyledon.oslo_config_glue [-] database.slave_connection = **** {{(pid=103904) log_opt_values /opt/stack/data/venv/lib/python3.12/site-packages/oslo_config/cfg.py:3006}}
Apr 06 17:21:19.264173 np0000163550 neutron-periodic-workers[103904]: DEBUG cotyledon.oslo_config_glue [-] database.sqlite_synchronous = True {{(pid=103904) log_opt_values /opt/stack/data/venv/lib/python3.12/site-packages/oslo_config/cfg.py:3006}}
Apr 06 17:21:19.264218 np0000163550 neutron-periodic-workers[103904]: DEBUG cotyledon.oslo_config_glue [-] database.synchronous_reader = True {{(pid=103904) log_opt_values /opt/stack/data/venv/lib/python3.12/site-packages/oslo_config/cfg.py:3006}}
Apr 06 17:21:19.264257 np0000163550 neutron-periodic-workers[103904]: DEBUG cotyledon.oslo_config_glue [-] database.use_db_reconnect = False {{(pid=103904) log_opt_values /opt/stack/data/venv/lib/python3.12/site-packages/oslo_config/cfg.py:3006}}
Apr 06 17:21:19.264325 np0000163550 neutron-periodic-workers[103904]: DEBUG cotyledon.oslo_config_glue [-] ovn.bfd_min_rx = 1000 {{(pid=103904) log_opt_values /opt/stack/data/venv/lib/python3.12/site-packages/oslo_config/cfg.py:3006}}
Apr 06 17:21:19.264401 np0000163550 neutron-periodic-workers[103904]: DEBUG cotyledon.oslo_config_glue [-] ovn.bfd_min_tx = 100 {{(pid=103904) log_opt_values /opt/stack/data/venv/lib/python3.12/site-packages/oslo_config/cfg.py:3006}}
Apr 06 17:21:19.264401 np0000163550 neutron-periodic-workers[103904]: DEBUG cotyledon.oslo_config_glue [-] ovn.bfd_mult = 3 {{(pid=103904) log_opt_values /opt/stack/data/venv/lib/python3.12/site-packages/oslo_config/cfg.py:3006}}
Apr 06 17:21:19.264462 np0000163550 neutron-periodic-workers[103904]: DEBUG cotyledon.oslo_config_glue [-] ovn.broadcast_arps_to_all_routers = True {{(pid=103904) log_opt_values /opt/stack/data/venv/lib/python3.12/site-packages/oslo_config/cfg.py:3006}}
Apr 06 17:21:19.264527 np0000163550 neutron-periodic-workers[103904]: DEBUG cotyledon.oslo_config_glue [-] ovn.dhcp_default_lease_time = 43200 {{(pid=103904) log_opt_values /opt/stack/data/venv/lib/python3.12/site-packages/oslo_config/cfg.py:3006}}
Apr 06 17:21:19.264527 np0000163550 neutron-periodic-workers[103904]: DEBUG cotyledon.oslo_config_glue [-] ovn.disable_ovn_dhcp_for_baremetal_ports = False {{(pid=103904) log_opt_values /opt/stack/data/venv/lib/python3.12/site-packages/oslo_config/cfg.py:3006}}
Apr 06 17:21:19.264616 np0000163550 neutron-periodic-workers[103904]: DEBUG cotyledon.oslo_config_glue [-] ovn.dns_records_ovn_owned = False {{(pid=103904) log_opt_values /opt/stack/data/venv/lib/python3.12/site-packages/oslo_config/cfg.py:3006}}
Apr 06 17:21:19.264616 np0000163550 neutron-periodic-workers[103904]: DEBUG cotyledon.oslo_config_glue [-] ovn.dns_servers = [] {{(pid=103904) log_opt_values /opt/stack/data/venv/lib/python3.12/site-packages/oslo_config/cfg.py:3006}}
Apr 06 17:21:19.264699 np0000163550 neutron-periodic-workers[103904]: DEBUG cotyledon.oslo_config_glue [-] ovn.enable_distributed_floating_ip = False {{(pid=103904) log_opt_values /opt/stack/data/venv/lib/python3.12/site-packages/oslo_config/cfg.py:3006}}
Apr 06 17:21:19.264699 np0000163550 neutron-periodic-workers[103904]: DEBUG cotyledon.oslo_config_glue [-] ovn.fdb_age_threshold = 300 {{(pid=103904) log_opt_values /opt/stack/data/venv/lib/python3.12/site-packages/oslo_config/cfg.py:3006}}
Apr 06 17:21:19.264780 np0000163550 neutron-periodic-workers[103904]: DEBUG cotyledon.oslo_config_glue [-] ovn.ha_failover_strategy = normal {{(pid=103904) log_opt_values /opt/stack/data/venv/lib/python3.12/site-packages/oslo_config/cfg.py:3006}}
Apr 06 17:21:19.264780 np0000163550 neutron-periodic-workers[103904]: DEBUG cotyledon.oslo_config_glue [-] ovn.live_migration_activation_strategy = rarp {{(pid=103904) log_opt_values /opt/stack/data/venv/lib/python3.12/site-packages/oslo_config/cfg.py:3006}}
Apr 06 17:21:19.264880 np0000163550 neutron-periodic-workers[103904]: DEBUG cotyledon.oslo_config_glue [-] ovn.localnet_learn_fdb = False {{(pid=103904) log_opt_values /opt/stack/data/venv/lib/python3.12/site-packages/oslo_config/cfg.py:3006}}
Apr 06 17:21:19.264880 np0000163550 neutron-periodic-workers[103904]: DEBUG cotyledon.oslo_config_glue [-] ovn.mac_binding_age_threshold = 300 {{(pid=103904) log_opt_values /opt/stack/data/venv/lib/python3.12/site-packages/oslo_config/cfg.py:3006}}
Apr 06 17:21:19.264880 np0000163550 neutron-periodic-workers[103904]: DEBUG cotyledon.oslo_config_glue [-] ovn.neutron_sync_mode = log {{(pid=103904) log_opt_values /opt/stack/data/venv/lib/python3.12/site-packages/oslo_config/cfg.py:3006}}
Apr 06 17:21:19.264990 np0000163550 neutron-periodic-workers[103904]: DEBUG cotyledon.oslo_config_glue [-] ovn.ovn_dhcp4_global_options = {} {{(pid=103904) log_opt_values /opt/stack/data/venv/lib/python3.12/site-packages/oslo_config/cfg.py:3006}}
Apr 06 17:21:19.264990 np0000163550 neutron-periodic-workers[103904]: DEBUG cotyledon.oslo_config_glue [-] ovn.ovn_dhcp6_global_options = {} {{(pid=103904) log_opt_values /opt/stack/data/venv/lib/python3.12/site-packages/oslo_config/cfg.py:3006}}
Apr 06 17:21:19.264990 np0000163550 neutron-periodic-workers[103904]: DEBUG cotyledon.oslo_config_glue [-] ovn.ovn_l3_scheduler = leastloaded {{(pid=103904) log_opt_values /opt/stack/data/venv/lib/python3.12/site-packages/oslo_config/cfg.py:3006}}
Apr 06 17:21:19.265074 np0000163550 neutron-periodic-workers[103904]: DEBUG cotyledon.oslo_config_glue [-] ovn.ovn_metadata_enabled = True {{(pid=103904) log_opt_values /opt/stack/data/venv/lib/python3.12/site-packages/oslo_config/cfg.py:3006}}
Apr 06 17:21:19.265074 np0000163550 neutron-periodic-workers[103904]: DEBUG cotyledon.oslo_config_glue [-] ovn.ovn_nb_ca_cert = /opt/stack/data/CA/int-ca/ca-chain.pem {{(pid=103904) log_opt_values /opt/stack/data/venv/lib/python3.12/site-packages/oslo_config/cfg.py:3006}}
Apr 06 17:21:19.265129 np0000163550 neutron-periodic-workers[103904]: DEBUG cotyledon.oslo_config_glue [-] ovn.ovn_nb_certificate = /opt/stack/data/CA/int-ca/devstack-cert.crt {{(pid=103904) log_opt_values /opt/stack/data/venv/lib/python3.12/site-packages/oslo_config/cfg.py:3006}}
Apr 06 17:21:19.265161 np0000163550 neutron-periodic-workers[103904]: DEBUG cotyledon.oslo_config_glue [-] ovn.ovn_nb_connection = ['ssl:199.204.45.53:6641'] {{(pid=103904) log_opt_values /opt/stack/data/venv/lib/python3.12/site-packages/oslo_config/cfg.py:3006}}
Apr 06 17:21:19.265208 np0000163550 neutron-periodic-workers[103904]: DEBUG cotyledon.oslo_config_glue [-] ovn.ovn_nb_private_key = /opt/stack/data/CA/int-ca/private/devstack-cert.key {{(pid=103904) log_opt_values /opt/stack/data/venv/lib/python3.12/site-packages/oslo_config/cfg.py:3006}}
Apr 06 17:21:19.265249 np0000163550 neutron-periodic-workers[103904]: DEBUG cotyledon.oslo_config_glue [-] ovn.ovn_router_indirect_snat = False {{(pid=103904) log_opt_values /opt/stack/data/venv/lib/python3.12/site-packages/oslo_config/cfg.py:3006}}
Apr 06 17:21:19.265290 np0000163550 neutron-periodic-workers[103904]: DEBUG cotyledon.oslo_config_glue [-] ovn.ovn_sb_ca_cert = /opt/stack/data/CA/int-ca/ca-chain.pem {{(pid=103904) log_opt_values /opt/stack/data/venv/lib/python3.12/site-packages/oslo_config/cfg.py:3006}}
Apr 06 17:21:19.265328 np0000163550 neutron-periodic-workers[103904]: DEBUG cotyledon.oslo_config_glue [-] ovn.ovn_sb_certificate = /opt/stack/data/CA/int-ca/devstack-cert.crt {{(pid=103904) log_opt_values /opt/stack/data/venv/lib/python3.12/site-packages/oslo_config/cfg.py:3006}}
Apr 06 17:21:19.265367 np0000163550 neutron-periodic-workers[103904]: DEBUG cotyledon.oslo_config_glue [-] ovn.ovn_sb_connection = ['ssl:199.204.45.53:6642'] {{(pid=103904) log_opt_values /opt/stack/data/venv/lib/python3.12/site-packages/oslo_config/cfg.py:3006}}
Apr 06 17:21:19.265407 np0000163550 neutron-periodic-workers[103904]: DEBUG cotyledon.oslo_config_glue [-] ovn.ovn_sb_private_key = /opt/stack/data/CA/int-ca/private/devstack-cert.key {{(pid=103904) log_opt_values /opt/stack/data/venv/lib/python3.12/site-packages/oslo_config/cfg.py:3006}}
Apr 06 17:21:19.265447 np0000163550 neutron-periodic-workers[103904]: DEBUG cotyledon.oslo_config_glue [-] ovn.ovs_create_tap = False {{(pid=103904) log_opt_values /opt/stack/data/venv/lib/python3.12/site-packages/oslo_config/cfg.py:3006}}
Apr 06 17:21:19.265482 np0000163550 neutron-periodic-workers[103904]: DEBUG cotyledon.oslo_config_glue [-] ovn.ovsdb_connection_timeout = 180 {{(pid=103904) log_opt_values /opt/stack/data/venv/lib/python3.12/site-packages/oslo_config/cfg.py:3006}}
Apr 06 17:21:19.265525 np0000163550 neutron-periodic-workers[103904]: DEBUG cotyledon.oslo_config_glue [-] ovn.ovsdb_log_level = INFO {{(pid=103904) log_opt_values /opt/stack/data/venv/lib/python3.12/site-packages/oslo_config/cfg.py:3006}}
Apr 06 17:21:19.265566 np0000163550 neutron-periodic-workers[103904]: DEBUG cotyledon.oslo_config_glue [-] ovn.ovsdb_probe_interval = 60000 {{(pid=103904) log_opt_values /opt/stack/data/venv/lib/python3.12/site-packages/oslo_config/cfg.py:3006}}
Apr 06 17:21:19.265607 np0000163550 neutron-periodic-workers[103904]: DEBUG cotyledon.oslo_config_glue [-] ovn.ovsdb_retry_max_interval = 180 {{(pid=103904) log_opt_values /opt/stack/data/venv/lib/python3.12/site-packages/oslo_config/cfg.py:3006}}
Apr 06 17:21:19.265647 np0000163550 neutron-periodic-workers[103904]: DEBUG cotyledon.oslo_config_glue [-] ovn.stateless_nat_enabled = False {{(pid=103904) log_opt_values /opt/stack/data/venv/lib/python3.12/site-packages/oslo_config/cfg.py:3006}}
Apr 06 17:21:19.265695 np0000163550 neutron-periodic-workers[103904]: DEBUG cotyledon.oslo_config_glue [-] ovn.vhost_sock_dir = /var/run/openvswitch {{(pid=103904) log_opt_values /opt/stack/data/venv/lib/python3.12/site-packages/oslo_config/cfg.py:3006}}
Apr 06 17:21:19.265747 np0000163550 neutron-periodic-workers[103904]: DEBUG cotyledon.oslo_config_glue [-] OVS.bridge_mac_table_size = 50000 {{(pid=103904) log_opt_values /opt/stack/data/venv/lib/python3.12/site-packages/oslo_config/cfg.py:3006}}
Apr 06 17:21:19.265789 np0000163550 neutron-periodic-workers[103904]: DEBUG cotyledon.oslo_config_glue [-] OVS.igmp_flood = False {{(pid=103904) log_opt_values /opt/stack/data/venv/lib/python3.12/site-packages/oslo_config/cfg.py:3006}}
Apr 06 17:21:19.265837 np0000163550 neutron-periodic-workers[103904]: DEBUG cotyledon.oslo_config_glue [-] OVS.igmp_flood_reports = True {{(pid=103904) log_opt_values /opt/stack/data/venv/lib/python3.12/site-packages/oslo_config/cfg.py:3006}}
Apr 06 17:21:19.265886 np0000163550 neutron-periodic-workers[103904]: DEBUG cotyledon.oslo_config_glue [-] OVS.igmp_flood_unregistered = False {{(pid=103904) log_opt_values /opt/stack/data/venv/lib/python3.12/site-packages/oslo_config/cfg.py:3006}}
Apr 06 17:21:19.265933 np0000163550 neutron-periodic-workers[103904]: DEBUG cotyledon.oslo_config_glue [-] OVS.igmp_snooping_enable = False {{(pid=103904) log_opt_values /opt/stack/data/venv/lib/python3.12/site-packages/oslo_config/cfg.py:3006}}
Apr 06 17:21:19.265974 np0000163550 neutron-periodic-workers[103904]: DEBUG cotyledon.oslo_config_glue [-] OVS.ovsdb_timeout = 10 {{(pid=103904) log_opt_values /opt/stack/data/venv/lib/python3.12/site-packages/oslo_config/cfg.py:3006}}
Apr 06 17:21:19.266028 np0000163550 neutron-periodic-workers[103904]: DEBUG cotyledon.oslo_config_glue [-] ovn_nb_global.fdb_removal_limit = 0 {{(pid=103904) log_opt_values /opt/stack/data/venv/lib/python3.12/site-packages/oslo_config/cfg.py:3006}}
Apr 06 17:21:19.266092 np0000163550 neutron-periodic-workers[103904]: DEBUG cotyledon.oslo_config_glue [-] ovn_nb_global.ignore_lsp_down = False {{(pid=103904) log_opt_values /opt/stack/data/venv/lib/python3.12/site-packages/oslo_config/cfg.py:3006}}
Apr 06 17:21:19.266129 np0000163550 neutron-periodic-workers[103904]: DEBUG cotyledon.oslo_config_glue [-] ovn_nb_global.mac_binding_removal_limit = 0 {{(pid=103904) log_opt_values /opt/stack/data/venv/lib/python3.12/site-packages/oslo_config/cfg.py:3006}}
Apr 06 17:21:19.266170 np0000163550 neutron-periodic-workers[103904]: DEBUG cotyledon.oslo_config_glue [-] ******************************************************************************** {{(pid=103904) log_opt_values /opt/stack/data/venv/lib/python3.12/site-packages/oslo_config/cfg.py:3013}}
Apr 06 17:21:19.266344 np0000163550 neutron-periodic-workers[103904]: DEBUG cotyledon._service_worker [-] Run service ServiceWrapper(0) [103904] {{(pid=103904) wait_forever /opt/stack/data/venv/lib/python3.12/site-packages/cotyledon/_service_worker.py:218}}
Apr 06 17:21:28.913298 np0000163550 neutron-periodic-workers[103098]: DEBUG dbcounter [-] [103098] Writing DB stats neutron:SELECT=4 {{(pid=103098) stat_writer /opt/stack/data/venv/lib/python3.12/site-packages/dbcounter.py:115}}
Apr 06 17:22:20.242265 np0000163550 neutron-periodic-workers[103879]: DEBUG oslo_db.sqlalchemy.engines [None req-184f7b8b-223d-46d2-bdb8-3ba19ffbdacb None None] Parent process 103098 forked (103879) with an open database connection, which is being discarded and recreated. {{(pid=103879) checkout /opt/stack/data/venv/lib/python3.12/site-packages/oslo_db/sqlalchemy/engines.py:402}}
Apr 06 17:22:20.250348 np0000163550 neutron-periodic-workers[103879]: DEBUG dbcounter [-] [103879] Writer thread running {{(pid=103879) stat_writer /opt/stack/data/venv/lib/python3.12/site-packages/dbcounter.py:102}}
Apr 06 17:22:20.259776 np0000163550 neutron-periodic-workers[103879]: DEBUG oslo.service.backend._threading.loopingcall [None req-184f7b8b-223d-46d2-bdb8-3ba19ffbdacb None None] Fixed interval looping call 'neutron.plugins.ml2.plugin.DhcpAgentSchedulerDbMixin.remove_networks_from_down_agents' sleeping for 36.97 seconds {{(pid=103879) _run_loop /opt/stack/data/venv/lib/python3.12/site-packages/oslo_service/backend/_threading/loopingcall.py:125}}
Apr 06 17:22:21.313538 np0000163550 neutron-periodic-workers[103904]: DEBUG dbcounter [-] [103904] Writer thread running {{(pid=103904) stat_writer /opt/stack/data/venv/lib/python3.12/site-packages/dbcounter.py:102}}
Apr 06 17:22:21.324537 np0000163550 neutron-periodic-workers[103904]: DEBUG oslo.service.backend._threading.loopingcall [None req-cf02ddfa-ddab-4050-aced-45a27c30bff8 None None] Fixed interval looping call 'neutron.services.ovn_l3.plugin.L3_NAT_dbonly_mixin._clean_garbage' sleeping for 299.96 seconds {{(pid=103904) _run_loop /opt/stack/data/venv/lib/python3.12/site-packages/oslo_service/backend/_threading/loopingcall.py:125}}
Apr 06 17:22:30.258567 np0000163550 neutron-periodic-workers[103879]: DEBUG dbcounter [-] [103879] Writing DB stats neutron:SELECT=3 {{(pid=103879) stat_writer /opt/stack/data/venv/lib/python3.12/site-packages/dbcounter.py:115}}
Apr 06 17:22:31.314425 np0000163550 neutron-periodic-workers[103904]: DEBUG dbcounter [-] [103904] Writing DB stats neutron:SELECT=1 {{(pid=103904) stat_writer /opt/stack/data/venv/lib/python3.12/site-packages/dbcounter.py:115}}
Apr 06 17:22:32.249275 np0000163550 neutron-periodic-workers[103886]: DEBUG dbcounter [-] [103886] Writer thread running {{(pid=103886) stat_writer /opt/stack/data/venv/lib/python3.12/site-packages/dbcounter.py:102}}
Apr 06 17:22:32.252499 np0000163550 neutron-periodic-workers[103886]: DEBUG neutron.db.agents_db [None req-e6d3b63a-293a-49f2-ab9d-9e06336ff90d None None] Agent healthcheck: found 0 active agents {{(pid=103886) agent_health_check /opt/stack/neutron/neutron/db/agents_db.py:317}}
Apr 06 17:22:32.252714 np0000163550 neutron-periodic-workers[103886]: DEBUG oslo.service.backend._threading.loopingcall [None req-e6d3b63a-293a-49f2-ab9d-9e06336ff90d None None] Fixed interval looping call 'neutron.plugins.ml2.plugin.AgentDbMixin.agent_health_check' sleeping for 36.98 seconds {{(pid=103886) _run_loop /opt/stack/data/venv/lib/python3.12/site-packages/oslo_service/backend/_threading/loopingcall.py:125}}
Apr 06 17:22:42.249991 np0000163550 neutron-periodic-workers[103886]: DEBUG dbcounter [-] [103886] Writing DB stats neutron:SELECT=1 {{(pid=103886) stat_writer /opt/stack/data/venv/lib/python3.12/site-packages/dbcounter.py:115}}
Apr 06 17:22:57.238743 np0000163550 neutron-periodic-workers[103879]: DEBUG oslo.service.backend._threading.loopingcall [None req-184f7b8b-223d-46d2-bdb8-3ba19ffbdacb None None] Fixed interval looping call 'neutron.plugins.ml2.plugin.DhcpAgentSchedulerDbMixin.remove_networks_from_down_agents' sleeping for 36.99 seconds {{(pid=103879) _run_loop /opt/stack/data/venv/lib/python3.12/site-packages/oslo_service/backend/_threading/loopingcall.py:125}}
Apr 06 17:23:07.240600 np0000163550 neutron-periodic-workers[103879]: DEBUG dbcounter [-] [103879] Writing DB stats neutron:SELECT=3 {{(pid=103879) stat_writer /opt/stack/data/venv/lib/python3.12/site-packages/dbcounter.py:115}}
Apr 06 17:23:09.242392 np0000163550 neutron-periodic-workers[103886]: DEBUG neutron.db.agents_db [None req-e6d3b63a-293a-49f2-ab9d-9e06336ff90d None None] Agent healthcheck: found 0 active agents {{(pid=103886) agent_health_check /opt/stack/neutron/neutron/db/agents_db.py:317}}
Apr 06 17:23:09.243112 np0000163550 neutron-periodic-workers[103886]: DEBUG oslo.service.backend._threading.loopingcall [None req-e6d3b63a-293a-49f2-ab9d-9e06336ff90d None None] Fixed interval looping call 'neutron.plugins.ml2.plugin.AgentDbMixin.agent_health_check' sleeping for 36.99 seconds {{(pid=103886) _run_loop /opt/stack/data/venv/lib/python3.12/site-packages/oslo_service/backend/_threading/loopingcall.py:125}}
Apr 06 17:23:19.240628 np0000163550 neutron-periodic-workers[103886]: DEBUG dbcounter [-] [103886] Writing DB stats neutron:SELECT=1 {{(pid=103886) stat_writer /opt/stack/data/venv/lib/python3.12/site-packages/dbcounter.py:115}}
Apr 06 17:23:19.262245 np0000163550 neutron-periodic-workers[103893]: DEBUG dbcounter [-] [103893] Writer thread running {{(pid=103893) stat_writer /opt/stack/data/venv/lib/python3.12/site-packages/dbcounter.py:102}}
Apr 06 17:23:19.264341 np0000163550 neutron-periodic-workers[103893]: DEBUG oslo.service.backend._threading.loopingcall [None req-338c1fd9-e440-48db-afdc-4cda2cc3b66f None None] Fixed interval looping call 'neutron.db.quota.driver_nolock.DbQuotaNoLockDriver._remove_expired_reservations' sleeping for 119.99 seconds {{(pid=103893) _run_loop /opt/stack/data/venv/lib/python3.12/site-packages/oslo_service/backend/_threading/loopingcall.py:125}}
Apr 06 17:23:29.263969 np0000163550 neutron-periodic-workers[103893]: DEBUG dbcounter [-] [103893] Writing DB stats neutron:DELETE=1 {{(pid=103893) stat_writer /opt/stack/data/venv/lib/python3.12/site-packages/dbcounter.py:115}}
Apr 06 17:23:34.239324 np0000163550 neutron-periodic-workers[103879]: DEBUG oslo.service.backend._threading.loopingcall [None req-184f7b8b-223d-46d2-bdb8-3ba19ffbdacb None None] Fixed interval looping call 'neutron.plugins.ml2.plugin.DhcpAgentSchedulerDbMixin.remove_networks_from_down_agents' sleeping for 36.99 seconds {{(pid=103879) _run_loop /opt/stack/data/venv/lib/python3.12/site-packages/oslo_service/backend/_threading/loopingcall.py:125}}
Apr 06 17:23:44.238217 np0000163550 neutron-periodic-workers[103879]: DEBUG dbcounter [-] [103879] Writing DB stats neutron:SELECT=3 {{(pid=103879) stat_writer /opt/stack/data/venv/lib/python3.12/site-packages/dbcounter.py:115}}
Apr 06 17:23:46.246378 np0000163550 neutron-periodic-workers[103886]: DEBUG neutron.db.agents_db [None req-e6d3b63a-293a-49f2-ab9d-9e06336ff90d None None] Agent healthcheck: found 0 active agents {{(pid=103886) agent_health_check /opt/stack/neutron/neutron/db/agents_db.py:317}}
Apr 06 17:23:46.246891 np0000163550 neutron-periodic-workers[103886]: DEBUG oslo.service.backend._threading.loopingcall [None req-e6d3b63a-293a-49f2-ab9d-9e06336ff90d None None] Fixed interval looping call 'neutron.plugins.ml2.plugin.AgentDbMixin.agent_health_check' sleeping for 36.99 seconds {{(pid=103886) _run_loop /opt/stack/data/venv/lib/python3.12/site-packages/oslo_service/backend/_threading/loopingcall.py:125}}
Apr 06 17:23:56.243970 np0000163550 neutron-periodic-workers[103886]: DEBUG dbcounter [-] [103886] Writing DB stats neutron:SELECT=1 {{(pid=103886) stat_writer /opt/stack/data/venv/lib/python3.12/site-packages/dbcounter.py:115}}
Apr 06 17:24:11.239695 np0000163550 neutron-periodic-workers[103879]: DEBUG oslo.service.backend._threading.loopingcall [None req-184f7b8b-223d-46d2-bdb8-3ba19ffbdacb None None] Fixed interval looping call 'neutron.plugins.ml2.plugin.DhcpAgentSchedulerDbMixin.remove_networks_from_down_agents' sleeping for 36.99 seconds {{(pid=103879) _run_loop /opt/stack/data/venv/lib/python3.12/site-packages/oslo_service/backend/_threading/loopingcall.py:125}}
Apr 06 17:24:21.238384 np0000163550 neutron-periodic-workers[103879]: DEBUG dbcounter [-] [103879] Writing DB stats neutron:SELECT=3 {{(pid=103879) stat_writer /opt/stack/data/venv/lib/python3.12/site-packages/dbcounter.py:115}}
Apr 06 17:24:23.241957 np0000163550 neutron-periodic-workers[103886]: DEBUG neutron.db.agents_db [None req-e6d3b63a-293a-49f2-ab9d-9e06336ff90d None None] Agent healthcheck: found 0 active agents {{(pid=103886) agent_health_check /opt/stack/neutron/neutron/db/agents_db.py:317}}
Apr 06 17:24:23.242662 np0000163550 neutron-periodic-workers[103886]: DEBUG oslo.service.backend._threading.loopingcall [None req-e6d3b63a-293a-49f2-ab9d-9e06336ff90d None None] Fixed interval looping call 'neutron.plugins.ml2.plugin.AgentDbMixin.agent_health_check' sleeping for 36.99 seconds {{(pid=103886) _run_loop /opt/stack/data/venv/lib/python3.12/site-packages/oslo_service/backend/_threading/loopingcall.py:125}}
Apr 06 17:24:33.240543 np0000163550 neutron-periodic-workers[103886]: DEBUG dbcounter [-] [103886] Writing DB stats neutron:SELECT=1 {{(pid=103886) stat_writer /opt/stack/data/venv/lib/python3.12/site-packages/dbcounter.py:115}}
Apr 06 17:24:48.240386 np0000163550 neutron-periodic-workers[103879]: DEBUG oslo.service.backend._threading.loopingcall [None req-184f7b8b-223d-46d2-bdb8-3ba19ffbdacb None None] Fixed interval looping call 'neutron.plugins.ml2.plugin.DhcpAgentSchedulerDbMixin.remove_networks_from_down_agents' sleeping for 36.99 seconds {{(pid=103879) _run_loop /opt/stack/data/venv/lib/python3.12/site-packages/oslo_service/backend/_threading/loopingcall.py:125}}
Apr 06 17:24:58.239499 np0000163550 neutron-periodic-workers[103879]: DEBUG dbcounter [-] [103879] Writing DB stats neutron:SELECT=3 {{(pid=103879) stat_writer /opt/stack/data/venv/lib/python3.12/site-packages/dbcounter.py:115}}
Apr 06 17:25:00.237524 np0000163550 neutron-periodic-workers[103886]: DEBUG neutron.db.agents_db [None req-e6d3b63a-293a-49f2-ab9d-9e06336ff90d None None] Agent healthcheck: found 0 active agents {{(pid=103886) agent_health_check /opt/stack/neutron/neutron/db/agents_db.py:317}}
Apr 06 17:25:00.238073 np0000163550 neutron-periodic-workers[103886]: DEBUG oslo.service.backend._threading.loopingcall [None req-e6d3b63a-293a-49f2-ab9d-9e06336ff90d None None] Fixed interval looping call 'neutron.plugins.ml2.plugin.AgentDbMixin.agent_health_check' sleeping for 36.99 seconds {{(pid=103886) _run_loop /opt/stack/data/venv/lib/python3.12/site-packages/oslo_service/backend/_threading/loopingcall.py:125}}
Apr 06 17:25:10.235966 np0000163550 neutron-periodic-workers[103886]: DEBUG dbcounter [-] [103886] Writing DB stats neutron:SELECT=1 {{(pid=103886) stat_writer /opt/stack/data/venv/lib/python3.12/site-packages/dbcounter.py:115}}
Apr 06 17:25:19.260514 np0000163550 neutron-periodic-workers[103893]: DEBUG oslo.service.backend._threading.loopingcall [None req-338c1fd9-e440-48db-afdc-4cda2cc3b66f None None] Fixed interval looping call 'neutron.db.quota.driver_nolock.DbQuotaNoLockDriver._remove_expired_reservations' sleeping for 119.99 seconds {{(pid=103893) _run_loop /opt/stack/data/venv/lib/python3.12/site-packages/oslo_service/backend/_threading/loopingcall.py:125}}
Apr 06 17:25:25.238501 np0000163550 neutron-periodic-workers[103879]: DEBUG oslo.service.backend._threading.loopingcall [None req-184f7b8b-223d-46d2-bdb8-3ba19ffbdacb None None] Fixed interval looping call 'neutron.plugins.ml2.plugin.DhcpAgentSchedulerDbMixin.remove_networks_from_down_agents' sleeping for 36.99 seconds {{(pid=103879) _run_loop /opt/stack/data/venv/lib/python3.12/site-packages/oslo_service/backend/_threading/loopingcall.py:125}}
Apr 06 17:25:29.259385 np0000163550 neutron-periodic-workers[103893]: DEBUG dbcounter [-] [103893] Writing DB stats neutron:DELETE=1 {{(pid=103893) stat_writer /opt/stack/data/venv/lib/python3.12/site-packages/dbcounter.py:115}}
Apr 06 17:25:35.601287 np0000163550 neutron-periodic-workers[103879]: DEBUG dbcounter [-] [103879] Writing DB stats neutron:SELECT=3 {{(pid=103879) stat_writer /opt/stack/data/venv/lib/python3.12/site-packages/dbcounter.py:115}}
Apr 06 17:25:37.234328 np0000163550 neutron-periodic-workers[103886]: DEBUG neutron.db.agents_db [None req-e6d3b63a-293a-49f2-ab9d-9e06336ff90d None None] Agent healthcheck: found 0 active agents {{(pid=103886) agent_health_check /opt/stack/neutron/neutron/db/agents_db.py:317}}
Apr 06 17:25:37.234328 np0000163550 neutron-periodic-workers[103886]: DEBUG oslo.service.backend._threading.loopingcall [None req-e6d3b63a-293a-49f2-ab9d-9e06336ff90d None None] Fixed interval looping call 'neutron.plugins.ml2.plugin.AgentDbMixin.agent_health_check' sleeping for 36.99 seconds {{(pid=103886) _run_loop /opt/stack/data/venv/lib/python3.12/site-packages/oslo_service/backend/_threading/loopingcall.py:125}}
Apr 06 17:25:47.232257 np0000163550 neutron-periodic-workers[103886]: DEBUG dbcounter [-] [103886] Writing DB stats neutron:SELECT=1 {{(pid=103886) stat_writer /opt/stack/data/venv/lib/python3.12/site-packages/dbcounter.py:115}}
Apr 06 17:26:02.237811 np0000163550 neutron-periodic-workers[103879]: DEBUG oslo.service.backend._threading.loopingcall [None req-184f7b8b-223d-46d2-bdb8-3ba19ffbdacb None None] Fixed interval looping call 'neutron.plugins.ml2.plugin.DhcpAgentSchedulerDbMixin.remove_networks_from_down_agents' sleeping for 36.99 seconds {{(pid=103879) _run_loop /opt/stack/data/venv/lib/python3.12/site-packages/oslo_service/backend/_threading/loopingcall.py:125}}
Apr 06 17:26:12.237011 np0000163550 neutron-periodic-workers[103879]: DEBUG dbcounter [-] [103879] Writing DB stats neutron:SELECT=3 {{(pid=103879) stat_writer /opt/stack/data/venv/lib/python3.12/site-packages/dbcounter.py:115}}
Apr 06 17:26:14.230407 np0000163550 neutron-periodic-workers[103886]: DEBUG neutron.db.agents_db [None req-e6d3b63a-293a-49f2-ab9d-9e06336ff90d None None] Agent healthcheck: found 0 active agents {{(pid=103886) agent_health_check /opt/stack/neutron/neutron/db/agents_db.py:317}}
Apr 06 17:26:14.231294 np0000163550 neutron-periodic-workers[103886]: DEBUG oslo.service.backend._threading.loopingcall [None req-e6d3b63a-293a-49f2-ab9d-9e06336ff90d None None] Fixed interval looping call 'neutron.plugins.ml2.plugin.AgentDbMixin.agent_health_check' sleeping for 36.99 seconds {{(pid=103886) _run_loop /opt/stack/data/venv/lib/python3.12/site-packages/oslo_service/backend/_threading/loopingcall.py:125}}
Apr 06 17:26:24.228685 np0000163550 neutron-periodic-workers[103886]: DEBUG dbcounter [-] [103886] Writing DB stats neutron:SELECT=1 {{(pid=103886) stat_writer /opt/stack/data/venv/lib/python3.12/site-packages/dbcounter.py:115}}
Apr 06 17:26:39.240175 np0000163550 neutron-periodic-workers[103879]: DEBUG oslo.service.backend._threading.loopingcall [None req-184f7b8b-223d-46d2-bdb8-3ba19ffbdacb None None] Fixed interval looping call 'neutron.plugins.ml2.plugin.DhcpAgentSchedulerDbMixin.remove_networks_from_down_agents' sleeping for 36.99 seconds {{(pid=103879) _run_loop /opt/stack/data/venv/lib/python3.12/site-packages/oslo_service/backend/_threading/loopingcall.py:125}}
Apr 06 17:26:49.237915 np0000163550 neutron-periodic-workers[103879]: DEBUG dbcounter [-] [103879] Writing DB stats neutron:SELECT=3 {{(pid=103879) stat_writer /opt/stack/data/venv/lib/python3.12/site-packages/dbcounter.py:115}}
Apr 06 17:26:51.226735 np0000163550 neutron-periodic-workers[103886]: DEBUG neutron.db.agents_db [None req-e6d3b63a-293a-49f2-ab9d-9e06336ff90d None None] Agent healthcheck: found 0 active agents {{(pid=103886) agent_health_check /opt/stack/neutron/neutron/db/agents_db.py:317}}
Apr 06 17:26:51.227404 np0000163550 neutron-periodic-workers[103886]: DEBUG oslo.service.backend._threading.loopingcall [None req-e6d3b63a-293a-49f2-ab9d-9e06336ff90d None None] Fixed interval looping call 'neutron.plugins.ml2.plugin.AgentDbMixin.agent_health_check' sleeping for 36.99 seconds {{(pid=103886) _run_loop /opt/stack/data/venv/lib/python3.12/site-packages/oslo_service/backend/_threading/loopingcall.py:125}}
Apr 06 17:27:01.224986 np0000163550 neutron-periodic-workers[103886]: DEBUG dbcounter [-] [103886] Writing DB stats neutron:SELECT=1 {{(pid=103886) stat_writer /opt/stack/data/venv/lib/python3.12/site-packages/dbcounter.py:115}}
Apr 06 17:27:16.241816 np0000163550 neutron-periodic-workers[103879]: DEBUG oslo.service.backend._threading.loopingcall [None req-184f7b8b-223d-46d2-bdb8-3ba19ffbdacb None None] Fixed interval looping call 'neutron.plugins.ml2.plugin.DhcpAgentSchedulerDbMixin.remove_networks_from_down_agents' sleeping for 36.99 seconds {{(pid=103879) _run_loop /opt/stack/data/venv/lib/python3.12/site-packages/oslo_service/backend/_threading/loopingcall.py:125}}
Apr 06 17:27:19.255630 np0000163550 neutron-periodic-workers[103893]: DEBUG oslo.service.backend._threading.loopingcall [None req-338c1fd9-e440-48db-afdc-4cda2cc3b66f None None] Fixed interval looping call 'neutron.db.quota.driver_nolock.DbQuotaNoLockDriver._remove_expired_reservations' sleeping for 120.00 seconds {{(pid=103893) _run_loop /opt/stack/data/venv/lib/python3.12/site-packages/oslo_service/backend/_threading/loopingcall.py:125}}
Apr 06 17:27:21.296258 np0000163550 neutron-periodic-workers[103904]: DEBUG oslo.service.backend._threading.loopingcall [None req-cf02ddfa-ddab-4050-aced-45a27c30bff8 None None] Fixed interval looping call 'neutron.services.ovn_l3.plugin.L3_NAT_dbonly_mixin._clean_garbage' sleeping for 299.99 seconds {{(pid=103904) _run_loop /opt/stack/data/venv/lib/python3.12/site-packages/oslo_service/backend/_threading/loopingcall.py:125}}
Apr 06 17:27:26.240803 np0000163550 neutron-periodic-workers[103879]: DEBUG dbcounter [-] [103879] Writing DB stats neutron:SELECT=3 {{(pid=103879) stat_writer /opt/stack/data/venv/lib/python3.12/site-packages/dbcounter.py:115}}
Apr 06 17:27:28.222240 np0000163550 neutron-periodic-workers[103886]: DEBUG neutron.db.agents_db [None req-e6d3b63a-293a-49f2-ab9d-9e06336ff90d None None] Agent healthcheck: found 0 active agents {{(pid=103886) agent_health_check /opt/stack/neutron/neutron/db/agents_db.py:317}}
Apr 06 17:27:28.222790 np0000163550 neutron-periodic-workers[103886]: DEBUG oslo.service.backend._threading.loopingcall [None req-e6d3b63a-293a-49f2-ab9d-9e06336ff90d None None] Fixed interval looping call 'neutron.plugins.ml2.plugin.AgentDbMixin.agent_health_check' sleeping for 36.99 seconds {{(pid=103886) _run_loop /opt/stack/data/venv/lib/python3.12/site-packages/oslo_service/backend/_threading/loopingcall.py:125}}
Apr 06 17:27:29.254128 np0000163550 neutron-periodic-workers[103893]: DEBUG dbcounter [-] [103893] Writing DB stats neutron:DELETE=1 {{(pid=103893) stat_writer /opt/stack/data/venv/lib/python3.12/site-packages/dbcounter.py:115}}
Apr 06 17:27:31.288869 np0000163550 neutron-periodic-workers[103904]: DEBUG dbcounter [-] [103904] Writing DB stats neutron:SELECT=1 {{(pid=103904) stat_writer /opt/stack/data/venv/lib/python3.12/site-packages/dbcounter.py:115}}
Apr 06 17:27:38.221178 np0000163550 neutron-periodic-workers[103886]: DEBUG dbcounter [-] [103886] Writing DB stats neutron:SELECT=1 {{(pid=103886) stat_writer /opt/stack/data/venv/lib/python3.12/site-packages/dbcounter.py:115}}
Apr 06 17:27:53.242995 np0000163550 neutron-periodic-workers[103879]: DEBUG oslo.service.backend._threading.loopingcall [None req-184f7b8b-223d-46d2-bdb8-3ba19ffbdacb None None] Fixed interval looping call 'neutron.plugins.ml2.plugin.DhcpAgentSchedulerDbMixin.remove_networks_from_down_agents' sleeping for 36.99 seconds {{(pid=103879) _run_loop /opt/stack/data/venv/lib/python3.12/site-packages/oslo_service/backend/_threading/loopingcall.py:125}}
Apr 06 17:28:03.241846 np0000163550 neutron-periodic-workers[103879]: DEBUG dbcounter [-] [103879] Writing DB stats neutron:SELECT=3 {{(pid=103879) stat_writer /opt/stack/data/venv/lib/python3.12/site-packages/dbcounter.py:115}}
Apr 06 17:28:05.218399 np0000163550 neutron-periodic-workers[103886]: DEBUG neutron.db.agents_db [None req-e6d3b63a-293a-49f2-ab9d-9e06336ff90d None None] Agent healthcheck: found 0 active agents {{(pid=103886) agent_health_check /opt/stack/neutron/neutron/db/agents_db.py:317}}
Apr 06 17:28:05.219151 np0000163550 neutron-periodic-workers[103886]: DEBUG oslo.service.backend._threading.loopingcall [None req-e6d3b63a-293a-49f2-ab9d-9e06336ff90d None None] Fixed interval looping call 'neutron.plugins.ml2.plugin.AgentDbMixin.agent_health_check' sleeping for 36.99 seconds {{(pid=103886) _run_loop /opt/stack/data/venv/lib/python3.12/site-packages/oslo_service/backend/_threading/loopingcall.py:125}}
Apr 06 17:28:15.217126 np0000163550 neutron-periodic-workers[103886]: DEBUG dbcounter [-] [103886] Writing DB stats neutron:SELECT=1 {{(pid=103886) stat_writer /opt/stack/data/venv/lib/python3.12/site-packages/dbcounter.py:115}}
Apr 06 17:28:30.243466 np0000163550 neutron-periodic-workers[103879]: DEBUG oslo.service.backend._threading.loopingcall [None req-184f7b8b-223d-46d2-bdb8-3ba19ffbdacb None None] Fixed interval looping call 'neutron.plugins.ml2.plugin.DhcpAgentSchedulerDbMixin.remove_networks_from_down_agents' sleeping for 36.99 seconds {{(pid=103879) _run_loop /opt/stack/data/venv/lib/python3.12/site-packages/oslo_service/backend/_threading/loopingcall.py:125}}
Apr 06 17:28:40.241658 np0000163550 neutron-periodic-workers[103879]: DEBUG dbcounter [-] [103879] Writing DB stats neutron:SELECT=3 {{(pid=103879) stat_writer /opt/stack/data/venv/lib/python3.12/site-packages/dbcounter.py:115}}
Apr 06 17:28:42.215152 np0000163550 neutron-periodic-workers[103886]: DEBUG neutron.db.agents_db [None req-e6d3b63a-293a-49f2-ab9d-9e06336ff90d None None] Agent healthcheck: found 0 active agents {{(pid=103886) agent_health_check /opt/stack/neutron/neutron/db/agents_db.py:317}}
Apr 06 17:28:42.215843 np0000163550 neutron-periodic-workers[103886]: DEBUG oslo.service.backend._threading.loopingcall [None req-e6d3b63a-293a-49f2-ab9d-9e06336ff90d None None] Fixed interval looping call 'neutron.plugins.ml2.plugin.AgentDbMixin.agent_health_check' sleeping for 36.99 seconds {{(pid=103886) _run_loop /opt/stack/data/venv/lib/python3.12/site-packages/oslo_service/backend/_threading/loopingcall.py:125}}
Apr 06 17:28:52.212908 np0000163550 neutron-periodic-workers[103886]: DEBUG dbcounter [-] [103886] Writing DB stats neutron:SELECT=1 {{(pid=103886) stat_writer /opt/stack/data/venv/lib/python3.12/site-packages/dbcounter.py:115}}
Apr 06 17:29:07.243480 np0000163550 neutron-periodic-workers[103879]: DEBUG oslo.service.backend._threading.loopingcall [None req-184f7b8b-223d-46d2-bdb8-3ba19ffbdacb None None] Fixed interval looping call 'neutron.plugins.ml2.plugin.DhcpAgentSchedulerDbMixin.remove_networks_from_down_agents' sleeping for 36.99 seconds {{(pid=103879) _run_loop /opt/stack/data/venv/lib/python3.12/site-packages/oslo_service/backend/_threading/loopingcall.py:125}}
Apr 06 17:29:17.241942 np0000163550 neutron-periodic-workers[103879]: DEBUG dbcounter [-] [103879] Writing DB stats neutron:SELECT=3 {{(pid=103879) stat_writer /opt/stack/data/venv/lib/python3.12/site-packages/dbcounter.py:115}}
Apr 06 17:29:19.214343 np0000163550 neutron-periodic-workers[103886]: DEBUG neutron.db.agents_db [None req-e6d3b63a-293a-49f2-ab9d-9e06336ff90d None None] Agent healthcheck: found 0 active agents {{(pid=103886) agent_health_check /opt/stack/neutron/neutron/db/agents_db.py:317}}
Apr 06 17:29:19.214881 np0000163550 neutron-periodic-workers[103886]: DEBUG oslo.service.backend._threading.loopingcall [None req-e6d3b63a-293a-49f2-ab9d-9e06336ff90d None None] Fixed interval looping call 'neutron.plugins.ml2.plugin.AgentDbMixin.agent_health_check' sleeping for 36.99 seconds {{(pid=103886) _run_loop /opt/stack/data/venv/lib/python3.12/site-packages/oslo_service/backend/_threading/loopingcall.py:125}}
Apr 06 17:29:19.260692 np0000163550 neutron-periodic-workers[103893]: DEBUG oslo.service.backend._threading.loopingcall [None req-338c1fd9-e440-48db-afdc-4cda2cc3b66f None None] Fixed interval looping call 'neutron.db.quota.driver_nolock.DbQuotaNoLockDriver._remove_expired_reservations' sleeping for 120.00 seconds {{(pid=103893) _run_loop /opt/stack/data/venv/lib/python3.12/site-packages/oslo_service/backend/_threading/loopingcall.py:125}}
Apr 06 17:29:29.213486 np0000163550 neutron-periodic-workers[103886]: DEBUG dbcounter [-] [103886] Writing DB stats neutron:SELECT=1 {{(pid=103886) stat_writer /opt/stack/data/venv/lib/python3.12/site-packages/dbcounter.py:115}}
Apr 06 17:29:29.259386 np0000163550 neutron-periodic-workers[103893]: DEBUG dbcounter [-] [103893] Writing DB stats neutron:DELETE=1 {{(pid=103893) stat_writer /opt/stack/data/venv/lib/python3.12/site-packages/dbcounter.py:115}}
Apr 06 17:29:44.302113 np0000163550 neutron-periodic-workers[103879]: DEBUG oslo.service.backend._threading.loopingcall [None req-184f7b8b-223d-46d2-bdb8-3ba19ffbdacb None None] Fixed interval looping call 'neutron.plugins.ml2.plugin.DhcpAgentSchedulerDbMixin.remove_networks_from_down_agents' sleeping for 36.99 seconds {{(pid=103879) _run_loop /opt/stack/data/venv/lib/python3.12/site-packages/oslo_service/backend/_threading/loopingcall.py:125}}
Apr 06 17:29:54.244369 np0000163550 neutron-periodic-workers[103879]: DEBUG dbcounter [-] [103879] Writing DB stats neutron:SELECT=3 {{(pid=103879) stat_writer /opt/stack/data/venv/lib/python3.12/site-packages/dbcounter.py:115}}
Apr 06 17:29:56.212200 np0000163550 neutron-periodic-workers[103886]: DEBUG neutron.db.agents_db [None req-e6d3b63a-293a-49f2-ab9d-9e06336ff90d None None] Agent healthcheck: found 0 active agents {{(pid=103886) agent_health_check /opt/stack/neutron/neutron/db/agents_db.py:317}}
Apr 06 17:29:56.213009 np0000163550 neutron-periodic-workers[103886]: DEBUG oslo.service.backend._threading.loopingcall [None req-e6d3b63a-293a-49f2-ab9d-9e06336ff90d None None] Fixed interval looping call 'neutron.plugins.ml2.plugin.AgentDbMixin.agent_health_check' sleeping for 36.99 seconds {{(pid=103886) _run_loop /opt/stack/data/venv/lib/python3.12/site-packages/oslo_service/backend/_threading/loopingcall.py:125}}
Apr 06 17:30:06.209523 np0000163550 neutron-periodic-workers[103886]: DEBUG dbcounter [-] [103886] Writing DB stats neutron:SELECT=1 {{(pid=103886) stat_writer /opt/stack/data/venv/lib/python3.12/site-packages/dbcounter.py:115}}
Apr 06 17:30:21.241702 np0000163550 neutron-periodic-workers[103879]: DEBUG oslo.service.backend._threading.loopingcall [None req-184f7b8b-223d-46d2-bdb8-3ba19ffbdacb None None] Fixed interval looping call 'neutron.plugins.ml2.plugin.DhcpAgentSchedulerDbMixin.remove_networks_from_down_agents' sleeping for 36.99 seconds {{(pid=103879) _run_loop /opt/stack/data/venv/lib/python3.12/site-packages/oslo_service/backend/_threading/loopingcall.py:125}}
Apr 06 17:30:31.241015 np0000163550 neutron-periodic-workers[103879]: DEBUG dbcounter [-] [103879] Writing DB stats neutron:SELECT=3 {{(pid=103879) stat_writer /opt/stack/data/venv/lib/python3.12/site-packages/dbcounter.py:115}}
Apr 06 17:30:33.209349 np0000163550 neutron-periodic-workers[103886]: DEBUG neutron.db.agents_db [None req-e6d3b63a-293a-49f2-ab9d-9e06336ff90d None None] Agent healthcheck: found 0 active agents {{(pid=103886) agent_health_check /opt/stack/neutron/neutron/db/agents_db.py:317}}
Apr 06 17:30:33.210149 np0000163550 neutron-periodic-workers[103886]: DEBUG oslo.service.backend._threading.loopingcall [None req-e6d3b63a-293a-49f2-ab9d-9e06336ff90d None None] Fixed interval looping call 'neutron.plugins.ml2.plugin.AgentDbMixin.agent_health_check' sleeping for 36.99 seconds {{(pid=103886) _run_loop /opt/stack/data/venv/lib/python3.12/site-packages/oslo_service/backend/_threading/loopingcall.py:125}}
Apr 06 17:30:43.207818 np0000163550 neutron-periodic-workers[103886]: DEBUG dbcounter [-] [103886] Writing DB stats neutron:SELECT=1 {{(pid=103886) stat_writer /opt/stack/data/venv/lib/python3.12/site-packages/dbcounter.py:115}}
Apr 06 17:30:58.243086 np0000163550 neutron-periodic-workers[103879]: DEBUG oslo.service.backend._threading.loopingcall [None req-184f7b8b-223d-46d2-bdb8-3ba19ffbdacb None None] Fixed interval looping call 'neutron.plugins.ml2.plugin.DhcpAgentSchedulerDbMixin.remove_networks_from_down_agents' sleeping for 36.99 seconds {{(pid=103879) _run_loop /opt/stack/data/venv/lib/python3.12/site-packages/oslo_service/backend/_threading/loopingcall.py:125}}
Apr 06 17:31:08.241352 np0000163550 neutron-periodic-workers[103879]: DEBUG dbcounter [-] [103879] Writing DB stats neutron:SELECT=3 {{(pid=103879) stat_writer /opt/stack/data/venv/lib/python3.12/site-packages/dbcounter.py:115}}
Apr 06 17:31:10.208394 np0000163550 neutron-periodic-workers[103886]: DEBUG neutron.db.agents_db [None req-e6d3b63a-293a-49f2-ab9d-9e06336ff90d None None] Agent healthcheck: found 0 active agents {{(pid=103886) agent_health_check /opt/stack/neutron/neutron/db/agents_db.py:317}}
Apr 06 17:31:10.209222 np0000163550 neutron-periodic-workers[103886]: DEBUG oslo.service.backend._threading.loopingcall [None req-e6d3b63a-293a-49f2-ab9d-9e06336ff90d None None] Fixed interval looping call 'neutron.plugins.ml2.plugin.AgentDbMixin.agent_health_check' sleeping for 36.99 seconds {{(pid=103886) _run_loop /opt/stack/data/venv/lib/python3.12/site-packages/oslo_service/backend/_threading/loopingcall.py:125}}
Apr 06 17:31:19.264912 np0000163550 neutron-periodic-workers[103893]: DEBUG oslo.service.backend._threading.loopingcall [None req-338c1fd9-e440-48db-afdc-4cda2cc3b66f None None] Fixed interval looping call 'neutron.db.quota.driver_nolock.DbQuotaNoLockDriver._remove_expired_reservations' sleeping for 120.00 seconds {{(pid=103893) _run_loop /opt/stack/data/venv/lib/python3.12/site-packages/oslo_service/backend/_threading/loopingcall.py:125}}
Apr 06 17:31:20.207335 np0000163550 neutron-periodic-workers[103886]: DEBUG dbcounter [-] [103886] Writing DB stats neutron:SELECT=1 {{(pid=103886) stat_writer /opt/stack/data/venv/lib/python3.12/site-packages/dbcounter.py:115}}
Apr 06 17:31:29.264159 np0000163550 neutron-periodic-workers[103893]: DEBUG dbcounter [-] [103893] Writing DB stats neutron:DELETE=1 {{(pid=103893) stat_writer /opt/stack/data/venv/lib/python3.12/site-packages/dbcounter.py:115}}
