2026-07-10 01:01:51.292 9 INFO neutron.db.ovn_revision_numbers_db [None req-99b4220e-ca09-4c03-8d7e-38fbb922ba20 - - - - - -] Successfully bumped revision number for resource 4b35d39c-258f-4108-85ab-324c549a7995 (type: router_ports) to 4
2026-07-10 01:01:51.469 9 WARNING neutron.scheduler.dhcp_agent_scheduler [None req-f137f922-5335-4365-bbb7-f3455607a8a0 fd9641cb218041d5991e662b99c16a04 affeaac082a74b44a7b0ecf64c4a0b98 - - default default] No more DHCP agents
2026-07-10 01:01:51.470 9 WARNING neutron.api.rpc.agentnotifiers.dhcp_rpc_agent_api [None req-f137f922-5335-4365-bbb7-f3455607a8a0 fd9641cb218041d5991e662b99c16a04 affeaac082a74b44a7b0ecf64c4a0b98 - - default default] Unable to schedule network 11a79041-1ba2-45e0-80c4-a275fdefb42a: no agents available; will retry on subsequent port and subnet creation events.
2026-07-10 01:01:51.478 9 INFO neutron.db.ovn_revision_numbers_db [None req-21a1a1de-9389-40f5-9d8d-6d2e32b3a383 51ce21ba6aed4c38aa8b0bb558c269b1 7e13f266095a4f26ac4388a12cecd210 - - default default] Successfully bumped revision number for resource 41375340-a594-49e2-a450-7128f81e143f (type: security_groups) to 1
2026-07-10 01:01:51.508 9 INFO neutron.db.ovn_revision_numbers_db [None req-21a1a1de-9389-40f5-9d8d-6d2e32b3a383 51ce21ba6aed4c38aa8b0bb558c269b1 7e13f266095a4f26ac4388a12cecd210 - - default default] Successfully bumped revision number for resource 1aa5b3ac-e208-4721-9be6-caf8c97fc849 (type: security_group_rules) to 0
2026-07-10 01:01:51.517 9 INFO neutron.db.ovn_revision_numbers_db [None req-68f0aecd-e420-4465-bc9d-e7dcac7cdc43 - - - - - -] Successfully bumped revision number for resource 8d615b8e-b448-49df-b3ff-44d387f7ce9d (type: ports) to 2
2026-07-10 01:01:51.551 9 INFO neutron.db.ovn_revision_numbers_db [None req-21a1a1de-9389-40f5-9d8d-6d2e32b3a383 51ce21ba6aed4c38aa8b0bb558c269b1 7e13f266095a4f26ac4388a12cecd210 - - default default] Successfully bumped revision number for resource e2c9f7cf-021f-456b-91c8-3adbb31f356a (type: security_group_rules) to 0
2026-07-10 01:01:51.552 10 INFO neutron.wsgi [None req-cd40d5f9-adaf-41b7-b3f2-f5037164a36d 56c6772adfff4b8393a13f2b9af9b2bf d680de4b18024d4eb548d810135332d0 - - default default] 10.0.0.104 "GET /v2.0/security-groups?tenant_id=25b41d63ecab4be0bcfefd6235e78cda&name=default HTTP/1.1" status: 200 len: 2996 time: 0.1401472
2026-07-10 01:01:51.553 10 INFO neutron.db.ovn_revision_numbers_db [None req-6474124c-c825-4534-9e67-70050dbe5dbb 372656b6bdf048e9ab63642d9f0e4b9b 2c439af8160f4d70accbcd0733c12544 - - default default] Successfully bumped revision number for resource 497f472f-ff5e-40c1-9d40-700972e52da0 (type: ports) to 2
2026-07-10 01:01:51.591 10 INFO neutron.db.ovn_revision_numbers_db [None req-6474124c-c825-4534-9e67-70050dbe5dbb 372656b6bdf048e9ab63642d9f0e4b9b 2c439af8160f4d70accbcd0733c12544 - - default default] Successfully bumped revision number for resource dc0efdfb-adce-4e24-9e6c-b44452d50127 (type: subnets) to 0
2026-07-10 01:01:51.594 9 INFO neutron.wsgi [None req-21a1a1de-9389-40f5-9d8d-6d2e32b3a383 51ce21ba6aed4c38aa8b0bb558c269b1 7e13f266095a4f26ac4388a12cecd210 - - default default] 10.0.0.104 "POST /v2.0/security-groups HTTP/1.1" status: 201 len: 1737 time: 1.2088859
2026-07-10 01:01:51.614 10 INFO neutron.wsgi [None req-6474124c-c825-4534-9e67-70050dbe5dbb 372656b6bdf048e9ab63642d9f0e4b9b 2c439af8160f4d70accbcd0733c12544 - - default default] 10.0.0.104 "POST /v2.0/subnets HTTP/1.1" status: 201 len: 801 time: 0.8025162
2026-07-10 01:01:51.717 9 INFO neutron.db.ovn_revision_numbers_db [None req-68f0aecd-e420-4465-bc9d-e7dcac7cdc43 - - - - - -] Successfully bumped revision number for resource 8d615b8e-b448-49df-b3ff-44d387f7ce9d (type: router_ports) to 2
2026-07-10 01:01:51.793 10 INFO neutron.db.ovn_revision_numbers_db [None req-2e2d0cdc-dc38-49f5-b459-90680a3d4a88 51ce21ba6aed4c38aa8b0bb558c269b1 7e13f266095a4f26ac4388a12cecd210 - - default default] Successfully bumped revision number for resource 2cad41df-34b7-4661-803a-2335c1a4db17 (type: security_groups) to 1
2026-07-10 01:01:51.815 10 INFO neutron.db.ovn_revision_numbers_db [None req-2e2d0cdc-dc38-49f5-b459-90680a3d4a88 51ce21ba6aed4c38aa8b0bb558c269b1 7e13f266095a4f26ac4388a12cecd210 - - default default] Successfully bumped revision number for resource 6058732f-b9a4-4c5a-940f-d42b8267c48a (type: security_group_rules) to 0
2026-07-10 01:01:51.836 10 INFO neutron.db.ovn_revision_numbers_db [None req-2e2d0cdc-dc38-49f5-b459-90680a3d4a88 51ce21ba6aed4c38aa8b0bb558c269b1 7e13f266095a4f26ac4388a12cecd210 - - default default] Successfully bumped revision number for resource 7735bebf-6936-44c5-8372-595e8ef43614 (type: security_group_rules) to 0
2026-07-10 01:01:51.881 10 INFO neutron.wsgi [None req-2e2d0cdc-dc38-49f5-b459-90680a3d4a88 51ce21ba6aed4c38aa8b0bb558c269b1 7e13f266095a4f26ac4388a12cecd210 - - default default] 10.0.0.104 "POST /v2.0/security-groups HTTP/1.1" status: 201 len: 1737 time: 0.2795920
2026-07-10 01:01:51.902 9 INFO neutron.db.ovn_revision_numbers_db [None req-f137f922-5335-4365-bbb7-f3455607a8a0 fd9641cb218041d5991e662b99c16a04 affeaac082a74b44a7b0ecf64c4a0b98 - - default default] Successfully bumped revision number for resource 8d615b8e-b448-49df-b3ff-44d387f7ce9d (type: router_ports) to 2
2026-07-10 01:01:51.904 9 INFO neutron.wsgi [None req-f137f922-5335-4365-bbb7-f3455607a8a0 fd9641cb218041d5991e662b99c16a04 affeaac082a74b44a7b0ecf64c4a0b98 - - default default] 10.0.0.104 "PUT /v2.0/routers/726f5375-3da5-4024-a191-a18fd17a56ea/add_router_interface HTTP/1.1" status: 200 len: 503 time: 3.1445584
2026-07-10 01:01:51.905 10 INFO neutron.wsgi [None req-99baaa3c-29c9-4233-a9a6-e1c8df83d4e7 56c6772adfff4b8393a13f2b9af9b2bf d680de4b18024d4eb548d810135332d0 - - default default] 10.0.0.104 "DELETE /v2.0/security-groups/bf6541da-fc09-406f-9621-45c3065cadcb HTTP/1.1" status: 204 len: 168 time: 0.3479476
2026-07-10 01:01:52.040 9 INFO neutron.db.ovn_revision_numbers_db [None req-2b9c0cad-327c-430c-a97a-4eff24c0ae98 51ce21ba6aed4c38aa8b0bb558c269b1 7e13f266095a4f26ac4388a12cecd210 - - default default] Successfully bumped revision number for resource 63bd4873-beda-4543-b15b-ba78950dca3c (type: security_groups) to 1
2026-07-10 01:01:52.050 10 INFO neutron.db.ovn_revision_numbers_db [None req-95838204-a89a-4cdc-949e-63534cdcd9fd 372656b6bdf048e9ab63642d9f0e4b9b 2c439af8160f4d70accbcd0733c12544 - - default default] Successfully bumped revision number for resource dc0efdfb-adce-4e24-9e6c-b44452d50127 (type: subnets) to 1
2026-07-10 01:01:52.053 10 INFO neutron.wsgi [None req-95838204-a89a-4cdc-949e-63534cdcd9fd 372656b6bdf048e9ab63642d9f0e4b9b 2c439af8160f4d70accbcd0733c12544 - - default default] 10.0.0.104 "PUT /v2.0/subnets/dc0efdfb-adce-4e24-9e6c-b44452d50127 HTTP/1.1" status: 200 len: 806 time: 0.4323497
2026-07-10 01:01:52.055 9 INFO neutron.db.ovn_revision_numbers_db [None req-2b9c0cad-327c-430c-a97a-4eff24c0ae98 51ce21ba6aed4c38aa8b0bb558c269b1 7e13f266095a4f26ac4388a12cecd210 - - default default] Successfully bumped revision number for resource 3ac57fe8-b296-417f-9b7b-ec07c4573b72 (type: security_group_rules) to 0
2026-07-10 01:01:52.088 9 INFO neutron.db.ovn_revision_numbers_db [None req-2b9c0cad-327c-430c-a97a-4eff24c0ae98 51ce21ba6aed4c38aa8b0bb558c269b1 7e13f266095a4f26ac4388a12cecd210 - - default default] Successfully bumped revision number for resource df4e5509-fabc-4e19-afc5-21db94b19155 (type: security_group_rules) to 0
2026-07-10 01:01:52.122 9 INFO neutron.wsgi [None req-2b9c0cad-327c-430c-a97a-4eff24c0ae98 51ce21ba6aed4c38aa8b0bb558c269b1 7e13f266095a4f26ac4388a12cecd210 - - default default] 10.0.0.104 "POST /v2.0/security-groups HTTP/1.1" status: 201 len: 1737 time: 0.2346704
2026-07-10 01:01:52.180 9 INFO neutron.db.ovn_revision_numbers_db [None req-7114683c-1fe1-4d49-b643-8c9983b8240c 56c6772adfff4b8393a13f2b9af9b2bf d680de4b18024d4eb548d810135332d0 - - default default] Successfully bumped revision number for resource d0f2220c-ed06-4289-bc43-3a0a19b53c5f (type: security_groups) to 1
2026-07-10 01:01:52.208 9 INFO neutron.db.ovn_revision_numbers_db [None req-7114683c-1fe1-4d49-b643-8c9983b8240c 56c6772adfff4b8393a13f2b9af9b2bf d680de4b18024d4eb548d810135332d0 - - default default] Successfully bumped revision number for resource 240deb51-ccff-4b51-aee9-be81f4a50725 (type: security_group_rules) to 0
2026-07-10 01:01:52.231 9 INFO neutron.db.ovn_revision_numbers_db [None req-7114683c-1fe1-4d49-b643-8c9983b8240c 56c6772adfff4b8393a13f2b9af9b2bf d680de4b18024d4eb548d810135332d0 - - default default] Successfully bumped revision number for resource 56a3200b-dbf6-4a3a-8e34-34cff949823d (type: security_group_rules) to 0
2026-07-10 01:01:52.263 9 INFO neutron.db.ovn_revision_numbers_db [None req-7114683c-1fe1-4d49-b643-8c9983b8240c 56c6772adfff4b8393a13f2b9af9b2bf d680de4b18024d4eb548d810135332d0 - - default default] Successfully bumped revision number for resource 89dd8411-1ec6-4e54-a01e-7d7c7b7c21eb (type: security_group_rules) to 0
2026-07-10 01:01:52.281 9 INFO neutron.db.ovn_revision_numbers_db [None req-8e7d527d-b5f1-4364-abf9-4743f3e4b093 51ce21ba6aed4c38aa8b0bb558c269b1 7e13f266095a4f26ac4388a12cecd210 - - default default] Successfully bumped revision number for resource 61b80670-1e32-4aa1-9864-2db5b8074b6c (type: security_groups) to 1
2026-07-10 01:01:52.284 9 INFO neutron.db.ovn_revision_numbers_db [None req-7114683c-1fe1-4d49-b643-8c9983b8240c 56c6772adfff4b8393a13f2b9af9b2bf d680de4b18024d4eb548d810135332d0 - - default default] Successfully bumped revision number for resource c4880be9-bd4c-4b93-b777-99ead69a9c2e (type: security_group_rules) to 0
2026-07-10 01:01:52.312 9 INFO neutron.db.ovn_revision_numbers_db [None req-8e7d527d-b5f1-4364-abf9-4743f3e4b093 51ce21ba6aed4c38aa8b0bb558c269b1 7e13f266095a4f26ac4388a12cecd210 - - default default] Successfully bumped revision number for resource 492dde12-3505-4f8f-b0ac-127ff2947c00 (type: security_group_rules) to 0
2026-07-10 01:01:52.317 9 INFO neutron.wsgi [None req-7114683c-1fe1-4d49-b643-8c9983b8240c 56c6772adfff4b8393a13f2b9af9b2bf d680de4b18024d4eb548d810135332d0 - - default default] 10.0.0.104 "GET /v2.0/security-groups?tenant_id=660e67bdc49247ada67906e002682731&name=default HTTP/1.1" status: 200 len: 2996 time: 0.3008552
2026-07-10 01:01:52.339 9 INFO neutron.db.ovn_revision_numbers_db [None req-8e7d527d-b5f1-4364-abf9-4743f3e4b093 51ce21ba6aed4c38aa8b0bb558c269b1 7e13f266095a4f26ac4388a12cecd210 - - default default] Successfully bumped revision number for resource 586d4d82-8872-41c3-b8dc-c69f81f760d5 (type: security_group_rules) to 0
2026-07-10 01:01:52.372 9 INFO neutron.wsgi [None req-8e7d527d-b5f1-4364-abf9-4743f3e4b093 51ce21ba6aed4c38aa8b0bb558c269b1 7e13f266095a4f26ac4388a12cecd210 - - default default] 10.0.0.104 "POST /v2.0/security-groups HTTP/1.1" status: 201 len: 1739 time: 0.2458067
2026-07-10 01:01:52.512 9 INFO neutron.db.ovn_revision_numbers_db [None req-9f41d688-fd43-472e-bbe5-2d91b28e2d82 51ce21ba6aed4c38aa8b0bb558c269b1 7e13f266095a4f26ac4388a12cecd210 - - default default] Successfully bumped revision number for resource 7fd51c3b-396b-465d-810f-2eab3f35ad98 (type: security_groups) to 1
2026-07-10 01:01:52.532 9 INFO neutron.db.ovn_revision_numbers_db [None req-9f41d688-fd43-472e-bbe5-2d91b28e2d82 51ce21ba6aed4c38aa8b0bb558c269b1 7e13f266095a4f26ac4388a12cecd210 - - default default] Successfully bumped revision number for resource 2d6886b4-a925-42d2-8f28-008b0d5c0116 (type: security_group_rules) to 0
2026-07-10 01:01:52.532 10 WARNING neutron.scheduler.dhcp_agent_scheduler [None req-2cd42850-7d32-4973-9c23-a16a432fe95c fd9641cb218041d5991e662b99c16a04 affeaac082a74b44a7b0ecf64c4a0b98 - - default default] No more DHCP agents
2026-07-10 01:01:52.539 10 WARNING neutron.api.rpc.agentnotifiers.dhcp_rpc_agent_api [None req-2cd42850-7d32-4973-9c23-a16a432fe95c fd9641cb218041d5991e662b99c16a04 affeaac082a74b44a7b0ecf64c4a0b98 - - default default] Unable to schedule network 346e7678-1dce-4b95-8fef-89a1d6998193: no agents available; will retry on subsequent port and subnet creation events.
2026-07-10 01:01:52.552 9 INFO neutron.db.ovn_revision_numbers_db [None req-9f41d688-fd43-472e-bbe5-2d91b28e2d82 51ce21ba6aed4c38aa8b0bb558c269b1 7e13f266095a4f26ac4388a12cecd210 - - default default] Successfully bumped revision number for resource 4f85f261-27f4-4886-84b5-8e27db82cbdc (type: security_group_rules) to 0
2026-07-10 01:01:52.574 9 INFO neutron.wsgi [None req-9f41d688-fd43-472e-bbe5-2d91b28e2d82 51ce21ba6aed4c38aa8b0bb558c269b1 7e13f266095a4f26ac4388a12cecd210 - - default default] 10.0.0.104 "POST /v2.0/security-groups HTTP/1.1" status: 201 len: 1739 time: 0.1969562
2026-07-10 01:01:52.599 10 INFO neutron.wsgi [None req-dc66ba0d-8b2d-40c6-9499-875cbf456bd3 56c6772adfff4b8393a13f2b9af9b2bf d680de4b18024d4eb548d810135332d0 - - default default] 10.0.0.104 "DELETE /v2.0/security-groups/d0f2220c-ed06-4289-bc43-3a0a19b53c5f HTTP/1.1" status: 204 len: 168 time: 0.2708776
2026-07-10 01:01:52.606 9 INFO neutron.wsgi [None req-921ff4c7-9798-4dc4-891e-63d44851cde2 51ce21ba6aed4c38aa8b0bb558c269b1 7e13f266095a4f26ac4388a12cecd210 - - default default] 10.0.0.104 "PUT /v2.0/security-groups/41375340-a594-49e2-a450-7128f81e143f/tags HTTP/1.1" status: 200 len: 210 time: 0.0253170
2026-07-10 01:01:52.667 9 INFO neutron.wsgi [None req-cee0e17c-537c-4f12-bf7a-e467ad0b8856 51ce21ba6aed4c38aa8b0bb558c269b1 7e13f266095a4f26ac4388a12cecd210 - - default default] 10.0.0.104 "PUT /v2.0/security-groups/2cad41df-34b7-4661-803a-2335c1a4db17/tags HTTP/1.1" status: 200 len: 218 time: 0.0570660
2026-07-10 01:01:52.719 9 INFO neutron.wsgi [None req-fdce4ee1-8dc2-4fe7-b7d8-b7842ee00cdf 51ce21ba6aed4c38aa8b0bb558c269b1 7e13f266095a4f26ac4388a12cecd210 - - default default] 10.0.0.104 "PUT /v2.0/security-groups/63bd4873-beda-4543-b15b-ba78950dca3c/tags HTTP/1.1" status: 200 len: 227 time: 0.0467517
2026-07-10 01:01:52.756 10 INFO neutron.db.ovn_revision_numbers_db [None req-2cd42850-7d32-4973-9c23-a16a432fe95c fd9641cb218041d5991e662b99c16a04 affeaac082a74b44a7b0ecf64c4a0b98 - - default default] Successfully bumped revision number for resource 4353ef20-287f-4603-9d22-7880075e0764 (type: ports) to 1
2026-07-10 01:01:52.769 10 INFO neutron.wsgi [None req-6f8c4d70-e060-4061-bec4-e484c7c5c6f2 51ce21ba6aed4c38aa8b0bb558c269b1 7e13f266095a4f26ac4388a12cecd210 - - default default] 10.0.0.104 "PUT /v2.0/security-groups/61b80670-1e32-4aa1-9864-2db5b8074b6c/tags HTTP/1.1" status: 200 len: 212 time: 0.0425179
2026-07-10 01:01:52.798 9 INFO neutron.services.segments.plugin [-] Segment aae90dd7-0526-4125-8769-41aa9fe15fcd resource provider aggregate not found
2026-07-10 01:01:52.805 9 INFO neutron.services.segments.plugin [-] Segment aae90dd7-0526-4125-8769-41aa9fe15fcd resource provider aggregate not found
2026-07-10 01:01:52.825 9 INFO neutron.services.segments.plugin [-] Segment aae90dd7-0526-4125-8769-41aa9fe15fcd resource provider not found; error: Placement Client Error (4xx): {"errors": [{"status": 404, "title": "Not Found", "detail": "The resource could not be found.\n\n No resource provider with uuid aae90dd7-0526-4125-8769-41aa9fe15fcd found for delete ", "request_id": "req-a5be58b3-37a1-40e5-a11f-e20ead43ec91"}]}
2026-07-10 01:01:52.829 9 INFO neutron.services.segments.plugin [-] Segment aae90dd7-0526-4125-8769-41aa9fe15fcd resource provider not found; error: Placement Client Error (4xx): {"errors": [{"status": 404, "title": "Not Found", "detail": "The resource could not be found.\n\n No resource provider with uuid aae90dd7-0526-4125-8769-41aa9fe15fcd found for delete ", "request_id": "req-2d8df643-63d7-4a66-857f-c8ffc333b849"}]}
2026-07-10 01:01:52.864 9 INFO neutron.wsgi [None req-1597f48a-3b55-4f14-bcb7-4f7aa42ab79d 51ce21ba6aed4c38aa8b0bb558c269b1 7e13f266095a4f26ac4388a12cecd210 - - default default] 10.0.0.104 "GET /v2.0/security-groups?tags=red HTTP/1.1" status: 200 len: 4813 time: 0.0864134
2026-07-10 01:01:52.879 9 INFO neutron.wsgi [None req-a81a64fc-51bc-4029-8a44-17c55941933e 372656b6bdf048e9ab63642d9f0e4b9b 2c439af8160f4d70accbcd0733c12544 - - default default] 10.0.0.104 "DELETE /v2.0/networks/2dbc1484-418a-4bc6-a6f3-119ecfcbe0f4 HTTP/1.1" status: 204 len: 168 time: 0.8213100
2026-07-10 01:01:52.914 9 INFO neutron.pecan_wsgi.hooks.translation [None req-b2870add-d796-4fda-8181-69f73706fc3d 372656b6bdf048e9ab63642d9f0e4b9b 2c439af8160f4d70accbcd0733c12544 - - default default] DELETE failed (client error): The resource could not be found.
2026-07-10 01:01:52.917 9 INFO neutron.wsgi [None req-b2870add-d796-4fda-8181-69f73706fc3d 372656b6bdf048e9ab63642d9f0e4b9b 2c439af8160f4d70accbcd0733c12544 - - default default] 10.0.0.104 "DELETE /v2.0/networks/2dbc1484-418a-4bc6-a6f3-119ecfcbe0f4 HTTP/1.1" status: 404 len: 339 time: 0.0308111
2026-07-10 01:01:52.954 9 INFO neutron.wsgi [None req-61cfdea0-7d82-48ba-b92e-0efd82a0d754 51ce21ba6aed4c38aa8b0bb558c269b1 7e13f266095a4f26ac4388a12cecd210 - - default default] 10.0.0.104 "GET /v2.0/security-groups?tags=red%2Cblue HTTP/1.1" status: 200 len: 3289 time: 0.0844636
2026-07-10 01:01:53.009 9 INFO neutron.wsgi [None req-f419c72e-a357-4420-a74f-2aae11fa5dcf 51ce21ba6aed4c38aa8b0bb558c269b1 7e13f266095a4f26ac4388a12cecd210 - - default default] 10.0.0.104 "GET /v2.0/security-groups?tags-any=blue HTTP/1.1" status: 200 len: 3289 time: 0.0505171
2026-07-10 01:01:53.050 10 INFO neutron.wsgi [None req-a1f8f598-2579-4140-9654-9772c870f0dd 372656b6bdf048e9ab63642d9f0e4b9b 2c439af8160f4d70accbcd0733c12544 - - default default] 10.0.0.104 "GET /v2.0/networks?router%3Aexternal=True HTTP/1.1" status: 200 len: 845 time: 0.1255846
2026-07-10 01:01:53.080 9 INFO neutron.wsgi [None req-af3c501e-3ab5-4b6b-9a6d-c617078369ae 51ce21ba6aed4c38aa8b0bb558c269b1 7e13f266095a4f26ac4388a12cecd210 - - default default] 10.0.0.104 "GET /v2.0/security-groups?tags-any=red%2Cblue HTTP/1.1" status: 200 len: 4813 time: 0.0645025
2026-07-10 01:01:53.105 9 INFO neutron.wsgi [None req-aa1d5fa4-ec53-4a74-94f2-170367d97ce5 372656b6bdf048e9ab63642d9f0e4b9b 2c439af8160f4d70accbcd0733c12544 - - default default] 10.0.0.104 "GET /v2.0/subnets?network_id=ce3391ea-076e-468c-b70e-f6679d5578fc HTTP/1.1" status: 200 len: 820 time: 0.0495362
2026-07-10 01:01:53.121 9 INFO neutron.wsgi [None req-1537c508-0588-499f-b862-62b54db6f71e 372656b6bdf048e9ab63642d9f0e4b9b 2c439af8160f4d70accbcd0733c12544 - - default default] 10.0.0.104 "GET /v2.0/extensions HTTP/1.1" status: 200 len: 16520 time: 0.0097158
2026-07-10 01:01:53.154 10 INFO neutron.wsgi [None req-c2b52559-cf32-461b-81f4-249f461467c6 51ce21ba6aed4c38aa8b0bb558c269b1 7e13f266095a4f26ac4388a12cecd210 - - default default] 10.0.0.104 "GET /v2.0/security-groups?not-tags=red HTTP/1.1" status: 200 len: 6045 time: 0.0674071
2026-07-10 01:01:53.281 9 INFO neutron.wsgi [None req-d3c863bd-5fe8-4b92-ae97-4abcbcda0fd4 51ce21ba6aed4c38aa8b0bb558c269b1 7e13f266095a4f26ac4388a12cecd210 - - default default] 10.0.0.104 "GET /v2.0/security-groups?not-tags=red%2Cblue HTTP/1.1" status: 200 len: 7569 time: 0.1127689
2026-07-10 01:01:53.292 9 INFO neutron.wsgi [None req-59c8f7bf-6fd4-45db-9c08-833a387fd13a 372656b6bdf048e9ab63642d9f0e4b9b 2c439af8160f4d70accbcd0733c12544 - - default default] 10.0.0.104 "GET /v2.0/networks HTTP/1.1" status: 200 len: 1503 time: 0.1615081
2026-07-10 01:01:53.361 9 INFO neutron.wsgi [None req-2f31e72e-c2a4-4ea1-93d8-eba14c8a1374 372656b6bdf048e9ab63642d9f0e4b9b 2c439af8160f4d70accbcd0733c12544 - - default default] 10.0.0.104 "GET /v2.0/subnets HTTP/1.1" status: 200 len: 1428 time: 0.0601747
2026-07-10 01:01:53.385 9 INFO neutron.wsgi [None req-efb7a50d-b61a-4352-a80b-59115d620ff2 51ce21ba6aed4c38aa8b0bb558c269b1 7e13f266095a4f26ac4388a12cecd210 - - default default] 10.0.0.104 "GET /v2.0/security-groups?not-tags-any=blue HTTP/1.1" status: 200 len: 7569 time: 0.0915744
2026-07-10 01:01:53.439 9 INFO neutron.wsgi [None req-858a23fd-ca4b-493f-8a3d-3ee50e546cf6 51ce21ba6aed4c38aa8b0bb558c269b1 7e13f266095a4f26ac4388a12cecd210 - - default default] 10.0.0.104 "GET /v2.0/security-groups?not-tags-any=red%2Cblue HTTP/1.1" status: 200 len: 6045 time: 0.0476747
2026-07-10 01:01:53.485 9 INFO neutron.wsgi [None req-cad7592e-7fa6-427a-a6f8-83e8fcc7b128 372656b6bdf048e9ab63642d9f0e4b9b 2c439af8160f4d70accbcd0733c12544 - - default default] 10.0.0.104 "GET /v2.0/networks/ce091dd4-e38d-4b44-90c6-c5179c54318c HTTP/1.1" status: 200 len: 862 time: 0.1166153
2026-07-10 01:01:53.555 10 INFO neutron.wsgi [None req-e30b93a6-c2d3-4101-8e84-50916a27a3e8 372656b6bdf048e9ab63642d9f0e4b9b 2c439af8160f4d70accbcd0733c12544 - - default default] 10.0.0.104 "GET /v2.0/subnets/0c78110c-00ab-4c5f-9177-461a483c9637 HTTP/1.1" status: 200 len: 811 time: 0.0625706
2026-07-10 01:01:53.582 10 INFO neutron.pecan_wsgi.hooks.translation [None req-f9991281-a855-4cdd-a8d6-f279de9f4af9 372656b6bdf048e9ab63642d9f0e4b9b 2c439af8160f4d70accbcd0733c12544 - - default default] DELETE failed (client error): The resource could not be found.
2026-07-10 01:01:53.584 10 INFO neutron.wsgi [None req-f9991281-a855-4cdd-a8d6-f279de9f4af9 372656b6bdf048e9ab63642d9f0e4b9b 2c439af8160f4d70accbcd0733c12544 - - default default] 10.0.0.104 "DELETE /v2.0/subnets/dc0efdfb-adce-4e24-9e6c-b44452d50127 HTTP/1.1" status: 404 len: 337 time: 0.0214462
2026-07-10 01:01:53.608 9 INFO neutron.pecan_wsgi.hooks.translation [None req-4012ee39-795a-467a-bd41-f4adbca7c632 372656b6bdf048e9ab63642d9f0e4b9b 2c439af8160f4d70accbcd0733c12544 - - default default] DELETE failed (client error): The resource could not be found.
2026-07-10 01:01:53.611 9 INFO neutron.wsgi [None req-4012ee39-795a-467a-bd41-f4adbca7c632 372656b6bdf048e9ab63642d9f0e4b9b 2c439af8160f4d70accbcd0733c12544 - - default default] 10.0.0.104 "DELETE /v2.0/networks/2dbc1484-418a-4bc6-a6f3-119ecfcbe0f4 HTTP/1.1" status: 404 len: 339 time: 0.0222631
2026-07-10 01:01:53.678 10 INFO neutron.wsgi [None req-55fd6776-abef-4e02-b29c-efeda4f70a46 51ce21ba6aed4c38aa8b0bb558c269b1 7e13f266095a4f26ac4388a12cecd210 - - default default] 10.0.0.104 "DELETE /v2.0/security-groups/41375340-a594-49e2-a450-7128f81e143f HTTP/1.1" status: 204 len: 168 time: 0.2305059
2026-07-10 01:01:53.741 10 INFO neutron.plugins.ml2.drivers.ovn.mech_driver.mech_driver [None req-8188d7f9-7e32-405c-a9c0-d725ce4f79ec - - - - - -] OVN reports status up for port: 4353ef20-287f-4603-9d22-7880075e0764
2026-07-10 01:01:53.749 10 INFO neutron.plugins.ml2.plugin [None req-8188d7f9-7e32-405c-a9c0-d725ce4f79ec - - - - - -] Attempt 1 to provision port 4353ef20-287f-4603-9d22-7880075e0764
2026-07-10 01:01:53.759 10 INFO neutron.db.ovn_revision_numbers_db [None req-2cd42850-7d32-4973-9c23-a16a432fe95c fd9641cb218041d5991e662b99c16a04 affeaac082a74b44a7b0ecf64c4a0b98 - - default default] Successfully bumped revision number for resource 4353ef20-287f-4603-9d22-7880075e0764 (type: router_ports) to 1
2026-07-10 01:01:53.850 9 INFO neutron.wsgi [None req-6ffda4d8-8448-4ca6-9922-4e645ea8c071 51ce21ba6aed4c38aa8b0bb558c269b1 7e13f266095a4f26ac4388a12cecd210 - - default default] 10.0.0.104 "DELETE /v2.0/security-groups/2cad41df-34b7-4661-803a-2335c1a4db17 HTTP/1.1" status: 204 len: 168 time: 0.1676745
2026-07-10 01:01:53.885 9 INFO neutron.wsgi [None req-7be25141-f377-4ee2-b52b-c29dae057bcb 372656b6bdf048e9ab63642d9f0e4b9b 2c439af8160f4d70accbcd0733c12544 - - default default] 10.0.0.104 "DELETE /v2.0/subnets/0c78110c-00ab-4c5f-9177-461a483c9637 HTTP/1.1" status: 204 len: 168 time: 0.2694001
2026-07-10 01:01:53.963 10 INFO neutron.db.ovn_revision_numbers_db [None req-2cd42850-7d32-4973-9c23-a16a432fe95c fd9641cb218041d5991e662b99c16a04 affeaac082a74b44a7b0ecf64c4a0b98 - - default default] Successfully bumped revision number for resource 4353ef20-287f-4603-9d22-7880075e0764 (type: ports) to 1
2026-07-10 01:01:54.016 9 INFO neutron.wsgi [None req-f248f63b-5b04-4747-812c-ad6985798ecb 51ce21ba6aed4c38aa8b0bb558c269b1 7e13f266095a4f26ac4388a12cecd210 - - default default] 10.0.0.104 "DELETE /v2.0/security-groups/63bd4873-beda-4543-b15b-ba78950dca3c HTTP/1.1" status: 204 len: 168 time: 0.1611409
2026-07-10 01:01:54.084 10 WARNING neutron.scheduler.dhcp_agent_scheduler [None req-2cd42850-7d32-4973-9c23-a16a432fe95c fd9641cb218041d5991e662b99c16a04 affeaac082a74b44a7b0ecf64c4a0b98 - - default default] No more DHCP agents
2026-07-10 01:01:54.092 10 WARNING neutron.api.rpc.agentnotifiers.dhcp_rpc_agent_api [None req-2cd42850-7d32-4973-9c23-a16a432fe95c fd9641cb218041d5991e662b99c16a04 affeaac082a74b44a7b0ecf64c4a0b98 - - default default] Unable to schedule network 346e7678-1dce-4b95-8fef-89a1d6998193: no agents available; will retry on subsequent port and subnet creation events.
2026-07-10 01:01:54.200 10 INFO neutron.db.ovn_revision_numbers_db [None req-8188d7f9-7e32-405c-a9c0-d725ce4f79ec - - - - - -] Successfully bumped revision number for resource 4353ef20-287f-4603-9d22-7880075e0764 (type: ports) to 2
2026-07-10 01:01:54.277 10 INFO neutron.wsgi [None req-78130dc1-39d4-49bb-9f82-3eb2a955c8ef 51ce21ba6aed4c38aa8b0bb558c269b1 7e13f266095a4f26ac4388a12cecd210 - - default default] 10.0.0.104 "DELETE /v2.0/security-groups/61b80670-1e32-4aa1-9864-2db5b8074b6c HTTP/1.1" status: 204 len: 168 time: 0.2543292
2026-07-10 01:01:54.376 10 INFO neutron.db.ovn_revision_numbers_db [None req-8188d7f9-7e32-405c-a9c0-d725ce4f79ec - - - - - -] Successfully bumped revision number for resource 4353ef20-287f-4603-9d22-7880075e0764 (type: router_ports) to 2
2026-07-10 01:01:54.428 9 INFO neutron.wsgi [None req-189c47c6-f2d2-4037-87c9-d6f5bc004ece 51ce21ba6aed4c38aa8b0bb558c269b1 7e13f266095a4f26ac4388a12cecd210 - - default default] 10.0.0.104 "DELETE /v2.0/security-groups/7fd51c3b-396b-465d-810f-2eab3f35ad98 HTTP/1.1" status: 204 len: 168 time: 0.1462021
2026-07-10 01:01:54.520 10 INFO neutron.db.ovn_revision_numbers_db [None req-2cd42850-7d32-4973-9c23-a16a432fe95c fd9641cb218041d5991e662b99c16a04 affeaac082a74b44a7b0ecf64c4a0b98 - - default default] Successfully bumped revision number for resource 4353ef20-287f-4603-9d22-7880075e0764 (type: router_ports) to 2
2026-07-10 01:01:54.523 10 INFO neutron.wsgi [None req-2cd42850-7d32-4973-9c23-a16a432fe95c fd9641cb218041d5991e662b99c16a04 affeaac082a74b44a7b0ecf64c4a0b98 - - default default] 10.0.0.104 "PUT /v2.0/routers/726f5375-3da5-4024-a191-a18fd17a56ea/add_router_interface HTTP/1.1" status: 200 len: 503 time: 2.6126783
2026-07-10 01:01:54.539 9 INFO neutron.wsgi [None req-d81463e8-6b5e-4204-9f5f-288239e2d2e1 372656b6bdf048e9ab63642d9f0e4b9b 2c439af8160f4d70accbcd0733c12544 - - default default] 10.0.0.104 "DELETE /v2.0/networks/ce091dd4-e38d-4b44-90c6-c5179c54318c HTTP/1.1" status: 204 len: 168 time: 0.6491504
2026-07-10 01:01:54.849 9 INFO neutron.services.segments.plugin [-] Segment b96a6599-6cc8-443a-bbc3-09f581f5b5ff resource provider aggregate not found
2026-07-10 01:01:54.858 9 INFO neutron.services.segments.plugin [-] Segment b96a6599-6cc8-443a-bbc3-09f581f5b5ff resource provider aggregate not found
2026-07-10 01:01:54.866 9 INFO neutron.services.segments.plugin [-] Segment b96a6599-6cc8-443a-bbc3-09f581f5b5ff resource provider not found; error: Placement Client Error (4xx): {"errors": [{"status": 404, "title": "Not Found", "detail": "The resource could not be found.\n\n No resource provider with uuid b96a6599-6cc8-443a-bbc3-09f581f5b5ff found for delete ", "request_id": "req-1dadf4fb-7550-4b82-8367-3b2354a4903c"}]}
2026-07-10 01:01:54.878 9 INFO neutron.services.segments.plugin [-] Segment b96a6599-6cc8-443a-bbc3-09f581f5b5ff resource provider not found; error: Placement Client Error (4xx): {"errors": [{"status": 404, "title": "Not Found", "detail": "The resource could not be found.\n\n No resource provider with uuid b96a6599-6cc8-443a-bbc3-09f581f5b5ff found for delete ", "request_id": "req-6343517d-72ff-4774-afe7-93d93f81c9f6"}]}
2026-07-10 01:01:55.036 10 WARNING neutron.scheduler.dhcp_agent_scheduler [None req-fac02058-247a-4499-80fc-4a2d25e8ff96 fd9641cb218041d5991e662b99c16a04 affeaac082a74b44a7b0ecf64c4a0b98 - - default default] No more DHCP agents
2026-07-10 01:01:55.039 10 WARNING neutron.api.rpc.agentnotifiers.dhcp_rpc_agent_api [None req-fac02058-247a-4499-80fc-4a2d25e8ff96 fd9641cb218041d5991e662b99c16a04 affeaac082a74b44a7b0ecf64c4a0b98 - - default default] Unable to schedule network 738d6554-e88d-44aa-a7a9-bae104c63677: no agents available; will retry on subsequent port and subnet creation events.
2026-07-10 01:01:55.206 10 INFO neutron.db.ovn_revision_numbers_db [None req-fac02058-247a-4499-80fc-4a2d25e8ff96 fd9641cb218041d5991e662b99c16a04 affeaac082a74b44a7b0ecf64c4a0b98 - - default default] Successfully bumped revision number for resource 09ded505-7271-4b9d-8602-96b4f35292d3 (type: ports) to 1
2026-07-10 01:01:55.353 10 INFO neutron.wsgi [None req-2abd026d-c236-47b5-bc7a-53c65adc99cc 56c6772adfff4b8393a13f2b9af9b2bf d680de4b18024d4eb548d810135332d0 - - default default] 10.0.0.104 "GET /v2.0/security-groups?tenant_id=2c439af8160f4d70accbcd0733c12544&name=default HTTP/1.1" status: 200 len: 2996 time: 0.2818794
2026-07-10 01:01:55.558 9 INFO neutron.wsgi [None req-9bf702b9-8b57-475c-aa1c-6cdfbf9aa392 56c6772adfff4b8393a13f2b9af9b2bf d680de4b18024d4eb548d810135332d0 - - default default] 10.0.0.104 "DELETE /v2.0/security-groups/3446f6cf-1140-4e6c-9b01-d62244a0a409 HTTP/1.1" status: 204 len: 168 time: 0.1981373
2026-07-10 01:01:55.621 9 INFO neutron.db.ovn_revision_numbers_db [None req-939e00d5-9858-4d0e-a269-bfa961dfc77f 56c6772adfff4b8393a13f2b9af9b2bf d680de4b18024d4eb548d810135332d0 - - default default] Successfully bumped revision number for resource 38b0e9b5-d1a3-4558-8bb0-65cb6c7a0ec3 (type: security_groups) to 1
2026-07-10 01:01:55.639 9 INFO neutron.db.ovn_revision_numbers_db [None req-939e00d5-9858-4d0e-a269-bfa961dfc77f 56c6772adfff4b8393a13f2b9af9b2bf d680de4b18024d4eb548d810135332d0 - - default default] Successfully bumped revision number for resource 0c6c57db-6286-4081-b32f-0dc3de9bde1c (type: security_group_rules) to 0
2026-07-10 01:01:55.659 9 INFO neutron.db.ovn_revision_numbers_db [None req-939e00d5-9858-4d0e-a269-bfa961dfc77f 56c6772adfff4b8393a13f2b9af9b2bf d680de4b18024d4eb548d810135332d0 - - default default] Successfully bumped revision number for resource b5bff310-78ab-4fea-a447-4b4bf81a3cb9 (type: security_group_rules) to 0
2026-07-10 01:01:55.680 9 INFO neutron.db.ovn_revision_numbers_db [None req-939e00d5-9858-4d0e-a269-bfa961dfc77f 56c6772adfff4b8393a13f2b9af9b2bf d680de4b18024d4eb548d810135332d0 - - default default] Successfully bumped revision number for resource f5dab829-c656-4dc2-8dd0-538d2db5ce37 (type: security_group_rules) to 0
2026-07-10 01:01:55.705 9 INFO neutron.db.ovn_revision_numbers_db [None req-939e00d5-9858-4d0e-a269-bfa961dfc77f 56c6772adfff4b8393a13f2b9af9b2bf d680de4b18024d4eb548d810135332d0 - - default default] Successfully bumped revision number for resource f9cac40f-3434-4b9e-9a7d-7ac017581308 (type: security_group_rules) to 0
2026-07-10 01:01:55.737 9 INFO neutron.wsgi [None req-939e00d5-9858-4d0e-a269-bfa961dfc77f 56c6772adfff4b8393a13f2b9af9b2bf d680de4b18024d4eb548d810135332d0 - - default default] 10.0.0.104 "GET /v2.0/security-groups?tenant_id=77e2b277076e41f691349e5e0e5f027b&name=default HTTP/1.1" status: 200 len: 3000 time: 0.3804159
2026-07-10 01:01:55.869 10 INFO neutron.db.ovn_revision_numbers_db [None req-fac02058-247a-4499-80fc-4a2d25e8ff96 fd9641cb218041d5991e662b99c16a04 affeaac082a74b44a7b0ecf64c4a0b98 - - default default] Successfully bumped revision number for resource 09ded505-7271-4b9d-8602-96b4f35292d3 (type: router_ports) to 1
2026-07-10 01:01:55.996 9 INFO neutron.wsgi [None req-63abd436-fd08-4eea-abb9-5c103588e47a 56c6772adfff4b8393a13f2b9af9b2bf d680de4b18024d4eb548d810135332d0 - - default default] 10.0.0.104 "DELETE /v2.0/security-groups/38b0e9b5-d1a3-4558-8bb0-65cb6c7a0ec3 HTTP/1.1" status: 204 len: 168 time: 0.2560716
2026-07-10 01:01:56.097 10 INFO neutron.db.ovn_revision_numbers_db [None req-fac02058-247a-4499-80fc-4a2d25e8ff96 fd9641cb218041d5991e662b99c16a04 affeaac082a74b44a7b0ecf64c4a0b98 - - default default] Successfully bumped revision number for resource 09ded505-7271-4b9d-8602-96b4f35292d3 (type: ports) to 1
2026-07-10 01:01:56.172 10 WARNING neutron.scheduler.dhcp_agent_scheduler [None req-fac02058-247a-4499-80fc-4a2d25e8ff96 fd9641cb218041d5991e662b99c16a04 affeaac082a74b44a7b0ecf64c4a0b98 - - default default] No more DHCP agents
2026-07-10 01:01:56.174 10 WARNING neutron.api.rpc.agentnotifiers.dhcp_rpc_agent_api [None req-fac02058-247a-4499-80fc-4a2d25e8ff96 fd9641cb218041d5991e662b99c16a04 affeaac082a74b44a7b0ecf64c4a0b98 - - default default] Unable to schedule network 738d6554-e88d-44aa-a7a9-bae104c63677: no agents available; will retry on subsequent port and subnet creation events.
2026-07-10 01:01:56.235 10 INFO neutron.wsgi [None req-707351b9-2014-4356-8109-372055bd31ab 56c6772adfff4b8393a13f2b9af9b2bf d680de4b18024d4eb548d810135332d0 - - default default] 10.0.0.104 "GET /v2.0/security-groups?tenant_id=7e13f266095a4f26ac4388a12cecd210&name=default HTTP/1.1" status: 200 len: 2996 time: 0.0533679
2026-07-10 01:01:56.469 9 INFO neutron.wsgi [None req-ca63c083-860c-41c1-a8a9-84ee3e6cab3c 56c6772adfff4b8393a13f2b9af9b2bf d680de4b18024d4eb548d810135332d0 - - default default] 10.0.0.104 "DELETE /v2.0/security-groups/b6269d1f-ac46-411d-a312-16dcdbe9a5d6 HTTP/1.1" status: 204 len: 168 time: 0.2220891
2026-07-10 01:01:56.523 9 INFO neutron.db.ovn_revision_numbers_db [None req-375dd538-a71d-4848-99b1-5b3c36cd0e74 a4b4a24ee6954dc4b85fe64f41172e0f c3c80e0f108c469eb6a3c2d5c1d8c068 - - default default] Successfully bumped revision number for resource 8a5f3afb-a7b4-4d73-a71a-18d46256b182 (type: security_groups) to 1
2026-07-10 01:01:56.537 9 INFO neutron.db.ovn_revision_numbers_db [None req-375dd538-a71d-4848-99b1-5b3c36cd0e74 a4b4a24ee6954dc4b85fe64f41172e0f c3c80e0f108c469eb6a3c2d5c1d8c068 - - default default] Successfully bumped revision number for resource 1b4e1229-5b3b-4351-ac74-4159e16df301 (type: security_group_rules) to 0
2026-07-10 01:01:56.543 10 INFO neutron.db.ovn_revision_numbers_db [None req-fac02058-247a-4499-80fc-4a2d25e8ff96 fd9641cb218041d5991e662b99c16a04 affeaac082a74b44a7b0ecf64c4a0b98 - - default default] Successfully bumped revision number for resource 09ded505-7271-4b9d-8602-96b4f35292d3 (type: router_ports) to 1
2026-07-10 01:01:56.546 10 INFO neutron.wsgi [None req-fac02058-247a-4499-80fc-4a2d25e8ff96 fd9641cb218041d5991e662b99c16a04 affeaac082a74b44a7b0ecf64c4a0b98 - - default default] 10.0.0.104 "PUT /v2.0/routers/726f5375-3da5-4024-a191-a18fd17a56ea/add_router_interface HTTP/1.1" status: 200 len: 503 time: 2.0158451
2026-07-10 01:01:56.556 9 INFO neutron.db.ovn_revision_numbers_db [None req-375dd538-a71d-4848-99b1-5b3c36cd0e74 a4b4a24ee6954dc4b85fe64f41172e0f c3c80e0f108c469eb6a3c2d5c1d8c068 - - default default] Successfully bumped revision number for resource 50bbf9ef-056e-42fc-a592-435c23549d79 (type: security_group_rules) to 0
2026-07-10 01:01:56.573 9 INFO neutron.db.ovn_revision_numbers_db [None req-375dd538-a71d-4848-99b1-5b3c36cd0e74 a4b4a24ee6954dc4b85fe64f41172e0f c3c80e0f108c469eb6a3c2d5c1d8c068 - - default default] Successfully bumped revision number for resource 6c3392ef-a0a4-4320-b7a6-42e43599d5f0 (type: security_group_rules) to 0
2026-07-10 01:01:56.588 9 INFO neutron.db.ovn_revision_numbers_db [None req-375dd538-a71d-4848-99b1-5b3c36cd0e74 a4b4a24ee6954dc4b85fe64f41172e0f c3c80e0f108c469eb6a3c2d5c1d8c068 - - default default] Successfully bumped revision number for resource ccddc8d1-afef-43f1-a868-49c722b263a1 (type: security_group_rules) to 0
2026-07-10 01:01:56.641 9 INFO neutron.db.segments_db [None req-375dd538-a71d-4848-99b1-5b3c36cd0e74 a4b4a24ee6954dc4b85fe64f41172e0f c3c80e0f108c469eb6a3c2d5c1d8c068 - - default default] Added segment ade5fcd3-eae1-4b8a-805f-888849d91ded of type geneve for network df7253fc-46e2-4c56-ac79-9a1f482240eb
2026-07-10 01:01:56.712 10 INFO neutron.db.ovn_revision_numbers_db [None req-49e54969-431a-4c7d-9895-fd8f91c961c8 fd9641cb218041d5991e662b99c16a04 affeaac082a74b44a7b0ecf64c4a0b98 - - default default] Successfully bumped revision number for resource 15051684-899d-4791-849a-c9a91222c242 (type: security_groups) to 1
2026-07-10 01:01:56.730 10 INFO neutron.db.ovn_revision_numbers_db [None req-49e54969-431a-4c7d-9895-fd8f91c961c8 fd9641cb218041d5991e662b99c16a04 affeaac082a74b44a7b0ecf64c4a0b98 - - default default] Successfully bumped revision number for resource 276372f4-c194-44ce-a148-a0cc8241854f (type: security_group_rules) to 0
2026-07-10 01:01:56.746 10 INFO neutron.db.ovn_revision_numbers_db [None req-49e54969-431a-4c7d-9895-fd8f91c961c8 fd9641cb218041d5991e662b99c16a04 affeaac082a74b44a7b0ecf64c4a0b98 - - default default] Successfully bumped revision number for resource b36d28d3-927a-4313-b275-aad9a0d9a876 (type: security_group_rules) to 0
2026-07-10 01:01:56.773 10 INFO neutron.wsgi [None req-49e54969-431a-4c7d-9895-fd8f91c961c8 fd9641cb218041d5991e662b99c16a04 affeaac082a74b44a7b0ecf64c4a0b98 - - default default] 10.0.0.104 "POST /v2.0/security-groups HTTP/1.1" status: 201 len: 1765 time: 0.1719263
2026-07-10 01:01:56.816 9 INFO neutron.db.ovn_revision_numbers_db [None req-1a511f7e-ad0f-4478-9473-4f4431bf2c99 56c6772adfff4b8393a13f2b9af9b2bf d680de4b18024d4eb548d810135332d0 - - default default] Successfully bumped revision number for resource 693f59d0-0311-4a05-a211-4be097d70f80 (type: security_groups) to 1
2026-07-10 01:01:56.826 9 INFO neutron.db.ovn_revision_numbers_db [None req-375dd538-a71d-4848-99b1-5b3c36cd0e74 a4b4a24ee6954dc4b85fe64f41172e0f c3c80e0f108c469eb6a3c2d5c1d8c068 - - default default] Successfully bumped revision number for resource df7253fc-46e2-4c56-ac79-9a1f482240eb (type: networks) to 1
2026-07-10 01:01:56.837 9 INFO neutron.db.ovn_revision_numbers_db [None req-1a511f7e-ad0f-4478-9473-4f4431bf2c99 56c6772adfff4b8393a13f2b9af9b2bf d680de4b18024d4eb548d810135332d0 - - default default] Successfully bumped revision number for resource 10d0de2d-8ee3-4ab9-856c-0d64e0408d3e (type: security_group_rules) to 0
2026-07-10 01:01:56.884 9 INFO neutron.db.ovn_revision_numbers_db [None req-1a511f7e-ad0f-4478-9473-4f4431bf2c99 56c6772adfff4b8393a13f2b9af9b2bf d680de4b18024d4eb548d810135332d0 - - default default] Successfully bumped revision number for resource 1af5b1b3-e904-41fb-bbbd-d719d5e9624f (type: security_group_rules) to 0
2026-07-10 01:01:56.913 9 INFO neutron.db.ovn_revision_numbers_db [None req-1a511f7e-ad0f-4478-9473-4f4431bf2c99 56c6772adfff4b8393a13f2b9af9b2bf d680de4b18024d4eb548d810135332d0 - - default default] Successfully bumped revision number for resource b6d0788e-a0c1-4dfb-ae1c-9d9112f36981 (type: security_group_rules) to 0
2026-07-10 01:01:56.945 9 INFO neutron.db.ovn_revision_numbers_db [None req-1a511f7e-ad0f-4478-9473-4f4431bf2c99 56c6772adfff4b8393a13f2b9af9b2bf d680de4b18024d4eb548d810135332d0 - - default default] Successfully bumped revision number for resource bed1a6f0-1944-42bc-9748-3a0dd5b6d0a8 (type: security_group_rules) to 0
2026-07-10 01:01:56.979 9 INFO neutron.wsgi [None req-1a511f7e-ad0f-4478-9473-4f4431bf2c99 56c6772adfff4b8393a13f2b9af9b2bf d680de4b18024d4eb548d810135332d0 - - default default] 10.0.0.104 "GET /v2.0/security-groups?tenant_id=dca5fceb8620475e8ed968bdcb40be7f&name=default HTTP/1.1" status: 200 len: 3000 time: 0.3650243
2026-07-10 01:01:57.019 9 INFO neutron.db.ovn_revision_numbers_db [None req-8ef6ae82-b0ff-498b-9674-9492bea5ff24 fd9641cb218041d5991e662b99c16a04 affeaac082a74b44a7b0ecf64c4a0b98 - - default default] Successfully bumped revision number for resource 395fe1c9-35c3-43c2-932c-c91419d0a3be (type: security_group_rules) to 0
2026-07-10 01:01:57.058 9 INFO neutron.wsgi [None req-8ef6ae82-b0ff-498b-9674-9492bea5ff24 fd9641cb218041d5991e662b99c16a04 affeaac082a74b44a7b0ecf64c4a0b98 - - default default] 10.0.0.104 "POST /v2.0/security-group-rules HTTP/1.1" status: 201 len: 764 time: 0.2769003
2026-07-10 01:01:57.082 9 WARNING neutron.scheduler.dhcp_agent_scheduler [None req-375dd538-a71d-4848-99b1-5b3c36cd0e74 a4b4a24ee6954dc4b85fe64f41172e0f c3c80e0f108c469eb6a3c2d5c1d8c068 - - default default] No more DHCP agents
2026-07-10 01:01:57.085 9 WARNING neutron.api.rpc.agentnotifiers.dhcp_rpc_agent_api [None req-375dd538-a71d-4848-99b1-5b3c36cd0e74 a4b4a24ee6954dc4b85fe64f41172e0f c3c80e0f108c469eb6a3c2d5c1d8c068 - - default default] Unable to schedule network df7253fc-46e2-4c56-ac79-9a1f482240eb: no agents available; will retry on subsequent port and subnet creation events.
2026-07-10 01:01:57.154 9 INFO neutron.db.ovn_revision_numbers_db [None req-375dd538-a71d-4848-99b1-5b3c36cd0e74 a4b4a24ee6954dc4b85fe64f41172e0f c3c80e0f108c469eb6a3c2d5c1d8c068 - - default default] Successfully bumped revision number for resource cb02aefa-11b9-458e-87fe-12654c2b10ea (type: ports) to 1
2026-07-10 01:01:57.176 9 INFO neutron.wsgi [None req-375dd538-a71d-4848-99b1-5b3c36cd0e74 a4b4a24ee6954dc4b85fe64f41172e0f c3c80e0f108c469eb6a3c2d5c1d8c068 - - default default] 10.0.0.104 "POST /v2.0/networks HTTP/1.1" status: 201 len: 830 time: 1.0629110
2026-07-10 01:01:57.201 10 INFO neutron.db.ovn_revision_numbers_db [None req-2ecf0120-c8c1-4e75-9064-37858b460553 fd9641cb218041d5991e662b99c16a04 affeaac082a74b44a7b0ecf64c4a0b98 - - default default] Successfully bumped revision number for resource 34f99c3a-292a-427c-8e64-c36b49b5e736 (type: security_group_rules) to 0
2026-07-10 01:01:57.221 10 INFO neutron.wsgi [None req-3de97bce-d286-4ffd-bd90-ad996c7b0894 56c6772adfff4b8393a13f2b9af9b2bf d680de4b18024d4eb548d810135332d0 - - default default] 10.0.0.104 "DELETE /v2.0/security-groups/693f59d0-0311-4a05-a211-4be097d70f80 HTTP/1.1" status: 204 len: 168 time: 0.2351873
2026-07-10 01:01:57.228 10 INFO neutron.wsgi [None req-2ecf0120-c8c1-4e75-9064-37858b460553 fd9641cb218041d5991e662b99c16a04 affeaac082a74b44a7b0ecf64c4a0b98 - - default default] 10.0.0.104 "POST /v2.0/security-group-rules HTTP/1.1" status: 201 len: 764 time: 0.1655085
2026-07-10 01:01:57.326 10 INFO neutron.db.ovn_revision_numbers_db [None req-2dc5da71-e9c1-4eb6-ae3f-4afab10fd0dc fd9641cb218041d5991e662b99c16a04 affeaac082a74b44a7b0ecf64c4a0b98 - - default default] Successfully bumped revision number for resource 7f4934fd-7862-4fbe-a9a0-c0e165532133 (type: security_group_rules) to 0
2026-07-10 01:01:57.346 10 INFO neutron.wsgi [None req-2dc5da71-e9c1-4eb6-ae3f-4afab10fd0dc fd9641cb218041d5991e662b99c16a04 affeaac082a74b44a7b0ecf64c4a0b98 - - default default] 10.0.0.104 "POST /v2.0/security-group-rules HTTP/1.1" status: 201 len: 766 time: 0.1129067
2026-07-10 01:01:57.436 9 WARNING neutron.scheduler.dhcp_agent_scheduler [None req-6b32426f-a974-4a04-80f8-f500667fbc6a a4b4a24ee6954dc4b85fe64f41172e0f c3c80e0f108c469eb6a3c2d5c1d8c068 - - default default] No more DHCP agents
2026-07-10 01:01:57.441 9 WARNING neutron.api.rpc.agentnotifiers.dhcp_rpc_agent_api [None req-6b32426f-a974-4a04-80f8-f500667fbc6a a4b4a24ee6954dc4b85fe64f41172e0f c3c80e0f108c469eb6a3c2d5c1d8c068 - - default default] Unable to schedule network df7253fc-46e2-4c56-ac79-9a1f482240eb: no agents available; will retry on subsequent port and subnet creation events.
2026-07-10 01:01:57.531 9 INFO neutron.db.ovn_revision_numbers_db [None req-68d753d3-4374-4d4b-800d-cf1676e70b6c fd9641cb218041d5991e662b99c16a04 affeaac082a74b44a7b0ecf64c4a0b98 - - default default] Successfully bumped revision number for resource 7efeb0df-5452-41ec-a7b6-8eebabc85dd0 (type: security_group_rules) to 0
2026-07-10 01:01:57.534 9 INFO neutron.db.ovn_revision_numbers_db [None req-6b32426f-a974-4a04-80f8-f500667fbc6a a4b4a24ee6954dc4b85fe64f41172e0f c3c80e0f108c469eb6a3c2d5c1d8c068 - - default default] Successfully bumped revision number for resource 6da15eb6-4778-495d-aa7f-fef832072410 (type: ports) to 1
2026-07-10 01:01:57.558 9 INFO neutron.wsgi [None req-68d753d3-4374-4d4b-800d-cf1676e70b6c fd9641cb218041d5991e662b99c16a04 affeaac082a74b44a7b0ecf64c4a0b98 - - default default] 10.0.0.104 "POST /v2.0/security-group-rules HTTP/1.1" status: 201 len: 768 time: 0.2060304
2026-07-10 01:01:57.560 9 INFO neutron.wsgi [None req-6b32426f-a974-4a04-80f8-f500667fbc6a a4b4a24ee6954dc4b85fe64f41172e0f c3c80e0f108c469eb6a3c2d5c1d8c068 - - default default] 10.0.0.104 "POST /v2.0/ports HTTP/1.1" status: 201 len: 942 time: 0.3776245 /var/lib/openstack/lib/python3.10/site-packages/pycadf/identifier.py:71: UserWarning: Invalid uuid: neutron. To ensure interoperability, identifiers should be a valid uuid. warnings.warn(('Invalid uuid: %s. To ensure interoperability, '
2026-07-10 01:01:57.660 9 WARNING neutron.plugins.ml2.drivers.ovn.mech_driver.ovsdb.ovn_client [None req-68f0aecd-e420-4465-bc9d-e7dcac7cdc43 - - - - - -] No hosting information found for port 8d615b8e-b448-49df-b3ff-44d387f7ce9d: RuntimeError: No hosting information found for port 8d615b8e-b448-49df-b3ff-44d387f7ce9d
2026-07-10 01:01:57.661 9 INFO neutron.plugins.ml2.drivers.ovn.mech_driver.mech_driver [None req-68f0aecd-e420-4465-bc9d-e7dcac7cdc43 - - - - - -] OVN reports status up for port: 09ded505-7271-4b9d-8602-96b4f35292d3
2026-07-10 01:01:57.672 9 INFO neutron.plugins.ml2.plugin [None req-68f0aecd-e420-4465-bc9d-e7dcac7cdc43 - - - - - -] Attempt 1 to provision port 09ded505-7271-4b9d-8602-96b4f35292d3
2026-07-10 01:01:57.809 9 INFO neutron.db.ovn_revision_numbers_db [None req-a395775e-f31c-4c3e-b0a1-2983edd663f3 fd9641cb218041d5991e662b99c16a04 affeaac082a74b44a7b0ecf64c4a0b98 - - default default] Successfully bumped revision number for resource 8e722762-b376-4ada-9fd9-b6a31b853b2f (type: security_group_rules) to 0
2026-07-10 01:01:57.844 9 INFO neutron.wsgi [None req-a395775e-f31c-4c3e-b0a1-2983edd663f3 fd9641cb218041d5991e662b99c16a04 affeaac082a74b44a7b0ecf64c4a0b98 - - default default] 10.0.0.104 "POST /v2.0/security-group-rules HTTP/1.1" status: 201 len: 768 time: 0.2790654
2026-07-10 01:01:57.847 9 INFO neutron.wsgi [None req-42876485-0b34-4760-81f8-f8235b09ccc9 a4b4a24ee6954dc4b85fe64f41172e0f c3c80e0f108c469eb6a3c2d5c1d8c068 - - default default] 10.0.0.104 "POST /v2.0/trunks HTTP/1.1" status: 201 len: 608 time: 0.2808809
2026-07-10 01:01:57.881 10 INFO neutron.wsgi [None req-73b8f189-9cc8-4899-a331-a48406a7cf66 a4b4a24ee6954dc4b85fe64f41172e0f c3c80e0f108c469eb6a3c2d5c1d8c068 - - default default] 10.0.0.104 "PUT /v2.0/trunks/93a0994c-b8a3-47ce-895f-5152d88b0719/tags HTTP/1.1" status: 200 len: 218 time: 0.0276566
2026-07-10 01:01:57.914 9 INFO neutron.wsgi [None req-a50885ea-ba9b-4557-bfb9-61d49d2a2043 a4b4a24ee6954dc4b85fe64f41172e0f c3c80e0f108c469eb6a3c2d5c1d8c068 - - default default] 10.0.0.104 "GET /v2.0/trunks/93a0994c-b8a3-47ce-895f-5152d88b0719/tags HTTP/1.1" status: 200 len: 218 time: 0.0277708
2026-07-10 01:01:57.946 10 INFO neutron.wsgi [None req-eb7e1120-7a11-4181-a23c-92c718197294 a4b4a24ee6954dc4b85fe64f41172e0f c3c80e0f108c469eb6a3c2d5c1d8c068 - - default default] 10.0.0.104 "PUT /v2.0/trunks/93a0994c-b8a3-47ce-895f-5152d88b0719/tags/green HTTP/1.1" status: 201 len: 201 time: 0.0265887
2026-07-10 01:01:57.966 10 INFO neutron.wsgi [None req-8e983061-1af3-440f-b4d7-bb2efb3a25a9 a4b4a24ee6954dc4b85fe64f41172e0f c3c80e0f108c469eb6a3c2d5c1d8c068 - - default default] 10.0.0.104 "GET /v2.0/trunks/93a0994c-b8a3-47ce-895f-5152d88b0719/tags HTTP/1.1" status: 200 len: 227 time: 0.0162523
2026-07-10 01:01:57.982 10 INFO neutron.wsgi [None req-47d9b68b-ea3a-4282-9cb4-ad28dc011c3c a4b4a24ee6954dc4b85fe64f41172e0f c3c80e0f108c469eb6a3c2d5c1d8c068 - - default default] 10.0.0.104 "PUT /v2.0/trunks/93a0994c-b8a3-47ce-895f-5152d88b0719/tags/red HTTP/1.1" status: 201 len: 201 time: 0.0116856
2026-07-10 01:01:57.997 10 INFO neutron.wsgi [None req-91f1e31b-de78-4113-900f-0f385aa278cf a4b4a24ee6954dc4b85fe64f41172e0f c3c80e0f108c469eb6a3c2d5c1d8c068 - - default default] 10.0.0.104 "GET /v2.0/trunks/93a0994c-b8a3-47ce-895f-5152d88b0719/tags HTTP/1.1" status: 200 len: 227 time: 0.0107627
2026-07-10 01:01:58.010 9 INFO neutron.db.ovn_revision_numbers_db [None req-f5ce5e3a-36da-4a6d-84f0-de4bae6118cb fd9641cb218041d5991e662b99c16a04 affeaac082a74b44a7b0ecf64c4a0b98 - - default default] Successfully bumped revision number for resource 3f2f5295-4dac-44f6-9f4b-f5aa002efb67 (type: security_group_rules) to 0
2026-07-10 01:01:58.024 10 INFO neutron.wsgi [None req-55adc11e-c799-4b7b-9160-dff973e564b6 a4b4a24ee6954dc4b85fe64f41172e0f c3c80e0f108c469eb6a3c2d5c1d8c068 - - default default] 10.0.0.104 "PUT /v2.0/trunks/93a0994c-b8a3-47ce-895f-5152d88b0719/tags/black.or.white HTTP/1.1" status: 201 len: 201 time: 0.0238388
2026-07-10 01:01:58.043 10 INFO neutron.wsgi [None req-fcfb6643-881d-4839-9f3c-c0a5ca5e0427 a4b4a24ee6954dc4b85fe64f41172e0f c3c80e0f108c469eb6a3c2d5c1d8c068 - - default default] 10.0.0.104 "GET /v2.0/trunks/93a0994c-b8a3-47ce-895f-5152d88b0719/tags HTTP/1.1" status: 200 len: 245 time: 0.0127058
2026-07-10 01:01:58.043 9 INFO neutron.wsgi [None req-f5ce5e3a-36da-4a6d-84f0-de4bae6118cb fd9641cb218041d5991e662b99c16a04 affeaac082a74b44a7b0ecf64c4a0b98 - - default default] 10.0.0.104 "POST /v2.0/security-group-rules HTTP/1.1" status: 201 len: 764 time: 0.1930494
2026-07-10 01:01:58.054 9 INFO neutron.db.ovn_revision_numbers_db [None req-68f0aecd-e420-4465-bc9d-e7dcac7cdc43 - - - - - -] Successfully bumped revision number for resource 09ded505-7271-4b9d-8602-96b4f35292d3 (type: ports) to 2
2026-07-10 01:01:58.075 10 INFO neutron.wsgi [None req-fe2e9f53-2bfd-4f80-8f70-5cb9777ca908 a4b4a24ee6954dc4b85fe64f41172e0f c3c80e0f108c469eb6a3c2d5c1d8c068 - - default default] 10.0.0.104 "PUT /v2.0/trunks/93a0994c-b8a3-47ce-895f-5152d88b0719/tags HTTP/1.1" status: 200 len: 230 time: 0.0275702
2026-07-10 01:01:58.094 10 INFO neutron.wsgi [None req-c23e49c1-0d68-4f98-a146-905246ec19bb a4b4a24ee6954dc4b85fe64f41172e0f c3c80e0f108c469eb6a3c2d5c1d8c068 - - default default] 10.0.0.104 "GET /v2.0/trunks/93a0994c-b8a3-47ce-895f-5152d88b0719/tags HTTP/1.1" status: 200 len: 230 time: 0.0147288
