2026-07-10 01:00:02.574 9 INFO neutron.wsgi [req-56eef265-0924-4124-8c9f-e3da16a8a29f req-3dc095df-7b94-4616-bbbb-daeaa2caccb6 9cbdeaa65bb04cf5af54ce8be9ca4bfd 5234372e431e4155a18942f862c2b3ea - - 591d98c7de1d4b87afdd40c5d6f503da 591d98c7de1d4b87afdd40c5d6f503da] 199.204.45.129 "GET /v2.0/networks?id=455167b6-419c-4e2a-ab55-143ed86430de HTTP/1.1" status: 200 len: 974 time: 0.0665958
2026-07-10 01:00:02.597 10 INFO neutron.db.ovn_revision_numbers_db [None req-2bd4507f-512d-4035-8492-691664242adf 56c6772adfff4b8393a13f2b9af9b2bf d680de4b18024d4eb548d810135332d0 - - default default] Successfully bumped revision number for resource e4dab99e-ba33-4927-9cf1-a19badbd59bd (type: security_group_rules) to 0
2026-07-10 01:00:02.628 9 INFO neutron.wsgi [req-56eef265-0924-4124-8c9f-e3da16a8a29f req-dae09d41-3184-491f-8624-25e92c5ccc0e 9cbdeaa65bb04cf5af54ce8be9ca4bfd 5234372e431e4155a18942f862c2b3ea - - 591d98c7de1d4b87afdd40c5d6f503da 591d98c7de1d4b87afdd40c5d6f503da] 199.204.45.129 "GET /v2.0/floatingips?fixed_ip_address=10.100.0.12&port_id=c74ccdb9-0013-4f5e-b5ca-c585af0116c9 HTTP/1.1" status: 200 len: 1060 time: 0.0485229
2026-07-10 01:00:02.628 10 INFO neutron.wsgi [None req-2bd4507f-512d-4035-8492-691664242adf 56c6772adfff4b8393a13f2b9af9b2bf d680de4b18024d4eb548d810135332d0 - - default default] 10.0.0.104 "GET /v2.0/security-groups?tenant_id=e1c663950a164f1891fc165c8c0bc3e3&name=default HTTP/1.1" status: 200 len: 2996 time: 0.4580798
2026-07-10 01:00:02.680 9 INFO neutron.wsgi [req-56eef265-0924-4124-8c9f-e3da16a8a29f req-9fffa2ff-7a91-4206-bcd0-ee04aaa5aad4 9cbdeaa65bb04cf5af54ce8be9ca4bfd 5234372e431e4155a18942f862c2b3ea - - 591d98c7de1d4b87afdd40c5d6f503da 591d98c7de1d4b87afdd40c5d6f503da] 199.204.45.129 "GET /v2.0/subnets?id=b47c5c05-9c4f-42e3-9fa1-c7ef7c780ed2 HTTP/1.1" status: 200 len: 869 time: 0.0438414
2026-07-10 01:00:02.994 9 INFO neutron.wsgi [req-56eef265-0924-4124-8c9f-e3da16a8a29f req-83f515da-a28b-43a9-b848-d2b30aba00e6 9cbdeaa65bb04cf5af54ce8be9ca4bfd 5234372e431e4155a18942f862c2b3ea - - 591d98c7de1d4b87afdd40c5d6f503da 591d98c7de1d4b87afdd40c5d6f503da] 199.204.45.129 "GET /v2.0/ports?network_id=455167b6-419c-4e2a-ab55-143ed86430de&device_owner=network%3Adhcp HTTP/1.1" status: 200 len: 210 time: 0.3040321
2026-07-10 01:00:03.068 9 INFO neutron.wsgi [req-56eef265-0924-4124-8c9f-e3da16a8a29f req-a5c22ef5-033f-4a14-8748-f51f937aa53e 9cbdeaa65bb04cf5af54ce8be9ca4bfd 5234372e431e4155a18942f862c2b3ea - - 591d98c7de1d4b87afdd40c5d6f503da 591d98c7de1d4b87afdd40c5d6f503da] 199.204.45.129 "GET /v2.0/networks/455167b6-419c-4e2a-ab55-143ed86430de?fields=segments HTTP/1.1" status: 200 len: 212 time: 0.0672922
2026-07-10 01:00:03.142 9 INFO neutron.wsgi [req-56eef265-0924-4124-8c9f-e3da16a8a29f req-7feb44b5-c1c0-4a31-bae0-b39e55da0adc 9cbdeaa65bb04cf5af54ce8be9ca4bfd 5234372e431e4155a18942f862c2b3ea - - 591d98c7de1d4b87afdd40c5d6f503da 591d98c7de1d4b87afdd40c5d6f503da] 199.204.45.129 "GET /v2.0/networks/455167b6-419c-4e2a-ab55-143ed86430de?fields=provider%3Aphysical_network&fields=provider%3Anetwork_type HTTP/1.1" status: 200 len: 277 time: 0.0686831
2026-07-10 01:00:03.413 10 INFO neutron.wsgi [-] 10.0.0.251 "GET / HTTP/1.1" status: 200 len: 246 time: 0.0024529
2026-07-10 01:00:03.413 9 INFO neutron.wsgi [-] 10.0.0.251 "GET / HTTP/1.1" status: 200 len: 246 time: 0.0028157
2026-07-10 01:00:03.532 9 INFO neutron.wsgi [None req-0901a7a3-5ce6-4509-a421-a73557645492 56c6772adfff4b8393a13f2b9af9b2bf d680de4b18024d4eb548d810135332d0 - - default default] 10.0.0.104 "DELETE /v2.0/security-groups/57ab1dac-deb3-4474-b5c4-a938a8423e3e HTTP/1.1" status: 204 len: 168 time: 0.9006569
2026-07-10 01:00:03.616 10 INFO neutron.plugins.ml2.drivers.ovn.mech_driver.mech_driver [None req-8188d7f9-7e32-405c-a9c0-d725ce4f79ec - - - - - -] OVN reports status down for port: c74ccdb9-0013-4f5e-b5ca-c585af0116c9
2026-07-10 01:00:03.637 9 INFO neutron.wsgi [req-d6bd3921-ca52-4cec-ae34-110d758e1947 req-56fc8e85-3163-4ead-83e3-3ab73341e2c8 e5c325e277ca47059a4070e49fc79bef fe289c65a1534db89b158341073fd303 - - default default] 10.0.0.214 "GET /v2.0/ports?device_id=ee6cafb4-50bc-44a6-af66-0f36c26479f8 HTTP/1.1" status: 200 len: 1174 time: 0.0472085
2026-07-10 01:00:03.703 9 INFO neutron.wsgi [req-d6bd3921-ca52-4cec-ae34-110d758e1947 req-53d45d03-595f-4f1d-9166-49f536c58d69 e5c325e277ca47059a4070e49fc79bef fe289c65a1534db89b158341073fd303 - - default default] 10.0.0.214 "GET /v2.0/security-groups?id=07f63b83-cb27-40e1-a078-acce040c633d&fields=id&fields=name HTTP/1.1" status: 200 len: 313 time: 0.0597064
2026-07-10 01:00:03.796 10 INFO neutron.notifiers.nova [-] Nova event matching ['req-e8124fd4-c871-4dc6-80cf-067dd6f39a9a'] response: {'server_uuid': 'ee6cafb4-50bc-44a6-af66-0f36c26479f8', 'name': 'network-vif-unplugged', 'status': 'completed', 'tag': 'c74ccdb9-0013-4f5e-b5ca-c585af0116c9', 'code': 200}
2026-07-10 01:00:03.962 10 INFO neutron.db.ovn_revision_numbers_db [None req-f17f5c39-fb1f-41a4-b7ef-1461a0a46c0d 56c6772adfff4b8393a13f2b9af9b2bf d680de4b18024d4eb548d810135332d0 - - default default] Successfully bumped revision number for resource 890c7ffd-b0e3-477e-b23b-5457af4dba16 (type: security_groups) to 1
2026-07-10 01:00:03.986 10 INFO neutron.db.ovn_revision_numbers_db [None req-f17f5c39-fb1f-41a4-b7ef-1461a0a46c0d 56c6772adfff4b8393a13f2b9af9b2bf d680de4b18024d4eb548d810135332d0 - - default default] Successfully bumped revision number for resource 504908c5-4905-4934-a972-81109ba21af5 (type: security_group_rules) to 0
2026-07-10 01:00:03.998 9 INFO neutron.wsgi [req-01ac41f4-5713-4ea1-961f-f1fae5c14b2b req-fc888a29-6537-46a6-b67c-6c95f4bf01aa e5c325e277ca47059a4070e49fc79bef fe289c65a1534db89b158341073fd303 - - default default] 199.204.45.129 "GET /v2.0/ports?device_id=ee6cafb4-50bc-44a6-af66-0f36c26479f8 HTTP/1.1" status: 200 len: 1172 time: 0.1265652
2026-07-10 01:00:04.008 10 INFO neutron.db.ovn_revision_numbers_db [None req-f17f5c39-fb1f-41a4-b7ef-1461a0a46c0d 56c6772adfff4b8393a13f2b9af9b2bf d680de4b18024d4eb548d810135332d0 - - default default] Successfully bumped revision number for resource 7ad9639e-c109-4807-bb76-22e9b38ffaa6 (type: security_group_rules) to 0
2026-07-10 01:00:04.036 10 INFO neutron.db.ovn_revision_numbers_db [None req-f17f5c39-fb1f-41a4-b7ef-1461a0a46c0d 56c6772adfff4b8393a13f2b9af9b2bf d680de4b18024d4eb548d810135332d0 - - default default] Successfully bumped revision number for resource 87b85f1d-7dfb-4b64-9f74-32a1a913bab8 (type: security_group_rules) to 0
2026-07-10 01:00:04.044 10 INFO neutron.db.ovn_revision_numbers_db [None req-8188d7f9-7e32-405c-a9c0-d725ce4f79ec - - - - - -] Successfully bumped revision number for resource c74ccdb9-0013-4f5e-b5ca-c585af0116c9 (type: ports) to 5
2026-07-10 01:00:04.052 10 INFO neutron.db.ovn_revision_numbers_db [None req-f17f5c39-fb1f-41a4-b7ef-1461a0a46c0d 56c6772adfff4b8393a13f2b9af9b2bf d680de4b18024d4eb548d810135332d0 - - default default] Successfully bumped revision number for resource f13cb86e-1959-41df-9ae8-30dfb837cf9b (type: security_group_rules) to 0
2026-07-10 01:00:04.089 10 INFO neutron.wsgi [None req-f17f5c39-fb1f-41a4-b7ef-1461a0a46c0d 56c6772adfff4b8393a13f2b9af9b2bf d680de4b18024d4eb548d810135332d0 - - default default] 10.0.0.104 "GET /v2.0/security-groups?tenant_id=85a040acbf2b439c8950818f2302605b&name=default HTTP/1.1" status: 200 len: 2996 time: 0.3332834
2026-07-10 01:00:04.327 9 INFO neutron.db.l3_db [req-01ac41f4-5713-4ea1-961f-f1fae5c14b2b req-791fa125-0c1e-4b46-9c06-5a98d7f4030b e5c325e277ca47059a4070e49fc79bef fe289c65a1534db89b158341073fd303 - - default default] Floating IP 6b7face7-8967-4db1-ae79-e7c5ad37caa8 disassociated. External IP: 10.96.250.213, port: c74ccdb9-0013-4f5e-b5ca-c585af0116c9.
2026-07-10 01:00:04.400 9 INFO neutron.wsgi [None req-212d8d1b-496a-4933-a1f4-86c46c22a8a7 56c6772adfff4b8393a13f2b9af9b2bf d680de4b18024d4eb548d810135332d0 - - default default] 10.0.0.104 "DELETE /v2.0/security-groups/890c7ffd-b0e3-477e-b23b-5457af4dba16 HTTP/1.1" status: 204 len: 168 time: 0.3047483
2026-07-10 01:00:04.485 9 INFO neutron.wsgi [req-01ac41f4-5713-4ea1-961f-f1fae5c14b2b req-791fa125-0c1e-4b46-9c06-5a98d7f4030b e5c325e277ca47059a4070e49fc79bef fe289c65a1534db89b158341073fd303 - - default default] 199.204.45.129 "DELETE /v2.0/ports/c74ccdb9-0013-4f5e-b5ca-c585af0116c9 HTTP/1.1" status: 204 len: 173 time: 0.4807320
2026-07-10 01:00:04.522 9 INFO neutron.notifiers.nova [-] Nova event matching ['req-0ce26de9-5018-4648-bd5e-60a0231f0424'] response: {'server_uuid': 'ee6cafb4-50bc-44a6-af66-0f36c26479f8', 'name': 'network-vif-deleted', 'tag': 'c74ccdb9-0013-4f5e-b5ca-c585af0116c9', 'status': 'completed', 'code': 200} /var/lib/openstack/lib/python3.10/site-packages/pycadf/identifier.py:71: UserWarning: Invalid uuid: neutron. To ensure interoperability, identifiers should be a valid uuid. warnings.warn(('Invalid uuid: %s. To ensure interoperability, '
2026-07-10 01:00:04.834 10 INFO neutron.wsgi [req-7998f920-5a54-4004-b4ef-99627e6b05d9 req-a18b56d5-544b-4487-810e-7d2c39e2bdd6 e5c325e277ca47059a4070e49fc79bef fe289c65a1534db89b158341073fd303 - - default default] 10.0.0.214 "GET /v2.0/ports?device_id=ee6cafb4-50bc-44a6-af66-0f36c26479f8 HTTP/1.1" status: 200 len: 210 time: 0.0279148
2026-07-10 01:00:05.850 10 INFO neutron.notifiers.nova [-] Nova event matching ['req-584179ea-454d-4d1a-a562-db26e05453e5'] response: {'server_uuid': 'ee6cafb4-50bc-44a6-af66-0f36c26479f8', 'name': 'network-vif-plugged', 'status': 'completed', 'tag': 'c74ccdb9-0013-4f5e-b5ca-c585af0116c9', 'code': 200}
2026-07-10 01:00:06.096 9 INFO neutron.wsgi [None req-2a489060-a735-4107-96a0-131fa2e12084 e5c325e277ca47059a4070e49fc79bef fe289c65a1534db89b158341073fd303 - - default default] 10.0.0.104 "DELETE /v2.0/security-groups/07f63b83-cb27-40e1-a078-acce040c633d HTTP/1.1" status: 204 len: 168 time: 0.1688344
2026-07-10 01:00:06.111 9 INFO neutron.api.v2.resource [None req-77374c2e-2bbe-4427-ab96-14adf7505cd9 e5c325e277ca47059a4070e49fc79bef fe289c65a1534db89b158341073fd303 - - default default] show failed (client error): The resource could not be found.
2026-07-10 01:00:06.112 9 INFO neutron.wsgi [None req-77374c2e-2bbe-4427-ab96-14adf7505cd9 e5c325e277ca47059a4070e49fc79bef fe289c65a1534db89b158341073fd303 - - default default] 10.0.0.104 "GET /v2.0/security-groups/07f63b83-cb27-40e1-a078-acce040c633d HTTP/1.1" status: 404 len: 347 time: 0.0113206
2026-07-10 01:00:06.526 9 INFO neutron.wsgi [None req-95bf97fe-805b-4363-bb32-2a16ac1dc016 e5c325e277ca47059a4070e49fc79bef fe289c65a1534db89b158341073fd303 - - default default] 10.0.0.104 "DELETE /v2.0/floatingips/6b7face7-8967-4db1-ae79-e7c5ad37caa8 HTTP/1.1" status: 204 len: 168 time: 0.4008009
2026-07-10 01:00:06.651 10 INFO neutron.db.ovn_revision_numbers_db [None req-1b920372-9fab-4c96-9107-b28b7be858bb 363d1b4e707c4f168a17ecb67bba0f62 eb63e644408d4cbbabd92a200a484432 - - default default] Successfully bumped revision number for resource b9a404eb-7b04-419e-96db-bcd20e2bda8c (type: security_groups) to 1
2026-07-10 01:00:06.693 10 INFO neutron.db.ovn_revision_numbers_db [None req-1b920372-9fab-4c96-9107-b28b7be858bb 363d1b4e707c4f168a17ecb67bba0f62 eb63e644408d4cbbabd92a200a484432 - - default default] Successfully bumped revision number for resource 00c979da-556a-4267-8e15-99901827056f (type: security_group_rules) to 0
2026-07-10 01:00:06.711 10 INFO neutron.db.ovn_revision_numbers_db [None req-34221218-8ce0-4d6c-a7f6-3d1bec9bec3e 56c6772adfff4b8393a13f2b9af9b2bf d680de4b18024d4eb548d810135332d0 - - default default] Successfully bumped revision number for resource 8b6a1318-5cd5-4fcd-96d0-fd700a102868 (type: security_groups) to 1
2026-07-10 01:00:06.722 10 INFO neutron.db.ovn_revision_numbers_db [None req-1b920372-9fab-4c96-9107-b28b7be858bb 363d1b4e707c4f168a17ecb67bba0f62 eb63e644408d4cbbabd92a200a484432 - - default default] Successfully bumped revision number for resource 2e238658-900f-425b-ba47-6025ecbddba8 (type: security_group_rules) to 0
2026-07-10 01:00:06.735 10 INFO neutron.db.ovn_revision_numbers_db [None req-34221218-8ce0-4d6c-a7f6-3d1bec9bec3e 56c6772adfff4b8393a13f2b9af9b2bf d680de4b18024d4eb548d810135332d0 - - default default] Successfully bumped revision number for resource 02b0bf78-579e-4918-99e3-924803eb7aa1 (type: security_group_rules) to 0
2026-07-10 01:00:06.754 10 INFO neutron.db.ovn_revision_numbers_db [None req-1b920372-9fab-4c96-9107-b28b7be858bb 363d1b4e707c4f168a17ecb67bba0f62 eb63e644408d4cbbabd92a200a484432 - - default default] Successfully bumped revision number for resource 340243d0-4d7f-4fbf-8919-cce6ce36a59f (type: security_group_rules) to 0
2026-07-10 01:00:06.757 10 INFO neutron.db.ovn_revision_numbers_db [None req-34221218-8ce0-4d6c-a7f6-3d1bec9bec3e 56c6772adfff4b8393a13f2b9af9b2bf d680de4b18024d4eb548d810135332d0 - - default default] Successfully bumped revision number for resource 58a88334-f568-4d46-af21-96bd4395d948 (type: security_group_rules) to 0
2026-07-10 01:00:06.778 10 INFO neutron.db.ovn_revision_numbers_db [None req-1b920372-9fab-4c96-9107-b28b7be858bb 363d1b4e707c4f168a17ecb67bba0f62 eb63e644408d4cbbabd92a200a484432 - - default default] Successfully bumped revision number for resource 69ea4206-cc90-443b-965d-fa4b7d2573d1 (type: security_group_rules) to 0
2026-07-10 01:00:06.783 10 INFO neutron.db.ovn_revision_numbers_db [None req-34221218-8ce0-4d6c-a7f6-3d1bec9bec3e 56c6772adfff4b8393a13f2b9af9b2bf d680de4b18024d4eb548d810135332d0 - - default default] Successfully bumped revision number for resource 966628fa-8a5a-4528-937d-8af4bd950feb (type: security_group_rules) to 0
2026-07-10 01:00:06.811 10 INFO neutron.db.ovn_revision_numbers_db [None req-34221218-8ce0-4d6c-a7f6-3d1bec9bec3e 56c6772adfff4b8393a13f2b9af9b2bf d680de4b18024d4eb548d810135332d0 - - default default] Successfully bumped revision number for resource f3a5e92d-d157-4751-95e7-09d250b8faa9 (type: security_group_rules) to 0
2026-07-10 01:00:06.837 10 INFO neutron.wsgi [None req-34221218-8ce0-4d6c-a7f6-3d1bec9bec3e 56c6772adfff4b8393a13f2b9af9b2bf d680de4b18024d4eb548d810135332d0 - - default default] 10.0.0.104 "GET /v2.0/security-groups?tenant_id=dc9f9acd77e743408fa1295e86c27cc5&name=default HTTP/1.1" status: 200 len: 2996 time: 0.4498363
2026-07-10 01:00:06.842 10 INFO neutron.db.segments_db [None req-1b920372-9fab-4c96-9107-b28b7be858bb 363d1b4e707c4f168a17ecb67bba0f62 eb63e644408d4cbbabd92a200a484432 - - default default] Added segment d82f7d04-05a5-47c0-ac50-c5ccd5af5ea6 of type geneve for network 3b20e2fc-e4c0-4c21-ac41-bad1407c0f07
2026-07-10 01:00:07.017 10 INFO neutron.db.ovn_revision_numbers_db [None req-1b920372-9fab-4c96-9107-b28b7be858bb 363d1b4e707c4f168a17ecb67bba0f62 eb63e644408d4cbbabd92a200a484432 - - default default] Successfully bumped revision number for resource 3b20e2fc-e4c0-4c21-ac41-bad1407c0f07 (type: networks) to 1
2026-07-10 01:00:07.211 10 INFO neutron.wsgi [None req-e4d47227-a42b-4841-af8a-6e121ee9268d 56c6772adfff4b8393a13f2b9af9b2bf d680de4b18024d4eb548d810135332d0 - - default default] 10.0.0.104 "DELETE /v2.0/security-groups/8b6a1318-5cd5-4fcd-96d0-fd700a102868 HTTP/1.1" status: 204 len: 168 time: 0.3703909
2026-07-10 01:00:07.253 10 WARNING neutron.scheduler.dhcp_agent_scheduler [None req-1b920372-9fab-4c96-9107-b28b7be858bb 363d1b4e707c4f168a17ecb67bba0f62 eb63e644408d4cbbabd92a200a484432 - - default default] No more DHCP agents
2026-07-10 01:00:07.254 10 WARNING neutron.api.rpc.agentnotifiers.dhcp_rpc_agent_api [None req-1b920372-9fab-4c96-9107-b28b7be858bb 363d1b4e707c4f168a17ecb67bba0f62 eb63e644408d4cbbabd92a200a484432 - - default default] Unable to schedule network 3b20e2fc-e4c0-4c21-ac41-bad1407c0f07: no agents available; will retry on subsequent port and subnet creation events.
2026-07-10 01:00:07.567 9 INFO neutron.wsgi [None req-531e014b-fbb0-48fe-b8d7-49b1dbc884c0 56c6772adfff4b8393a13f2b9af9b2bf d680de4b18024d4eb548d810135332d0 - - default default] 10.0.0.104 "PUT /v2.0/routers/ee2d107e-d24d-4d23-8950-85f5362b756c/remove_router_interface HTTP/1.1" status: 200 len: 503 time: 1.0269914 /var/lib/openstack/lib/python3.10/site-packages/pycadf/identifier.py:71: UserWarning: Invalid uuid: neutron. To ensure interoperability, identifiers should be a valid uuid. warnings.warn(('Invalid uuid: %s. To ensure interoperability, '
2026-07-10 01:00:07.595 10 INFO neutron.db.ovn_revision_numbers_db [None req-1b920372-9fab-4c96-9107-b28b7be858bb 363d1b4e707c4f168a17ecb67bba0f62 eb63e644408d4cbbabd92a200a484432 - - default default] Successfully bumped revision number for resource e60f11eb-9ea1-4d69-9314-07ef9944c22b (type: ports) to 1
2026-07-10 01:00:07.616 10 INFO neutron.wsgi [None req-1b920372-9fab-4c96-9107-b28b7be858bb 363d1b4e707c4f168a17ecb67bba0f62 eb63e644408d4cbbabd92a200a484432 - - default default] 10.0.0.104 "POST /v2.0/networks HTTP/1.1" status: 201 len: 830 time: 1.2391655
2026-07-10 01:00:07.709 10 INFO neutron.db.segments_db [None req-c4170013-627e-4564-8cd0-7daa8a4bd544 363d1b4e707c4f168a17ecb67bba0f62 eb63e644408d4cbbabd92a200a484432 - - default default] Added segment 921b4f4b-fd69-4b16-a6c8-a2ba7da6b824 of type geneve for network 9462abd1-4315-48d8-b1e8-ef8fd9f786ed
2026-07-10 01:00:07.874 10 INFO neutron.db.ovn_revision_numbers_db [None req-c4170013-627e-4564-8cd0-7daa8a4bd544 363d1b4e707c4f168a17ecb67bba0f62 eb63e644408d4cbbabd92a200a484432 - - default default] Successfully bumped revision number for resource 9462abd1-4315-48d8-b1e8-ef8fd9f786ed (type: networks) to 1
2026-07-10 01:00:08.037 10 WARNING neutron.scheduler.dhcp_agent_scheduler [None req-c4170013-627e-4564-8cd0-7daa8a4bd544 363d1b4e707c4f168a17ecb67bba0f62 eb63e644408d4cbbabd92a200a484432 - - default default] No more DHCP agents
2026-07-10 01:00:08.044 10 WARNING neutron.api.rpc.agentnotifiers.dhcp_rpc_agent_api [None req-c4170013-627e-4564-8cd0-7daa8a4bd544 363d1b4e707c4f168a17ecb67bba0f62 eb63e644408d4cbbabd92a200a484432 - - default default] Unable to schedule network 9462abd1-4315-48d8-b1e8-ef8fd9f786ed: no agents available; will retry on subsequent port and subnet creation events.
2026-07-10 01:00:08.125 10 INFO neutron.db.ovn_revision_numbers_db [None req-c4170013-627e-4564-8cd0-7daa8a4bd544 363d1b4e707c4f168a17ecb67bba0f62 eb63e644408d4cbbabd92a200a484432 - - default default] Successfully bumped revision number for resource c54a4d09-8be7-4b2f-be18-cb8d83dcd283 (type: ports) to 1
2026-07-10 01:00:08.149 10 INFO neutron.wsgi [None req-c4170013-627e-4564-8cd0-7daa8a4bd544 363d1b4e707c4f168a17ecb67bba0f62 eb63e644408d4cbbabd92a200a484432 - - default default] 10.0.0.104 "POST /v2.0/networks HTTP/1.1" status: 201 len: 831 time: 0.5285733
2026-07-10 01:00:08.228 10 INFO neutron.db.segments_db [None req-f78ed58c-49ef-492c-9843-45cdc209c1b5 363d1b4e707c4f168a17ecb67bba0f62 eb63e644408d4cbbabd92a200a484432 - - default default] Added segment 26b0d9aa-1811-43ea-907d-76a71a543c98 of type geneve for network f9799829-0535-4cc3-86a1-cea7a20f754a
2026-07-10 01:00:08.247 9 INFO neutron.wsgi [None req-9f302322-1148-4504-85db-541701068f15 56c6772adfff4b8393a13f2b9af9b2bf d680de4b18024d4eb548d810135332d0 - - default default] 10.0.0.104 "DELETE /v2.0/routers/ee2d107e-d24d-4d23-8950-85f5362b756c HTTP/1.1" status: 204 len: 168 time: 0.6754832
2026-07-10 01:00:08.371 10 INFO neutron.db.ovn_revision_numbers_db [None req-f78ed58c-49ef-492c-9843-45cdc209c1b5 363d1b4e707c4f168a17ecb67bba0f62 eb63e644408d4cbbabd92a200a484432 - - default default] Successfully bumped revision number for resource f9799829-0535-4cc3-86a1-cea7a20f754a (type: networks) to 1
2026-07-10 01:00:08.459 9 INFO neutron.wsgi [None req-8998ecbf-5a2e-4ac8-a338-22be60b978bd 56c6772adfff4b8393a13f2b9af9b2bf d680de4b18024d4eb548d810135332d0 - - default default] 10.0.0.104 "DELETE /v2.0/subnets/b47c5c05-9c4f-42e3-9fa1-c7ef7c780ed2 HTTP/1.1" status: 204 len: 168 time: 0.2065322
2026-07-10 01:00:08.553 10 WARNING neutron.scheduler.dhcp_agent_scheduler [None req-f78ed58c-49ef-492c-9843-45cdc209c1b5 363d1b4e707c4f168a17ecb67bba0f62 eb63e644408d4cbbabd92a200a484432 - - default default] No more DHCP agents
2026-07-10 01:00:08.559 10 WARNING neutron.api.rpc.agentnotifiers.dhcp_rpc_agent_api [None req-f78ed58c-49ef-492c-9843-45cdc209c1b5 363d1b4e707c4f168a17ecb67bba0f62 eb63e644408d4cbbabd92a200a484432 - - default default] Unable to schedule network f9799829-0535-4cc3-86a1-cea7a20f754a: no agents available; will retry on subsequent port and subnet creation events.
2026-07-10 01:00:08.630 10 INFO neutron.db.ovn_revision_numbers_db [None req-f78ed58c-49ef-492c-9843-45cdc209c1b5 363d1b4e707c4f168a17ecb67bba0f62 eb63e644408d4cbbabd92a200a484432 - - default default] Successfully bumped revision number for resource 0d233534-200d-4436-b860-76b1d9258a3b (type: ports) to 1
2026-07-10 01:00:08.650 10 INFO neutron.wsgi [None req-f78ed58c-49ef-492c-9843-45cdc209c1b5 363d1b4e707c4f168a17ecb67bba0f62 eb63e644408d4cbbabd92a200a484432 - - default default] 10.0.0.104 "POST /v2.0/networks HTTP/1.1" status: 201 len: 831 time: 0.4956019
2026-07-10 01:00:08.749 10 INFO neutron.db.segments_db [None req-3074432a-18d8-4700-b997-2ed4b4f8ea64 363d1b4e707c4f168a17ecb67bba0f62 eb63e644408d4cbbabd92a200a484432 - - default default] Added segment 6b506d39-e85c-42e1-b736-7cca5004f48a of type geneve for network 82ac17ab-0db3-4c90-9b03-441da055b669
2026-07-10 01:00:08.825 9 INFO neutron.services.segments.plugin [-] Segment 05debef0-154e-427a-9e05-52da933c1ff8 resource provider aggregate not found
2026-07-10 01:00:08.830 9 INFO neutron.services.segments.plugin [-] Segment 05debef0-154e-427a-9e05-52da933c1ff8 resource provider aggregate not found
2026-07-10 01:00:08.848 9 INFO neutron.services.segments.plugin [-] Segment 05debef0-154e-427a-9e05-52da933c1ff8 resource provider not found; error: Placement Client Error (4xx): {"errors": [{"status": 404, "title": "Not Found", "detail": "The resource could not be found.\n\n No resource provider with uuid 05debef0-154e-427a-9e05-52da933c1ff8 found for delete ", "request_id": "req-e924f77a-405c-4613-af0d-06aa9189fb07"}]}
2026-07-10 01:00:08.859 9 INFO neutron.services.segments.plugin [-] Segment 05debef0-154e-427a-9e05-52da933c1ff8 resource provider not found; error: Placement Client Error (4xx): {"errors": [{"status": 404, "title": "Not Found", "detail": "The resource could not be found.\n\n No resource provider with uuid 05debef0-154e-427a-9e05-52da933c1ff8 found for delete ", "request_id": "req-7bea68ea-6158-43d1-b5d1-18e54bef8466"}]}
2026-07-10 01:00:08.881 9 INFO neutron.wsgi [None req-8c8eca8c-42fd-494c-81c2-11f183846fc5 56c6772adfff4b8393a13f2b9af9b2bf d680de4b18024d4eb548d810135332d0 - - default default] 10.0.0.104 "DELETE /v2.0/networks/455167b6-419c-4e2a-ab55-143ed86430de HTTP/1.1" status: 204 len: 168 time: 0.4164293
2026-07-10 01:00:08.887 10 INFO neutron.db.ovn_revision_numbers_db [None req-3074432a-18d8-4700-b997-2ed4b4f8ea64 363d1b4e707c4f168a17ecb67bba0f62 eb63e644408d4cbbabd92a200a484432 - - default default] Successfully bumped revision number for resource 82ac17ab-0db3-4c90-9b03-441da055b669 (type: networks) to 1
2026-07-10 01:00:09.080 10 WARNING neutron.scheduler.dhcp_agent_scheduler [None req-3074432a-18d8-4700-b997-2ed4b4f8ea64 363d1b4e707c4f168a17ecb67bba0f62 eb63e644408d4cbbabd92a200a484432 - - default default] No more DHCP agents
2026-07-10 01:00:09.086 10 WARNING neutron.api.rpc.agentnotifiers.dhcp_rpc_agent_api [None req-3074432a-18d8-4700-b997-2ed4b4f8ea64 363d1b4e707c4f168a17ecb67bba0f62 eb63e644408d4cbbabd92a200a484432 - - default default] Unable to schedule network 82ac17ab-0db3-4c90-9b03-441da055b669: no agents available; will retry on subsequent port and subnet creation events.
2026-07-10 01:00:09.120 9 INFO neutron.wsgi [None req-e50bcc14-331c-4a07-b8c1-e9f5c6f9f767 56c6772adfff4b8393a13f2b9af9b2bf d680de4b18024d4eb548d810135332d0 - - default default] 10.0.0.104 "GET /v2.0/security-groups?tenant_id=fe289c65a1534db89b158341073fd303&name=default HTTP/1.1" status: 200 len: 2996 time: 0.0408447
2026-07-10 01:00:09.180 10 INFO neutron.db.ovn_revision_numbers_db [None req-3074432a-18d8-4700-b997-2ed4b4f8ea64 363d1b4e707c4f168a17ecb67bba0f62 eb63e644408d4cbbabd92a200a484432 - - default default] Successfully bumped revision number for resource 27958879-c1e6-4896-af19-537ab26b601e (type: ports) to 1
2026-07-10 01:00:09.207 10 INFO neutron.wsgi [None req-3074432a-18d8-4700-b997-2ed4b4f8ea64 363d1b4e707c4f168a17ecb67bba0f62 eb63e644408d4cbbabd92a200a484432 - - default default] 10.0.0.104 "POST /v2.0/networks HTTP/1.1" status: 201 len: 831 time: 0.5483980
2026-07-10 01:00:09.297 10 INFO neutron.db.segments_db [None req-cd666760-8cb4-4768-9daf-22100a316967 363d1b4e707c4f168a17ecb67bba0f62 eb63e644408d4cbbabd92a200a484432 - - default default] Added segment 395971da-7bb5-471e-888a-d1723171fd54 of type geneve for network d96910be-1475-4cb3-9bcc-621999b45349
2026-07-10 01:00:09.374 9 INFO neutron.wsgi [None req-2af65683-9757-4e9f-9150-27c9cd1b154e 56c6772adfff4b8393a13f2b9af9b2bf d680de4b18024d4eb548d810135332d0 - - default default] 10.0.0.104 "DELETE /v2.0/security-groups/c8afa0b6-5c74-444e-a3f9-dfff1a84d5ed HTTP/1.1" status: 204 len: 168 time: 0.2497206
2026-07-10 01:00:09.449 10 INFO neutron.db.ovn_revision_numbers_db [None req-cd666760-8cb4-4768-9daf-22100a316967 363d1b4e707c4f168a17ecb67bba0f62 eb63e644408d4cbbabd92a200a484432 - - default default] Successfully bumped revision number for resource d96910be-1475-4cb3-9bcc-621999b45349 (type: networks) to 1
2026-07-10 01:00:09.642 10 WARNING neutron.scheduler.dhcp_agent_scheduler [None req-cd666760-8cb4-4768-9daf-22100a316967 363d1b4e707c4f168a17ecb67bba0f62 eb63e644408d4cbbabd92a200a484432 - - default default] No more DHCP agents
2026-07-10 01:00:09.646 10 WARNING neutron.api.rpc.agentnotifiers.dhcp_rpc_agent_api [None req-cd666760-8cb4-4768-9daf-22100a316967 363d1b4e707c4f168a17ecb67bba0f62 eb63e644408d4cbbabd92a200a484432 - - default default] Unable to schedule network d96910be-1475-4cb3-9bcc-621999b45349: no agents available; will retry on subsequent port and subnet creation events.
2026-07-10 01:00:09.755 10 INFO neutron.db.ovn_revision_numbers_db [None req-cd666760-8cb4-4768-9daf-22100a316967 363d1b4e707c4f168a17ecb67bba0f62 eb63e644408d4cbbabd92a200a484432 - - default default] Successfully bumped revision number for resource 6fc7812a-855e-4152-982e-cc5b9408babe (type: ports) to 1
2026-07-10 01:00:09.781 10 INFO neutron.wsgi [None req-cd666760-8cb4-4768-9daf-22100a316967 363d1b4e707c4f168a17ecb67bba0f62 eb63e644408d4cbbabd92a200a484432 - - default default] 10.0.0.104 "POST /v2.0/networks HTTP/1.1" status: 201 len: 831 time: 0.5658987
2026-07-10 01:00:09.840 10 INFO neutron.wsgi [None req-5b032e34-4f57-4b96-a159-20ebbd6d4f8e 363d1b4e707c4f168a17ecb67bba0f62 eb63e644408d4cbbabd92a200a484432 - - default default] 10.0.0.104 "PUT /v2.0/networks/3b20e2fc-e4c0-4c21-ac41-bad1407c0f07/tags HTTP/1.1" status: 200 len: 210 time: 0.0531807
2026-07-10 01:00:09.898 10 INFO neutron.wsgi [None req-bdc1eb8d-0a42-45bf-8563-5baddca6e0b0 363d1b4e707c4f168a17ecb67bba0f62 eb63e644408d4cbbabd92a200a484432 - - default default] 10.0.0.104 "PUT /v2.0/networks/9462abd1-4315-48d8-b1e8-ef8fd9f786ed/tags HTTP/1.1" status: 200 len: 218 time: 0.0528712
2026-07-10 01:00:09.949 10 INFO neutron.wsgi [None req-0ba7ec2d-a46f-4aeb-b3bc-b8a8cfb3ee77 363d1b4e707c4f168a17ecb67bba0f62 eb63e644408d4cbbabd92a200a484432 - - default default] 10.0.0.104 "PUT /v2.0/networks/f9799829-0535-4cc3-86a1-cea7a20f754a/tags HTTP/1.1" status: 200 len: 227 time: 0.0460320
2026-07-10 01:00:10.030 10 INFO neutron.wsgi [None req-6235d06b-62ca-4979-9b8e-6f335d88988f 363d1b4e707c4f168a17ecb67bba0f62 eb63e644408d4cbbabd92a200a484432 - - default default] 10.0.0.104 "PUT /v2.0/networks/82ac17ab-0db3-4c90-9b03-441da055b669/tags HTTP/1.1" status: 200 len: 212 time: 0.0753467
2026-07-10 01:00:10.124 10 INFO neutron.wsgi [None req-af8ef83c-232c-4f9d-b51e-dd8660063951 363d1b4e707c4f168a17ecb67bba0f62 eb63e644408d4cbbabd92a200a484432 - - default default] 10.0.0.104 "GET /v2.0/networks?tags=red HTTP/1.1" status: 200 len: 2069 time: 0.0876760
2026-07-10 01:00:10.200 10 INFO neutron.wsgi [None req-129de5a3-7a7c-4e9c-9209-89f8fa11e715 363d1b4e707c4f168a17ecb67bba0f62 eb63e644408d4cbbabd92a200a484432 - - default default] 10.0.0.104 "GET /v2.0/networks?tags=red%2Cblue HTTP/1.1" status: 200 len: 1457 time: 0.0711582
2026-07-10 01:00:10.298 10 INFO neutron.wsgi [None req-4378e6b7-bca6-4969-952d-913a1eae4ce4 363d1b4e707c4f168a17ecb67bba0f62 eb63e644408d4cbbabd92a200a484432 - - default default] 10.0.0.104 "GET /v2.0/networks?tags-any=blue HTTP/1.1" status: 200 len: 1457 time: 0.0942504
2026-07-10 01:00:10.360 10 INFO neutron.wsgi [None req-637a0fd7-6337-44d2-8c43-159ac1897574 363d1b4e707c4f168a17ecb67bba0f62 eb63e644408d4cbbabd92a200a484432 - - default default] 10.0.0.104 "GET /v2.0/networks?tags-any=red%2Cblue HTTP/1.1" status: 200 len: 2069 time: 0.0561137
2026-07-10 01:00:10.430 10 INFO neutron.db.ovn_revision_numbers_db [None req-5733bac4-23ab-4dff-8c35-8162e7ba29d2 09a829232862450eac6532e681ef4b4f a7aed594e0f14d49ae5a33e9f19f2871 - - default default] Successfully bumped revision number for resource 990874cb-d087-4525-8f25-ff909709f5bc (type: security_groups) to 1
2026-07-10 01:00:10.442 10 INFO neutron.db.ovn_revision_numbers_db [None req-5733bac4-23ab-4dff-8c35-8162e7ba29d2 09a829232862450eac6532e681ef4b4f a7aed594e0f14d49ae5a33e9f19f2871 - - default default] Successfully bumped revision number for resource 765bf02c-8990-442c-9fd2-68ff17e7393e (type: security_group_rules) to 0
2026-07-10 01:00:10.466 10 INFO neutron.db.ovn_revision_numbers_db [None req-5733bac4-23ab-4dff-8c35-8162e7ba29d2 09a829232862450eac6532e681ef4b4f a7aed594e0f14d49ae5a33e9f19f2871 - - default default] Successfully bumped revision number for resource 828dc1e5-b56b-4d8d-8915-6a735c5e9bc9 (type: security_group_rules) to 0
2026-07-10 01:00:10.480 10 INFO neutron.db.ovn_revision_numbers_db [None req-5733bac4-23ab-4dff-8c35-8162e7ba29d2 09a829232862450eac6532e681ef4b4f a7aed594e0f14d49ae5a33e9f19f2871 - - default default] Successfully bumped revision number for resource af2bbbdd-0e9c-4d66-ade8-a4b6ee6af975 (type: security_group_rules) to 0
2026-07-10 01:00:10.494 10 INFO neutron.db.ovn_revision_numbers_db [None req-5733bac4-23ab-4dff-8c35-8162e7ba29d2 09a829232862450eac6532e681ef4b4f a7aed594e0f14d49ae5a33e9f19f2871 - - default default] Successfully bumped revision number for resource b49d2aa3-aac3-4d3b-8da0-01fd3327f472 (type: security_group_rules) to 0
2026-07-10 01:00:10.500 9 INFO neutron.wsgi [None req-fdf5de72-d4a6-4b1d-9f17-0577e5039ce7 363d1b4e707c4f168a17ecb67bba0f62 eb63e644408d4cbbabd92a200a484432 - - default default] 10.0.0.104 "GET /v2.0/networks?not-tags=red HTTP/1.1" status: 200 len: 2069 time: 0.1319971
2026-07-10 01:00:10.558 10 INFO neutron.db.segments_db [None req-5733bac4-23ab-4dff-8c35-8162e7ba29d2 09a829232862450eac6532e681ef4b4f a7aed594e0f14d49ae5a33e9f19f2871 - - default default] Added segment 847a2c56-45b6-4d4c-a463-14502a8f2884 of type geneve for network 1d2d0e2f-17e1-461a-a998-3632a2d105c6
2026-07-10 01:00:10.646 9 INFO neutron.wsgi [None req-a0300b73-f439-4e1e-855a-421f207b0137 363d1b4e707c4f168a17ecb67bba0f62 eb63e644408d4cbbabd92a200a484432 - - default default] 10.0.0.104 "GET /v2.0/networks?not-tags=red%2Cblue HTTP/1.1" status: 200 len: 2681 time: 0.1403804
2026-07-10 01:00:10.740 10 INFO neutron.db.ovn_revision_numbers_db [None req-5733bac4-23ab-4dff-8c35-8162e7ba29d2 09a829232862450eac6532e681ef4b4f a7aed594e0f14d49ae5a33e9f19f2871 - - default default] Successfully bumped revision number for resource 1d2d0e2f-17e1-461a-a998-3632a2d105c6 (type: networks) to 1
2026-07-10 01:00:10.808 9 INFO neutron.wsgi [None req-0a5a572f-974b-49ef-b4df-05c51fa62cb5 363d1b4e707c4f168a17ecb67bba0f62 eb63e644408d4cbbabd92a200a484432 - - default default] 10.0.0.104 "GET /v2.0/networks?not-tags-any=blue HTTP/1.1" status: 200 len: 2681 time: 0.1568308
2026-07-10 01:00:10.975 10 WARNING neutron.scheduler.dhcp_agent_scheduler [None req-5733bac4-23ab-4dff-8c35-8162e7ba29d2 09a829232862450eac6532e681ef4b4f a7aed594e0f14d49ae5a33e9f19f2871 - - default default] No more DHCP agents
2026-07-10 01:00:10.978 10 WARNING neutron.api.rpc.agentnotifiers.dhcp_rpc_agent_api [None req-5733bac4-23ab-4dff-8c35-8162e7ba29d2 09a829232862450eac6532e681ef4b4f a7aed594e0f14d49ae5a33e9f19f2871 - - default default] Unable to schedule network 1d2d0e2f-17e1-461a-a998-3632a2d105c6: no agents available; will retry on subsequent port and subnet creation events.
2026-07-10 01:00:11.067 10 INFO neutron.db.ovn_revision_numbers_db [None req-5733bac4-23ab-4dff-8c35-8162e7ba29d2 09a829232862450eac6532e681ef4b4f a7aed594e0f14d49ae5a33e9f19f2871 - - default default] Successfully bumped revision number for resource 61e6393d-4bd6-4bc9-b086-3b70c92ac729 (type: ports) to 1
2026-07-10 01:00:11.093 10 INFO neutron.wsgi [None req-5733bac4-23ab-4dff-8c35-8162e7ba29d2 09a829232862450eac6532e681ef4b4f a7aed594e0f14d49ae5a33e9f19f2871 - - default default] 10.0.0.104 "POST /v2.0/networks HTTP/1.1" status: 201 len: 832 time: 0.9870241
2026-07-10 01:00:11.122 9 INFO neutron.wsgi [None req-7c383c9b-bf5c-4f4c-8953-36891e2dd2a1 363d1b4e707c4f168a17ecb67bba0f62 eb63e644408d4cbbabd92a200a484432 - - default default] 10.0.0.104 "GET /v2.0/networks?not-tags-any=red%2Cblue HTTP/1.1" status: 200 len: 2069 time: 0.3096478
2026-07-10 01:00:11.520 9 INFO neutron.services.segments.plugin [-] Segment d82f7d04-05a5-47c0-ac50-c5ccd5af5ea6 resource provider aggregate not found
2026-07-10 01:00:11.527 9 INFO neutron.services.segments.plugin [-] Segment d82f7d04-05a5-47c0-ac50-c5ccd5af5ea6 resource provider aggregate not found
2026-07-10 01:00:11.553 9 INFO neutron.services.segments.plugin [-] Segment d82f7d04-05a5-47c0-ac50-c5ccd5af5ea6 resource provider not found; error: Placement Client Error (4xx): {"errors": [{"status": 404, "title": "Not Found", "detail": "The resource could not be found.\n\n No resource provider with uuid d82f7d04-05a5-47c0-ac50-c5ccd5af5ea6 found for delete ", "request_id": "req-41b8f064-a395-4fb6-a26f-f981d39e4233"}]}
2026-07-10 01:00:11.555 9 INFO neutron.services.segments.plugin [-] Segment d82f7d04-05a5-47c0-ac50-c5ccd5af5ea6 resource provider not found; error: Placement Client Error (4xx): {"errors": [{"status": 404, "title": "Not Found", "detail": "The resource could not be found.\n\n No resource provider with uuid d82f7d04-05a5-47c0-ac50-c5ccd5af5ea6 found for delete ", "request_id": "req-c03235ff-e209-4887-97ff-fba1d0b35a21"}]}
2026-07-10 01:00:11.568 9 INFO neutron.db.ovn_revision_numbers_db [None req-5646a5bd-9c3c-4fe5-81a7-f5540de95342 56c6772adfff4b8393a13f2b9af9b2bf d680de4b18024d4eb548d810135332d0 - - default default] Successfully bumped revision number for resource be591c0d-0950-4b41-ab15-c214e93c1bc9 (type: security_groups) to 1
2026-07-10 01:00:11.588 9 INFO neutron.wsgi [None req-8c48c8cd-ed7c-4da8-b3f7-440ba785c1df 363d1b4e707c4f168a17ecb67bba0f62 eb63e644408d4cbbabd92a200a484432 - - default default] 10.0.0.104 "DELETE /v2.0/networks/3b20e2fc-e4c0-4c21-ac41-bad1407c0f07 HTTP/1.1" status: 204 len: 168 time: 0.4612989
2026-07-10 01:00:11.590 9 INFO neutron.db.ovn_revision_numbers_db [None req-5646a5bd-9c3c-4fe5-81a7-f5540de95342 56c6772adfff4b8393a13f2b9af9b2bf d680de4b18024d4eb548d810135332d0 - - default default] Successfully bumped revision number for resource 3186ec53-e383-4bf3-8e5a-e6c5aa05961b (type: security_group_rules) to 0
2026-07-10 01:00:11.607 9 INFO neutron.db.ovn_revision_numbers_db [None req-5646a5bd-9c3c-4fe5-81a7-f5540de95342 56c6772adfff4b8393a13f2b9af9b2bf d680de4b18024d4eb548d810135332d0 - - default default] Successfully bumped revision number for resource 6903f11e-4bb5-449b-a0df-40d434204b93 (type: security_group_rules) to 0
2026-07-10 01:00:11.623 9 INFO neutron.db.ovn_revision_numbers_db [None req-5646a5bd-9c3c-4fe5-81a7-f5540de95342 56c6772adfff4b8393a13f2b9af9b2bf d680de4b18024d4eb548d810135332d0 - - default default] Successfully bumped revision number for resource b4ac65d2-c952-4d14-89e3-eebb549c87e7 (type: security_group_rules) to 0
2026-07-10 01:00:11.639 10 WARNING neutron.scheduler.dhcp_agent_scheduler [None req-83c2bffb-8577-42cd-9eb8-bf53291b12a6 09a829232862450eac6532e681ef4b4f a7aed594e0f14d49ae5a33e9f19f2871 - - default default] No more DHCP agents
2026-07-10 01:00:11.640 9 INFO neutron.db.ovn_revision_numbers_db [None req-5646a5bd-9c3c-4fe5-81a7-f5540de95342 56c6772adfff4b8393a13f2b9af9b2bf d680de4b18024d4eb548d810135332d0 - - default default] Successfully bumped revision number for resource c4d3c7ca-4ed3-400b-936b-a3e3d2386d9e (type: security_group_rules) to 0
2026-07-10 01:00:11.641 10 WARNING neutron.api.rpc.agentnotifiers.dhcp_rpc_agent_api [None req-83c2bffb-8577-42cd-9eb8-bf53291b12a6 09a829232862450eac6532e681ef4b4f a7aed594e0f14d49ae5a33e9f19f2871 - - default default] Unable to schedule network ce3391ea-076e-468c-b70e-f6679d5578fc: no agents available; will retry on subsequent port and subnet creation events.
2026-07-10 01:00:11.704 9 INFO neutron.db.segments_db [None req-5646a5bd-9c3c-4fe5-81a7-f5540de95342 56c6772adfff4b8393a13f2b9af9b2bf d680de4b18024d4eb548d810135332d0 - - default default] Added segment 65672207-5b85-4895-beb4-0757305dfcbd of type geneve for network 8ec215f9-d2b7-4fcd-945e-663c5564a271
2026-07-10 01:00:11.850 9 INFO neutron.db.ovn_revision_numbers_db [None req-5646a5bd-9c3c-4fe5-81a7-f5540de95342 56c6772adfff4b8393a13f2b9af9b2bf d680de4b18024d4eb548d810135332d0 - - default default] Successfully bumped revision number for resource 8ec215f9-d2b7-4fcd-945e-663c5564a271 (type: networks) to 1
2026-07-10 01:00:11.908 10 INFO neutron.db.ovn_revision_numbers_db [None req-83c2bffb-8577-42cd-9eb8-bf53291b12a6 09a829232862450eac6532e681ef4b4f a7aed594e0f14d49ae5a33e9f19f2871 - - default default] Successfully bumped revision number for resource 190f6108-4f69-44b7-89b0-019e0c06f032 (type: ports) to 1
2026-07-10 01:00:12.069 9 WARNING neutron.scheduler.dhcp_agent_scheduler [None req-5646a5bd-9c3c-4fe5-81a7-f5540de95342 56c6772adfff4b8393a13f2b9af9b2bf d680de4b18024d4eb548d810135332d0 - - default default] No more DHCP agents
2026-07-10 01:00:12.073 9 WARNING neutron.api.rpc.agentnotifiers.dhcp_rpc_agent_api [None req-5646a5bd-9c3c-4fe5-81a7-f5540de95342 56c6772adfff4b8393a13f2b9af9b2bf d680de4b18024d4eb548d810135332d0 - - default default] Unable to schedule network 8ec215f9-d2b7-4fcd-945e-663c5564a271: no agents available; will retry on subsequent port and subnet creation events.
2026-07-10 01:00:12.152 9 INFO neutron.db.ovn_revision_numbers_db [None req-5646a5bd-9c3c-4fe5-81a7-f5540de95342 56c6772adfff4b8393a13f2b9af9b2bf d680de4b18024d4eb548d810135332d0 - - default default] Successfully bumped revision number for resource f5e5dd68-c827-46e2-8261-4896e5c84c5b (type: ports) to 1
2026-07-10 01:00:12.169 9 INFO neutron.wsgi [None req-5646a5bd-9c3c-4fe5-81a7-f5540de95342 56c6772adfff4b8393a13f2b9af9b2bf d680de4b18024d4eb548d810135332d0 - - default default] 10.0.0.104 "POST /v2.0/networks HTTP/1.1" status: 201 len: 942 time: 0.9986410
2026-07-10 01:00:12.396 10 INFO neutron.services.segments.plugin [-] Segment 921b4f4b-fd69-4b16-a6c8-a2ba7da6b824 resource provider aggregate not found
2026-07-10 01:00:12.403 10 INFO neutron.services.segments.plugin [-] Segment 921b4f4b-fd69-4b16-a6c8-a2ba7da6b824 resource provider aggregate not found
2026-07-10 01:00:12.420 10 INFO neutron.services.segments.plugin [-] Segment 921b4f4b-fd69-4b16-a6c8-a2ba7da6b824 resource provider not found; error: Placement Client Error (4xx): {"errors": [{"status": 404, "title": "Not Found", "detail": "The resource could not be found.\n\n No resource provider with uuid 921b4f4b-fd69-4b16-a6c8-a2ba7da6b824 found for delete ", "request_id": "req-366e89be-9b9d-4eed-89fb-2cab0b9cb155"}]}
2026-07-10 01:00:12.422 10 INFO neutron.services.segments.plugin [-] Segment 921b4f4b-fd69-4b16-a6c8-a2ba7da6b824 resource provider not found; error: Placement Client Error (4xx): {"errors": [{"status": 404, "title": "Not Found", "detail": "The resource could not be found.\n\n No resource provider with uuid 921b4f4b-fd69-4b16-a6c8-a2ba7da6b824 found for delete ", "request_id": "req-0fb8eed2-96f4-496f-9f12-89b847bbd248"}]}
2026-07-10 01:00:12.453 10 INFO neutron.wsgi [None req-b8fc977d-5517-4ac2-863c-5128a1253ab0 363d1b4e707c4f168a17ecb67bba0f62 eb63e644408d4cbbabd92a200a484432 - - default default] 10.0.0.104 "DELETE /v2.0/networks/9462abd1-4315-48d8-b1e8-ef8fd9f786ed HTTP/1.1" status: 204 len: 168 time: 0.8605435
2026-07-10 01:00:12.556 9 WARNING neutron.scheduler.dhcp_agent_scheduler [None req-a33d3a38-a51c-4ad5-81be-10353c92e272 56c6772adfff4b8393a13f2b9af9b2bf d680de4b18024d4eb548d810135332d0 - - default default] No more DHCP agents
2026-07-10 01:00:12.560 9 WARNING neutron.api.rpc.agentnotifiers.dhcp_rpc_agent_api [None req-a33d3a38-a51c-4ad5-81be-10353c92e272 56c6772adfff4b8393a13f2b9af9b2bf d680de4b18024d4eb548d810135332d0 - - default default] Unable to schedule network 8ec215f9-d2b7-4fcd-945e-663c5564a271: no agents available; will retry on subsequent port and subnet creation events.
2026-07-10 01:00:12.811 10 INFO neutron.plugins.ml2.drivers.ovn.mech_driver.mech_driver [None req-8188d7f9-7e32-405c-a9c0-d725ce4f79ec - - - - - -] OVN reports status up for port: 190f6108-4f69-44b7-89b0-019e0c06f032
2026-07-10 01:00:12.825 9 INFO neutron.plugins.ml2.drivers.ovn.mech_driver.ovsdb.ovsdb_monitor [None req-99b4220e-ca09-4c03-8d7e-38fbb922ba20 - - - - - -] Router 85f8f947-fd15-4f76-adbd-424c4a9678b5 is bound to host instance
2026-07-10 01:00:12.833 10 INFO neutron.plugins.ml2.plugin [None req-8188d7f9-7e32-405c-a9c0-d725ce4f79ec - - - - - -] Attempt 1 to provision port 190f6108-4f69-44b7-89b0-019e0c06f032
2026-07-10 01:00:12.862 10 INFO neutron.db.ovn_revision_numbers_db [None req-83c2bffb-8577-42cd-9eb8-bf53291b12a6 09a829232862450eac6532e681ef4b4f a7aed594e0f14d49ae5a33e9f19f2871 - - default default] Successfully bumped revision number for resource 190f6108-4f69-44b7-89b0-019e0c06f032 (type: router_ports) to 1
2026-07-10 01:00:12.947 10 INFO neutron.db.ovn_revision_numbers_db [None req-83c2bffb-8577-42cd-9eb8-bf53291b12a6 09a829232862450eac6532e681ef4b4f a7aed594e0f14d49ae5a33e9f19f2871 - - default default] Successfully bumped revision number for resource 85f8f947-fd15-4f76-adbd-424c4a9678b5 (type: routers) to 2
2026-07-10 01:00:12.966 10 INFO neutron.wsgi [None req-83c2bffb-8577-42cd-9eb8-bf53291b12a6 09a829232862450eac6532e681ef4b4f a7aed594e0f14d49ae5a33e9f19f2871 - - default default] 10.0.0.104 "POST /v2.0/routers HTTP/1.1" status: 201 len: 874 time: 1.8661528
2026-07-10 01:00:13.129 10 INFO neutron.wsgi [None req-57f755ad-acbc-43a3-833d-94f4ed6addca 35929734a7364eec8b9c085bc6090027 2434653e49cc46d6861a7a90219deadb - - default default] 10.0.0.104 "GET /v2.0/subnets?project_id=a7aed594e0f14d49ae5a33e9f19f2871&cidr=10.100.0.0%2F28 HTTP/1.1" status: 200 len: 207 time: 0.1571074
2026-07-10 01:00:13.137 9 INFO neutron.wsgi [None req-ed5621d9-d3fa-49c5-b489-b7d711db46f0 363d1b4e707c4f168a17ecb67bba0f62 eb63e644408d4cbbabd92a200a484432 - - default default] 10.0.0.104 "DELETE /v2.0/networks/f9799829-0535-4cc3-86a1-cea7a20f754a HTTP/1.1" status: 204 len: 168 time: 0.6790323
2026-07-10 01:00:13.233 10 INFO neutron.wsgi [None req-21ffeede-288a-409d-9d30-1e769593b45c 35929734a7364eec8b9c085bc6090027 2434653e49cc46d6861a7a90219deadb - - default default] 10.0.0.104 "GET /v2.0/networks?router%3Aexternal=True HTTP/1.1" status: 200 len: 947 time: 0.0985460
2026-07-10 01:00:13.278 9 INFO neutron.wsgi [None req-3bade082-04d6-474c-8fca-27fc8ea38c1c 35929734a7364eec8b9c085bc6090027 2434653e49cc46d6861a7a90219deadb - - default default] 10.0.0.104 "GET /v2.0/subnets?network_id=ce3391ea-076e-468c-b70e-f6679d5578fc&cidr=10.100.0.0%2F28 HTTP/1.1" status: 200 len: 207 time: 0.0355034
2026-07-10 01:00:13.395 9 INFO neutron.db.ovn_revision_numbers_db [None req-a33d3a38-a51c-4ad5-81be-10353c92e272 56c6772adfff4b8393a13f2b9af9b2bf d680de4b18024d4eb548d810135332d0 - - default default] Successfully bumped revision number for resource f5e5dd68-c827-46e2-8261-4896e5c84c5b (type: ports) to 2
2026-07-10 01:00:13.438 9 INFO neutron.db.ovn_revision_numbers_db [None req-a33d3a38-a51c-4ad5-81be-10353c92e272 56c6772adfff4b8393a13f2b9af9b2bf d680de4b18024d4eb548d810135332d0 - - default default] Successfully bumped revision number for resource 032ebfcb-e6e2-45e5-a2e0-bb127406d9ea (type: subnets) to 0
2026-07-10 01:00:13.454 9 INFO neutron.wsgi [None req-a33d3a38-a51c-4ad5-81be-10353c92e272 56c6772adfff4b8393a13f2b9af9b2bf d680de4b18024d4eb548d810135332d0 - - default default] 10.0.0.104 "POST /v2.0/subnets HTTP/1.1" status: 201 len: 865 time: 1.2800899
2026-07-10 01:00:13.612 9 INFO neutron.services.segments.plugin [-] Segment 26b0d9aa-1811-43ea-907d-76a71a543c98 resource provider aggregate not found
2026-07-10 01:00:13.618 9 INFO neutron.services.segments.plugin [-] Segment 26b0d9aa-1811-43ea-907d-76a71a543c98 resource provider aggregate not found
2026-07-10 01:00:13.619 10 WARNING neutron.scheduler.dhcp_agent_scheduler [None req-351e3c7c-56da-473e-b20a-cc00bcad34d3 09a829232862450eac6532e681ef4b4f a7aed594e0f14d49ae5a33e9f19f2871 - - default default] No more DHCP agents
2026-07-10 01:00:13.621 10 WARNING neutron.api.rpc.agentnotifiers.dhcp_rpc_agent_api [None req-351e3c7c-56da-473e-b20a-cc00bcad34d3 09a829232862450eac6532e681ef4b4f a7aed594e0f14d49ae5a33e9f19f2871 - - default default] Unable to schedule network 1d2d0e2f-17e1-461a-a998-3632a2d105c6: no agents available; will retry on subsequent port and subnet creation events.
2026-07-10 01:00:13.631 10 INFO neutron.wsgi [None req-169e58a5-8c35-46d6-9215-f92e2f1024a2 363d1b4e707c4f168a17ecb67bba0f62 eb63e644408d4cbbabd92a200a484432 - - default default] 10.0.0.104 "DELETE /v2.0/networks/82ac17ab-0db3-4c90-9b03-441da055b669 HTTP/1.1" status: 204 len: 168 time: 0.4895840
2026-07-10 01:00:13.650 9 INFO neutron.services.segments.plugin [-] Segment 26b0d9aa-1811-43ea-907d-76a71a543c98 resource provider not found; error: Placement Client Error (4xx): {"errors": [{"status": 404, "title": "Not Found", "detail": "The resource could not be found.\n\n No resource provider with uuid 26b0d9aa-1811-43ea-907d-76a71a543c98 found for delete ", "request_id": "req-04cc1fb4-c378-49ea-bec1-3d2afa74964f"}]}
2026-07-10 01:00:13.651 9 INFO neutron.services.segments.plugin [-] Segment 26b0d9aa-1811-43ea-907d-76a71a543c98 resource provider not found; error: Placement Client Error (4xx): {"errors": [{"status": 404, "title": "Not Found", "detail": "The resource could not be found.\n\n No resource provider with uuid 26b0d9aa-1811-43ea-907d-76a71a543c98 found for delete ", "request_id": "req-2f2e12e6-3d8e-4dbd-bce7-aaf0c135e9ed"}]}
2026-07-10 01:00:13.745 9 INFO neutron.db.ovn_revision_numbers_db [None req-99b4220e-ca09-4c03-8d7e-38fbb922ba20 - - - - - -] Successfully bumped revision number for resource 190f6108-4f69-44b7-89b0-019e0c06f032 (type: ports) to 1
2026-07-10 01:00:14.121 9 INFO neutron.db.ovn_revision_numbers_db [None req-99b4220e-ca09-4c03-8d7e-38fbb922ba20 - - - - - -] Successfully bumped revision number for resource 190f6108-4f69-44b7-89b0-019e0c06f032 (type: router_ports) to 3
2026-07-10 01:00:14.125 9 WARNING neutron.scheduler.dhcp_agent_scheduler [None req-3402da2f-18cb-4d11-b3c2-f8b1eea3b41c 56c6772adfff4b8393a13f2b9af9b2bf d680de4b18024d4eb548d810135332d0 - - default default] No more DHCP agents
2026-07-10 01:00:14.130 9 WARNING neutron.api.rpc.agentnotifiers.dhcp_rpc_agent_api [None req-3402da2f-18cb-4d11-b3c2-f8b1eea3b41c 56c6772adfff4b8393a13f2b9af9b2bf d680de4b18024d4eb548d810135332d0 - - default default] Unable to schedule network ce3391ea-076e-468c-b70e-f6679d5578fc: no agents available; will retry on subsequent port and subnet creation events.
2026-07-10 01:00:14.134 10 INFO neutron.wsgi [None req-e38f2a96-ff01-4441-90a6-5a689f8e7265 363d1b4e707c4f168a17ecb67bba0f62 eb63e644408d4cbbabd92a200a484432 - - default default] 10.0.0.104 "DELETE /v2.0/networks/d96910be-1475-4cb3-9bcc-621999b45349 HTTP/1.1" status: 204 len: 168 time: 0.4895852
2026-07-10 01:00:14.238 10 INFO neutron.db.ovn_revision_numbers_db [None req-351e3c7c-56da-473e-b20a-cc00bcad34d3 09a829232862450eac6532e681ef4b4f a7aed594e0f14d49ae5a33e9f19f2871 - - default default] Successfully bumped revision number for resource 61e6393d-4bd6-4bc9-b086-3b70c92ac729 (type: ports) to 2
2026-07-10 01:00:14.273 10 INFO neutron.db.ovn_revision_numbers_db [None req-351e3c7c-56da-473e-b20a-cc00bcad34d3 09a829232862450eac6532e681ef4b4f a7aed594e0f14d49ae5a33e9f19f2871 - - default default] Successfully bumped revision number for resource 20b4499e-98eb-4a2d-8b12-5cdda956b57b (type: subnets) to 0
2026-07-10 01:00:14.296 10 INFO neutron.wsgi [None req-351e3c7c-56da-473e-b20a-cc00bcad34d3 09a829232862450eac6532e681ef4b4f a7aed594e0f14d49ae5a33e9f19f2871 - - default default] 10.0.0.104 "POST /v2.0/subnets HTTP/1.1" status: 201 len: 832 time: 1.0113761
2026-07-10 01:00:14.344 9 INFO neutron.db.ovn_revision_numbers_db [None req-99b4220e-ca09-4c03-8d7e-38fbb922ba20 - - - - - -] Successfully bumped revision number for resource 190f6108-4f69-44b7-89b0-019e0c06f032 (type: ports) to 2
2026-07-10 01:00:14.361 9 INFO neutron.db.ovn_revision_numbers_db [None req-3402da2f-18cb-4d11-b3c2-f8b1eea3b41c 56c6772adfff4b8393a13f2b9af9b2bf d680de4b18024d4eb548d810135332d0 - - default default] Successfully bumped revision number for resource 5b55f994-2bfb-44da-8dca-d519d9511d54 (type: ports) to 1
2026-07-10 01:00:14.448 10 INFO neutron.services.segments.plugin [-] Segment 6b506d39-e85c-42e1-b736-7cca5004f48a resource provider aggregate not found
2026-07-10 01:00:14.453 10 INFO neutron.services.segments.plugin [-] Segment 6b506d39-e85c-42e1-b736-7cca5004f48a resource provider aggregate not found
