2026-07-10 00:25:48.415 10 INFO neutron.wsgi [-] 10.0.0.251 "GET / HTTP/1.1" status: 200 len: 246 time: 0.0046229
2026-07-10 00:26:03.411 10 INFO neutron.wsgi [-] 10.0.0.251 "GET / HTTP/1.1" status: 200 len: 246 time: 0.0015721
2026-07-10 00:26:03.412 9 INFO neutron.wsgi [-] 10.0.0.251 "GET / HTTP/1.1" status: 200 len: 246 time: 0.0023108
2026-07-10 00:26:18.414 10 INFO neutron.wsgi [-] 10.0.0.251 "GET / HTTP/1.1" status: 200 len: 246 time: 0.0037370
2026-07-10 00:26:18.421 10 INFO neutron.wsgi [-] 10.0.0.251 "GET / HTTP/1.1" status: 200 len: 246 time: 0.0041785
2026-07-10 00:26:33.413 10 INFO neutron.wsgi [-] 10.0.0.251 "GET / HTTP/1.1" status: 200 len: 246 time: 0.0023186
2026-07-10 00:26:33.418 9 INFO neutron.wsgi [-] 10.0.0.251 "GET / HTTP/1.1" status: 200 len: 246 time: 0.0018148
2026-07-10 00:26:48.413 10 INFO neutron.wsgi [-] 10.0.0.251 "GET / HTTP/1.1" status: 200 len: 246 time: 0.0024738
2026-07-10 00:26:48.413 9 INFO neutron.wsgi [-] 10.0.0.251 "GET / HTTP/1.1" status: 200 len: 246 time: 0.0028639
2026-07-10 00:27:03.412 9 INFO neutron.wsgi [-] 10.0.0.251 "GET / HTTP/1.1" status: 200 len: 246 time: 0.0023792
2026-07-10 00:27:03.412 10 INFO neutron.wsgi [-] 10.0.0.251 "GET / HTTP/1.1" status: 200 len: 246 time: 0.0024853
2026-07-10 00:27:18.413 9 INFO neutron.wsgi [-] 10.0.0.251 "GET / HTTP/1.1" status: 200 len: 246 time: 0.0022421
2026-07-10 00:27:18.414 10 INFO neutron.wsgi [-] 10.0.0.251 "GET / HTTP/1.1" status: 200 len: 246 time: 0.0029175
2026-07-10 00:27:33.411 10 INFO neutron.wsgi [-] 10.0.0.251 "GET / HTTP/1.1" status: 200 len: 246 time: 0.0016360
2026-07-10 00:27:33.412 9 INFO neutron.wsgi [-] 10.0.0.251 "GET / HTTP/1.1" status: 200 len: 246 time: 0.0026331
2026-07-10 00:27:48.411 9 INFO neutron.wsgi [-] 10.0.0.251 "GET / HTTP/1.1" status: 200 len: 246 time: 0.0012906
2026-07-10 00:27:48.411 10 INFO neutron.wsgi [-] 10.0.0.251 "GET / HTTP/1.1" status: 200 len: 246 time: 0.0016844
2026-07-10 00:28:03.411 9 INFO neutron.wsgi [-] 10.0.0.251 "GET / HTTP/1.1" status: 200 len: 246 time: 0.0017247
2026-07-10 00:28:03.413 10 INFO neutron.wsgi [-] 10.0.0.251 "GET / HTTP/1.1" status: 200 len: 246 time: 0.0032175
2026-07-10 00:28:18.413 10 INFO neutron.wsgi [-] 10.0.0.251 "GET / HTTP/1.1" status: 200 len: 246 time: 0.0023642
2026-07-10 00:28:18.414 9 INFO neutron.wsgi [-] 10.0.0.251 "GET / HTTP/1.1" status: 200 len: 246 time: 0.0031595
2026-07-10 00:28:28.557 15 INFO neutron.db.ovn_revision_numbers_db [None req-7bdd1a32-d6a5-4e12-bfc0-9b8bde164a1e - - - - - -] Successfully bumped revision number for resource ce3391ea-076e-468c-b70e-f6679d5578fc (type: networks) to 2
2026-07-10 00:28:28.558 15 INFO neutron.plugins.ml2.drivers.ovn.mech_driver.ovsdb.maintenance [None req-7bdd1a32-d6a5-4e12-bfc0-9b8bde164a1e - - - - - -] Maintenance task: Synchronization finished (took 0.15 seconds)
2026-07-10 00:28:33.413 9 INFO neutron.wsgi [-] 10.0.0.251 "GET / HTTP/1.1" status: 200 len: 246 time: 0.0025229
2026-07-10 00:28:33.413 10 INFO neutron.wsgi [-] 10.0.0.251 "GET / HTTP/1.1" status: 200 len: 246 time: 0.0027030
2026-07-10 00:28:48.412 9 INFO neutron.wsgi [-] 10.0.0.251 "GET / HTTP/1.1" status: 200 len: 246 time: 0.0022759
2026-07-10 00:28:48.417 10 INFO neutron.wsgi [-] 10.0.0.251 "GET / HTTP/1.1" status: 200 len: 246 time: 0.0074296
2026-07-10 00:29:03.421 9 INFO neutron.wsgi [-] 10.0.0.251 "GET / HTTP/1.1" status: 200 len: 246 time: 0.0100665
2026-07-10 00:29:03.425 9 INFO neutron.wsgi [-] 10.0.0.251 "GET / HTTP/1.1" status: 200 len: 246 time: 0.0024760
2026-07-10 00:29:18.412 10 INFO neutron.wsgi [-] 10.0.0.251 "GET / HTTP/1.1" status: 200 len: 246 time: 0.0023220
2026-07-10 00:29:18.414 9 INFO neutron.wsgi [-] 10.0.0.251 "GET / HTTP/1.1" status: 200 len: 246 time: 0.0029707
2026-07-10 00:29:33.410 9 INFO neutron.wsgi [-] 10.0.0.251 "GET / HTTP/1.1" status: 200 len: 246 time: 0.0012226
2026-07-10 00:29:33.412 9 INFO neutron.wsgi [-] 10.0.0.251 "GET / HTTP/1.1" status: 200 len: 246 time: 0.0010796
2026-07-10 00:29:48.413 9 INFO neutron.wsgi [-] 10.0.0.251 "GET / HTTP/1.1" status: 200 len: 246 time: 0.0024834
2026-07-10 00:29:48.413 10 INFO neutron.wsgi [-] 10.0.0.251 "GET / HTTP/1.1" status: 200 len: 246 time: 0.0026605
2026-07-10 00:30:03.411 9 INFO neutron.wsgi [-] 10.0.0.251 "GET / HTTP/1.1" status: 200 len: 246 time: 0.0012474
2026-07-10 00:30:03.413 10 INFO neutron.wsgi [-] 10.0.0.251 "GET / HTTP/1.1" status: 200 len: 246 time: 0.0029685
2026-07-10 00:30:18.412 10 INFO neutron.wsgi [-] 10.0.0.251 "GET / HTTP/1.1" status: 200 len: 246 time: 0.0023830
2026-07-10 00:30:18.413 9 INFO neutron.wsgi [-] 10.0.0.251 "GET / HTTP/1.1" status: 200 len: 246 time: 0.0025914 /var/lib/openstack/lib/python3.10/site-packages/memcache.py:1303: SyntaxWarning: "is" with a literal. Did you mean "=="? if key is '': /var/lib/openstack/lib/python3.10/site-packages/memcache.py:1304: SyntaxWarning: "is" with a literal. Did you mean "=="? if key_extra_len is 0: /var/lib/openstack/lib/python3.10/site-packages/pycadf/identifier.py:71: UserWarning: Invalid uuid: unknown. To ensure interoperability, identifiers should be a valid uuid. warnings.warn(('Invalid uuid: %s. To ensure interoperability, '
2026-07-10 00:30:25.058 9 WARNING oslo_policy.policy [None req-fb5c6af0-be86-49fb-83eb-94d7db052e89 56c6772adfff4b8393a13f2b9af9b2bf d680de4b18024d4eb548d810135332d0 - - default default] Policies ['delete_port', 'update_port:allowed_address_pairs', 'update_port:allowed_address_pairs:ip_address', 'update_port:allowed_address_pairs:mac_address', 'update_port:fixed_ips', 'update_port:mac_address'] reference a rule that is not defined.
2026-07-10 00:30:25.391 9 INFO neutron.wsgi [None req-fb5c6af0-be86-49fb-83eb-94d7db052e89 56c6772adfff4b8393a13f2b9af9b2bf d680de4b18024d4eb548d810135332d0 - - default default] 199.204.45.129,10.0.0.251 "GET /v2.0/networks HTTP/1.1" status: 200 len: 928 time: 0.8485353
2026-07-10 00:30:25.499 9 INFO neutron.db.segments_db [None req-90b54961-ad8e-4ee9-8bc2-ca01491dec2d 56c6772adfff4b8393a13f2b9af9b2bf d680de4b18024d4eb548d810135332d0 - - default default] Added segment 159576b6-bb85-4132-80b2-3dd1632d73c6 of type geneve for network e0634bc9-8397-48f6-8811-c5830530bd33
2026-07-10 00:30:25.602 9 INFO neutron.plugins.ml2.drivers.ovn.mech_driver.ovsdb.extensions.qos [None req-90b54961-ad8e-4ee9-8bc2-ca01491dec2d 56c6772adfff4b8393a13f2b9af9b2bf d680de4b18024d4eb548d810135332d0 - - default default] Starting OVNClientQosExtension
2026-07-10 00:30:25.602 9 INFO neutron.plugins.ml2.drivers.ovn.mech_driver.ovsdb.extensions.placement [None req-90b54961-ad8e-4ee9-8bc2-ca01491dec2d 56c6772adfff4b8393a13f2b9af9b2bf d680de4b18024d4eb548d810135332d0 - - default default] Starting OVNClientPlacementExtension
2026-07-10 00:30:25.739 9 INFO neutron.db.ovn_revision_numbers_db [None req-90b54961-ad8e-4ee9-8bc2-ca01491dec2d 56c6772adfff4b8393a13f2b9af9b2bf d680de4b18024d4eb548d810135332d0 - - default default] Successfully bumped revision number for resource e0634bc9-8397-48f6-8811-c5830530bd33 (type: networks) to 1
2026-07-10 00:30:25.976 9 WARNING neutron.scheduler.dhcp_agent_scheduler [None req-90b54961-ad8e-4ee9-8bc2-ca01491dec2d 56c6772adfff4b8393a13f2b9af9b2bf d680de4b18024d4eb548d810135332d0 - - default default] No more DHCP agents
2026-07-10 00:30:25.978 9 WARNING neutron.api.rpc.agentnotifiers.dhcp_rpc_agent_api [None req-90b54961-ad8e-4ee9-8bc2-ca01491dec2d 56c6772adfff4b8393a13f2b9af9b2bf d680de4b18024d4eb548d810135332d0 - - default default] Unable to schedule network e0634bc9-8397-48f6-8811-c5830530bd33: no agents available; will retry on subsequent port and subnet creation events.
2026-07-10 00:30:26.086 9 INFO neutron.db.ovn_revision_numbers_db [None req-90b54961-ad8e-4ee9-8bc2-ca01491dec2d 56c6772adfff4b8393a13f2b9af9b2bf d680de4b18024d4eb548d810135332d0 - - default default] Successfully bumped revision number for resource e136aece-ea5e-42d3-aed2-7a778faed474 (type: ports) to 1
2026-07-10 00:30:26.113 9 INFO neutron.wsgi [None req-90b54961-ad8e-4ee9-8bc2-ca01491dec2d 56c6772adfff4b8393a13f2b9af9b2bf d680de4b18024d4eb548d810135332d0 - - default default] 199.204.45.129,10.0.0.251 "POST /v2.0/networks HTTP/1.1" status: 201 len: 889 time: 0.7168620
2026-07-10 00:30:27.001 9 INFO neutron.wsgi [None req-64bd8bed-6014-4e21-9964-98ef0999b907 56c6772adfff4b8393a13f2b9af9b2bf d680de4b18024d4eb548d810135332d0 - - default default] 199.204.45.129,10.0.0.251 "GET /v2.0/subnets HTTP/1.1" status: 200 len: 819 time: 0.0765102
2026-07-10 00:30:27.078 9 INFO neutron.wsgi [None req-7e202591-c7b9-45cf-8faa-5da89bd90d29 56c6772adfff4b8393a13f2b9af9b2bf d680de4b18024d4eb548d810135332d0 - - default default] 199.204.45.129,10.0.0.251 "GET /v2.0/networks HTTP/1.1" status: 200 len: 1614 time: 0.0738196
2026-07-10 00:30:27.259 9 WARNING neutron.scheduler.dhcp_agent_scheduler [None req-890f1978-f2b8-463f-8443-0829bcc2d0c0 56c6772adfff4b8393a13f2b9af9b2bf d680de4b18024d4eb548d810135332d0 - - default default] No more DHCP agents
2026-07-10 00:30:27.261 9 WARNING neutron.api.rpc.agentnotifiers.dhcp_rpc_agent_api [None req-890f1978-f2b8-463f-8443-0829bcc2d0c0 56c6772adfff4b8393a13f2b9af9b2bf d680de4b18024d4eb548d810135332d0 - - default default] Unable to schedule network e0634bc9-8397-48f6-8811-c5830530bd33: no agents available; will retry on subsequent port and subnet creation events.
2026-07-10 00:30:27.816 9 INFO neutron.db.ovn_revision_numbers_db [None req-890f1978-f2b8-463f-8443-0829bcc2d0c0 56c6772adfff4b8393a13f2b9af9b2bf d680de4b18024d4eb548d810135332d0 - - default default] Successfully bumped revision number for resource e136aece-ea5e-42d3-aed2-7a778faed474 (type: ports) to 2
2026-07-10 00:30:27.859 9 INFO neutron.db.ovn_revision_numbers_db [None req-890f1978-f2b8-463f-8443-0829bcc2d0c0 56c6772adfff4b8393a13f2b9af9b2bf d680de4b18024d4eb548d810135332d0 - - default default] Successfully bumped revision number for resource a074eb77-4f24-4ffc-a41b-bc9b343e4d4c (type: subnets) to 0
2026-07-10 00:30:27.875 9 INFO neutron.wsgi [None req-890f1978-f2b8-463f-8443-0829bcc2d0c0 56c6772adfff4b8393a13f2b9af9b2bf d680de4b18024d4eb548d810135332d0 - - default default] 199.204.45.129,10.0.0.251 "POST /v2.0/subnets HTTP/1.1" status: 201 len: 807 time: 0.7920008
2026-07-10 00:30:28.882 10 INFO neutron.wsgi [None req-0b711755-ea12-422a-8f34-6c0e7d6f4589 56c6772adfff4b8393a13f2b9af9b2bf d680de4b18024d4eb548d810135332d0 - - default default] 199.204.45.129,10.0.0.251 "GET /v2.0/security-groups?tenant_id=d680de4b18024d4eb548d810135332d0 HTTP/1.1" status: 200 len: 2969 time: 0.0832543
2026-07-10 00:30:28.993 10 INFO neutron.db.ovn_revision_numbers_db [None req-2fffb282-b2b5-490f-96ec-76a84a66555e 56c6772adfff4b8393a13f2b9af9b2bf d680de4b18024d4eb548d810135332d0 - - default default] Successfully bumped revision number for resource 7982b984-8cbe-44e1-9251-d822626936f8 (type: security_groups) to 1
2026-07-10 00:30:29.006 10 INFO neutron.db.ovn_revision_numbers_db [None req-2fffb282-b2b5-490f-96ec-76a84a66555e 56c6772adfff4b8393a13f2b9af9b2bf d680de4b18024d4eb548d810135332d0 - - default default] Successfully bumped revision number for resource 8d6b25d4-831a-4f1a-b162-55eb13014385 (type: security_group_rules) to 0
2026-07-10 00:30:29.019 10 INFO neutron.db.ovn_revision_numbers_db [None req-2fffb282-b2b5-490f-96ec-76a84a66555e 56c6772adfff4b8393a13f2b9af9b2bf d680de4b18024d4eb548d810135332d0 - - default default] Successfully bumped revision number for resource b6231be2-111d-46af-873c-34859e3bb022 (type: security_group_rules) to 0
2026-07-10 00:30:29.037 10 INFO neutron.wsgi [None req-2fffb282-b2b5-490f-96ec-76a84a66555e 56c6772adfff4b8393a13f2b9af9b2bf d680de4b18024d4eb548d810135332d0 - - default default] 199.204.45.129,10.0.0.251 "POST /v2.0/security-groups HTTP/1.1" status: 201 len: 1733 time: 0.1458919
2026-07-10 00:30:29.995 10 INFO neutron.wsgi [None req-44e39ff0-3450-4b7f-b090-f77ac010ab9a 56c6772adfff4b8393a13f2b9af9b2bf d680de4b18024d4eb548d810135332d0 - - default default] 199.204.45.129,10.0.0.251 "GET /v2.0/security-groups?tenant_id=d680de4b18024d4eb548d810135332d0 HTTP/1.1" status: 200 len: 4503 time: 0.0738499
2026-07-10 00:30:30.043 10 INFO neutron.wsgi [None req-8392c24d-51c8-4bb6-a19d-ee300d8d354b 56c6772adfff4b8393a13f2b9af9b2bf d680de4b18024d4eb548d810135332d0 - - default default] 199.204.45.129,10.0.0.251 "GET /v2.0/security-groups HTTP/1.1" status: 200 len: 4503 time: 0.0377872
2026-07-10 00:30:30.167 10 INFO neutron.db.ovn_revision_numbers_db [None req-255cf300-e010-4190-b779-ecad95f331d6 56c6772adfff4b8393a13f2b9af9b2bf d680de4b18024d4eb548d810135332d0 - - default default] Successfully bumped revision number for resource 009147e4-a03d-4474-9842-169dbb44272d (type: security_group_rules) to 0
2026-07-10 00:30:30.195 10 INFO neutron.wsgi [None req-255cf300-e010-4190-b779-ecad95f331d6 56c6772adfff4b8393a13f2b9af9b2bf d680de4b18024d4eb548d810135332d0 - - default default] 199.204.45.129,10.0.0.251 "POST /v2.0/security-group-rules HTTP/1.1" status: 201 len: 749 time: 0.1413491
2026-07-10 00:30:31.052 9 INFO neutron.wsgi [None req-9a9cab7e-0f15-48da-82bd-8a6206d07552 56c6772adfff4b8393a13f2b9af9b2bf d680de4b18024d4eb548d810135332d0 - - default default] 199.204.45.129,10.0.0.251 "GET /v2.0/security-groups?tenant_id=d680de4b18024d4eb548d810135332d0 HTTP/1.1" status: 200 len: 5085 time: 0.0777256
2026-07-10 00:30:31.098 9 INFO neutron.wsgi [None req-504c2dc8-bd85-472d-9cf8-4c50a54a254c 56c6772adfff4b8393a13f2b9af9b2bf d680de4b18024d4eb548d810135332d0 - - default default] 199.204.45.129,10.0.0.251 "GET /v2.0/security-groups HTTP/1.1" status: 200 len: 5085 time: 0.0381408
2026-07-10 00:30:31.247 9 INFO neutron.db.ovn_revision_numbers_db [None req-3069a832-3625-4ca3-a4b4-288a4045e557 56c6772adfff4b8393a13f2b9af9b2bf d680de4b18024d4eb548d810135332d0 - - default default] Successfully bumped revision number for resource 7c4cef5c-e489-4b5e-9f19-a7990f81381d (type: security_group_rules) to 0
2026-07-10 00:30:31.278 9 INFO neutron.wsgi [None req-3069a832-3625-4ca3-a4b4-288a4045e557 56c6772adfff4b8393a13f2b9af9b2bf d680de4b18024d4eb548d810135332d0 - - default default] 199.204.45.129,10.0.0.251 "POST /v2.0/security-group-rules HTTP/1.1" status: 201 len: 751 time: 0.1699722
2026-07-10 00:30:32.087 10 INFO neutron.wsgi [None req-19f29784-a9c2-402c-aec0-725f2b59241c 56c6772adfff4b8393a13f2b9af9b2bf d680de4b18024d4eb548d810135332d0 - - default default] 199.204.45.129,10.0.0.251 "GET /v2.0/security-groups?tenant_id=d680de4b18024d4eb548d810135332d0 HTTP/1.1" status: 200 len: 5669 time: 0.0702250
2026-07-10 00:30:32.132 10 INFO neutron.wsgi [None req-61084f88-3e8d-4051-9498-5e561ca070f6 56c6772adfff4b8393a13f2b9af9b2bf d680de4b18024d4eb548d810135332d0 - - default default] 199.204.45.129,10.0.0.251 "GET /v2.0/security-groups HTTP/1.1" status: 200 len: 5669 time: 0.0355709
2026-07-10 00:30:32.260 10 INFO neutron.db.ovn_revision_numbers_db [None req-ecef94c2-9b2d-4178-b68d-540b9adf32b7 56c6772adfff4b8393a13f2b9af9b2bf d680de4b18024d4eb548d810135332d0 - - default default] Successfully bumped revision number for resource 79be0d92-a1af-497a-971d-2fd5480b2997 (type: security_group_rules) to 0
2026-07-10 00:30:32.284 10 INFO neutron.wsgi [None req-ecef94c2-9b2d-4178-b68d-540b9adf32b7 56c6772adfff4b8393a13f2b9af9b2bf d680de4b18024d4eb548d810135332d0 - - default default] 199.204.45.129,10.0.0.251 "POST /v2.0/security-group-rules HTTP/1.1" status: 201 len: 751 time: 0.1417596
2026-07-10 00:30:33.119 10 INFO neutron.wsgi [None req-b41cf3a8-74e7-4abb-ad47-bd0a6e8f0bf8 56c6772adfff4b8393a13f2b9af9b2bf d680de4b18024d4eb548d810135332d0 - - default default] 199.204.45.129,10.0.0.251 "GET /v2.0/security-groups?tenant_id=d680de4b18024d4eb548d810135332d0 HTTP/1.1" status: 200 len: 6253 time: 0.0816977
2026-07-10 00:30:33.163 10 INFO neutron.wsgi [None req-fdbc9f98-981a-4dd9-b039-ffef8ebda514 56c6772adfff4b8393a13f2b9af9b2bf d680de4b18024d4eb548d810135332d0 - - default default] 199.204.45.129,10.0.0.251 "GET /v2.0/security-groups HTTP/1.1" status: 200 len: 6253 time: 0.0337827
2026-07-10 00:30:33.309 10 INFO neutron.db.ovn_revision_numbers_db [None req-10b29eaa-7dfc-49b1-833e-057b94fb4a19 56c6772adfff4b8393a13f2b9af9b2bf d680de4b18024d4eb548d810135332d0 - - default default] Successfully bumped revision number for resource 2e55e95f-093b-4361-8e9e-08bab63de115 (type: security_group_rules) to 0
2026-07-10 00:30:33.340 10 INFO neutron.wsgi [None req-10b29eaa-7dfc-49b1-833e-057b94fb4a19 56c6772adfff4b8393a13f2b9af9b2bf d680de4b18024d4eb548d810135332d0 - - default default] 199.204.45.129,10.0.0.251 "POST /v2.0/security-group-rules HTTP/1.1" status: 201 len: 751 time: 0.1667683
2026-07-10 00:30:33.413 9 INFO neutron.wsgi [-] 10.0.0.251 "GET / HTTP/1.1" status: 200 len: 246 time: 0.0026596
2026-07-10 00:30:33.417 9 INFO neutron.wsgi [-] 10.0.0.251 "GET / HTTP/1.1" status: 200 len: 246 time: 0.0022609
2026-07-10 00:30:34.179 10 INFO neutron.wsgi [None req-7f21a4b0-ba5f-44ab-85bd-7131fce7af8a 56c6772adfff4b8393a13f2b9af9b2bf d680de4b18024d4eb548d810135332d0 - - default default] 199.204.45.129,10.0.0.251 "GET /v2.0/security-groups?tenant_id=d680de4b18024d4eb548d810135332d0 HTTP/1.1" status: 200 len: 6837 time: 0.0765612
2026-07-10 00:30:34.225 10 INFO neutron.wsgi [None req-46022696-dbe5-4dbe-8ace-a8824f353450 56c6772adfff4b8393a13f2b9af9b2bf d680de4b18024d4eb548d810135332d0 - - default default] 199.204.45.129,10.0.0.251 "GET /v2.0/security-groups HTTP/1.1" status: 200 len: 6837 time: 0.0355589
2026-07-10 00:30:34.351 10 INFO neutron.db.ovn_revision_numbers_db [None req-bbfda328-42a3-45f2-91d8-40cd0de3921b 56c6772adfff4b8393a13f2b9af9b2bf d680de4b18024d4eb548d810135332d0 - - default default] Successfully bumped revision number for resource f26072d5-a414-4725-8e5f-f54032ea5b0a (type: security_group_rules) to 0
2026-07-10 00:30:34.375 10 INFO neutron.wsgi [None req-bbfda328-42a3-45f2-91d8-40cd0de3921b 56c6772adfff4b8393a13f2b9af9b2bf d680de4b18024d4eb548d810135332d0 - - default default] 199.204.45.129,10.0.0.251 "POST /v2.0/security-group-rules HTTP/1.1" status: 201 len: 751 time: 0.1403770
2026-07-10 00:30:35.412 9 INFO neutron.wsgi [None req-c8989d14-c2aa-4d7f-b5b2-739e8afefed2 56c6772adfff4b8393a13f2b9af9b2bf d680de4b18024d4eb548d810135332d0 - - default default] 199.204.45.129,10.0.0.251 "GET /v2.0/security-groups HTTP/1.1" status: 200 len: 7421 time: 0.0704553
2026-07-10 00:30:35.467 9 INFO neutron.wsgi [None req-f423b573-eb40-4f77-8a32-6febff720ac1 56c6772adfff4b8393a13f2b9af9b2bf d680de4b18024d4eb548d810135332d0 - - default default] 199.204.45.129,10.0.0.251 "GET /v2.0/ports HTTP/1.1" status: 200 len: 2301 time: 0.0476198
2026-07-10 00:30:35.538 9 INFO neutron.wsgi [None req-ab8c49e2-bcac-4bb2-9bcf-591016345437 56c6772adfff4b8393a13f2b9af9b2bf d680de4b18024d4eb548d810135332d0 - - default default] 199.204.45.129,10.0.0.251 "GET /v2.0/networks HTTP/1.1" status: 200 len: 1652 time: 0.0614898
2026-07-10 00:30:35.826 9 WARNING neutron.scheduler.dhcp_agent_scheduler [None req-90e58b14-7d2b-4ca6-a4a2-5a3db1dbef16 56c6772adfff4b8393a13f2b9af9b2bf d680de4b18024d4eb548d810135332d0 - - default default] No more DHCP agents
2026-07-10 00:30:35.827 9 WARNING neutron.api.rpc.agentnotifiers.dhcp_rpc_agent_api [None req-90e58b14-7d2b-4ca6-a4a2-5a3db1dbef16 56c6772adfff4b8393a13f2b9af9b2bf d680de4b18024d4eb548d810135332d0 - - default default] Unable to schedule network e0634bc9-8397-48f6-8811-c5830530bd33: no agents available; will retry on subsequent port and subnet creation events.
2026-07-10 00:30:35.971 9 INFO neutron.db.ovn_revision_numbers_db [None req-90e58b14-7d2b-4ca6-a4a2-5a3db1dbef16 56c6772adfff4b8393a13f2b9af9b2bf d680de4b18024d4eb548d810135332d0 - - default default] Successfully bumped revision number for resource 1a10edff-c317-49d0-b0b1-5dfb75d50770 (type: ports) to 1
2026-07-10 00:30:35.991 9 INFO neutron.wsgi [None req-90e58b14-7d2b-4ca6-a4a2-5a3db1dbef16 56c6772adfff4b8393a13f2b9af9b2bf d680de4b18024d4eb548d810135332d0 - - default default] 199.204.45.129,10.0.0.251 "POST /v2.0/ports HTTP/1.1" status: 201 len: 1281 time: 0.4473341
2026-07-10 00:30:42.585 10 INFO neutron.pecan_wsgi.hooks.translation [None req-0cfee26d-70e7-48e6-ad9b-c2520c0cc717 56c6772adfff4b8393a13f2b9af9b2bf d680de4b18024d4eb548d810135332d0 - - default default] GET failed (client error): The resource could not be found.
2026-07-10 00:30:42.587 10 INFO neutron.wsgi [None req-0cfee26d-70e7-48e6-ad9b-c2520c0cc717 56c6772adfff4b8393a13f2b9af9b2bf d680de4b18024d4eb548d810135332d0 - - default default] 199.204.45.129,10.0.0.251 "GET /v2.0/ports/octavia-health-manager-port-instance HTTP/1.1" status: 404 len: 314 time: 0.0735450
2026-07-10 00:30:42.630 10 INFO neutron.wsgi [None req-a1562bec-3725-453f-95f2-50810c0c4471 56c6772adfff4b8393a13f2b9af9b2bf d680de4b18024d4eb548d810135332d0 - - default default] 199.204.45.129,10.0.0.251 "GET /v2.0/ports?name=octavia-health-manager-port-instance HTTP/1.1" status: 200 len: 1279 time: 0.0389440
2026-07-10 00:30:43.120 10 INFO neutron.db.ovn_revision_numbers_db [None req-d0ac812d-3309-431b-bd8c-2885c1c222cd 56c6772adfff4b8393a13f2b9af9b2bf d680de4b18024d4eb548d810135332d0 - - default default] Successfully bumped revision number for resource 1a10edff-c317-49d0-b0b1-5dfb75d50770 (type: ports) to 1
2026-07-10 00:30:43.364 10 INFO neutron.db.ovn_revision_numbers_db [None req-d0ac812d-3309-431b-bd8c-2885c1c222cd 56c6772adfff4b8393a13f2b9af9b2bf d680de4b18024d4eb548d810135332d0 - - default default] Successfully bumped revision number for resource 1a10edff-c317-49d0-b0b1-5dfb75d50770 (type: ports) to 2
2026-07-10 00:30:43.383 10 INFO neutron.wsgi [None req-d0ac812d-3309-431b-bd8c-2885c1c222cd 56c6772adfff4b8393a13f2b9af9b2bf d680de4b18024d4eb548d810135332d0 - - default default] 199.204.45.129,10.0.0.251 "PUT /v2.0/ports/1a10edff-c317-49d0-b0b1-5dfb75d50770 HTTP/1.1" status: 200 len: 1366 time: 0.7459984 /var/lib/openstack/lib/python3.10/site-packages/pycadf/identifier.py:71: UserWarning: Invalid uuid: unknown. To ensure interoperability, identifiers should be a valid uuid. warnings.warn(('Invalid uuid: %s. To ensure interoperability, '
2026-07-10 00:30:44.777 10 INFO neutron.wsgi [None req-f19e5884-3824-4b25-bf26-0af3b883b082 56c6772adfff4b8393a13f2b9af9b2bf d680de4b18024d4eb548d810135332d0 - - default default] 199.204.45.129,10.0.0.251 "GET /v2.0/ports HTTP/1.1" status: 200 len: 3511 time: 0.0830493 /var/lib/openstack/lib/python3.10/site-packages/pycadf/identifier.py:71: UserWarning: Invalid uuid: unknown. To ensure interoperability, identifiers should be a valid uuid. warnings.warn(('Invalid uuid: %s. To ensure interoperability, '
2026-07-10 00:30:45.720 9 INFO neutron.wsgi [None req-f31f140b-61e5-45f3-85e7-cd0ce343441d 56c6772adfff4b8393a13f2b9af9b2bf d680de4b18024d4eb548d810135332d0 - - default default] 199.204.45.129,10.0.0.251 "GET /v2.0/security-groups?tenant_id=d680de4b18024d4eb548d810135332d0 HTTP/1.1" status: 200 len: 7421 time: 0.0864296
2026-07-10 00:30:45.847 9 INFO neutron.db.ovn_revision_numbers_db [None req-10b3b8dd-7377-41c2-a464-9b089fb07190 56c6772adfff4b8393a13f2b9af9b2bf d680de4b18024d4eb548d810135332d0 - - default default] Successfully bumped revision number for resource 60a98f68-d793-4604-8b1b-38401f009a9e (type: security_groups) to 1
2026-07-10 00:30:45.858 9 INFO neutron.db.ovn_revision_numbers_db [None req-10b3b8dd-7377-41c2-a464-9b089fb07190 56c6772adfff4b8393a13f2b9af9b2bf d680de4b18024d4eb548d810135332d0 - - default default] Successfully bumped revision number for resource 69eeb429-c417-4a64-8162-91729512d91f (type: security_group_rules) to 0
2026-07-10 00:30:45.870 9 INFO neutron.db.ovn_revision_numbers_db [None req-10b3b8dd-7377-41c2-a464-9b089fb07190 56c6772adfff4b8393a13f2b9af9b2bf d680de4b18024d4eb548d810135332d0 - - default default] Successfully bumped revision number for resource e28fa0c9-c221-457f-8f47-348194977e51 (type: security_group_rules) to 0
2026-07-10 00:30:45.889 9 INFO neutron.wsgi [None req-10b3b8dd-7377-41c2-a464-9b089fb07190 56c6772adfff4b8393a13f2b9af9b2bf d680de4b18024d4eb548d810135332d0 - - default default] 199.204.45.129,10.0.0.251 "POST /v2.0/security-groups HTTP/1.1" status: 201 len: 1727 time: 0.1619539
2026-07-10 00:30:46.785 9 INFO neutron.wsgi [None req-36612832-ae2b-4cbe-8f9e-d8e7a593c739 56c6772adfff4b8393a13f2b9af9b2bf d680de4b18024d4eb548d810135332d0 - - default default] 199.204.45.129,10.0.0.251 "GET /v2.0/security-groups?tenant_id=d680de4b18024d4eb548d810135332d0 HTTP/1.1" status: 200 len: 8949 time: 0.0859275
2026-07-10 00:30:46.834 9 INFO neutron.wsgi [None req-1c25ecaf-920f-4d31-9dbb-3e28b2162895 56c6772adfff4b8393a13f2b9af9b2bf d680de4b18024d4eb548d810135332d0 - - default default] 199.204.45.129,10.0.0.251 "GET /v2.0/security-groups HTTP/1.1" status: 200 len: 8949 time: 0.0382855
2026-07-10 00:30:46.963 9 INFO neutron.db.ovn_revision_numbers_db [None req-092d04fc-be93-43e1-ae88-f026558b55c1 56c6772adfff4b8393a13f2b9af9b2bf d680de4b18024d4eb548d810135332d0 - - default default] Successfully bumped revision number for resource a6bd7c72-e49d-4261-a736-a5ce021eb401 (type: security_group_rules) to 0
2026-07-10 00:30:46.983 9 INFO neutron.wsgi [None req-092d04fc-be93-43e1-ae88-f026558b55c1 56c6772adfff4b8393a13f2b9af9b2bf d680de4b18024d4eb548d810135332d0 - - default default] 199.204.45.129,10.0.0.251 "POST /v2.0/security-group-rules HTTP/1.1" status: 201 len: 771 time: 0.1386917
2026-07-10 00:30:47.831 10 INFO neutron.wsgi [None req-472cccdd-14d7-4660-aecb-962d4e8a9166 56c6772adfff4b8393a13f2b9af9b2bf d680de4b18024d4eb548d810135332d0 - - default default] 199.204.45.129,10.0.0.251 "GET /v2.0/security-groups?tenant_id=d680de4b18024d4eb548d810135332d0 HTTP/1.1" status: 200 len: 9553 time: 0.0903461
2026-07-10 00:30:47.880 10 INFO neutron.wsgi [None req-ad71136f-6e39-4668-9dfd-867b39efe6b8 56c6772adfff4b8393a13f2b9af9b2bf d680de4b18024d4eb548d810135332d0 - - default default] 199.204.45.129,10.0.0.251 "GET /v2.0/security-groups HTTP/1.1" status: 200 len: 9553 time: 0.0394690
2026-07-10 00:30:48.007 10 INFO neutron.db.ovn_revision_numbers_db [None req-d5a30999-02bc-4c33-8966-edf13f8509a4 56c6772adfff4b8393a13f2b9af9b2bf d680de4b18024d4eb548d810135332d0 - - default default] Successfully bumped revision number for resource 817f22c6-093f-46d1-a85d-77be00be0b6d (type: security_group_rules) to 0
2026-07-10 00:30:48.028 10 INFO neutron.wsgi [None req-d5a30999-02bc-4c33-8966-edf13f8509a4 56c6772adfff4b8393a13f2b9af9b2bf d680de4b18024d4eb548d810135332d0 - - default default] 199.204.45.129,10.0.0.251 "POST /v2.0/security-group-rules HTTP/1.1" status: 201 len: 775 time: 0.1397460
2026-07-10 00:30:48.412 9 INFO neutron.wsgi [-] 10.0.0.251 "GET / HTTP/1.1" status: 200 len: 246 time: 0.0023258
2026-07-10 00:30:48.412 10 INFO neutron.wsgi [-] 10.0.0.251 "GET / HTTP/1.1" status: 200 len: 246 time: 0.0024097
2026-07-10 00:31:03.412 10 INFO neutron.wsgi [-] 10.0.0.251 "GET / HTTP/1.1" status: 200 len: 246 time: 0.0024269
2026-07-10 00:31:03.413 9 INFO neutron.wsgi [-] 10.0.0.251 "GET / HTTP/1.1" status: 200 len: 246 time: 0.0029697
2026-07-10 00:31:18.412 9 INFO neutron.wsgi [-] 10.0.0.251 "GET / HTTP/1.1" status: 200 len: 246 time: 0.0016294
2026-07-10 00:31:18.412 10 INFO neutron.wsgi [-] 10.0.0.251 "GET / HTTP/1.1" status: 200 len: 246 time: 0.0015204
2026-07-10 00:31:33.414 9 INFO neutron.wsgi [-] 10.0.0.251 "GET / HTTP/1.1" status: 200 len: 246 time: 0.0026438
2026-07-10 00:31:33.414 10 INFO neutron.wsgi [-] 10.0.0.251 "GET / HTTP/1.1" status: 200 len: 246 time: 0.0030935
2026-07-10 00:31:45.717 9 INFO neutron.wsgi [None req-419987c8-dd74-4d49-9ceb-504cef2002da 56c6772adfff4b8393a13f2b9af9b2bf d680de4b18024d4eb548d810135332d0 - - default default] 199.204.45.129,10.0.0.251 "GET /v2.0/quotas/d680de4b18024d4eb548d810135332d0 HTTP/1.1" status: 200 len: 362 time: 0.0111449 /var/lib/openstack/lib/python3.10/site-packages/neutron/extensions/quotasv2.py:140: UserWarning: Neutron quota engine will require "--force" parameter to set a quota limit without checking the resource usage. warnings.warn('Neutron quota engine will require "--force" '
2026-07-10 00:31:46.043 9 INFO neutron.wsgi [None req-49baa3ac-7a81-408f-8cff-1b70a4f2c0b2 56c6772adfff4b8393a13f2b9af9b2bf d680de4b18024d4eb548d810135332d0 - - default default] 199.204.45.129,10.0.0.251 "PUT /v2.0/quotas/d680de4b18024d4eb548d810135332d0 HTTP/1.1" status: 200 len: 361 time: 0.0311186
2026-07-10 00:31:46.343 9 INFO neutron.wsgi [None req-bb1a7da7-8614-4590-a67c-a0b09472cd79 56c6772adfff4b8393a13f2b9af9b2bf d680de4b18024d4eb548d810135332d0 - - default default] 199.204.45.129,10.0.0.251 "GET /v2.0/quotas/d680de4b18024d4eb548d810135332d0 HTTP/1.1" status: 200 len: 361 time: 0.0119336
2026-07-10 00:31:48.413 9 INFO neutron.wsgi [-] 10.0.0.251 "GET / HTTP/1.1" status: 200 len: 246 time: 0.0022531
2026-07-10 00:31:48.415 9 INFO neutron.wsgi [-] 10.0.0.251 "GET / HTTP/1.1" status: 200 len: 246 time: 0.0012534
2026-07-10 00:32:03.412 10 INFO neutron.wsgi [-] 10.0.0.251 "GET / HTTP/1.1" status: 200 len: 246 time: 0.0020399
2026-07-10 00:32:03.413 9 INFO neutron.wsgi [-] 10.0.0.251 "GET / HTTP/1.1" status: 200 len: 246 time: 0.0029905
2026-07-10 00:32:18.412 9 INFO neutron.wsgi [-] 10.0.0.251 "GET / HTTP/1.1" status: 200 len: 246 time: 0.0025456
2026-07-10 00:32:18.412 10 INFO neutron.wsgi [-] 10.0.0.251 "GET / HTTP/1.1" status: 200 len: 246 time: 0.0025551
2026-07-10 00:32:33.412 9 INFO neutron.wsgi [-] 10.0.0.251 "GET / HTTP/1.1" status: 200 len: 246 time: 0.0021822
2026-07-10 00:32:33.415 9 INFO neutron.wsgi [-] 10.0.0.251 "GET / HTTP/1.1" status: 200 len: 246 time: 0.0014329
2026-07-10 00:32:48.413 10 INFO neutron.wsgi [-] 10.0.0.251 "GET / HTTP/1.1" status: 200 len: 246 time: 0.0023856
2026-07-10 00:32:48.415 10 INFO neutron.wsgi [-] 10.0.0.251 "GET / HTTP/1.1" status: 200 len: 246 time: 0.0012939
2026-07-10 00:33:03.414 9 INFO neutron.wsgi [-] 10.0.0.251 "GET / HTTP/1.1" status: 200 len: 246 time: 0.0030107
2026-07-10 00:33:03.417 9 INFO neutron.wsgi [-] 10.0.0.251 "GET / HTTP/1.1" status: 200 len: 246 time: 0.0018368
2026-07-10 00:33:18.412 9 INFO neutron.wsgi [-] 10.0.0.251 "GET / HTTP/1.1" status: 200 len: 246 time: 0.0020297
2026-07-10 00:33:18.413 10 INFO neutron.wsgi [-] 10.0.0.251 "GET / HTTP/1.1" status: 200 len: 246 time: 0.0032289
2026-07-10 00:33:28.554 15 INFO neutron.db.ovn_revision_numbers_db [None req-7bdd1a32-d6a5-4e12-bfc0-9b8bde164a1e - - - - - -] Successfully bumped revision number for resource e0634bc9-8397-48f6-8811-c5830530bd33 (type: networks) to 2
2026-07-10 00:33:28.599 15 INFO neutron.db.ovn_revision_numbers_db [None req-7bdd1a32-d6a5-4e12-bfc0-9b8bde164a1e - - - - - -] Successfully bumped revision number for resource 7982b984-8cbe-44e1-9251-d822626936f8 (type: security_groups) to 6
2026-07-10 00:33:28.641 15 INFO neutron.db.ovn_revision_numbers_db [None req-7bdd1a32-d6a5-4e12-bfc0-9b8bde164a1e - - - - - -] Successfully bumped revision number for resource 60a98f68-d793-4604-8b1b-38401f009a9e (type: security_groups) to 3
2026-07-10 00:33:28.838 15 INFO neutron.db.ovn_revision_numbers_db [None req-7bdd1a32-d6a5-4e12-bfc0-9b8bde164a1e - - - - - -] Successfully bumped revision number for resource 1a10edff-c317-49d0-b0b1-5dfb75d50770 (type: ports) to 3
2026-07-10 00:33:28.838 15 INFO neutron.plugins.ml2.drivers.ovn.mech_driver.ovsdb.maintenance [None req-7bdd1a32-d6a5-4e12-bfc0-9b8bde164a1e - - - - - -] Maintenance task: Synchronization finished (took 0.39 seconds)
2026-07-10 00:33:33.413 10 INFO neutron.wsgi [-] 10.0.0.251 "GET / HTTP/1.1" status: 200 len: 246 time: 0.0034490
2026-07-10 00:33:33.414 9 INFO neutron.wsgi [-] 10.0.0.251 "GET / HTTP/1.1" status: 200 len: 246 time: 0.0040948
2026-07-10 00:33:48.411 10 INFO neutron.wsgi [-] 10.0.0.251 "GET / HTTP/1.1" status: 200 len: 246 time: 0.0016475
2026-07-10 00:33:48.412 9 INFO neutron.wsgi [-] 10.0.0.251 "GET / HTTP/1.1" status: 200 len: 246 time: 0.0022719 /var/lib/openstack/lib/python3.10/site-packages/pycadf/identifier.py:71: UserWarning: Invalid uuid: neutron. To ensure interoperability, identifiers should be a valid uuid. warnings.warn(('Invalid uuid: %s. To ensure interoperability, '
2026-07-10 00:33:55.511 10 INFO neutron.pecan_wsgi.hooks.translation [None req-28827465-3729-443f-a209-04d37663a1fa 56c6772adfff4b8393a13f2b9af9b2bf d680de4b18024d4eb548d810135332d0 - - default default] GET failed (client error): The resource could not be found.
2026-07-10 00:33:55.515 10 INFO neutron.wsgi [None req-28827465-3729-443f-a209-04d37663a1fa 56c6772adfff4b8393a13f2b9af9b2bf d680de4b18024d4eb548d810135332d0 - - default default] 199.204.45.129 "GET /v2.0/ports/octavia-health-manager-port-instance HTTP/1.1" status: 404 len: 338 time: 0.2695410
2026-07-10 00:33:55.568 10 INFO neutron.wsgi [None req-07b0c92f-deda-4d49-ae63-6638d66757b0 56c6772adfff4b8393a13f2b9af9b2bf d680de4b18024d4eb548d810135332d0 - - default default] 199.204.45.129 "GET /v2.0/ports?name=octavia-health-manager-port-instance HTTP/1.1" status: 200 len: 1421 time: 0.0481474 /var/lib/openstack/lib/python3.10/site-packages/pycadf/identifier.py:71: UserWarning: Invalid uuid: neutron. To ensure interoperability, identifiers should be a valid uuid. warnings.warn(('Invalid uuid: %s. To ensure interoperability, '
2026-07-10 00:33:57.174 9 INFO neutron.pecan_wsgi.hooks.translation [None req-11514e15-1f1b-4188-b9be-bdc011520db6 56c6772adfff4b8393a13f2b9af9b2bf d680de4b18024d4eb548d810135332d0 - - default default] GET failed (client error): The resource could not be found.
2026-07-10 00:33:57.177 9 INFO neutron.wsgi [None req-11514e15-1f1b-4188-b9be-bdc011520db6 56c6772adfff4b8393a13f2b9af9b2bf d680de4b18024d4eb548d810135332d0 - - default default] 199.204.45.129 "GET /v2.0/ports/octavia-health-manager-port-instance HTTP/1.1" status: 404 len: 338 time: 0.0682664
2026-07-10 00:33:57.226 9 INFO neutron.wsgi [None req-c3eac3e5-8271-492c-bc31-047740bbaac9 56c6772adfff4b8393a13f2b9af9b2bf d680de4b18024d4eb548d810135332d0 - - default default] 199.204.45.129 "GET /v2.0/ports?name=octavia-health-manager-port-instance HTTP/1.1" status: 200 len: 1421 time: 0.0447659
2026-07-10 00:33:58.306 9 INFO neutron.plugins.ml2.drivers.ovn.mech_driver.mech_driver [-] OVN reports status up for port: 1a10edff-c317-49d0-b0b1-5dfb75d50770
2026-07-10 00:33:58.318 9 INFO neutron.plugins.ml2.plugin [None req-68f0aecd-e420-4465-bc9d-e7dcac7cdc43 - - - - - -] Attempt 1 to provision port 1a10edff-c317-49d0-b0b1-5dfb75d50770
2026-07-10 00:33:58.616 9 INFO neutron.db.ovn_revision_numbers_db [None req-68f0aecd-e420-4465-bc9d-e7dcac7cdc43 - - - - - -] Successfully bumped revision number for resource 1a10edff-c317-49d0-b0b1-5dfb75d50770 (type: ports) to 4
2026-07-10 00:34:03.412 10 INFO neutron.wsgi [-] 10.0.0.251 "GET / HTTP/1.1" status: 200 len: 246 time: 0.0025272
2026-07-10 00:34:03.413 9 INFO neutron.wsgi [-] 10.0.0.251 "GET / HTTP/1.1" status: 200 len: 246 time: 0.0026429
2026-07-10 00:34:18.412 10 INFO neutron.wsgi [-] 10.0.0.251 "GET / HTTP/1.1" status: 200 len: 246 time: 0.0016110
2026-07-10 00:34:18.412 9 INFO neutron.wsgi [-] 10.0.0.251 "GET / HTTP/1.1" status: 200 len: 246 time: 0.0018308
2026-07-10 00:34:33.413 9 INFO neutron.wsgi [-] 10.0.0.251 "GET / HTTP/1.1" status: 200 len: 246 time: 0.0036135
2026-07-10 00:34:33.414 10 INFO neutron.wsgi [-] 10.0.0.251 "GET / HTTP/1.1" status: 200 len: 246 time: 0.0037987
2026-07-10 00:34:48.411 9 INFO neutron.wsgi [-] 10.0.0.251 "GET / HTTP/1.1" status: 200 len: 246 time: 0.0017292
2026-07-10 00:34:48.413 9 INFO neutron.wsgi [-] 10.0.0.251 "GET / HTTP/1.1" status: 200 len: 246 time: 0.0013714
2026-07-10 00:35:03.411 10 INFO neutron.wsgi [-] 10.0.0.251 "GET / HTTP/1.1" status: 200 len: 246 time: 0.0015211
2026-07-10 00:35:03.412 9 INFO neutron.wsgi [-] 10.0.0.251 "GET / HTTP/1.1" status: 200 len: 246 time: 0.0022814
2026-07-10 00:35:18.412 10 INFO neutron.wsgi [-] 10.0.0.251 "GET / HTTP/1.1" status: 200 len: 246 time: 0.0023699
2026-07-10 00:35:18.415 9 INFO neutron.wsgi [-] 10.0.0.251 "GET / HTTP/1.1" status: 200 len: 246 time: 0.0043633
2026-07-10 00:35:33.414 9 INFO neutron.wsgi [-] 10.0.0.251 "GET / HTTP/1.1" status: 200 len: 246 time: 0.0031934
2026-07-10 00:35:33.416 10 INFO neutron.wsgi [-] 10.0.0.251 "GET / HTTP/1.1" status: 200 len: 246 time: 0.0059466
2026-07-10 00:35:48.413 10 INFO neutron.wsgi [-] 10.0.0.251 "GET / HTTP/1.1" status: 200 len: 246 time: 0.0023856
2026-07-10 00:35:48.413 9 INFO neutron.wsgi [-] 10.0.0.251 "GET / HTTP/1.1" status: 200 len: 246 time: 0.0022819
2026-07-10 00:36:03.411 9 INFO neutron.wsgi [-] 10.0.0.251 "GET / HTTP/1.1" status: 200 len: 246 time: 0.0017273
2026-07-10 00:36:03.413 9 INFO neutron.wsgi [-] 10.0.0.251 "GET / HTTP/1.1" status: 200 len: 246 time: 0.0012691
2026-07-10 00:36:18.412 10 INFO neutron.wsgi [-] 10.0.0.251 "GET / HTTP/1.1" status: 200 len: 246 time: 0.0016398
2026-07-10 00:36:18.413 9 INFO neutron.wsgi [-] 10.0.0.251 "GET / HTTP/1.1" status: 200 len: 246 time: 0.0024452
2026-07-10 00:36:33.413 9 INFO neutron.wsgi [-] 10.0.0.251 "GET / HTTP/1.1" status: 200 len: 246 time: 0.0026398
2026-07-10 00:36:33.416 9 INFO neutron.wsgi [-] 10.0.0.251 "GET / HTTP/1.1" status: 200 len: 246 time: 0.0021765
2026-07-10 00:36:48.412 9 INFO neutron.wsgi [-] 10.0.0.251 "GET / HTTP/1.1" status: 200 len: 246 time: 0.0025699
2026-07-10 00:36:48.413 10 INFO neutron.wsgi [-] 10.0.0.251 "GET / HTTP/1.1" status: 200 len: 246 time: 0.0014248
2026-07-10 00:37:03.412 10 INFO neutron.wsgi [-] 10.0.0.251 "GET / HTTP/1.1" status: 200 len: 246 time: 0.0022523
2026-07-10 00:37:03.412 9 INFO neutron.wsgi [-] 10.0.0.251 "GET / HTTP/1.1" status: 200 len: 246 time: 0.0023685
2026-07-10 00:37:18.412 10 INFO neutron.wsgi [-] 10.0.0.251 "GET / HTTP/1.1" status: 200 len: 246 time: 0.0022702
2026-07-10 00:37:18.415 10 INFO neutron.wsgi [-] 10.0.0.251 "GET / HTTP/1.1" status: 200 len: 246 time: 0.0017276
2026-07-10 00:37:33.412 10 INFO neutron.wsgi [-] 10.0.0.251 "GET / HTTP/1.1" status: 200 len: 246 time: 0.0023003
2026-07-10 00:37:33.412 9 INFO neutron.wsgi [-] 10.0.0.251 "GET / HTTP/1.1" status: 200 len: 246 time: 0.0024788
2026-07-10 00:37:48.413 10 INFO neutron.wsgi [-] 10.0.0.251 "GET / HTTP/1.1" status: 200 len: 246 time: 0.0024004
2026-07-10 00:37:48.413 9 INFO neutron.wsgi [-] 10.0.0.251 "GET / HTTP/1.1" status: 200 len: 246 time: 0.0030468
2026-07-10 00:38:03.412 9 INFO neutron.wsgi [-] 10.0.0.251 "GET / HTTP/1.1" status: 200 len: 246 time: 0.0023065
2026-07-10 00:38:03.415 10 INFO neutron.wsgi [-] 10.0.0.251 "GET / HTTP/1.1" status: 200 len: 246 time: 0.0032001
2026-07-10 00:38:18.411 9 INFO neutron.wsgi [-] 10.0.0.251 "GET / HTTP/1.1" status: 200 len: 246 time: 0.0017886
2026-07-10 00:38:18.411 10 INFO neutron.wsgi [-] 10.0.0.251 "GET / HTTP/1.1" status: 200 len: 246 time: 0.0018327
2026-07-10 00:38:33.412 10 INFO neutron.wsgi [-] 10.0.0.251 "GET / HTTP/1.1" status: 200 len: 246 time: 0.0019658
2026-07-10 00:38:33.413 9 INFO neutron.wsgi [-] 10.0.0.251 "GET / HTTP/1.1" status: 200 len: 246 time: 0.0032580
2026-07-10 00:38:48.413 9 INFO neutron.wsgi [-] 10.0.0.251 "GET / HTTP/1.1" status: 200 len: 246 time: 0.0026891
2026-07-10 00:38:48.413 10 INFO neutron.wsgi [-] 10.0.0.251 "GET / HTTP/1.1" status: 200 len: 246 time: 0.0029886
2026-07-10 00:39:03.412 9 INFO neutron.wsgi [-] 10.0.0.251 "GET / HTTP/1.1" status: 200 len: 246 time: 0.0023599
2026-07-10 00:39:03.414 10 INFO neutron.wsgi [-] 10.0.0.251 "GET / HTTP/1.1" status: 200 len: 246 time: 0.0034037
2026-07-10 00:39:18.411 10 INFO neutron.wsgi [-] 10.0.0.251 "GET / HTTP/1.1" status: 200 len: 246 time: 0.0012360
2026-07-10 00:39:18.412 10 INFO neutron.wsgi [-] 10.0.0.251 "GET / HTTP/1.1" status: 200 len: 246 time: 0.0012639
2026-07-10 00:39:33.411 10 INFO neutron.wsgi [-] 10.0.0.251 "GET / HTTP/1.1" status: 200 len: 246 time: 0.0015833
2026-07-10 00:39:33.413 9 INFO neutron.wsgi [-] 10.0.0.251 "GET / HTTP/1.1" status: 200 len: 246 time: 0.0027192
2026-07-10 00:39:48.412 9 INFO neutron.wsgi [-] 10.0.0.251 "GET / HTTP/1.1" status: 200 len: 246 time: 0.0016167
2026-07-10 00:39:48.414 10 INFO neutron.wsgi [-] 10.0.0.251 "GET / HTTP/1.1" status: 200 len: 246 time: 0.0031087
2026-07-10 00:39:57.440 10 INFO neutron.db.ovn_revision_numbers_db [None req-75486a8b-2f4e-46e9-b031-5fabfb85a487 56c6772adfff4b8393a13f2b9af9b2bf d680de4b18024d4eb548d810135332d0 - - default default] Successfully bumped revision number for resource 9153ae8f-eb19-4bfa-895d-fa9f07c993e2 (type: security_groups) to 1
2026-07-10 00:39:57.453 10 INFO neutron.db.ovn_revision_numbers_db [None req-75486a8b-2f4e-46e9-b031-5fabfb85a487 56c6772adfff4b8393a13f2b9af9b2bf d680de4b18024d4eb548d810135332d0 - - default default] Successfully bumped revision number for resource 453f6f96-8024-40b5-af66-6da7b534094c (type: security_group_rules) to 0
2026-07-10 00:39:57.466 10 INFO neutron.db.ovn_revision_numbers_db [None req-75486a8b-2f4e-46e9-b031-5fabfb85a487 56c6772adfff4b8393a13f2b9af9b2bf d680de4b18024d4eb548d810135332d0 - - default default] Successfully bumped revision number for resource 8d87c015-55b2-4934-8652-a619e6cf3972 (type: security_group_rules) to 0
2026-07-10 00:39:57.485 10 INFO neutron.db.ovn_revision_numbers_db [None req-75486a8b-2f4e-46e9-b031-5fabfb85a487 56c6772adfff4b8393a13f2b9af9b2bf d680de4b18024d4eb548d810135332d0 - - default default] Successfully bumped revision number for resource 8e5d3c33-2c3b-4d83-bc45-dae2d3dc7d67 (type: security_group_rules) to 0
2026-07-10 00:39:57.503 10 INFO neutron.db.ovn_revision_numbers_db [None req-75486a8b-2f4e-46e9-b031-5fabfb85a487 56c6772adfff4b8393a13f2b9af9b2bf d680de4b18024d4eb548d810135332d0 - - default default] Successfully bumped revision number for resource 90cc6fd9-1bb6-47ee-b54e-a693780919ca (type: security_group_rules) to 0
2026-07-10 00:39:57.524 10 INFO neutron.wsgi [None req-75486a8b-2f4e-46e9-b031-5fabfb85a487 56c6772adfff4b8393a13f2b9af9b2bf d680de4b18024d4eb548d810135332d0 - - default default] 199.204.45.129,10.0.0.251 "GET /v2.0/security-groups?tenant_id=5234372e431e4155a18942f862c2b3ea HTTP/1.1" status: 200 len: 2973 time: 0.3185461
2026-07-10 00:39:57.650 10 INFO neutron.db.ovn_revision_numbers_db [None req-b5481bdd-dc24-455b-a6ad-772782af71a8 56c6772adfff4b8393a13f2b9af9b2bf d680de4b18024d4eb548d810135332d0 - - default default] Successfully bumped revision number for resource c00d00cd-231d-46c9-8479-340bd0fd4762 (type: security_groups) to 1
2026-07-10 00:39:57.666 10 INFO neutron.db.ovn_revision_numbers_db [None req-b5481bdd-dc24-455b-a6ad-772782af71a8 56c6772adfff4b8393a13f2b9af9b2bf d680de4b18024d4eb548d810135332d0 - - default default] Successfully bumped revision number for resource e8f121b1-eca4-47d2-bd8b-46a2477912d3 (type: security_group_rules) to 0
2026-07-10 00:39:57.701 10 INFO neutron.db.ovn_revision_numbers_db [None req-b5481bdd-dc24-455b-a6ad-772782af71a8 56c6772adfff4b8393a13f2b9af9b2bf d680de4b18024d4eb548d810135332d0 - - default default] Successfully bumped revision number for resource f3fd4ce9-f3ec-4c98-9200-56d045390f90 (type: security_group_rules) to 0
2026-07-10 00:39:57.721 10 INFO neutron.wsgi [None req-b5481bdd-dc24-455b-a6ad-772782af71a8 56c6772adfff4b8393a13f2b9af9b2bf d680de4b18024d4eb548d810135332d0 - - default default] 199.204.45.129,10.0.0.251 "POST /v2.0/security-groups HTTP/1.1" status: 201 len: 1741 time: 0.1899605 /var/lib/openstack/lib/python3.10/site-packages/pycadf/identifier.py:71: UserWarning: Invalid uuid: unknown. To ensure interoperability, identifiers should be a valid uuid. warnings.warn(('Invalid uuid: %s. To ensure interoperability, '
2026-07-10 00:39:58.678 9 INFO neutron.wsgi [None req-474d8878-1874-4589-a493-27cf9d4509ef 56c6772adfff4b8393a13f2b9af9b2bf d680de4b18024d4eb548d810135332d0 - - default default] 199.204.45.129,10.0.0.251 "GET /v2.0/security-groups?tenant_id=5234372e431e4155a18942f862c2b3ea HTTP/1.1" status: 200 len: 4515 time: 0.0985241
2026-07-10 00:39:58.744 9 INFO neutron.wsgi [None req-a0e5a663-e65b-4f75-8b1f-a0b1f2df8304 56c6772adfff4b8393a13f2b9af9b2bf d680de4b18024d4eb548d810135332d0 - - default default] 199.204.45.129,10.0.0.251 "GET /v2.0/security-groups HTTP/1.1" status: 200 len: 14480 time: 0.0571704
2026-07-10 00:39:59.581 9 INFO neutron.db.ovn_revision_numbers_db [None req-bc683d32-0dc5-4741-8ea8-f48e90dab186 56c6772adfff4b8393a13f2b9af9b2bf d680de4b18024d4eb548d810135332d0 - - default default] Successfully bumped revision number for resource baf99880-b510-43f6-9b40-100233323494 (type: security_group_rules) to 0
2026-07-10 00:39:59.610 9 INFO neutron.wsgi [None req-bc683d32-0dc5-4741-8ea8-f48e90dab186 56c6772adfff4b8393a13f2b9af9b2bf d680de4b18024d4eb548d810135332d0 - - default default] 199.204.45.129,10.0.0.251 "POST /v2.0/security-group-rules HTTP/1.1" status: 201 len: 745 time: 0.8589621
2026-07-10 00:40:00.526 10 INFO neutron.wsgi [None req-605820bb-7839-4856-9700-b63dbdf1890b 56c6772adfff4b8393a13f2b9af9b2bf d680de4b18024d4eb548d810135332d0 - - default default] 199.204.45.129,10.0.0.251 "GET /v2.0/security-groups?tenant_id=5234372e431e4155a18942f862c2b3ea HTTP/1.1" status: 200 len: 5093 time: 0.0822649
2026-07-10 00:40:00.585 10 INFO neutron.wsgi [None req-fadc884e-ddb9-491b-9fd1-72c90e62def1 56c6772adfff4b8393a13f2b9af9b2bf d680de4b18024d4eb548d810135332d0 - - default default] 199.204.45.129,10.0.0.251 "GET /v2.0/security-groups HTTP/1.1" status: 200 len: 15058 time: 0.0506458
2026-07-10 00:40:00.734 10 INFO neutron.db.ovn_revision_numbers_db [None req-ffb5f7d7-a6ba-4511-b14e-c0ecc758ab33 56c6772adfff4b8393a13f2b9af9b2bf d680de4b18024d4eb548d810135332d0 - - default default] Successfully bumped revision number for resource 84601001-27f6-4dd0-a3af-81c4127b8212 (type: security_group_rules) to 0
2026-07-10 00:40:00.768 10 INFO neutron.wsgi [None req-ffb5f7d7-a6ba-4511-b14e-c0ecc758ab33 56c6772adfff4b8393a13f2b9af9b2bf d680de4b18024d4eb548d810135332d0 - - default default] 199.204.45.129,10.0.0.251 "POST /v2.0/security-group-rules HTTP/1.1" status: 201 len: 747 time: 0.1719069
2026-07-10 00:40:01.709 9 INFO neutron.wsgi [None req-10936b4d-eb53-479e-9821-74df022fcd23 56c6772adfff4b8393a13f2b9af9b2bf d680de4b18024d4eb548d810135332d0 - - default default] 199.204.45.129,10.0.0.251 "GET /v2.0/security-groups?tenant_id=5234372e431e4155a18942f862c2b3ea HTTP/1.1" status: 200 len: 5673 time: 0.1003103
2026-07-10 00:40:01.768 9 INFO neutron.wsgi [None req-430470ee-960c-42e4-81c6-db2dff4af2e2 56c6772adfff4b8393a13f2b9af9b2bf d680de4b18024d4eb548d810135332d0 - - default default] 199.204.45.129,10.0.0.251 "GET /v2.0/security-groups HTTP/1.1" status: 200 len: 15638 time: 0.0489604
2026-07-10 00:40:01.908 9 INFO neutron.db.ovn_revision_numbers_db [None req-2089a738-810a-486e-8b53-f548c5af6c39 56c6772adfff4b8393a13f2b9af9b2bf d680de4b18024d4eb548d810135332d0 - - default default] Successfully bumped revision number for resource dedc37ef-c77c-48b6-b51a-03b8b5629106 (type: security_group_rules) to 0
2026-07-10 00:40:01.928 9 INFO neutron.wsgi [None req-2089a738-810a-486e-8b53-f548c5af6c39 56c6772adfff4b8393a13f2b9af9b2bf d680de4b18024d4eb548d810135332d0 - - default default] 199.204.45.129,10.0.0.251 "POST /v2.0/security-group-rules HTTP/1.1" status: 201 len: 749 time: 0.1505172
2026-07-10 00:40:02.888 10 INFO neutron.wsgi [None req-c473abe9-147d-427e-b0a1-cbc203ffab98 56c6772adfff4b8393a13f2b9af9b2bf d680de4b18024d4eb548d810135332d0 - - default default] 199.204.45.129,10.0.0.251 "GET /v2.0/security-groups?tenant_id=5234372e431e4155a18942f862c2b3ea HTTP/1.1" status: 200 len: 6255 time: 0.0692253
2026-07-10 00:40:02.944 10 INFO neutron.wsgi [None req-3ee98c75-9456-4a79-8ce1-dfc3d406c6e7 56c6772adfff4b8393a13f2b9af9b2bf d680de4b18024d4eb548d810135332d0 - - default default] 199.204.45.129,10.0.0.251 "GET /v2.0/security-groups HTTP/1.1" status: 200 len: 16220 time: 0.0483742
2026-07-10 00:40:03.074 10 INFO neutron.db.ovn_revision_numbers_db [None req-607583a2-5ca6-48af-b112-83ab3ad66a99 56c6772adfff4b8393a13f2b9af9b2bf d680de4b18024d4eb548d810135332d0 - - default default] Successfully bumped revision number for resource 1d1746f8-cfa1-4086-b374-013951b53a06 (type: security_group_rules) to 0
2026-07-10 00:40:03.099 10 INFO neutron.wsgi [None req-607583a2-5ca6-48af-b112-83ab3ad66a99 56c6772adfff4b8393a13f2b9af9b2bf d680de4b18024d4eb548d810135332d0 - - default default] 199.204.45.129,10.0.0.251 "POST /v2.0/security-group-rules HTTP/1.1" status: 201 len: 750 time: 0.1419623
2026-07-10 00:40:03.413 10 INFO neutron.wsgi [-] 10.0.0.251 "GET / HTTP/1.1" status: 200 len: 246 time: 0.0028136
2026-07-10 00:40:03.415 9 INFO neutron.wsgi [-] 10.0.0.251 "GET / HTTP/1.1" status: 200 len: 246 time: 0.0034287
2026-07-10 00:40:18.412 9 INFO neutron.wsgi [-] 10.0.0.251 "GET / HTTP/1.1" status: 200 len: 246 time: 0.0014071
2026-07-10 00:40:18.412 10 INFO neutron.wsgi [-] 10.0.0.251 "GET / HTTP/1.1" status: 200 len: 246 time: 0.0017531
2026-07-10 00:40:33.413 10 INFO neutron.wsgi [-] 10.0.0.251 "GET / HTTP/1.1" status: 200 len: 246 time: 0.0024905
2026-07-10 00:40:33.414 9 INFO neutron.wsgi [-] 10.0.0.251 "GET / HTTP/1.1" status: 200 len: 246 time: 0.0034933
2026-07-10 00:40:48.412 10 INFO neutron.wsgi [-] 10.0.0.251 "GET / HTTP/1.1" status: 200 len: 246 time: 0.0015607
2026-07-10 00:40:48.414 9 INFO neutron.wsgi [-] 10.0.0.251 "GET / HTTP/1.1" status: 200 len: 246 time: 0.0025558
2026-07-10 00:41:03.412 9 INFO neutron.wsgi [-] 10.0.0.251 "GET / HTTP/1.1" status: 200 len: 246 time: 0.0016336
2026-07-10 00:41:03.413 10 INFO neutron.wsgi [-] 10.0.0.251 "GET / HTTP/1.1" status: 200 len: 246 time: 0.0023320
2026-07-10 00:41:18.412 10 INFO neutron.wsgi [-] 10.0.0.251 "GET / HTTP/1.1" status: 200 len: 246 time: 0.0018222
2026-07-10 00:41:18.413 9 INFO neutron.wsgi [-] 10.0.0.251 "GET / HTTP/1.1" status: 200 len: 246 time: 0.0023608
2026-07-10 00:41:33.413 9 INFO neutron.wsgi [-] 10.0.0.251 "GET / HTTP/1.1" status: 200 len: 246 time: 0.0021188
2026-07-10 00:41:33.415 10 INFO neutron.wsgi [-] 10.0.0.251 "GET / HTTP/1.1" status: 200 len: 246 time: 0.0045056
2026-07-10 00:41:48.412 9 INFO neutron.wsgi [-] 10.0.0.251 "GET / HTTP/1.1" status: 200 len: 246 time: 0.0016687
