2026-07-10 01:02:36.828 9 INFO neutron.db.ovn_revision_numbers_db [None req-2338ec0f-4eb0-4dc1-962d-bd9f5f968832 e9e039b481684261bc339fb2301c0c62 9109dd84e7ea433c803d32dcac70ca25 - - default default] Successfully bumped revision number for resource cf34380d-8d1f-489a-b259-fcda76a1edd6 (type: ports) to 1
2026-07-10 01:02:36.850 9 INFO neutron.wsgi [None req-2338ec0f-4eb0-4dc1-962d-bd9f5f968832 e9e039b481684261bc339fb2301c0c62 9109dd84e7ea433c803d32dcac70ca25 - - default default] 10.0.0.104 "POST /v2.0/ports HTTP/1.1" status: 201 len: 942 time: 0.3910515 /var/lib/openstack/lib/python3.10/site-packages/pycadf/identifier.py:71: UserWarning: Invalid uuid: neutron. To ensure interoperability, identifiers should be a valid uuid. warnings.warn(('Invalid uuid: %s. To ensure interoperability, '
2026-07-10 01:02:37.071 9 INFO neutron.wsgi [None req-fc3e34d6-cf1a-4ebb-a10d-a11abc936ce9 e9e039b481684261bc339fb2301c0c62 9109dd84e7ea433c803d32dcac70ca25 - - default default] 10.0.0.104 "POST /v2.0/trunks HTTP/1.1" status: 201 len: 608 time: 0.2153401
2026-07-10 01:02:37.172 10 INFO neutron.db.segments_db [None req-7d433448-afe1-4801-b951-1bb6b60fc8fa e9e039b481684261bc339fb2301c0c62 9109dd84e7ea433c803d32dcac70ca25 - - default default] Added segment 1fed6300-3a02-4e97-82d5-0b59c955b1ac of type geneve for network 823c5f8f-8a5a-4ebc-9773-982a25391546
2026-07-10 01:02:37.318 10 INFO neutron.db.ovn_revision_numbers_db [None req-7d433448-afe1-4801-b951-1bb6b60fc8fa e9e039b481684261bc339fb2301c0c62 9109dd84e7ea433c803d32dcac70ca25 - - default default] Successfully bumped revision number for resource 823c5f8f-8a5a-4ebc-9773-982a25391546 (type: networks) to 1
2026-07-10 01:02:37.506 10 WARNING neutron.scheduler.dhcp_agent_scheduler [None req-7d433448-afe1-4801-b951-1bb6b60fc8fa e9e039b481684261bc339fb2301c0c62 9109dd84e7ea433c803d32dcac70ca25 - - default default] No more DHCP agents
2026-07-10 01:02:37.508 10 WARNING neutron.api.rpc.agentnotifiers.dhcp_rpc_agent_api [None req-7d433448-afe1-4801-b951-1bb6b60fc8fa e9e039b481684261bc339fb2301c0c62 9109dd84e7ea433c803d32dcac70ca25 - - default default] Unable to schedule network 823c5f8f-8a5a-4ebc-9773-982a25391546: no agents available; will retry on subsequent port and subnet creation events.
2026-07-10 01:02:37.597 10 INFO neutron.db.ovn_revision_numbers_db [None req-7d433448-afe1-4801-b951-1bb6b60fc8fa e9e039b481684261bc339fb2301c0c62 9109dd84e7ea433c803d32dcac70ca25 - - default default] Successfully bumped revision number for resource 54193b10-2da9-4d86-8042-99233c45eb8d (type: ports) to 1
2026-07-10 01:02:37.622 10 INFO neutron.wsgi [None req-7d433448-afe1-4801-b951-1bb6b60fc8fa e9e039b481684261bc339fb2301c0c62 9109dd84e7ea433c803d32dcac70ca25 - - default default] 10.0.0.104 "POST /v2.0/networks HTTP/1.1" status: 201 len: 830 time: 0.5446830
2026-07-10 01:02:37.904 10 WARNING neutron.scheduler.dhcp_agent_scheduler [None req-0304f987-89e5-4a15-a7cc-673db2212262 e9e039b481684261bc339fb2301c0c62 9109dd84e7ea433c803d32dcac70ca25 - - default default] No more DHCP agents
2026-07-10 01:02:37.910 10 WARNING neutron.api.rpc.agentnotifiers.dhcp_rpc_agent_api [None req-0304f987-89e5-4a15-a7cc-673db2212262 e9e039b481684261bc339fb2301c0c62 9109dd84e7ea433c803d32dcac70ca25 - - default default] Unable to schedule network 823c5f8f-8a5a-4ebc-9773-982a25391546: no agents available; will retry on subsequent port and subnet creation events.
2026-07-10 01:02:38.015 10 INFO neutron.db.ovn_revision_numbers_db [None req-0304f987-89e5-4a15-a7cc-673db2212262 e9e039b481684261bc339fb2301c0c62 9109dd84e7ea433c803d32dcac70ca25 - - default default] Successfully bumped revision number for resource f597a62d-1aac-46b6-8c8c-6b3fba4eae34 (type: ports) to 1
2026-07-10 01:02:38.041 10 INFO neutron.wsgi [None req-0304f987-89e5-4a15-a7cc-673db2212262 e9e039b481684261bc339fb2301c0c62 9109dd84e7ea433c803d32dcac70ca25 - - default default] 10.0.0.104 "POST /v2.0/ports HTTP/1.1" status: 201 len: 942 time: 0.4138329 /var/lib/openstack/lib/python3.10/site-packages/pycadf/identifier.py:71: UserWarning: Invalid uuid: neutron. To ensure interoperability, identifiers should be a valid uuid. warnings.warn(('Invalid uuid: %s. To ensure interoperability, '
2026-07-10 01:02:38.261 10 INFO neutron.wsgi [None req-4d318d70-15ce-4f79-9052-88e0dc9beb68 e9e039b481684261bc339fb2301c0c62 9109dd84e7ea433c803d32dcac70ca25 - - default default] 10.0.0.104 "POST /v2.0/trunks HTTP/1.1" status: 201 len: 608 time: 0.2141173
2026-07-10 01:02:38.348 10 INFO neutron.db.segments_db [None req-e4c2bb7c-ae07-45ab-9812-fcb210277ff7 e9e039b481684261bc339fb2301c0c62 9109dd84e7ea433c803d32dcac70ca25 - - default default] Added segment 1a5a793f-5df1-4003-bb33-362e54deca88 of type geneve for network 9499a552-9a4e-4f4c-a792-e9531cdbcc32
2026-07-10 01:02:38.484 10 INFO neutron.db.ovn_revision_numbers_db [None req-e4c2bb7c-ae07-45ab-9812-fcb210277ff7 e9e039b481684261bc339fb2301c0c62 9109dd84e7ea433c803d32dcac70ca25 - - default default] Successfully bumped revision number for resource 9499a552-9a4e-4f4c-a792-e9531cdbcc32 (type: networks) to 1
2026-07-10 01:02:38.713 10 WARNING neutron.scheduler.dhcp_agent_scheduler [None req-e4c2bb7c-ae07-45ab-9812-fcb210277ff7 e9e039b481684261bc339fb2301c0c62 9109dd84e7ea433c803d32dcac70ca25 - - default default] No more DHCP agents
2026-07-10 01:02:38.715 10 WARNING neutron.api.rpc.agentnotifiers.dhcp_rpc_agent_api [None req-e4c2bb7c-ae07-45ab-9812-fcb210277ff7 e9e039b481684261bc339fb2301c0c62 9109dd84e7ea433c803d32dcac70ca25 - - default default] Unable to schedule network 9499a552-9a4e-4f4c-a792-e9531cdbcc32: no agents available; will retry on subsequent port and subnet creation events.
2026-07-10 01:02:38.810 10 INFO neutron.db.ovn_revision_numbers_db [None req-e4c2bb7c-ae07-45ab-9812-fcb210277ff7 e9e039b481684261bc339fb2301c0c62 9109dd84e7ea433c803d32dcac70ca25 - - default default] Successfully bumped revision number for resource 1dd90cf4-2246-467f-be7c-2bd6dee6a9df (type: ports) to 1
2026-07-10 01:02:38.834 10 INFO neutron.wsgi [None req-e4c2bb7c-ae07-45ab-9812-fcb210277ff7 e9e039b481684261bc339fb2301c0c62 9109dd84e7ea433c803d32dcac70ca25 - - default default] 10.0.0.104 "POST /v2.0/networks HTTP/1.1" status: 201 len: 830 time: 0.5675364
2026-07-10 01:02:39.088 10 WARNING neutron.scheduler.dhcp_agent_scheduler [None req-0ea5b8a9-08d1-4e09-ae9b-707c6bb1a5e2 e9e039b481684261bc339fb2301c0c62 9109dd84e7ea433c803d32dcac70ca25 - - default default] No more DHCP agents
2026-07-10 01:02:39.090 10 WARNING neutron.api.rpc.agentnotifiers.dhcp_rpc_agent_api [None req-0ea5b8a9-08d1-4e09-ae9b-707c6bb1a5e2 e9e039b481684261bc339fb2301c0c62 9109dd84e7ea433c803d32dcac70ca25 - - default default] Unable to schedule network 9499a552-9a4e-4f4c-a792-e9531cdbcc32: no agents available; will retry on subsequent port and subnet creation events.
2026-07-10 01:02:39.185 10 INFO neutron.db.ovn_revision_numbers_db [None req-0ea5b8a9-08d1-4e09-ae9b-707c6bb1a5e2 e9e039b481684261bc339fb2301c0c62 9109dd84e7ea433c803d32dcac70ca25 - - default default] Successfully bumped revision number for resource b7c1be37-9c74-4ecb-a651-bff383bcc28b (type: ports) to 1
2026-07-10 01:02:39.209 10 INFO neutron.wsgi [None req-0ea5b8a9-08d1-4e09-ae9b-707c6bb1a5e2 e9e039b481684261bc339fb2301c0c62 9109dd84e7ea433c803d32dcac70ca25 - - default default] 10.0.0.104 "POST /v2.0/ports HTTP/1.1" status: 201 len: 942 time: 0.3703148 /var/lib/openstack/lib/python3.10/site-packages/pycadf/identifier.py:71: UserWarning: Invalid uuid: neutron. To ensure interoperability, identifiers should be a valid uuid. warnings.warn(('Invalid uuid: %s. To ensure interoperability, '
2026-07-10 01:02:39.404 10 INFO neutron.wsgi [None req-a61e4620-b9da-46d7-97c0-d9334a087f2f e9e039b481684261bc339fb2301c0c62 9109dd84e7ea433c803d32dcac70ca25 - - default default] 10.0.0.104 "POST /v2.0/trunks HTTP/1.1" status: 201 len: 608 time: 0.1893551
2026-07-10 01:02:39.495 10 INFO neutron.db.segments_db [None req-8c8c7011-3d9f-4657-96d0-685e78d140bb e9e039b481684261bc339fb2301c0c62 9109dd84e7ea433c803d32dcac70ca25 - - default default] Added segment eb68de1a-ced4-49ef-bc49-4a40df96ec0a of type geneve for network cc882c01-b080-4dc1-9115-dcec0db2da9c
2026-07-10 01:02:39.634 10 INFO neutron.db.ovn_revision_numbers_db [None req-8c8c7011-3d9f-4657-96d0-685e78d140bb e9e039b481684261bc339fb2301c0c62 9109dd84e7ea433c803d32dcac70ca25 - - default default] Successfully bumped revision number for resource cc882c01-b080-4dc1-9115-dcec0db2da9c (type: networks) to 1
2026-07-10 01:02:40.202 10 WARNING neutron.scheduler.dhcp_agent_scheduler [None req-8c8c7011-3d9f-4657-96d0-685e78d140bb e9e039b481684261bc339fb2301c0c62 9109dd84e7ea433c803d32dcac70ca25 - - default default] No more DHCP agents
2026-07-10 01:02:40.206 10 WARNING neutron.api.rpc.agentnotifiers.dhcp_rpc_agent_api [None req-8c8c7011-3d9f-4657-96d0-685e78d140bb e9e039b481684261bc339fb2301c0c62 9109dd84e7ea433c803d32dcac70ca25 - - default default] Unable to schedule network cc882c01-b080-4dc1-9115-dcec0db2da9c: no agents available; will retry on subsequent port and subnet creation events.
2026-07-10 01:02:40.297 10 INFO neutron.db.ovn_revision_numbers_db [None req-8c8c7011-3d9f-4657-96d0-685e78d140bb e9e039b481684261bc339fb2301c0c62 9109dd84e7ea433c803d32dcac70ca25 - - default default] Successfully bumped revision number for resource 15a6cbaf-fbf3-4ef2-a29f-c6b46ea629d1 (type: ports) to 1
2026-07-10 01:02:40.321 10 INFO neutron.wsgi [None req-8c8c7011-3d9f-4657-96d0-685e78d140bb e9e039b481684261bc339fb2301c0c62 9109dd84e7ea433c803d32dcac70ca25 - - default default] 10.0.0.104 "POST /v2.0/networks HTTP/1.1" status: 201 len: 830 time: 0.9116087
2026-07-10 01:02:40.479 10 INFO neutron.wsgi [req-e7f2ec2d-beb9-4d49-9eac-f12a3c3336f8 req-e8dce60c-f347-4e83-8d78-702d10c7e5bb 56c6772adfff4b8393a13f2b9af9b2bf d680de4b18024d4eb548d810135332d0 - - default default] 10.0.0.214 "GET /v2.0/security-groups?id=60a98f68-d793-4604-8b1b-38401f009a9e&fields=id HTTP/1.1" status: 200 len: 267 time: 0.0465081
2026-07-10 01:02:40.578 10 INFO neutron.wsgi [req-e7f2ec2d-beb9-4d49-9eac-f12a3c3336f8 req-ff884d12-21be-49f9-a571-384ba97d94fb 56c6772adfff4b8393a13f2b9af9b2bf d680de4b18024d4eb548d810135332d0 - - default default] 10.0.0.214 "GET /v2.0/networks?id=e0634bc9-8397-48f6-8811-c5830530bd33 HTTP/1.1" status: 200 len: 936 time: 0.0853522 /var/lib/openstack/lib/python3.10/site-packages/pycadf/identifier.py:71: UserWarning: Invalid uuid: neutron. To ensure interoperability, identifiers should be a valid uuid. warnings.warn(('Invalid uuid: %s. To ensure interoperability, '
2026-07-10 01:02:40.606 10 INFO neutron.wsgi [req-e7f2ec2d-beb9-4d49-9eac-f12a3c3336f8 req-0c5dd039-ce05-4b54-81c4-ffcbaebd39a6 56c6772adfff4b8393a13f2b9af9b2bf d680de4b18024d4eb548d810135332d0 - - default default] 10.0.0.214 "GET /v2.0/quotas/d680de4b18024d4eb548d810135332d0 HTTP/1.1" status: 200 len: 385 time: 0.0219333
2026-07-10 01:02:40.611 10 WARNING neutron.scheduler.dhcp_agent_scheduler [None req-ce16b39b-3531-401f-9933-0f38e26ce3e7 e9e039b481684261bc339fb2301c0c62 9109dd84e7ea433c803d32dcac70ca25 - - default default] No more DHCP agents /var/lib/openstack/lib/python3.10/site-packages/pycadf/identifier.py:71: UserWarning: Invalid uuid: neutron. To ensure interoperability, identifiers should be a valid uuid. warnings.warn(('Invalid uuid: %s. To ensure interoperability, '
2026-07-10 01:02:40.618 10 WARNING neutron.api.rpc.agentnotifiers.dhcp_rpc_agent_api [None req-ce16b39b-3531-401f-9933-0f38e26ce3e7 e9e039b481684261bc339fb2301c0c62 9109dd84e7ea433c803d32dcac70ca25 - - default default] Unable to schedule network cc882c01-b080-4dc1-9115-dcec0db2da9c: no agents available; will retry on subsequent port and subnet creation events.
2026-07-10 01:02:40.669 10 INFO neutron.wsgi [req-e7f2ec2d-beb9-4d49-9eac-f12a3c3336f8 req-08122ba8-3ee4-4967-bb49-c265932af82c 56c6772adfff4b8393a13f2b9af9b2bf d680de4b18024d4eb548d810135332d0 - - default default] 10.0.0.214 "GET /v2.0/ports?tenant_id=d680de4b18024d4eb548d810135332d0&fields=id HTTP/1.1" status: 200 len: 348 time: 0.0570803
2026-07-10 01:02:40.756 10 INFO neutron.wsgi [req-e7f2ec2d-beb9-4d49-9eac-f12a3c3336f8 req-8ee7c10f-c37f-427b-9cad-15a9d9e1efc1 9cbdeaa65bb04cf5af54ce8be9ca4bfd 5234372e431e4155a18942f862c2b3ea - - 591d98c7de1d4b87afdd40c5d6f503da 591d98c7de1d4b87afdd40c5d6f503da] 10.0.0.214 "GET /v2.0/networks/e0634bc9-8397-48f6-8811-c5830530bd33?fields=segments HTTP/1.1" status: 200 len: 212 time: 0.0748062
2026-07-10 01:02:40.764 10 INFO neutron.db.ovn_revision_numbers_db [None req-ce16b39b-3531-401f-9933-0f38e26ce3e7 e9e039b481684261bc339fb2301c0c62 9109dd84e7ea433c803d32dcac70ca25 - - default default] Successfully bumped revision number for resource d9ccc50f-24c3-492d-976f-d60298d60a47 (type: ports) to 1
2026-07-10 01:02:40.809 10 INFO neutron.wsgi [None req-ce16b39b-3531-401f-9933-0f38e26ce3e7 e9e039b481684261bc339fb2301c0c62 9109dd84e7ea433c803d32dcac70ca25 - - default default] 10.0.0.104 "POST /v2.0/ports HTTP/1.1" status: 201 len: 942 time: 0.4844749
2026-07-10 01:02:40.827 10 INFO neutron.wsgi [req-e7f2ec2d-beb9-4d49-9eac-f12a3c3336f8 req-6d380b6a-2d29-454f-90fa-1a1fb27878da 9cbdeaa65bb04cf5af54ce8be9ca4bfd 5234372e431e4155a18942f862c2b3ea - - 591d98c7de1d4b87afdd40c5d6f503da 591d98c7de1d4b87afdd40c5d6f503da] 10.0.0.214 "GET /v2.0/networks/e0634bc9-8397-48f6-8811-c5830530bd33?fields=provider%3Aphysical_network&fields=provider%3Anetwork_type HTTP/1.1" status: 200 len: 277 time: 0.0648346
2026-07-10 01:02:41.021 9 INFO neutron.wsgi [None req-6b2977d3-0946-4014-8825-98820f72c9ec e9e039b481684261bc339fb2301c0c62 9109dd84e7ea433c803d32dcac70ca25 - - default default] 10.0.0.104 "POST /v2.0/trunks HTTP/1.1" status: 201 len: 608 time: 0.2066517
2026-07-10 01:02:41.113 9 INFO neutron.db.segments_db [None req-a5c72dde-3f19-4067-834f-a85da1a4b8de e9e039b481684261bc339fb2301c0c62 9109dd84e7ea433c803d32dcac70ca25 - - default default] Added segment e4ed6f4d-9eca-4f95-8507-c77298a0c7d2 of type geneve for network 5980f000-2c50-4ddb-ba4b-2dc141e7f6d5
2026-07-10 01:02:41.166 9 INFO neutron.wsgi [req-75102e27-b6f9-4294-9361-e9de54342ec3 req-f1c0103b-7237-4a14-8114-d64dd320ad10 56c6772adfff4b8393a13f2b9af9b2bf d680de4b18024d4eb548d810135332d0 - - default default] 10.0.0.214 "GET /v2.0/ports?device_id=d47f9824-523b-4a0e-9d1b-9087c549d29c HTTP/1.1" status: 200 len: 210 time: 0.0224957
2026-07-10 01:02:41.248 10 INFO neutron.wsgi [req-aa1e0faa-a88a-4034-85de-ad33b8d704d2 req-75a887ef-b329-4af5-9e12-c5602ea2547a 56c6772adfff4b8393a13f2b9af9b2bf d680de4b18024d4eb548d810135332d0 - - default default] 10.0.0.214 "GET /v2.0/ports?device_id=d47f9824-523b-4a0e-9d1b-9087c549d29c HTTP/1.1" status: 200 len: 210 time: 0.0317595
2026-07-10 01:02:41.270 9 INFO neutron.db.ovn_revision_numbers_db [None req-a5c72dde-3f19-4067-834f-a85da1a4b8de e9e039b481684261bc339fb2301c0c62 9109dd84e7ea433c803d32dcac70ca25 - - default default] Successfully bumped revision number for resource 5980f000-2c50-4ddb-ba4b-2dc141e7f6d5 (type: networks) to 1
2026-07-10 01:02:41.496 9 WARNING neutron.scheduler.dhcp_agent_scheduler [None req-a5c72dde-3f19-4067-834f-a85da1a4b8de e9e039b481684261bc339fb2301c0c62 9109dd84e7ea433c803d32dcac70ca25 - - default default] No more DHCP agents
2026-07-10 01:02:41.498 9 WARNING neutron.api.rpc.agentnotifiers.dhcp_rpc_agent_api [None req-a5c72dde-3f19-4067-834f-a85da1a4b8de e9e039b481684261bc339fb2301c0c62 9109dd84e7ea433c803d32dcac70ca25 - - default default] Unable to schedule network 5980f000-2c50-4ddb-ba4b-2dc141e7f6d5: no agents available; will retry on subsequent port and subnet creation events.
2026-07-10 01:02:41.593 9 INFO neutron.db.ovn_revision_numbers_db [None req-a5c72dde-3f19-4067-834f-a85da1a4b8de e9e039b481684261bc339fb2301c0c62 9109dd84e7ea433c803d32dcac70ca25 - - default default] Successfully bumped revision number for resource b10c1b95-c6a9-448d-a20a-d855014f144a (type: ports) to 1
2026-07-10 01:02:41.613 9 INFO neutron.wsgi [None req-a5c72dde-3f19-4067-834f-a85da1a4b8de e9e039b481684261bc339fb2301c0c62 9109dd84e7ea433c803d32dcac70ca25 - - default default] 10.0.0.104 "POST /v2.0/networks HTTP/1.1" status: 201 len: 831 time: 0.5873277
2026-07-10 01:02:41.918 9 WARNING neutron.scheduler.dhcp_agent_scheduler [None req-d64f02a4-c12f-4843-8059-b2da618fee93 e9e039b481684261bc339fb2301c0c62 9109dd84e7ea433c803d32dcac70ca25 - - default default] No more DHCP agents
2026-07-10 01:02:41.920 9 WARNING neutron.api.rpc.agentnotifiers.dhcp_rpc_agent_api [None req-d64f02a4-c12f-4843-8059-b2da618fee93 e9e039b481684261bc339fb2301c0c62 9109dd84e7ea433c803d32dcac70ca25 - - default default] Unable to schedule network 5980f000-2c50-4ddb-ba4b-2dc141e7f6d5: no agents available; will retry on subsequent port and subnet creation events.
2026-07-10 01:02:41.971 10 INFO neutron.wsgi [req-e7f2ec2d-beb9-4d49-9eac-f12a3c3336f8 req-73331a51-bd53-4289-a013-065fe50064c3 56c6772adfff4b8393a13f2b9af9b2bf d680de4b18024d4eb548d810135332d0 - - default default] 199.204.45.129 "GET /v2.0/networks?id=e0634bc9-8397-48f6-8811-c5830530bd33 HTTP/1.1" status: 200 len: 936 time: 0.0706224
2026-07-10 01:02:42.011 9 INFO neutron.db.ovn_revision_numbers_db [None req-d64f02a4-c12f-4843-8059-b2da618fee93 e9e039b481684261bc339fb2301c0c62 9109dd84e7ea433c803d32dcac70ca25 - - default default] Successfully bumped revision number for resource 93d96e1d-6bbb-4b81-b150-cfa4ba75f9d9 (type: ports) to 1
2026-07-10 01:02:42.034 10 INFO neutron.wsgi [req-e7f2ec2d-beb9-4d49-9eac-f12a3c3336f8 req-3ff171d4-c48e-44eb-9ef2-9d63b71f84ad 56c6772adfff4b8393a13f2b9af9b2bf d680de4b18024d4eb548d810135332d0 - - default default] 199.204.45.129 "GET /v2.0/security-groups?fields=id&fields=name&tenant_id=d680de4b18024d4eb548d810135332d0 HTTP/1.1" status: 200 len: 542 time: 0.0485992
2026-07-10 01:02:42.036 9 INFO neutron.wsgi [None req-d64f02a4-c12f-4843-8059-b2da618fee93 e9e039b481684261bc339fb2301c0c62 9109dd84e7ea433c803d32dcac70ca25 - - default default] 10.0.0.104 "POST /v2.0/ports HTTP/1.1" status: 201 len: 942 time: 0.4164042 /var/lib/openstack/lib/python3.10/site-packages/pycadf/identifier.py:71: UserWarning: Invalid uuid: neutron. To ensure interoperability, identifiers should be a valid uuid. warnings.warn(('Invalid uuid: %s. To ensure interoperability, '
2026-07-10 01:02:42.222 9 INFO neutron.wsgi [None req-69f2cab3-2fb6-4723-b93d-141830874421 e9e039b481684261bc339fb2301c0c62 9109dd84e7ea433c803d32dcac70ca25 - - default default] 10.0.0.104 "POST /v2.0/trunks HTTP/1.1" status: 201 len: 608 time: 0.1803861
2026-07-10 01:02:42.260 10 INFO neutron.wsgi [None req-39c47963-4fd3-49aa-9afb-eb38817bfda1 e9e039b481684261bc339fb2301c0c62 9109dd84e7ea433c803d32dcac70ca25 - - default default] 10.0.0.104 "PUT /v2.0/trunks/7b396fe7-4461-4e23-8b84-2f7ff128d6c9/tags HTTP/1.1" status: 200 len: 210 time: 0.0332024
2026-07-10 01:02:42.291 9 INFO neutron.wsgi [None req-bb561108-d159-4086-892f-8bf660f5fb21 e9e039b481684261bc339fb2301c0c62 9109dd84e7ea433c803d32dcac70ca25 - - default default] 10.0.0.104 "PUT /v2.0/trunks/cd4fc0bf-23e3-4d8f-a69b-ac7261312f47/tags HTTP/1.1" status: 200 len: 218 time: 0.0251045
2026-07-10 01:02:42.300 10 WARNING neutron.scheduler.dhcp_agent_scheduler [req-e7f2ec2d-beb9-4d49-9eac-f12a3c3336f8 req-2840e1e2-3e11-4c19-bbbb-4b6d533c090d 56c6772adfff4b8393a13f2b9af9b2bf d680de4b18024d4eb548d810135332d0 - - default default] No more DHCP agents
2026-07-10 01:02:42.302 10 WARNING neutron.api.rpc.agentnotifiers.dhcp_rpc_agent_api [req-e7f2ec2d-beb9-4d49-9eac-f12a3c3336f8 req-2840e1e2-3e11-4c19-bbbb-4b6d533c090d 56c6772adfff4b8393a13f2b9af9b2bf d680de4b18024d4eb548d810135332d0 - - default default] Unable to schedule network e0634bc9-8397-48f6-8811-c5830530bd33: no agents available; will retry on subsequent port and subnet creation events.
2026-07-10 01:02:42.320 9 INFO neutron.wsgi [None req-fac9847c-1c25-42e3-9924-9bc91907c321 e9e039b481684261bc339fb2301c0c62 9109dd84e7ea433c803d32dcac70ca25 - - default default] 10.0.0.104 "PUT /v2.0/trunks/236f81f3-ebb5-4eb9-b785-ac1334d98a63/tags HTTP/1.1" status: 200 len: 227 time: 0.0247741
2026-07-10 01:02:42.345 9 INFO neutron.wsgi [None req-5b213d57-3791-41cc-86c8-1a501869989b e9e039b481684261bc339fb2301c0c62 9109dd84e7ea433c803d32dcac70ca25 - - default default] 10.0.0.104 "PUT /v2.0/trunks/4aaf3175-0638-40a5-8a59-7edab78e65ab/tags HTTP/1.1" status: 200 len: 212 time: 0.0208690
2026-07-10 01:02:42.369 9 INFO neutron.wsgi [None req-8029c13c-d532-42b5-9090-54f375d312ad e9e039b481684261bc339fb2301c0c62 9109dd84e7ea433c803d32dcac70ca25 - - default default] 10.0.0.104 "GET /v2.0/trunks?tags=red HTTP/1.1" status: 200 len: 1447 time: 0.0194726 /var/lib/openstack/lib/python3.10/site-packages/pycadf/identifier.py:71: UserWarning: Invalid uuid: neutron. To ensure interoperability, identifiers should be a valid uuid. warnings.warn(('Invalid uuid: %s. To ensure interoperability, '
2026-07-10 01:02:42.405 10 INFO neutron.wsgi [None req-50097bcc-e8c2-4405-8084-500409d89a22 e9e039b481684261bc339fb2301c0c62 9109dd84e7ea433c803d32dcac70ca25 - - default default] 10.0.0.104 "GET /v2.0/trunks?tags=red%2Cblue HTTP/1.1" status: 200 len: 1041 time: 0.0311885
2026-07-10 01:02:42.439 10 INFO neutron.wsgi [None req-fce1814b-88b2-48bd-8a50-0485e4a66fbc e9e039b481684261bc339fb2301c0c62 9109dd84e7ea433c803d32dcac70ca25 - - default default] 10.0.0.104 "GET /v2.0/trunks?tags-any=blue HTTP/1.1" status: 200 len: 1041 time: 0.0296361
2026-07-10 01:02:42.475 9 INFO neutron.wsgi [None req-aacb9f4c-ee2e-43ef-a861-d40f1fe73cda e9e039b481684261bc339fb2301c0c62 9109dd84e7ea433c803d32dcac70ca25 - - default default] 10.0.0.104 "GET /v2.0/trunks?tags-any=red%2Cblue HTTP/1.1" status: 200 len: 1447 time: 0.0295525
2026-07-10 01:02:42.488 10 INFO neutron.db.ovn_revision_numbers_db [req-e7f2ec2d-beb9-4d49-9eac-f12a3c3336f8 req-2840e1e2-3e11-4c19-bbbb-4b6d533c090d 56c6772adfff4b8393a13f2b9af9b2bf d680de4b18024d4eb548d810135332d0 - - default default] Successfully bumped revision number for resource eb090996-0b99-4457-a17e-a58aa754e480 (type: ports) to 1
2026-07-10 01:02:42.500 9 INFO neutron.wsgi [None req-3e554b2c-0968-4bf9-8cc8-835fd72ea74d e9e039b481684261bc339fb2301c0c62 9109dd84e7ea433c803d32dcac70ca25 - - default default] 10.0.0.104 "GET /v2.0/trunks?not-tags=red HTTP/1.1" status: 200 len: 1013 time: 0.0192938
2026-07-10 01:02:42.507 10 INFO neutron.wsgi [req-e7f2ec2d-beb9-4d49-9eac-f12a3c3336f8 req-2840e1e2-3e11-4c19-bbbb-4b6d533c090d 56c6772adfff4b8393a13f2b9af9b2bf d680de4b18024d4eb548d810135332d0 - - default default] 199.204.45.129 "POST /v2.0/ports HTTP/1.1" status: 201 len: 1287 time: 0.4667494
2026-07-10 01:02:42.533 9 INFO neutron.wsgi [None req-d5640d30-03b4-4a55-9be1-566f9513e1ec e9e039b481684261bc339fb2301c0c62 9109dd84e7ea433c803d32dcac70ca25 - - default default] 10.0.0.104 "GET /v2.0/trunks?not-tags=red%2Cblue HTTP/1.1" status: 200 len: 1419 time: 0.0272090
2026-07-10 01:02:42.563 9 INFO neutron.wsgi [None req-561fe7a9-ee91-40aa-a75c-24876846a3bd e9e039b481684261bc339fb2301c0c62 9109dd84e7ea433c803d32dcac70ca25 - - default default] 10.0.0.104 "GET /v2.0/trunks?not-tags-any=blue HTTP/1.1" status: 200 len: 1419 time: 0.0245371
2026-07-10 01:02:42.584 9 INFO neutron.wsgi [None req-0565c8a2-dbb7-4d58-8eeb-5d3e7935a201 e9e039b481684261bc339fb2301c0c62 9109dd84e7ea433c803d32dcac70ca25 - - default default] 10.0.0.104 "GET /v2.0/trunks?not-tags-any=red%2Cblue HTTP/1.1" status: 200 len: 1013 time: 0.0162587
2026-07-10 01:02:42.604 9 INFO neutron.wsgi [None req-7698296e-6c99-4605-9e41-dabc1024b6e7 e9e039b481684261bc339fb2301c0c62 9109dd84e7ea433c803d32dcac70ca25 - - default default] 10.0.0.104 "GET /v2.0/trunks/7b396fe7-4461-4e23-8b84-2f7ff128d6c9 HTTP/1.1" status: 200 len: 608 time: 0.0143666 /var/lib/openstack/lib/python3.10/site-packages/pycadf/identifier.py:71: UserWarning: Invalid uuid: neutron. To ensure interoperability, identifiers should be a valid uuid. warnings.warn(('Invalid uuid: %s. To ensure interoperability, '
2026-07-10 01:02:42.973 10 INFO neutron.wsgi [None req-bd494853-4db7-4315-83f0-7aa3722e0cec 56c6772adfff4b8393a13f2b9af9b2bf d680de4b18024d4eb548d810135332d0 - - default default] 10.0.0.115 "GET /v2.0/agents HTTP/1.1" status: 200 len: 997 time: 0.0835447
2026-07-10 01:02:42.981 9 INFO neutron.wsgi [None req-6983e71e-2f8d-4fc6-9048-d3daca7c5267 e9e039b481684261bc339fb2301c0c62 9109dd84e7ea433c803d32dcac70ca25 - - default default] 10.0.0.104 "GET /v2.0/ports/cf34380d-8d1f-489a-b259-fcda76a1edd6 HTTP/1.1" status: 200 len: 1020 time: 0.3721211
2026-07-10 01:02:43.065 10 INFO neutron.wsgi [None req-50c6a6cd-c36a-493d-8e1d-b1fb7130ffc3 56c6772adfff4b8393a13f2b9af9b2bf d680de4b18024d4eb548d810135332d0 - - default default] 10.0.0.115 "GET /v2.0/ports HTTP/1.1" status: 200 len: 28871 time: 0.0890920
2026-07-10 01:02:43.070 9 INFO neutron.wsgi [None req-c7fd7c39-7ef1-43b4-b3fb-05783e78e80c e9e039b481684261bc339fb2301c0c62 9109dd84e7ea433c803d32dcac70ca25 - - default default] 10.0.0.104 "DELETE /v2.0/trunks/7b396fe7-4461-4e23-8b84-2f7ff128d6c9 HTTP/1.1" status: 204 len: 168 time: 0.0828605
2026-07-10 01:02:43.075 10 INFO neutron.db.ovn_revision_numbers_db [req-e7f2ec2d-beb9-4d49-9eac-f12a3c3336f8 req-d975cc83-8557-4edd-9ab1-acfd3566f8fc 9cbdeaa65bb04cf5af54ce8be9ca4bfd 5234372e431e4155a18942f862c2b3ea - - 591d98c7de1d4b87afdd40c5d6f503da 591d98c7de1d4b87afdd40c5d6f503da] Successfully bumped revision number for resource eb090996-0b99-4457-a17e-a58aa754e480 (type: ports) to 2
2026-07-10 01:02:43.092 9 INFO neutron.wsgi [None req-6b9a4ced-f02a-48a2-8871-7d49ee7ad571 e9e039b481684261bc339fb2301c0c62 9109dd84e7ea433c803d32dcac70ca25 - - default default] 10.0.0.104 "GET /v2.0/trunks/cd4fc0bf-23e3-4d8f-a69b-ac7261312f47 HTTP/1.1" status: 200 len: 616 time: 0.0173206
2026-07-10 01:02:43.189 9 INFO neutron.wsgi [None req-49696e33-9b9b-4757-ab7a-0a64f0d74bf0 e9e039b481684261bc339fb2301c0c62 9109dd84e7ea433c803d32dcac70ca25 - - default default] 10.0.0.104 "GET /v2.0/ports/f597a62d-1aac-46b6-8c8c-6b3fba4eae34 HTTP/1.1" status: 200 len: 1020 time: 0.0928352
2026-07-10 01:02:43.193 10 INFO neutron.wsgi [None req-efeb5dc8-77a3-43cd-86ef-b763a1360c26 56c6772adfff4b8393a13f2b9af9b2bf d680de4b18024d4eb548d810135332d0 - - default default] 10.0.0.115 "GET /v2.0/routers HTTP/1.1" status: 200 len: 848 time: 0.1101184
2026-07-10 01:02:43.210 10 INFO neutron.wsgi [None req-05b71af6-d57f-4c4d-bfe3-531be781c925 56c6772adfff4b8393a13f2b9af9b2bf d680de4b18024d4eb548d810135332d0 - - default default] 10.0.0.115 "GET /v2.0/agents?binary=ovn-controller HTTP/1.1" status: 200 len: 591 time: 0.0161786
2026-07-10 01:02:43.269 9 INFO neutron.wsgi [None req-3cd1f005-d4f9-4638-9dc8-002a5333e2b5 e9e039b481684261bc339fb2301c0c62 9109dd84e7ea433c803d32dcac70ca25 - - default default] 10.0.0.104 "DELETE /v2.0/trunks/cd4fc0bf-23e3-4d8f-a69b-ac7261312f47 HTTP/1.1" status: 204 len: 168 time: 0.0746522
2026-07-10 01:02:43.292 9 INFO neutron.wsgi [None req-3a15daa4-cb5e-4e21-b44a-6fed99459802 e9e039b481684261bc339fb2301c0c62 9109dd84e7ea433c803d32dcac70ca25 - - default default] 10.0.0.104 "GET /v2.0/trunks/236f81f3-ebb5-4eb9-b785-ac1334d98a63 HTTP/1.1" status: 200 len: 625 time: 0.0169253
2026-07-10 01:02:43.336 10 INFO neutron.wsgi [None req-ad307efc-4ef1-4914-8366-9fca503af529 56c6772adfff4b8393a13f2b9af9b2bf d680de4b18024d4eb548d810135332d0 - - default default] 10.0.0.115 "GET /v2.0/networks HTTP/1.1" status: 200 len: 8248 time: 0.1230998
2026-07-10 01:02:43.392 9 INFO neutron.wsgi [None req-211a5c9d-973f-4976-822d-21acd069a921 e9e039b481684261bc339fb2301c0c62 9109dd84e7ea433c803d32dcac70ca25 - - default default] 10.0.0.104 "GET /v2.0/ports/b7c1be37-9c74-4ecb-a651-bff383bcc28b HTTP/1.1" status: 200 len: 1020 time: 0.0945098
2026-07-10 01:02:43.512 9 INFO neutron.wsgi [None req-a66dce29-fafe-40fd-b49c-90ebdee6f37a e9e039b481684261bc339fb2301c0c62 9109dd84e7ea433c803d32dcac70ca25 - - default default] 10.0.0.104 "DELETE /v2.0/trunks/236f81f3-ebb5-4eb9-b785-ac1334d98a63 HTTP/1.1" status: 204 len: 168 time: 0.1157453
2026-07-10 01:02:43.537 9 INFO neutron.wsgi [None req-06e6f4bc-8bdc-4628-9ceb-ee91a336162f e9e039b481684261bc339fb2301c0c62 9109dd84e7ea433c803d32dcac70ca25 - - default default] 10.0.0.104 "GET /v2.0/trunks/4aaf3175-0638-40a5-8a59-7edab78e65ab HTTP/1.1" status: 200 len: 610 time: 0.0146031 /var/lib/openstack/lib/python3.10/site-packages/pycadf/identifier.py:71: UserWarning: Invalid uuid: neutron. To ensure interoperability, identifiers should be a valid uuid. warnings.warn(('Invalid uuid: %s. To ensure interoperability, '
2026-07-10 01:02:43.626 9 INFO neutron.wsgi [None req-38c6da2e-290f-44f4-ad64-a157bda0894c e9e039b481684261bc339fb2301c0c62 9109dd84e7ea433c803d32dcac70ca25 - - default default] 10.0.0.104 "GET /v2.0/ports/d9ccc50f-24c3-492d-976f-d60298d60a47 HTTP/1.1" status: 200 len: 1020 time: 0.0840569
2026-07-10 01:02:43.660 10 INFO neutron.wsgi [req-37b97830-170d-4931-b499-5a48ca301cf4 req-d085bd15-3393-4df9-85c8-93b56ed3dd15 56c6772adfff4b8393a13f2b9af9b2bf d680de4b18024d4eb548d810135332d0 - - default default] 10.0.0.214 "GET /v2.0/ports?device_id=d47f9824-523b-4a0e-9d1b-9087c549d29c HTTP/1.1" status: 200 len: 1415 time: 0.0813575
2026-07-10 01:02:43.682 10 INFO neutron.wsgi [None req-8cbfa162-c0e2-44ec-9443-48c378c9ad2f 56c6772adfff4b8393a13f2b9af9b2bf d680de4b18024d4eb548d810135332d0 - - default default] 10.0.0.115 "GET /v2.0/security-groups HTTP/1.1" status: 200 len: 31867 time: 0.3428581
2026-07-10 01:02:43.752 9 INFO neutron.wsgi [None req-3372cc6c-31e7-487c-acc4-92bbe99b2c3d e9e039b481684261bc339fb2301c0c62 9109dd84e7ea433c803d32dcac70ca25 - - default default] 10.0.0.104 "DELETE /v2.0/trunks/4aaf3175-0638-40a5-8a59-7edab78e65ab HTTP/1.1" status: 204 len: 168 time: 0.1210854
2026-07-10 01:02:43.759 10 INFO neutron.wsgi [req-37b97830-170d-4931-b499-5a48ca301cf4 req-9ef3396a-d2b7-46d1-b7d2-d8baa97c53e9 56c6772adfff4b8393a13f2b9af9b2bf d680de4b18024d4eb548d810135332d0 - - default default] 10.0.0.214 "GET /v2.0/security-groups?id=60a98f68-d793-4604-8b1b-38401f009a9e&fields=id&fields=name HTTP/1.1" status: 200 len: 294 time: 0.0919588
2026-07-10 01:02:43.762 10 INFO neutron.db.ovn_revision_numbers_db [req-e7f2ec2d-beb9-4d49-9eac-f12a3c3336f8 req-d975cc83-8557-4edd-9ab1-acfd3566f8fc 9cbdeaa65bb04cf5af54ce8be9ca4bfd 5234372e431e4155a18942f862c2b3ea - - 591d98c7de1d4b87afdd40c5d6f503da 591d98c7de1d4b87afdd40c5d6f503da] Successfully bumped revision number for resource eb090996-0b99-4457-a17e-a58aa754e480 (type: ports) to 2
2026-07-10 01:02:43.773 10 INFO neutron.wsgi [None req-d78e0113-2bbe-4fba-856d-b2c4baf8b8fc 56c6772adfff4b8393a13f2b9af9b2bf d680de4b18024d4eb548d810135332d0 - - default default] 10.0.0.115 "GET /v2.0/subnets HTTP/1.1" status: 200 len: 5496 time: 0.0704868
2026-07-10 01:02:43.799 10 INFO neutron.wsgi [req-e7f2ec2d-beb9-4d49-9eac-f12a3c3336f8 req-d975cc83-8557-4edd-9ab1-acfd3566f8fc 9cbdeaa65bb04cf5af54ce8be9ca4bfd 5234372e431e4155a18942f862c2b3ea - - 591d98c7de1d4b87afdd40c5d6f503da 591d98c7de1d4b87afdd40c5d6f503da] 199.204.45.129 "PUT /v2.0/ports/eb090996-0b99-4457-a17e-a58aa754e480 HTTP/1.1" status: 200 len: 1384 time: 1.2831311
2026-07-10 01:02:43.809 9 INFO neutron.wsgi [None req-bfae47a1-ba0e-4d64-bf6e-97640788324d e9e039b481684261bc339fb2301c0c62 9109dd84e7ea433c803d32dcac70ca25 - - default default] 10.0.0.104 "GET /v2.0/trunks/5622d4ee-0183-42cb-9b04-909608cadd53 HTTP/1.1" status: 200 len: 603 time: 0.0466537
2026-07-10 01:02:43.845 10 INFO neutron.notifiers.nova [-] Nova event matching ['req-3e8bcdfb-883f-42a3-ad5d-c53526752d27'] response: {'name': 'network-changed', 'server_uuid': 'd47f9824-523b-4a0e-9d1b-9087c549d29c', 'tag': 'eb090996-0b99-4457-a17e-a58aa754e480', 'status': 'completed', 'code': 200}
2026-07-10 01:02:43.872 10 INFO neutron.wsgi [None req-9bb9a9d4-f6a2-40cc-a982-20a21c6c2a37 56c6772adfff4b8393a13f2b9af9b2bf d680de4b18024d4eb548d810135332d0 - - default default] 10.0.0.115 "GET /v2.0/floatingips HTTP/1.1" status: 200 len: 1878 time: 0.0944397
2026-07-10 01:02:43.887 10 INFO neutron.wsgi [req-e7f2ec2d-beb9-4d49-9eac-f12a3c3336f8 req-a0487bd2-3de2-42a9-a128-996284877d78 9cbdeaa65bb04cf5af54ce8be9ca4bfd 5234372e431e4155a18942f862c2b3ea - - 591d98c7de1d4b87afdd40c5d6f503da 591d98c7de1d4b87afdd40c5d6f503da] 199.204.45.129 "GET /v2.0/ports?tenant_id=d680de4b18024d4eb548d810135332d0&device_id=d47f9824-523b-4a0e-9d1b-9087c549d29c HTTP/1.1" status: 200 len: 1415 time: 0.0452547
2026-07-10 01:02:43.889 10 INFO neutron.wsgi [None req-31bdadfe-9697-44fe-8be2-a4e150ee4f87 56c6772adfff4b8393a13f2b9af9b2bf d680de4b18024d4eb548d810135332d0 - - default default] 10.0.0.115 "GET /v2.0/network-ip-availabilities HTTP/1.1" status: 200 len: 4697 time: 0.0155320
2026-07-10 01:02:43.925 10 INFO neutron.wsgi [req-e7f2ec2d-beb9-4d49-9eac-f12a3c3336f8 req-2a5abeca-4b39-47b1-85c1-7ea3639d9857 9cbdeaa65bb04cf5af54ce8be9ca4bfd 5234372e431e4155a18942f862c2b3ea - - 591d98c7de1d4b87afdd40c5d6f503da 591d98c7de1d4b87afdd40c5d6f503da] 199.204.45.129 "GET /v2.0/floatingips?fixed_ip_address=172.24.0.117&port_id=eb090996-0b99-4457-a17e-a58aa754e480 HTTP/1.1" status: 200 len: 217 time: 0.0295920
2026-07-10 01:02:43.929 9 INFO neutron.wsgi [req-86000d42-1f90-464e-b720-a3d17310dada req-94383d7a-c3c3-4292-881f-8671ef3a9275 56c6772adfff4b8393a13f2b9af9b2bf d680de4b18024d4eb548d810135332d0 - - default default] 10.0.0.214 "GET /v2.0/ports?device_id=d47f9824-523b-4a0e-9d1b-9087c549d29c HTTP/1.1" status: 200 len: 1415 time: 0.0618205
2026-07-10 01:02:43.943 9 INFO neutron.wsgi [None req-b3df6b4a-a006-40ef-bb73-5e2d6b4f7098 e9e039b481684261bc339fb2301c0c62 9109dd84e7ea433c803d32dcac70ca25 - - default default] 10.0.0.104 "GET /v2.0/ports/93d96e1d-6bbb-4b81-b150-cfa4ba75f9d9 HTTP/1.1" status: 200 len: 1020 time: 0.1267297
2026-07-10 01:02:43.952 10 INFO neutron.wsgi [None req-0054caaa-1e87-4a7e-8a86-5263a9433836 56c6772adfff4b8393a13f2b9af9b2bf d680de4b18024d4eb548d810135332d0 - - default default] 10.0.0.115 "GET /v2.0/subnets HTTP/1.1" status: 200 len: 5496 time: 0.0616186
2026-07-10 01:02:43.972 10 INFO neutron.wsgi [None req-9cbee9e2-e7bb-4189-b813-44ce1c1edbfa 56c6772adfff4b8393a13f2b9af9b2bf d680de4b18024d4eb548d810135332d0 - - default default] 10.0.0.115 "GET /v2.0/subnetpools HTTP/1.1" status: 200 len: 193 time: 0.0175431
2026-07-10 01:02:43.985 10 INFO neutron.wsgi [req-e7f2ec2d-beb9-4d49-9eac-f12a3c3336f8 req-1f04d229-0fd3-44bf-8a0f-0a8b28618fd0 9cbdeaa65bb04cf5af54ce8be9ca4bfd 5234372e431e4155a18942f862c2b3ea - - 591d98c7de1d4b87afdd40c5d6f503da 591d98c7de1d4b87afdd40c5d6f503da] 199.204.45.129 "GET /v2.0/subnets?id=a074eb77-4f24-4ffc-a41b-bc9b343e4d4c HTTP/1.1" status: 200 len: 829 time: 0.0550752
2026-07-10 01:02:44.009 10 INFO neutron.wsgi [req-e7f2ec2d-beb9-4d49-9eac-f12a3c3336f8 req-4465fffa-b58b-4b66-bd83-1a216c6abd92 9cbdeaa65bb04cf5af54ce8be9ca4bfd 5234372e431e4155a18942f862c2b3ea - - 591d98c7de1d4b87afdd40c5d6f503da 591d98c7de1d4b87afdd40c5d6f503da] 199.204.45.129 "GET /v2.0/ports?network_id=e0634bc9-8397-48f6-8811-c5830530bd33&device_owner=network%3Adhcp HTTP/1.1" status: 200 len: 210 time: 0.0184343
2026-07-10 01:02:44.029 9 INFO neutron.wsgi [None req-b0637e10-e5db-44a6-8a97-b4da574868dc e9e039b481684261bc339fb2301c0c62 9109dd84e7ea433c803d32dcac70ca25 - - default default] 10.0.0.104 "DELETE /v2.0/trunks/5622d4ee-0183-42cb-9b04-909608cadd53 HTTP/1.1" status: 204 len: 168 time: 0.0787604
2026-07-10 01:02:44.074 10 INFO neutron.wsgi [req-e7f2ec2d-beb9-4d49-9eac-f12a3c3336f8 req-24256301-e681-49a2-a407-e402e628d9f5 9cbdeaa65bb04cf5af54ce8be9ca4bfd 5234372e431e4155a18942f862c2b3ea - - 591d98c7de1d4b87afdd40c5d6f503da 591d98c7de1d4b87afdd40c5d6f503da] 199.204.45.129 "GET /v2.0/networks/e0634bc9-8397-48f6-8811-c5830530bd33?fields=segments HTTP/1.1" status: 200 len: 212 time: 0.0586004
2026-07-10 01:02:44.146 10 INFO neutron.wsgi [req-e7f2ec2d-beb9-4d49-9eac-f12a3c3336f8 req-5ea00e7f-9659-4ab9-954e-db41a00c3460 9cbdeaa65bb04cf5af54ce8be9ca4bfd 5234372e431e4155a18942f862c2b3ea - - 591d98c7de1d4b87afdd40c5d6f503da 591d98c7de1d4b87afdd40c5d6f503da] 199.204.45.129 "GET /v2.0/networks/e0634bc9-8397-48f6-8811-c5830530bd33?fields=provider%3Aphysical_network&fields=provider%3Anetwork_type HTTP/1.1" status: 200 len: 277 time: 0.0631185
2026-07-10 01:02:44.217 10 INFO neutron.wsgi [req-67fdef9a-c0a2-47dc-bdd4-f59c63549c58 req-28787793-c9af-4d89-8179-69ae911900b7 9cbdeaa65bb04cf5af54ce8be9ca4bfd 5234372e431e4155a18942f862c2b3ea - - 591d98c7de1d4b87afdd40c5d6f503da 591d98c7de1d4b87afdd40c5d6f503da] 199.204.45.129 "GET /v2.0/ports?tenant_id=d680de4b18024d4eb548d810135332d0&device_id=d47f9824-523b-4a0e-9d1b-9087c549d29c HTTP/1.1" status: 200 len: 1415 time: 0.0327098
2026-07-10 01:02:44.282 9 INFO neutron.wsgi [None req-3fbf988f-5ca3-4657-81ae-5aa963e891f0 e9e039b481684261bc339fb2301c0c62 9109dd84e7ea433c803d32dcac70ca25 - - default default] 10.0.0.104 "DELETE /v2.0/ports/cf34380d-8d1f-489a-b259-fcda76a1edd6 HTTP/1.1" status: 204 len: 168 time: 0.2473259
2026-07-10 01:02:44.299 10 INFO neutron.wsgi [req-67fdef9a-c0a2-47dc-bdd4-f59c63549c58 req-8edde0c7-cb0b-4e62-8e73-e4efbaa05fc0 9cbdeaa65bb04cf5af54ce8be9ca4bfd 5234372e431e4155a18942f862c2b3ea - - 591d98c7de1d4b87afdd40c5d6f503da 591d98c7de1d4b87afdd40c5d6f503da] 199.204.45.129 "GET /v2.0/networks?id=e0634bc9-8397-48f6-8811-c5830530bd33 HTTP/1.1" status: 200 len: 936 time: 0.0720048
2026-07-10 01:02:44.325 10 INFO neutron.wsgi [req-67fdef9a-c0a2-47dc-bdd4-f59c63549c58 req-86ad7a6b-a493-4c5e-a565-1efc433e7eea 9cbdeaa65bb04cf5af54ce8be9ca4bfd 5234372e431e4155a18942f862c2b3ea - - 591d98c7de1d4b87afdd40c5d6f503da 591d98c7de1d4b87afdd40c5d6f503da] 199.204.45.129 "GET /v2.0/floatingips?fixed_ip_address=172.24.0.117&port_id=eb090996-0b99-4457-a17e-a58aa754e480 HTTP/1.1" status: 200 len: 217 time: 0.0172501
2026-07-10 01:02:44.356 9 INFO neutron.wsgi [req-f2c31cb3-4cf9-4062-a41f-4809b4c1971c req-739079b8-3571-4702-91fa-fb90e756e776 9cbdeaa65bb04cf5af54ce8be9ca4bfd 5234372e431e4155a18942f862c2b3ea - - 591d98c7de1d4b87afdd40c5d6f503da 591d98c7de1d4b87afdd40c5d6f503da] 199.204.45.129 "GET /v2.0/ports?device_id=d47f9824-523b-4a0e-9d1b-9087c549d29c HTTP/1.1" status: 200 len: 1415 time: 0.0465708
2026-07-10 01:02:44.358 10 INFO neutron.wsgi [req-67fdef9a-c0a2-47dc-bdd4-f59c63549c58 req-1031b792-319a-4618-9f03-150818622253 9cbdeaa65bb04cf5af54ce8be9ca4bfd 5234372e431e4155a18942f862c2b3ea - - 591d98c7de1d4b87afdd40c5d6f503da 591d98c7de1d4b87afdd40c5d6f503da] 199.204.45.129 "GET /v2.0/subnets?id=a074eb77-4f24-4ffc-a41b-bc9b343e4d4c HTTP/1.1" status: 200 len: 829 time: 0.0261607
2026-07-10 01:02:44.386 10 INFO neutron.wsgi [req-67fdef9a-c0a2-47dc-bdd4-f59c63549c58 req-69cc33b9-1eef-4446-affc-00b7096ae6fc 9cbdeaa65bb04cf5af54ce8be9ca4bfd 5234372e431e4155a18942f862c2b3ea - - 591d98c7de1d4b87afdd40c5d6f503da 591d98c7de1d4b87afdd40c5d6f503da] 199.204.45.129 "GET /v2.0/ports?network_id=e0634bc9-8397-48f6-8811-c5830530bd33&device_owner=network%3Adhcp HTTP/1.1" status: 200 len: 210 time: 0.0192125
2026-07-10 01:02:44.417 9 INFO neutron.wsgi [req-f2c31cb3-4cf9-4062-a41f-4809b4c1971c req-91ca30c7-f790-4215-87a0-5f9ba1565534 9cbdeaa65bb04cf5af54ce8be9ca4bfd 5234372e431e4155a18942f862c2b3ea - - 591d98c7de1d4b87afdd40c5d6f503da 591d98c7de1d4b87afdd40c5d6f503da] 199.204.45.129 "GET /v2.0/security-groups?id=60a98f68-d793-4604-8b1b-38401f009a9e&fields=id&fields=name HTTP/1.1" status: 200 len: 294 time: 0.0507514
2026-07-10 01:02:44.452 10 INFO neutron.wsgi [req-67fdef9a-c0a2-47dc-bdd4-f59c63549c58 req-3c4872cc-91bd-4dc9-9630-169645368278 9cbdeaa65bb04cf5af54ce8be9ca4bfd 5234372e431e4155a18942f862c2b3ea - - 591d98c7de1d4b87afdd40c5d6f503da 591d98c7de1d4b87afdd40c5d6f503da] 199.204.45.129 "GET /v2.0/networks/e0634bc9-8397-48f6-8811-c5830530bd33?fields=segments HTTP/1.1" status: 200 len: 212 time: 0.0587454
2026-07-10 01:02:44.511 10 INFO neutron.plugins.ml2.drivers.ovn.mech_driver.mech_driver [None req-8188d7f9-7e32-405c-a9c0-d725ce4f79ec - - - - - -] OVN reports status up for port: eb090996-0b99-4457-a17e-a58aa754e480
2026-07-10 01:02:44.525 9 INFO neutron.wsgi [None req-1fac50e0-cfeb-4594-bcd2-c5317d392332 e9e039b481684261bc339fb2301c0c62 9109dd84e7ea433c803d32dcac70ca25 - - default default] 10.0.0.104 "DELETE /v2.0/ports/f597a62d-1aac-46b6-8c8c-6b3fba4eae34 HTTP/1.1" status: 204 len: 168 time: 0.2382731
2026-07-10 01:02:44.525 10 INFO neutron.plugins.ml2.plugin [None req-8188d7f9-7e32-405c-a9c0-d725ce4f79ec - - - - - -] Attempt 1 to provision port eb090996-0b99-4457-a17e-a58aa754e480
2026-07-10 01:02:44.551 10 INFO neutron.wsgi [req-67fdef9a-c0a2-47dc-bdd4-f59c63549c58 req-c35babb8-f661-41a8-bad0-dd5af49ca244 9cbdeaa65bb04cf5af54ce8be9ca4bfd 5234372e431e4155a18942f862c2b3ea - - 591d98c7de1d4b87afdd40c5d6f503da 591d98c7de1d4b87afdd40c5d6f503da] 199.204.45.129 "GET /v2.0/networks/e0634bc9-8397-48f6-8811-c5830530bd33?fields=provider%3Aphysical_network&fields=provider%3Anetwork_type HTTP/1.1" status: 200 len: 277 time: 0.0888534
2026-07-10 01:02:44.778 9 INFO neutron.wsgi [None req-5ebd60cf-aa72-48e8-a12d-0795e7074e09 e9e039b481684261bc339fb2301c0c62 9109dd84e7ea433c803d32dcac70ca25 - - default default] 10.0.0.104 "DELETE /v2.0/ports/b7c1be37-9c74-4ecb-a651-bff383bcc28b HTTP/1.1" status: 204 len: 168 time: 0.2482395
2026-07-10 01:02:44.819 10 INFO neutron.db.ovn_revision_numbers_db [None req-8188d7f9-7e32-405c-a9c0-d725ce4f79ec - - - - - -] Successfully bumped revision number for resource eb090996-0b99-4457-a17e-a58aa754e480 (type: ports) to 4
2026-07-10 01:02:45.039 10 INFO neutron.wsgi [None req-6bab228b-f9e6-418b-a9e5-93489c3876c7 e9e039b481684261bc339fb2301c0c62 9109dd84e7ea433c803d32dcac70ca25 - - default default] 10.0.0.104 "DELETE /v2.0/ports/d9ccc50f-24c3-492d-976f-d60298d60a47 HTTP/1.1" status: 204 len: 168 time: 0.2563994 /var/lib/openstack/lib/python3.10/site-packages/pycadf/identifier.py:71: UserWarning: Invalid uuid: neutron. To ensure interoperability, identifiers should be a valid uuid. warnings.warn(('Invalid uuid: %s. To ensure interoperability, '
2026-07-10 01:02:45.275 10 INFO neutron.wsgi [None req-d81a34da-bdfa-4a00-9ad3-c75226ec82e6 e9e039b481684261bc339fb2301c0c62 9109dd84e7ea433c803d32dcac70ca25 - - default default] 10.0.0.104 "DELETE /v2.0/ports/93d96e1d-6bbb-4b81-b150-cfa4ba75f9d9 HTTP/1.1" status: 204 len: 168 time: 0.2314880
2026-07-10 01:02:45.623 10 INFO neutron.services.segments.plugin [-] Segment 00d29b63-d5c7-4ef3-9409-065fe169765f resource provider aggregate not found
2026-07-10 01:02:45.636 10 INFO neutron.services.segments.plugin [-] Segment 00d29b63-d5c7-4ef3-9409-065fe169765f resource provider aggregate not found
2026-07-10 01:02:45.653 10 INFO neutron.services.segments.plugin [-] Segment 00d29b63-d5c7-4ef3-9409-065fe169765f resource provider not found; error: Placement Client Error (4xx): {"errors": [{"status": 404, "title": "Not Found", "detail": "The resource could not be found.\n\n No resource provider with uuid 00d29b63-d5c7-4ef3-9409-065fe169765f found for delete ", "request_id": "req-ddfc1bb7-be92-4a51-8a7c-05aa6bb9888e"}]}
2026-07-10 01:02:45.655 10 INFO neutron.services.segments.plugin [-] Segment 00d29b63-d5c7-4ef3-9409-065fe169765f resource provider not found; error: Placement Client Error (4xx): {"errors": [{"status": 404, "title": "Not Found", "detail": "The resource could not be found.\n\n No resource provider with uuid 00d29b63-d5c7-4ef3-9409-065fe169765f found for delete ", "request_id": "req-4bc5a87e-4db2-4868-ba06-b6eea07dc2b2"}]}
2026-07-10 01:02:45.680 10 INFO neutron.wsgi [None req-b871db22-07c6-45ed-b596-aeee128dd37e e9e039b481684261bc339fb2301c0c62 9109dd84e7ea433c803d32dcac70ca25 - - default default] 10.0.0.104 "DELETE /v2.0/networks/f65d715e-96ab-4d19-98df-2b01fc5afe6d HTTP/1.1" status: 204 len: 168 time: 0.4002512
2026-07-10 01:02:45.893 10 INFO neutron.notifiers.nova [-] Nova event matching ['req-4385b6f9-7267-481f-8dc9-fa546bb192f5'] response: {'server_uuid': 'd47f9824-523b-4a0e-9d1b-9087c549d29c', 'name': 'network-vif-plugged', 'status': 'completed', 'tag': 'eb090996-0b99-4457-a17e-a58aa754e480', 'code': 200}
2026-07-10 01:02:45.894 10 INFO neutron.notifiers.nova [-] Nova event matching ['req-4385b6f9-7267-481f-8dc9-fa546bb192f5'] response: {'server_uuid': 'd47f9824-523b-4a0e-9d1b-9087c549d29c', 'name': 'network-vif-plugged', 'status': 'completed', 'tag': 'eb090996-0b99-4457-a17e-a58aa754e480', 'code': 200}
2026-07-10 01:02:46.034 9 INFO neutron.services.segments.plugin [-] Segment 1fed6300-3a02-4e97-82d5-0b59c955b1ac resource provider aggregate not found
2026-07-10 01:02:46.043 9 INFO neutron.services.segments.plugin [-] Segment 1fed6300-3a02-4e97-82d5-0b59c955b1ac resource provider aggregate not found
2026-07-10 01:02:46.061 9 INFO neutron.services.segments.plugin [-] Segment 1fed6300-3a02-4e97-82d5-0b59c955b1ac resource provider not found; error: Placement Client Error (4xx): {"errors": [{"status": 404, "title": "Not Found", "detail": "The resource could not be found.\n\n No resource provider with uuid 1fed6300-3a02-4e97-82d5-0b59c955b1ac found for delete ", "request_id": "req-d34c85ef-3228-4ea0-8d51-5cf9f9606534"}]}
2026-07-10 01:02:46.064 9 INFO neutron.services.segments.plugin [-] Segment 1fed6300-3a02-4e97-82d5-0b59c955b1ac resource provider not found; error: Placement Client Error (4xx): {"errors": [{"status": 404, "title": "Not Found", "detail": "The resource could not be found.\n\n No resource provider with uuid 1fed6300-3a02-4e97-82d5-0b59c955b1ac found for delete ", "request_id": "req-228cf5e0-ce27-4db7-9ca9-7b06f3937ff9"}]}
2026-07-10 01:02:46.096 9 INFO neutron.wsgi [None req-28278d31-7333-414c-b762-3a28b0fa05ca e9e039b481684261bc339fb2301c0c62 9109dd84e7ea433c803d32dcac70ca25 - - default default] 10.0.0.104 "DELETE /v2.0/networks/823c5f8f-8a5a-4ebc-9773-982a25391546 HTTP/1.1" status: 204 len: 168 time: 0.4109826
2026-07-10 01:02:46.209 10 INFO neutron.wsgi [req-64f4a509-ebe3-4172-99f7-6f4d9cc488c4 req-c2a30bfa-09ac-4a8e-88a8-1868d85936aa 56c6772adfff4b8393a13f2b9af9b2bf d680de4b18024d4eb548d810135332d0 - - default default] 10.0.0.214 "GET /v2.0/ports?device_id=d47f9824-523b-4a0e-9d1b-9087c549d29c HTTP/1.1" status: 200 len: 1417 time: 0.0450904
2026-07-10 01:02:46.263 10 INFO neutron.wsgi [req-64f4a509-ebe3-4172-99f7-6f4d9cc488c4 req-fdb4c6e7-54b3-4290-8f09-12afb8bbeb6b 56c6772adfff4b8393a13f2b9af9b2bf d680de4b18024d4eb548d810135332d0 - - default default] 10.0.0.214 "GET /v2.0/security-groups?id=60a98f68-d793-4604-8b1b-38401f009a9e&fields=id&fields=name HTTP/1.1" status: 200 len: 294 time: 0.0485842
2026-07-10 01:02:46.371 9 INFO neutron.wsgi [req-c4f44dec-6a59-4851-ab6a-7461a5233adc req-36a0a0d9-cc13-4023-af01-4aa6abfef156 56c6772adfff4b8393a13f2b9af9b2bf d680de4b18024d4eb548d810135332d0 - - default default] 10.0.0.214 "GET /v2.0/ports?device_id=d47f9824-523b-4a0e-9d1b-9087c549d29c HTTP/1.1" status: 200 len: 1417 time: 0.0384722
2026-07-10 01:02:46.509 10 INFO neutron.wsgi [None req-a58bb2a5-3df2-4b23-947d-d77b20bde897 e9e039b481684261bc339fb2301c0c62 9109dd84e7ea433c803d32dcac70ca25 - - default default] 10.0.0.104 "DELETE /v2.0/networks/9499a552-9a4e-4f4c-a792-e9531cdbcc32 HTTP/1.1" status: 204 len: 168 time: 0.4077392
2026-07-10 01:02:46.946 9 INFO neutron.wsgi [None req-d5fda431-0171-43fe-a345-26be99ff05af e9e039b481684261bc339fb2301c0c62 9109dd84e7ea433c803d32dcac70ca25 - - default default] 10.0.0.104 "DELETE /v2.0/networks/cc882c01-b080-4dc1-9115-dcec0db2da9c HTTP/1.1" status: 204 len: 168 time: 0.4293046
2026-07-10 01:02:47.367 10 INFO neutron.wsgi [None req-aa3ea216-def8-4591-bba9-af6cb3e3d626 e9e039b481684261bc339fb2301c0c62 9109dd84e7ea433c803d32dcac70ca25 - - default default] 10.0.0.104 "DELETE /v2.0/networks/5980f000-2c50-4ddb-ba4b-2dc141e7f6d5 HTTP/1.1" status: 204 len: 168 time: 0.4150233
2026-07-10 01:02:47.676 10 INFO neutron.services.segments.plugin [-] Segment 1a5a793f-5df1-4003-bb33-362e54deca88 resource provider aggregate not found
2026-07-10 01:02:47.684 10 INFO neutron.services.segments.plugin [-] Segment 1a5a793f-5df1-4003-bb33-362e54deca88 resource provider aggregate not found
2026-07-10 01:02:47.701 10 INFO neutron.services.segments.plugin [-] Segment 1a5a793f-5df1-4003-bb33-362e54deca88 resource provider not found; error: Placement Client Error (4xx): {"errors": [{"status": 404, "title": "Not Found", "detail": "The resource could not be found.\n\n No resource provider with uuid 1a5a793f-5df1-4003-bb33-362e54deca88 found for delete ", "request_id": "req-758cb954-fb29-4720-8088-498447830cef"}]}
2026-07-10 01:02:47.706 10 INFO neutron.services.segments.plugin [-] Segment 1a5a793f-5df1-4003-bb33-362e54deca88 resource provider not found; error: Placement Client Error (4xx): {"errors": [{"status": 404, "title": "Not Found", "detail": "The resource could not be found.\n\n No resource provider with uuid 1a5a793f-5df1-4003-bb33-362e54deca88 found for delete ", "request_id": "req-5d665115-ea17-4015-85e6-f71b026e5303"}]}
2026-07-10 01:02:47.727 10 INFO neutron.services.segments.plugin [-] Segment e4ed6f4d-9eca-4f95-8507-c77298a0c7d2 resource provider aggregate not found
2026-07-10 01:02:47.738 10 INFO neutron.services.segments.plugin [-] Segment e4ed6f4d-9eca-4f95-8507-c77298a0c7d2 resource provider aggregate not found
2026-07-10 01:02:47.755 10 INFO neutron.services.segments.plugin [-] Segment e4ed6f4d-9eca-4f95-8507-c77298a0c7d2 resource provider not found; error: Placement Client Error (4xx): {"errors": [{"status": 404, "title": "Not Found", "detail": "The resource could not be found.\n\n No resource provider with uuid e4ed6f4d-9eca-4f95-8507-c77298a0c7d2 found for delete ", "request_id": "req-79e345a3-c3bc-45d6-9deb-7e5c30a394a5"}]}
2026-07-10 01:02:47.760 10 INFO neutron.services.segments.plugin [-] Segment e4ed6f4d-9eca-4f95-8507-c77298a0c7d2 resource provider not found; error: Placement Client Error (4xx): {"errors": [{"status": 404, "title": "Not Found", "detail": "The resource could not be found.\n\n No resource provider with uuid e4ed6f4d-9eca-4f95-8507-c77298a0c7d2 found for delete ", "request_id": "req-0307b568-d9e1-480b-8367-e3355fbdc69c"}]}
