2026-07-10 01:00:14.471 10 INFO neutron.services.segments.plugin [-] Segment 6b506d39-e85c-42e1-b736-7cca5004f48a resource provider not found; error: Placement Client Error (4xx): {"errors": [{"status": 404, "title": "Not Found", "detail": "The resource could not be found.\n\n No resource provider with uuid 6b506d39-e85c-42e1-b736-7cca5004f48a found for delete ", "request_id": "req-5f406528-eb4e-444c-b47e-38c34dc966d5"}]}
2026-07-10 01:00:14.476 10 INFO neutron.services.segments.plugin [-] Segment 6b506d39-e85c-42e1-b736-7cca5004f48a resource provider not found; error: Placement Client Error (4xx): {"errors": [{"status": 404, "title": "Not Found", "detail": "The resource could not be found.\n\n No resource provider with uuid 6b506d39-e85c-42e1-b736-7cca5004f48a found for delete ", "request_id": "req-b8e524ea-04e5-4185-98ca-c5ce7b55bb30"}]}
2026-07-10 01:00:14.492 10 INFO neutron.services.segments.plugin [-] Segment 395971da-7bb5-471e-888a-d1723171fd54 resource provider aggregate not found
2026-07-10 01:00:14.498 10 INFO neutron.services.segments.plugin [-] Segment 395971da-7bb5-471e-888a-d1723171fd54 resource provider aggregate not found
2026-07-10 01:00:14.523 10 INFO neutron.services.segments.plugin [-] Segment 395971da-7bb5-471e-888a-d1723171fd54 resource provider not found; error: Placement Client Error (4xx): {"errors": [{"status": 404, "title": "Not Found", "detail": "The resource could not be found.\n\n No resource provider with uuid 395971da-7bb5-471e-888a-d1723171fd54 found for delete ", "request_id": "req-b209a0c7-9ffa-44a4-a4a9-317b74a1774a"}]}
2026-07-10 01:00:14.524 10 INFO neutron.services.segments.plugin [-] Segment 395971da-7bb5-471e-888a-d1723171fd54 resource provider not found; error: Placement Client Error (4xx): {"errors": [{"status": 404, "title": "Not Found", "detail": "The resource could not be found.\n\n No resource provider with uuid 395971da-7bb5-471e-888a-d1723171fd54 found for delete ", "request_id": "req-e2b1805b-03ef-45ff-ab22-f7e62c98d8fc"}]}
2026-07-10 01:00:15.004 9 INFO neutron.db.ovn_revision_numbers_db [None req-99b4220e-ca09-4c03-8d7e-38fbb922ba20 - - - - - -] Successfully bumped revision number for resource 190f6108-4f69-44b7-89b0-019e0c06f032 (type: ports) to 4
2026-07-10 01:00:15.073 9 INFO neutron.db.ovn_revision_numbers_db [None req-b668491d-6601-41bb-9a82-8c4c6f41dd38 56c6772adfff4b8393a13f2b9af9b2bf d680de4b18024d4eb548d810135332d0 - - default default] Successfully bumped revision number for resource d524b8cc-a4d4-40ec-ada3-73e576646848 (type: security_groups) to 1
2026-07-10 01:00:15.122 9 INFO neutron.db.ovn_revision_numbers_db [None req-b668491d-6601-41bb-9a82-8c4c6f41dd38 56c6772adfff4b8393a13f2b9af9b2bf d680de4b18024d4eb548d810135332d0 - - default default] Successfully bumped revision number for resource 0abc170b-080f-475e-b796-9028e80c8f2f (type: security_group_rules) to 0
2026-07-10 01:00:15.131 10 WARNING neutron.scheduler.dhcp_agent_scheduler [None req-a169b6b2-3e84-44d6-a155-86bffda6b282 09a829232862450eac6532e681ef4b4f a7aed594e0f14d49ae5a33e9f19f2871 - - default default] No more DHCP agents
2026-07-10 01:00:15.133 10 WARNING neutron.api.rpc.agentnotifiers.dhcp_rpc_agent_api [None req-a169b6b2-3e84-44d6-a155-86bffda6b282 09a829232862450eac6532e681ef4b4f a7aed594e0f14d49ae5a33e9f19f2871 - - default default] Unable to schedule network 1d2d0e2f-17e1-461a-a998-3632a2d105c6: no agents available; will retry on subsequent port and subnet creation events.
2026-07-10 01:00:15.176 9 INFO neutron.db.ovn_revision_numbers_db [None req-b668491d-6601-41bb-9a82-8c4c6f41dd38 56c6772adfff4b8393a13f2b9af9b2bf d680de4b18024d4eb548d810135332d0 - - default default] Successfully bumped revision number for resource 1bffbeb1-09d6-4635-84df-0b00528aa37d (type: security_group_rules) to 0
2026-07-10 01:00:15.216 9 INFO neutron.db.ovn_revision_numbers_db [None req-b668491d-6601-41bb-9a82-8c4c6f41dd38 56c6772adfff4b8393a13f2b9af9b2bf d680de4b18024d4eb548d810135332d0 - - default default] Successfully bumped revision number for resource 94d9f1fb-0850-4c0e-82eb-5ae799b30348 (type: security_group_rules) to 0
2026-07-10 01:00:15.272 9 INFO neutron.db.ovn_revision_numbers_db [None req-b668491d-6601-41bb-9a82-8c4c6f41dd38 56c6772adfff4b8393a13f2b9af9b2bf d680de4b18024d4eb548d810135332d0 - - default default] Successfully bumped revision number for resource a95b93bc-de83-4de1-aaff-0cbb824ac207 (type: security_group_rules) to 0
2026-07-10 01:00:15.296 10 INFO neutron.db.ovn_revision_numbers_db [None req-a169b6b2-3e84-44d6-a155-86bffda6b282 09a829232862450eac6532e681ef4b4f a7aed594e0f14d49ae5a33e9f19f2871 - - default default] Successfully bumped revision number for resource 99d6b68a-9d9e-4a7d-9d66-b29d145d6e67 (type: ports) to 1
2026-07-10 01:00:15.322 9 INFO neutron.wsgi [None req-b668491d-6601-41bb-9a82-8c4c6f41dd38 56c6772adfff4b8393a13f2b9af9b2bf d680de4b18024d4eb548d810135332d0 - - default default] 10.0.0.104 "GET /v2.0/security-groups?tenant_id=eb6b5d3dc1d945ada510d33823555afa&name=default HTTP/1.1" status: 200 len: 2996 time: 0.7825584
2026-07-10 01:00:15.370 9 INFO neutron.db.ovn_revision_numbers_db [None req-78338a7b-e363-4d4b-8a67-d5ecec43f555 56c6772adfff4b8393a13f2b9af9b2bf d680de4b18024d4eb548d810135332d0 - - default default] Successfully bumped revision number for resource 83dc4181-c79e-490d-b54d-01c6851c2732 (type: security_groups) to 1
2026-07-10 01:00:15.408 9 INFO neutron.db.ovn_revision_numbers_db [None req-78338a7b-e363-4d4b-8a67-d5ecec43f555 56c6772adfff4b8393a13f2b9af9b2bf d680de4b18024d4eb548d810135332d0 - - default default] Successfully bumped revision number for resource 1010c582-b1e6-4bd1-a2a0-cde049fe090a (type: security_group_rules) to 0
2026-07-10 01:00:15.425 9 INFO neutron.db.ovn_revision_numbers_db [None req-99b4220e-ca09-4c03-8d7e-38fbb922ba20 - - - - - -] Successfully bumped revision number for resource 190f6108-4f69-44b7-89b0-019e0c06f032 (type: router_ports) to 4
2026-07-10 01:00:15.444 9 INFO neutron.db.ovn_revision_numbers_db [None req-78338a7b-e363-4d4b-8a67-d5ecec43f555 56c6772adfff4b8393a13f2b9af9b2bf d680de4b18024d4eb548d810135332d0 - - default default] Successfully bumped revision number for resource 2e6496b3-0190-48eb-a1d8-3236dea3e80b (type: security_group_rules) to 0
2026-07-10 01:00:15.493 9 INFO neutron.db.ovn_revision_numbers_db [None req-78338a7b-e363-4d4b-8a67-d5ecec43f555 56c6772adfff4b8393a13f2b9af9b2bf d680de4b18024d4eb548d810135332d0 - - default default] Successfully bumped revision number for resource bafab754-2b4b-44b9-8ad6-5b4afbef24d7 (type: security_group_rules) to 0
2026-07-10 01:00:15.511 9 INFO neutron.plugins.ml2.drivers.ovn.mech_driver.mech_driver [None req-68f0aecd-e420-4465-bc9d-e7dcac7cdc43 - - - - - -] OVN reports status up for port: 5b55f994-2bfb-44da-8dca-d519d9511d54
2026-07-10 01:00:15.530 9 INFO neutron.plugins.ml2.drivers.ovn.mech_driver.ovsdb.ovsdb_monitor [None req-99b4220e-ca09-4c03-8d7e-38fbb922ba20 - - - - - -] Router b49d32d5-7d41-4287-bf02-ad0d215df42d is bound to host instance
2026-07-10 01:00:15.532 9 INFO neutron.db.ovn_revision_numbers_db [None req-78338a7b-e363-4d4b-8a67-d5ecec43f555 56c6772adfff4b8393a13f2b9af9b2bf d680de4b18024d4eb548d810135332d0 - - default default] Successfully bumped revision number for resource eae486b5-fe79-4aaa-82bc-5d7512656767 (type: security_group_rules) to 0
2026-07-10 01:00:15.584 9 INFO neutron.wsgi [None req-78338a7b-e363-4d4b-8a67-d5ecec43f555 56c6772adfff4b8393a13f2b9af9b2bf d680de4b18024d4eb548d810135332d0 - - default default] 10.0.0.104 "GET /v2.0/security-groups?tenant_id=429a2bb11774425590fcdf0a3ec18459&name=default HTTP/1.1" status: 200 len: 2996 time: 0.6881638
2026-07-10 01:00:15.592 9 INFO neutron.plugins.ml2.plugin [None req-68f0aecd-e420-4465-bc9d-e7dcac7cdc43 - - - - - -] Attempt 1 to provision port 5b55f994-2bfb-44da-8dca-d519d9511d54
2026-07-10 01:00:15.621 9 INFO neutron.db.ovn_revision_numbers_db [None req-3402da2f-18cb-4d11-b3c2-f8b1eea3b41c 56c6772adfff4b8393a13f2b9af9b2bf d680de4b18024d4eb548d810135332d0 - - default default] Successfully bumped revision number for resource 5b55f994-2bfb-44da-8dca-d519d9511d54 (type: router_ports) to 1
2026-07-10 01:00:15.752 9 INFO neutron.db.ovn_revision_numbers_db [None req-3402da2f-18cb-4d11-b3c2-f8b1eea3b41c 56c6772adfff4b8393a13f2b9af9b2bf d680de4b18024d4eb548d810135332d0 - - default default] Successfully bumped revision number for resource b49d32d5-7d41-4287-bf02-ad0d215df42d (type: routers) to 2
2026-07-10 01:00:15.776 9 INFO neutron.wsgi [None req-3402da2f-18cb-4d11-b3c2-f8b1eea3b41c 56c6772adfff4b8393a13f2b9af9b2bf d680de4b18024d4eb548d810135332d0 - - default default] 10.0.0.104 "POST /v2.0/routers HTTP/1.1" status: 201 len: 876 time: 2.3113205
2026-07-10 01:00:15.803 9 INFO neutron.wsgi [None req-775109c3-c219-4c70-87e2-25d08dba8c64 56c6772adfff4b8393a13f2b9af9b2bf d680de4b18024d4eb548d810135332d0 - - default default] 10.0.0.104 "DELETE /v2.0/security-groups/d524b8cc-a4d4-40ec-ada3-73e576646848 HTTP/1.1" status: 204 len: 168 time: 0.4733660
2026-07-10 01:00:15.948 10 INFO neutron.plugins.ml2.drivers.ovn.mech_driver.mech_driver [None req-8188d7f9-7e32-405c-a9c0-d725ce4f79ec - - - - - -] OVN reports status up for port: 99d6b68a-9d9e-4a7d-9d66-b29d145d6e67
2026-07-10 01:00:15.988 10 INFO neutron.plugins.ml2.plugin [None req-8188d7f9-7e32-405c-a9c0-d725ce4f79ec - - - - - -] Attempt 1 to provision port 99d6b68a-9d9e-4a7d-9d66-b29d145d6e67
2026-07-10 01:00:16.015 10 INFO neutron.db.ovn_revision_numbers_db [None req-a169b6b2-3e84-44d6-a155-86bffda6b282 09a829232862450eac6532e681ef4b4f a7aed594e0f14d49ae5a33e9f19f2871 - - default default] Successfully bumped revision number for resource 99d6b68a-9d9e-4a7d-9d66-b29d145d6e67 (type: router_ports) to 1
2026-07-10 01:00:16.073 10 INFO neutron.wsgi [None req-aaf0c151-2437-477c-af1a-b0459c8ae811 56c6772adfff4b8393a13f2b9af9b2bf d680de4b18024d4eb548d810135332d0 - - default default] 10.0.0.104 "DELETE /v2.0/security-groups/83dc4181-c79e-490d-b54d-01c6851c2732 HTTP/1.1" status: 204 len: 168 time: 0.4844475
2026-07-10 01:00:16.305 9 INFO neutron.db.ovn_revision_numbers_db [None req-99b4220e-ca09-4c03-8d7e-38fbb922ba20 - - - - - -] Successfully bumped revision number for resource 5b55f994-2bfb-44da-8dca-d519d9511d54 (type: ports) to 1
2026-07-10 01:00:16.327 9 INFO neutron.wsgi [None req-51eee04f-be5e-4e71-ae5b-d62874b6ae5f 56c6772adfff4b8393a13f2b9af9b2bf d680de4b18024d4eb548d810135332d0 - - default default] 10.0.0.104 "GET /v2.0/security-groups?tenant_id=eb63e644408d4cbbabd92a200a484432&name=default HTTP/1.1" status: 200 len: 2996 time: 0.0364609
2026-07-10 01:00:16.499 10 INFO neutron.db.ovn_revision_numbers_db [None req-a169b6b2-3e84-44d6-a155-86bffda6b282 09a829232862450eac6532e681ef4b4f a7aed594e0f14d49ae5a33e9f19f2871 - - default default] Successfully bumped revision number for resource 99d6b68a-9d9e-4a7d-9d66-b29d145d6e67 (type: ports) to 1
2026-07-10 01:00:16.591 9 INFO neutron.db.ovn_revision_numbers_db [None req-99b4220e-ca09-4c03-8d7e-38fbb922ba20 - - - - - -] Successfully bumped revision number for resource 5b55f994-2bfb-44da-8dca-d519d9511d54 (type: router_ports) to 3
2026-07-10 01:00:16.610 9 INFO neutron.wsgi [None req-032492c6-22d9-4fa9-91f2-c5dadac58a79 56c6772adfff4b8393a13f2b9af9b2bf d680de4b18024d4eb548d810135332d0 - - default default] 10.0.0.104 "DELETE /v2.0/security-groups/b9a404eb-7b04-419e-96db-bcd20e2bda8c HTTP/1.1" status: 204 len: 168 time: 0.2762084
2026-07-10 01:00:16.647 10 WARNING neutron.scheduler.dhcp_agent_scheduler [None req-a169b6b2-3e84-44d6-a155-86bffda6b282 09a829232862450eac6532e681ef4b4f a7aed594e0f14d49ae5a33e9f19f2871 - - default default] No more DHCP agents
2026-07-10 01:00:16.652 10 WARNING neutron.api.rpc.agentnotifiers.dhcp_rpc_agent_api [None req-a169b6b2-3e84-44d6-a155-86bffda6b282 09a829232862450eac6532e681ef4b4f a7aed594e0f14d49ae5a33e9f19f2871 - - default default] Unable to schedule network 1d2d0e2f-17e1-461a-a998-3632a2d105c6: no agents available; will retry on subsequent port and subnet creation events.
2026-07-10 01:00:16.688 10 INFO neutron.db.ovn_revision_numbers_db [None req-8188d7f9-7e32-405c-a9c0-d725ce4f79ec - - - - - -] Successfully bumped revision number for resource 99d6b68a-9d9e-4a7d-9d66-b29d145d6e67 (type: ports) to 2
2026-07-10 01:00:16.783 9 INFO neutron.db.ovn_revision_numbers_db [None req-99b4220e-ca09-4c03-8d7e-38fbb922ba20 - - - - - -] Successfully bumped revision number for resource 5b55f994-2bfb-44da-8dca-d519d9511d54 (type: ports) to 2
2026-07-10 01:00:16.822 10 WARNING neutron.scheduler.dhcp_agent_scheduler [None req-577568b9-ceb1-4351-b766-97422f767a9a 56c6772adfff4b8393a13f2b9af9b2bf d680de4b18024d4eb548d810135332d0 - - default default] No more DHCP agents
2026-07-10 01:00:16.827 10 WARNING neutron.api.rpc.agentnotifiers.dhcp_rpc_agent_api [None req-577568b9-ceb1-4351-b766-97422f767a9a 56c6772adfff4b8393a13f2b9af9b2bf d680de4b18024d4eb548d810135332d0 - - default default] Unable to schedule network 8ec215f9-d2b7-4fcd-945e-663c5564a271: no agents available; will retry on subsequent port and subnet creation events.
2026-07-10 01:00:16.876 9 INFO neutron.db.ovn_revision_numbers_db [None req-75bc3f80-0182-4290-b4e5-ab5677320b82 56c6772adfff4b8393a13f2b9af9b2bf d680de4b18024d4eb548d810135332d0 - - default default] Successfully bumped revision number for resource 48869ff0-4277-44e0-8119-40b23886e0f5 (type: security_groups) to 1
2026-07-10 01:00:16.904 9 INFO neutron.db.ovn_revision_numbers_db [None req-75bc3f80-0182-4290-b4e5-ab5677320b82 56c6772adfff4b8393a13f2b9af9b2bf d680de4b18024d4eb548d810135332d0 - - default default] Successfully bumped revision number for resource 83425703-8156-424e-8934-7ec9742b03ec (type: security_group_rules) to 0
2026-07-10 01:00:16.923 9 INFO neutron.db.ovn_revision_numbers_db [None req-75bc3f80-0182-4290-b4e5-ab5677320b82 56c6772adfff4b8393a13f2b9af9b2bf d680de4b18024d4eb548d810135332d0 - - default default] Successfully bumped revision number for resource 96b16cdd-bb58-4bff-9b7f-264a5aca9a99 (type: security_group_rules) to 0
2026-07-10 01:00:16.935 9 INFO neutron.db.ovn_revision_numbers_db [None req-75bc3f80-0182-4290-b4e5-ab5677320b82 56c6772adfff4b8393a13f2b9af9b2bf d680de4b18024d4eb548d810135332d0 - - default default] Successfully bumped revision number for resource eac85e64-d695-4355-a6a4-ed03dd37b314 (type: security_group_rules) to 0
2026-07-10 01:00:16.952 9 INFO neutron.db.ovn_revision_numbers_db [None req-75bc3f80-0182-4290-b4e5-ab5677320b82 56c6772adfff4b8393a13f2b9af9b2bf d680de4b18024d4eb548d810135332d0 - - default default] Successfully bumped revision number for resource ed481940-a3b7-4f17-9f00-549108471378 (type: security_group_rules) to 0
2026-07-10 01:00:16.979 10 INFO neutron.db.ovn_revision_numbers_db [None req-8188d7f9-7e32-405c-a9c0-d725ce4f79ec - - - - - -] Successfully bumped revision number for resource 99d6b68a-9d9e-4a7d-9d66-b29d145d6e67 (type: router_ports) to 2
2026-07-10 01:00:16.980 9 INFO neutron.wsgi [None req-75bc3f80-0182-4290-b4e5-ab5677320b82 56c6772adfff4b8393a13f2b9af9b2bf d680de4b18024d4eb548d810135332d0 - - default default] 10.0.0.104 "GET /v2.0/security-groups?tenant_id=fa24fa620818408db5b859654a9117ce&name=default HTTP/1.1" status: 200 len: 2996 time: 0.2212558
2026-07-10 01:00:17.082 9 INFO neutron.db.ovn_revision_numbers_db [None req-99b4220e-ca09-4c03-8d7e-38fbb922ba20 - - - - - -] Successfully bumped revision number for resource 5b55f994-2bfb-44da-8dca-d519d9511d54 (type: ports) to 4
2026-07-10 01:00:17.166 10 INFO neutron.db.ovn_revision_numbers_db [None req-577568b9-ceb1-4351-b766-97422f767a9a 56c6772adfff4b8393a13f2b9af9b2bf d680de4b18024d4eb548d810135332d0 - - default default] Successfully bumped revision number for resource 8308deb2-54c9-4859-bdd6-164ad2a07e58 (type: ports) to 1
2026-07-10 01:00:17.276 10 INFO neutron.db.ovn_revision_numbers_db [None req-a169b6b2-3e84-44d6-a155-86bffda6b282 09a829232862450eac6532e681ef4b4f a7aed594e0f14d49ae5a33e9f19f2871 - - default default] Successfully bumped revision number for resource 99d6b68a-9d9e-4a7d-9d66-b29d145d6e67 (type: router_ports) to 2
2026-07-10 01:00:17.279 10 INFO neutron.wsgi [None req-a169b6b2-3e84-44d6-a155-86bffda6b282 09a829232862450eac6532e681ef4b4f a7aed594e0f14d49ae5a33e9f19f2871 - - default default] 10.0.0.104 "PUT /v2.0/routers/85f8f947-fd15-4f76-adbd-424c4a9678b5/add_router_interface HTTP/1.1" status: 200 len: 503 time: 2.9784901
2026-07-10 01:00:17.319 9 INFO neutron.wsgi [None req-d0ebeb1e-1bea-4642-8a37-b5a7cec669c4 56c6772adfff4b8393a13f2b9af9b2bf d680de4b18024d4eb548d810135332d0 - - default default] 10.0.0.104 "DELETE /v2.0/security-groups/48869ff0-4277-44e0-8119-40b23886e0f5 HTTP/1.1" status: 204 len: 168 time: 0.3338737
2026-07-10 01:00:17.359 9 INFO neutron.wsgi [None req-70b94ac8-a0c2-4581-8bbe-ce3a42b911f8 35929734a7364eec8b9c085bc6090027 2434653e49cc46d6861a7a90219deadb - - default default] 10.0.0.104 "GET /v2.0/networks HTTP/1.1" status: 200 len: 3871 time: 0.0758128
2026-07-10 01:00:17.377 9 INFO neutron.db.ovn_revision_numbers_db [None req-99b4220e-ca09-4c03-8d7e-38fbb922ba20 - - - - - -] Successfully bumped revision number for resource 5b55f994-2bfb-44da-8dca-d519d9511d54 (type: router_ports) to 4
2026-07-10 01:00:17.407 10 INFO neutron.wsgi [None req-7ca55193-5d71-40e8-98bd-cda42bc4aa32 35929734a7364eec8b9c085bc6090027 2434653e49cc46d6861a7a90219deadb - - default default] 10.0.0.104 "GET /v2.0/subnets HTTP/1.1" status: 200 len: 2753 time: 0.0426073
2026-07-10 01:00:17.511 10 INFO neutron.wsgi [None req-a2c7329c-c02a-4431-b134-b9899d3f68fe 35929734a7364eec8b9c085bc6090027 2434653e49cc46d6861a7a90219deadb - - default default] 10.0.0.104 "GET /v2.0/routers HTTP/1.1" status: 200 len: 1552 time: 0.0991035
2026-07-10 01:00:17.719 10 INFO neutron.db.ovn_revision_numbers_db [None req-577568b9-ceb1-4351-b766-97422f767a9a 56c6772adfff4b8393a13f2b9af9b2bf d680de4b18024d4eb548d810135332d0 - - default default] Successfully bumped revision number for resource 8308deb2-54c9-4859-bdd6-164ad2a07e58 (type: router_ports) to 1
2026-07-10 01:00:17.751 9 INFO neutron.db.ovn_revision_numbers_db [None req-6a8b525e-661c-4fcb-9375-fd21a0dfc3c4 09a829232862450eac6532e681ef4b4f a7aed594e0f14d49ae5a33e9f19f2871 - - default default] Successfully bumped revision number for resource 50ddad4a-5f96-4f8a-84ff-bb1c345cc7b5 (type: security_groups) to 1
2026-07-10 01:00:17.771 9 INFO neutron.db.ovn_revision_numbers_db [None req-6a8b525e-661c-4fcb-9375-fd21a0dfc3c4 09a829232862450eac6532e681ef4b4f a7aed594e0f14d49ae5a33e9f19f2871 - - default default] Successfully bumped revision number for resource 52aaa9ca-5430-4215-b2c6-542ed61998c9 (type: security_group_rules) to 0
2026-07-10 01:00:17.785 9 INFO neutron.db.ovn_revision_numbers_db [None req-6a8b525e-661c-4fcb-9375-fd21a0dfc3c4 09a829232862450eac6532e681ef4b4f a7aed594e0f14d49ae5a33e9f19f2871 - - default default] Successfully bumped revision number for resource 95983e9e-4141-470a-8681-3c7545a506f2 (type: security_group_rules) to 0
2026-07-10 01:00:17.810 9 INFO neutron.wsgi [None req-6a8b525e-661c-4fcb-9375-fd21a0dfc3c4 09a829232862450eac6532e681ef4b4f a7aed594e0f14d49ae5a33e9f19f2871 - - default default] 10.0.0.104 "POST /v2.0/security-groups HTTP/1.1" status: 201 len: 1809 time: 0.2092690
2026-07-10 01:00:17.879 10 INFO neutron.db.ovn_revision_numbers_db [None req-577568b9-ceb1-4351-b766-97422f767a9a 56c6772adfff4b8393a13f2b9af9b2bf d680de4b18024d4eb548d810135332d0 - - default default] Successfully bumped revision number for resource 8308deb2-54c9-4859-bdd6-164ad2a07e58 (type: ports) to 1
2026-07-10 01:00:17.966 9 INFO neutron.db.ovn_revision_numbers_db [None req-e77aaf4c-b4b9-49b0-b161-769918dc63ac 09a829232862450eac6532e681ef4b4f a7aed594e0f14d49ae5a33e9f19f2871 - - default default] Successfully bumped revision number for resource f68012b0-7b82-4480-906d-95d4027509ce (type: security_group_rules) to 0
2026-07-10 01:00:17.971 10 WARNING neutron.scheduler.dhcp_agent_scheduler [None req-577568b9-ceb1-4351-b766-97422f767a9a 56c6772adfff4b8393a13f2b9af9b2bf d680de4b18024d4eb548d810135332d0 - - default default] No more DHCP agents
2026-07-10 01:00:17.972 10 WARNING neutron.api.rpc.agentnotifiers.dhcp_rpc_agent_api [None req-577568b9-ceb1-4351-b766-97422f767a9a 56c6772adfff4b8393a13f2b9af9b2bf d680de4b18024d4eb548d810135332d0 - - default default] Unable to schedule network 8ec215f9-d2b7-4fcd-945e-663c5564a271: no agents available; will retry on subsequent port and subnet creation events.
2026-07-10 01:00:17.998 9 INFO neutron.wsgi [None req-e77aaf4c-b4b9-49b0-b161-769918dc63ac 09a829232862450eac6532e681ef4b4f a7aed594e0f14d49ae5a33e9f19f2871 - - default default] 10.0.0.104 "POST /v2.0/security-group-rules HTTP/1.1" status: 201 len: 764 time: 0.1834157
2026-07-10 01:00:18.111 9 INFO neutron.db.ovn_revision_numbers_db [None req-19a64983-ebd0-47c3-aa0a-915231db5d50 09a829232862450eac6532e681ef4b4f a7aed594e0f14d49ae5a33e9f19f2871 - - default default] Successfully bumped revision number for resource 23badef6-84a2-4b2f-aa66-6552b5d22fa2 (type: security_group_rules) to 0
2026-07-10 01:00:18.147 9 INFO neutron.wsgi [None req-19a64983-ebd0-47c3-aa0a-915231db5d50 09a829232862450eac6532e681ef4b4f a7aed594e0f14d49ae5a33e9f19f2871 - - default default] 10.0.0.104 "POST /v2.0/security-group-rules HTTP/1.1" status: 201 len: 763 time: 0.1456010
2026-07-10 01:00:18.291 9 INFO neutron.db.ovn_revision_numbers_db [None req-c2b9c62a-162c-4086-bce9-357f1b8c1918 09a829232862450eac6532e681ef4b4f a7aed594e0f14d49ae5a33e9f19f2871 - - default default] Successfully bumped revision number for resource ba93a093-d404-45a8-8d01-db14d5b166c1 (type: security_group_rules) to 0
2026-07-10 01:00:18.322 9 INFO neutron.wsgi [None req-c2b9c62a-162c-4086-bce9-357f1b8c1918 09a829232862450eac6532e681ef4b4f a7aed594e0f14d49ae5a33e9f19f2871 - - default default] 10.0.0.104 "POST /v2.0/security-group-rules HTTP/1.1" status: 201 len: 769 time: 0.1634953
2026-07-10 01:00:18.411 9 INFO neutron.wsgi [-] 10.0.0.251 "GET / HTTP/1.1" status: 200 len: 246 time: 0.0015564
2026-07-10 01:00:18.413 9 INFO neutron.wsgi [-] 10.0.0.251 "GET / HTTP/1.1" status: 200 len: 246 time: 0.0011010
2026-07-10 01:00:18.530 10 INFO neutron.db.ovn_revision_numbers_db [None req-6d70f18e-7f32-4880-879a-0719d4747cdb 09a829232862450eac6532e681ef4b4f a7aed594e0f14d49ae5a33e9f19f2871 - - default default] Successfully bumped revision number for resource 610d648e-c76c-490a-8030-730bd63728f5 (type: security_group_rules) to 0
2026-07-10 01:00:18.592 10 INFO neutron.wsgi [None req-6d70f18e-7f32-4880-879a-0719d4747cdb 09a829232862450eac6532e681ef4b4f a7aed594e0f14d49ae5a33e9f19f2871 - - default default] 10.0.0.104 "POST /v2.0/security-group-rules HTTP/1.1" status: 201 len: 768 time: 0.2665122
2026-07-10 01:00:18.620 9 INFO neutron.db.securitygroups_db [None req-8dc667f7-3048-4dbd-bfe9-e835ce0c6b36 09a829232862450eac6532e681ef4b4f a7aed594e0f14d49ae5a33e9f19f2871 - - default default] Project a7aed594e0f14d49ae5a33e9f19f2871 added a security group rule with legacy IPv6 ICMP protocol name icmp, ipv6-icmp should be used instead. It was automatically converted.
2026-07-10 01:00:18.741 9 INFO neutron.db.ovn_revision_numbers_db [None req-8dc667f7-3048-4dbd-bfe9-e835ce0c6b36 09a829232862450eac6532e681ef4b4f a7aed594e0f14d49ae5a33e9f19f2871 - - default default] Successfully bumped revision number for resource f5172e43-15ff-498a-9e22-dd4c2602494c (type: security_group_rules) to 0
2026-07-10 01:00:18.778 9 INFO neutron.wsgi [None req-8dc667f7-3048-4dbd-bfe9-e835ce0c6b36 09a829232862450eac6532e681ef4b4f a7aed594e0f14d49ae5a33e9f19f2871 - - default default] 10.0.0.104 "POST /v2.0/security-group-rules HTTP/1.1" status: 201 len: 774 time: 0.1802094
2026-07-10 01:00:18.802 9 INFO neutron.db.securitygroups_db [None req-c363d92f-f472-4428-b60c-1e07d4d8faf6 09a829232862450eac6532e681ef4b4f a7aed594e0f14d49ae5a33e9f19f2871 - - default default] Project a7aed594e0f14d49ae5a33e9f19f2871 added a security group rule with legacy IPv6 ICMP protocol name icmp, ipv6-icmp should be used instead. It was automatically converted.
2026-07-10 01:00:18.808 10 INFO neutron.db.ovn_revision_numbers_db [None req-577568b9-ceb1-4351-b766-97422f767a9a 56c6772adfff4b8393a13f2b9af9b2bf d680de4b18024d4eb548d810135332d0 - - default default] Successfully bumped revision number for resource 8308deb2-54c9-4859-bdd6-164ad2a07e58 (type: router_ports) to 1
2026-07-10 01:00:18.810 10 INFO neutron.wsgi [None req-577568b9-ceb1-4351-b766-97422f767a9a 56c6772adfff4b8393a13f2b9af9b2bf d680de4b18024d4eb548d810135332d0 - - default default] 10.0.0.104 "PUT /v2.0/routers/b49d32d5-7d41-4287-bf02-ad0d215df42d/add_router_interface HTTP/1.1" status: 200 len: 503 time: 3.0252278
2026-07-10 01:00:18.925 9 INFO neutron.db.ovn_revision_numbers_db [None req-c363d92f-f472-4428-b60c-1e07d4d8faf6 09a829232862450eac6532e681ef4b4f a7aed594e0f14d49ae5a33e9f19f2871 - - default default] Successfully bumped revision number for resource b19babfc-1a2e-4be5-91b7-6c3e34e05055 (type: security_group_rules) to 0
2026-07-10 01:00:19.169 9 INFO neutron.wsgi [None req-f7cce4ad-291d-4788-9786-4564b9962fb4 01f5ba3a629e483a9130a5103473b533 f3609e6326e44763ad096f5b8a97e1ac - - default default] 10.0.0.114 "GET /v2.0/extensions HTTP/1.1" status: 200 len: 16525 time: 0.3482747
2026-07-10 01:00:19.181 9 INFO neutron.wsgi [None req-c363d92f-f472-4428-b60c-1e07d4d8faf6 09a829232862450eac6532e681ef4b4f a7aed594e0f14d49ae5a33e9f19f2871 - - default default] 10.0.0.104 "POST /v2.0/security-group-rules HTTP/1.1" status: 201 len: 773 time: 0.3992894
2026-07-10 01:00:19.258 10 INFO neutron.wsgi [None req-b88b97c6-5234-4d5a-a1a7-48dea747b176 01f5ba3a629e483a9130a5103473b533 f3609e6326e44763ad096f5b8a97e1ac - - default default] 10.0.0.114 "GET /v2.0/quotas/f3609e6326e44763ad096f5b8a97e1ac/details HTTP/1.1" status: 200 len: 756 time: 0.0707824
2026-07-10 01:00:19.483 9 INFO neutron.db.ovn_revision_numbers_db [None req-c10dfa37-4817-488f-9daf-6178471251ce 51a364d1282d42b594affc77fdf2fd3f b0ee53c86ec34eedb10891da467e0f93 - - default default] Successfully bumped revision number for resource 8e080ab2-c2e6-47ec-9fbd-935bdb56b40c (type: security_groups) to 1
2026-07-10 01:00:19.497 9 INFO neutron.db.ovn_revision_numbers_db [None req-c10dfa37-4817-488f-9daf-6178471251ce 51a364d1282d42b594affc77fdf2fd3f b0ee53c86ec34eedb10891da467e0f93 - - default default] Successfully bumped revision number for resource 322bb557-1831-43ff-8a14-435cfe8f099c (type: security_group_rules) to 0
2026-07-10 01:00:19.508 9 INFO neutron.db.ovn_revision_numbers_db [None req-c10dfa37-4817-488f-9daf-6178471251ce 51a364d1282d42b594affc77fdf2fd3f b0ee53c86ec34eedb10891da467e0f93 - - default default] Successfully bumped revision number for resource fa5a1f3e-9838-4008-b06a-98206e877e68 (type: security_group_rules) to 0
2026-07-10 01:00:19.528 9 INFO neutron.wsgi [None req-c10dfa37-4817-488f-9daf-6178471251ce 51a364d1282d42b594affc77fdf2fd3f b0ee53c86ec34eedb10891da467e0f93 - - default default] 10.0.0.104 "POST /v2.0/security-groups HTTP/1.1" status: 201 len: 1796 time: 0.1880827
2026-07-10 01:00:19.682 9 INFO neutron.db.ovn_revision_numbers_db [None req-9318a917-a1f9-4770-9b45-1b57dfec4093 51a364d1282d42b594affc77fdf2fd3f b0ee53c86ec34eedb10891da467e0f93 - - default default] Successfully bumped revision number for resource fab5607c-57e7-4da7-bf11-42da7a2308f9 (type: security_group_rules) to 0
2026-07-10 01:00:19.725 9 INFO neutron.wsgi [None req-9318a917-a1f9-4770-9b45-1b57dfec4093 51a364d1282d42b594affc77fdf2fd3f b0ee53c86ec34eedb10891da467e0f93 - - default default] 10.0.0.104 "POST /v2.0/security-group-rules HTTP/1.1" status: 201 len: 764 time: 0.1920769
2026-07-10 01:00:19.755 9 INFO neutron.wsgi [None req-13c2c179-c596-4a88-9fea-04c72a0c17c0 09a829232862450eac6532e681ef4b4f a7aed594e0f14d49ae5a33e9f19f2871 - - default default] 10.0.0.104 "GET /v2.0/networks HTTP/1.1" status: 200 len: 1493 time: 0.2020257
2026-07-10 01:00:19.868 10 INFO neutron.wsgi [req-3790c385-0f0b-4ae1-98a8-7bf86342c999 req-cd219511-721a-4236-ad22-0fc43ff9936b 09a829232862450eac6532e681ef4b4f a7aed594e0f14d49ae5a33e9f19f2871 - - default default] 10.0.0.214 "GET /v2.0/security-groups?name=tempest-secgroup-smoke-920373669&fields=id&tenant_id=a7aed594e0f14d49ae5a33e9f19f2871 HTTP/1.1" status: 200 len: 267 time: 0.0461085
2026-07-10 01:00:19.898 10 INFO neutron.db.ovn_revision_numbers_db [None req-718de936-e9d9-40c4-bc12-484e77499cf7 51a364d1282d42b594affc77fdf2fd3f b0ee53c86ec34eedb10891da467e0f93 - - default default] Successfully bumped revision number for resource 363db72b-def6-44c6-a704-730bb8908ccb (type: security_group_rules) to 0
2026-07-10 01:00:19.950 10 INFO neutron.wsgi [None req-718de936-e9d9-40c4-bc12-484e77499cf7 51a364d1282d42b594affc77fdf2fd3f b0ee53c86ec34eedb10891da467e0f93 - - default default] 10.0.0.104 "POST /v2.0/security-group-rules HTTP/1.1" status: 201 len: 769 time: 0.2156270
2026-07-10 01:00:19.965 10 INFO neutron.wsgi [req-3790c385-0f0b-4ae1-98a8-7bf86342c999 req-103a0761-ba73-4291-8fb2-bc05fae501a1 09a829232862450eac6532e681ef4b4f a7aed594e0f14d49ae5a33e9f19f2871 - - default default] 10.0.0.214 "GET /v2.0/networks?id=1d2d0e2f-17e1-461a-a998-3632a2d105c6 HTTP/1.1" status: 200 len: 860 time: 0.0876112
2026-07-10 01:00:19.978 10 INFO neutron.wsgi [req-3790c385-0f0b-4ae1-98a8-7bf86342c999 req-699af5ec-d676-4e55-be4c-9ec70bccca37 09a829232862450eac6532e681ef4b4f a7aed594e0f14d49ae5a33e9f19f2871 - - default default] 10.0.0.214 "GET /v2.0/quotas/a7aed594e0f14d49ae5a33e9f19f2871 HTTP/1.1" status: 200 len: 386 time: 0.0081809
2026-07-10 01:00:20.091 10 INFO neutron.wsgi [req-3790c385-0f0b-4ae1-98a8-7bf86342c999 req-f6192d43-b7fa-4867-8d72-33cb8529d760 09a829232862450eac6532e681ef4b4f a7aed594e0f14d49ae5a33e9f19f2871 - - default default] 10.0.0.214 "GET /v2.0/ports?tenant_id=a7aed594e0f14d49ae5a33e9f19f2871&fields=id HTTP/1.1" status: 200 len: 302 time: 0.0941589
2026-07-10 01:00:20.178 10 INFO neutron.wsgi [req-3790c385-0f0b-4ae1-98a8-7bf86342c999 req-71879599-6a00-47b0-81a2-1d678c6369fa 9cbdeaa65bb04cf5af54ce8be9ca4bfd 5234372e431e4155a18942f862c2b3ea - - 591d98c7de1d4b87afdd40c5d6f503da 591d98c7de1d4b87afdd40c5d6f503da] 10.0.0.214 "GET /v2.0/networks/1d2d0e2f-17e1-461a-a998-3632a2d105c6?fields=segments HTTP/1.1" status: 200 len: 212 time: 0.0675025
2026-07-10 01:00:20.241 9 WARNING neutron.scheduler.dhcp_agent_scheduler [None req-c8f99bc7-bc65-4894-863e-aa3546bca869 51a364d1282d42b594affc77fdf2fd3f b0ee53c86ec34eedb10891da467e0f93 - - default default] No more DHCP agents
2026-07-10 01:00:20.243 9 WARNING neutron.api.rpc.agentnotifiers.dhcp_rpc_agent_api [None req-c8f99bc7-bc65-4894-863e-aa3546bca869 51a364d1282d42b594affc77fdf2fd3f b0ee53c86ec34eedb10891da467e0f93 - - default default] Unable to schedule network ce3391ea-076e-468c-b70e-f6679d5578fc: no agents available; will retry on subsequent port and subnet creation events.
2026-07-10 01:00:20.246 10 INFO neutron.wsgi [req-3790c385-0f0b-4ae1-98a8-7bf86342c999 req-aad25bbe-d9a7-4b1a-b7ff-f497018631ca 9cbdeaa65bb04cf5af54ce8be9ca4bfd 5234372e431e4155a18942f862c2b3ea - - 591d98c7de1d4b87afdd40c5d6f503da 591d98c7de1d4b87afdd40c5d6f503da] 10.0.0.214 "GET /v2.0/networks/1d2d0e2f-17e1-461a-a998-3632a2d105c6?fields=provider%3Aphysical_network&fields=provider%3Anetwork_type HTTP/1.1" status: 200 len: 277 time: 0.0619068
2026-07-10 01:00:20.456 9 INFO neutron.wsgi [req-8ef6e7eb-e92e-4993-995a-e4396d843508 req-7b57b1dd-d8c6-4442-9bcd-8c4a57ceb513 09a829232862450eac6532e681ef4b4f a7aed594e0f14d49ae5a33e9f19f2871 - - default default] 10.0.0.214 "GET /v2.0/ports?device_id=c3001f1a-baf1-4c6e-9d2a-34668603cc96 HTTP/1.1" status: 200 len: 210 time: 0.0242434
2026-07-10 01:00:20.605 9 INFO neutron.db.ovn_revision_numbers_db [None req-c8f99bc7-bc65-4894-863e-aa3546bca869 51a364d1282d42b594affc77fdf2fd3f b0ee53c86ec34eedb10891da467e0f93 - - default default] Successfully bumped revision number for resource cab6082a-8c3e-4870-a237-03261bba1d59 (type: floatingips) to 0
2026-07-10 01:00:20.622 9 INFO neutron.wsgi [None req-c8f99bc7-bc65-4894-863e-aa3546bca869 51a364d1282d42b594affc77fdf2fd3f b0ee53c86ec34eedb10891da467e0f93 - - default default] 10.0.0.104 "POST /v2.0/floatingips HTTP/1.1" status: 201 len: 751 time: 0.6642561
2026-07-10 01:00:21.169 10 INFO neutron.wsgi [req-eae4a81c-43d2-4b7e-9cb2-035fb24f0e14 req-2f6375bd-2bbb-4015-8988-7a1b17b317c6 51a364d1282d42b594affc77fdf2fd3f b0ee53c86ec34eedb10891da467e0f93 - - default default] 10.0.0.214 "GET /v2.0/security-groups?name=tempest-securitygroup--654077840&fields=id&tenant_id=b0ee53c86ec34eedb10891da467e0f93 HTTP/1.1" status: 200 len: 267 time: 0.0443487
2026-07-10 01:00:21.189 9 INFO neutron.wsgi [req-3790c385-0f0b-4ae1-98a8-7bf86342c999 req-dc7809e5-3df5-43b3-a9bf-6bdb74bd14c2 09a829232862450eac6532e681ef4b4f a7aed594e0f14d49ae5a33e9f19f2871 - - default default] 199.204.45.129 "GET /v2.0/networks?id=1d2d0e2f-17e1-461a-a998-3632a2d105c6 HTTP/1.1" status: 200 len: 860 time: 0.0697901
2026-07-10 01:00:21.258 10 INFO neutron.wsgi [req-eae4a81c-43d2-4b7e-9cb2-035fb24f0e14 req-b74e1f7d-2585-4347-9962-cb998ab3a72d 51a364d1282d42b594affc77fdf2fd3f b0ee53c86ec34eedb10891da467e0f93 - - default default] 10.0.0.214 "GET /v2.0/networks?id=8ec215f9-d2b7-4fcd-945e-663c5564a271 HTTP/1.1" status: 200 len: 874 time: 0.0812407
2026-07-10 01:00:21.271 9 INFO neutron.wsgi [req-3790c385-0f0b-4ae1-98a8-7bf86342c999 req-743c11bd-a30a-4215-b5c2-86b6df444dde 09a829232862450eac6532e681ef4b4f a7aed594e0f14d49ae5a33e9f19f2871 - - default default] 199.204.45.129 "GET /v2.0/security-groups?fields=id&fields=name&tenant_id=a7aed594e0f14d49ae5a33e9f19f2871 HTTP/1.1" status: 200 len: 379 time: 0.0729477
2026-07-10 01:00:21.298 10 INFO neutron.wsgi [req-eae4a81c-43d2-4b7e-9cb2-035fb24f0e14 req-19155eb2-8cf8-4815-9373-97e8eb8652a9 51a364d1282d42b594affc77fdf2fd3f b0ee53c86ec34eedb10891da467e0f93 - - default default] 10.0.0.214 "GET /v2.0/quotas/b0ee53c86ec34eedb10891da467e0f93 HTTP/1.1" status: 200 len: 386 time: 0.0355589
2026-07-10 01:00:21.395 10 INFO neutron.wsgi [req-eae4a81c-43d2-4b7e-9cb2-035fb24f0e14 req-4767dc10-9334-45b4-b288-a8be3d91e7df 51a364d1282d42b594affc77fdf2fd3f b0ee53c86ec34eedb10891da467e0f93 - - default default] 10.0.0.214 "GET /v2.0/ports?tenant_id=b0ee53c86ec34eedb10891da467e0f93&fields=id HTTP/1.1" status: 200 len: 302 time: 0.0878286
2026-07-10 01:00:21.473 10 INFO neutron.wsgi [req-eae4a81c-43d2-4b7e-9cb2-035fb24f0e14 req-6b8823c0-ffd1-4488-b736-fe46f312abe8 9cbdeaa65bb04cf5af54ce8be9ca4bfd 5234372e431e4155a18942f862c2b3ea - - 591d98c7de1d4b87afdd40c5d6f503da 591d98c7de1d4b87afdd40c5d6f503da] 10.0.0.214 "GET /v2.0/networks/8ec215f9-d2b7-4fcd-945e-663c5564a271?fields=segments HTTP/1.1" status: 200 len: 212 time: 0.0629086
2026-07-10 01:00:21.547 10 WARNING neutron.plugins.ml2.drivers.ovn.mech_driver.ovsdb.ovn_client [None req-8188d7f9-7e32-405c-a9c0-d725ce4f79ec - - - - - -] No hosting information found for port 99d6b68a-9d9e-4a7d-9d66-b29d145d6e67: RuntimeError: No hosting information found for port 99d6b68a-9d9e-4a7d-9d66-b29d145d6e67
2026-07-10 01:00:21.547 10 INFO neutron.plugins.ml2.drivers.ovn.mech_driver.mech_driver [None req-8188d7f9-7e32-405c-a9c0-d725ce4f79ec - - - - - -] OVN reports status up for port: 8308deb2-54c9-4859-bdd6-164ad2a07e58
2026-07-10 01:00:21.548 9 INFO neutron.wsgi [req-c1257750-3f7d-4f76-a870-96964ea148ba req-1afb9ec5-4a66-48c5-a64c-23022e7f7dc1 09a829232862450eac6532e681ef4b4f a7aed594e0f14d49ae5a33e9f19f2871 - - default default] 10.0.0.214 "GET /v2.0/ports?device_id=c3001f1a-baf1-4c6e-9d2a-34668603cc96 HTTP/1.1" status: 200 len: 210 time: 0.0232627
2026-07-10 01:00:21.557 10 INFO neutron.wsgi [req-eae4a81c-43d2-4b7e-9cb2-035fb24f0e14 req-536b3d75-2048-4945-a5ab-f84eec6412b5 9cbdeaa65bb04cf5af54ce8be9ca4bfd 5234372e431e4155a18942f862c2b3ea - - 591d98c7de1d4b87afdd40c5d6f503da 591d98c7de1d4b87afdd40c5d6f503da] 10.0.0.214 "GET /v2.0/networks/8ec215f9-d2b7-4fcd-945e-663c5564a271?fields=provider%3Aphysical_network&fields=provider%3Anetwork_type HTTP/1.1" status: 200 len: 277 time: 0.0757024
2026-07-10 01:00:21.557 10 INFO neutron.plugins.ml2.plugin [None req-8188d7f9-7e32-405c-a9c0-d725ce4f79ec - - - - - -] Attempt 1 to provision port 8308deb2-54c9-4859-bdd6-164ad2a07e58
2026-07-10 01:00:21.651 9 WARNING neutron.scheduler.dhcp_agent_scheduler [req-3790c385-0f0b-4ae1-98a8-7bf86342c999 req-2142fc04-0988-41ac-a638-2e3c5a904c7c 09a829232862450eac6532e681ef4b4f a7aed594e0f14d49ae5a33e9f19f2871 - - default default] No more DHCP agents
2026-07-10 01:00:21.657 9 WARNING neutron.api.rpc.agentnotifiers.dhcp_rpc_agent_api [req-3790c385-0f0b-4ae1-98a8-7bf86342c999 req-2142fc04-0988-41ac-a638-2e3c5a904c7c 09a829232862450eac6532e681ef4b4f a7aed594e0f14d49ae5a33e9f19f2871 - - default default] Unable to schedule network 1d2d0e2f-17e1-461a-a998-3632a2d105c6: no agents available; will retry on subsequent port and subnet creation events.
2026-07-10 01:00:21.748 10 INFO neutron.wsgi [req-6679fa1c-d506-4cf2-b363-986f548444d4 req-f466a62c-efd0-47d0-b2f0-12b7541494be 51a364d1282d42b594affc77fdf2fd3f b0ee53c86ec34eedb10891da467e0f93 - - default default] 10.0.0.214 "GET /v2.0/ports?device_id=b46037f2-0f49-4f05-9007-ae596cfc94da HTTP/1.1" status: 200 len: 210 time: 0.0226638 /var/lib/openstack/lib/python3.10/site-packages/pycadf/identifier.py:71: UserWarning: Invalid uuid: neutron. To ensure interoperability, identifiers should be a valid uuid. warnings.warn(('Invalid uuid: %s. To ensure interoperability, '
2026-07-10 01:00:21.810 9 INFO neutron.wsgi [None req-417ae281-52fa-4963-aa66-710c6dda90d6 01f5ba3a629e483a9130a5103473b533 f3609e6326e44763ad096f5b8a97e1ac - - default default] 10.0.0.114 "GET /v2.0/extensions HTTP/1.1" status: 200 len: 16525 time: 0.0064895
2026-07-10 01:00:21.894 9 INFO neutron.db.ovn_revision_numbers_db [req-3790c385-0f0b-4ae1-98a8-7bf86342c999 req-2142fc04-0988-41ac-a638-2e3c5a904c7c 09a829232862450eac6532e681ef4b4f a7aed594e0f14d49ae5a33e9f19f2871 - - default default] Successfully bumped revision number for resource 87f19c3f-3f1b-421c-aa92-4f6677ccb005 (type: ports) to 1
2026-07-10 01:00:21.924 10 INFO neutron.db.ovn_revision_numbers_db [None req-8188d7f9-7e32-405c-a9c0-d725ce4f79ec - - - - - -] Successfully bumped revision number for resource 8308deb2-54c9-4859-bdd6-164ad2a07e58 (type: ports) to 2
2026-07-10 01:00:21.929 9 INFO neutron.wsgi [req-3790c385-0f0b-4ae1-98a8-7bf86342c999 req-2142fc04-0988-41ac-a638-2e3c5a904c7c 09a829232862450eac6532e681ef4b4f a7aed594e0f14d49ae5a33e9f19f2871 - - default default] 199.204.45.129 "POST /v2.0/ports HTTP/1.1" status: 201 len: 1158 time: 0.6518822
2026-07-10 01:00:22.023 9 INFO neutron.wsgi [None req-f2b96eec-4707-4355-9d8b-f51a5e65bbc5 01f5ba3a629e483a9130a5103473b533 f3609e6326e44763ad096f5b8a97e1ac - - default default] 10.0.0.114 "GET /v2.0/quotas/f3609e6326e44763ad096f5b8a97e1ac/details HTTP/1.1" status: 200 len: 756 time: 0.1956501
2026-07-10 01:00:22.106 10 INFO neutron.db.ovn_revision_numbers_db [None req-8188d7f9-7e32-405c-a9c0-d725ce4f79ec - - - - - -] Successfully bumped revision number for resource 8308deb2-54c9-4859-bdd6-164ad2a07e58 (type: router_ports) to 2
2026-07-10 01:00:22.290 9 INFO neutron.db.ovn_revision_numbers_db [None req-90b5adc3-fb80-4468-86ed-4b7dbe501775 d6342d2d1ccd49ab9618ff762c9af824 25f79177c56147a1b41e6ba2d69b7684 - - default default] Successfully bumped revision number for resource 5c1200d9-858c-4da1-be8f-10b58341c2cb (type: security_groups) to 1
2026-07-10 01:00:22.308 9 INFO neutron.db.ovn_revision_numbers_db [None req-90b5adc3-fb80-4468-86ed-4b7dbe501775 d6342d2d1ccd49ab9618ff762c9af824 25f79177c56147a1b41e6ba2d69b7684 - - default default] Successfully bumped revision number for resource 230db383-e3a3-4271-82d6-d9683d140a3d (type: security_group_rules) to 0
2026-07-10 01:00:22.324 9 INFO neutron.db.ovn_revision_numbers_db [None req-90b5adc3-fb80-4468-86ed-4b7dbe501775 d6342d2d1ccd49ab9618ff762c9af824 25f79177c56147a1b41e6ba2d69b7684 - - default default] Successfully bumped revision number for resource 59655b23-66cd-4b52-8b2b-cc8a43387709 (type: security_group_rules) to 0
2026-07-10 01:00:22.344 9 INFO neutron.db.ovn_revision_numbers_db [None req-90b5adc3-fb80-4468-86ed-4b7dbe501775 d6342d2d1ccd49ab9618ff762c9af824 25f79177c56147a1b41e6ba2d69b7684 - - default default] Successfully bumped revision number for resource afe691bd-4e16-406c-bd69-8960c87b1f59 (type: security_group_rules) to 0
2026-07-10 01:00:22.371 9 INFO neutron.db.ovn_revision_numbers_db [None req-90b5adc3-fb80-4468-86ed-4b7dbe501775 d6342d2d1ccd49ab9618ff762c9af824 25f79177c56147a1b41e6ba2d69b7684 - - default default] Successfully bumped revision number for resource ef6e385c-2058-4bc5-a0da-9f5aeba7d2a5 (type: security_group_rules) to 0
2026-07-10 01:00:22.423 9 INFO neutron.db.ovn_revision_numbers_db [req-3790c385-0f0b-4ae1-98a8-7bf86342c999 req-a9be1e0e-c0a9-4735-a513-f42324e1f070 9cbdeaa65bb04cf5af54ce8be9ca4bfd 5234372e431e4155a18942f862c2b3ea - - 591d98c7de1d4b87afdd40c5d6f503da 591d98c7de1d4b87afdd40c5d6f503da] Successfully bumped revision number for resource 87f19c3f-3f1b-421c-aa92-4f6677ccb005 (type: ports) to 2
2026-07-10 01:00:22.433 9 INFO neutron.db.segments_db [None req-90b5adc3-fb80-4468-86ed-4b7dbe501775 d6342d2d1ccd49ab9618ff762c9af824 25f79177c56147a1b41e6ba2d69b7684 - - default default] Added segment f62928e9-0d9a-4dd9-af6b-077b0c3a3e95 of type geneve for network c12377bd-f9e5-4cd1-b3fc-dd9171b6cc49
2026-07-10 01:00:22.595 10 INFO neutron.wsgi [req-eae4a81c-43d2-4b7e-9cb2-035fb24f0e14 req-560fd220-c838-40a9-a83b-a1149749932d 51a364d1282d42b594affc77fdf2fd3f b0ee53c86ec34eedb10891da467e0f93 - - default default] 199.204.45.129 "GET /v2.0/networks?id=8ec215f9-d2b7-4fcd-945e-663c5564a271 HTTP/1.1" status: 200 len: 874 time: 0.0809691
2026-07-10 01:00:22.613 9 INFO neutron.db.ovn_revision_numbers_db [None req-90b5adc3-fb80-4468-86ed-4b7dbe501775 d6342d2d1ccd49ab9618ff762c9af824 25f79177c56147a1b41e6ba2d69b7684 - - default default] Successfully bumped revision number for resource c12377bd-f9e5-4cd1-b3fc-dd9171b6cc49 (type: networks) to 1 /var/lib/openstack/lib/python3.10/site-packages/pycadf/identifier.py:71: UserWarning: Invalid uuid: neutron. To ensure interoperability, identifiers should be a valid uuid. warnings.warn(('Invalid uuid: %s. To ensure interoperability, '
2026-07-10 01:00:22.658 10 INFO neutron.wsgi [req-eae4a81c-43d2-4b7e-9cb2-035fb24f0e14 req-f2a160a7-c16a-440b-86b9-b37406425996 51a364d1282d42b594affc77fdf2fd3f b0ee53c86ec34eedb10891da467e0f93 - - default default] 199.204.45.129 "GET /v2.0/security-groups?fields=id&fields=name&tenant_id=b0ee53c86ec34eedb10891da467e0f93 HTTP/1.1" status: 200 len: 379 time: 0.0573008
2026-07-10 01:00:22.819 9 INFO neutron.wsgi [req-4641456c-f76a-496e-a8ff-219d7b0d37c9 req-a8cd9f73-1761-4372-8f00-bf7e5f6888b8 09a829232862450eac6532e681ef4b4f a7aed594e0f14d49ae5a33e9f19f2871 - - default default] 10.0.0.214 "GET /v2.0/ports?device_id=c3001f1a-baf1-4c6e-9d2a-34668603cc96 HTTP/1.1" status: 200 len: 1168 time: 0.1936257
2026-07-10 01:00:22.824 9 INFO neutron.db.ovn_revision_numbers_db [req-3790c385-0f0b-4ae1-98a8-7bf86342c999 req-a9be1e0e-c0a9-4735-a513-f42324e1f070 9cbdeaa65bb04cf5af54ce8be9ca4bfd 5234372e431e4155a18942f862c2b3ea - - 591d98c7de1d4b87afdd40c5d6f503da 591d98c7de1d4b87afdd40c5d6f503da] Successfully bumped revision number for resource 87f19c3f-3f1b-421c-aa92-4f6677ccb005 (type: ports) to 2 /var/lib/openstack/lib/python3.10/site-packages/pycadf/identifier.py:71: UserWarning: Invalid uuid: neutron. To ensure interoperability, identifiers should be a valid uuid. warnings.warn(('Invalid uuid: %s. To ensure interoperability, '
2026-07-10 01:00:22.840 10 INFO neutron.wsgi [req-6b21ce45-4a62-4b95-9fbe-ad469694e305 req-b1fd8986-a163-4ca4-84cc-7d644cbc8b65 51a364d1282d42b594affc77fdf2fd3f b0ee53c86ec34eedb10891da467e0f93 - - default default] 10.0.0.214 "GET /v2.0/ports?device_id=b46037f2-0f49-4f05-9007-ae596cfc94da HTTP/1.1" status: 200 len: 210 time: 0.0207603
2026-07-10 01:00:22.853 9 INFO neutron.wsgi [req-3790c385-0f0b-4ae1-98a8-7bf86342c999 req-a9be1e0e-c0a9-4735-a513-f42324e1f070 9cbdeaa65bb04cf5af54ce8be9ca4bfd 5234372e431e4155a18942f862c2b3ea - - 591d98c7de1d4b87afdd40c5d6f503da 591d98c7de1d4b87afdd40c5d6f503da] 199.204.45.129 "PUT /v2.0/ports/87f19c3f-3f1b-421c-aa92-4f6677ccb005 HTTP/1.1" status: 200 len: 1376 time: 0.9010096
2026-07-10 01:00:22.894 9 INFO neutron.notifiers.nova [-] Nova event matching ['req-f4c758f2-8ecb-4d69-9f15-bad61c192a58'] response: {'name': 'network-changed', 'server_uuid': 'c3001f1a-baf1-4c6e-9d2a-34668603cc96', 'tag': '87f19c3f-3f1b-421c-aa92-4f6677ccb005', 'status': 'completed', 'code': 200}
2026-07-10 01:00:22.901 9 INFO neutron.wsgi [req-4641456c-f76a-496e-a8ff-219d7b0d37c9 req-0437a4ff-6c80-4171-855b-5f180f43fb43 09a829232862450eac6532e681ef4b4f a7aed594e0f14d49ae5a33e9f19f2871 - - default default] 10.0.0.214 "GET /v2.0/security-groups?id=50ddad4a-5f96-4f8a-84ff-bb1c345cc7b5&fields=id&fields=name HTTP/1.1" status: 200 len: 312 time: 0.0719526
2026-07-10 01:00:22.964 9 INFO neutron.wsgi [req-3179d63a-6fec-46e4-a9f8-dac351240b33 req-18e6400b-de4b-4ea7-abec-9b6b3c4bbc90 9cbdeaa65bb04cf5af54ce8be9ca4bfd 5234372e431e4155a18942f862c2b3ea - - 591d98c7de1d4b87afdd40c5d6f503da 591d98c7de1d4b87afdd40c5d6f503da] 199.204.45.129 "GET /v2.0/ports?tenant_id=a7aed594e0f14d49ae5a33e9f19f2871&device_id=c3001f1a-baf1-4c6e-9d2a-34668603cc96 HTTP/1.1" status: 200 len: 1407 time: 0.0577223
2026-07-10 01:00:22.969 9 WARNING neutron.scheduler.dhcp_agent_scheduler [None req-90b5adc3-fb80-4468-86ed-4b7dbe501775 d6342d2d1ccd49ab9618ff762c9af824 25f79177c56147a1b41e6ba2d69b7684 - - default default] No more DHCP agents
2026-07-10 01:00:22.974 9 WARNING neutron.api.rpc.agentnotifiers.dhcp_rpc_agent_api [None req-90b5adc3-fb80-4468-86ed-4b7dbe501775 d6342d2d1ccd49ab9618ff762c9af824 25f79177c56147a1b41e6ba2d69b7684 - - default default] Unable to schedule network c12377bd-f9e5-4cd1-b3fc-dd9171b6cc49: no agents available; will retry on subsequent port and subnet creation events.
2026-07-10 01:00:23.034 10 WARNING neutron.scheduler.dhcp_agent_scheduler [req-eae4a81c-43d2-4b7e-9cb2-035fb24f0e14 req-2ef9f5a9-4a36-455a-be74-c9727073feb0 51a364d1282d42b594affc77fdf2fd3f b0ee53c86ec34eedb10891da467e0f93 - - default default] No more DHCP agents
2026-07-10 01:00:23.036 10 WARNING neutron.api.rpc.agentnotifiers.dhcp_rpc_agent_api [req-eae4a81c-43d2-4b7e-9cb2-035fb24f0e14 req-2ef9f5a9-4a36-455a-be74-c9727073feb0 51a364d1282d42b594affc77fdf2fd3f b0ee53c86ec34eedb10891da467e0f93 - - default default] Unable to schedule network 8ec215f9-d2b7-4fcd-945e-663c5564a271: no agents available; will retry on subsequent port and subnet creation events.
2026-07-10 01:00:23.086 9 INFO neutron.wsgi [req-3179d63a-6fec-46e4-a9f8-dac351240b33 req-beb1769a-a02e-48b8-93a5-8d53b85abdbd 9cbdeaa65bb04cf5af54ce8be9ca4bfd 5234372e431e4155a18942f862c2b3ea - - 591d98c7de1d4b87afdd40c5d6f503da 591d98c7de1d4b87afdd40c5d6f503da] 199.204.45.129 "GET /v2.0/networks?tenant_id=a7aed594e0f14d49ae5a33e9f19f2871&shared=False HTTP/1.1" status: 200 len: 959 time: 0.1132314
2026-07-10 01:00:23.148 9 INFO neutron.db.ovn_revision_numbers_db [None req-90b5adc3-fb80-4468-86ed-4b7dbe501775 d6342d2d1ccd49ab9618ff762c9af824 25f79177c56147a1b41e6ba2d69b7684 - - default default] Successfully bumped revision number for resource d12b0aae-8909-43de-9165-3f9d597b0171 (type: ports) to 1
2026-07-10 01:00:23.187 9 INFO neutron.wsgi [None req-90b5adc3-fb80-4468-86ed-4b7dbe501775 d6342d2d1ccd49ab9618ff762c9af824 25f79177c56147a1b41e6ba2d69b7684 - - default default] 10.0.0.104 "POST /v2.0/networks HTTP/1.1" status: 201 len: 831 time: 1.2338643
2026-07-10 01:00:23.200 9 INFO neutron.wsgi [req-3179d63a-6fec-46e4-a9f8-dac351240b33 req-342f4cec-2fbe-4780-be6d-99ae5088354d 9cbdeaa65bb04cf5af54ce8be9ca4bfd 5234372e431e4155a18942f862c2b3ea - - 591d98c7de1d4b87afdd40c5d6f503da 591d98c7de1d4b87afdd40c5d6f503da] 199.204.45.129 "GET /v2.0/networks?shared=True HTTP/1.1" status: 200 len: 952 time: 0.1046362
2026-07-10 01:00:23.219 10 INFO neutron.db.ovn_revision_numbers_db [req-eae4a81c-43d2-4b7e-9cb2-035fb24f0e14 req-2ef9f5a9-4a36-455a-be74-c9727073feb0 51a364d1282d42b594affc77fdf2fd3f b0ee53c86ec34eedb10891da467e0f93 - - default default] Successfully bumped revision number for resource 9d7436d8-df85-47b5-b848-c6e730fcdbdd (type: ports) to 1
2026-07-10 01:00:23.246 10 INFO neutron.wsgi [req-eae4a81c-43d2-4b7e-9cb2-035fb24f0e14 req-2ef9f5a9-4a36-455a-be74-c9727073feb0 51a364d1282d42b594affc77fdf2fd3f b0ee53c86ec34eedb10891da467e0f93 - - default default] 199.204.45.129 "POST /v2.0/ports HTTP/1.1" status: 201 len: 1162 time: 0.5826435 /var/lib/openstack/lib/python3.10/site-packages/pycadf/identifier.py:71: UserWarning: Invalid uuid: neutron. To ensure interoperability, identifiers should be a valid uuid. warnings.warn(('Invalid uuid: %s. To ensure interoperability, '
2026-07-10 01:00:23.283 9 INFO neutron.wsgi [req-3790c385-0f0b-4ae1-98a8-7bf86342c999 req-d353aea1-1a03-4ad0-92d8-e2fcea796248 9cbdeaa65bb04cf5af54ce8be9ca4bfd 5234372e431e4155a18942f862c2b3ea - - 591d98c7de1d4b87afdd40c5d6f503da 591d98c7de1d4b87afdd40c5d6f503da] 199.204.45.129 "GET /v2.0/ports?tenant_id=a7aed594e0f14d49ae5a33e9f19f2871&device_id=c3001f1a-baf1-4c6e-9d2a-34668603cc96 HTTP/1.1" status: 200 len: 1407 time: 0.0504591
2026-07-10 01:00:23.322 9 INFO neutron.wsgi [req-3790c385-0f0b-4ae1-98a8-7bf86342c999 req-aef00dea-db6d-4d7d-b372-dbe84edc9e82 9cbdeaa65bb04cf5af54ce8be9ca4bfd 5234372e431e4155a18942f862c2b3ea - - 591d98c7de1d4b87afdd40c5d6f503da 591d98c7de1d4b87afdd40c5d6f503da] 199.204.45.129 "GET /v2.0/floatingips?fixed_ip_address=10.100.0.8&port_id=87f19c3f-3f1b-421c-aa92-4f6677ccb005 HTTP/1.1" status: 200 len: 217 time: 0.0310810
