2026-07-10 00:59:53.017 10 WARNING neutron.api.v2.base [None req-3a56576d-deb0-4691-969f-44cc56b2a5c4 0c8bc120648a47dba8b0412ecd0ab747 e49f4cb023ee4d52966ced09c0525833 - - default default] An exception happened while processing the request body. The exception message is [Invalid input for target_tenant. Reason: '1234123412341234123412341234123412341234123412341234123412341234123412341234123412341234123412341234123412341234123412341234123412341234123412341234123412341234123412341234123412341234123412341234123412341234123412341234123412341234123412341234123412341234123412341234123412341234123412341234123412341234123412341234123412341234123412341234123412341234123412341234123412341234123412341234123412341234' exceeds maximum length of 255.].: webob.exc.HTTPBadRequest: Invalid input for target_tenant. Reason: '1234123412341234123412341234123412341234123412341234123412341234123412341234123412341234123412341234123412341234123412341234123412341234123412341234123412341234123412341234123412341234123412341234123412341234123412341234123412341234123412341234123412341234123412341234123412341234123412341234123412341234123412341234123412341234123412341234123412341234123412341234123412341234123412341234123412341234' exceeds maximum length of 255.
2026-07-10 00:59:53.018 10 INFO neutron.api.v2.resource [None req-3a56576d-deb0-4691-969f-44cc56b2a5c4 0c8bc120648a47dba8b0412ecd0ab747 e49f4cb023ee4d52966ced09c0525833 - - default default] create failed (client error): Invalid input for target_tenant. Reason: '1234123412341234123412341234123412341234123412341234123412341234123412341234123412341234123412341234123412341234123412341234123412341234123412341234123412341234123412341234123412341234123412341234123412341234123412341234123412341234123412341234123412341234123412341234123412341234123412341234123412341234123412341234123412341234123412341234123412341234123412341234123412341234123412341234123412341234' exceeds maximum length of 255.
2026-07-10 00:59:53.019 10 INFO neutron.wsgi [None req-3a56576d-deb0-4691-969f-44cc56b2a5c4 0c8bc120648a47dba8b0412ecd0ab747 e49f4cb023ee4d52966ced09c0525833 - - default default] 10.0.0.104 "POST /v2.0/rbac-policies HTTP/1.1" status: 400 len: 750 time: 0.0063589
2026-07-10 00:59:53.025 9 INFO neutron.wsgi [None req-c7ace3e6-8bea-45ca-b60c-86d5824469f6 fb036a37c25e41f18ba43c1c3bf238b5 d70e937fd8354ee9a4d07e13eaeb6cf7 - - default default] 10.0.0.104 "GET /v2.0/security-groups HTTP/1.1" status: 200 len: 2996 time: 0.0681438
2026-07-10 00:59:53.059 9 INFO neutron.api.v2.resource [None req-e4ef86f7-9cfc-48e9-80d7-2022afaf3b90 fb036a37c25e41f18ba43c1c3bf238b5 d70e937fd8354ee9a4d07e13eaeb6cf7 - - default default] delete failed (client error): The resource could not be found.
2026-07-10 00:59:53.060 9 INFO neutron.wsgi [None req-e4ef86f7-9cfc-48e9-80d7-2022afaf3b90 fb036a37c25e41f18ba43c1c3bf238b5 d70e937fd8354ee9a4d07e13eaeb6cf7 - - default default] 10.0.0.104 "DELETE /v2.0/security-groups/6f359160-907d-4b4b-8530-04261520fbf8 HTTP/1.1" status: 404 len: 347 time: 0.0303206
2026-07-10 00:59:53.110 9 INFO neutron.db.ovn_revision_numbers_db [None req-68f0aecd-e420-4465-bc9d-e7dcac7cdc43 - - - - - -] Successfully bumped revision number for resource bc62fd59-518a-4409-9011-54fd8e2f03e1 (type: ports) to 2
2026-07-10 00:59:53.259 9 INFO neutron.db.ovn_revision_numbers_db [None req-ff7010fe-d6a2-40c8-84cb-94e84f01d181 fb036a37c25e41f18ba43c1c3bf238b5 d70e937fd8354ee9a4d07e13eaeb6cf7 - - default default] Successfully bumped revision number for resource 19521041-6e60-42bb-8673-23cf41160467 (type: security_groups) to 1
2026-07-10 00:59:53.265 9 INFO neutron.db.ovn_revision_numbers_db [None req-68f0aecd-e420-4465-bc9d-e7dcac7cdc43 - - - - - -] Successfully bumped revision number for resource bc62fd59-518a-4409-9011-54fd8e2f03e1 (type: router_ports) to 2
2026-07-10 00:59:53.277 9 INFO neutron.db.ovn_revision_numbers_db [None req-ff7010fe-d6a2-40c8-84cb-94e84f01d181 fb036a37c25e41f18ba43c1c3bf238b5 d70e937fd8354ee9a4d07e13eaeb6cf7 - - default default] Successfully bumped revision number for resource 351709fd-26e7-442e-8f40-761e9abcd503 (type: security_group_rules) to 0
2026-07-10 00:59:53.295 9 INFO neutron.db.ovn_revision_numbers_db [None req-ff7010fe-d6a2-40c8-84cb-94e84f01d181 fb036a37c25e41f18ba43c1c3bf238b5 d70e937fd8354ee9a4d07e13eaeb6cf7 - - default default] Successfully bumped revision number for resource 4701cd47-7b00-4529-8bfa-f4a3f334de99 (type: security_group_rules) to 0
2026-07-10 00:59:53.319 9 INFO neutron.wsgi [None req-ff7010fe-d6a2-40c8-84cb-94e84f01d181 fb036a37c25e41f18ba43c1c3bf238b5 d70e937fd8354ee9a4d07e13eaeb6cf7 - - default default] 10.0.0.104 "POST /v2.0/security-groups HTTP/1.1" status: 201 len: 1760 time: 0.2526808
2026-07-10 00:59:53.518 9 INFO neutron.db.ovn_revision_numbers_db [None req-cacd7b88-941b-4d4a-a60c-47621e61f179 fb036a37c25e41f18ba43c1c3bf238b5 d70e937fd8354ee9a4d07e13eaeb6cf7 - - default default] Successfully bumped revision number for resource dbe46251-4872-4d1e-85f8-db8154b1ded1 (type: security_group_rules) to 0
2026-07-10 00:59:53.540 9 INFO neutron.wsgi [None req-cacd7b88-941b-4d4a-a60c-47621e61f179 fb036a37c25e41f18ba43c1c3bf238b5 d70e937fd8354ee9a4d07e13eaeb6cf7 - - default default] 10.0.0.104 "POST /v2.0/security-group-rules HTTP/1.1" status: 201 len: 768 time: 0.2142365
2026-07-10 00:59:53.578 9 INFO neutron.wsgi [None req-654f37a2-81a5-4d32-8979-56505372c954 fb036a37c25e41f18ba43c1c3bf238b5 d70e937fd8354ee9a4d07e13eaeb6cf7 - - default default] 10.0.0.104 "GET /v2.0/security-group-rules/dbe46251-4872-4d1e-85f8-db8154b1ded1 HTTP/1.1" status: 200 len: 763 time: 0.0192270
2026-07-10 00:59:53.621 9 INFO neutron.wsgi [None req-c5bd9d00-1952-419d-be6d-5aad4cd21ee0 fb036a37c25e41f18ba43c1c3bf238b5 d70e937fd8354ee9a4d07e13eaeb6cf7 - - default default] 10.0.0.104 "GET /v2.0/security-group-rules HTTP/1.1" status: 200 len: 4113 time: 0.0358298
2026-07-10 00:59:53.661 10 INFO neutron.services.segments.plugin [-] Segment 9135f8d0-9d61-4f20-9444-5d8d4035e6df resource provider aggregate not found
2026-07-10 00:59:53.666 10 INFO neutron.services.segments.plugin [-] Segment 9135f8d0-9d61-4f20-9444-5d8d4035e6df resource provider aggregate not found
2026-07-10 00:59:53.686 10 INFO neutron.services.segments.plugin [-] Segment 9135f8d0-9d61-4f20-9444-5d8d4035e6df resource provider not found; error: Placement Client Error (4xx): {"errors": [{"status": 404, "title": "Not Found", "detail": "The resource could not be found.\n\n No resource provider with uuid 9135f8d0-9d61-4f20-9444-5d8d4035e6df found for delete ", "request_id": "req-f637fbf7-b446-4838-bd40-e127f50cd1aa"}]}
2026-07-10 00:59:53.689 10 INFO neutron.services.segments.plugin [-] Segment 9135f8d0-9d61-4f20-9444-5d8d4035e6df resource provider not found; error: Placement Client Error (4xx): {"errors": [{"status": 404, "title": "Not Found", "detail": "The resource could not be found.\n\n No resource provider with uuid 9135f8d0-9d61-4f20-9444-5d8d4035e6df found for delete ", "request_id": "req-e60b39ac-35ab-4e49-a0eb-f99c1b2c7e3b"}]}
2026-07-10 00:59:53.709 10 INFO neutron.wsgi [None req-596eec18-d417-4c3a-8308-ba40d16e02ce 0c8bc120648a47dba8b0412ecd0ab747 e49f4cb023ee4d52966ced09c0525833 - - default default] 10.0.0.104 "DELETE /v2.0/networks/f13d6c5c-7afe-4ee6-85e3-85171803ade9 HTTP/1.1" status: 204 len: 168 time: 0.6860223
2026-07-10 00:59:53.808 9 INFO neutron.wsgi [None req-08168407-e793-41ee-bd51-2ad5095393c6 fb036a37c25e41f18ba43c1c3bf238b5 d70e937fd8354ee9a4d07e13eaeb6cf7 - - default default] 10.0.0.104 "DELETE /v2.0/security-group-rules/dbe46251-4872-4d1e-85f8-db8154b1ded1 HTTP/1.1" status: 204 len: 168 time: 0.1826093
2026-07-10 00:59:53.835 9 INFO neutron.db.segments_db [None req-9d74a78e-6fbc-4b90-8cc7-401d0bbcc765 0c8bc120648a47dba8b0412ecd0ab747 e49f4cb023ee4d52966ced09c0525833 - - default default] Added segment 244fcd39-38d4-4780-8537-390bddd6ea78 of type geneve for network 80540bee-cd19-46db-a3f4-dc6e3684b37d
2026-07-10 00:59:53.866 9 INFO neutron.db.ovn_revision_numbers_db [None req-165bbabf-6fb4-4006-b66d-ab0068764576 e5c325e277ca47059a4070e49fc79bef fe289c65a1534db89b158341073fd303 - - default default] Successfully bumped revision number for resource 07f63b83-cb27-40e1-a078-acce040c633d (type: security_groups) to 1
2026-07-10 00:59:53.873 9 INFO neutron.wsgi [None req-ac07a6d6-2ada-457f-aa4f-6ee44213a336 fb036a37c25e41f18ba43c1c3bf238b5 d70e937fd8354ee9a4d07e13eaeb6cf7 - - default default] 10.0.0.104 "GET /v2.0/security-group-rules HTTP/1.1" status: 200 len: 3567 time: 0.0601752
2026-07-10 00:59:53.895 9 INFO neutron.db.ovn_revision_numbers_db [None req-165bbabf-6fb4-4006-b66d-ab0068764576 e5c325e277ca47059a4070e49fc79bef fe289c65a1534db89b158341073fd303 - - default default] Successfully bumped revision number for resource 5529bfa3-5432-4598-8a8c-9a08016f0668 (type: security_group_rules) to 0
2026-07-10 00:59:53.914 9 INFO neutron.db.ovn_revision_numbers_db [None req-165bbabf-6fb4-4006-b66d-ab0068764576 e5c325e277ca47059a4070e49fc79bef fe289c65a1534db89b158341073fd303 - - default default] Successfully bumped revision number for resource 8bf7d49c-2316-4200-b7e2-3c7870422119 (type: security_group_rules) to 0
2026-07-10 00:59:53.957 9 INFO neutron.wsgi [None req-165bbabf-6fb4-4006-b66d-ab0068764576 e5c325e277ca47059a4070e49fc79bef fe289c65a1534db89b158341073fd303 - - default default] 10.0.0.104 "POST /v2.0/security-groups HTTP/1.1" status: 201 len: 1796 time: 0.2904336
2026-07-10 00:59:54.000 9 INFO neutron.db.ovn_revision_numbers_db [None req-9d74a78e-6fbc-4b90-8cc7-401d0bbcc765 0c8bc120648a47dba8b0412ecd0ab747 e49f4cb023ee4d52966ced09c0525833 - - default default] Successfully bumped revision number for resource 80540bee-cd19-46db-a3f4-dc6e3684b37d (type: networks) to 1
2026-07-10 00:59:54.038 10 INFO neutron.db.ovn_revision_numbers_db [None req-063ebd6e-daf1-4b3f-8ee1-670e45ece3bf fb036a37c25e41f18ba43c1c3bf238b5 d70e937fd8354ee9a4d07e13eaeb6cf7 - - default default] Successfully bumped revision number for resource 4d3a62ef-caf1-49e1-aa8c-fb4cca360210 (type: security_group_rules) to 0
2026-07-10 00:59:54.062 10 INFO neutron.wsgi [None req-063ebd6e-daf1-4b3f-8ee1-670e45ece3bf fb036a37c25e41f18ba43c1c3bf238b5 d70e937fd8354ee9a4d07e13eaeb6cf7 - - default default] 10.0.0.104 "POST /v2.0/security-group-rules HTTP/1.1" status: 201 len: 768 time: 0.1831992
2026-07-10 00:59:54.082 10 INFO neutron.wsgi [None req-724ab3e2-015b-4d0e-a57c-391e56fa4919 fb036a37c25e41f18ba43c1c3bf238b5 d70e937fd8354ee9a4d07e13eaeb6cf7 - - default default] 10.0.0.104 "GET /v2.0/security-group-rules/4d3a62ef-caf1-49e1-aa8c-fb4cca360210 HTTP/1.1" status: 200 len: 763 time: 0.0153532
2026-07-10 00:59:54.124 10 INFO neutron.wsgi [None req-3d65d614-070b-48b3-87c4-2ef59246778f fb036a37c25e41f18ba43c1c3bf238b5 d70e937fd8354ee9a4d07e13eaeb6cf7 - - default default] 10.0.0.104 "GET /v2.0/security-group-rules HTTP/1.1" status: 200 len: 4113 time: 0.0376246
2026-07-10 00:59:54.170 9 INFO neutron.db.ovn_revision_numbers_db [None req-d7e79726-3695-4172-b644-cf83c9d51971 e5c325e277ca47059a4070e49fc79bef fe289c65a1534db89b158341073fd303 - - default default] Successfully bumped revision number for resource fecf9f67-cec5-46df-b810-f213b7525a2d (type: security_group_rules) to 0
2026-07-10 00:59:54.210 9 INFO neutron.wsgi [None req-d7e79726-3695-4172-b644-cf83c9d51971 e5c325e277ca47059a4070e49fc79bef fe289c65a1534db89b158341073fd303 - - default default] 10.0.0.104 "POST /v2.0/security-group-rules HTTP/1.1" status: 201 len: 764 time: 0.2456636
2026-07-10 00:59:54.211 9 WARNING neutron.scheduler.dhcp_agent_scheduler [None req-9d74a78e-6fbc-4b90-8cc7-401d0bbcc765 0c8bc120648a47dba8b0412ecd0ab747 e49f4cb023ee4d52966ced09c0525833 - - default default] No more DHCP agents
2026-07-10 00:59:54.213 9 WARNING neutron.api.rpc.agentnotifiers.dhcp_rpc_agent_api [None req-9d74a78e-6fbc-4b90-8cc7-401d0bbcc765 0c8bc120648a47dba8b0412ecd0ab747 e49f4cb023ee4d52966ced09c0525833 - - default default] Unable to schedule network 80540bee-cd19-46db-a3f4-dc6e3684b37d: no agents available; will retry on subsequent port and subnet creation events.
2026-07-10 00:59:54.237 10 INFO neutron.wsgi [None req-110e837d-e22e-4778-8952-360b9d36bb4c fb036a37c25e41f18ba43c1c3bf238b5 d70e937fd8354ee9a4d07e13eaeb6cf7 - - default default] 10.0.0.104 "DELETE /v2.0/security-group-rules/4d3a62ef-caf1-49e1-aa8c-fb4cca360210 HTTP/1.1" status: 204 len: 168 time: 0.1083791
2026-07-10 00:59:54.290 9 INFO neutron.db.ovn_revision_numbers_db [None req-9d74a78e-6fbc-4b90-8cc7-401d0bbcc765 0c8bc120648a47dba8b0412ecd0ab747 e49f4cb023ee4d52966ced09c0525833 - - default default] Successfully bumped revision number for resource cad82bbd-6cb3-4c2e-bc5c-b40111e711e7 (type: ports) to 1
2026-07-10 00:59:54.291 10 INFO neutron.wsgi [None req-50729ab2-c178-4d3c-907e-d41603f1017a fb036a37c25e41f18ba43c1c3bf238b5 d70e937fd8354ee9a4d07e13eaeb6cf7 - - default default] 10.0.0.104 "GET /v2.0/security-group-rules HTTP/1.1" status: 200 len: 3567 time: 0.0489769
2026-07-10 00:59:54.318 9 INFO neutron.wsgi [None req-9d74a78e-6fbc-4b90-8cc7-401d0bbcc765 0c8bc120648a47dba8b0412ecd0ab747 e49f4cb023ee4d52966ced09c0525833 - - default default] 10.0.0.104 "POST /v2.0/networks HTTP/1.1" status: 201 len: 928 time: 0.5958326
2026-07-10 00:59:54.372 10 INFO neutron.db.ovn_revision_numbers_db [None req-08fcbe67-69fc-4f3e-ad1c-8352a853850b e5c325e277ca47059a4070e49fc79bef fe289c65a1534db89b158341073fd303 - - default default] Successfully bumped revision number for resource 5e78f453-5a84-406e-86da-55368f0a384c (type: security_group_rules) to 0
2026-07-10 00:59:54.424 10 INFO neutron.wsgi [None req-08fcbe67-69fc-4f3e-ad1c-8352a853850b e5c325e277ca47059a4070e49fc79bef fe289c65a1534db89b158341073fd303 - - default default] 10.0.0.104 "POST /v2.0/security-group-rules HTTP/1.1" status: 201 len: 769 time: 0.2052646
2026-07-10 00:59:54.461 9 INFO neutron.db.ovn_revision_numbers_db [None req-9bc22366-16ae-4a70-8301-54165635029f fb036a37c25e41f18ba43c1c3bf238b5 d70e937fd8354ee9a4d07e13eaeb6cf7 - - default default] Successfully bumped revision number for resource b2d9df51-fafe-464c-8690-40bfa4900543 (type: security_group_rules) to 0
2026-07-10 00:59:54.492 9 WARNING neutron.scheduler.dhcp_agent_scheduler [None req-1ae48716-b43a-4100-8619-1023d64b8a2e 0c8bc120648a47dba8b0412ecd0ab747 e49f4cb023ee4d52966ced09c0525833 - - default default] No more DHCP agents
2026-07-10 00:59:54.495 9 WARNING neutron.api.rpc.agentnotifiers.dhcp_rpc_agent_api [None req-1ae48716-b43a-4100-8619-1023d64b8a2e 0c8bc120648a47dba8b0412ecd0ab747 e49f4cb023ee4d52966ced09c0525833 - - default default] Unable to schedule network 80540bee-cd19-46db-a3f4-dc6e3684b37d: no agents available; will retry on subsequent port and subnet creation events.
2026-07-10 00:59:54.500 9 INFO neutron.wsgi [None req-9bc22366-16ae-4a70-8301-54165635029f fb036a37c25e41f18ba43c1c3bf238b5 d70e937fd8354ee9a4d07e13eaeb6cf7 - - default default] 10.0.0.104 "POST /v2.0/security-group-rules HTTP/1.1" status: 201 len: 769 time: 0.1997192
2026-07-10 00:59:54.521 9 INFO neutron.wsgi [None req-187568fa-c66c-4241-b599-aaecb3ab1bce fb036a37c25e41f18ba43c1c3bf238b5 d70e937fd8354ee9a4d07e13eaeb6cf7 - - default default] 10.0.0.104 "GET /v2.0/security-group-rules/b2d9df51-fafe-464c-8690-40bfa4900543 HTTP/1.1" status: 200 len: 764 time: 0.0148897
2026-07-10 00:59:54.578 10 INFO neutron.wsgi [None req-1a7ca2ba-2d2a-48a1-9f86-38783d01916d fb036a37c25e41f18ba43c1c3bf238b5 d70e937fd8354ee9a4d07e13eaeb6cf7 - - default default] 10.0.0.104 "GET /v2.0/security-group-rules HTTP/1.1" status: 200 len: 4114 time: 0.0502508
2026-07-10 00:59:54.754 10 INFO neutron.wsgi [None req-525efc39-6a9b-43ce-ba3e-c34c3dcb00ed fb036a37c25e41f18ba43c1c3bf238b5 d70e937fd8354ee9a4d07e13eaeb6cf7 - - default default] 10.0.0.104 "DELETE /v2.0/security-group-rules/b2d9df51-fafe-464c-8690-40bfa4900543 HTTP/1.1" status: 204 len: 168 time: 0.1709135
2026-07-10 00:59:54.772 10 WARNING neutron.scheduler.dhcp_agent_scheduler [None req-49d53a41-6bfc-4e3a-9383-7ef80396d248 e5c325e277ca47059a4070e49fc79bef fe289c65a1534db89b158341073fd303 - - default default] No more DHCP agents
2026-07-10 00:59:54.774 10 WARNING neutron.api.rpc.agentnotifiers.dhcp_rpc_agent_api [None req-49d53a41-6bfc-4e3a-9383-7ef80396d248 e5c325e277ca47059a4070e49fc79bef fe289c65a1534db89b158341073fd303 - - default default] Unable to schedule network ce3391ea-076e-468c-b70e-f6679d5578fc: no agents available; will retry on subsequent port and subnet creation events.
2026-07-10 00:59:54.834 10 INFO neutron.wsgi [None req-154071fa-97f9-4821-a1c1-4f2414e7165a fb036a37c25e41f18ba43c1c3bf238b5 d70e937fd8354ee9a4d07e13eaeb6cf7 - - default default] 10.0.0.104 "GET /v2.0/security-group-rules HTTP/1.1" status: 200 len: 3567 time: 0.0735652
2026-07-10 00:59:54.991 9 INFO neutron.db.ovn_revision_numbers_db [None req-1ae48716-b43a-4100-8619-1023d64b8a2e 0c8bc120648a47dba8b0412ecd0ab747 e49f4cb023ee4d52966ced09c0525833 - - default default] Successfully bumped revision number for resource cad82bbd-6cb3-4c2e-bc5c-b40111e711e7 (type: ports) to 2
2026-07-10 00:59:54.993 10 INFO neutron.wsgi [None req-11e3f211-f0f6-43f1-bfc0-9f1ad8ee4cfd fb036a37c25e41f18ba43c1c3bf238b5 d70e937fd8354ee9a4d07e13eaeb6cf7 - - default default] 10.0.0.104 "DELETE /v2.0/security-groups/19521041-6e60-42bb-8673-23cf41160467 HTTP/1.1" status: 204 len: 168 time: 0.1543901
2026-07-10 00:59:55.025 9 INFO neutron.db.ovn_revision_numbers_db [None req-1ae48716-b43a-4100-8619-1023d64b8a2e 0c8bc120648a47dba8b0412ecd0ab747 e49f4cb023ee4d52966ced09c0525833 - - default default] Successfully bumped revision number for resource f1868a16-e24f-4106-9d81-f8f5bc40217a (type: subnets) to 0
2026-07-10 00:59:55.034 10 INFO neutron.wsgi [None req-d14892a2-06f6-4365-b277-0151a9b512d1 fb036a37c25e41f18ba43c1c3bf238b5 d70e937fd8354ee9a4d07e13eaeb6cf7 - - default default] 10.0.0.104 "GET /v2.0/security-groups HTTP/1.1" status: 200 len: 2996 time: 0.0362163
2026-07-10 00:59:55.042 9 INFO neutron.wsgi [None req-1ae48716-b43a-4100-8619-1023d64b8a2e 0c8bc120648a47dba8b0412ecd0ab747 e49f4cb023ee4d52966ced09c0525833 - - default default] 10.0.0.104 "POST /v2.0/subnets HTTP/1.1" status: 201 len: 822 time: 0.7187729
2026-07-10 00:59:55.077 9 INFO neutron.wsgi [None req-173b6146-092d-4191-acda-1938a577dde5 fb036a37c25e41f18ba43c1c3bf238b5 d70e937fd8354ee9a4d07e13eaeb6cf7 - - default default] 10.0.0.104 "GET /v2.0/security-groups HTTP/1.1" status: 200 len: 2996 time: 0.0337269
2026-07-10 00:59:55.174 10 INFO neutron.db.ovn_revision_numbers_db [None req-49d53a41-6bfc-4e3a-9383-7ef80396d248 e5c325e277ca47059a4070e49fc79bef fe289c65a1534db89b158341073fd303 - - default default] Successfully bumped revision number for resource 6b7face7-8967-4db1-ae79-e7c5ad37caa8 (type: floatingips) to 0
2026-07-10 00:59:55.196 10 INFO neutron.wsgi [None req-49d53a41-6bfc-4e3a-9383-7ef80396d248 e5c325e277ca47059a4070e49fc79bef fe289c65a1534db89b158341073fd303 - - default default] 10.0.0.104 "POST /v2.0/floatingips HTTP/1.1" status: 201 len: 751 time: 0.7664227
2026-07-10 00:59:55.381 10 INFO neutron.wsgi [None req-80d13ac6-d633-4049-9c5f-eef4e8a50cdb 0c8bc120648a47dba8b0412ecd0ab747 e49f4cb023ee4d52966ced09c0525833 - - default default] 10.0.0.104 "POST /v2.0/rbac-policies HTTP/1.1" status: 201 len: 523 time: 0.3330865
2026-07-10 00:59:55.801 10 INFO neutron.wsgi [req-fe8214ee-57a1-4918-b314-0db8dfa95837 req-100166d1-2cc9-4123-92a6-6e5ee7c125b7 e5c325e277ca47059a4070e49fc79bef fe289c65a1534db89b158341073fd303 - - default default] 10.0.0.214 "GET /v2.0/security-groups?name=tempest-securitygroup--1640086966&fields=id&tenant_id=fe289c65a1534db89b158341073fd303 HTTP/1.1" status: 200 len: 267 time: 0.0601604
2026-07-10 00:59:55.837 9 INFO neutron.wsgi [None req-2b969ba4-739e-4e7c-b726-a17ed357931a 56c6772adfff4b8393a13f2b9af9b2bf d680de4b18024d4eb548d810135332d0 - - default default] 10.0.0.104 "GET /v2.0/security-groups?tenant_id=d70e937fd8354ee9a4d07e13eaeb6cf7&name=default HTTP/1.1" status: 200 len: 2996 time: 0.1841741
2026-07-10 00:59:55.917 10 INFO neutron.wsgi [req-fe8214ee-57a1-4918-b314-0db8dfa95837 req-03483a22-8960-462b-aa89-4a2520ef57be e5c325e277ca47059a4070e49fc79bef fe289c65a1534db89b158341073fd303 - - default default] 10.0.0.214 "GET /v2.0/networks?id=455167b6-419c-4e2a-ab55-143ed86430de HTTP/1.1" status: 200 len: 875 time: 0.1098535
2026-07-10 00:59:55.938 10 INFO neutron.wsgi [None req-7dad362a-2bc9-4a8b-8846-05b4241e1621 8dd8ebc726624fb583c7b82ab479c804 c2d0be8bd2d04bafa98a7c6863a27451 - - default default] 10.0.0.104 "GET /v2.0/networks/80540bee-cd19-46db-a3f4-dc6e3684b37d HTTP/1.1" status: 200 len: 848 time: 0.1423678
2026-07-10 00:59:55.939 10 INFO neutron.wsgi [req-fe8214ee-57a1-4918-b314-0db8dfa95837 req-1afb4acf-0abb-4311-893e-dd93241ab13c e5c325e277ca47059a4070e49fc79bef fe289c65a1534db89b158341073fd303 - - default default] 10.0.0.214 "GET /v2.0/quotas/fe289c65a1534db89b158341073fd303 HTTP/1.1" status: 200 len: 386 time: 0.0136986
2026-07-10 00:59:56.052 10 INFO neutron.wsgi [req-fe8214ee-57a1-4918-b314-0db8dfa95837 req-146a25b9-bca5-49b2-8b1e-a2dfecfa51f4 e5c325e277ca47059a4070e49fc79bef fe289c65a1534db89b158341073fd303 - - default default] 10.0.0.214 "GET /v2.0/ports?tenant_id=fe289c65a1534db89b158341073fd303&fields=id HTTP/1.1" status: 200 len: 302 time: 0.1057119
2026-07-10 00:59:56.058 9 INFO neutron.wsgi [None req-f5edf35f-4213-458e-a8dd-2db2375ceeb8 56c6772adfff4b8393a13f2b9af9b2bf d680de4b18024d4eb548d810135332d0 - - default default] 10.0.0.104 "DELETE /v2.0/security-groups/39402a90-84d4-43ed-9cc2-c475e542f0de HTTP/1.1" status: 204 len: 168 time: 0.2157197
2026-07-10 00:59:56.158 10 INFO neutron.wsgi [req-fe8214ee-57a1-4918-b314-0db8dfa95837 req-b425aa81-99d5-40e4-9213-175d814d2ef7 9cbdeaa65bb04cf5af54ce8be9ca4bfd 5234372e431e4155a18942f862c2b3ea - - 591d98c7de1d4b87afdd40c5d6f503da 591d98c7de1d4b87afdd40c5d6f503da] 10.0.0.214 "GET /v2.0/networks/455167b6-419c-4e2a-ab55-143ed86430de?fields=segments HTTP/1.1" status: 200 len: 212 time: 0.0921278
2026-07-10 00:59:56.222 10 INFO neutron.wsgi [req-fe8214ee-57a1-4918-b314-0db8dfa95837 req-fc611090-6901-4695-a3cd-45fc167def23 9cbdeaa65bb04cf5af54ce8be9ca4bfd 5234372e431e4155a18942f862c2b3ea - - 591d98c7de1d4b87afdd40c5d6f503da 591d98c7de1d4b87afdd40c5d6f503da] 10.0.0.214 "GET /v2.0/networks/455167b6-419c-4e2a-ab55-143ed86430de?fields=provider%3Aphysical_network&fields=provider%3Anetwork_type HTTP/1.1" status: 200 len: 277 time: 0.0562680
2026-07-10 00:59:56.401 9 INFO neutron.wsgi [req-2239ddc4-3e59-41a9-b453-10b557b3e6f4 req-512f16c1-3091-47b7-92c0-64b48c4759e9 e5c325e277ca47059a4070e49fc79bef fe289c65a1534db89b158341073fd303 - - default default] 10.0.0.214 "GET /v2.0/ports?device_id=ee6cafb4-50bc-44a6-af66-0f36c26479f8 HTTP/1.1" status: 200 len: 210 time: 0.0272613
2026-07-10 00:59:56.423 10 INFO neutron.pecan_wsgi.hooks.translation [None req-9e9bde3c-d3c9-4995-9e87-a80e1f1a8462 343a1fa3cc144b53abf5fa294ae8aed6 c78ef914cdd54288a22a24e15c3ec351 - - default default] GET failed (client error): The resource could not be found.
2026-07-10 00:59:56.425 10 INFO neutron.wsgi [None req-9e9bde3c-d3c9-4995-9e87-a80e1f1a8462 343a1fa3cc144b53abf5fa294ae8aed6 c78ef914cdd54288a22a24e15c3ec351 - - default default] 10.0.0.104 "GET /v2.0/networks/80540bee-cd19-46db-a3f4-dc6e3684b37d HTTP/1.1" status: 404 len: 339 time: 0.1262434
2026-07-10 00:59:56.942 10 INFO neutron.services.segments.plugin [-] Segment 244fcd39-38d4-4780-8537-390bddd6ea78 resource provider aggregate not found
2026-07-10 00:59:56.950 10 INFO neutron.services.segments.plugin [-] Segment 244fcd39-38d4-4780-8537-390bddd6ea78 resource provider aggregate not found
2026-07-10 00:59:56.959 10 INFO neutron.services.segments.plugin [-] Segment 244fcd39-38d4-4780-8537-390bddd6ea78 resource provider not found; error: Placement Client Error (4xx): {"errors": [{"status": 404, "title": "Not Found", "detail": "The resource could not be found.\n\n No resource provider with uuid 244fcd39-38d4-4780-8537-390bddd6ea78 found for delete ", "request_id": "req-1334540d-ba2c-448a-b59f-79b4223b6f6f"}]}
2026-07-10 00:59:56.968 10 INFO neutron.services.segments.plugin [-] Segment 244fcd39-38d4-4780-8537-390bddd6ea78 resource provider not found; error: Placement Client Error (4xx): {"errors": [{"status": 404, "title": "Not Found", "detail": "The resource could not be found.\n\n No resource provider with uuid 244fcd39-38d4-4780-8537-390bddd6ea78 found for delete ", "request_id": "req-861917f5-0ccc-46fd-841f-d9d7a8e04ec8"}]}
2026-07-10 00:59:56.991 10 INFO neutron.wsgi [None req-ce8b712a-f7ca-4bd3-a3f2-cd54d044aa52 0c8bc120648a47dba8b0412ecd0ab747 e49f4cb023ee4d52966ced09c0525833 - - default default] 10.0.0.104 "DELETE /v2.0/networks/80540bee-cd19-46db-a3f4-dc6e3684b37d HTTP/1.1" status: 204 len: 168 time: 0.5611420
2026-07-10 00:59:57.018 10 INFO neutron.pecan_wsgi.hooks.translation [None req-938a2fa0-eb54-4ada-841c-ff2aa97c3e6e 0c8bc120648a47dba8b0412ecd0ab747 e49f4cb023ee4d52966ced09c0525833 - - default default] DELETE failed (client error): The resource could not be found.
2026-07-10 00:59:57.021 10 INFO neutron.wsgi [None req-938a2fa0-eb54-4ada-841c-ff2aa97c3e6e 0c8bc120648a47dba8b0412ecd0ab747 e49f4cb023ee4d52966ced09c0525833 - - default default] 10.0.0.104 "DELETE /v2.0/subnets/3cbeea1f-570f-472a-b9e9-a3b0b31e31d5 HTTP/1.1" status: 404 len: 337 time: 0.0240703
2026-07-10 00:59:57.052 10 INFO neutron.pecan_wsgi.hooks.translation [None req-87613a3b-87fb-45a4-9345-ec85557a9d63 0c8bc120648a47dba8b0412ecd0ab747 e49f4cb023ee4d52966ced09c0525833 - - default default] DELETE failed (client error): The resource could not be found.
2026-07-10 00:59:57.056 10 INFO neutron.wsgi [None req-87613a3b-87fb-45a4-9345-ec85557a9d63 0c8bc120648a47dba8b0412ecd0ab747 e49f4cb023ee4d52966ced09c0525833 - - default default] 10.0.0.104 "DELETE /v2.0/subnets/f6109392-430b-455b-b0bb-3d10e27397b4 HTTP/1.1" status: 404 len: 337 time: 0.0279262
2026-07-10 00:59:57.075 10 INFO neutron.pecan_wsgi.hooks.translation [None req-07c82f83-f146-448d-98f0-a6a4a8d38cdb 0c8bc120648a47dba8b0412ecd0ab747 e49f4cb023ee4d52966ced09c0525833 - - default default] DELETE failed (client error): The resource could not be found.
2026-07-10 00:59:57.078 10 INFO neutron.wsgi [None req-07c82f83-f146-448d-98f0-a6a4a8d38cdb 0c8bc120648a47dba8b0412ecd0ab747 e49f4cb023ee4d52966ced09c0525833 - - default default] 10.0.0.104 "DELETE /v2.0/subnets/f1868a16-e24f-4106-9d81-f8f5bc40217a HTTP/1.1" status: 404 len: 337 time: 0.0162544
2026-07-10 00:59:57.270 9 INFO neutron.wsgi [req-fe8214ee-57a1-4918-b314-0db8dfa95837 req-f1a4441c-b438-4147-8aca-0cac4e0d8a99 e5c325e277ca47059a4070e49fc79bef fe289c65a1534db89b158341073fd303 - - default default] 199.204.45.129 "GET /v2.0/networks?id=455167b6-419c-4e2a-ab55-143ed86430de HTTP/1.1" status: 200 len: 875 time: 0.0679173
2026-07-10 00:59:57.318 9 INFO neutron.wsgi [req-fe8214ee-57a1-4918-b314-0db8dfa95837 req-0961a71d-8ec8-468d-adb6-df6bb7bb768f e5c325e277ca47059a4070e49fc79bef fe289c65a1534db89b158341073fd303 - - default default] 199.204.45.129 "GET /v2.0/security-groups?fields=id&fields=name&tenant_id=fe289c65a1534db89b158341073fd303 HTTP/1.1" status: 200 len: 380 time: 0.0431414
2026-07-10 00:59:57.497 10 INFO neutron.wsgi [req-aee5a8b5-05e5-4127-9cc3-f49560b84428 req-13a331d1-d7c9-4e06-91d8-709a6a24347f e5c325e277ca47059a4070e49fc79bef fe289c65a1534db89b158341073fd303 - - default default] 10.0.0.214 "GET /v2.0/ports?device_id=ee6cafb4-50bc-44a6-af66-0f36c26479f8 HTTP/1.1" status: 200 len: 210 time: 0.0182679
2026-07-10 00:59:57.752 9 WARNING neutron.scheduler.dhcp_agent_scheduler [req-fe8214ee-57a1-4918-b314-0db8dfa95837 req-16166478-6700-4b55-8f86-b2be25a7680e e5c325e277ca47059a4070e49fc79bef fe289c65a1534db89b158341073fd303 - - default default] No more DHCP agents
2026-07-10 00:59:57.760 9 WARNING neutron.api.rpc.agentnotifiers.dhcp_rpc_agent_api [req-fe8214ee-57a1-4918-b314-0db8dfa95837 req-16166478-6700-4b55-8f86-b2be25a7680e e5c325e277ca47059a4070e49fc79bef fe289c65a1534db89b158341073fd303 - - default default] Unable to schedule network 455167b6-419c-4e2a-ab55-143ed86430de: no agents available; will retry on subsequent port and subnet creation events.
2026-07-10 00:59:57.937 9 INFO neutron.db.ovn_revision_numbers_db [req-fe8214ee-57a1-4918-b314-0db8dfa95837 req-16166478-6700-4b55-8f86-b2be25a7680e e5c325e277ca47059a4070e49fc79bef fe289c65a1534db89b158341073fd303 - - default default] Successfully bumped revision number for resource c74ccdb9-0013-4f5e-b5ca-c585af0116c9 (type: ports) to 1
2026-07-10 00:59:57.962 9 INFO neutron.wsgi [req-fe8214ee-57a1-4918-b314-0db8dfa95837 req-16166478-6700-4b55-8f86-b2be25a7680e e5c325e277ca47059a4070e49fc79bef fe289c65a1534db89b158341073fd303 - - default default] 199.204.45.129 "POST /v2.0/ports HTTP/1.1" status: 201 len: 1162 time: 0.6361263 /var/lib/openstack/lib/python3.10/site-packages/pycadf/identifier.py:71: UserWarning: Invalid uuid: neutron. To ensure interoperability, identifiers should be a valid uuid. warnings.warn(('Invalid uuid: %s. To ensure interoperability, '
2026-07-10 00:59:58.252 9 WARNING neutron.plugins.ml2.drivers.ovn.mech_driver.ovsdb.ovn_client [None req-68f0aecd-e420-4465-bc9d-e7dcac7cdc43 - - - - - -] No hosting information found for port bc62fd59-518a-4409-9011-54fd8e2f03e1: RuntimeError: No hosting information found for port bc62fd59-518a-4409-9011-54fd8e2f03e1
2026-07-10 00:59:58.258 9 INFO neutron.db.ovn_revision_numbers_db [None req-ff8fe24e-2618-45f2-8296-0badc1790ddc 56c6772adfff4b8393a13f2b9af9b2bf d680de4b18024d4eb548d810135332d0 - - default default] Successfully bumped revision number for resource 273da51b-f6ba-4cd6-aa5b-2a321671ca3d (type: security_groups) to 1
2026-07-10 00:59:58.286 9 INFO neutron.db.ovn_revision_numbers_db [None req-ff8fe24e-2618-45f2-8296-0badc1790ddc 56c6772adfff4b8393a13f2b9af9b2bf d680de4b18024d4eb548d810135332d0 - - default default] Successfully bumped revision number for resource 1b0f653b-9b8e-47a7-907a-e9905aac1412 (type: security_group_rules) to 0
2026-07-10 00:59:58.306 9 INFO neutron.db.ovn_revision_numbers_db [None req-ff8fe24e-2618-45f2-8296-0badc1790ddc 56c6772adfff4b8393a13f2b9af9b2bf d680de4b18024d4eb548d810135332d0 - - default default] Successfully bumped revision number for resource 368bc2c8-d722-4b12-8e2f-7c539ac88b9c (type: security_group_rules) to 0
2026-07-10 00:59:58.326 9 INFO neutron.db.ovn_revision_numbers_db [None req-ff8fe24e-2618-45f2-8296-0badc1790ddc 56c6772adfff4b8393a13f2b9af9b2bf d680de4b18024d4eb548d810135332d0 - - default default] Successfully bumped revision number for resource 4c165998-4e48-445d-b1b9-f69b485e829a (type: security_group_rules) to 0
2026-07-10 00:59:58.340 9 INFO neutron.db.ovn_revision_numbers_db [None req-ff8fe24e-2618-45f2-8296-0badc1790ddc 56c6772adfff4b8393a13f2b9af9b2bf d680de4b18024d4eb548d810135332d0 - - default default] Successfully bumped revision number for resource a322d4e4-bb89-4344-ad82-1b7b41264c8a (type: security_group_rules) to 0
2026-07-10 00:59:58.377 9 INFO neutron.wsgi [None req-ff8fe24e-2618-45f2-8296-0badc1790ddc 56c6772adfff4b8393a13f2b9af9b2bf d680de4b18024d4eb548d810135332d0 - - default default] 10.0.0.104 "GET /v2.0/security-groups?tenant_id=c78ef914cdd54288a22a24e15c3ec351&name=default HTTP/1.1" status: 200 len: 2996 time: 0.4859087
2026-07-10 00:59:58.431 9 INFO neutron.db.ovn_revision_numbers_db [req-fe8214ee-57a1-4918-b314-0db8dfa95837 req-2fdf6d1c-6372-42f0-b276-02f38d89c203 9cbdeaa65bb04cf5af54ce8be9ca4bfd 5234372e431e4155a18942f862c2b3ea - - 591d98c7de1d4b87afdd40c5d6f503da 591d98c7de1d4b87afdd40c5d6f503da] Successfully bumped revision number for resource c74ccdb9-0013-4f5e-b5ca-c585af0116c9 (type: ports) to 2
2026-07-10 00:59:58.592 10 INFO neutron.wsgi [None req-e2148d3f-6e53-40e3-8c94-65876031ea95 56c6772adfff4b8393a13f2b9af9b2bf d680de4b18024d4eb548d810135332d0 - - default default] 10.0.0.104 "DELETE /v2.0/security-groups/273da51b-f6ba-4cd6-aa5b-2a321671ca3d HTTP/1.1" status: 204 len: 168 time: 0.2053349 /var/lib/openstack/lib/python3.10/site-packages/pycadf/identifier.py:71: UserWarning: Invalid uuid: neutron. To ensure interoperability, identifiers should be a valid uuid. warnings.warn(('Invalid uuid: %s. To ensure interoperability, '
2026-07-10 00:59:58.697 9 INFO neutron.db.ovn_revision_numbers_db [req-fe8214ee-57a1-4918-b314-0db8dfa95837 req-2fdf6d1c-6372-42f0-b276-02f38d89c203 9cbdeaa65bb04cf5af54ce8be9ca4bfd 5234372e431e4155a18942f862c2b3ea - - 591d98c7de1d4b87afdd40c5d6f503da 591d98c7de1d4b87afdd40c5d6f503da] Successfully bumped revision number for resource c74ccdb9-0013-4f5e-b5ca-c585af0116c9 (type: ports) to 2
2026-07-10 00:59:58.718 9 INFO neutron.wsgi [req-fe8214ee-57a1-4918-b314-0db8dfa95837 req-2fdf6d1c-6372-42f0-b276-02f38d89c203 9cbdeaa65bb04cf5af54ce8be9ca4bfd 5234372e431e4155a18942f862c2b3ea - - 591d98c7de1d4b87afdd40c5d6f503da 591d98c7de1d4b87afdd40c5d6f503da] 199.204.45.129 "PUT /v2.0/ports/c74ccdb9-0013-4f5e-b5ca-c585af0116c9 HTTP/1.1" status: 200 len: 1380 time: 0.7485213
2026-07-10 00:59:58.746 9 INFO neutron.wsgi [req-31062532-12a9-441d-88ae-786866d638f0 req-6813a510-8a51-4883-9417-cdedad45ccf2 e5c325e277ca47059a4070e49fc79bef fe289c65a1534db89b158341073fd303 - - default default] 10.0.0.214 "GET /v2.0/ports?device_id=ee6cafb4-50bc-44a6-af66-0f36c26479f8 HTTP/1.1" status: 200 len: 1172 time: 0.1390202
2026-07-10 00:59:58.787 9 INFO neutron.notifiers.nova [-] Nova event matching ['req-9263d7ad-f481-4a5e-b384-4e4a8cb62e6b'] response: {'name': 'network-changed', 'server_uuid': 'ee6cafb4-50bc-44a6-af66-0f36c26479f8', 'tag': 'c74ccdb9-0013-4f5e-b5ca-c585af0116c9', 'status': 'completed', 'code': 200}
2026-07-10 00:59:58.803 9 INFO neutron.wsgi [req-fe8214ee-57a1-4918-b314-0db8dfa95837 req-7c19e08c-aa36-4f08-bda6-9dcd531e86c8 9cbdeaa65bb04cf5af54ce8be9ca4bfd 5234372e431e4155a18942f862c2b3ea - - 591d98c7de1d4b87afdd40c5d6f503da 591d98c7de1d4b87afdd40c5d6f503da] 199.204.45.129 "GET /v2.0/ports?tenant_id=fe289c65a1534db89b158341073fd303&device_id=ee6cafb4-50bc-44a6-af66-0f36c26479f8 HTTP/1.1" status: 200 len: 1411 time: 0.0356843
2026-07-10 00:59:58.806 9 INFO neutron.wsgi [req-31062532-12a9-441d-88ae-786866d638f0 req-dc19f457-166a-4e39-ba49-7d4b3e74b2b2 e5c325e277ca47059a4070e49fc79bef fe289c65a1534db89b158341073fd303 - - default default] 10.0.0.214 "GET /v2.0/security-groups?id=07f63b83-cb27-40e1-a078-acce040c633d&fields=id&fields=name HTTP/1.1" status: 200 len: 313 time: 0.0537314
2026-07-10 00:59:58.834 9 INFO neutron.wsgi [req-fe8214ee-57a1-4918-b314-0db8dfa95837 req-76238c72-22b0-4f98-83a9-4bdac8853dc9 9cbdeaa65bb04cf5af54ce8be9ca4bfd 5234372e431e4155a18942f862c2b3ea - - 591d98c7de1d4b87afdd40c5d6f503da 591d98c7de1d4b87afdd40c5d6f503da] 199.204.45.129 "GET /v2.0/floatingips?fixed_ip_address=10.100.0.12&port_id=c74ccdb9-0013-4f5e-b5ca-c585af0116c9 HTTP/1.1" status: 200 len: 217 time: 0.0234187
2026-07-10 00:59:58.842 10 INFO neutron.wsgi [None req-43718e77-7bdc-47dc-a540-77d4c6df6015 56c6772adfff4b8393a13f2b9af9b2bf d680de4b18024d4eb548d810135332d0 - - default default] 10.0.0.104 "GET /v2.0/security-groups?tenant_id=e49f4cb023ee4d52966ced09c0525833&name=default HTTP/1.1" status: 200 len: 2996 time: 0.0491874
2026-07-10 00:59:58.874 9 INFO neutron.wsgi [req-fe8214ee-57a1-4918-b314-0db8dfa95837 req-53f16d78-7664-4307-9005-7ae0869b19fc 9cbdeaa65bb04cf5af54ce8be9ca4bfd 5234372e431e4155a18942f862c2b3ea - - 591d98c7de1d4b87afdd40c5d6f503da 591d98c7de1d4b87afdd40c5d6f503da] 199.204.45.129 "GET /v2.0/subnets?id=b47c5c05-9c4f-42e3-9fa1-c7ef7c780ed2 HTTP/1.1" status: 200 len: 869 time: 0.0317023
2026-07-10 00:59:58.898 9 INFO neutron.wsgi [req-fe8214ee-57a1-4918-b314-0db8dfa95837 req-ee636b1e-6c2e-4e26-bc9a-901d9b57774d 9cbdeaa65bb04cf5af54ce8be9ca4bfd 5234372e431e4155a18942f862c2b3ea - - 591d98c7de1d4b87afdd40c5d6f503da 591d98c7de1d4b87afdd40c5d6f503da] 199.204.45.129 "GET /v2.0/ports?network_id=455167b6-419c-4e2a-ab55-143ed86430de&device_owner=network%3Adhcp HTTP/1.1" status: 200 len: 210 time: 0.0191026
2026-07-10 00:59:58.960 9 INFO neutron.wsgi [req-fe8214ee-57a1-4918-b314-0db8dfa95837 req-585752aa-0387-4480-9c41-dfed1b134628 9cbdeaa65bb04cf5af54ce8be9ca4bfd 5234372e431e4155a18942f862c2b3ea - - 591d98c7de1d4b87afdd40c5d6f503da 591d98c7de1d4b87afdd40c5d6f503da] 199.204.45.129 "GET /v2.0/networks/455167b6-419c-4e2a-ab55-143ed86430de?fields=segments HTTP/1.1" status: 200 len: 212 time: 0.0558014
2026-07-10 00:59:59.024 9 INFO neutron.wsgi [req-fe8214ee-57a1-4918-b314-0db8dfa95837 req-1497d0b1-d06a-4bde-97a6-bd624ee3f95a 9cbdeaa65bb04cf5af54ce8be9ca4bfd 5234372e431e4155a18942f862c2b3ea - - 591d98c7de1d4b87afdd40c5d6f503da 591d98c7de1d4b87afdd40c5d6f503da] 199.204.45.129 "GET /v2.0/networks/455167b6-419c-4e2a-ab55-143ed86430de?fields=provider%3Aphysical_network&fields=provider%3Anetwork_type HTTP/1.1" status: 200 len: 277 time: 0.0587454
2026-07-10 00:59:59.126 10 INFO neutron.wsgi [None req-9001f806-da01-415f-8334-2b838fde6a67 56c6772adfff4b8393a13f2b9af9b2bf d680de4b18024d4eb548d810135332d0 - - default default] 10.0.0.104 "DELETE /v2.0/security-groups/2073a14b-10e7-4a39-823d-bf74bc5e3c43 HTTP/1.1" status: 204 len: 168 time: 0.2751698
2026-07-10 00:59:59.131 9 INFO neutron.wsgi [req-5fdcd39b-c14f-4d1e-9af0-48ffc09234be req-180aaeec-feac-431b-9d3d-e7ee8d3e8117 9cbdeaa65bb04cf5af54ce8be9ca4bfd 5234372e431e4155a18942f862c2b3ea - - 591d98c7de1d4b87afdd40c5d6f503da 591d98c7de1d4b87afdd40c5d6f503da] 199.204.45.129 "GET /v2.0/ports?tenant_id=fe289c65a1534db89b158341073fd303&device_id=ee6cafb4-50bc-44a6-af66-0f36c26479f8 HTTP/1.1" status: 200 len: 1411 time: 0.0629649
2026-07-10 00:59:59.223 9 INFO neutron.wsgi [req-5fdcd39b-c14f-4d1e-9af0-48ffc09234be req-b59efa3d-0626-471c-8eae-dc25e309ebc5 9cbdeaa65bb04cf5af54ce8be9ca4bfd 5234372e431e4155a18942f862c2b3ea - - 591d98c7de1d4b87afdd40c5d6f503da 591d98c7de1d4b87afdd40c5d6f503da] 199.204.45.129 "GET /v2.0/networks?id=455167b6-419c-4e2a-ab55-143ed86430de HTTP/1.1" status: 200 len: 974 time: 0.0859668
2026-07-10 00:59:59.229 10 INFO neutron.plugins.ml2.drivers.ovn.mech_driver.mech_driver [None req-8188d7f9-7e32-405c-a9c0-d725ce4f79ec - - - - - -] OVN reports status up for port: c74ccdb9-0013-4f5e-b5ca-c585af0116c9
2026-07-10 00:59:59.339 10 INFO neutron.plugins.ml2.plugin [None req-8188d7f9-7e32-405c-a9c0-d725ce4f79ec - - - - - -] Attempt 1 to provision port c74ccdb9-0013-4f5e-b5ca-c585af0116c9
2026-07-10 00:59:59.364 9 INFO neutron.wsgi [req-5fdcd39b-c14f-4d1e-9af0-48ffc09234be req-fd1c77b7-c408-411a-a915-65c9331b4b32 9cbdeaa65bb04cf5af54ce8be9ca4bfd 5234372e431e4155a18942f862c2b3ea - - 591d98c7de1d4b87afdd40c5d6f503da 591d98c7de1d4b87afdd40c5d6f503da] 199.204.45.129 "GET /v2.0/floatingips?fixed_ip_address=10.100.0.12&port_id=c74ccdb9-0013-4f5e-b5ca-c585af0116c9 HTTP/1.1" status: 200 len: 217 time: 0.1016443
2026-07-10 00:59:59.448 9 INFO neutron.wsgi [req-5fdcd39b-c14f-4d1e-9af0-48ffc09234be req-6e50966c-aab0-4ee0-ab93-f00dd631df3e 9cbdeaa65bb04cf5af54ce8be9ca4bfd 5234372e431e4155a18942f862c2b3ea - - 591d98c7de1d4b87afdd40c5d6f503da 591d98c7de1d4b87afdd40c5d6f503da] 199.204.45.129 "GET /v2.0/subnets?id=b47c5c05-9c4f-42e3-9fa1-c7ef7c780ed2 HTTP/1.1" status: 200 len: 869 time: 0.0789502
2026-07-10 00:59:59.490 9 INFO neutron.wsgi [req-5fdcd39b-c14f-4d1e-9af0-48ffc09234be req-f4ac56a8-aa1e-44b2-8b72-bb71c0454b73 9cbdeaa65bb04cf5af54ce8be9ca4bfd 5234372e431e4155a18942f862c2b3ea - - 591d98c7de1d4b87afdd40c5d6f503da 591d98c7de1d4b87afdd40c5d6f503da] 199.204.45.129 "GET /v2.0/ports?network_id=455167b6-419c-4e2a-ab55-143ed86430de&device_owner=network%3Adhcp HTTP/1.1" status: 200 len: 210 time: 0.0275545
2026-07-10 00:59:59.523 10 INFO neutron.notifiers.nova [-] Nova event matching ['req-e1b54ba6-6214-4b7c-b4bd-1cd37016f2e0'] response: {'server_uuid': 'ee6cafb4-50bc-44a6-af66-0f36c26479f8', 'name': 'network-vif-plugged', 'status': 'completed', 'tag': 'c74ccdb9-0013-4f5e-b5ca-c585af0116c9', 'code': 200}
2026-07-10 00:59:59.580 9 INFO neutron.wsgi [req-5fdcd39b-c14f-4d1e-9af0-48ffc09234be req-d6d418dd-03d3-43da-92b5-a26fea454977 9cbdeaa65bb04cf5af54ce8be9ca4bfd 5234372e431e4155a18942f862c2b3ea - - 591d98c7de1d4b87afdd40c5d6f503da 591d98c7de1d4b87afdd40c5d6f503da] 199.204.45.129 "GET /v2.0/networks/455167b6-419c-4e2a-ab55-143ed86430de?fields=segments HTTP/1.1" status: 200 len: 212 time: 0.0842214
2026-07-10 00:59:59.663 10 INFO neutron.db.ovn_revision_numbers_db [None req-702e9568-894a-46ad-bac5-deeb6fb4dfe0 56c6772adfff4b8393a13f2b9af9b2bf d680de4b18024d4eb548d810135332d0 - - default default] Successfully bumped revision number for resource 1375ee25-436c-46a7-952b-cdd1ab598d2e (type: security_groups) to 1
2026-07-10 00:59:59.667 9 INFO neutron.wsgi [req-5fdcd39b-c14f-4d1e-9af0-48ffc09234be req-e808876b-c6f3-4337-8004-78b78a27163f 9cbdeaa65bb04cf5af54ce8be9ca4bfd 5234372e431e4155a18942f862c2b3ea - - 591d98c7de1d4b87afdd40c5d6f503da 591d98c7de1d4b87afdd40c5d6f503da] 199.204.45.129 "GET /v2.0/networks/455167b6-419c-4e2a-ab55-143ed86430de?fields=provider%3Aphysical_network&fields=provider%3Anetwork_type HTTP/1.1" status: 200 len: 277 time: 0.0784614
2026-07-10 00:59:59.713 10 INFO neutron.db.ovn_revision_numbers_db [None req-702e9568-894a-46ad-bac5-deeb6fb4dfe0 56c6772adfff4b8393a13f2b9af9b2bf d680de4b18024d4eb548d810135332d0 - - default default] Successfully bumped revision number for resource 3d59e1c4-ffc7-4223-b358-6b99635a31cd (type: security_group_rules) to 0
2026-07-10 00:59:59.750 10 INFO neutron.db.ovn_revision_numbers_db [None req-702e9568-894a-46ad-bac5-deeb6fb4dfe0 56c6772adfff4b8393a13f2b9af9b2bf d680de4b18024d4eb548d810135332d0 - - default default] Successfully bumped revision number for resource b00fc715-2178-4ee8-90fb-75d6a5ad267b (type: security_group_rules) to 0
2026-07-10 00:59:59.765 10 INFO neutron.db.ovn_revision_numbers_db [None req-8188d7f9-7e32-405c-a9c0-d725ce4f79ec - - - - - -] Successfully bumped revision number for resource c74ccdb9-0013-4f5e-b5ca-c585af0116c9 (type: ports) to 4
2026-07-10 00:59:59.795 10 INFO neutron.db.ovn_revision_numbers_db [None req-702e9568-894a-46ad-bac5-deeb6fb4dfe0 56c6772adfff4b8393a13f2b9af9b2bf d680de4b18024d4eb548d810135332d0 - - default default] Successfully bumped revision number for resource c6fa2d1a-5ee3-4d1a-9885-f6c62cdd9865 (type: security_group_rules) to 0
2026-07-10 00:59:59.835 10 INFO neutron.db.ovn_revision_numbers_db [None req-702e9568-894a-46ad-bac5-deeb6fb4dfe0 56c6772adfff4b8393a13f2b9af9b2bf d680de4b18024d4eb548d810135332d0 - - default default] Successfully bumped revision number for resource d7b9d586-4671-4a75-bf27-7cfaec560f76 (type: security_group_rules) to 0
2026-07-10 00:59:59.863 10 INFO neutron.wsgi [None req-702e9568-894a-46ad-bac5-deeb6fb4dfe0 56c6772adfff4b8393a13f2b9af9b2bf d680de4b18024d4eb548d810135332d0 - - default default] 10.0.0.104 "GET /v2.0/security-groups?tenant_id=c2d0be8bd2d04bafa98a7c6863a27451&name=default HTTP/1.1" status: 200 len: 2996 time: 0.3771310
2026-07-10 00:59:59.940 9 INFO neutron.wsgi [req-64c3efab-1799-423a-ad68-60fb4f00a1fa req-2c602289-7163-47af-83e7-74615591494e e5c325e277ca47059a4070e49fc79bef fe289c65a1534db89b158341073fd303 - - default default] 10.0.0.214 "GET /v2.0/ports?device_id=ee6cafb4-50bc-44a6-af66-0f36c26479f8 HTTP/1.1" status: 200 len: 1174 time: 0.0604620
2026-07-10 00:59:59.993 9 INFO neutron.wsgi [req-64c3efab-1799-423a-ad68-60fb4f00a1fa req-e0c605b6-1eba-43ac-9946-7ee4a0c293ce e5c325e277ca47059a4070e49fc79bef fe289c65a1534db89b158341073fd303 - - default default] 10.0.0.214 "GET /v2.0/security-groups?id=07f63b83-cb27-40e1-a078-acce040c633d&fields=id&fields=name HTTP/1.1" status: 200 len: 313 time: 0.0462000
2026-07-10 01:00:00.181 9 INFO neutron.wsgi [None req-36363189-7730-4151-a34d-2739b88dbd89 56c6772adfff4b8393a13f2b9af9b2bf d680de4b18024d4eb548d810135332d0 - - default default] 10.0.0.104 "DELETE /v2.0/security-groups/1375ee25-436c-46a7-952b-cdd1ab598d2e HTTP/1.1" status: 204 len: 168 time: 0.3117430 /var/lib/openstack/lib/python3.10/site-packages/pycadf/identifier.py:71: UserWarning: Invalid uuid: neutron. To ensure interoperability, identifiers should be a valid uuid. warnings.warn(('Invalid uuid: %s. To ensure interoperability, '
2026-07-10 01:00:01.239 10 INFO neutron.wsgi [req-c4bd4193-8517-4ed9-bcd8-7c6b521b5386 req-78a57a51-bb2f-47c3-bee1-b5a40e1d84a7 e5c325e277ca47059a4070e49fc79bef fe289c65a1534db89b158341073fd303 - - default default] 10.0.0.214 "GET /v2.0/ports?device_id=ee6cafb4-50bc-44a6-af66-0f36c26479f8 HTTP/1.1" status: 200 len: 1174 time: 0.1466837
2026-07-10 01:00:01.605 10 INFO neutron.wsgi [req-c4bd4193-8517-4ed9-bcd8-7c6b521b5386 req-dfee34ae-9951-4dd6-8e9d-533d82bee891 e5c325e277ca47059a4070e49fc79bef fe289c65a1534db89b158341073fd303 - - default default] 10.0.0.214 "GET /v2.0/security-groups?id=07f63b83-cb27-40e1-a078-acce040c633d&fields=id&fields=name HTTP/1.1" status: 200 len: 313 time: 0.3575981
2026-07-10 01:00:01.606 10 INFO neutron.notifiers.nova [-] Nova event matching ['req-c8259c6c-2af3-4f05-96aa-157ad209f009'] response: {'server_uuid': 'ee6cafb4-50bc-44a6-af66-0f36c26479f8', 'name': 'network-vif-plugged', 'status': 'completed', 'tag': 'c74ccdb9-0013-4f5e-b5ca-c585af0116c9', 'code': 200}
2026-07-10 01:00:01.813 9 INFO neutron.wsgi [req-4dde96dd-b753-4278-ac80-84db6e9cb9df req-1edc1eeb-168b-49cc-a93c-06d064a78374 e5c325e277ca47059a4070e49fc79bef fe289c65a1534db89b158341073fd303 - - default default] 10.0.0.214 "GET /v2.0/ports?device_id=ee6cafb4-50bc-44a6-af66-0f36c26479f8 HTTP/1.1" status: 200 len: 1174 time: 0.1267278
2026-07-10 01:00:02.053 9 INFO neutron.db.l3_db [None req-88db3112-9305-4b9f-8a7e-00dd1aaec23d e5c325e277ca47059a4070e49fc79bef fe289c65a1534db89b158341073fd303 - - default default] Floating IP 6b7face7-8967-4db1-ae79-e7c5ad37caa8 associated. External IP: 10.96.250.213, port: c74ccdb9-0013-4f5e-b5ca-c585af0116c9.
2026-07-10 01:00:02.252 9 INFO neutron.db.ovn_revision_numbers_db [None req-88db3112-9305-4b9f-8a7e-00dd1aaec23d e5c325e277ca47059a4070e49fc79bef fe289c65a1534db89b158341073fd303 - - default default] Successfully bumped revision number for resource 6b7face7-8967-4db1-ae79-e7c5ad37caa8 (type: floatingips) to 1 /var/lib/openstack/lib/python3.10/site-packages/pycadf/identifier.py:71: UserWarning: Invalid uuid: neutron. To ensure interoperability, identifiers should be a valid uuid. warnings.warn(('Invalid uuid: %s. To ensure interoperability, '
2026-07-10 01:00:02.378 9 INFO neutron.db.ovn_revision_numbers_db [None req-88db3112-9305-4b9f-8a7e-00dd1aaec23d e5c325e277ca47059a4070e49fc79bef fe289c65a1534db89b158341073fd303 - - default default] Successfully bumped revision number for resource 6b7face7-8967-4db1-ae79-e7c5ad37caa8 (type: floatingips) to 2
2026-07-10 01:00:02.401 9 INFO neutron.wsgi [None req-88db3112-9305-4b9f-8a7e-00dd1aaec23d e5c325e277ca47059a4070e49fc79bef fe289c65a1534db89b158341073fd303 - - default default] 10.0.0.104 "PUT /v2.0/floatingips/6b7face7-8967-4db1-ae79-e7c5ad37caa8 HTTP/1.1" status: 200 len: 1050 time: 0.5787809
2026-07-10 01:00:02.442 9 INFO neutron.notifiers.nova [-] Nova event matching ['req-82f6d401-f3d9-4f37-adb2-275c67432472'] response: {'name': 'network-changed', 'server_uuid': 'ee6cafb4-50bc-44a6-af66-0f36c26479f8', 'tag': 'c74ccdb9-0013-4f5e-b5ca-c585af0116c9', 'status': 'completed', 'code': 200}
2026-07-10 01:00:02.494 10 INFO neutron.db.ovn_revision_numbers_db [None req-2bd4507f-512d-4035-8492-691664242adf 56c6772adfff4b8393a13f2b9af9b2bf d680de4b18024d4eb548d810135332d0 - - default default] Successfully bumped revision number for resource 57ab1dac-deb3-4474-b5c4-a938a8423e3e (type: security_groups) to 1
2026-07-10 01:00:02.499 9 INFO neutron.wsgi [req-56eef265-0924-4124-8c9f-e3da16a8a29f req-caaf144d-c3d5-4737-8d6c-965951d9a3bb 9cbdeaa65bb04cf5af54ce8be9ca4bfd 5234372e431e4155a18942f862c2b3ea - - 591d98c7de1d4b87afdd40c5d6f503da 591d98c7de1d4b87afdd40c5d6f503da] 199.204.45.129 "GET /v2.0/ports?tenant_id=fe289c65a1534db89b158341073fd303&device_id=ee6cafb4-50bc-44a6-af66-0f36c26479f8 HTTP/1.1" status: 200 len: 1413 time: 0.0317645
2026-07-10 01:00:02.500 10 INFO neutron.wsgi [req-10101620-2224-4a01-b74d-89eebf5d2152 req-06f8e191-131e-449f-a5e3-13bafbf57edf e5c325e277ca47059a4070e49fc79bef fe289c65a1534db89b158341073fd303 - - default default] 10.0.0.214 "GET /v2.0/ports?device_id=ee6cafb4-50bc-44a6-af66-0f36c26479f8 HTTP/1.1" status: 200 len: 1174 time: 0.0393126
2026-07-10 01:00:02.514 10 INFO neutron.db.ovn_revision_numbers_db [None req-2bd4507f-512d-4035-8492-691664242adf 56c6772adfff4b8393a13f2b9af9b2bf d680de4b18024d4eb548d810135332d0 - - default default] Successfully bumped revision number for resource 1cb400ba-3475-45c7-91d5-b3004203953e (type: security_group_rules) to 0
2026-07-10 01:00:02.537 10 INFO neutron.db.ovn_revision_numbers_db [None req-2bd4507f-512d-4035-8492-691664242adf 56c6772adfff4b8393a13f2b9af9b2bf d680de4b18024d4eb548d810135332d0 - - default default] Successfully bumped revision number for resource 2af3b137-e55f-4a63-b6ef-c07baf08236f (type: security_group_rules) to 0
2026-07-10 01:00:02.557 10 INFO neutron.wsgi [req-10101620-2224-4a01-b74d-89eebf5d2152 req-f8ad0d8b-84bd-4e9c-ab86-2e34b379afef e5c325e277ca47059a4070e49fc79bef fe289c65a1534db89b158341073fd303 - - default default] 10.0.0.214 "GET /v2.0/security-groups?id=07f63b83-cb27-40e1-a078-acce040c633d&fields=id&fields=name HTTP/1.1" status: 200 len: 313 time: 0.0476220
2026-07-10 01:00:02.568 10 INFO neutron.db.ovn_revision_numbers_db [None req-2bd4507f-512d-4035-8492-691664242adf 56c6772adfff4b8393a13f2b9af9b2bf d680de4b18024d4eb548d810135332d0 - - default default] Successfully bumped revision number for resource bfa0b76d-0493-4d5d-9d0d-db6fab3014a1 (type: security_group_rules) to 0
