2026-07-10 01:01:33.804 10 WARNING neutron.api.rpc.agentnotifiers.dhcp_rpc_agent_api [None req-08ebad4d-d2e8-4f40-824d-a117eed3b21d 866a593c0fd94cf3b10e1fbdcf94f6a9 cb061229aa9a45febbe6470c28f07492 - - default default] Unable to schedule network 83996318-4b8f-40df-a9cd-6977c54d69a2: no agents available; will retry on subsequent port and subnet creation events.
2026-07-10 01:01:33.822 9 INFO neutron.wsgi [None req-f73bdddf-143d-4897-a0cd-5a1cfa87badf 9ddddae101bc481bb062333ee99e0c57 733832f09fc140f49ea4d9c439a4f6e9 - - default default] 10.0.0.104 "PUT /v2.0/security-groups/405b6316-31d3-47a0-b3d0-89946bbdc5c6/tags HTTP/1.1" status: 200 len: 230 time: 0.0351648
2026-07-10 01:01:33.847 9 INFO neutron.wsgi [None req-4c954a81-d0df-4acf-b545-f40935bde061 9ddddae101bc481bb062333ee99e0c57 733832f09fc140f49ea4d9c439a4f6e9 - - default default] 10.0.0.104 "GET /v2.0/security-groups/405b6316-31d3-47a0-b3d0-89946bbdc5c6/tags HTTP/1.1" status: 200 len: 230 time: 0.0190361
2026-07-10 01:01:33.855 10 INFO neutron.db.ovn_revision_numbers_db [None req-8188d7f9-7e32-405c-a9c0-d725ce4f79ec - - - - - -] Successfully bumped revision number for resource 6a535d42-9668-4ef3-a16b-89613cc16ef8 (type: ports) to 2
2026-07-10 01:01:33.871 9 INFO neutron.wsgi [None req-15a49cc4-9235-423e-b86b-723a693603cd 9ddddae101bc481bb062333ee99e0c57 733832f09fc140f49ea4d9c439a4f6e9 - - default default] 10.0.0.104 "GET /v2.0/security-groups/405b6316-31d3-47a0-b3d0-89946bbdc5c6/tags/red HTTP/1.1" status: 204 len: 168 time: 0.0194943
2026-07-10 01:01:33.892 9 INFO neutron.api.v2.resource [None req-32b7e8e7-c4a6-40f6-9ece-15e5bb8ff552 9ddddae101bc481bb062333ee99e0c57 733832f09fc140f49ea4d9c439a4f6e9 - - default default] show failed (client error): The resource could not be found.
2026-07-10 01:01:33.893 9 INFO neutron.wsgi [None req-32b7e8e7-c4a6-40f6-9ece-15e5bb8ff552 9ddddae101bc481bb062333ee99e0c57 733832f09fc140f49ea4d9c439a4f6e9 - - default default] 10.0.0.104 "GET /v2.0/security-groups/405b6316-31d3-47a0-b3d0-89946bbdc5c6/tags/green HTTP/1.1" status: 404 len: 299 time: 0.0162084
2026-07-10 01:01:33.934 9 INFO neutron.wsgi [None req-08274371-d7e8-485c-a63e-0cdaef6f2bcb 9ddddae101bc481bb062333ee99e0c57 733832f09fc140f49ea4d9c439a4f6e9 - - default default] 10.0.0.104 "DELETE /v2.0/security-groups/405b6316-31d3-47a0-b3d0-89946bbdc5c6/tags/red HTTP/1.1" status: 204 len: 168 time: 0.0363104
2026-07-10 01:01:33.957 9 INFO neutron.wsgi [None req-9a965129-2bc0-431c-ac35-355edf67acf2 9ddddae101bc481bb062333ee99e0c57 733832f09fc140f49ea4d9c439a4f6e9 - - default default] 10.0.0.104 "GET /v2.0/security-groups/405b6316-31d3-47a0-b3d0-89946bbdc5c6/tags HTTP/1.1" status: 200 len: 223 time: 0.0183523
2026-07-10 01:01:34.002 9 INFO neutron.api.v2.resource [None req-168101f0-7dec-4c05-9d65-a63e8103ff38 9ddddae101bc481bb062333ee99e0c57 733832f09fc140f49ea4d9c439a4f6e9 - - default default] delete failed (client error): The resource could not be found.
2026-07-10 01:01:34.003 9 INFO neutron.wsgi [None req-168101f0-7dec-4c05-9d65-a63e8103ff38 9ddddae101bc481bb062333ee99e0c57 733832f09fc140f49ea4d9c439a4f6e9 - - default default] 10.0.0.104 "DELETE /v2.0/security-groups/405b6316-31d3-47a0-b3d0-89946bbdc5c6/tags/green HTTP/1.1" status: 404 len: 299 time: 0.0398099
2026-07-10 01:01:34.019 10 INFO neutron.db.ovn_revision_numbers_db [None req-8188d7f9-7e32-405c-a9c0-d725ce4f79ec - - - - - -] Successfully bumped revision number for resource 6a535d42-9668-4ef3-a16b-89613cc16ef8 (type: router_ports) to 2
2026-07-10 01:01:34.043 9 INFO neutron.wsgi [None req-26dc960c-ae5f-45ef-8dbc-2cf92eea9870 9ddddae101bc481bb062333ee99e0c57 733832f09fc140f49ea4d9c439a4f6e9 - - default default] 10.0.0.104 "DELETE /v2.0/security-groups/405b6316-31d3-47a0-b3d0-89946bbdc5c6/tags HTTP/1.1" status: 204 len: 168 time: 0.0347407
2026-07-10 01:01:34.066 9 INFO neutron.wsgi [None req-07e57479-cb60-44e0-a8d4-f2f7a5e98aa1 9ddddae101bc481bb062333ee99e0c57 733832f09fc140f49ea4d9c439a4f6e9 - - default default] 10.0.0.104 "GET /v2.0/security-groups/405b6316-31d3-47a0-b3d0-89946bbdc5c6/tags HTTP/1.1" status: 200 len: 205 time: 0.0182807
2026-07-10 01:01:34.196 9 INFO neutron.wsgi [None req-de469785-b2af-4c0e-a8fd-b02f805bcef0 9ddddae101bc481bb062333ee99e0c57 733832f09fc140f49ea4d9c439a4f6e9 - - default default] 10.0.0.104 "DELETE /v2.0/security-groups/405b6316-31d3-47a0-b3d0-89946bbdc5c6 HTTP/1.1" status: 204 len: 168 time: 0.1248958
2026-07-10 01:01:34.393 10 INFO neutron.db.ovn_revision_numbers_db [None req-08ebad4d-d2e8-4f40-824d-a117eed3b21d 866a593c0fd94cf3b10e1fbdcf94f6a9 cb061229aa9a45febbe6470c28f07492 - - default default] Successfully bumped revision number for resource 6a535d42-9668-4ef3-a16b-89613cc16ef8 (type: router_ports) to 2
2026-07-10 01:01:34.396 10 INFO neutron.wsgi [None req-08ebad4d-d2e8-4f40-824d-a117eed3b21d 866a593c0fd94cf3b10e1fbdcf94f6a9 cb061229aa9a45febbe6470c28f07492 - - default default] 10.0.0.104 "PUT /v2.0/routers/4142abbe-3b9e-4802-95b1-298fdc6eb427/add_router_interface HTTP/1.1" status: 200 len: 503 time: 2.1556017
2026-07-10 01:01:34.759 9 INFO neutron.db.ovn_revision_numbers_db [None req-9e2d1085-b861-4afa-a8c5-eb4b329f7968 56c6772adfff4b8393a13f2b9af9b2bf d680de4b18024d4eb548d810135332d0 - - default default] Successfully bumped revision number for resource 27648621-cd59-438e-8d81-124be397ea33 (type: security_groups) to 1
2026-07-10 01:01:34.781 9 INFO neutron.db.ovn_revision_numbers_db [None req-9e2d1085-b861-4afa-a8c5-eb4b329f7968 56c6772adfff4b8393a13f2b9af9b2bf d680de4b18024d4eb548d810135332d0 - - default default] Successfully bumped revision number for resource 055a1c3e-2661-42dd-a5ba-fe14d4f412e5 (type: security_group_rules) to 0
2026-07-10 01:01:34.820 9 INFO neutron.db.ovn_revision_numbers_db [None req-9e2d1085-b861-4afa-a8c5-eb4b329f7968 56c6772adfff4b8393a13f2b9af9b2bf d680de4b18024d4eb548d810135332d0 - - default default] Successfully bumped revision number for resource 6cd53d35-869f-43a0-b990-023729a45c86 (type: security_group_rules) to 0
2026-07-10 01:01:34.824 9 WARNING neutron.scheduler.dhcp_agent_scheduler [None req-ff4a82c2-a45f-4521-9aad-172f8775cb63 866a593c0fd94cf3b10e1fbdcf94f6a9 cb061229aa9a45febbe6470c28f07492 - - default default] No more DHCP agents
2026-07-10 01:01:34.828 9 WARNING neutron.api.rpc.agentnotifiers.dhcp_rpc_agent_api [None req-ff4a82c2-a45f-4521-9aad-172f8775cb63 866a593c0fd94cf3b10e1fbdcf94f6a9 cb061229aa9a45febbe6470c28f07492 - - default default] Unable to schedule network 83996318-4b8f-40df-a9cd-6977c54d69a2: no agents available; will retry on subsequent port and subnet creation events.
2026-07-10 01:01:34.842 9 INFO neutron.db.ovn_revision_numbers_db [None req-9e2d1085-b861-4afa-a8c5-eb4b329f7968 56c6772adfff4b8393a13f2b9af9b2bf d680de4b18024d4eb548d810135332d0 - - default default] Successfully bumped revision number for resource 8acee791-ffdc-4e30-9dc4-682e90b5ed8f (type: security_group_rules) to 0
2026-07-10 01:01:34.862 9 INFO neutron.db.ovn_revision_numbers_db [None req-9e2d1085-b861-4afa-a8c5-eb4b329f7968 56c6772adfff4b8393a13f2b9af9b2bf d680de4b18024d4eb548d810135332d0 - - default default] Successfully bumped revision number for resource 9ec54c59-7de6-4208-89a8-78baa15849ff (type: security_group_rules) to 0
2026-07-10 01:01:34.890 9 INFO neutron.wsgi [None req-9e2d1085-b861-4afa-a8c5-eb4b329f7968 56c6772adfff4b8393a13f2b9af9b2bf d680de4b18024d4eb548d810135332d0 - - default default] 10.0.0.104 "GET /v2.0/security-groups?tenant_id=cbf3d971f4f543d7ba0d0fe41b5077fb&name=default HTTP/1.1" status: 200 len: 2996 time: 0.4983053
2026-07-10 01:01:35.046 9 INFO neutron.db.ovn_revision_numbers_db [None req-ff4a82c2-a45f-4521-9aad-172f8775cb63 866a593c0fd94cf3b10e1fbdcf94f6a9 cb061229aa9a45febbe6470c28f07492 - - default default] Successfully bumped revision number for resource 0861df4f-3467-4ce2-be6c-ead6eab0c3f8 (type: ports) to 1
2026-07-10 01:01:35.072 9 INFO neutron.wsgi [None req-ff4a82c2-a45f-4521-9aad-172f8775cb63 866a593c0fd94cf3b10e1fbdcf94f6a9 cb061229aa9a45febbe6470c28f07492 - - default default] 10.0.0.104 "POST /v2.0/ports HTTP/1.1" status: 201 len: 1157 time: 0.6694212
2026-07-10 01:01:35.160 10 INFO neutron.wsgi [None req-eb92a03b-34d0-4ef6-a43b-8872b7743067 56c6772adfff4b8393a13f2b9af9b2bf d680de4b18024d4eb548d810135332d0 - - default default] 10.0.0.104 "DELETE /v2.0/security-groups/27648621-cd59-438e-8d81-124be397ea33 HTTP/1.1" status: 204 len: 168 time: 0.2638538
2026-07-10 01:01:35.265 10 INFO neutron.db.ovn_revision_numbers_db [None req-b610ae06-7ad3-4f4a-8e00-4793392b9612 56c6772adfff4b8393a13f2b9af9b2bf d680de4b18024d4eb548d810135332d0 - - default default] Successfully bumped revision number for resource 2c52db35-2a0b-4829-8898-3b9cf3d38e4e (type: security_groups) to 1
2026-07-10 01:01:35.279 10 INFO neutron.db.ovn_revision_numbers_db [None req-b610ae06-7ad3-4f4a-8e00-4793392b9612 56c6772adfff4b8393a13f2b9af9b2bf d680de4b18024d4eb548d810135332d0 - - default default] Successfully bumped revision number for resource 0102f6d0-b077-4315-8ee0-16400d9f3972 (type: security_group_rules) to 0
2026-07-10 01:01:35.297 10 INFO neutron.db.ovn_revision_numbers_db [None req-b610ae06-7ad3-4f4a-8e00-4793392b9612 56c6772adfff4b8393a13f2b9af9b2bf d680de4b18024d4eb548d810135332d0 - - default default] Successfully bumped revision number for resource 04d4aab9-7b34-4aa3-ab42-19f2ce5ce296 (type: security_group_rules) to 0
2026-07-10 01:01:35.317 10 INFO neutron.db.ovn_revision_numbers_db [None req-b610ae06-7ad3-4f4a-8e00-4793392b9612 56c6772adfff4b8393a13f2b9af9b2bf d680de4b18024d4eb548d810135332d0 - - default default] Successfully bumped revision number for resource 80c426ab-fc3c-476f-bc5a-21dfcce03ec3 (type: security_group_rules) to 0 /var/lib/openstack/lib/python3.10/site-packages/pycadf/identifier.py:71: UserWarning: Invalid uuid: neutron. To ensure interoperability, identifiers should be a valid uuid. warnings.warn(('Invalid uuid: %s. To ensure interoperability, '
2026-07-10 01:01:35.337 10 INFO neutron.db.ovn_revision_numbers_db [None req-b610ae06-7ad3-4f4a-8e00-4793392b9612 56c6772adfff4b8393a13f2b9af9b2bf d680de4b18024d4eb548d810135332d0 - - default default] Successfully bumped revision number for resource 8d6d7b16-fcff-4d8e-9bf7-6e9822af842e (type: security_group_rules) to 0
2026-07-10 01:01:35.372 10 INFO neutron.wsgi [None req-b610ae06-7ad3-4f4a-8e00-4793392b9612 56c6772adfff4b8393a13f2b9af9b2bf d680de4b18024d4eb548d810135332d0 - - default default] 10.0.0.104 "GET /v2.0/security-groups?tenant_id=cade5359c93149ccb3ccd831f100c95e&name=default HTTP/1.1" status: 200 len: 2996 time: 0.4384313
2026-07-10 01:01:35.422 9 INFO neutron.db.ovn_revision_numbers_db [None req-171878c3-3197-4f59-a816-a6867c20d32c 56c6772adfff4b8393a13f2b9af9b2bf d680de4b18024d4eb548d810135332d0 - - default default] Successfully bumped revision number for resource c005792d-7ebf-453e-9fb0-dc797dbb3334 (type: security_groups) to 1
2026-07-10 01:01:35.445 9 INFO neutron.db.ovn_revision_numbers_db [None req-171878c3-3197-4f59-a816-a6867c20d32c 56c6772adfff4b8393a13f2b9af9b2bf d680de4b18024d4eb548d810135332d0 - - default default] Successfully bumped revision number for resource 25290f1b-0638-4f5e-ae1a-c4f16e90111e (type: security_group_rules) to 0
2026-07-10 01:01:35.455 10 WARNING neutron.scheduler.dhcp_agent_scheduler [None req-2cb72b12-64a5-405c-9535-ecfa7caa443f 866a593c0fd94cf3b10e1fbdcf94f6a9 cb061229aa9a45febbe6470c28f07492 - - default default] No more DHCP agents
2026-07-10 01:01:35.458 10 WARNING neutron.api.rpc.agentnotifiers.dhcp_rpc_agent_api [None req-2cb72b12-64a5-405c-9535-ecfa7caa443f 866a593c0fd94cf3b10e1fbdcf94f6a9 cb061229aa9a45febbe6470c28f07492 - - default default] Unable to schedule network 83996318-4b8f-40df-a9cd-6977c54d69a2: no agents available; will retry on subsequent port and subnet creation events.
2026-07-10 01:01:35.486 9 INFO neutron.db.ovn_revision_numbers_db [None req-171878c3-3197-4f59-a816-a6867c20d32c 56c6772adfff4b8393a13f2b9af9b2bf d680de4b18024d4eb548d810135332d0 - - default default] Successfully bumped revision number for resource 63dc30b3-459a-4744-999e-b3110df13036 (type: security_group_rules) to 0
2026-07-10 01:01:35.500 9 INFO neutron.db.ovn_revision_numbers_db [None req-171878c3-3197-4f59-a816-a6867c20d32c 56c6772adfff4b8393a13f2b9af9b2bf d680de4b18024d4eb548d810135332d0 - - default default] Successfully bumped revision number for resource ba2f49fe-dd97-477a-9afe-e72f507eba3f (type: security_group_rules) to 0
2026-07-10 01:01:35.642 10 INFO neutron.db.ovn_revision_numbers_db [None req-2cb72b12-64a5-405c-9535-ecfa7caa443f 866a593c0fd94cf3b10e1fbdcf94f6a9 cb061229aa9a45febbe6470c28f07492 - - default default] Successfully bumped revision number for resource 8852c906-a583-4cb5-982e-15265cf712e2 (type: ports) to 1
2026-07-10 01:01:35.672 10 INFO neutron.wsgi [None req-2cb72b12-64a5-405c-9535-ecfa7caa443f 866a593c0fd94cf3b10e1fbdcf94f6a9 cb061229aa9a45febbe6470c28f07492 - - default default] 10.0.0.104 "POST /v2.0/ports HTTP/1.1" status: 201 len: 1158 time: 0.5952213 /var/lib/openstack/lib/python3.10/site-packages/pycadf/identifier.py:71: UserWarning: Invalid uuid: neutron. To ensure interoperability, identifiers should be a valid uuid. warnings.warn(('Invalid uuid: %s. To ensure interoperability, '
2026-07-10 01:01:35.828 9 INFO neutron.db.ovn_revision_numbers_db [None req-171878c3-3197-4f59-a816-a6867c20d32c 56c6772adfff4b8393a13f2b9af9b2bf d680de4b18024d4eb548d810135332d0 - - default default] Successfully bumped revision number for resource d0e26d49-2b86-47cc-a894-8b52344b21e8 (type: security_group_rules) to 0
2026-07-10 01:01:35.854 9 INFO neutron.wsgi [None req-171878c3-3197-4f59-a816-a6867c20d32c 56c6772adfff4b8393a13f2b9af9b2bf d680de4b18024d4eb548d810135332d0 - - default default] 10.0.0.104 "GET /v2.0/security-groups?tenant_id=5524c9efff9245cd959949006fb635d1&name=default HTTP/1.1" status: 200 len: 2996 time: 0.5379755
2026-07-10 01:01:35.931 9 INFO neutron.wsgi [None req-5a5cb4a0-10b8-4ab9-abe4-a2021976b0c1 56c6772adfff4b8393a13f2b9af9b2bf d680de4b18024d4eb548d810135332d0 - - default default] 10.0.0.104 "DELETE /v2.0/security-groups/2c52db35-2a0b-4829-8898-3b9cf3d38e4e HTTP/1.1" status: 204 len: 168 time: 0.5534365
2026-07-10 01:01:35.985 10 WARNING neutron.scheduler.dhcp_agent_scheduler [None req-4efff321-419a-4bd2-8cd7-c8b6cfc73af9 866a593c0fd94cf3b10e1fbdcf94f6a9 cb061229aa9a45febbe6470c28f07492 - - default default] No more DHCP agents
2026-07-10 01:01:35.988 10 WARNING neutron.api.rpc.agentnotifiers.dhcp_rpc_agent_api [None req-4efff321-419a-4bd2-8cd7-c8b6cfc73af9 866a593c0fd94cf3b10e1fbdcf94f6a9 cb061229aa9a45febbe6470c28f07492 - - default default] Unable to schedule network ce3391ea-076e-468c-b70e-f6679d5578fc: no agents available; will retry on subsequent port and subnet creation events.
2026-07-10 01:01:36.068 9 INFO neutron.wsgi [None req-7ff4f451-02ce-4d90-bbad-de58aaca6bc1 56c6772adfff4b8393a13f2b9af9b2bf d680de4b18024d4eb548d810135332d0 - - default default] 10.0.0.104 "DELETE /v2.0/security-groups/c005792d-7ebf-453e-9fb0-dc797dbb3334 HTTP/1.1" status: 204 len: 168 time: 0.2102888
2026-07-10 01:01:36.151 9 INFO neutron.wsgi [None req-2381d9d3-0bdd-4272-b494-4003ef663ef8 56c6772adfff4b8393a13f2b9af9b2bf d680de4b18024d4eb548d810135332d0 - - default default] 10.0.0.104 "GET /v2.0/security-groups?tenant_id=733832f09fc140f49ea4d9c439a4f6e9&name=default HTTP/1.1" status: 200 len: 2996 time: 0.0571673
2026-07-10 01:01:36.384 9 INFO neutron.db.ovn_revision_numbers_db [None req-6583b4d1-2c16-486a-97ef-c0b0f4ad0bb9 56c6772adfff4b8393a13f2b9af9b2bf d680de4b18024d4eb548d810135332d0 - - default default] Successfully bumped revision number for resource f92f532e-006f-4917-b84b-68f921977d17 (type: security_groups) to 1
2026-07-10 01:01:36.399 9 INFO neutron.wsgi [None req-a27bfa7b-0ffa-4b5a-8f7b-b0cfc54114db 56c6772adfff4b8393a13f2b9af9b2bf d680de4b18024d4eb548d810135332d0 - - default default] 10.0.0.104 "DELETE /v2.0/security-groups/8daed9d9-a470-4c02-b64c-69f4f57619c9 HTTP/1.1" status: 204 len: 168 time: 0.2417321
2026-07-10 01:01:36.404 9 INFO neutron.db.ovn_revision_numbers_db [None req-6583b4d1-2c16-486a-97ef-c0b0f4ad0bb9 56c6772adfff4b8393a13f2b9af9b2bf d680de4b18024d4eb548d810135332d0 - - default default] Successfully bumped revision number for resource 1ff695ac-883b-42c4-82b9-e20c11f987ec (type: security_group_rules) to 0
2026-07-10 01:01:36.437 9 INFO neutron.db.ovn_revision_numbers_db [None req-6583b4d1-2c16-486a-97ef-c0b0f4ad0bb9 56c6772adfff4b8393a13f2b9af9b2bf d680de4b18024d4eb548d810135332d0 - - default default] Successfully bumped revision number for resource 3588cc3b-2fde-4cb9-bde5-74502294eda2 (type: security_group_rules) to 0
2026-07-10 01:01:36.451 9 INFO neutron.db.ovn_revision_numbers_db [None req-6583b4d1-2c16-486a-97ef-c0b0f4ad0bb9 56c6772adfff4b8393a13f2b9af9b2bf d680de4b18024d4eb548d810135332d0 - - default default] Successfully bumped revision number for resource a2339039-ce73-4a93-adad-027ea238beb2 (type: security_group_rules) to 0
2026-07-10 01:01:36.464 9 INFO neutron.db.ovn_revision_numbers_db [None req-6583b4d1-2c16-486a-97ef-c0b0f4ad0bb9 56c6772adfff4b8393a13f2b9af9b2bf d680de4b18024d4eb548d810135332d0 - - default default] Successfully bumped revision number for resource d19cac4d-3de0-4924-a597-5f7760d6ebf1 (type: security_group_rules) to 0
2026-07-10 01:01:36.485 9 INFO neutron.wsgi [None req-6583b4d1-2c16-486a-97ef-c0b0f4ad0bb9 56c6772adfff4b8393a13f2b9af9b2bf d680de4b18024d4eb548d810135332d0 - - default default] 10.0.0.104 "GET /v2.0/security-groups?tenant_id=680fceb861c349c0a024b967af1ad11a&name=default HTTP/1.1" status: 200 len: 2996 time: 0.2424748
2026-07-10 01:01:36.489 10 INFO neutron.db.l3_db [None req-4efff321-419a-4bd2-8cd7-c8b6cfc73af9 866a593c0fd94cf3b10e1fbdcf94f6a9 cb061229aa9a45febbe6470c28f07492 - - default default] Floating IP dfe7b68b-acc6-4c1d-8dd7-bbf27d00cc12 associated. External IP: 10.96.250.216, port: 8852c906-a583-4cb5-982e-15265cf712e2.
2026-07-10 01:01:36.709 9 INFO neutron.wsgi [None req-9f8c81a2-bda1-484a-bf53-70cb5a9e4a3b 56c6772adfff4b8393a13f2b9af9b2bf d680de4b18024d4eb548d810135332d0 - - default default] 10.0.0.104 "DELETE /v2.0/security-groups/f92f532e-006f-4917-b84b-68f921977d17 HTTP/1.1" status: 204 len: 168 time: 0.2189252
2026-07-10 01:01:36.736 10 INFO neutron.db.ovn_revision_numbers_db [None req-4efff321-419a-4bd2-8cd7-c8b6cfc73af9 866a593c0fd94cf3b10e1fbdcf94f6a9 cb061229aa9a45febbe6470c28f07492 - - default default] Successfully bumped revision number for resource dfe7b68b-acc6-4c1d-8dd7-bbf27d00cc12 (type: floatingips) to 0
2026-07-10 01:01:36.860 10 INFO neutron.db.ovn_revision_numbers_db [None req-4efff321-419a-4bd2-8cd7-c8b6cfc73af9 866a593c0fd94cf3b10e1fbdcf94f6a9 cb061229aa9a45febbe6470c28f07492 - - default default] Successfully bumped revision number for resource dfe7b68b-acc6-4c1d-8dd7-bbf27d00cc12 (type: floatingips) to 1
2026-07-10 01:01:36.898 10 INFO neutron.wsgi [None req-4efff321-419a-4bd2-8cd7-c8b6cfc73af9 866a593c0fd94cf3b10e1fbdcf94f6a9 cb061229aa9a45febbe6470c28f07492 - - default default] 10.0.0.104 "POST /v2.0/floatingips HTTP/1.1" status: 201 len: 1042 time: 1.2187638
2026-07-10 01:01:37.021 10 INFO neutron.db.l3_db [None req-147e4dac-58da-4036-bfec-184258e52239 866a593c0fd94cf3b10e1fbdcf94f6a9 cb061229aa9a45febbe6470c28f07492 - - default default] Floating IP dfe7b68b-acc6-4c1d-8dd7-bbf27d00cc12 disassociated. External IP: 10.96.250.216, port: 8852c906-a583-4cb5-982e-15265cf712e2.
2026-07-10 01:01:37.057 10 INFO neutron.db.ovn_revision_numbers_db [None req-147e4dac-58da-4036-bfec-184258e52239 866a593c0fd94cf3b10e1fbdcf94f6a9 cb061229aa9a45febbe6470c28f07492 - - default default] Successfully bumped revision number for resource dfe7b68b-acc6-4c1d-8dd7-bbf27d00cc12 (type: floatingips) to 2
2026-07-10 01:01:37.141 10 INFO neutron.wsgi [None req-147e4dac-58da-4036-bfec-184258e52239 866a593c0fd94cf3b10e1fbdcf94f6a9 cb061229aa9a45febbe6470c28f07492 - - default default] 10.0.0.104 "PUT /v2.0/floatingips/dfe7b68b-acc6-4c1d-8dd7-bbf27d00cc12 HTTP/1.1" status: 200 len: 748 time: 0.2384281
2026-07-10 01:01:37.487 10 INFO neutron.wsgi [None req-b838629c-7c1e-44e9-95f9-409b1de822cc 866a593c0fd94cf3b10e1fbdcf94f6a9 cb061229aa9a45febbe6470c28f07492 - - default default] 10.0.0.104 "DELETE /v2.0/floatingips/dfe7b68b-acc6-4c1d-8dd7-bbf27d00cc12 HTTP/1.1" status: 204 len: 168 time: 0.3367782
2026-07-10 01:01:37.791 9 WARNING neutron.scheduler.dhcp_agent_scheduler [None req-fe2a79e2-ddc8-46cd-ae53-8b8539859f73 866a593c0fd94cf3b10e1fbdcf94f6a9 cb061229aa9a45febbe6470c28f07492 - - default default] No more DHCP agents
2026-07-10 01:01:37.794 9 WARNING neutron.api.rpc.agentnotifiers.dhcp_rpc_agent_api [None req-fe2a79e2-ddc8-46cd-ae53-8b8539859f73 866a593c0fd94cf3b10e1fbdcf94f6a9 cb061229aa9a45febbe6470c28f07492 - - default default] Unable to schedule network ce3391ea-076e-468c-b70e-f6679d5578fc: no agents available; will retry on subsequent port and subnet creation events.
2026-07-10 01:01:37.929 9 WARNING neutron.plugins.ml2.drivers.ovn.mech_driver.ovsdb.ovn_client [None req-68f0aecd-e420-4465-bc9d-e7dcac7cdc43 - - - - - -] No hosting information found for port 65b3ec98-16af-4bee-a51a-6e418367ea8d: RuntimeError: No hosting information found for port 65b3ec98-16af-4bee-a51a-6e418367ea8d
2026-07-10 01:01:38.298 9 INFO neutron.db.l3_db [None req-fe2a79e2-ddc8-46cd-ae53-8b8539859f73 866a593c0fd94cf3b10e1fbdcf94f6a9 cb061229aa9a45febbe6470c28f07492 - - default default] Floating IP e3817d54-9ca9-435b-bac4-b4366debe878 associated. External IP: 10.96.250.213, port: 0861df4f-3467-4ce2-be6c-ead6eab0c3f8.
2026-07-10 01:01:38.511 10 WARNING neutron.plugins.ml2.drivers.ovn.mech_driver.ovsdb.ovn_client [None req-8188d7f9-7e32-405c-a9c0-d725ce4f79ec - - - - - -] No hosting information found for port 6a535d42-9668-4ef3-a16b-89613cc16ef8: RuntimeError: No hosting information found for port 6a535d42-9668-4ef3-a16b-89613cc16ef8
2026-07-10 01:01:38.532 9 INFO neutron.db.ovn_revision_numbers_db [None req-fe2a79e2-ddc8-46cd-ae53-8b8539859f73 866a593c0fd94cf3b10e1fbdcf94f6a9 cb061229aa9a45febbe6470c28f07492 - - default default] Successfully bumped revision number for resource e3817d54-9ca9-435b-bac4-b4366debe878 (type: floatingips) to 0
2026-07-10 01:01:38.645 9 INFO neutron.db.ovn_revision_numbers_db [None req-fe2a79e2-ddc8-46cd-ae53-8b8539859f73 866a593c0fd94cf3b10e1fbdcf94f6a9 cb061229aa9a45febbe6470c28f07492 - - default default] Successfully bumped revision number for resource e3817d54-9ca9-435b-bac4-b4366debe878 (type: floatingips) to 1
2026-07-10 01:01:38.689 9 INFO neutron.wsgi [None req-fe2a79e2-ddc8-46cd-ae53-8b8539859f73 866a593c0fd94cf3b10e1fbdcf94f6a9 cb061229aa9a45febbe6470c28f07492 - - default default] 10.0.0.104 "POST /v2.0/floatingips HTTP/1.1" status: 201 len: 1041 time: 1.1959634 /var/lib/openstack/lib/python3.10/site-packages/pycadf/identifier.py:71: UserWarning: Invalid uuid: neutron. To ensure interoperability, identifiers should be a valid uuid. warnings.warn(('Invalid uuid: %s. To ensure interoperability, '
2026-07-10 01:01:38.736 9 INFO neutron.wsgi [None req-382d9e4a-d3c3-4619-a308-851ef7ce2b1c 866a593c0fd94cf3b10e1fbdcf94f6a9 cb061229aa9a45febbe6470c28f07492 - - default default] 10.0.0.104 "GET /v2.0/floatingips/e3817d54-9ca9-435b-bac4-b4366debe878 HTTP/1.1" status: 200 len: 1038 time: 0.0405319
2026-07-10 01:01:38.807 10 INFO neutron.wsgi [None req-44a9170b-19ca-4088-81c2-928e5eeeb439 866a593c0fd94cf3b10e1fbdcf94f6a9 cb061229aa9a45febbe6470c28f07492 - - default default] 10.0.0.104 "GET /v2.0/floatingips HTTP/1.1" status: 200 len: 1041 time: 0.0635219
2026-07-10 01:01:39.062 10 INFO neutron.db.l3_db [None req-4b63a5a3-e7c5-406c-8742-6d88329d9a33 866a593c0fd94cf3b10e1fbdcf94f6a9 cb061229aa9a45febbe6470c28f07492 - - default default] Floating IP e3817d54-9ca9-435b-bac4-b4366debe878 associated. External IP: 10.96.250.213, port: 0861df4f-3467-4ce2-be6c-ead6eab0c3f8.
2026-07-10 01:01:39.269 10 INFO neutron.db.ovn_revision_numbers_db [None req-4b63a5a3-e7c5-406c-8742-6d88329d9a33 866a593c0fd94cf3b10e1fbdcf94f6a9 cb061229aa9a45febbe6470c28f07492 - - default default] Successfully bumped revision number for resource e3817d54-9ca9-435b-bac4-b4366debe878 (type: floatingips) to 2 /var/lib/openstack/lib/python3.10/site-packages/pycadf/identifier.py:71: UserWarning: Invalid uuid: neutron. To ensure interoperability, identifiers should be a valid uuid. warnings.warn(('Invalid uuid: %s. To ensure interoperability, '
2026-07-10 01:01:39.605 10 INFO neutron.db.ovn_revision_numbers_db [None req-4b63a5a3-e7c5-406c-8742-6d88329d9a33 866a593c0fd94cf3b10e1fbdcf94f6a9 cb061229aa9a45febbe6470c28f07492 - - default default] Successfully bumped revision number for resource e3817d54-9ca9-435b-bac4-b4366debe878 (type: floatingips) to 2
2026-07-10 01:01:39.653 10 INFO neutron.wsgi [None req-4b63a5a3-e7c5-406c-8742-6d88329d9a33 866a593c0fd94cf3b10e1fbdcf94f6a9 cb061229aa9a45febbe6470c28f07492 - - default default] 10.0.0.104 "PUT /v2.0/floatingips/e3817d54-9ca9-435b-bac4-b4366debe878 HTTP/1.1" status: 200 len: 1039 time: 0.8395190 /var/lib/openstack/lib/python3.10/site-packages/pycadf/identifier.py:71: UserWarning: Invalid uuid: neutron. To ensure interoperability, identifiers should be a valid uuid. warnings.warn(('Invalid uuid: %s. To ensure interoperability, '
2026-07-10 01:01:39.728 9 INFO neutron.db.ovn_revision_numbers_db [None req-d13c6698-f8db-4388-9f6a-778eeb7b45ee fd9641cb218041d5991e662b99c16a04 affeaac082a74b44a7b0ecf64c4a0b98 - - default default] Successfully bumped revision number for resource e8c7d83e-590e-4770-8caa-a9451fe953ce (type: security_groups) to 1
2026-07-10 01:01:39.743 9 INFO neutron.db.ovn_revision_numbers_db [None req-d13c6698-f8db-4388-9f6a-778eeb7b45ee fd9641cb218041d5991e662b99c16a04 affeaac082a74b44a7b0ecf64c4a0b98 - - default default] Successfully bumped revision number for resource 7b33b62b-d030-40ad-a006-b52dd82db3ec (type: security_group_rules) to 0
2026-07-10 01:01:39.758 9 INFO neutron.db.ovn_revision_numbers_db [None req-d13c6698-f8db-4388-9f6a-778eeb7b45ee fd9641cb218041d5991e662b99c16a04 affeaac082a74b44a7b0ecf64c4a0b98 - - default default] Successfully bumped revision number for resource 808c18aa-e9a2-4c8a-96c5-8ba40d1418b3 (type: security_group_rules) to 0
2026-07-10 01:01:39.773 9 INFO neutron.db.ovn_revision_numbers_db [None req-d13c6698-f8db-4388-9f6a-778eeb7b45ee fd9641cb218041d5991e662b99c16a04 affeaac082a74b44a7b0ecf64c4a0b98 - - default default] Successfully bumped revision number for resource 84ba840d-c112-4e23-88dc-7169c51fdda4 (type: security_group_rules) to 0
2026-07-10 01:01:39.794 9 INFO neutron.db.ovn_revision_numbers_db [None req-d13c6698-f8db-4388-9f6a-778eeb7b45ee fd9641cb218041d5991e662b99c16a04 affeaac082a74b44a7b0ecf64c4a0b98 - - default default] Successfully bumped revision number for resource 958b4692-44d4-4da5-8c64-06e0c310bc2c (type: security_group_rules) to 0
2026-07-10 01:01:39.815 10 INFO neutron.db.l3_db [None req-d253c127-9a7f-42a1-bfd5-08513080e118 866a593c0fd94cf3b10e1fbdcf94f6a9 cb061229aa9a45febbe6470c28f07492 - - default default] Floating IP e3817d54-9ca9-435b-bac4-b4366debe878 disassociated. External IP: 10.96.250.213, port: 8852c906-a583-4cb5-982e-15265cf712e2.
2026-07-10 01:01:39.853 9 INFO neutron.db.segments_db [None req-d13c6698-f8db-4388-9f6a-778eeb7b45ee fd9641cb218041d5991e662b99c16a04 affeaac082a74b44a7b0ecf64c4a0b98 - - default default] Added segment 72e3312c-54c4-412a-8dde-1c768b69f126 of type geneve for network 11a79041-1ba2-45e0-80c4-a275fdefb42a
2026-07-10 01:01:39.878 10 INFO neutron.db.ovn_revision_numbers_db [None req-d253c127-9a7f-42a1-bfd5-08513080e118 866a593c0fd94cf3b10e1fbdcf94f6a9 cb061229aa9a45febbe6470c28f07492 - - default default] Successfully bumped revision number for resource e3817d54-9ca9-435b-bac4-b4366debe878 (type: floatingips) to 3
2026-07-10 01:01:39.890 9 INFO neutron.wsgi [None req-aaee2d66-d0aa-473c-926b-aea2aeefa4e5 4a7ec1e0ddf54006aebe27b8f2c96d5b ad0ca53cda3e4fd9ab5f6b5347445aea - - default default] 10.0.0.104 "POST /v2.0/subnetpools HTTP/1.1" status: 201 len: 715 time: 0.2110956
2026-07-10 01:01:39.938 9 INFO neutron.wsgi [None req-c976180a-5d81-40eb-9ad3-51ac97d90812 4a7ec1e0ddf54006aebe27b8f2c96d5b ad0ca53cda3e4fd9ab5f6b5347445aea - - default default] 10.0.0.104 "PUT /v2.0/subnetpools/2e917a7c-9a17-44f5-a140-0b9a0fc43b6c/tags HTTP/1.1" status: 200 len: 218 time: 0.0422547
2026-07-10 01:01:39.957 10 INFO neutron.wsgi [None req-d253c127-9a7f-42a1-bfd5-08513080e118 866a593c0fd94cf3b10e1fbdcf94f6a9 cb061229aa9a45febbe6470c28f07492 - - default default] 10.0.0.104 "PUT /v2.0/floatingips/e3817d54-9ca9-435b-bac4-b4366debe878 HTTP/1.1" status: 200 len: 748 time: 0.2985694 /var/lib/openstack/lib/python3.10/site-packages/pycadf/identifier.py:71: UserWarning: Invalid uuid: neutron. To ensure interoperability, identifiers should be a valid uuid. warnings.warn(('Invalid uuid: %s. To ensure interoperability, '
2026-07-10 01:01:39.993 9 INFO neutron.wsgi [None req-2115fcf1-8bad-4497-9cd0-b8843d828b69 4a7ec1e0ddf54006aebe27b8f2c96d5b ad0ca53cda3e4fd9ab5f6b5347445aea - - default default] 10.0.0.104 "GET /v2.0/subnetpools/2e917a7c-9a17-44f5-a140-0b9a0fc43b6c/tags HTTP/1.1" status: 200 len: 218 time: 0.0474453
2026-07-10 01:01:40.035 9 INFO neutron.db.ovn_revision_numbers_db [None req-d13c6698-f8db-4388-9f6a-778eeb7b45ee fd9641cb218041d5991e662b99c16a04 affeaac082a74b44a7b0ecf64c4a0b98 - - default default] Successfully bumped revision number for resource 11a79041-1ba2-45e0-80c4-a275fdefb42a (type: networks) to 1
2026-07-10 01:01:40.040 9 INFO neutron.wsgi [None req-7d6b205d-4314-44d7-bb00-4d8fbd420da3 4a7ec1e0ddf54006aebe27b8f2c96d5b ad0ca53cda3e4fd9ab5f6b5347445aea - - default default] 10.0.0.104 "PUT /v2.0/subnetpools/2e917a7c-9a17-44f5-a140-0b9a0fc43b6c/tags/green HTTP/1.1" status: 201 len: 201 time: 0.0387967
2026-07-10 01:01:40.081 10 INFO neutron.wsgi [None req-97998d84-d11a-47b7-8f8a-c800942d28dd 4a7ec1e0ddf54006aebe27b8f2c96d5b ad0ca53cda3e4fd9ab5f6b5347445aea - - default default] 10.0.0.104 "GET /v2.0/subnetpools/2e917a7c-9a17-44f5-a140-0b9a0fc43b6c/tags HTTP/1.1" status: 200 len: 227 time: 0.0358222
2026-07-10 01:01:40.120 10 INFO neutron.wsgi [None req-faaa5afa-0e30-4ee0-872d-44c3c4966333 4a7ec1e0ddf54006aebe27b8f2c96d5b ad0ca53cda3e4fd9ab5f6b5347445aea - - default default] 10.0.0.104 "PUT /v2.0/subnetpools/2e917a7c-9a17-44f5-a140-0b9a0fc43b6c/tags/red HTTP/1.1" status: 201 len: 201 time: 0.0331185
2026-07-10 01:01:40.152 10 INFO neutron.wsgi [None req-15991c7a-0ac5-4c39-be12-e8db0269d7a5 4a7ec1e0ddf54006aebe27b8f2c96d5b ad0ca53cda3e4fd9ab5f6b5347445aea - - default default] 10.0.0.104 "GET /v2.0/subnetpools/2e917a7c-9a17-44f5-a140-0b9a0fc43b6c/tags HTTP/1.1" status: 200 len: 227 time: 0.0278029
2026-07-10 01:01:40.202 10 INFO neutron.wsgi [None req-9973fa30-fa85-4ec6-add5-5761a8bc2609 4a7ec1e0ddf54006aebe27b8f2c96d5b ad0ca53cda3e4fd9ab5f6b5347445aea - - default default] 10.0.0.104 "PUT /v2.0/subnetpools/2e917a7c-9a17-44f5-a140-0b9a0fc43b6c/tags/black.or.white HTTP/1.1" status: 201 len: 201 time: 0.0456159
2026-07-10 01:01:40.219 9 WARNING neutron.scheduler.dhcp_agent_scheduler [None req-d13c6698-f8db-4388-9f6a-778eeb7b45ee fd9641cb218041d5991e662b99c16a04 affeaac082a74b44a7b0ecf64c4a0b98 - - default default] No more DHCP agents
2026-07-10 01:01:40.223 9 WARNING neutron.api.rpc.agentnotifiers.dhcp_rpc_agent_api [None req-d13c6698-f8db-4388-9f6a-778eeb7b45ee fd9641cb218041d5991e662b99c16a04 affeaac082a74b44a7b0ecf64c4a0b98 - - default default] Unable to schedule network 11a79041-1ba2-45e0-80c4-a275fdefb42a: no agents available; will retry on subsequent port and subnet creation events.
2026-07-10 01:01:40.239 10 INFO neutron.wsgi [None req-a6578e10-5d93-4116-9522-0d7dc77cd43b 4a7ec1e0ddf54006aebe27b8f2c96d5b ad0ca53cda3e4fd9ab5f6b5347445aea - - default default] 10.0.0.104 "GET /v2.0/subnetpools/2e917a7c-9a17-44f5-a140-0b9a0fc43b6c/tags HTTP/1.1" status: 200 len: 245 time: 0.0326364
2026-07-10 01:01:40.284 10 INFO neutron.wsgi [None req-003cea99-f534-434d-9bd4-1b9a1f4e9c1d 4a7ec1e0ddf54006aebe27b8f2c96d5b ad0ca53cda3e4fd9ab5f6b5347445aea - - default default] 10.0.0.104 "PUT /v2.0/subnetpools/2e917a7c-9a17-44f5-a140-0b9a0fc43b6c/tags HTTP/1.1" status: 200 len: 230 time: 0.0405149
2026-07-10 01:01:40.310 9 INFO neutron.wsgi [None req-49ce70a0-a5ad-4c3d-88be-0868c9fe6d57 4a7ec1e0ddf54006aebe27b8f2c96d5b ad0ca53cda3e4fd9ab5f6b5347445aea - - default default] 10.0.0.104 "GET /v2.0/subnetpools/2e917a7c-9a17-44f5-a140-0b9a0fc43b6c/tags HTTP/1.1" status: 200 len: 230 time: 0.0186322
2026-07-10 01:01:40.325 9 INFO neutron.db.ovn_revision_numbers_db [None req-d13c6698-f8db-4388-9f6a-778eeb7b45ee fd9641cb218041d5991e662b99c16a04 affeaac082a74b44a7b0ecf64c4a0b98 - - default default] Successfully bumped revision number for resource eee69b91-5046-45e0-9612-2f0633c7e608 (type: ports) to 1
2026-07-10 01:01:40.336 9 INFO neutron.wsgi [None req-edec5f90-729d-4b58-a8f6-febfad65524f 4a7ec1e0ddf54006aebe27b8f2c96d5b ad0ca53cda3e4fd9ab5f6b5347445aea - - default default] 10.0.0.104 "GET /v2.0/subnetpools/2e917a7c-9a17-44f5-a140-0b9a0fc43b6c/tags/red HTTP/1.1" status: 204 len: 168 time: 0.0192091
2026-07-10 01:01:40.349 9 INFO neutron.wsgi [None req-d13c6698-f8db-4388-9f6a-778eeb7b45ee fd9641cb218041d5991e662b99c16a04 affeaac082a74b44a7b0ecf64c4a0b98 - - default default] 10.0.0.104 "POST /v2.0/networks HTTP/1.1" status: 201 len: 838 time: 0.9492047
2026-07-10 01:01:40.350 10 INFO neutron.wsgi [None req-3717669f-a094-4e93-8fc3-d4f8d10f2531 866a593c0fd94cf3b10e1fbdcf94f6a9 cb061229aa9a45febbe6470c28f07492 - - default default] 10.0.0.104 "DELETE /v2.0/floatingips/e3817d54-9ca9-435b-bac4-b4366debe878 HTTP/1.1" status: 204 len: 168 time: 0.3878462
2026-07-10 01:01:40.359 9 INFO neutron.api.v2.resource [None req-2e43ecb3-c920-4249-9534-e908bd3d74fc 4a7ec1e0ddf54006aebe27b8f2c96d5b ad0ca53cda3e4fd9ab5f6b5347445aea - - default default] show failed (client error): The resource could not be found.
2026-07-10 01:01:40.360 9 INFO neutron.wsgi [None req-2e43ecb3-c920-4249-9534-e908bd3d74fc 4a7ec1e0ddf54006aebe27b8f2c96d5b ad0ca53cda3e4fd9ab5f6b5347445aea - - default default] 10.0.0.104 "GET /v2.0/subnetpools/2e917a7c-9a17-44f5-a140-0b9a0fc43b6c/tags/green HTTP/1.1" status: 404 len: 299 time: 0.0173202
2026-07-10 01:01:40.392 10 INFO neutron.api.v2.resource [None req-5aa8bf32-0e68-4de3-a86b-5188ed146248 866a593c0fd94cf3b10e1fbdcf94f6a9 cb061229aa9a45febbe6470c28f07492 - - default default] delete failed (client error): The resource could not be found.
2026-07-10 01:01:40.393 10 INFO neutron.wsgi [None req-5aa8bf32-0e68-4de3-a86b-5188ed146248 866a593c0fd94cf3b10e1fbdcf94f6a9 cb061229aa9a45febbe6470c28f07492 - - default default] 10.0.0.104 "DELETE /v2.0/floatingips/e3817d54-9ca9-435b-bac4-b4366debe878 HTTP/1.1" status: 404 len: 345 time: 0.0390174
2026-07-10 01:01:40.400 9 INFO neutron.wsgi [None req-debf5e25-b888-45ad-81b1-3ef28d4f1228 4a7ec1e0ddf54006aebe27b8f2c96d5b ad0ca53cda3e4fd9ab5f6b5347445aea - - default default] 10.0.0.104 "DELETE /v2.0/subnetpools/2e917a7c-9a17-44f5-a140-0b9a0fc43b6c/tags/red HTTP/1.1" status: 204 len: 168 time: 0.0313904
2026-07-10 01:01:40.420 9 INFO neutron.wsgi [None req-c1fbe438-d4c3-45da-bfac-e861ade0c383 4a7ec1e0ddf54006aebe27b8f2c96d5b ad0ca53cda3e4fd9ab5f6b5347445aea - - default default] 10.0.0.104 "GET /v2.0/subnetpools/2e917a7c-9a17-44f5-a140-0b9a0fc43b6c/tags HTTP/1.1" status: 200 len: 223 time: 0.0156214
2026-07-10 01:01:40.447 9 INFO neutron.api.v2.resource [None req-241fd2b7-8d1a-4dbb-973e-f2031f78b5fe 4a7ec1e0ddf54006aebe27b8f2c96d5b ad0ca53cda3e4fd9ab5f6b5347445aea - - default default] delete failed (client error): The resource could not be found.
2026-07-10 01:01:40.448 9 INFO neutron.wsgi [None req-241fd2b7-8d1a-4dbb-973e-f2031f78b5fe 4a7ec1e0ddf54006aebe27b8f2c96d5b ad0ca53cda3e4fd9ab5f6b5347445aea - - default default] 10.0.0.104 "DELETE /v2.0/subnetpools/2e917a7c-9a17-44f5-a140-0b9a0fc43b6c/tags/green HTTP/1.1" status: 404 len: 299 time: 0.0231192
2026-07-10 01:01:40.483 9 INFO neutron.wsgi [None req-02fb2025-ad48-41bb-be2f-0c66e908bab6 4a7ec1e0ddf54006aebe27b8f2c96d5b ad0ca53cda3e4fd9ab5f6b5347445aea - - default default] 10.0.0.104 "DELETE /v2.0/subnetpools/2e917a7c-9a17-44f5-a140-0b9a0fc43b6c/tags HTTP/1.1" status: 204 len: 168 time: 0.0293152
2026-07-10 01:01:40.509 9 INFO neutron.wsgi [None req-ac36cc74-de8e-4861-ad05-c51bffbe9466 4a7ec1e0ddf54006aebe27b8f2c96d5b ad0ca53cda3e4fd9ab5f6b5347445aea - - default default] 10.0.0.104 "GET /v2.0/subnetpools/2e917a7c-9a17-44f5-a140-0b9a0fc43b6c/tags HTTP/1.1" status: 200 len: 205 time: 0.0185554
2026-07-10 01:01:40.583 9 INFO neutron.wsgi [None req-bbd1ed5b-a51c-4afc-aa0f-c2e9f84f0668 4a7ec1e0ddf54006aebe27b8f2c96d5b ad0ca53cda3e4fd9ab5f6b5347445aea - - default default] 10.0.0.104 "DELETE /v2.0/subnetpools/2e917a7c-9a17-44f5-a140-0b9a0fc43b6c HTTP/1.1" status: 204 len: 168 time: 0.0669937
2026-07-10 01:01:40.757 10 WARNING neutron.scheduler.dhcp_agent_scheduler [None req-a1cdb375-2489-4c7b-b9e0-22cebcfca0a8 fd9641cb218041d5991e662b99c16a04 affeaac082a74b44a7b0ecf64c4a0b98 - - default default] No more DHCP agents
2026-07-10 01:01:40.762 10 WARNING neutron.api.rpc.agentnotifiers.dhcp_rpc_agent_api [None req-a1cdb375-2489-4c7b-b9e0-22cebcfca0a8 fd9641cb218041d5991e662b99c16a04 affeaac082a74b44a7b0ecf64c4a0b98 - - default default] Unable to schedule network 11a79041-1ba2-45e0-80c4-a275fdefb42a: no agents available; will retry on subsequent port and subnet creation events.
2026-07-10 01:01:40.911 10 INFO neutron.wsgi [None req-58db6cfe-75a9-4cb1-907b-2e16b3deed1e 866a593c0fd94cf3b10e1fbdcf94f6a9 cb061229aa9a45febbe6470c28f07492 - - default default] 10.0.0.104 "DELETE /v2.0/ports/8852c906-a583-4cb5-982e-15265cf712e2 HTTP/1.1" status: 204 len: 168 time: 0.5095973
2026-07-10 01:01:41.188 9 INFO neutron.wsgi [None req-4cb58671-9a71-41f3-b51f-30caa8c29ae1 f4f0273e9cac4defb3882ec140ac0332 5518567689f04bbeb98d36381a2497dc - - default default] 10.0.0.104 "POST /v2.0/qos/policies HTTP/1.1" status: 201 len: 558 time: 0.2787068
2026-07-10 01:01:41.239 9 INFO neutron.wsgi [None req-896bcb70-3cb0-4163-9325-4a4bbea19e1d f4f0273e9cac4defb3882ec140ac0332 5518567689f04bbeb98d36381a2497dc - - default default] 10.0.0.104 "POST /v2.0/qos/policies HTTP/1.1" status: 201 len: 558 time: 0.0438404
2026-07-10 01:01:41.279 9 INFO neutron.wsgi [None req-bbe1adac-df26-4983-99da-371065397af5 f4f0273e9cac4defb3882ec140ac0332 5518567689f04bbeb98d36381a2497dc - - default default] 10.0.0.104 "POST /v2.0/qos/policies HTTP/1.1" status: 201 len: 558 time: 0.0350914
2026-07-10 01:01:41.326 9 INFO neutron.wsgi [None req-e6188260-72dd-4cbe-b2a0-11a9f4a22a76 f4f0273e9cac4defb3882ec140ac0332 5518567689f04bbeb98d36381a2497dc - - default default] 10.0.0.104 "POST /v2.0/qos/policies HTTP/1.1" status: 201 len: 558 time: 0.0418894
2026-07-10 01:01:41.359 10 INFO neutron.wsgi [None req-10c1cae7-6e06-4559-b647-11eecd71781c 866a593c0fd94cf3b10e1fbdcf94f6a9 cb061229aa9a45febbe6470c28f07492 - - default default] 10.0.0.104 "DELETE /v2.0/ports/0861df4f-3467-4ce2-be6c-ead6eab0c3f8 HTTP/1.1" status: 204 len: 168 time: 0.4444187
2026-07-10 01:01:41.376 9 INFO neutron.wsgi [None req-3cbe560d-e1f0-49b6-ab3c-8c26088996ba f4f0273e9cac4defb3882ec140ac0332 5518567689f04bbeb98d36381a2497dc - - default default] 10.0.0.104 "POST /v2.0/qos/policies HTTP/1.1" status: 201 len: 558 time: 0.0464778
2026-07-10 01:01:41.405 10 INFO neutron.wsgi [None req-dd2a49fd-49fb-49de-a728-c83a059beab1 f4f0273e9cac4defb3882ec140ac0332 5518567689f04bbeb98d36381a2497dc - - default default] 10.0.0.104 "PUT /v2.0/policies/d878bac8-2d21-4ec6-bcf6-473c97029276/tags HTTP/1.1" status: 200 len: 210 time: 0.0204167
2026-07-10 01:01:41.406 10 INFO neutron.db.ovn_revision_numbers_db [None req-a1cdb375-2489-4c7b-b9e0-22cebcfca0a8 fd9641cb218041d5991e662b99c16a04 affeaac082a74b44a7b0ecf64c4a0b98 - - default default] Successfully bumped revision number for resource eee69b91-5046-45e0-9612-2f0633c7e608 (type: ports) to 2
2026-07-10 01:01:41.449 10 INFO neutron.wsgi [None req-bce2f56d-0e30-4284-b540-edc224bee48b f4f0273e9cac4defb3882ec140ac0332 5518567689f04bbeb98d36381a2497dc - - default default] 10.0.0.104 "PUT /v2.0/policies/d3c3b970-9678-4683-86a7-54474cacc545/tags HTTP/1.1" status: 200 len: 218 time: 0.0376055
2026-07-10 01:01:41.461 10 INFO neutron.db.ovn_revision_numbers_db [None req-a1cdb375-2489-4c7b-b9e0-22cebcfca0a8 fd9641cb218041d5991e662b99c16a04 affeaac082a74b44a7b0ecf64c4a0b98 - - default default] Successfully bumped revision number for resource 91b06963-0526-47e6-9080-bbc587d26ba4 (type: subnets) to 0
2026-07-10 01:01:41.461 9 INFO neutron.wsgi [None req-74d106bc-49a0-458c-9fb1-31b0e1fec7e1 866a593c0fd94cf3b10e1fbdcf94f6a9 cb061229aa9a45febbe6470c28f07492 - - default default] 10.0.0.104 "GET /v2.0/ports?device_id=4142abbe-3b9e-4802-95b1-298fdc6eb427 HTTP/1.1" status: 200 len: 1140 time: 0.0971215
2026-07-10 01:01:41.499 10 INFO neutron.wsgi [None req-a1cdb375-2489-4c7b-b9e0-22cebcfca0a8 fd9641cb218041d5991e662b99c16a04 affeaac082a74b44a7b0ecf64c4a0b98 - - default default] 10.0.0.104 "POST /v2.0/subnets HTTP/1.1" status: 201 len: 833 time: 1.1455350
2026-07-10 01:01:41.521 10 INFO neutron.wsgi [None req-8a821c9b-ae98-4ad8-b53e-eabd67d444e7 f4f0273e9cac4defb3882ec140ac0332 5518567689f04bbeb98d36381a2497dc - - default default] 10.0.0.104 "PUT /v2.0/policies/391f4627-1bc0-4df1-9e77-d5e539fccbc7/tags HTTP/1.1" status: 200 len: 227 time: 0.0668476
2026-07-10 01:01:41.551 9 INFO neutron.wsgi [None req-0e006f04-f21d-44ab-ba88-ff582440e777 f4f0273e9cac4defb3882ec140ac0332 5518567689f04bbeb98d36381a2497dc - - default default] 10.0.0.104 "PUT /v2.0/policies/4d12c89b-f7d2-4970-a724-048876b79c65/tags HTTP/1.1" status: 200 len: 212 time: 0.0249271
2026-07-10 01:01:41.552 9 INFO neutron.db.ovn_revision_numbers_db [None req-61b3b168-aad5-4b24-bdd8-d6c1483660ff 56c6772adfff4b8393a13f2b9af9b2bf d680de4b18024d4eb548d810135332d0 - - default default] Successfully bumped revision number for resource 332dbb9e-9655-43bc-9d1f-be11151eaa28 (type: security_groups) to 1
2026-07-10 01:01:41.567 9 INFO neutron.db.ovn_revision_numbers_db [None req-61b3b168-aad5-4b24-bdd8-d6c1483660ff 56c6772adfff4b8393a13f2b9af9b2bf d680de4b18024d4eb548d810135332d0 - - default default] Successfully bumped revision number for resource 55ca7c08-7011-47b9-a165-7ecfd41c0a9a (type: security_group_rules) to 0
2026-07-10 01:01:41.584 9 INFO neutron.db.ovn_revision_numbers_db [None req-61b3b168-aad5-4b24-bdd8-d6c1483660ff 56c6772adfff4b8393a13f2b9af9b2bf d680de4b18024d4eb548d810135332d0 - - default default] Successfully bumped revision number for resource 56fe0297-3114-4bb1-972e-fd5f93b13c6e (type: security_group_rules) to 0
2026-07-10 01:01:41.603 9 INFO neutron.db.ovn_revision_numbers_db [None req-61b3b168-aad5-4b24-bdd8-d6c1483660ff 56c6772adfff4b8393a13f2b9af9b2bf d680de4b18024d4eb548d810135332d0 - - default default] Successfully bumped revision number for resource e3ac5dfc-6660-4268-8942-5e5b92d31fe7 (type: security_group_rules) to 0
2026-07-10 01:01:41.621 9 INFO neutron.db.ovn_revision_numbers_db [None req-61b3b168-aad5-4b24-bdd8-d6c1483660ff 56c6772adfff4b8393a13f2b9af9b2bf d680de4b18024d4eb548d810135332d0 - - default default] Successfully bumped revision number for resource f5585bdb-a3f3-48bf-8da5-e6895bb6c47f (type: security_group_rules) to 0
2026-07-10 01:01:41.630 10 INFO neutron.wsgi [None req-7b941298-7878-4282-aa4c-2dae16a51682 fdd79aad81fc47b5bd55873d1bf7e93c 46eca9a0d1ba424688ec21d31e3bd103 - - default default] 10.0.0.104 "GET /v2.0/subnetpools?name=shared-default-subnetpool-v6 HTTP/1.1" status: 200 len: 212 time: 0.1267023
2026-07-10 01:01:41.674 9 INFO neutron.wsgi [None req-61b3b168-aad5-4b24-bdd8-d6c1483660ff 56c6772adfff4b8393a13f2b9af9b2bf d680de4b18024d4eb548d810135332d0 - - default default] 10.0.0.104 "GET /v2.0/security-groups?tenant_id=ad0ca53cda3e4fd9ab5f6b5347445aea&name=default HTTP/1.1" status: 200 len: 2996 time: 0.3896449
2026-07-10 01:01:41.979 10 INFO neutron.wsgi [None req-c0e76e72-d018-4ca0-9d23-48acd544e6bc 56c6772adfff4b8393a13f2b9af9b2bf d680de4b18024d4eb548d810135332d0 - - default default] 10.0.0.104 "DELETE /v2.0/security-groups/332dbb9e-9655-43bc-9d1f-be11151eaa28 HTTP/1.1" status: 204 len: 168 time: 0.2987573
2026-07-10 01:01:42.023 9 WARNING neutron.scheduler.dhcp_agent_scheduler [None req-8763e9a7-37b3-4e0b-927b-eefcd97bbe8d fd9641cb218041d5991e662b99c16a04 affeaac082a74b44a7b0ecf64c4a0b98 - - default default] No more DHCP agents
2026-07-10 01:01:42.026 9 WARNING neutron.api.rpc.agentnotifiers.dhcp_rpc_agent_api [None req-8763e9a7-37b3-4e0b-927b-eefcd97bbe8d fd9641cb218041d5991e662b99c16a04 affeaac082a74b44a7b0ecf64c4a0b98 - - default default] Unable to schedule network 11a79041-1ba2-45e0-80c4-a275fdefb42a: no agents available; will retry on subsequent port and subnet creation events.
2026-07-10 01:01:42.059 9 INFO neutron.db.ovn_revision_numbers_db [None req-8763e9a7-37b3-4e0b-927b-eefcd97bbe8d fd9641cb218041d5991e662b99c16a04 affeaac082a74b44a7b0ecf64c4a0b98 - - default default] Successfully bumped revision number for resource b26a4fe6-c747-4272-9aea-bc548565ab51 (type: subnets) to 0
2026-07-10 01:01:42.074 9 INFO neutron.wsgi [None req-8763e9a7-37b3-4e0b-927b-eefcd97bbe8d fd9641cb218041d5991e662b99c16a04 affeaac082a74b44a7b0ecf64c4a0b98 - - default default] 10.0.0.104 "POST /v2.0/subnets HTTP/1.1" status: 201 len: 907 time: 0.4331179
2026-07-10 01:01:42.105 10 INFO neutron.wsgi [None req-357bc2cc-4e7d-4d00-9a96-123d36d0e6c0 93a620dfa58340e9b74b457d9fe5781d 2222f0e835ae4843ad674ae8ded7882a - - default default] 10.0.0.104 "GET /v2.0/qos/policies?tags=red HTTP/1.1" status: 200 len: 1296 time: 0.1713450
2026-07-10 01:01:42.167 9 INFO neutron.wsgi [None req-6b4e08a6-dfef-4a27-9bd0-93a1a694590b 93a620dfa58340e9b74b457d9fe5781d 2222f0e835ae4843ad674ae8ded7882a - - default default] 10.0.0.104 "GET /v2.0/qos/policies?tags=red%2Cblue HTTP/1.1" status: 200 len: 941 time: 0.0574889
2026-07-10 01:01:42.200 9 INFO neutron.db.segments_db [None req-ff0cdbdd-9663-4cc6-90d0-ef03eef64a8c fd9641cb218041d5991e662b99c16a04 affeaac082a74b44a7b0ecf64c4a0b98 - - default default] Added segment 84be74fa-4fc6-4e02-a7f5-fe9c6fc1465b of type geneve for network 346e7678-1dce-4b95-8fef-89a1d6998193
2026-07-10 01:01:42.232 10 INFO neutron.db.ovn_revision_numbers_db [None req-da18b482-d656-4614-938f-4ff2e49b2334 56c6772adfff4b8393a13f2b9af9b2bf d680de4b18024d4eb548d810135332d0 - - default default] Successfully bumped revision number for resource f966da67-b507-4a3d-92c0-80563bb754bf (type: security_groups) to 1
2026-07-10 01:01:42.247 10 INFO neutron.db.ovn_revision_numbers_db [None req-da18b482-d656-4614-938f-4ff2e49b2334 56c6772adfff4b8393a13f2b9af9b2bf d680de4b18024d4eb548d810135332d0 - - default default] Successfully bumped revision number for resource 28dd69dd-608c-4191-bd01-a3bac80e1c08 (type: security_group_rules) to 0
2026-07-10 01:01:42.268 10 INFO neutron.db.ovn_revision_numbers_db [None req-da18b482-d656-4614-938f-4ff2e49b2334 56c6772adfff4b8393a13f2b9af9b2bf d680de4b18024d4eb548d810135332d0 - - default default] Successfully bumped revision number for resource 61594d72-a10a-4572-b246-d5731c178b2e (type: security_group_rules) to 0
2026-07-10 01:01:42.282 9 INFO neutron.wsgi [None req-367aba05-39a3-4e21-a09c-8ffd102b7c20 93a620dfa58340e9b74b457d9fe5781d 2222f0e835ae4843ad674ae8ded7882a - - default default] 10.0.0.104 "GET /v2.0/qos/policies?tags-any=blue HTTP/1.1" status: 200 len: 941 time: 0.1097291
2026-07-10 01:01:42.295 10 INFO neutron.db.ovn_revision_numbers_db [None req-da18b482-d656-4614-938f-4ff2e49b2334 56c6772adfff4b8393a13f2b9af9b2bf d680de4b18024d4eb548d810135332d0 - - default default] Successfully bumped revision number for resource b8f6db75-b21b-416b-86f2-467d2e58377b (type: security_group_rules) to 0
2026-07-10 01:01:42.311 10 INFO neutron.db.ovn_revision_numbers_db [None req-da18b482-d656-4614-938f-4ff2e49b2334 56c6772adfff4b8393a13f2b9af9b2bf d680de4b18024d4eb548d810135332d0 - - default default] Successfully bumped revision number for resource f8ab73d9-ca27-4fb4-8c2f-3d1e515310d6 (type: security_group_rules) to 0
2026-07-10 01:01:42.337 10 INFO neutron.wsgi [None req-da18b482-d656-4614-938f-4ff2e49b2334 56c6772adfff4b8393a13f2b9af9b2bf d680de4b18024d4eb548d810135332d0 - - default default] 10.0.0.104 "GET /v2.0/security-groups?tenant_id=f2872ae9f2d24b999a82a232306a8db6&name=default HTTP/1.1" status: 200 len: 2996 time: 0.2677295
2026-07-10 01:01:42.459 10 INFO neutron.wsgi [None req-8b6ac930-2e23-4c24-8329-ea415d63d317 866a593c0fd94cf3b10e1fbdcf94f6a9 cb061229aa9a45febbe6470c28f07492 - - default default] 10.0.0.104 "PUT /v2.0/routers/4142abbe-3b9e-4802-95b1-298fdc6eb427/remove_router_interface HTTP/1.1" status: 200 len: 503 time: 0.9913278 /var/lib/openstack/lib/python3.10/site-packages/pycadf/identifier.py:71: UserWarning: Invalid uuid: neutron. To ensure interoperability, identifiers should be a valid uuid. warnings.warn(('Invalid uuid: %s. To ensure interoperability, '
2026-07-10 01:01:42.599 9 INFO neutron.db.ovn_revision_numbers_db [None req-ff0cdbdd-9663-4cc6-90d0-ef03eef64a8c fd9641cb218041d5991e662b99c16a04 affeaac082a74b44a7b0ecf64c4a0b98 - - default default] Successfully bumped revision number for resource 346e7678-1dce-4b95-8fef-89a1d6998193 (type: networks) to 1
2026-07-10 01:01:42.666 10 INFO neutron.wsgi [None req-a5e32e87-4715-4f39-9575-768aae1881bc 56c6772adfff4b8393a13f2b9af9b2bf d680de4b18024d4eb548d810135332d0 - - default default] 10.0.0.104 "DELETE /v2.0/security-groups/f966da67-b507-4a3d-92c0-80563bb754bf HTTP/1.1" status: 204 len: 168 time: 0.3103981
2026-07-10 01:01:42.669 9 INFO neutron.wsgi [None req-2108ea83-f26b-4e53-a20b-0fb493442d0a 93a620dfa58340e9b74b457d9fe5781d 2222f0e835ae4843ad674ae8ded7882a - - default default] 10.0.0.104 "GET /v2.0/qos/policies?tags-any=red%2Cblue HTTP/1.1" status: 200 len: 1296 time: 0.3812592
