2026-07-10 01:01:58.121 10 INFO neutron.wsgi [None req-a0f83780-e4f6-4f4b-8b3e-3a8eb0baaef8 a4b4a24ee6954dc4b85fe64f41172e0f c3c80e0f108c469eb6a3c2d5c1d8c068 - - default default] 10.0.0.104 "GET /v2.0/trunks/93a0994c-b8a3-47ce-895f-5152d88b0719/tags/red HTTP/1.1" status: 204 len: 168 time: 0.0211787
2026-07-10 01:01:58.142 10 INFO neutron.api.v2.resource [None req-8ca50057-e4bc-42c8-9f85-377ffa514f12 a4b4a24ee6954dc4b85fe64f41172e0f c3c80e0f108c469eb6a3c2d5c1d8c068 - - default default] show failed (client error): The resource could not be found.
2026-07-10 01:01:58.143 10 INFO neutron.wsgi [None req-8ca50057-e4bc-42c8-9f85-377ffa514f12 a4b4a24ee6954dc4b85fe64f41172e0f c3c80e0f108c469eb6a3c2d5c1d8c068 - - default default] 10.0.0.104 "GET /v2.0/trunks/93a0994c-b8a3-47ce-895f-5152d88b0719/tags/green HTTP/1.1" status: 404 len: 299 time: 0.0150781
2026-07-10 01:01:58.180 10 INFO neutron.wsgi [None req-1447d3ab-0f8b-4d75-93f9-a872a14d62a6 a4b4a24ee6954dc4b85fe64f41172e0f c3c80e0f108c469eb6a3c2d5c1d8c068 - - default default] 10.0.0.104 "DELETE /v2.0/trunks/93a0994c-b8a3-47ce-895f-5152d88b0719/tags/red HTTP/1.1" status: 204 len: 168 time: 0.0292883
2026-07-10 01:01:58.190 9 INFO neutron.db.ovn_revision_numbers_db [None req-68f0aecd-e420-4465-bc9d-e7dcac7cdc43 - - - - - -] Successfully bumped revision number for resource 09ded505-7271-4b9d-8602-96b4f35292d3 (type: router_ports) to 2
2026-07-10 01:01:58.203 10 INFO neutron.wsgi [None req-be384da2-3a0c-4d76-92d5-4a7215f02192 a4b4a24ee6954dc4b85fe64f41172e0f c3c80e0f108c469eb6a3c2d5c1d8c068 - - default default] 10.0.0.104 "GET /v2.0/trunks/93a0994c-b8a3-47ce-895f-5152d88b0719/tags HTTP/1.1" status: 200 len: 223 time: 0.0178125
2026-07-10 01:01:58.222 9 INFO neutron.db.ovn_revision_numbers_db [None req-9dad5236-f5a7-4d1b-902f-6bc1834d2573 fd9641cb218041d5991e662b99c16a04 affeaac082a74b44a7b0ecf64c4a0b98 - - default default] Successfully bumped revision number for resource b1847c5b-e41c-448b-ac75-44b6d2e5d961 (type: security_group_rules) to 0
2026-07-10 01:01:58.226 10 INFO neutron.api.v2.resource [None req-cf45296e-0270-437e-80e0-c9cad59166bc a4b4a24ee6954dc4b85fe64f41172e0f c3c80e0f108c469eb6a3c2d5c1d8c068 - - default default] delete failed (client error): The resource could not be found.
2026-07-10 01:01:58.227 10 INFO neutron.wsgi [None req-cf45296e-0270-437e-80e0-c9cad59166bc a4b4a24ee6954dc4b85fe64f41172e0f c3c80e0f108c469eb6a3c2d5c1d8c068 - - default default] 10.0.0.104 "DELETE /v2.0/trunks/93a0994c-b8a3-47ce-895f-5152d88b0719/tags/green HTTP/1.1" status: 404 len: 299 time: 0.0194771
2026-07-10 01:01:58.253 9 INFO neutron.wsgi [None req-9dad5236-f5a7-4d1b-902f-6bc1834d2573 fd9641cb218041d5991e662b99c16a04 affeaac082a74b44a7b0ecf64c4a0b98 - - default default] 10.0.0.104 "POST /v2.0/security-group-rules HTTP/1.1" status: 201 len: 764 time: 0.2052422
2026-07-10 01:01:58.262 10 INFO neutron.wsgi [None req-a60089b4-a4bb-405d-9adc-f0d7d102b009 a4b4a24ee6954dc4b85fe64f41172e0f c3c80e0f108c469eb6a3c2d5c1d8c068 - - default default] 10.0.0.104 "DELETE /v2.0/trunks/93a0994c-b8a3-47ce-895f-5152d88b0719/tags HTTP/1.1" status: 204 len: 168 time: 0.0301571
2026-07-10 01:01:58.281 10 INFO neutron.wsgi [None req-7da864a5-0464-4885-8b5a-f22ba2421507 a4b4a24ee6954dc4b85fe64f41172e0f c3c80e0f108c469eb6a3c2d5c1d8c068 - - default default] 10.0.0.104 "GET /v2.0/trunks/93a0994c-b8a3-47ce-895f-5152d88b0719/tags HTTP/1.1" status: 200 len: 205 time: 0.0141907
2026-07-10 01:01:58.311 10 INFO neutron.wsgi [None req-fb65daac-22af-499d-8028-8e97ef7e86a1 a4b4a24ee6954dc4b85fe64f41172e0f c3c80e0f108c469eb6a3c2d5c1d8c068 - - default default] 10.0.0.104 "GET /v2.0/trunks/93a0994c-b8a3-47ce-895f-5152d88b0719 HTTP/1.1" status: 200 len: 603 time: 0.0200713
2026-07-10 01:01:58.375 9 INFO neutron.db.ovn_revision_numbers_db [None req-08a0624a-129a-4b08-a6cb-c3471734aa3e fd9641cb218041d5991e662b99c16a04 affeaac082a74b44a7b0ecf64c4a0b98 - - default default] Successfully bumped revision number for resource fb17f184-e06d-4efc-80c1-b9815ec67bde (type: security_group_rules) to 0
2026-07-10 01:01:58.396 9 INFO neutron.wsgi [None req-08a0624a-129a-4b08-a6cb-c3471734aa3e fd9641cb218041d5991e662b99c16a04 affeaac082a74b44a7b0ecf64c4a0b98 - - default default] 10.0.0.104 "POST /v2.0/security-group-rules HTTP/1.1" status: 201 len: 764 time: 0.1357517
2026-07-10 01:01:58.406 10 INFO neutron.wsgi [None req-5a5bdc4a-160a-4306-9dfa-e3c9f6fe0341 a4b4a24ee6954dc4b85fe64f41172e0f c3c80e0f108c469eb6a3c2d5c1d8c068 - - default default] 10.0.0.104 "GET /v2.0/ports/6da15eb6-4778-495d-aa7f-fef832072410 HTTP/1.1" status: 200 len: 1020 time: 0.0887995
2026-07-10 01:01:58.500 10 INFO neutron.wsgi [None req-05c626f9-e4ee-49cf-8150-47bcaa5e53af a4b4a24ee6954dc4b85fe64f41172e0f c3c80e0f108c469eb6a3c2d5c1d8c068 - - default default] 10.0.0.104 "DELETE /v2.0/trunks/93a0994c-b8a3-47ce-895f-5152d88b0719 HTTP/1.1" status: 204 len: 168 time: 0.0885806
2026-07-10 01:01:58.537 9 INFO neutron.db.ovn_revision_numbers_db [None req-686568e8-d8be-44ed-9d44-c986fba843d4 fd9641cb218041d5991e662b99c16a04 affeaac082a74b44a7b0ecf64c4a0b98 - - default default] Successfully bumped revision number for resource 9017e571-9c2c-40e7-b35d-5b7c81ca01b9 (type: security_group_rules) to 0
2026-07-10 01:01:58.561 9 INFO neutron.wsgi [None req-686568e8-d8be-44ed-9d44-c986fba843d4 fd9641cb218041d5991e662b99c16a04 affeaac082a74b44a7b0ecf64c4a0b98 - - default default] 10.0.0.104 "POST /v2.0/security-group-rules HTTP/1.1" status: 201 len: 766 time: 0.1588585
2026-07-10 01:01:58.798 10 INFO neutron.db.ovn_revision_numbers_db [None req-3347d68b-8e07-4472-b206-2a4a4b3ddb9f fd9641cb218041d5991e662b99c16a04 affeaac082a74b44a7b0ecf64c4a0b98 - - default default] Successfully bumped revision number for resource 59045ffc-2417-4df4-b7b8-2cc5d0a03fa6 (type: security_group_rules) to 0
2026-07-10 01:01:58.818 10 INFO neutron.wsgi [None req-291b9b6e-6c29-4368-b55d-f1ce7ff8184b a4b4a24ee6954dc4b85fe64f41172e0f c3c80e0f108c469eb6a3c2d5c1d8c068 - - default default] 10.0.0.104 "DELETE /v2.0/ports/6da15eb6-4778-495d-aa7f-fef832072410 HTTP/1.1" status: 204 len: 168 time: 0.3129821
2026-07-10 01:01:58.822 10 INFO neutron.wsgi [None req-3347d68b-8e07-4472-b206-2a4a4b3ddb9f fd9641cb218041d5991e662b99c16a04 affeaac082a74b44a7b0ecf64c4a0b98 - - default default] 10.0.0.104 "POST /v2.0/security-group-rules HTTP/1.1" status: 201 len: 768 time: 0.2515790
2026-07-10 01:01:58.968 9 INFO neutron.db.ovn_revision_numbers_db [None req-cf2f079b-d01a-487d-bd4d-c77aaa7ce66d fd9641cb218041d5991e662b99c16a04 affeaac082a74b44a7b0ecf64c4a0b98 - - default default] Successfully bumped revision number for resource e028e899-9408-4772-a61c-631f269baeb4 (type: security_group_rules) to 0
2026-07-10 01:01:58.990 9 INFO neutron.wsgi [None req-cf2f079b-d01a-487d-bd4d-c77aaa7ce66d fd9641cb218041d5991e662b99c16a04 affeaac082a74b44a7b0ecf64c4a0b98 - - default default] 10.0.0.104 "POST /v2.0/security-group-rules HTTP/1.1" status: 201 len: 764 time: 0.1623855
2026-07-10 01:01:59.163 10 INFO neutron.services.segments.plugin [-] Segment ade5fcd3-eae1-4b8a-805f-888849d91ded resource provider aggregate not found
2026-07-10 01:01:59.179 10 INFO neutron.services.segments.plugin [-] Segment ade5fcd3-eae1-4b8a-805f-888849d91ded resource provider aggregate not found
2026-07-10 01:01:59.183 10 INFO neutron.services.segments.plugin [-] Segment ade5fcd3-eae1-4b8a-805f-888849d91ded resource provider not found; error: Placement Client Error (4xx): {"errors": [{"status": 404, "title": "Not Found", "detail": "The resource could not be found.\n\n No resource provider with uuid ade5fcd3-eae1-4b8a-805f-888849d91ded found for delete ", "request_id": "req-883c5600-a0f4-43a5-8df6-4b4a832a6649"}]}
2026-07-10 01:01:59.199 10 INFO neutron.services.segments.plugin [-] Segment ade5fcd3-eae1-4b8a-805f-888849d91ded resource provider not found; error: Placement Client Error (4xx): {"errors": [{"status": 404, "title": "Not Found", "detail": "The resource could not be found.\n\n No resource provider with uuid ade5fcd3-eae1-4b8a-805f-888849d91ded found for delete ", "request_id": "req-593eae56-1317-45d4-a36d-20d29075ec8b"}]}
2026-07-10 01:01:59.215 10 INFO neutron.wsgi [None req-7ddb3eb7-9f82-4e08-9a04-97d9c7294ba3 a4b4a24ee6954dc4b85fe64f41172e0f c3c80e0f108c469eb6a3c2d5c1d8c068 - - default default] 10.0.0.104 "DELETE /v2.0/networks/df7253fc-46e2-4c56-ac79-9a1f482240eb HTTP/1.1" status: 204 len: 168 time: 0.3916459
2026-07-10 01:01:59.253 9 INFO neutron.wsgi [req-b69be461-3ada-445e-88f1-f052e56f9313 req-123489e1-8ec3-4ad4-80a1-252e407764b0 fd9641cb218041d5991e662b99c16a04 affeaac082a74b44a7b0ecf64c4a0b98 - - default default] 10.0.0.214 "GET /v2.0/security-groups?name=tempest-lb_member_SG-276036957&fields=id&tenant_id=affeaac082a74b44a7b0ecf64c4a0b98 HTTP/1.1" status: 200 len: 267 time: 0.0441134
2026-07-10 01:01:59.358 9 INFO neutron.wsgi [req-b69be461-3ada-445e-88f1-f052e56f9313 req-1df3d105-b392-4489-ad67-f2ebdb720a11 fd9641cb218041d5991e662b99c16a04 affeaac082a74b44a7b0ecf64c4a0b98 - - default default] 10.0.0.214 "GET /v2.0/networks?id=346e7678-1dce-4b95-8fef-89a1d6998193 HTTP/1.1" status: 200 len: 904 time: 0.0937915
2026-07-10 01:01:59.382 9 INFO neutron.wsgi [req-b69be461-3ada-445e-88f1-f052e56f9313 req-bc3ff615-51cb-44ed-840c-13e91369737b fd9641cb218041d5991e662b99c16a04 affeaac082a74b44a7b0ecf64c4a0b98 - - default default] 10.0.0.214 "GET /v2.0/quotas/affeaac082a74b44a7b0ecf64c4a0b98 HTTP/1.1" status: 200 len: 386 time: 0.0150700
2026-07-10 01:01:59.625 9 INFO neutron.wsgi [req-b69be461-3ada-445e-88f1-f052e56f9313 req-8005a650-5ef8-46b0-aa95-61a5cd2d30a5 fd9641cb218041d5991e662b99c16a04 affeaac082a74b44a7b0ecf64c4a0b98 - - default default] 10.0.0.214 "GET /v2.0/ports?tenant_id=affeaac082a74b44a7b0ecf64c4a0b98&fields=id HTTP/1.1" status: 200 len: 486 time: 0.2343006
2026-07-10 01:01:59.731 10 WARNING neutron.plugins.ml2.drivers.ovn.mech_driver.ovsdb.ovn_client [None req-8188d7f9-7e32-405c-a9c0-d725ce4f79ec - - - - - -] No hosting information found for port 4353ef20-287f-4603-9d22-7880075e0764: RuntimeError: No hosting information found for port 4353ef20-287f-4603-9d22-7880075e0764
2026-07-10 01:02:00.079 9 INFO neutron.wsgi [req-b69be461-3ada-445e-88f1-f052e56f9313 req-df1516d4-d08b-4703-b4c7-f105b8219b97 9cbdeaa65bb04cf5af54ce8be9ca4bfd 5234372e431e4155a18942f862c2b3ea - - 591d98c7de1d4b87afdd40c5d6f503da 591d98c7de1d4b87afdd40c5d6f503da] 10.0.0.214 "GET /v2.0/extensions HTTP/1.1" status: 200 len: 16525 time: 0.0581293
2026-07-10 01:02:00.129 9 INFO neutron.wsgi [None req-0ba8be59-4236-4e34-83c3-6c563399374e 56c6772adfff4b8393a13f2b9af9b2bf d680de4b18024d4eb548d810135332d0 - - default default] 10.0.0.104 "GET /v2.0/security-groups?tenant_id=c3c80e0f108c469eb6a3c2d5c1d8c068&name=default HTTP/1.1" status: 200 len: 3000 time: 0.1731322
2026-07-10 01:02:00.172 9 INFO neutron.wsgi [req-b69be461-3ada-445e-88f1-f052e56f9313 req-400a97fe-dd5b-4133-a0e3-8a87780d2563 9cbdeaa65bb04cf5af54ce8be9ca4bfd 5234372e431e4155a18942f862c2b3ea - - 591d98c7de1d4b87afdd40c5d6f503da 591d98c7de1d4b87afdd40c5d6f503da] 10.0.0.214 "GET /v2.0/networks/346e7678-1dce-4b95-8fef-89a1d6998193?fields=segments HTTP/1.1" status: 200 len: 212 time: 0.0847085
2026-07-10 01:02:00.242 9 INFO neutron.wsgi [req-b69be461-3ada-445e-88f1-f052e56f9313 req-086ae41b-dffc-43b0-9de9-c9d6ec4ae7e3 9cbdeaa65bb04cf5af54ce8be9ca4bfd 5234372e431e4155a18942f862c2b3ea - - 591d98c7de1d4b87afdd40c5d6f503da 591d98c7de1d4b87afdd40c5d6f503da] 10.0.0.214 "GET /v2.0/networks/346e7678-1dce-4b95-8fef-89a1d6998193?fields=provider%3Aphysical_network&fields=provider%3Anetwork_type HTTP/1.1" status: 200 len: 277 time: 0.0597551
2026-07-10 01:02:00.323 10 INFO neutron.wsgi [None req-1c7884bd-dbc8-4b52-93f8-f001b5daf00b 56c6772adfff4b8393a13f2b9af9b2bf d680de4b18024d4eb548d810135332d0 - - default default] 10.0.0.104 "DELETE /v2.0/security-groups/8a5f3afb-a7b4-4d73-a71a-18d46256b182 HTTP/1.1" status: 204 len: 168 time: 0.1895895
2026-07-10 01:02:00.606 9 INFO neutron.db.ovn_revision_numbers_db [None req-312f3b4d-2dba-452e-82be-cdaaed95ecc3 56c6772adfff4b8393a13f2b9af9b2bf d680de4b18024d4eb548d810135332d0 - - default default] Successfully bumped revision number for resource 7c817264-b882-43cf-96b8-d68407d20900 (type: security_groups) to 1
2026-07-10 01:02:00.634 9 INFO neutron.db.ovn_revision_numbers_db [None req-312f3b4d-2dba-452e-82be-cdaaed95ecc3 56c6772adfff4b8393a13f2b9af9b2bf d680de4b18024d4eb548d810135332d0 - - default default] Successfully bumped revision number for resource 62c83bb5-243c-4d3d-9e90-06e8921b8526 (type: security_group_rules) to 0
2026-07-10 01:02:00.655 9 INFO neutron.db.ovn_revision_numbers_db [None req-312f3b4d-2dba-452e-82be-cdaaed95ecc3 56c6772adfff4b8393a13f2b9af9b2bf d680de4b18024d4eb548d810135332d0 - - default default] Successfully bumped revision number for resource a47d54f2-5978-4013-8579-c58c710fc30d (type: security_group_rules) to 0
2026-07-10 01:02:00.679 9 INFO neutron.db.ovn_revision_numbers_db [None req-312f3b4d-2dba-452e-82be-cdaaed95ecc3 56c6772adfff4b8393a13f2b9af9b2bf d680de4b18024d4eb548d810135332d0 - - default default] Successfully bumped revision number for resource bcfe8ea7-5a03-4f8f-88c3-5a98d921eee8 (type: security_group_rules) to 0
2026-07-10 01:02:00.703 9 INFO neutron.db.ovn_revision_numbers_db [None req-312f3b4d-2dba-452e-82be-cdaaed95ecc3 56c6772adfff4b8393a13f2b9af9b2bf d680de4b18024d4eb548d810135332d0 - - default default] Successfully bumped revision number for resource d6ec7d61-9153-47c3-9a00-667df15a206b (type: security_group_rules) to 0
2026-07-10 01:02:00.731 9 INFO neutron.wsgi [None req-312f3b4d-2dba-452e-82be-cdaaed95ecc3 56c6772adfff4b8393a13f2b9af9b2bf d680de4b18024d4eb548d810135332d0 - - default default] 10.0.0.104 "GET /v2.0/security-groups?tenant_id=d3c38c3d0ea94196b1cb38f13ad06eb2&name=default HTTP/1.1" status: 200 len: 3000 time: 0.2739520
2026-07-10 01:02:00.744 10 INFO neutron.wsgi [req-6d71e079-33e7-44b9-a04f-b03a21462a2a req-ab22041d-05ed-4016-b065-c23b1be0d3cd fd9641cb218041d5991e662b99c16a04 affeaac082a74b44a7b0ecf64c4a0b98 - - default default] 10.0.0.214 "GET /v2.0/ports?device_id=b7b35c8f-b164-41a2-a507-42a1f5ec658d HTTP/1.1" status: 200 len: 210 time: 0.3340583
2026-07-10 01:02:01.139 9 INFO neutron.db.ovn_revision_numbers_db [None req-4c7357ba-caa1-4d0c-8e54-c3af5f5f8c4f 5dcee62dba06424d8a599c4e0f914b79 318945d64bf04f2aa4d2a5aa416b3798 - - default default] Successfully bumped revision number for resource b07d6b7b-f7eb-47d2-a2cd-17fd76f9bfb1 (type: security_groups) to 1
2026-07-10 01:02:01.158 9 INFO neutron.db.ovn_revision_numbers_db [None req-4c7357ba-caa1-4d0c-8e54-c3af5f5f8c4f 5dcee62dba06424d8a599c4e0f914b79 318945d64bf04f2aa4d2a5aa416b3798 - - default default] Successfully bumped revision number for resource 285001e9-a046-47ca-993d-636a2bab8e90 (type: security_group_rules) to 0
2026-07-10 01:02:01.173 10 INFO neutron.wsgi [req-b69be461-3ada-445e-88f1-f052e56f9313 req-ff33e1f0-10d0-44bb-8e4f-490a73fc16ef fd9641cb218041d5991e662b99c16a04 affeaac082a74b44a7b0ecf64c4a0b98 - - default default] 199.204.45.129 "GET /v2.0/networks?id=346e7678-1dce-4b95-8fef-89a1d6998193 HTTP/1.1" status: 200 len: 904 time: 0.0669816
2026-07-10 01:02:01.174 9 INFO neutron.db.ovn_revision_numbers_db [None req-4c7357ba-caa1-4d0c-8e54-c3af5f5f8c4f 5dcee62dba06424d8a599c4e0f914b79 318945d64bf04f2aa4d2a5aa416b3798 - - default default] Successfully bumped revision number for resource 89550492-33ad-4ebd-b483-849ea6142540 (type: security_group_rules) to 0
2026-07-10 01:02:01.195 9 INFO neutron.db.ovn_revision_numbers_db [None req-4c7357ba-caa1-4d0c-8e54-c3af5f5f8c4f 5dcee62dba06424d8a599c4e0f914b79 318945d64bf04f2aa4d2a5aa416b3798 - - default default] Successfully bumped revision number for resource add13ea9-f963-4360-b5a5-f0fa7601a2fc (type: security_group_rules) to 0
2026-07-10 01:02:01.201 9 INFO neutron.wsgi [None req-c3ce19b4-6a66-420a-a600-4fef12d5e0dd 56c6772adfff4b8393a13f2b9af9b2bf d680de4b18024d4eb548d810135332d0 - - default default] 10.0.0.104 "DELETE /v2.0/security-groups/7c817264-b882-43cf-96b8-d68407d20900 HTTP/1.1" status: 204 len: 168 time: 0.4601216
2026-07-10 01:02:01.214 9 INFO neutron.db.ovn_revision_numbers_db [None req-4c7357ba-caa1-4d0c-8e54-c3af5f5f8c4f 5dcee62dba06424d8a599c4e0f914b79 318945d64bf04f2aa4d2a5aa416b3798 - - default default] Successfully bumped revision number for resource c36b66aa-7509-4823-84f9-139042649b70 (type: security_group_rules) to 0
2026-07-10 01:02:01.225 10 INFO neutron.wsgi [req-b69be461-3ada-445e-88f1-f052e56f9313 req-8e00c386-e140-49f0-9d89-34edba888b38 fd9641cb218041d5991e662b99c16a04 affeaac082a74b44a7b0ecf64c4a0b98 - - default default] 199.204.45.129 "GET /v2.0/security-groups?fields=id&fields=name&tenant_id=affeaac082a74b44a7b0ecf64c4a0b98 HTTP/1.1" status: 200 len: 377 time: 0.0434999
2026-07-10 01:02:01.267 9 INFO neutron.db.segments_db [None req-4c7357ba-caa1-4d0c-8e54-c3af5f5f8c4f 5dcee62dba06424d8a599c4e0f914b79 318945d64bf04f2aa4d2a5aa416b3798 - - default default] Added segment 17356312-9800-4219-825b-4a3fafe41b93 of type geneve for network 270f47bf-596f-4f4e-af93-d2f47732dbab
2026-07-10 01:02:01.421 9 INFO neutron.db.ovn_revision_numbers_db [None req-4c7357ba-caa1-4d0c-8e54-c3af5f5f8c4f 5dcee62dba06424d8a599c4e0f914b79 318945d64bf04f2aa4d2a5aa416b3798 - - default default] Successfully bumped revision number for resource 270f47bf-596f-4f4e-af93-d2f47732dbab (type: networks) to 1
2026-07-10 01:02:01.563 9 INFO neutron.db.ovn_revision_numbers_db [None req-ec1160da-dac7-4484-9e55-eb34333e1a3c 56c6772adfff4b8393a13f2b9af9b2bf d680de4b18024d4eb548d810135332d0 - - default default] Successfully bumped revision number for resource cce471c4-65a9-4ba2-8dab-73ec948fd514 (type: security_groups) to 1
2026-07-10 01:02:01.579 9 INFO neutron.db.ovn_revision_numbers_db [None req-ec1160da-dac7-4484-9e55-eb34333e1a3c 56c6772adfff4b8393a13f2b9af9b2bf d680de4b18024d4eb548d810135332d0 - - default default] Successfully bumped revision number for resource 0b21b893-9310-4bb6-912f-a1d4d7c3e215 (type: security_group_rules) to 0
2026-07-10 01:02:01.602 9 INFO neutron.db.ovn_revision_numbers_db [None req-ec1160da-dac7-4484-9e55-eb34333e1a3c 56c6772adfff4b8393a13f2b9af9b2bf d680de4b18024d4eb548d810135332d0 - - default default] Successfully bumped revision number for resource af1b4a02-c198-48fd-a47b-9b2db4146da8 (type: security_group_rules) to 0
2026-07-10 01:02:01.614 10 WARNING neutron.scheduler.dhcp_agent_scheduler [req-b69be461-3ada-445e-88f1-f052e56f9313 req-fbf4e64f-520c-4b84-aa6e-a5ac5cf62a29 fd9641cb218041d5991e662b99c16a04 affeaac082a74b44a7b0ecf64c4a0b98 - - default default] No more DHCP agents
2026-07-10 01:02:01.618 10 WARNING neutron.api.rpc.agentnotifiers.dhcp_rpc_agent_api [req-b69be461-3ada-445e-88f1-f052e56f9313 req-fbf4e64f-520c-4b84-aa6e-a5ac5cf62a29 fd9641cb218041d5991e662b99c16a04 affeaac082a74b44a7b0ecf64c4a0b98 - - default default] Unable to schedule network 346e7678-1dce-4b95-8fef-89a1d6998193: no agents available; will retry on subsequent port and subnet creation events.
2026-07-10 01:02:01.620 9 WARNING neutron.scheduler.dhcp_agent_scheduler [None req-4c7357ba-caa1-4d0c-8e54-c3af5f5f8c4f 5dcee62dba06424d8a599c4e0f914b79 318945d64bf04f2aa4d2a5aa416b3798 - - default default] No more DHCP agents
2026-07-10 01:02:01.621 9 WARNING neutron.api.rpc.agentnotifiers.dhcp_rpc_agent_api [None req-4c7357ba-caa1-4d0c-8e54-c3af5f5f8c4f 5dcee62dba06424d8a599c4e0f914b79 318945d64bf04f2aa4d2a5aa416b3798 - - default default] Unable to schedule network 270f47bf-596f-4f4e-af93-d2f47732dbab: no agents available; will retry on subsequent port and subnet creation events.
2026-07-10 01:02:01.624 9 INFO neutron.db.ovn_revision_numbers_db [None req-ec1160da-dac7-4484-9e55-eb34333e1a3c 56c6772adfff4b8393a13f2b9af9b2bf d680de4b18024d4eb548d810135332d0 - - default default] Successfully bumped revision number for resource c58d5613-9a4c-461e-b1f9-ac2c1e8aee2b (type: security_group_rules) to 0
2026-07-10 01:02:01.654 9 INFO neutron.db.ovn_revision_numbers_db [None req-ec1160da-dac7-4484-9e55-eb34333e1a3c 56c6772adfff4b8393a13f2b9af9b2bf d680de4b18024d4eb548d810135332d0 - - default default] Successfully bumped revision number for resource c8eaa1a8-8582-4fce-9ff7-013f8ab3aeaf (type: security_group_rules) to 0
2026-07-10 01:02:01.689 9 INFO neutron.wsgi [None req-ec1160da-dac7-4484-9e55-eb34333e1a3c 56c6772adfff4b8393a13f2b9af9b2bf d680de4b18024d4eb548d810135332d0 - - default default] 10.0.0.104 "GET /v2.0/security-groups?tenant_id=a35bf81249cc4215b13e39aa71b03c4e&name=default HTTP/1.1" status: 200 len: 3000 time: 0.4164979 /var/lib/openstack/lib/python3.10/site-packages/pycadf/identifier.py:71: UserWarning: Invalid uuid: neutron. To ensure interoperability, identifiers should be a valid uuid. warnings.warn(('Invalid uuid: %s. To ensure interoperability, '
2026-07-10 01:02:01.733 9 INFO neutron.db.ovn_revision_numbers_db [None req-4c7357ba-caa1-4d0c-8e54-c3af5f5f8c4f 5dcee62dba06424d8a599c4e0f914b79 318945d64bf04f2aa4d2a5aa416b3798 - - default default] Successfully bumped revision number for resource 3788452a-da47-43c8-af9c-1fec24b00e18 (type: ports) to 1
2026-07-10 01:02:01.770 9 INFO neutron.wsgi [None req-4c7357ba-caa1-4d0c-8e54-c3af5f5f8c4f 5dcee62dba06424d8a599c4e0f914b79 318945d64bf04f2aa4d2a5aa416b3798 - - default default] 10.0.0.104 "POST /v2.0/networks HTTP/1.1" status: 201 len: 831 time: 1.1449230
2026-07-10 01:02:01.816 10 INFO neutron.db.ovn_revision_numbers_db [req-b69be461-3ada-445e-88f1-f052e56f9313 req-fbf4e64f-520c-4b84-aa6e-a5ac5cf62a29 fd9641cb218041d5991e662b99c16a04 affeaac082a74b44a7b0ecf64c4a0b98 - - default default] Successfully bumped revision number for resource f895384b-a5a8-4df2-a217-648b82164011 (type: ports) to 1
2026-07-10 01:02:01.841 10 INFO neutron.wsgi [req-b69be461-3ada-445e-88f1-f052e56f9313 req-fbf4e64f-520c-4b84-aa6e-a5ac5cf62a29 fd9641cb218041d5991e662b99c16a04 affeaac082a74b44a7b0ecf64c4a0b98 - - default default] 199.204.45.129 "POST /v2.0/ports HTTP/1.1" status: 201 len: 1384 time: 0.6124065
2026-07-10 01:02:01.851 9 INFO neutron.wsgi [None req-4013a7b6-cd8f-4d33-ad86-462accac3932 5dcee62dba06424d8a599c4e0f914b79 318945d64bf04f2aa4d2a5aa416b3798 - - default default] 10.0.0.104 "PUT /v2.0/networks/270f47bf-596f-4f4e-af93-d2f47732dbab/tags HTTP/1.1" status: 200 len: 218 time: 0.0715671
2026-07-10 01:02:01.907 9 INFO neutron.wsgi [None req-76f7fc51-549f-4ec0-aa76-6e72c56033e0 5dcee62dba06424d8a599c4e0f914b79 318945d64bf04f2aa4d2a5aa416b3798 - - default default] 10.0.0.104 "GET /v2.0/networks/270f47bf-596f-4f4e-af93-d2f47732dbab/tags HTTP/1.1" status: 200 len: 218 time: 0.0501251
2026-07-10 01:02:01.981 9 INFO neutron.wsgi [None req-0c6d28c3-b6ab-4645-90d5-0ca1ef8a1187 5dcee62dba06424d8a599c4e0f914b79 318945d64bf04f2aa4d2a5aa416b3798 - - default default] 10.0.0.104 "PUT /v2.0/networks/270f47bf-596f-4f4e-af93-d2f47732dbab/tags/green HTTP/1.1" status: 201 len: 201 time: 0.0696545
2026-07-10 01:02:01.999 10 INFO neutron.wsgi [None req-6b8dd717-facb-4304-a53a-272b583140bd 56c6772adfff4b8393a13f2b9af9b2bf d680de4b18024d4eb548d810135332d0 - - default default] 10.0.0.104 "DELETE /v2.0/security-groups/cce471c4-65a9-4ba2-8dab-73ec948fd514 HTTP/1.1" status: 204 len: 168 time: 0.3027921
2026-07-10 01:02:02.044 9 INFO neutron.wsgi [None req-100682d0-62f9-43e7-8dd4-490c25608885 5dcee62dba06424d8a599c4e0f914b79 318945d64bf04f2aa4d2a5aa416b3798 - - default default] 10.0.0.104 "GET /v2.0/networks/270f47bf-596f-4f4e-af93-d2f47732dbab/tags HTTP/1.1" status: 200 len: 227 time: 0.0574849
2026-07-10 01:02:02.091 9 INFO neutron.wsgi [None req-db7dd324-6289-45c3-af30-291bf6f85621 5dcee62dba06424d8a599c4e0f914b79 318945d64bf04f2aa4d2a5aa416b3798 - - default default] 10.0.0.104 "PUT /v2.0/networks/270f47bf-596f-4f4e-af93-d2f47732dbab/tags/red HTTP/1.1" status: 201 len: 201 time: 0.0424657
2026-07-10 01:02:02.161 9 INFO neutron.wsgi [None req-c2d51e35-0ecb-4b1f-a338-dd8482fdf50f 5dcee62dba06424d8a599c4e0f914b79 318945d64bf04f2aa4d2a5aa416b3798 - - default default] 10.0.0.104 "GET /v2.0/networks/270f47bf-596f-4f4e-af93-d2f47732dbab/tags HTTP/1.1" status: 200 len: 227 time: 0.0625637 /var/lib/openstack/lib/python3.10/site-packages/pycadf/identifier.py:71: UserWarning: Invalid uuid: neutron. To ensure interoperability, identifiers should be a valid uuid. warnings.warn(('Invalid uuid: %s. To ensure interoperability, '
2026-07-10 01:02:02.233 10 INFO neutron.wsgi [None req-0bb82bca-9baa-43a2-96a0-0c471e2af813 5dcee62dba06424d8a599c4e0f914b79 318945d64bf04f2aa4d2a5aa416b3798 - - default default] 10.0.0.104 "PUT /v2.0/networks/270f47bf-596f-4f4e-af93-d2f47732dbab/tags/black.or.white HTTP/1.1" status: 201 len: 201 time: 0.0669172
2026-07-10 01:02:02.242 9 INFO neutron.db.ovn_revision_numbers_db [None req-827a8526-452a-4e93-872d-cef1e3a00d5c 56c6772adfff4b8393a13f2b9af9b2bf d680de4b18024d4eb548d810135332d0 - - default default] Successfully bumped revision number for resource 2ffcbc1f-bfed-472f-b61f-4b5c00d84132 (type: security_groups) to 1
2026-07-10 01:02:02.273 9 INFO neutron.db.ovn_revision_numbers_db [None req-827a8526-452a-4e93-872d-cef1e3a00d5c 56c6772adfff4b8393a13f2b9af9b2bf d680de4b18024d4eb548d810135332d0 - - default default] Successfully bumped revision number for resource 34afc618-e534-48a8-bf31-f64092afeed5 (type: security_group_rules) to 0
2026-07-10 01:02:02.281 9 INFO neutron.wsgi [None req-ed1cf278-12dc-4bf8-a3e3-663caad5f3ad 5dcee62dba06424d8a599c4e0f914b79 318945d64bf04f2aa4d2a5aa416b3798 - - default default] 10.0.0.104 "GET /v2.0/networks/270f47bf-596f-4f4e-af93-d2f47732dbab/tags HTTP/1.1" status: 200 len: 245 time: 0.0433681
2026-07-10 01:02:02.283 10 INFO neutron.db.ovn_revision_numbers_db [req-b69be461-3ada-445e-88f1-f052e56f9313 req-a58db18f-1e4f-47bd-a050-16c8e9ce80b1 9cbdeaa65bb04cf5af54ce8be9ca4bfd 5234372e431e4155a18942f862c2b3ea - - 591d98c7de1d4b87afdd40c5d6f503da 591d98c7de1d4b87afdd40c5d6f503da] Successfully bumped revision number for resource f895384b-a5a8-4df2-a217-648b82164011 (type: ports) to 2
2026-07-10 01:02:02.289 9 INFO neutron.db.ovn_revision_numbers_db [None req-827a8526-452a-4e93-872d-cef1e3a00d5c 56c6772adfff4b8393a13f2b9af9b2bf d680de4b18024d4eb548d810135332d0 - - default default] Successfully bumped revision number for resource 61af6100-4b26-41fb-bff2-3484de844339 (type: security_group_rules) to 0
2026-07-10 01:02:02.304 9 INFO neutron.db.ovn_revision_numbers_db [None req-827a8526-452a-4e93-872d-cef1e3a00d5c 56c6772adfff4b8393a13f2b9af9b2bf d680de4b18024d4eb548d810135332d0 - - default default] Successfully bumped revision number for resource 817f5951-8a41-4290-9d53-668e599d3a94 (type: security_group_rules) to 0
2026-07-10 01:02:02.319 9 INFO neutron.db.ovn_revision_numbers_db [None req-827a8526-452a-4e93-872d-cef1e3a00d5c 56c6772adfff4b8393a13f2b9af9b2bf d680de4b18024d4eb548d810135332d0 - - default default] Successfully bumped revision number for resource c4f0c1de-b892-439b-8f51-838d706b6d75 (type: security_group_rules) to 0
2026-07-10 01:02:02.339 10 INFO neutron.wsgi [None req-a8d53d99-57b6-4b71-baca-d355eb23c283 5dcee62dba06424d8a599c4e0f914b79 318945d64bf04f2aa4d2a5aa416b3798 - - default default] 10.0.0.104 "PUT /v2.0/networks/270f47bf-596f-4f4e-af93-d2f47732dbab/tags HTTP/1.1" status: 200 len: 230 time: 0.0534725
2026-07-10 01:02:02.344 9 INFO neutron.wsgi [None req-827a8526-452a-4e93-872d-cef1e3a00d5c 56c6772adfff4b8393a13f2b9af9b2bf d680de4b18024d4eb548d810135332d0 - - default default] 10.0.0.104 "GET /v2.0/security-groups?tenant_id=074c4475c05d4bae9d335efe77717c89&name=default HTTP/1.1" status: 200 len: 3000 time: 0.2437291
2026-07-10 01:02:02.388 9 INFO neutron.wsgi [None req-8f7909ea-f6c5-4937-af1a-b4314d3af066 5dcee62dba06424d8a599c4e0f914b79 318945d64bf04f2aa4d2a5aa416b3798 - - default default] 10.0.0.104 "GET /v2.0/networks/270f47bf-596f-4f4e-af93-d2f47732dbab/tags HTTP/1.1" status: 200 len: 230 time: 0.0439048
2026-07-10 01:02:02.435 9 INFO neutron.wsgi [None req-5313c66b-5351-478d-98ca-9ba110b17409 5dcee62dba06424d8a599c4e0f914b79 318945d64bf04f2aa4d2a5aa416b3798 - - default default] 10.0.0.104 "GET /v2.0/networks/270f47bf-596f-4f4e-af93-d2f47732dbab/tags/red HTTP/1.1" status: 204 len: 168 time: 0.0409963 /var/lib/openstack/lib/python3.10/site-packages/pycadf/identifier.py:71: UserWarning: Invalid uuid: neutron. To ensure interoperability, identifiers should be a valid uuid. warnings.warn(('Invalid uuid: %s. To ensure interoperability, '
2026-07-10 01:02:02.476 10 INFO neutron.api.v2.resource [None req-0ebb8db9-8457-48de-b807-51d64a72d7fd 5dcee62dba06424d8a599c4e0f914b79 318945d64bf04f2aa4d2a5aa416b3798 - - default default] show failed (client error): The resource could not be found.
2026-07-10 01:02:02.478 10 INFO neutron.wsgi [None req-0ebb8db9-8457-48de-b807-51d64a72d7fd 5dcee62dba06424d8a599c4e0f914b79 318945d64bf04f2aa4d2a5aa416b3798 - - default default] 10.0.0.104 "GET /v2.0/networks/270f47bf-596f-4f4e-af93-d2f47732dbab/tags/green HTTP/1.1" status: 404 len: 299 time: 0.0395980
2026-07-10 01:02:02.514 10 INFO neutron.db.ovn_revision_numbers_db [req-b69be461-3ada-445e-88f1-f052e56f9313 req-a58db18f-1e4f-47bd-a050-16c8e9ce80b1 9cbdeaa65bb04cf5af54ce8be9ca4bfd 5234372e431e4155a18942f862c2b3ea - - 591d98c7de1d4b87afdd40c5d6f503da 591d98c7de1d4b87afdd40c5d6f503da] Successfully bumped revision number for resource f895384b-a5a8-4df2-a217-648b82164011 (type: ports) to 2
2026-07-10 01:02:02.530 10 INFO neutron.wsgi [req-b69be461-3ada-445e-88f1-f052e56f9313 req-a58db18f-1e4f-47bd-a050-16c8e9ce80b1 9cbdeaa65bb04cf5af54ce8be9ca4bfd 5234372e431e4155a18942f862c2b3ea - - 591d98c7de1d4b87afdd40c5d6f503da 591d98c7de1d4b87afdd40c5d6f503da] 199.204.45.129 "PUT /v2.0/ports/f895384b-a5a8-4df2-a217-648b82164011 HTTP/1.1" status: 200 len: 1601 time: 0.6811604
2026-07-10 01:02:02.548 9 INFO neutron.wsgi [None req-673cbb44-491d-4d9a-b554-d130a4dd28c9 5dcee62dba06424d8a599c4e0f914b79 318945d64bf04f2aa4d2a5aa416b3798 - - default default] 10.0.0.104 "DELETE /v2.0/networks/270f47bf-596f-4f4e-af93-d2f47732dbab/tags/red HTTP/1.1" status: 204 len: 168 time: 0.0656242
2026-07-10 01:02:02.563 10 INFO neutron.notifiers.nova [-] Nova event matching ['req-238d930a-c385-4d25-abe6-3717b45e31cd'] response: {'name': 'network-changed', 'server_uuid': 'b7b35c8f-b164-41a2-a507-42a1f5ec658d', 'tag': 'f895384b-a5a8-4df2-a217-648b82164011', 'status': 'completed', 'code': 200}
2026-07-10 01:02:02.594 9 INFO neutron.wsgi [None req-a061ae3d-19a8-422d-b7e8-970ff8f8631d 5dcee62dba06424d8a599c4e0f914b79 318945d64bf04f2aa4d2a5aa416b3798 - - default default] 10.0.0.104 "GET /v2.0/networks/270f47bf-596f-4f4e-af93-d2f47732dbab/tags HTTP/1.1" status: 200 len: 223 time: 0.0403142
2026-07-10 01:02:02.613 10 INFO neutron.wsgi [req-b69be461-3ada-445e-88f1-f052e56f9313 req-00dad0da-3933-4542-a252-00938cc1caf0 9cbdeaa65bb04cf5af54ce8be9ca4bfd 5234372e431e4155a18942f862c2b3ea - - 591d98c7de1d4b87afdd40c5d6f503da 591d98c7de1d4b87afdd40c5d6f503da] 199.204.45.129 "GET /v2.0/ports?tenant_id=affeaac082a74b44a7b0ecf64c4a0b98&device_id=b7b35c8f-b164-41a2-a507-42a1f5ec658d HTTP/1.1" status: 200 len: 1632 time: 0.0420337
2026-07-10 01:02:02.645 10 INFO neutron.wsgi [req-b69be461-3ada-445e-88f1-f052e56f9313 req-9ee7bd7a-02c7-408e-8049-595781d316f7 9cbdeaa65bb04cf5af54ce8be9ca4bfd 5234372e431e4155a18942f862c2b3ea - - 591d98c7de1d4b87afdd40c5d6f503da 591d98c7de1d4b87afdd40c5d6f503da] 199.204.45.129 "GET /v2.0/floatingips?fixed_ip_address=10.2.1.76&port_id=f895384b-a5a8-4df2-a217-648b82164011 HTTP/1.1" status: 200 len: 217 time: 0.0263548
2026-07-10 01:02:02.646 9 INFO neutron.api.v2.resource [None req-2b1af4e5-2c5d-4438-a686-6c714cc751ab 5dcee62dba06424d8a599c4e0f914b79 318945d64bf04f2aa4d2a5aa416b3798 - - default default] delete failed (client error): The resource could not be found.
2026-07-10 01:02:02.647 9 INFO neutron.wsgi [None req-2b1af4e5-2c5d-4438-a686-6c714cc751ab 5dcee62dba06424d8a599c4e0f914b79 318945d64bf04f2aa4d2a5aa416b3798 - - default default] 10.0.0.104 "DELETE /v2.0/networks/270f47bf-596f-4f4e-af93-d2f47732dbab/tags/green HTTP/1.1" status: 404 len: 299 time: 0.0469558
2026-07-10 01:02:02.660 9 INFO neutron.wsgi [None req-44fdc8f1-01fc-4e78-976e-137d26c91cfa 56c6772adfff4b8393a13f2b9af9b2bf d680de4b18024d4eb548d810135332d0 - - default default] 10.0.0.104 "DELETE /v2.0/security-groups/2ffcbc1f-bfed-472f-b61f-4b5c00d84132 HTTP/1.1" status: 204 len: 168 time: 0.3094370
2026-07-10 01:02:02.704 10 INFO neutron.wsgi [req-b69be461-3ada-445e-88f1-f052e56f9313 req-c1d2a588-3663-46cd-8c2d-55e46f46f7cb 9cbdeaa65bb04cf5af54ce8be9ca4bfd 5234372e431e4155a18942f862c2b3ea - - 591d98c7de1d4b87afdd40c5d6f503da 591d98c7de1d4b87afdd40c5d6f503da] 199.204.45.129 "GET /v2.0/floatingips?fixed_ip_address=fd7b%3Af9f7%3Afff%3A4eca%3A%3A196&port_id=f895384b-a5a8-4df2-a217-648b82164011 HTTP/1.1" status: 200 len: 217 time: 0.0449376
2026-07-10 01:02:02.770 10 INFO neutron.wsgi [None req-91b5c84f-30a7-434e-b8b9-8f4f6f6c4db0 5dcee62dba06424d8a599c4e0f914b79 318945d64bf04f2aa4d2a5aa416b3798 - - default default] 10.0.0.104 "DELETE /v2.0/networks/270f47bf-596f-4f4e-af93-d2f47732dbab/tags HTTP/1.1" status: 204 len: 168 time: 0.1181314
2026-07-10 01:02:02.775 10 INFO neutron.wsgi [req-b69be461-3ada-445e-88f1-f052e56f9313 req-a6f8da1f-49c8-4d1b-8d8e-76bfd8a19502 9cbdeaa65bb04cf5af54ce8be9ca4bfd 5234372e431e4155a18942f862c2b3ea - - 591d98c7de1d4b87afdd40c5d6f503da 591d98c7de1d4b87afdd40c5d6f503da] 199.204.45.129 "GET /v2.0/subnets?id=12f6a910-7ca5-4a60-ba86-930d58f9c287&id=aca58fa2-3d57-4f7f-a176-96d2622ab0f7 HTTP/1.1" status: 200 len: 1563 time: 0.0625036
2026-07-10 01:02:02.813 10 INFO neutron.wsgi [req-b69be461-3ada-445e-88f1-f052e56f9313 req-6ff4d5e7-fe4c-4bb4-94c4-3fd02590892e 9cbdeaa65bb04cf5af54ce8be9ca4bfd 5234372e431e4155a18942f862c2b3ea - - 591d98c7de1d4b87afdd40c5d6f503da 591d98c7de1d4b87afdd40c5d6f503da] 199.204.45.129 "GET /v2.0/ports?network_id=346e7678-1dce-4b95-8fef-89a1d6998193&device_owner=network%3Adhcp HTTP/1.1" status: 200 len: 210 time: 0.0298231
2026-07-10 01:02:02.816 9 INFO neutron.wsgi [None req-7114b9c1-2517-4456-ba83-0816c80281c9 5dcee62dba06424d8a599c4e0f914b79 318945d64bf04f2aa4d2a5aa416b3798 - - default default] 10.0.0.104 "GET /v2.0/networks/270f47bf-596f-4f4e-af93-d2f47732dbab/tags HTTP/1.1" status: 200 len: 205 time: 0.0405972
2026-07-10 01:02:02.838 10 INFO neutron.wsgi [req-b69be461-3ada-445e-88f1-f052e56f9313 req-96680b79-8092-4ae5-8c05-57ecd32267b7 9cbdeaa65bb04cf5af54ce8be9ca4bfd 5234372e431e4155a18942f862c2b3ea - - 591d98c7de1d4b87afdd40c5d6f503da 591d98c7de1d4b87afdd40c5d6f503da] 199.204.45.129 "GET /v2.0/ports?network_id=346e7678-1dce-4b95-8fef-89a1d6998193&device_owner=network%3Adhcp HTTP/1.1" status: 200 len: 210 time: 0.0173991
2026-07-10 01:02:02.912 10 INFO neutron.wsgi [req-b69be461-3ada-445e-88f1-f052e56f9313 req-a3090fe4-2327-47e1-8e6d-4c929960f5e7 9cbdeaa65bb04cf5af54ce8be9ca4bfd 5234372e431e4155a18942f862c2b3ea - - 591d98c7de1d4b87afdd40c5d6f503da 591d98c7de1d4b87afdd40c5d6f503da] 199.204.45.129 "GET /v2.0/networks/346e7678-1dce-4b95-8fef-89a1d6998193?fields=segments HTTP/1.1" status: 200 len: 212 time: 0.0618482
2026-07-10 01:02:02.933 9 WARNING neutron.plugins.ml2.drivers.ovn.mech_driver.ovsdb.ovn_client [None req-68f0aecd-e420-4465-bc9d-e7dcac7cdc43 - - - - - -] No hosting information found for port 09ded505-7271-4b9d-8602-96b4f35292d3: RuntimeError: No hosting information found for port 09ded505-7271-4b9d-8602-96b4f35292d3
2026-07-10 01:02:02.985 10 INFO neutron.wsgi [req-b69be461-3ada-445e-88f1-f052e56f9313 req-85e1a093-68a5-45d0-aea9-aae594b8c6ad 9cbdeaa65bb04cf5af54ce8be9ca4bfd 5234372e431e4155a18942f862c2b3ea - - 591d98c7de1d4b87afdd40c5d6f503da 591d98c7de1d4b87afdd40c5d6f503da] 199.204.45.129 "GET /v2.0/networks/346e7678-1dce-4b95-8fef-89a1d6998193?fields=provider%3Aphysical_network&fields=provider%3Anetwork_type HTTP/1.1" status: 200 len: 277 time: 0.0633764
2026-07-10 01:02:03.056 10 INFO neutron.wsgi [req-6955c262-cd0c-4717-9f9d-977b1b9cd23c req-8ea096e8-ecf9-45b8-9b39-8134028dcc53 9cbdeaa65bb04cf5af54ce8be9ca4bfd 5234372e431e4155a18942f862c2b3ea - - 591d98c7de1d4b87afdd40c5d6f503da 591d98c7de1d4b87afdd40c5d6f503da] 199.204.45.129 "GET /v2.0/ports?tenant_id=affeaac082a74b44a7b0ecf64c4a0b98&device_id=b7b35c8f-b164-41a2-a507-42a1f5ec658d HTTP/1.1" status: 200 len: 1632 time: 0.0335031
2026-07-10 01:02:03.119 10 INFO neutron.wsgi [req-6955c262-cd0c-4717-9f9d-977b1b9cd23c req-04a51f36-cf44-42e6-bc1e-e49ba0ed268d 9cbdeaa65bb04cf5af54ce8be9ca4bfd 5234372e431e4155a18942f862c2b3ea - - 591d98c7de1d4b87afdd40c5d6f503da 591d98c7de1d4b87afdd40c5d6f503da] 199.204.45.129 "GET /v2.0/networks?id=346e7678-1dce-4b95-8fef-89a1d6998193 HTTP/1.1" status: 200 len: 1002 time: 0.0569346
2026-07-10 01:02:03.162 10 INFO neutron.wsgi [req-6955c262-cd0c-4717-9f9d-977b1b9cd23c req-30f52d43-ce52-43c5-8bb7-05780cf67629 9cbdeaa65bb04cf5af54ce8be9ca4bfd 5234372e431e4155a18942f862c2b3ea - - 591d98c7de1d4b87afdd40c5d6f503da 591d98c7de1d4b87afdd40c5d6f503da] 199.204.45.129 "GET /v2.0/floatingips?fixed_ip_address=10.2.1.76&port_id=f895384b-a5a8-4df2-a217-648b82164011 HTTP/1.1" status: 200 len: 217 time: 0.0361018
2026-07-10 01:02:03.191 9 INFO neutron.services.segments.plugin [-] Segment 17356312-9800-4219-825b-4a3fafe41b93 resource provider aggregate not found
2026-07-10 01:02:03.193 10 INFO neutron.plugins.ml2.drivers.ovn.mech_driver.mech_driver [None req-8188d7f9-7e32-405c-a9c0-d725ce4f79ec - - - - - -] OVN reports status up for port: f895384b-a5a8-4df2-a217-648b82164011
2026-07-10 01:02:03.196 9 INFO neutron.services.segments.plugin [-] Segment 17356312-9800-4219-825b-4a3fafe41b93 resource provider aggregate not found
2026-07-10 01:02:03.197 10 INFO neutron.wsgi [req-6955c262-cd0c-4717-9f9d-977b1b9cd23c req-555471cb-192a-4846-8ddc-bb8cd12a527f 9cbdeaa65bb04cf5af54ce8be9ca4bfd 5234372e431e4155a18942f862c2b3ea - - 591d98c7de1d4b87afdd40c5d6f503da 591d98c7de1d4b87afdd40c5d6f503da] 199.204.45.129 "GET /v2.0/floatingips?fixed_ip_address=fd7b%3Af9f7%3Afff%3A4eca%3A%3A196&port_id=f895384b-a5a8-4df2-a217-648b82164011 HTTP/1.1" status: 200 len: 217 time: 0.0297036
2026-07-10 01:02:03.211 9 INFO neutron.services.segments.plugin [-] Segment 17356312-9800-4219-825b-4a3fafe41b93 resource provider not found; error: Placement Client Error (4xx): {"errors": [{"status": 404, "title": "Not Found", "detail": "The resource could not be found.\n\n No resource provider with uuid 17356312-9800-4219-825b-4a3fafe41b93 found for delete ", "request_id": "req-734bae09-6429-4a7c-a537-0cffcfff957b"}]}
2026-07-10 01:02:03.216 9 INFO neutron.services.segments.plugin [-] Segment 17356312-9800-4219-825b-4a3fafe41b93 resource provider not found; error: Placement Client Error (4xx): {"errors": [{"status": 404, "title": "Not Found", "detail": "The resource could not be found.\n\n No resource provider with uuid 17356312-9800-4219-825b-4a3fafe41b93 found for delete ", "request_id": "req-b1b0100f-1d25-4950-bc16-53e0dfa5d8ae"}]}
2026-07-10 01:02:03.229 10 INFO neutron.plugins.ml2.plugin [None req-8188d7f9-7e32-405c-a9c0-d725ce4f79ec - - - - - -] Attempt 1 to provision port f895384b-a5a8-4df2-a217-648b82164011
2026-07-10 01:02:03.234 9 INFO neutron.wsgi [None req-7893289b-9340-4b72-80a6-3046c0a010aa 5dcee62dba06424d8a599c4e0f914b79 318945d64bf04f2aa4d2a5aa416b3798 - - default default] 10.0.0.104 "DELETE /v2.0/networks/270f47bf-596f-4f4e-af93-d2f47732dbab HTTP/1.1" status: 204 len: 168 time: 0.4128375
2026-07-10 01:02:03.243 10 INFO neutron.wsgi [req-6955c262-cd0c-4717-9f9d-977b1b9cd23c req-9bbff242-c730-414a-ada3-b74d86711ffb 9cbdeaa65bb04cf5af54ce8be9ca4bfd 5234372e431e4155a18942f862c2b3ea - - 591d98c7de1d4b87afdd40c5d6f503da 591d98c7de1d4b87afdd40c5d6f503da] 199.204.45.129 "GET /v2.0/subnets?id=12f6a910-7ca5-4a60-ba86-930d58f9c287&id=aca58fa2-3d57-4f7f-a176-96d2622ab0f7 HTTP/1.1" status: 200 len: 1563 time: 0.0396905
2026-07-10 01:02:03.277 10 INFO neutron.wsgi [req-6955c262-cd0c-4717-9f9d-977b1b9cd23c req-1117a140-8fe7-42d1-8236-bc7a43f69dae 9cbdeaa65bb04cf5af54ce8be9ca4bfd 5234372e431e4155a18942f862c2b3ea - - 591d98c7de1d4b87afdd40c5d6f503da 591d98c7de1d4b87afdd40c5d6f503da] 199.204.45.129 "GET /v2.0/ports?network_id=346e7678-1dce-4b95-8fef-89a1d6998193&device_owner=network%3Adhcp HTTP/1.1" status: 200 len: 210 time: 0.0239615
2026-07-10 01:02:03.306 10 INFO neutron.wsgi [req-6955c262-cd0c-4717-9f9d-977b1b9cd23c req-909a16a6-9ac1-408e-bef7-beff315abd11 9cbdeaa65bb04cf5af54ce8be9ca4bfd 5234372e431e4155a18942f862c2b3ea - - 591d98c7de1d4b87afdd40c5d6f503da 591d98c7de1d4b87afdd40c5d6f503da] 199.204.45.129 "GET /v2.0/ports?network_id=346e7678-1dce-4b95-8fef-89a1d6998193&device_owner=network%3Adhcp HTTP/1.1" status: 200 len: 210 time: 0.0192966
2026-07-10 01:02:03.403 10 INFO neutron.wsgi [req-6955c262-cd0c-4717-9f9d-977b1b9cd23c req-3b1b1d07-633e-49c0-b4d5-86efae28ade4 9cbdeaa65bb04cf5af54ce8be9ca4bfd 5234372e431e4155a18942f862c2b3ea - - 591d98c7de1d4b87afdd40c5d6f503da 591d98c7de1d4b87afdd40c5d6f503da] 199.204.45.129 "GET /v2.0/networks/346e7678-1dce-4b95-8fef-89a1d6998193?fields=segments HTTP/1.1" status: 200 len: 212 time: 0.0902932
2026-07-10 01:02:03.412 9 INFO neutron.wsgi [-] 10.0.0.251 "GET / HTTP/1.1" status: 200 len: 246 time: 0.0021980
2026-07-10 01:02:03.415 9 INFO neutron.wsgi [-] 10.0.0.251 "GET / HTTP/1.1" status: 200 len: 246 time: 0.0017433
2026-07-10 01:02:03.491 10 INFO neutron.wsgi [req-6955c262-cd0c-4717-9f9d-977b1b9cd23c req-ea7c1e84-0ac5-4fe5-8a61-db349c448dd7 9cbdeaa65bb04cf5af54ce8be9ca4bfd 5234372e431e4155a18942f862c2b3ea - - 591d98c7de1d4b87afdd40c5d6f503da 591d98c7de1d4b87afdd40c5d6f503da] 199.204.45.129 "GET /v2.0/networks/346e7678-1dce-4b95-8fef-89a1d6998193?fields=provider%3Aphysical_network&fields=provider%3Anetwork_type HTTP/1.1" status: 200 len: 277 time: 0.0803502
2026-07-10 01:02:03.574 10 INFO neutron.db.ovn_revision_numbers_db [None req-8188d7f9-7e32-405c-a9c0-d725ce4f79ec - - - - - -] Successfully bumped revision number for resource f895384b-a5a8-4df2-a217-648b82164011 (type: ports) to 4 /var/lib/openstack/lib/python3.10/site-packages/pycadf/identifier.py:71: UserWarning: Invalid uuid: neutron. To ensure interoperability, identifiers should be a valid uuid. warnings.warn(('Invalid uuid: %s. To ensure interoperability, '
2026-07-10 01:02:04.319 10 INFO neutron.db.ovn_revision_numbers_db [None req-8bb53b28-9385-4e02-a9e7-2cec689d4309 56c6772adfff4b8393a13f2b9af9b2bf d680de4b18024d4eb548d810135332d0 - - default default] Successfully bumped revision number for resource bb8861e1-4cf0-4525-adee-3558046a65da (type: security_groups) to 1
2026-07-10 01:02:04.333 10 INFO neutron.db.ovn_revision_numbers_db [None req-8bb53b28-9385-4e02-a9e7-2cec689d4309 56c6772adfff4b8393a13f2b9af9b2bf d680de4b18024d4eb548d810135332d0 - - default default] Successfully bumped revision number for resource 25434148-c8aa-4778-8f8d-ae9f62f5da2b (type: security_group_rules) to 0
2026-07-10 01:02:04.345 10 INFO neutron.db.ovn_revision_numbers_db [None req-8bb53b28-9385-4e02-a9e7-2cec689d4309 56c6772adfff4b8393a13f2b9af9b2bf d680de4b18024d4eb548d810135332d0 - - default default] Successfully bumped revision number for resource 40671206-ad09-47a4-b2a5-94c2e6d0eafb (type: security_group_rules) to 0
2026-07-10 01:02:04.362 10 INFO neutron.db.ovn_revision_numbers_db [None req-8bb53b28-9385-4e02-a9e7-2cec689d4309 56c6772adfff4b8393a13f2b9af9b2bf d680de4b18024d4eb548d810135332d0 - - default default] Successfully bumped revision number for resource 4c27142d-2208-4a3d-a82d-de1cd6d5dfce (type: security_group_rules) to 0
2026-07-10 01:02:04.376 10 INFO neutron.db.ovn_revision_numbers_db [None req-8bb53b28-9385-4e02-a9e7-2cec689d4309 56c6772adfff4b8393a13f2b9af9b2bf d680de4b18024d4eb548d810135332d0 - - default default] Successfully bumped revision number for resource 98509767-fd2f-4330-92e0-4a7c185a2c2f (type: security_group_rules) to 0
2026-07-10 01:02:04.403 10 INFO neutron.wsgi [None req-8bb53b28-9385-4e02-a9e7-2cec689d4309 56c6772adfff4b8393a13f2b9af9b2bf d680de4b18024d4eb548d810135332d0 - - default default] 10.0.0.104 "GET /v2.0/security-groups?tenant_id=55b182336bc748afa3ac05a4a0671406&name=default HTTP/1.1" status: 200 len: 3000 time: 0.4492545
2026-07-10 01:02:04.600 9 INFO neutron.wsgi [None req-39124612-5275-451a-bc38-e2027ac4bdd8 56c6772adfff4b8393a13f2b9af9b2bf d680de4b18024d4eb548d810135332d0 - - default default] 10.0.0.104 "DELETE /v2.0/security-groups/bb8861e1-4cf0-4525-adee-3558046a65da HTTP/1.1" status: 204 len: 168 time: 0.1921072
2026-07-10 01:02:04.604 10 INFO neutron.notifiers.nova [-] Nova event matching ['req-c476c152-1f17-4d28-92ca-ab6fad819c2e'] response: {'server_uuid': 'b7b35c8f-b164-41a2-a507-42a1f5ec658d', 'name': 'network-vif-plugged', 'status': 'completed', 'tag': 'f895384b-a5a8-4df2-a217-648b82164011', 'code': 200}
2026-07-10 01:02:04.604 10 INFO neutron.notifiers.nova [-] Nova event matching ['req-c476c152-1f17-4d28-92ca-ab6fad819c2e'] response: {'server_uuid': 'b7b35c8f-b164-41a2-a507-42a1f5ec658d', 'name': 'network-vif-plugged', 'status': 'completed', 'tag': 'f895384b-a5a8-4df2-a217-648b82164011', 'code': 200}
2026-07-10 01:02:04.833 9 INFO neutron.wsgi [None req-41a1d3df-981b-4cd8-815f-f505d13fdb3f 56c6772adfff4b8393a13f2b9af9b2bf d680de4b18024d4eb548d810135332d0 - - default default] 10.0.0.104 "GET /v2.0/security-groups?tenant_id=318945d64bf04f2aa4d2a5aa416b3798&name=default HTTP/1.1" status: 200 len: 3000 time: 0.0490685
2026-07-10 01:02:05.031 9 INFO neutron.wsgi [None req-bb0cb0e4-80a5-40ae-a983-36c06e565ab5 56c6772adfff4b8393a13f2b9af9b2bf d680de4b18024d4eb548d810135332d0 - - default default] 10.0.0.104 "DELETE /v2.0/security-groups/b07d6b7b-f7eb-47d2-a2cd-17fd76f9bfb1 HTTP/1.1" status: 204 len: 168 time: 0.1925745
2026-07-10 01:02:05.518 9 INFO neutron.db.ovn_revision_numbers_db [None req-1a9a4ce8-5593-4a35-9f89-dcdc2dd3e557 56c6772adfff4b8393a13f2b9af9b2bf d680de4b18024d4eb548d810135332d0 - - default default] Successfully bumped revision number for resource e92b4717-8567-4f2d-9a28-55d9f5efc654 (type: security_groups) to 1
2026-07-10 01:02:05.534 9 INFO neutron.db.ovn_revision_numbers_db [None req-1a9a4ce8-5593-4a35-9f89-dcdc2dd3e557 56c6772adfff4b8393a13f2b9af9b2bf d680de4b18024d4eb548d810135332d0 - - default default] Successfully bumped revision number for resource 41a0dcdd-7692-4274-a2b5-a6f86074ad10 (type: security_group_rules) to 0
2026-07-10 01:02:05.549 9 INFO neutron.db.ovn_revision_numbers_db [None req-1a9a4ce8-5593-4a35-9f89-dcdc2dd3e557 56c6772adfff4b8393a13f2b9af9b2bf d680de4b18024d4eb548d810135332d0 - - default default] Successfully bumped revision number for resource 4e166aad-2583-42f1-8461-f9fed68cb226 (type: security_group_rules) to 0
2026-07-10 01:02:05.564 9 INFO neutron.db.ovn_revision_numbers_db [None req-1a9a4ce8-5593-4a35-9f89-dcdc2dd3e557 56c6772adfff4b8393a13f2b9af9b2bf d680de4b18024d4eb548d810135332d0 - - default default] Successfully bumped revision number for resource 98a56d4f-c234-488a-970a-ac0a03369323 (type: security_group_rules) to 0
2026-07-10 01:02:05.595 9 INFO neutron.db.ovn_revision_numbers_db [None req-1a9a4ce8-5593-4a35-9f89-dcdc2dd3e557 56c6772adfff4b8393a13f2b9af9b2bf d680de4b18024d4eb548d810135332d0 - - default default] Successfully bumped revision number for resource c998861c-3c95-418f-9435-1c382276534c (type: security_group_rules) to 0
2026-07-10 01:02:05.623 9 INFO neutron.wsgi [None req-1a9a4ce8-5593-4a35-9f89-dcdc2dd3e557 56c6772adfff4b8393a13f2b9af9b2bf d680de4b18024d4eb548d810135332d0 - - default default] 10.0.0.104 "GET /v2.0/security-groups?tenant_id=1b86737db64c408fb6adb895b20431bb&name=default HTTP/1.1" status: 200 len: 3000 time: 0.4907386
2026-07-10 01:02:05.916 9 INFO neutron.wsgi [None req-5bba60bf-19d4-45c5-a620-8814c79ddebd 56c6772adfff4b8393a13f2b9af9b2bf d680de4b18024d4eb548d810135332d0 - - default default] 10.0.0.104 "DELETE /v2.0/security-groups/e92b4717-8567-4f2d-9a28-55d9f5efc654 HTTP/1.1" status: 204 len: 168 time: 0.2886641
2026-07-10 01:02:05.941 9 INFO neutron.wsgi [req-e857dace-4d01-43e3-bc03-c1469103d4fa req-5f434d93-6065-4b9d-bfe9-44154fe29ede fd9641cb218041d5991e662b99c16a04 affeaac082a74b44a7b0ecf64c4a0b98 - - default default] 10.0.0.214 "GET /v2.0/ports?device_id=b7b35c8f-b164-41a2-a507-42a1f5ec658d HTTP/1.1" status: 200 len: 1396 time: 0.0948987
2026-07-10 01:02:06.002 9 INFO neutron.wsgi [req-e857dace-4d01-43e3-bc03-c1469103d4fa req-91247ca9-b38e-4c7e-a1fa-f34c2462e8a7 fd9641cb218041d5991e662b99c16a04 affeaac082a74b44a7b0ecf64c4a0b98 - - default default] 10.0.0.214 "GET /v2.0/security-groups?id=15051684-899d-4791-849a-c9a91222c242&fields=id&fields=name HTTP/1.1" status: 200 len: 310 time: 0.0551639
2026-07-10 01:02:06.143 10 INFO neutron.wsgi [None req-5fd13ee2-daaf-452b-9402-1c592ed063aa fd9641cb218041d5991e662b99c16a04 affeaac082a74b44a7b0ecf64c4a0b98 - - default default] 10.0.0.104 "GET /v2.0/ports?network_id=346e7678-1dce-4b95-8fef-89a1d6998193&mac_address=fa%3A16%3A3e%3Afc%3A3b%3A85 HTTP/1.1" status: 200 len: 1391 time: 0.1113081
2026-07-10 01:02:06.242 10 INFO neutron.db.ovn_revision_numbers_db [None req-4a0c52da-5269-40bc-93e0-0535656caa23 56c6772adfff4b8393a13f2b9af9b2bf d680de4b18024d4eb548d810135332d0 - - default default] Successfully bumped revision number for resource c4998281-bc14-4baf-9e9a-bbc77f25740e (type: security_groups) to 1
2026-07-10 01:02:06.290 10 INFO neutron.db.ovn_revision_numbers_db [None req-4a0c52da-5269-40bc-93e0-0535656caa23 56c6772adfff4b8393a13f2b9af9b2bf d680de4b18024d4eb548d810135332d0 - - default default] Successfully bumped revision number for resource 47a85ede-7a4f-48cd-bd7d-d21c1393e848 (type: security_group_rules) to 0
2026-07-10 01:02:06.314 10 INFO neutron.db.ovn_revision_numbers_db [None req-4a0c52da-5269-40bc-93e0-0535656caa23 56c6772adfff4b8393a13f2b9af9b2bf d680de4b18024d4eb548d810135332d0 - - default default] Successfully bumped revision number for resource f49c6927-3d86-4c61-b2a6-56ba8f6de610 (type: security_group_rules) to 0
