2026-07-10 00:59:20.237 10 INFO neutron.db.ovn_revision_numbers_db [None req-8188d7f9-7e32-405c-a9c0-d725ce4f79ec - - - - - -] Successfully bumped revision number for resource bcff2374-bcd9-4b83-ab2c-b53358f04d29 (type: router_ports) to 2
2026-07-10 00:59:20.337 9 INFO neutron.db.ovn_revision_numbers_db [None req-99b4220e-ca09-4c03-8d7e-38fbb922ba20 - - - - - -] Successfully bumped revision number for resource 68eff9c3-bac4-4af1-ad11-99ca0ae7ed59 (type: ports) to 2
2026-07-10 00:59:20.344 9 INFO neutron.wsgi [None req-9e7b29d3-bc77-48f3-b64f-04fc09e0854f e224708f29a6460884eff546267cba47 eed8e2da97234e5fa97458eb44ad0c6d - - default default] 10.0.0.104 "GET /v2.0/ports/27ab1db4-dffa-4ec0-a00f-1e295ebb6cfa HTTP/1.1" status: 200 len: 1135 time: 0.0504582
2026-07-10 00:59:20.424 10 INFO neutron.db.ovn_revision_numbers_db [None req-aa9b7fd4-a946-4524-923d-9e128e3c2f0c 56c6772adfff4b8393a13f2b9af9b2bf d680de4b18024d4eb548d810135332d0 - - default default] Successfully bumped revision number for resource a5a6ac52-c4a6-4673-8647-a47f6ba5831f (type: router_ports) to 1
2026-07-10 00:59:20.611 10 INFO neutron.db.ovn_revision_numbers_db [None req-aa9b7fd4-a946-4524-923d-9e128e3c2f0c 56c6772adfff4b8393a13f2b9af9b2bf d680de4b18024d4eb548d810135332d0 - - default default] Successfully bumped revision number for resource a5a6ac52-c4a6-4673-8647-a47f6ba5831f (type: ports) to 1
2026-07-10 00:59:20.626 9 INFO neutron.wsgi [None req-514a9c29-da76-49e5-a476-3ca15b0e1448 edc2d758fa9442afa9509e378b1cc407 d3d0c752d746406ebe7909218cc91f1f - - default default] 10.0.0.104 "DELETE /v2.0/networks/dd997b16-da2b-4fcc-b30b-2327e0def49c HTTP/1.1" status: 204 len: 168 time: 0.4780698
2026-07-10 00:59:20.652 9 INFO neutron.db.ovn_revision_numbers_db [None req-99b4220e-ca09-4c03-8d7e-38fbb922ba20 - - - - - -] Successfully bumped revision number for resource 68eff9c3-bac4-4af1-ad11-99ca0ae7ed59 (type: ports) to 4
2026-07-10 00:59:20.692 10 WARNING neutron.scheduler.dhcp_agent_scheduler [None req-aa9b7fd4-a946-4524-923d-9e128e3c2f0c 56c6772adfff4b8393a13f2b9af9b2bf d680de4b18024d4eb548d810135332d0 - - default default] No more DHCP agents
2026-07-10 00:59:20.693 10 WARNING neutron.api.rpc.agentnotifiers.dhcp_rpc_agent_api [None req-aa9b7fd4-a946-4524-923d-9e128e3c2f0c 56c6772adfff4b8393a13f2b9af9b2bf d680de4b18024d4eb548d810135332d0 - - default default] Unable to schedule network b263153d-bf73-466a-be0c-3012fa91d408: no agents available; will retry on subsequent port and subnet creation events.
2026-07-10 00:59:20.762 9 INFO neutron.db.segments_db [None req-4b1b3196-5eca-47eb-8027-70b85b5af47a edc2d758fa9442afa9509e378b1cc407 d3d0c752d746406ebe7909218cc91f1f - - default default] Added segment ffab5eff-5147-4efa-b988-64cbf6b26ddc of type geneve for network 004ef90a-38e3-45ad-aa64-71f23a6b6777
2026-07-10 00:59:21.105 10 INFO neutron.db.ovn_revision_numbers_db [None req-314dca6d-ba0d-4be5-86b5-d75712d067cd f2c4b7c6aca3436daa9758859657c973 c05db493b0704320b3129a8d4a2b7ea9 - - default default] Successfully bumped revision number for resource e5ba7ea2-fc3d-4b2c-b4f9-964a46d3bda9 (type: security_groups) to 1
2026-07-10 00:59:21.136 10 INFO neutron.db.ovn_revision_numbers_db [None req-314dca6d-ba0d-4be5-86b5-d75712d067cd f2c4b7c6aca3436daa9758859657c973 c05db493b0704320b3129a8d4a2b7ea9 - - default default] Successfully bumped revision number for resource 368d62cf-8e56-4b40-83a8-2620c4ecfeaf (type: security_group_rules) to 0
2026-07-10 00:59:21.149 9 INFO neutron.db.ovn_revision_numbers_db [None req-4b1b3196-5eca-47eb-8027-70b85b5af47a edc2d758fa9442afa9509e378b1cc407 d3d0c752d746406ebe7909218cc91f1f - - default default] Successfully bumped revision number for resource 004ef90a-38e3-45ad-aa64-71f23a6b6777 (type: networks) to 1
2026-07-10 00:59:21.156 10 INFO neutron.db.ovn_revision_numbers_db [None req-314dca6d-ba0d-4be5-86b5-d75712d067cd f2c4b7c6aca3436daa9758859657c973 c05db493b0704320b3129a8d4a2b7ea9 - - default default] Successfully bumped revision number for resource 432add96-458f-4b12-bf24-4d09992daa8f (type: security_group_rules) to 0
2026-07-10 00:59:21.176 10 INFO neutron.db.ovn_revision_numbers_db [None req-314dca6d-ba0d-4be5-86b5-d75712d067cd f2c4b7c6aca3436daa9758859657c973 c05db493b0704320b3129a8d4a2b7ea9 - - default default] Successfully bumped revision number for resource 8ce34d2d-0d93-46f3-adaa-d2f0ede74562 (type: security_group_rules) to 0
2026-07-10 00:59:21.202 9 INFO neutron.db.ovn_revision_numbers_db [None req-99b4220e-ca09-4c03-8d7e-38fbb922ba20 - - - - - -] Successfully bumped revision number for resource 68eff9c3-bac4-4af1-ad11-99ca0ae7ed59 (type: router_ports) to 4
2026-07-10 00:59:21.210 10 INFO neutron.db.ovn_revision_numbers_db [None req-314dca6d-ba0d-4be5-86b5-d75712d067cd f2c4b7c6aca3436daa9758859657c973 c05db493b0704320b3129a8d4a2b7ea9 - - default default] Successfully bumped revision number for resource e39512e4-a3c4-4813-ba0b-5973f7b48fe6 (type: security_group_rules) to 0
2026-07-10 00:59:21.280 10 INFO neutron.db.segments_db [None req-314dca6d-ba0d-4be5-86b5-d75712d067cd f2c4b7c6aca3436daa9758859657c973 c05db493b0704320b3129a8d4a2b7ea9 - - default default] Added segment b046c86d-b6b1-4ed8-a45f-5e7a8322a21c of type geneve for network 0eafbf88-118c-490c-bb56-1f0250ad97e2
2026-07-10 00:59:21.381 9 WARNING neutron.scheduler.dhcp_agent_scheduler [None req-4b1b3196-5eca-47eb-8027-70b85b5af47a edc2d758fa9442afa9509e378b1cc407 d3d0c752d746406ebe7909218cc91f1f - - default default] No more DHCP agents
2026-07-10 00:59:21.386 9 WARNING neutron.api.rpc.agentnotifiers.dhcp_rpc_agent_api [None req-4b1b3196-5eca-47eb-8027-70b85b5af47a edc2d758fa9442afa9509e378b1cc407 d3d0c752d746406ebe7909218cc91f1f - - default default] Unable to schedule network 004ef90a-38e3-45ad-aa64-71f23a6b6777: no agents available; will retry on subsequent port and subnet creation events.
2026-07-10 00:59:21.416 9 INFO neutron.wsgi [None req-6c4f8afe-a03c-464c-8c06-ded84bc9fff3 e224708f29a6460884eff546267cba47 eed8e2da97234e5fa97458eb44ad0c6d - - default default] 10.0.0.104 "GET /v2.0/ports/27ab1db4-dffa-4ec0-a00f-1e295ebb6cfa HTTP/1.1" status: 200 len: 1135 time: 0.0589113
2026-07-10 00:59:21.458 10 INFO neutron.db.ovn_revision_numbers_db [None req-aa9b7fd4-a946-4524-923d-9e128e3c2f0c 56c6772adfff4b8393a13f2b9af9b2bf d680de4b18024d4eb548d810135332d0 - - default default] Successfully bumped revision number for resource a5a6ac52-c4a6-4673-8647-a47f6ba5831f (type: router_ports) to 1
2026-07-10 00:59:21.460 10 INFO neutron.wsgi [None req-aa9b7fd4-a946-4524-923d-9e128e3c2f0c 56c6772adfff4b8393a13f2b9af9b2bf d680de4b18024d4eb548d810135332d0 - - default default] 10.0.0.104 "PUT /v2.0/routers/7d33cd90-44ac-4512-b5e6-116a13c6475c/add_router_interface HTTP/1.1" status: 200 len: 503 time: 2.2194407
2026-07-10 00:59:21.474 10 INFO neutron.db.ovn_revision_numbers_db [None req-314dca6d-ba0d-4be5-86b5-d75712d067cd f2c4b7c6aca3436daa9758859657c973 c05db493b0704320b3129a8d4a2b7ea9 - - default default] Successfully bumped revision number for resource 0eafbf88-118c-490c-bb56-1f0250ad97e2 (type: networks) to 1
2026-07-10 00:59:21.500 9 INFO neutron.db.ovn_revision_numbers_db [None req-4b1b3196-5eca-47eb-8027-70b85b5af47a edc2d758fa9442afa9509e378b1cc407 d3d0c752d746406ebe7909218cc91f1f - - default default] Successfully bumped revision number for resource 3328ae60-8ea6-4ea8-951c-66e4ef8eb4ca (type: ports) to 1
2026-07-10 00:59:21.525 9 INFO neutron.wsgi [None req-4b1b3196-5eca-47eb-8027-70b85b5af47a edc2d758fa9442afa9509e378b1cc407 d3d0c752d746406ebe7909218cc91f1f - - default default] 10.0.0.104 "POST /v2.0/networks HTTP/1.1" status: 201 len: 833 time: 0.8901191
2026-07-10 00:59:21.571 9 WARNING neutron.plugins.ml2.drivers.ovn.mech_driver.ovsdb.ovn_client [None req-68f0aecd-e420-4465-bc9d-e7dcac7cdc43 - - - - - -] No port found with ID c2aece7d-e002-465a-8b97-69104b9dcc7b: RuntimeError: No port found with ID c2aece7d-e002-465a-8b97-69104b9dcc7b
2026-07-10 00:59:21.571 9 INFO neutron.plugins.ml2.drivers.ovn.mech_driver.mech_driver [None req-68f0aecd-e420-4465-bc9d-e7dcac7cdc43 - - - - - -] OVN reports status up for port: 27ab1db4-dffa-4ec0-a00f-1e295ebb6cfa
2026-07-10 00:59:21.593 9 INFO neutron.plugins.ml2.plugin [None req-68f0aecd-e420-4465-bc9d-e7dcac7cdc43 - - - - - -] Attempt 1 to provision port 27ab1db4-dffa-4ec0-a00f-1e295ebb6cfa
2026-07-10 00:59:21.669 10 WARNING neutron.scheduler.dhcp_agent_scheduler [None req-314dca6d-ba0d-4be5-86b5-d75712d067cd f2c4b7c6aca3436daa9758859657c973 c05db493b0704320b3129a8d4a2b7ea9 - - default default] No more DHCP agents
2026-07-10 00:59:21.675 10 WARNING neutron.api.rpc.agentnotifiers.dhcp_rpc_agent_api [None req-314dca6d-ba0d-4be5-86b5-d75712d067cd f2c4b7c6aca3436daa9758859657c973 c05db493b0704320b3129a8d4a2b7ea9 - - default default] Unable to schedule network 0eafbf88-118c-490c-bb56-1f0250ad97e2: no agents available; will retry on subsequent port and subnet creation events.
2026-07-10 00:59:21.781 10 INFO neutron.db.ovn_revision_numbers_db [None req-314dca6d-ba0d-4be5-86b5-d75712d067cd f2c4b7c6aca3436daa9758859657c973 c05db493b0704320b3129a8d4a2b7ea9 - - default default] Successfully bumped revision number for resource b0697e9a-faa5-4ee4-921e-fbac632dcedc (type: ports) to 1
2026-07-10 00:59:21.801 10 INFO neutron.wsgi [None req-314dca6d-ba0d-4be5-86b5-d75712d067cd f2c4b7c6aca3436daa9758859657c973 c05db493b0704320b3129a8d4a2b7ea9 - - default default] 10.0.0.104 "POST /v2.0/networks HTTP/1.1" status: 201 len: 844 time: 1.2290056
2026-07-10 00:59:21.876 9 WARNING neutron.scheduler.dhcp_agent_scheduler [None req-576bdc84-1fb7-4c3e-8a5e-4376f2aabb74 edc2d758fa9442afa9509e378b1cc407 d3d0c752d746406ebe7909218cc91f1f - - default default] No more DHCP agents
2026-07-10 00:59:21.878 9 WARNING neutron.api.rpc.agentnotifiers.dhcp_rpc_agent_api [None req-576bdc84-1fb7-4c3e-8a5e-4376f2aabb74 edc2d758fa9442afa9509e378b1cc407 d3d0c752d746406ebe7909218cc91f1f - - default default] Unable to schedule network 004ef90a-38e3-45ad-aa64-71f23a6b6777: no agents available; will retry on subsequent port and subnet creation events.
2026-07-10 00:59:21.927 9 INFO neutron.db.ovn_revision_numbers_db [None req-576bdc84-1fb7-4c3e-8a5e-4376f2aabb74 edc2d758fa9442afa9509e378b1cc407 d3d0c752d746406ebe7909218cc91f1f - - default default] Successfully bumped revision number for resource a5a616dc-d6e7-47e0-b605-e3ad8237dcf6 (type: subnets) to 0
2026-07-10 00:59:21.948 9 INFO neutron.wsgi [None req-576bdc84-1fb7-4c3e-8a5e-4376f2aabb74 edc2d758fa9442afa9509e378b1cc407 d3d0c752d746406ebe7909218cc91f1f - - default default] 10.0.0.104 "POST /v2.0/subnets HTTP/1.1" status: 201 len: 821 time: 0.4170022
2026-07-10 00:59:21.984 9 INFO neutron.db.ovn_revision_numbers_db [None req-68f0aecd-e420-4465-bc9d-e7dcac7cdc43 - - - - - -] Successfully bumped revision number for resource 27ab1db4-dffa-4ec0-a00f-1e295ebb6cfa (type: ports) to 2
2026-07-10 00:59:22.115 9 INFO neutron.services.segments.plugin [-] Segment a46ef054-82da-4cd4-a0e4-8cdddf0d086f resource provider aggregate not found
2026-07-10 00:59:22.129 9 INFO neutron.services.segments.plugin [-] Segment a46ef054-82da-4cd4-a0e4-8cdddf0d086f resource provider aggregate not found
2026-07-10 00:59:22.146 9 INFO neutron.services.segments.plugin [-] Segment a46ef054-82da-4cd4-a0e4-8cdddf0d086f resource provider not found; error: Placement Client Error (4xx): {"errors": [{"status": 404, "title": "Not Found", "detail": "The resource could not be found.\n\n No resource provider with uuid a46ef054-82da-4cd4-a0e4-8cdddf0d086f found for delete ", "request_id": "req-ea284828-e9fe-4828-9c77-2b568b1f20c2"}]}
2026-07-10 00:59:22.150 9 INFO neutron.services.segments.plugin [-] Segment a46ef054-82da-4cd4-a0e4-8cdddf0d086f resource provider not found; error: Placement Client Error (4xx): {"errors": [{"status": 404, "title": "Not Found", "detail": "The resource could not be found.\n\n No resource provider with uuid a46ef054-82da-4cd4-a0e4-8cdddf0d086f found for delete ", "request_id": "req-cf6cf84f-e9a6-4854-90d4-0b0c78eb4b76"}]}
2026-07-10 00:59:22.155 9 INFO neutron.db.ovn_revision_numbers_db [None req-68f0aecd-e420-4465-bc9d-e7dcac7cdc43 - - - - - -] Successfully bumped revision number for resource 27ab1db4-dffa-4ec0-a00f-1e295ebb6cfa (type: router_ports) to 2
2026-07-10 00:59:22.181 10 WARNING neutron.scheduler.dhcp_agent_scheduler [None req-8ad6ace8-12ac-4dc2-9e97-f600f635361d f2c4b7c6aca3436daa9758859657c973 c05db493b0704320b3129a8d4a2b7ea9 - - default default] No more DHCP agents
2026-07-10 00:59:22.188 10 WARNING neutron.api.rpc.agentnotifiers.dhcp_rpc_agent_api [None req-8ad6ace8-12ac-4dc2-9e97-f600f635361d f2c4b7c6aca3436daa9758859657c973 c05db493b0704320b3129a8d4a2b7ea9 - - default default] Unable to schedule network 0eafbf88-118c-490c-bb56-1f0250ad97e2: no agents available; will retry on subsequent port and subnet creation events.
2026-07-10 00:59:22.200 10 INFO neutron.db.ovn_revision_numbers_db [None req-826480f8-f1a5-4511-8a5f-265d0cf8fd02 edc2d758fa9442afa9509e378b1cc407 d3d0c752d746406ebe7909218cc91f1f - - default default] Successfully bumped revision number for resource f49ca003-5a12-4f4f-88d8-6bea060062c2 (type: routers) to 1
2026-07-10 00:59:22.200 9 INFO neutron.db.ovn_revision_numbers_db [None req-c821b1fc-1e37-4194-8362-90fd19964ea5 e0af7d519ca8481495dce0757cc774b7 1452eb8bdcef48fe80d6e4432b483176 - - default default] Successfully bumped revision number for resource 5a87ff6d-aef9-4f1d-8989-11b4933bc0ac (type: security_groups) to 1
2026-07-10 00:59:22.223 9 INFO neutron.db.ovn_revision_numbers_db [None req-c821b1fc-1e37-4194-8362-90fd19964ea5 e0af7d519ca8481495dce0757cc774b7 1452eb8bdcef48fe80d6e4432b483176 - - default default] Successfully bumped revision number for resource 81ff7e0b-5783-42cd-acb9-2c73918fadf3 (type: security_group_rules) to 0
2026-07-10 00:59:22.226 10 INFO neutron.wsgi [None req-826480f8-f1a5-4511-8a5f-265d0cf8fd02 edc2d758fa9442afa9509e378b1cc407 d3d0c752d746406ebe7909218cc91f1f - - default default] 10.0.0.104 "POST /v2.0/routers HTTP/1.1" status: 201 len: 690 time: 0.2715290 /var/lib/openstack/lib/python3.10/site-packages/pycadf/identifier.py:71: UserWarning: Invalid uuid: neutron. To ensure interoperability, identifiers should be a valid uuid. warnings.warn(('Invalid uuid: %s. To ensure interoperability, '
2026-07-10 00:59:22.243 9 INFO neutron.db.ovn_revision_numbers_db [None req-c821b1fc-1e37-4194-8362-90fd19964ea5 e0af7d519ca8481495dce0757cc774b7 1452eb8bdcef48fe80d6e4432b483176 - - default default] Successfully bumped revision number for resource f7a12638-1de4-40d7-9008-95ef7cd65eb8 (type: security_group_rules) to 0
2026-07-10 00:59:22.276 9 INFO neutron.wsgi [None req-c821b1fc-1e37-4194-8362-90fd19964ea5 e0af7d519ca8481495dce0757cc774b7 1452eb8bdcef48fe80d6e4432b483176 - - default default] 10.0.0.104 "POST /v2.0/security-groups HTTP/1.1" status: 201 len: 1796 time: 0.2485914
2026-07-10 00:59:22.311 10 INFO neutron.db.ovn_revision_numbers_db [None req-8ad6ace8-12ac-4dc2-9e97-f600f635361d f2c4b7c6aca3436daa9758859657c973 c05db493b0704320b3129a8d4a2b7ea9 - - default default] Successfully bumped revision number for resource c8cce1ed-6946-4366-a05a-c7831ecc0c1e (type: ports) to 1
2026-07-10 00:59:22.344 10 INFO neutron.wsgi [None req-8ad6ace8-12ac-4dc2-9e97-f600f635361d f2c4b7c6aca3436daa9758859657c973 c05db493b0704320b3129a8d4a2b7ea9 - - default default] 10.0.0.104 "POST /v2.0/ports HTTP/1.1" status: 201 len: 973 time: 0.5376043
2026-07-10 00:59:22.413 9 INFO neutron.db.ovn_revision_numbers_db [None req-b0c233ed-9cbd-4306-9670-088fbf8e95ba e0af7d519ca8481495dce0757cc774b7 1452eb8bdcef48fe80d6e4432b483176 - - default default] Successfully bumped revision number for resource 352405a7-5542-41d1-931b-3d7df069441f (type: security_group_rules) to 0
2026-07-10 00:59:22.436 9 INFO neutron.wsgi [None req-b0c233ed-9cbd-4306-9670-088fbf8e95ba e0af7d519ca8481495dce0757cc774b7 1452eb8bdcef48fe80d6e4432b483176 - - default default] 10.0.0.104 "POST /v2.0/security-group-rules HTTP/1.1" status: 201 len: 764 time: 0.1554346
2026-07-10 00:59:22.450 9 INFO neutron.db.segments_db [None req-e14b114f-acba-491a-be6b-54bab744409c f2c4b7c6aca3436daa9758859657c973 c05db493b0704320b3129a8d4a2b7ea9 - - default default] Added segment 2c6f381f-d90f-4442-a38b-44e09240a724 of type geneve for network 2f2b4c6e-ab94-4c46-83ac-8b25c05461b7
2026-07-10 00:59:22.477 10 INFO neutron.wsgi [None req-9521fb0b-d3ae-4239-b043-68cb2a80268a e224708f29a6460884eff546267cba47 eed8e2da97234e5fa97458eb44ad0c6d - - default default] 10.0.0.104 "GET /v2.0/ports/27ab1db4-dffa-4ec0-a00f-1e295ebb6cfa HTTP/1.1" status: 200 len: 1137 time: 0.0537059
2026-07-10 00:59:22.606 9 INFO neutron.db.ovn_revision_numbers_db [None req-e14b114f-acba-491a-be6b-54bab744409c f2c4b7c6aca3436daa9758859657c973 c05db493b0704320b3129a8d4a2b7ea9 - - default default] Successfully bumped revision number for resource 2f2b4c6e-ab94-4c46-83ac-8b25c05461b7 (type: networks) to 1
2026-07-10 00:59:22.713 10 WARNING neutron.scheduler.dhcp_agent_scheduler [None req-a73dbcf4-37df-4bf0-a9d6-d2a76428bc57 edc2d758fa9442afa9509e378b1cc407 d3d0c752d746406ebe7909218cc91f1f - - default default] No more DHCP agents
2026-07-10 00:59:22.715 10 INFO neutron.db.ovn_revision_numbers_db [None req-eae19933-54c7-494f-a848-08539025eed8 e0af7d519ca8481495dce0757cc774b7 1452eb8bdcef48fe80d6e4432b483176 - - default default] Successfully bumped revision number for resource a4a51326-38b3-4463-94cf-571ec78a0c07 (type: security_group_rules) to 0
2026-07-10 00:59:22.719 10 WARNING neutron.api.rpc.agentnotifiers.dhcp_rpc_agent_api [None req-a73dbcf4-37df-4bf0-a9d6-d2a76428bc57 edc2d758fa9442afa9509e378b1cc407 d3d0c752d746406ebe7909218cc91f1f - - default default] Unable to schedule network 004ef90a-38e3-45ad-aa64-71f23a6b6777: no agents available; will retry on subsequent port and subnet creation events.
2026-07-10 00:59:22.765 10 INFO neutron.wsgi [None req-eae19933-54c7-494f-a848-08539025eed8 e0af7d519ca8481495dce0757cc774b7 1452eb8bdcef48fe80d6e4432b483176 - - default default] 10.0.0.104 "POST /v2.0/security-group-rules HTTP/1.1" status: 201 len: 769 time: 0.3206894 /var/lib/openstack/lib/python3.10/site-packages/pycadf/identifier.py:71: UserWarning: Invalid uuid: neutron. To ensure interoperability, identifiers should be a valid uuid. warnings.warn(('Invalid uuid: %s. To ensure interoperability, '
2026-07-10 00:59:22.801 9 WARNING neutron.scheduler.dhcp_agent_scheduler [None req-e14b114f-acba-491a-be6b-54bab744409c f2c4b7c6aca3436daa9758859657c973 c05db493b0704320b3129a8d4a2b7ea9 - - default default] No more DHCP agents
2026-07-10 00:59:22.804 9 WARNING neutron.api.rpc.agentnotifiers.dhcp_rpc_agent_api [None req-e14b114f-acba-491a-be6b-54bab744409c f2c4b7c6aca3436daa9758859657c973 c05db493b0704320b3129a8d4a2b7ea9 - - default default] Unable to schedule network 2f2b4c6e-ab94-4c46-83ac-8b25c05461b7: no agents available; will retry on subsequent port and subnet creation events.
2026-07-10 00:59:22.884 9 INFO neutron.db.ovn_revision_numbers_db [None req-e14b114f-acba-491a-be6b-54bab744409c f2c4b7c6aca3436daa9758859657c973 c05db493b0704320b3129a8d4a2b7ea9 - - default default] Successfully bumped revision number for resource f19ff4da-8d51-457c-bdd4-379935e3af04 (type: ports) to 1
2026-07-10 00:59:22.906 9 INFO neutron.wsgi [None req-e14b114f-acba-491a-be6b-54bab744409c f2c4b7c6aca3436daa9758859657c973 c05db493b0704320b3129a8d4a2b7ea9 - - default default] 10.0.0.104 "POST /v2.0/networks HTTP/1.1" status: 201 len: 831 time: 0.5552313
2026-07-10 00:59:22.956 10 INFO neutron.db.ovn_revision_numbers_db [None req-a73dbcf4-37df-4bf0-a9d6-d2a76428bc57 edc2d758fa9442afa9509e378b1cc407 d3d0c752d746406ebe7909218cc91f1f - - default default] Successfully bumped revision number for resource 53312fd5-2b02-4edf-a597-36756f757551 (type: ports) to 1
2026-07-10 00:59:23.005 10 INFO neutron.wsgi [None req-a73dbcf4-37df-4bf0-a9d6-d2a76428bc57 edc2d758fa9442afa9509e378b1cc407 d3d0c752d746406ebe7909218cc91f1f - - default default] 10.0.0.104 "POST /v2.0/ports HTTP/1.1" status: 201 len: 1158 time: 0.7726583
2026-07-10 00:59:23.142 9 WARNING neutron.scheduler.dhcp_agent_scheduler [None req-f28bf7ed-bc47-40e0-bc91-5a8ced3d63d5 f2c4b7c6aca3436daa9758859657c973 c05db493b0704320b3129a8d4a2b7ea9 - - default default] No more DHCP agents
2026-07-10 00:59:23.146 9 WARNING neutron.api.rpc.agentnotifiers.dhcp_rpc_agent_api [None req-f28bf7ed-bc47-40e0-bc91-5a8ced3d63d5 f2c4b7c6aca3436daa9758859657c973 c05db493b0704320b3129a8d4a2b7ea9 - - default default] Unable to schedule network 2f2b4c6e-ab94-4c46-83ac-8b25c05461b7: no agents available; will retry on subsequent port and subnet creation events.
2026-07-10 00:59:23.506 10 WARNING neutron.scheduler.dhcp_agent_scheduler [None req-777dd9d6-6ce6-4368-b99a-05f8ece72a38 e0af7d519ca8481495dce0757cc774b7 1452eb8bdcef48fe80d6e4432b483176 - - default default] No more DHCP agents
2026-07-10 00:59:23.517 10 WARNING neutron.api.rpc.agentnotifiers.dhcp_rpc_agent_api [None req-777dd9d6-6ce6-4368-b99a-05f8ece72a38 e0af7d519ca8481495dce0757cc774b7 1452eb8bdcef48fe80d6e4432b483176 - - default default] Unable to schedule network ce3391ea-076e-468c-b70e-f6679d5578fc: no agents available; will retry on subsequent port and subnet creation events.
2026-07-10 00:59:23.573 9 INFO neutron.db.ovn_revision_numbers_db [None req-f28bf7ed-bc47-40e0-bc91-5a8ced3d63d5 f2c4b7c6aca3436daa9758859657c973 c05db493b0704320b3129a8d4a2b7ea9 - - default default] Successfully bumped revision number for resource f19ff4da-8d51-457c-bdd4-379935e3af04 (type: ports) to 2
2026-07-10 00:59:23.619 9 INFO neutron.db.ovn_revision_numbers_db [None req-f28bf7ed-bc47-40e0-bc91-5a8ced3d63d5 f2c4b7c6aca3436daa9758859657c973 c05db493b0704320b3129a8d4a2b7ea9 - - default default] Successfully bumped revision number for resource 7377dda3-9fa9-4c4d-a283-7c942927f2f0 (type: subnets) to 0
2026-07-10 00:59:23.637 9 INFO neutron.wsgi [None req-f28bf7ed-bc47-40e0-bc91-5a8ced3d63d5 f2c4b7c6aca3436daa9758859657c973 c05db493b0704320b3129a8d4a2b7ea9 - - default default] 10.0.0.104 "POST /v2.0/subnets HTTP/1.1" status: 201 len: 801 time: 0.7256708
2026-07-10 00:59:23.947 10 INFO neutron.wsgi [None req-78ae2b3f-8b81-48be-b88a-beffb9548795 e224708f29a6460884eff546267cba47 eed8e2da97234e5fa97458eb44ad0c6d - - default default] 10.0.0.104 "PUT /v2.0/routers/9842095d-6d4f-4ceb-bee9-b9a1bc54202b/remove_router_interface HTTP/1.1" status: 200 len: 503 time: 1.4607027
2026-07-10 00:59:24.022 9 WARNING neutron.scheduler.dhcp_agent_scheduler [None req-1ecfa751-97bb-460d-8f12-2b5b6345fabc f2c4b7c6aca3436daa9758859657c973 c05db493b0704320b3129a8d4a2b7ea9 - - default default] No more DHCP agents
2026-07-10 00:59:24.027 9 WARNING neutron.api.rpc.agentnotifiers.dhcp_rpc_agent_api [None req-1ecfa751-97bb-460d-8f12-2b5b6345fabc f2c4b7c6aca3436daa9758859657c973 c05db493b0704320b3129a8d4a2b7ea9 - - default default] Unable to schedule network 2f2b4c6e-ab94-4c46-83ac-8b25c05461b7: no agents available; will retry on subsequent port and subnet creation events.
2026-07-10 00:59:24.034 10 INFO neutron.db.ovn_revision_numbers_db [None req-672c2b75-00ca-4dd0-96b9-79d577c5ed7c edc2d758fa9442afa9509e378b1cc407 d3d0c752d746406ebe7909218cc91f1f - - default default] Successfully bumped revision number for resource 53312fd5-2b02-4edf-a597-36756f757551 (type: router_ports) to 2
2026-07-10 00:59:24.097 9 INFO neutron.wsgi [None req-1557421b-5b95-4841-879a-09ffd7b60f25 e224708f29a6460884eff546267cba47 eed8e2da97234e5fa97458eb44ad0c6d - - default default] 10.0.0.104 "GET /v2.0/ports/bcff2374-bcd9-4b83-ab2c-b53358f04d29 HTTP/1.1" status: 200 len: 1137 time: 0.1376078 /var/lib/openstack/lib/python3.10/site-packages/pycadf/identifier.py:71: UserWarning: Invalid uuid: neutron. To ensure interoperability, identifiers should be a valid uuid. warnings.warn(('Invalid uuid: %s. To ensure interoperability, '
2026-07-10 00:59:24.200 10 INFO neutron.db.ovn_revision_numbers_db [None req-777dd9d6-6ce6-4368-b99a-05f8ece72a38 e0af7d519ca8481495dce0757cc774b7 1452eb8bdcef48fe80d6e4432b483176 - - default default] Successfully bumped revision number for resource 8226d83d-9f40-45f5-b57e-a5f17fce462e (type: floatingips) to 0
2026-07-10 00:59:24.230 10 INFO neutron.wsgi [None req-777dd9d6-6ce6-4368-b99a-05f8ece72a38 e0af7d519ca8481495dce0757cc774b7 1452eb8bdcef48fe80d6e4432b483176 - - default default] 10.0.0.104 "POST /v2.0/floatingips HTTP/1.1" status: 201 len: 751 time: 1.4574893
2026-07-10 00:59:24.272 10 INFO neutron.db.ovn_revision_numbers_db [None req-672c2b75-00ca-4dd0-96b9-79d577c5ed7c edc2d758fa9442afa9509e378b1cc407 d3d0c752d746406ebe7909218cc91f1f - - default default] Successfully bumped revision number for resource 53312fd5-2b02-4edf-a597-36756f757551 (type: ports) to 2
2026-07-10 00:59:24.278 9 INFO neutron.db.ovn_revision_numbers_db [None req-1ecfa751-97bb-460d-8f12-2b5b6345fabc f2c4b7c6aca3436daa9758859657c973 c05db493b0704320b3129a8d4a2b7ea9 - - default default] Successfully bumped revision number for resource 06628e5a-a56f-4c59-8592-7e472399dfd4 (type: ports) to 1
2026-07-10 00:59:24.311 9 INFO neutron.wsgi [None req-1ecfa751-97bb-460d-8f12-2b5b6345fabc f2c4b7c6aca3436daa9758859657c973 c05db493b0704320b3129a8d4a2b7ea9 - - default default] 10.0.0.104 "POST /v2.0/ports HTTP/1.1" status: 201 len: 1152 time: 0.6675620
2026-07-10 00:59:24.780 10 WARNING neutron.plugins.ml2.drivers.ovn.mech_driver.ovsdb.ovn_client [None req-8188d7f9-7e32-405c-a9c0-d725ce4f79ec - - - - - -] No hosting information found for port bcff2374-bcd9-4b83-ab2c-b53358f04d29: RuntimeError: No hosting information found for port bcff2374-bcd9-4b83-ab2c-b53358f04d29
2026-07-10 00:59:24.781 10 INFO neutron.plugins.ml2.drivers.ovn.mech_driver.mech_driver [None req-8188d7f9-7e32-405c-a9c0-d725ce4f79ec - - - - - -] OVN reports status up for port: a5a6ac52-c4a6-4673-8647-a47f6ba5831f
2026-07-10 00:59:24.787 10 INFO neutron.db.ovn_revision_numbers_db [None req-672c2b75-00ca-4dd0-96b9-79d577c5ed7c edc2d758fa9442afa9509e378b1cc407 d3d0c752d746406ebe7909218cc91f1f - - default default] Successfully bumped revision number for resource 53312fd5-2b02-4edf-a597-36756f757551 (type: router_ports) to 2
2026-07-10 00:59:24.788 10 INFO neutron.plugins.ml2.plugin [None req-8188d7f9-7e32-405c-a9c0-d725ce4f79ec - - - - - -] Attempt 1 to provision port a5a6ac52-c4a6-4673-8647-a47f6ba5831f
2026-07-10 00:59:24.946 10 INFO neutron.db.ovn_revision_numbers_db [None req-672c2b75-00ca-4dd0-96b9-79d577c5ed7c edc2d758fa9442afa9509e378b1cc407 d3d0c752d746406ebe7909218cc91f1f - - default default] Successfully bumped revision number for resource 53312fd5-2b02-4edf-a597-36756f757551 (type: ports) to 2
2026-07-10 00:59:25.026 9 INFO neutron.wsgi [None req-0f63ca32-8ebe-44a1-b416-9ccbb96d646e f2c4b7c6aca3436daa9758859657c973 c05db493b0704320b3129a8d4a2b7ea9 - - default default] 10.0.0.104 "DELETE /v2.0/ports/06628e5a-a56f-4c59-8592-7e472399dfd4 HTTP/1.1" status: 204 len: 168 time: 0.7023001
2026-07-10 00:59:25.035 10 WARNING neutron.scheduler.dhcp_agent_scheduler [None req-672c2b75-00ca-4dd0-96b9-79d577c5ed7c edc2d758fa9442afa9509e378b1cc407 d3d0c752d746406ebe7909218cc91f1f - - default default] No more DHCP agents
2026-07-10 00:59:25.036 10 WARNING neutron.api.rpc.agentnotifiers.dhcp_rpc_agent_api [None req-672c2b75-00ca-4dd0-96b9-79d577c5ed7c edc2d758fa9442afa9509e378b1cc407 d3d0c752d746406ebe7909218cc91f1f - - default default] Unable to schedule network 004ef90a-38e3-45ad-aa64-71f23a6b6777: no agents available; will retry on subsequent port and subnet creation events.
2026-07-10 00:59:25.057 9 INFO neutron.pecan_wsgi.hooks.translation [None req-bf28aef5-7787-4cf5-9833-48a6a4209ca4 f2c4b7c6aca3436daa9758859657c973 c05db493b0704320b3129a8d4a2b7ea9 - - default default] DELETE failed (client error): The resource could not be found.
2026-07-10 00:59:25.059 9 INFO neutron.wsgi [None req-bf28aef5-7787-4cf5-9833-48a6a4209ca4 f2c4b7c6aca3436daa9758859657c973 c05db493b0704320b3129a8d4a2b7ea9 - - default default] 10.0.0.104 "DELETE /v2.0/ports/06628e5a-a56f-4c59-8592-7e472399dfd4 HTTP/1.1" status: 404 len: 333 time: 0.0271533 /var/lib/openstack/lib/python3.10/site-packages/pycadf/identifier.py:71: UserWarning: Invalid uuid: neutron. To ensure interoperability, identifiers should be a valid uuid. warnings.warn(('Invalid uuid: %s. To ensure interoperability, '
2026-07-10 00:59:25.085 10 INFO neutron.pecan_wsgi.hooks.translation [None req-c26c1780-b2e3-4423-97c8-a8d0eafa7b00 f2c4b7c6aca3436daa9758859657c973 c05db493b0704320b3129a8d4a2b7ea9 - - default default] GET failed (client error): The resource could not be found.
2026-07-10 00:59:25.087 10 INFO neutron.wsgi [None req-c26c1780-b2e3-4423-97c8-a8d0eafa7b00 f2c4b7c6aca3436daa9758859657c973 c05db493b0704320b3129a8d4a2b7ea9 - - default default] 10.0.0.104 "GET /v2.0/ports/06628e5a-a56f-4c59-8592-7e472399dfd4 HTTP/1.1" status: 404 len: 333 time: 0.0197287
2026-07-10 00:59:25.163 10 INFO neutron.db.ovn_revision_numbers_db [None req-8188d7f9-7e32-405c-a9c0-d725ce4f79ec - - - - - -] Successfully bumped revision number for resource a5a6ac52-c4a6-4673-8647-a47f6ba5831f (type: ports) to 2
2026-07-10 00:59:25.177 9 INFO neutron.wsgi [None req-f6bd2083-0715-4fef-adba-cd11bce1abd1 e224708f29a6460884eff546267cba47 eed8e2da97234e5fa97458eb44ad0c6d - - default default] 10.0.0.104 "PUT /v2.0/routers/9842095d-6d4f-4ceb-bee9-b9a1bc54202b/remove_router_interface HTTP/1.1" status: 200 len: 503 time: 1.0609186 /var/lib/openstack/lib/python3.10/site-packages/pycadf/identifier.py:71: UserWarning: Invalid uuid: neutron. To ensure interoperability, identifiers should be a valid uuid. warnings.warn(('Invalid uuid: %s. To ensure interoperability, '
2026-07-10 00:59:25.209 9 INFO neutron.wsgi [None req-6f86be5d-343e-44fb-9378-c6bc14aec64f e224708f29a6460884eff546267cba47 eed8e2da97234e5fa97458eb44ad0c6d - - default default] 10.0.0.104 "GET /v2.0/ports?device_id=9842095d-6d4f-4ceb-bee9-b9a1bc54202b HTTP/1.1" status: 200 len: 205 time: 0.0208919
2026-07-10 00:59:25.340 10 INFO neutron.db.ovn_revision_numbers_db [None req-672c2b75-00ca-4dd0-96b9-79d577c5ed7c edc2d758fa9442afa9509e378b1cc407 d3d0c752d746406ebe7909218cc91f1f - - default default] Successfully bumped revision number for resource 53312fd5-2b02-4edf-a597-36756f757551 (type: router_ports) to 2
2026-07-10 00:59:25.343 10 INFO neutron.wsgi [None req-672c2b75-00ca-4dd0-96b9-79d577c5ed7c edc2d758fa9442afa9509e378b1cc407 d3d0c752d746406ebe7909218cc91f1f - - default default] 10.0.0.104 "PUT /v2.0/routers/f49ca003-5a12-4f4f-88d8-6bea060062c2/add_router_interface HTTP/1.1" status: 200 len: 503 time: 2.3280497
2026-07-10 00:59:25.355 9 INFO neutron.wsgi [None req-47a15ada-681e-4099-95c2-3d9b126f9abd f2c4b7c6aca3436daa9758859657c973 c05db493b0704320b3129a8d4a2b7ea9 - - default default] 10.0.0.104 "DELETE /v2.0/subnets/7377dda3-9fa9-4c4d-a283-7c942927f2f0 HTTP/1.1" status: 204 len: 168 time: 0.2627172
2026-07-10 00:59:25.415 10 INFO neutron.db.ovn_revision_numbers_db [None req-8188d7f9-7e32-405c-a9c0-d725ce4f79ec - - - - - -] Successfully bumped revision number for resource a5a6ac52-c4a6-4673-8647-a47f6ba5831f (type: router_ports) to 2
2026-07-10 00:59:25.528 10 INFO neutron.wsgi [None req-119ff25a-ff83-4e0b-8be4-6bcbdaf4a999 edc2d758fa9442afa9509e378b1cc407 d3d0c752d746406ebe7909218cc91f1f - - default default] 10.0.0.104 "GET /v2.0/ports/53312fd5-2b02-4edf-a597-36756f757551 HTTP/1.1" status: 200 len: 1214 time: 0.1775277
2026-07-10 00:59:25.544 10 INFO neutron.wsgi [None req-9c162d47-99e0-49b6-beae-37d592fe8f04 e224708f29a6460884eff546267cba47 eed8e2da97234e5fa97458eb44ad0c6d - - default default] 10.0.0.104 "DELETE /v2.0/routers/9842095d-6d4f-4ceb-bee9-b9a1bc54202b HTTP/1.1" status: 204 len: 168 time: 0.3262391
2026-07-10 00:59:25.762 10 INFO neutron.wsgi [None req-459c973b-8264-48a9-afe7-cbdeb1fb12b5 e224708f29a6460884eff546267cba47 eed8e2da97234e5fa97458eb44ad0c6d - - default default] 10.0.0.104 "DELETE /v2.0/subnets/387a0ebc-876a-4dd1-affc-b86cd12c0ef9 HTTP/1.1" status: 204 len: 168 time: 0.2125142
2026-07-10 00:59:25.840 9 INFO neutron.services.segments.plugin [-] Segment 2c6f381f-d90f-4442-a38b-44e09240a724 resource provider aggregate not found
2026-07-10 00:59:25.845 9 INFO neutron.services.segments.plugin [-] Segment 2c6f381f-d90f-4442-a38b-44e09240a724 resource provider aggregate not found
2026-07-10 00:59:25.866 9 INFO neutron.services.segments.plugin [-] Segment 2c6f381f-d90f-4442-a38b-44e09240a724 resource provider not found; error: Placement Client Error (4xx): {"errors": [{"status": 404, "title": "Not Found", "detail": "The resource could not be found.\n\n No resource provider with uuid 2c6f381f-d90f-4442-a38b-44e09240a724 found for delete ", "request_id": "req-08e12af2-4e2d-435f-a9e6-6e487c651fd1"}]}
2026-07-10 00:59:25.867 9 INFO neutron.services.segments.plugin [-] Segment 2c6f381f-d90f-4442-a38b-44e09240a724 resource provider not found; error: Placement Client Error (4xx): {"errors": [{"status": 404, "title": "Not Found", "detail": "The resource could not be found.\n\n No resource provider with uuid 2c6f381f-d90f-4442-a38b-44e09240a724 found for delete ", "request_id": "req-756b75ad-af7e-4cce-bd9b-98613aa1df19"}]}
2026-07-10 00:59:25.901 9 INFO neutron.wsgi [None req-fd770711-6920-487a-999d-7e71599e3817 f2c4b7c6aca3436daa9758859657c973 c05db493b0704320b3129a8d4a2b7ea9 - - default default] 10.0.0.104 "DELETE /v2.0/networks/2f2b4c6e-ab94-4c46-83ac-8b25c05461b7 HTTP/1.1" status: 204 len: 168 time: 0.5353625
2026-07-10 00:59:26.001 10 INFO neutron.wsgi [None req-53144ac8-62a9-4abc-b64a-9fd719c43d97 e224708f29a6460884eff546267cba47 eed8e2da97234e5fa97458eb44ad0c6d - - default default] 10.0.0.104 "DELETE /v2.0/subnets/de406339-e3f9-4210-a1c5-37b135031240 HTTP/1.1" status: 204 len: 168 time: 0.2344086 /var/lib/openstack/lib/python3.10/site-packages/pycadf/identifier.py:71: UserWarning: Invalid uuid: neutron. To ensure interoperability, identifiers should be a valid uuid. warnings.warn(('Invalid uuid: %s. To ensure interoperability, '
2026-07-10 00:59:26.016 10 INFO neutron.db.segments_db [None req-d80886f5-fd61-40a5-b6e0-0598ac5852c7 f2c4b7c6aca3436daa9758859657c973 c05db493b0704320b3129a8d4a2b7ea9 - - default default] Added segment 3b7e8ffd-fe5b-4eee-bb0c-637c669d5079 of type geneve for network 4bd436e6-e62a-4f18-907b-15c4073bedcc
2026-07-10 00:59:26.276 9 INFO neutron.wsgi [None req-76b17db3-8e12-441c-9d97-7b9f5e9b366c edc2d758fa9442afa9509e378b1cc407 d3d0c752d746406ebe7909218cc91f1f - - default default] 10.0.0.104 "PUT /v2.0/routers/f49ca003-5a12-4f4f-88d8-6bea060062c2/remove_router_interface HTTP/1.1" status: 200 len: 503 time: 0.7425334 /var/lib/openstack/lib/python3.10/site-packages/pycadf/identifier.py:71: UserWarning: Invalid uuid: neutron. To ensure interoperability, identifiers should be a valid uuid. warnings.warn(('Invalid uuid: %s. To ensure interoperability, '
2026-07-10 00:59:26.359 9 INFO neutron.api.v2.resource [None req-d16fd922-0ce4-4988-9e81-8b2bd8fafa3d edc2d758fa9442afa9509e378b1cc407 d3d0c752d746406ebe7909218cc91f1f - - default default] remove_router_interface failed (client error): The resource could not be found.
2026-07-10 00:59:26.360 9 INFO neutron.wsgi [None req-d16fd922-0ce4-4988-9e81-8b2bd8fafa3d edc2d758fa9442afa9509e378b1cc407 d3d0c752d746406ebe7909218cc91f1f - - default default] 10.0.0.104 "PUT /v2.0/routers/f49ca003-5a12-4f4f-88d8-6bea060062c2/remove_router_interface HTTP/1.1" status: 404 len: 398 time: 0.0759237
2026-07-10 00:59:26.393 10 INFO neutron.wsgi [None req-2c4514e0-0bf2-48a2-b85e-2fa23ee3b995 edc2d758fa9442afa9509e378b1cc407 d3d0c752d746406ebe7909218cc91f1f - - default default] 10.0.0.104 "GET /v2.0/ports?device_id=f49ca003-5a12-4f4f-88d8-6bea060062c2 HTTP/1.1" status: 200 len: 205 time: 0.0251203
2026-07-10 00:59:26.399 10 INFO neutron.db.ovn_revision_numbers_db [None req-d80886f5-fd61-40a5-b6e0-0598ac5852c7 f2c4b7c6aca3436daa9758859657c973 c05db493b0704320b3129a8d4a2b7ea9 - - default default] Successfully bumped revision number for resource 4bd436e6-e62a-4f18-907b-15c4073bedcc (type: networks) to 1
2026-07-10 00:59:26.517 9 INFO neutron.wsgi [None req-7b362b88-3d10-4f31-bb3c-5b594a1220f4 e224708f29a6460884eff546267cba47 eed8e2da97234e5fa97458eb44ad0c6d - - default default] 10.0.0.104 "DELETE /v2.0/networks/d8d70727-5f82-46d3-a6c4-21ad9f1d8285 HTTP/1.1" status: 204 len: 168 time: 0.5099397
2026-07-10 00:59:26.653 10 INFO neutron.wsgi [None req-4b0455d8-0b0c-49b7-8050-cf6c177144d3 edc2d758fa9442afa9509e378b1cc407 d3d0c752d746406ebe7909218cc91f1f - - default default] 10.0.0.104 "DELETE /v2.0/routers/f49ca003-5a12-4f4f-88d8-6bea060062c2 HTTP/1.1" status: 204 len: 168 time: 0.2510042
2026-07-10 00:59:26.691 10 WARNING neutron.scheduler.dhcp_agent_scheduler [None req-d80886f5-fd61-40a5-b6e0-0598ac5852c7 f2c4b7c6aca3436daa9758859657c973 c05db493b0704320b3129a8d4a2b7ea9 - - default default] No more DHCP agents
2026-07-10 00:59:26.695 10 WARNING neutron.api.rpc.agentnotifiers.dhcp_rpc_agent_api [None req-d80886f5-fd61-40a5-b6e0-0598ac5852c7 f2c4b7c6aca3436daa9758859657c973 c05db493b0704320b3129a8d4a2b7ea9 - - default default] Unable to schedule network 4bd436e6-e62a-4f18-907b-15c4073bedcc: no agents available; will retry on subsequent port and subnet creation events.
2026-07-10 00:59:26.815 10 INFO neutron.db.ovn_revision_numbers_db [None req-d80886f5-fd61-40a5-b6e0-0598ac5852c7 f2c4b7c6aca3436daa9758859657c973 c05db493b0704320b3129a8d4a2b7ea9 - - default default] Successfully bumped revision number for resource fb39821c-3651-4d6d-a544-5aad79aa7297 (type: ports) to 1
2026-07-10 00:59:26.841 10 INFO neutron.wsgi [None req-d80886f5-fd61-40a5-b6e0-0598ac5852c7 f2c4b7c6aca3436daa9758859657c973 c05db493b0704320b3129a8d4a2b7ea9 - - default default] 10.0.0.104 "POST /v2.0/networks HTTP/1.1" status: 201 len: 830 time: 0.9349830
2026-07-10 00:59:26.899 10 INFO neutron.wsgi [None req-1ec6bd16-6fcc-460a-93e1-1f3a46ddc693 edc2d758fa9442afa9509e378b1cc407 d3d0c752d746406ebe7909218cc91f1f - - default default] 10.0.0.104 "DELETE /v2.0/subnets/a5a616dc-d6e7-47e0-b605-e3ad8237dcf6 HTTP/1.1" status: 204 len: 168 time: 0.2399001
2026-07-10 00:59:26.957 9 INFO neutron.wsgi [None req-8250ed4a-7e01-4ab0-bf98-e34837a6e8a1 e224708f29a6460884eff546267cba47 eed8e2da97234e5fa97458eb44ad0c6d - - default default] 10.0.0.104 "DELETE /v2.0/networks/3e700349-e82b-4128-ac60-f918627da35d HTTP/1.1" status: 204 len: 168 time: 0.4330420
2026-07-10 00:59:27.050 9 INFO neutron.db.segments_db [None req-306d2a03-f591-4d4a-8a3f-cdca3bcfbca3 e224708f29a6460884eff546267cba47 eed8e2da97234e5fa97458eb44ad0c6d - - default default] Added segment 3a15a953-5939-4a1e-842f-d173196db969 of type geneve for network 4ec8e71d-6311-44fa-a585-4d5f5c10d852
2026-07-10 00:59:27.150 10 WARNING neutron.scheduler.dhcp_agent_scheduler [None req-fa61cca0-c32e-4e11-ab5e-39d4606f5937 f2c4b7c6aca3436daa9758859657c973 c05db493b0704320b3129a8d4a2b7ea9 - - default default] No more DHCP agents
2026-07-10 00:59:27.154 10 WARNING neutron.api.rpc.agentnotifiers.dhcp_rpc_agent_api [None req-fa61cca0-c32e-4e11-ab5e-39d4606f5937 f2c4b7c6aca3436daa9758859657c973 c05db493b0704320b3129a8d4a2b7ea9 - - default default] Unable to schedule network 4bd436e6-e62a-4f18-907b-15c4073bedcc: no agents available; will retry on subsequent port and subnet creation events.
2026-07-10 00:59:27.205 9 INFO neutron.db.ovn_revision_numbers_db [None req-306d2a03-f591-4d4a-8a3f-cdca3bcfbca3 e224708f29a6460884eff546267cba47 eed8e2da97234e5fa97458eb44ad0c6d - - default default] Successfully bumped revision number for resource 4ec8e71d-6311-44fa-a585-4d5f5c10d852 (type: networks) to 1
2026-07-10 00:59:27.322 10 INFO neutron.services.segments.plugin [-] Segment ffab5eff-5147-4efa-b988-64cbf6b26ddc resource provider aggregate not found
2026-07-10 00:59:27.328 10 INFO neutron.services.segments.plugin [-] Segment ffab5eff-5147-4efa-b988-64cbf6b26ddc resource provider aggregate not found
2026-07-10 00:59:27.343 10 INFO neutron.services.segments.plugin [-] Segment ffab5eff-5147-4efa-b988-64cbf6b26ddc resource provider not found; error: Placement Client Error (4xx): {"errors": [{"status": 404, "title": "Not Found", "detail": "The resource could not be found.\n\n No resource provider with uuid ffab5eff-5147-4efa-b988-64cbf6b26ddc found for delete ", "request_id": "req-2aaafbb3-7957-49d3-9914-7ab0ef6c4f38"}]}
2026-07-10 00:59:27.346 10 INFO neutron.services.segments.plugin [-] Segment ffab5eff-5147-4efa-b988-64cbf6b26ddc resource provider not found; error: Placement Client Error (4xx): {"errors": [{"status": 404, "title": "Not Found", "detail": "The resource could not be found.\n\n No resource provider with uuid ffab5eff-5147-4efa-b988-64cbf6b26ddc found for delete ", "request_id": "req-ea11c045-5d9d-4c06-a83d-f540cb7eceb2"}]}
2026-07-10 00:59:27.373 10 INFO neutron.wsgi [None req-b48d3387-556e-4bd9-bdaf-86cfa4527e5d edc2d758fa9442afa9509e378b1cc407 d3d0c752d746406ebe7909218cc91f1f - - default default] 10.0.0.104 "DELETE /v2.0/networks/004ef90a-38e3-45ad-aa64-71f23a6b6777 HTTP/1.1" status: 204 len: 168 time: 0.4676359
2026-07-10 00:59:27.393 9 WARNING neutron.scheduler.dhcp_agent_scheduler [None req-306d2a03-f591-4d4a-8a3f-cdca3bcfbca3 e224708f29a6460884eff546267cba47 eed8e2da97234e5fa97458eb44ad0c6d - - default default] No more DHCP agents
2026-07-10 00:59:27.398 9 WARNING neutron.api.rpc.agentnotifiers.dhcp_rpc_agent_api [None req-306d2a03-f591-4d4a-8a3f-cdca3bcfbca3 e224708f29a6460884eff546267cba47 eed8e2da97234e5fa97458eb44ad0c6d - - default default] Unable to schedule network 4ec8e71d-6311-44fa-a585-4d5f5c10d852: no agents available; will retry on subsequent port and subnet creation events.
2026-07-10 00:59:27.478 9 INFO neutron.db.ovn_revision_numbers_db [None req-306d2a03-f591-4d4a-8a3f-cdca3bcfbca3 e224708f29a6460884eff546267cba47 eed8e2da97234e5fa97458eb44ad0c6d - - default default] Successfully bumped revision number for resource de8fd67d-3ea3-456b-a930-889990077a21 (type: ports) to 1
2026-07-10 00:59:27.499 9 INFO neutron.wsgi [None req-306d2a03-f591-4d4a-8a3f-cdca3bcfbca3 e224708f29a6460884eff546267cba47 eed8e2da97234e5fa97458eb44ad0c6d - - default default] 10.0.0.104 "POST /v2.0/networks HTTP/1.1" status: 201 len: 829 time: 0.5345623
2026-07-10 00:59:27.527 10 INFO neutron.db.segments_db [None req-2649f692-2428-434b-8e18-b1e5e54d3666 edc2d758fa9442afa9509e378b1cc407 d3d0c752d746406ebe7909218cc91f1f - - default default] Added segment 42ac75a3-f27f-4100-86ac-0209b9152758 of type geneve for network 9b62635d-9e9f-42a0-8ba1-89222fbd4095
2026-07-10 00:59:27.601 9 WARNING neutron.plugins.ml2.drivers.ovn.mech_driver.ovsdb.ovn_client [None req-68f0aecd-e420-4465-bc9d-e7dcac7cdc43 - - - - - -] No port found with ID 27ab1db4-dffa-4ec0-a00f-1e295ebb6cfa: RuntimeError: No port found with ID 27ab1db4-dffa-4ec0-a00f-1e295ebb6cfa
2026-07-10 00:59:27.602 9 INFO neutron.plugins.ml2.drivers.ovn.mech_driver.mech_driver [None req-68f0aecd-e420-4465-bc9d-e7dcac7cdc43 - - - - - -] OVN reports status up for port: 68eff9c3-bac4-4af1-ad11-99ca0ae7ed59
2026-07-10 00:59:27.617 9 INFO neutron.plugins.ml2.plugin [None req-68f0aecd-e420-4465-bc9d-e7dcac7cdc43 - - - - - -] Attempt 1 to provision port 68eff9c3-bac4-4af1-ad11-99ca0ae7ed59
2026-07-10 00:59:27.742 10 INFO neutron.db.ovn_revision_numbers_db [None req-2649f692-2428-434b-8e18-b1e5e54d3666 edc2d758fa9442afa9509e378b1cc407 d3d0c752d746406ebe7909218cc91f1f - - default default] Successfully bumped revision number for resource 9b62635d-9e9f-42a0-8ba1-89222fbd4095 (type: networks) to 1
2026-07-10 00:59:27.774 9 INFO neutron.plugins.ml2.drivers.ovn.mech_driver.mech_driver [None req-68f0aecd-e420-4465-bc9d-e7dcac7cdc43 - - - - - -] OVN reports status up for port: 53312fd5-2b02-4edf-a597-36756f757551
2026-07-10 00:59:27.816 9 WARNING neutron.scheduler.dhcp_agent_scheduler [None req-4466d832-139b-4787-8982-86cb428339eb e224708f29a6460884eff546267cba47 eed8e2da97234e5fa97458eb44ad0c6d - - default default] No more DHCP agents
2026-07-10 00:59:27.818 9 WARNING neutron.api.rpc.agentnotifiers.dhcp_rpc_agent_api [None req-4466d832-139b-4787-8982-86cb428339eb e224708f29a6460884eff546267cba47 eed8e2da97234e5fa97458eb44ad0c6d - - default default] Unable to schedule network 4ec8e71d-6311-44fa-a585-4d5f5c10d852: no agents available; will retry on subsequent port and subnet creation events.
2026-07-10 00:59:27.869 10 INFO neutron.db.ovn_revision_numbers_db [None req-fa61cca0-c32e-4e11-ab5e-39d4606f5937 f2c4b7c6aca3436daa9758859657c973 c05db493b0704320b3129a8d4a2b7ea9 - - default default] Successfully bumped revision number for resource fb39821c-3651-4d6d-a544-5aad79aa7297 (type: ports) to 2
2026-07-10 00:59:27.902 9 INFO neutron.services.segments.plugin [-] Segment fbaa4a88-8e0d-4994-89d1-684dac9c37c7 resource provider aggregate not found
2026-07-10 00:59:27.909 9 INFO neutron.services.segments.plugin [-] Segment fbaa4a88-8e0d-4994-89d1-684dac9c37c7 resource provider aggregate not found
2026-07-10 00:59:27.916 10 INFO neutron.db.ovn_revision_numbers_db [None req-fa61cca0-c32e-4e11-ab5e-39d4606f5937 f2c4b7c6aca3436daa9758859657c973 c05db493b0704320b3129a8d4a2b7ea9 - - default default] Successfully bumped revision number for resource fe34d94c-2fbe-4a4a-bb18-5bca78c26a8d (type: subnets) to 0
2026-07-10 00:59:27.923 9 INFO neutron.services.segments.plugin [-] Segment fbaa4a88-8e0d-4994-89d1-684dac9c37c7 resource provider not found; error: Placement Client Error (4xx): {"errors": [{"status": 404, "title": "Not Found", "detail": "The resource could not be found.\n\n No resource provider with uuid fbaa4a88-8e0d-4994-89d1-684dac9c37c7 found for delete ", "request_id": "req-36f167d0-0cbc-4cba-8c01-068d260c446a"}]}
2026-07-10 00:59:27.931 9 INFO neutron.services.segments.plugin [-] Segment fbaa4a88-8e0d-4994-89d1-684dac9c37c7 resource provider not found; error: Placement Client Error (4xx): {"errors": [{"status": 404, "title": "Not Found", "detail": "The resource could not be found.\n\n No resource provider with uuid fbaa4a88-8e0d-4994-89d1-684dac9c37c7 found for delete ", "request_id": "req-cba38bf7-e647-47aa-9586-fb8fd1b33c68"}]}
2026-07-10 00:59:27.940 9 INFO neutron.services.segments.plugin [-] Segment 93ae5b54-e172-4b4a-8ba9-a75707cced09 resource provider aggregate not found
2026-07-10 00:59:27.944 10 INFO neutron.wsgi [None req-fa61cca0-c32e-4e11-ab5e-39d4606f5937 f2c4b7c6aca3436daa9758859657c973 c05db493b0704320b3129a8d4a2b7ea9 - - default default] 10.0.0.104 "POST /v2.0/subnets HTTP/1.1" status: 201 len: 801 time: 1.0953681
2026-07-10 00:59:27.947 10 WARNING neutron.scheduler.dhcp_agent_scheduler [None req-2649f692-2428-434b-8e18-b1e5e54d3666 edc2d758fa9442afa9509e378b1cc407 d3d0c752d746406ebe7909218cc91f1f - - default default] No more DHCP agents
2026-07-10 00:59:27.951 10 WARNING neutron.api.rpc.agentnotifiers.dhcp_rpc_agent_api [None req-2649f692-2428-434b-8e18-b1e5e54d3666 edc2d758fa9442afa9509e378b1cc407 d3d0c752d746406ebe7909218cc91f1f - - default default] Unable to schedule network 9b62635d-9e9f-42a0-8ba1-89222fbd4095: no agents available; will retry on subsequent port and subnet creation events.
2026-07-10 00:59:27.960 9 INFO neutron.services.segments.plugin [-] Segment 93ae5b54-e172-4b4a-8ba9-a75707cced09 resource provider not found; error: Placement Client Error (4xx): {"errors": [{"status": 404, "title": "Not Found", "detail": "The resource could not be found.\n\n No resource provider with uuid 93ae5b54-e172-4b4a-8ba9-a75707cced09 found for delete ", "request_id": "req-5c8a7d88-3a2b-4082-8b16-cb8556ea04a8"}]}
2026-07-10 00:59:27.963 9 INFO neutron.services.segments.plugin [-] Segment 93ae5b54-e172-4b4a-8ba9-a75707cced09 resource provider aggregate not found
2026-07-10 00:59:27.980 9 INFO neutron.services.segments.plugin [-] Segment 93ae5b54-e172-4b4a-8ba9-a75707cced09 resource provider not found; error: Placement Client Error (4xx): {"errors": [{"status": 404, "title": "Not Found", "detail": "The resource could not be found.\n\n No resource provider with uuid 93ae5b54-e172-4b4a-8ba9-a75707cced09 found for delete ", "request_id": "req-685ddd96-3179-4290-b1f6-34e19e557b5e"}]}
2026-07-10 00:59:28.057 10 INFO neutron.db.ovn_revision_numbers_db [None req-2649f692-2428-434b-8e18-b1e5e54d3666 edc2d758fa9442afa9509e378b1cc407 d3d0c752d746406ebe7909218cc91f1f - - default default] Successfully bumped revision number for resource 8bbd717a-31c8-4643-85e4-3d857f9dd73d (type: ports) to 1
2026-07-10 00:59:28.081 10 INFO neutron.wsgi [None req-2649f692-2428-434b-8e18-b1e5e54d3666 edc2d758fa9442afa9509e378b1cc407 d3d0c752d746406ebe7909218cc91f1f - - default default] 10.0.0.104 "POST /v2.0/networks HTTP/1.1" status: 201 len: 832 time: 0.6976531
2026-07-10 00:59:28.272 10 WARNING neutron.scheduler.dhcp_agent_scheduler [None req-7787e98a-71b9-4cc9-9677-a39abe67fc9b f2c4b7c6aca3436daa9758859657c973 c05db493b0704320b3129a8d4a2b7ea9 - - default default] No more DHCP agents
2026-07-10 00:59:28.273 10 WARNING neutron.api.rpc.agentnotifiers.dhcp_rpc_agent_api [None req-7787e98a-71b9-4cc9-9677-a39abe67fc9b f2c4b7c6aca3436daa9758859657c973 c05db493b0704320b3129a8d4a2b7ea9 - - default default] Unable to schedule network 4bd436e6-e62a-4f18-907b-15c4073bedcc: no agents available; will retry on subsequent port and subnet creation events.
2026-07-10 00:59:28.427 10 INFO neutron.db.ovn_revision_numbers_db [None req-7787e98a-71b9-4cc9-9677-a39abe67fc9b f2c4b7c6aca3436daa9758859657c973 c05db493b0704320b3129a8d4a2b7ea9 - - default default] Successfully bumped revision number for resource 7ee766c9-4656-40f6-bbac-b75d13467ded (type: ports) to 1
2026-07-10 00:59:28.450 10 INFO neutron.wsgi [None req-7787e98a-71b9-4cc9-9677-a39abe67fc9b f2c4b7c6aca3436daa9758859657c973 c05db493b0704320b3129a8d4a2b7ea9 - - default default] 10.0.0.104 "POST /v2.0/ports HTTP/1.1" status: 201 len: 1114 time: 0.5016460
2026-07-10 00:59:28.559 9 WARNING neutron.scheduler.dhcp_agent_scheduler [None req-db990f7a-664c-41bf-8830-0fd2a01261ee edc2d758fa9442afa9509e378b1cc407 d3d0c752d746406ebe7909218cc91f1f - - default default] No more DHCP agents
