2026-06-28 21:07:35.502 7 INFO placement.requestlog [req-59dab749-3e22-423b-9ef0-51379c5b4229 req-784e4046-2c4c-4191-8d2b-c5ea79dd1b7d 1d61cd02fa9244b5ac18a20e1648548b d0da87289f9f45f48efba94f029f04cc - - e170bc08c20e4613a344fb2ec97dc5fb e170bc08c20e4613a344fb2ec97dc5fb] 199.204.45.240 "GET /allocations/351dcb47-b8d2-4ae9-9d00-79cf326f23df" status: 200 len: 258 microversion: 1.28 [pid: 7|app: 0|req: 512/1022] 199.204.45.240 () {34 vars in 862 bytes} [Sun Jun 28 21:07:35 2026] GET /allocations/351dcb47-b8d2-4ae9-9d00-79cf326f23df => generated 258 bytes in 37 msecs (HTTP/1.1 200) 8 headers in 296 bytes (1 switches on core 0)
2026-06-28 21:07:35.556 8 INFO placement.requestlog [req-59dab749-3e22-423b-9ef0-51379c5b4229 req-64f137d6-cdfa-4cd5-87dc-7e17cf4e3119 1d61cd02fa9244b5ac18a20e1648548b d0da87289f9f45f48efba94f029f04cc - - e170bc08c20e4613a344fb2ec97dc5fb e170bc08c20e4613a344fb2ec97dc5fb] 199.204.45.240 "GET /allocations/79f6d51a-dbda-4e27-adc7-40a90906574e" status: 200 len: 258 microversion: 1.28 [pid: 8|app: 0|req: 511/1023] 199.204.45.240 () {34 vars in 862 bytes} [Sun Jun 28 21:07:35 2026] GET /allocations/79f6d51a-dbda-4e27-adc7-40a90906574e => generated 258 bytes in 36 msecs (HTTP/1.1 200) 8 headers in 296 bytes (1 switches on core 0)
2026-06-28 21:07:35.652 7 INFO placement.requestlog [req-59dab749-3e22-423b-9ef0-51379c5b4229 req-de2efb46-67f0-4c9f-af76-6a6379c927aa 1d61cd02fa9244b5ac18a20e1648548b d0da87289f9f45f48efba94f029f04cc - - e170bc08c20e4613a344fb2ec97dc5fb e170bc08c20e4613a344fb2ec97dc5fb] 199.204.45.240 "DELETE /allocations/351dcb47-b8d2-4ae9-9d00-79cf326f23df" status: 204 len: 0 microversion: 1.0 [pid: 7|app: 0|req: 513/1024] 199.204.45.240 () {34 vars in 840 bytes} [Sun Jun 28 21:07:35 2026] DELETE /allocations/351dcb47-b8d2-4ae9-9d00-79cf326f23df => generated 0 bytes in 28 msecs (HTTP/1.1 204) 5 headers in 198 bytes (1 switches on core 0)
2026-06-28 21:07:40.860 8 INFO placement.requestlog [None req-3134168d-f313-4565-8330-84aac7879a4a 5e4b31fde9ac4e2aa84e308c0e46fcfc d0da87289f9f45f48efba94f029f04cc - - e170bc08c20e4613a344fb2ec97dc5fb e170bc08c20e4613a344fb2ec97dc5fb] 10.0.0.80 "GET /resource_providers/e50c4737-e6a1-46fe-ad58-592d9d8afa2c/aggregates" status: 404 len: 235 microversion: 1.1
2026-06-28 21:07:40.861 7 INFO placement.requestlog [None req-b04dd86d-862d-4f45-bed8-92128738050c 5e4b31fde9ac4e2aa84e308c0e46fcfc d0da87289f9f45f48efba94f029f04cc - - e170bc08c20e4613a344fb2ec97dc5fb e170bc08c20e4613a344fb2ec97dc5fb] 10.0.0.80 "GET /resource_providers/e50c4737-e6a1-46fe-ad58-592d9d8afa2c/aggregates" status: 404 len: 235 microversion: 1.1 [pid: 8|app: 0|req: 512/1025] 10.0.0.80 () {32 vars in 814 bytes} [Sun Jun 28 21:07:40 2026] GET /resource_providers/e50c4737-e6a1-46fe-ad58-592d9d8afa2c/aggregates => generated 235 bytes in 12 msecs (HTTP/1.1 404) 5 headers in 202 bytes (1 switches on core 0) [pid: 7|app: 0|req: 514/1026] 10.0.0.80 () {32 vars in 814 bytes} [Sun Jun 28 21:07:40 2026] GET /resource_providers/e50c4737-e6a1-46fe-ad58-592d9d8afa2c/aggregates => generated 235 bytes in 12 msecs (HTTP/1.1 404) 5 headers in 202 bytes (1 switches on core 0)
2026-06-28 21:07:40.894 7 INFO placement.requestlog [None req-a5d1b881-dbae-4600-be1d-44ea785712c0 5e4b31fde9ac4e2aa84e308c0e46fcfc d0da87289f9f45f48efba94f029f04cc - - e170bc08c20e4613a344fb2ec97dc5fb e170bc08c20e4613a344fb2ec97dc5fb] 10.0.0.80 "DELETE /resource_providers/e50c4737-e6a1-46fe-ad58-592d9d8afa2c" status: 404 len: 246 microversion: 1.1
2026-06-28 21:07:40.895 8 INFO placement.requestlog [None req-cef9061b-9cc8-4c72-912c-2cdf68c7b65b 5e4b31fde9ac4e2aa84e308c0e46fcfc d0da87289f9f45f48efba94f029f04cc - - e170bc08c20e4613a344fb2ec97dc5fb e170bc08c20e4613a344fb2ec97dc5fb] 10.0.0.80 "DELETE /resource_providers/e50c4737-e6a1-46fe-ad58-592d9d8afa2c" status: 404 len: 246 microversion: 1.1 [pid: 8|app: 0|req: 513/1027] 10.0.0.80 () {34 vars in 814 bytes} [Sun Jun 28 21:07:40 2026] DELETE /resource_providers/e50c4737-e6a1-46fe-ad58-592d9d8afa2c => generated 246 bytes in 14 msecs (HTTP/1.1 404) 6 headers in 231 bytes (1 switches on core 0) [pid: 7|app: 0|req: 515/1028] 10.0.0.80 () {34 vars in 814 bytes} [Sun Jun 28 21:07:40 2026] DELETE /resource_providers/e50c4737-e6a1-46fe-ad58-592d9d8afa2c => generated 246 bytes in 14 msecs (HTTP/1.1 404) 6 headers in 231 bytes (1 switches on core 0)
2026-06-28 21:07:42.362 8 INFO placement.requestlog [None req-d5319cd6-1066-43a6-8bdf-1e38496353c5 - - - - - -] 10.0.0.185 "GET /" status: 200 len: 136 microversion: 1.0
2026-06-28 21:07:42.362 7 INFO placement.requestlog [None req-4e266ed4-ef98-4231-9200-51a544415413 - - - - - -] 10.0.0.185 "GET /" status: 200 len: 136 microversion: 1.0
2026-06-28 21:07:42.996 8 INFO placement.requestlog [None req-e2603860-1255-4841-afbc-7ca832ef25b6 5e4b31fde9ac4e2aa84e308c0e46fcfc d0da87289f9f45f48efba94f029f04cc - - e170bc08c20e4613a344fb2ec97dc5fb e170bc08c20e4613a344fb2ec97dc5fb] 10.0.0.80 "GET /resource_providers/5daed118-0a4e-44a4-aae9-6a686ad1f147/aggregates" status: 404 len: 235 microversion: 1.1 [pid: 8|app: 0|req: 515/1031] 10.0.0.80 () {32 vars in 814 bytes} [Sun Jun 28 21:07:42 2026] GET /resource_providers/5daed118-0a4e-44a4-aae9-6a686ad1f147/aggregates => generated 235 bytes in 13 msecs (HTTP/1.1 404) 5 headers in 202 bytes (1 switches on core 0)
2026-06-28 21:07:43.003 7 INFO placement.requestlog [None req-1949f062-60e5-4512-bae2-01004326ab0b 5e4b31fde9ac4e2aa84e308c0e46fcfc d0da87289f9f45f48efba94f029f04cc - - e170bc08c20e4613a344fb2ec97dc5fb e170bc08c20e4613a344fb2ec97dc5fb] 10.0.0.80 "GET /resource_providers/5daed118-0a4e-44a4-aae9-6a686ad1f147/aggregates" status: 404 len: 235 microversion: 1.1 [pid: 7|app: 0|req: 517/1032] 10.0.0.80 () {32 vars in 814 bytes} [Sun Jun 28 21:07:42 2026] GET /resource_providers/5daed118-0a4e-44a4-aae9-6a686ad1f147/aggregates => generated 235 bytes in 14 msecs (HTTP/1.1 404) 5 headers in 202 bytes (1 switches on core 0)
2026-06-28 21:07:43.030 7 INFO placement.requestlog [None req-e94ca32e-11f0-452a-a213-cc8210b1cc30 5e4b31fde9ac4e2aa84e308c0e46fcfc d0da87289f9f45f48efba94f029f04cc - - e170bc08c20e4613a344fb2ec97dc5fb e170bc08c20e4613a344fb2ec97dc5fb] 10.0.0.80 "DELETE /resource_providers/5daed118-0a4e-44a4-aae9-6a686ad1f147" status: 404 len: 246 microversion: 1.1 [pid: 7|app: 0|req: 518/1033] 10.0.0.80 () {34 vars in 814 bytes} [Sun Jun 28 21:07:43 2026] DELETE /resource_providers/5daed118-0a4e-44a4-aae9-6a686ad1f147 => generated 246 bytes in 13 msecs (HTTP/1.1 404) 6 headers in 231 bytes (1 switches on core 0)
2026-06-28 21:07:43.031 8 INFO placement.requestlog [None req-db9c5307-ffcf-479c-8acb-6167e031ec14 5e4b31fde9ac4e2aa84e308c0e46fcfc d0da87289f9f45f48efba94f029f04cc - - e170bc08c20e4613a344fb2ec97dc5fb e170bc08c20e4613a344fb2ec97dc5fb] 10.0.0.80 "DELETE /resource_providers/5daed118-0a4e-44a4-aae9-6a686ad1f147" status: 404 len: 246 microversion: 1.1 [pid: 8|app: 0|req: 516/1034] 10.0.0.80 () {34 vars in 814 bytes} [Sun Jun 28 21:07:43 2026] DELETE /resource_providers/5daed118-0a4e-44a4-aae9-6a686ad1f147 => generated 246 bytes in 23 msecs (HTTP/1.1 404) 6 headers in 231 bytes (1 switches on core 0)
2026-06-28 21:07:44.609 7 INFO placement.requestlog [req-68630af1-268b-408c-9403-4acf4b1bf04e req-a333d722-6d82-4e2e-8ea1-b5b577b53e2d 1d61cd02fa9244b5ac18a20e1648548b d0da87289f9f45f48efba94f029f04cc - - e170bc08c20e4613a344fb2ec97dc5fb e170bc08c20e4613a344fb2ec97dc5fb] 199.204.45.240 "GET /resource_providers/fd82dd54-6db3-458b-ac6b-65862da421e8/allocations" status: 200 len: 640 microversion: 1.0 [pid: 7|app: 0|req: 519/1035] 199.204.45.240 () {32 vars in 856 bytes} [Sun Jun 28 21:07:44 2026] GET /resource_providers/fd82dd54-6db3-458b-ac6b-65862da421e8/allocations => generated 640 bytes in 23 msecs (HTTP/1.1 200) 6 headers in 224 bytes (1 switches on core 0)
2026-06-28 21:07:44.639 8 INFO placement.requestlog [req-68630af1-268b-408c-9403-4acf4b1bf04e req-545a10d4-f0eb-464b-88a6-ab96b1047bb7 1d61cd02fa9244b5ac18a20e1648548b d0da87289f9f45f48efba94f029f04cc - - e170bc08c20e4613a344fb2ec97dc5fb e170bc08c20e4613a344fb2ec97dc5fb] 199.204.45.240 "GET /allocations/1f7a3330-34e6-4ae4-b4bc-b475c6c42efc" status: 200 len: 258 microversion: 1.28 [pid: 8|app: 0|req: 517/1036] 199.204.45.240 () {34 vars in 862 bytes} [Sun Jun 28 21:07:44 2026] GET /allocations/1f7a3330-34e6-4ae4-b4bc-b475c6c42efc => generated 258 bytes in 18 msecs (HTTP/1.1 200) 8 headers in 296 bytes (1 switches on core 0)
2026-06-28 21:07:44.663 7 INFO placement.requestlog [req-68630af1-268b-408c-9403-4acf4b1bf04e req-dab1c4c7-6161-4323-9e21-e16b900a2514 1d61cd02fa9244b5ac18a20e1648548b d0da87289f9f45f48efba94f029f04cc - - e170bc08c20e4613a344fb2ec97dc5fb e170bc08c20e4613a344fb2ec97dc5fb] 199.204.45.240 "GET /allocations/734f0355-e0a7-4895-ae31-105fd30b4845" status: 200 len: 245 microversion: 1.28 [pid: 7|app: 0|req: 520/1037] 199.204.45.240 () {34 vars in 862 bytes} [Sun Jun 28 21:07:44 2026] GET /allocations/734f0355-e0a7-4895-ae31-105fd30b4845 => generated 245 bytes in 14 msecs (HTTP/1.1 200) 8 headers in 296 bytes (1 switches on core 0)
2026-06-28 21:07:44.693 8 INFO placement.requestlog [req-68630af1-268b-408c-9403-4acf4b1bf04e req-1b5557e6-c18b-43c5-8640-f472cf5c95c0 1d61cd02fa9244b5ac18a20e1648548b d0da87289f9f45f48efba94f029f04cc - - e170bc08c20e4613a344fb2ec97dc5fb e170bc08c20e4613a344fb2ec97dc5fb] 199.204.45.240 "GET /allocations/a8cce027-7ab1-4c4d-8c29-307df506c2f6" status: 200 len: 258 microversion: 1.28 [pid: 8|app: 0|req: 518/1038] 199.204.45.240 () {34 vars in 862 bytes} [Sun Jun 28 21:07:44 2026] GET /allocations/a8cce027-7ab1-4c4d-8c29-307df506c2f6 => generated 258 bytes in 18 msecs (HTTP/1.1 200) 8 headers in 296 bytes (1 switches on core 0)
2026-06-28 21:07:44.725 7 INFO placement.requestlog [req-68630af1-268b-408c-9403-4acf4b1bf04e req-284c3f05-7d4c-41a0-a1dd-1fdc1c77f181 1d61cd02fa9244b5ac18a20e1648548b d0da87289f9f45f48efba94f029f04cc - - e170bc08c20e4613a344fb2ec97dc5fb e170bc08c20e4613a344fb2ec97dc5fb] 199.204.45.240 "GET /allocations/d528d7a0-1655-4d8a-8869-7b9bf4f4e369" status: 200 len: 258 microversion: 1.28 [pid: 7|app: 0|req: 521/1039] 199.204.45.240 () {34 vars in 862 bytes} [Sun Jun 28 21:07:44 2026] GET /allocations/d528d7a0-1655-4d8a-8869-7b9bf4f4e369 => generated 258 bytes in 24 msecs (HTTP/1.1 200) 8 headers in 296 bytes (1 switches on core 0)
2026-06-28 21:07:44.751 8 INFO placement.requestlog [req-68630af1-268b-408c-9403-4acf4b1bf04e req-c7972c93-5bb9-433f-a9bb-0ebaacf1db0e 1d61cd02fa9244b5ac18a20e1648548b d0da87289f9f45f48efba94f029f04cc - - e170bc08c20e4613a344fb2ec97dc5fb e170bc08c20e4613a344fb2ec97dc5fb] 199.204.45.240 "GET /allocations/4737a2c3-ceaf-4a67-9c51-7b7400fc0cbd" status: 200 len: 258 microversion: 1.28 [pid: 8|app: 0|req: 519/1040] 199.204.45.240 () {34 vars in 862 bytes} [Sun Jun 28 21:07:44 2026] GET /allocations/4737a2c3-ceaf-4a67-9c51-7b7400fc0cbd => generated 258 bytes in 16 msecs (HTTP/1.1 200) 8 headers in 296 bytes (1 switches on core 0)
2026-06-28 21:07:44.776 7 INFO placement.requestlog [req-68630af1-268b-408c-9403-4acf4b1bf04e req-80625298-4e72-4d66-abe6-d1c9c3fdae6d 1d61cd02fa9244b5ac18a20e1648548b d0da87289f9f45f48efba94f029f04cc - - e170bc08c20e4613a344fb2ec97dc5fb e170bc08c20e4613a344fb2ec97dc5fb] 199.204.45.240 "GET /allocations/79f6d51a-dbda-4e27-adc7-40a90906574e" status: 200 len: 258 microversion: 1.28 [pid: 7|app: 0|req: 522/1041] 199.204.45.240 () {34 vars in 862 bytes} [Sun Jun 28 21:07:44 2026] GET /allocations/79f6d51a-dbda-4e27-adc7-40a90906574e => generated 258 bytes in 16 msecs (HTTP/1.1 200) 8 headers in 296 bytes (1 switches on core 0)
2026-06-28 21:07:44.860 8 INFO placement.requestlog [req-68630af1-268b-408c-9403-4acf4b1bf04e req-307e09ee-754b-4a44-8d85-96c57a37e323 1d61cd02fa9244b5ac18a20e1648548b d0da87289f9f45f48efba94f029f04cc - - e170bc08c20e4613a344fb2ec97dc5fb e170bc08c20e4613a344fb2ec97dc5fb] 199.204.45.240 "DELETE /allocations/d528d7a0-1655-4d8a-8869-7b9bf4f4e369" status: 204 len: 0 microversion: 1.0 [pid: 8|app: 0|req: 520/1042] 199.204.45.240 () {34 vars in 840 bytes} [Sun Jun 28 21:07:44 2026] DELETE /allocations/d528d7a0-1655-4d8a-8869-7b9bf4f4e369 => generated 0 bytes in 24 msecs (HTTP/1.1 204) 5 headers in 198 bytes (1 switches on core 0)
2026-06-28 21:07:47.133 7 INFO placement.requestlog [req-5dc27b79-2530-46dc-8741-209aeeb3a488 req-7cfa378f-ab17-424a-94f2-0734af600593 1d61cd02fa9244b5ac18a20e1648548b d0da87289f9f45f48efba94f029f04cc - - e170bc08c20e4613a344fb2ec97dc5fb e170bc08c20e4613a344fb2ec97dc5fb] 199.204.45.240 "GET /resource_providers/fd82dd54-6db3-458b-ac6b-65862da421e8/allocations" status: 200 len: 540 microversion: 1.0 [pid: 7|app: 0|req: 523/1043] 199.204.45.240 () {32 vars in 856 bytes} [Sun Jun 28 21:07:47 2026] GET /resource_providers/fd82dd54-6db3-458b-ac6b-65862da421e8/allocations => generated 540 bytes in 20 msecs (HTTP/1.1 200) 6 headers in 224 bytes (1 switches on core 0)
2026-06-28 21:07:47.156 8 INFO placement.requestlog [req-5dc27b79-2530-46dc-8741-209aeeb3a488 req-b394e087-70cf-47ed-a424-f7f9ad7c551a 1d61cd02fa9244b5ac18a20e1648548b d0da87289f9f45f48efba94f029f04cc - - e170bc08c20e4613a344fb2ec97dc5fb e170bc08c20e4613a344fb2ec97dc5fb] 199.204.45.240 "GET /allocations/1f7a3330-34e6-4ae4-b4bc-b475c6c42efc" status: 200 len: 258 microversion: 1.28 [pid: 8|app: 0|req: 521/1044] 199.204.45.240 () {34 vars in 862 bytes} [Sun Jun 28 21:07:47 2026] GET /allocations/1f7a3330-34e6-4ae4-b4bc-b475c6c42efc => generated 258 bytes in 16 msecs (HTTP/1.1 200) 8 headers in 296 bytes (1 switches on core 0)
2026-06-28 21:07:47.179 7 INFO placement.requestlog [req-5dc27b79-2530-46dc-8741-209aeeb3a488 req-ac43852b-d422-4014-becf-798dcccbd57a 1d61cd02fa9244b5ac18a20e1648548b d0da87289f9f45f48efba94f029f04cc - - e170bc08c20e4613a344fb2ec97dc5fb e170bc08c20e4613a344fb2ec97dc5fb] 199.204.45.240 "GET /allocations/734f0355-e0a7-4895-ae31-105fd30b4845" status: 200 len: 245 microversion: 1.28 [pid: 7|app: 0|req: 524/1045] 199.204.45.240 () {34 vars in 862 bytes} [Sun Jun 28 21:07:47 2026] GET /allocations/734f0355-e0a7-4895-ae31-105fd30b4845 => generated 245 bytes in 15 msecs (HTTP/1.1 200) 8 headers in 296 bytes (1 switches on core 0)
2026-06-28 21:07:47.204 8 INFO placement.requestlog [req-5dc27b79-2530-46dc-8741-209aeeb3a488 req-2794cfd1-0e4a-4b82-9407-55acf5eb9bf7 1d61cd02fa9244b5ac18a20e1648548b d0da87289f9f45f48efba94f029f04cc - - e170bc08c20e4613a344fb2ec97dc5fb e170bc08c20e4613a344fb2ec97dc5fb] 199.204.45.240 "GET /allocations/a8cce027-7ab1-4c4d-8c29-307df506c2f6" status: 200 len: 258 microversion: 1.28 [pid: 8|app: 0|req: 522/1046] 199.204.45.240 () {34 vars in 862 bytes} [Sun Jun 28 21:07:47 2026] GET /allocations/a8cce027-7ab1-4c4d-8c29-307df506c2f6 => generated 258 bytes in 16 msecs (HTTP/1.1 200) 8 headers in 296 bytes (1 switches on core 0)
2026-06-28 21:07:47.236 7 INFO placement.requestlog [req-5dc27b79-2530-46dc-8741-209aeeb3a488 req-aadd3bea-c2f2-4c8b-94f6-20db3fe6015b 1d61cd02fa9244b5ac18a20e1648548b d0da87289f9f45f48efba94f029f04cc - - e170bc08c20e4613a344fb2ec97dc5fb e170bc08c20e4613a344fb2ec97dc5fb] 199.204.45.240 "GET /allocations/4737a2c3-ceaf-4a67-9c51-7b7400fc0cbd" status: 200 len: 258 microversion: 1.28 [pid: 7|app: 0|req: 525/1047] 199.204.45.240 () {34 vars in 862 bytes} [Sun Jun 28 21:07:47 2026] GET /allocations/4737a2c3-ceaf-4a67-9c51-7b7400fc0cbd => generated 258 bytes in 20 msecs (HTTP/1.1 200) 8 headers in 296 bytes (1 switches on core 0)
2026-06-28 21:07:47.259 8 INFO placement.requestlog [req-5dc27b79-2530-46dc-8741-209aeeb3a488 req-b6cf6786-c378-433e-8478-97720dd8455c 1d61cd02fa9244b5ac18a20e1648548b d0da87289f9f45f48efba94f029f04cc - - e170bc08c20e4613a344fb2ec97dc5fb e170bc08c20e4613a344fb2ec97dc5fb] 199.204.45.240 "GET /allocations/79f6d51a-dbda-4e27-adc7-40a90906574e" status: 200 len: 258 microversion: 1.28 [pid: 8|app: 0|req: 523/1048] 199.204.45.240 () {34 vars in 862 bytes} [Sun Jun 28 21:07:47 2026] GET /allocations/79f6d51a-dbda-4e27-adc7-40a90906574e => generated 258 bytes in 13 msecs (HTTP/1.1 200) 8 headers in 296 bytes (1 switches on core 0)
2026-06-28 21:07:47.373 7 INFO placement.requestlog [req-5dc27b79-2530-46dc-8741-209aeeb3a488 req-46f044c7-fd8f-493e-b70a-3afd72ba4999 1d61cd02fa9244b5ac18a20e1648548b d0da87289f9f45f48efba94f029f04cc - - e170bc08c20e4613a344fb2ec97dc5fb e170bc08c20e4613a344fb2ec97dc5fb] 199.204.45.240 "DELETE /allocations/1f7a3330-34e6-4ae4-b4bc-b475c6c42efc" status: 204 len: 0 microversion: 1.0 [pid: 7|app: 0|req: 526/1049] 199.204.45.240 () {34 vars in 840 bytes} [Sun Jun 28 21:07:47 2026] DELETE /allocations/1f7a3330-34e6-4ae4-b4bc-b475c6c42efc => generated 0 bytes in 45 msecs (HTTP/1.1 204) 5 headers in 198 bytes (1 switches on core 0)
2026-06-28 21:07:49.101 8 INFO placement.requestlog [req-7901bf05-2309-4cfd-a75e-f98c116b1ec0 req-312a683a-af78-4be6-a38e-c6810994c019 1d61cd02fa9244b5ac18a20e1648548b d0da87289f9f45f48efba94f029f04cc - - e170bc08c20e4613a344fb2ec97dc5fb e170bc08c20e4613a344fb2ec97dc5fb] 199.204.45.240 "GET /resource_providers/fd82dd54-6db3-458b-ac6b-65862da421e8/allocations" status: 200 len: 440 microversion: 1.0 [pid: 8|app: 0|req: 524/1050] 199.204.45.240 () {32 vars in 856 bytes} [Sun Jun 28 21:07:49 2026] GET /resource_providers/fd82dd54-6db3-458b-ac6b-65862da421e8/allocations => generated 440 bytes in 22 msecs (HTTP/1.1 200) 6 headers in 224 bytes (1 switches on core 0)
2026-06-28 21:07:49.127 7 INFO placement.requestlog [req-7901bf05-2309-4cfd-a75e-f98c116b1ec0 req-d38b3d8c-fed7-481d-acf2-0794a87ee910 1d61cd02fa9244b5ac18a20e1648548b d0da87289f9f45f48efba94f029f04cc - - e170bc08c20e4613a344fb2ec97dc5fb e170bc08c20e4613a344fb2ec97dc5fb] 199.204.45.240 "GET /allocations/4737a2c3-ceaf-4a67-9c51-7b7400fc0cbd" status: 200 len: 258 microversion: 1.28 [pid: 7|app: 0|req: 527/1051] 199.204.45.240 () {34 vars in 862 bytes} [Sun Jun 28 21:07:49 2026] GET /allocations/4737a2c3-ceaf-4a67-9c51-7b7400fc0cbd => generated 258 bytes in 14 msecs (HTTP/1.1 200) 8 headers in 296 bytes (1 switches on core 0)
2026-06-28 21:07:49.153 8 INFO placement.requestlog [req-7901bf05-2309-4cfd-a75e-f98c116b1ec0 req-7b2deb25-1fd4-41b0-bcfa-905e989f9b79 1d61cd02fa9244b5ac18a20e1648548b d0da87289f9f45f48efba94f029f04cc - - e170bc08c20e4613a344fb2ec97dc5fb e170bc08c20e4613a344fb2ec97dc5fb] 199.204.45.240 "GET /allocations/734f0355-e0a7-4895-ae31-105fd30b4845" status: 200 len: 245 microversion: 1.28 [pid: 8|app: 0|req: 525/1052] 199.204.45.240 () {34 vars in 862 bytes} [Sun Jun 28 21:07:49 2026] GET /allocations/734f0355-e0a7-4895-ae31-105fd30b4845 => generated 245 bytes in 16 msecs (HTTP/1.1 200) 8 headers in 296 bytes (1 switches on core 0)
2026-06-28 21:07:49.177 7 INFO placement.requestlog [req-7901bf05-2309-4cfd-a75e-f98c116b1ec0 req-a0a862b0-4ccc-410e-8b2b-ad9c2295ff74 1d61cd02fa9244b5ac18a20e1648548b d0da87289f9f45f48efba94f029f04cc - - e170bc08c20e4613a344fb2ec97dc5fb e170bc08c20e4613a344fb2ec97dc5fb] 199.204.45.240 "GET /allocations/a8cce027-7ab1-4c4d-8c29-307df506c2f6" status: 200 len: 258 microversion: 1.28 [pid: 7|app: 0|req: 528/1053] 199.204.45.240 () {34 vars in 862 bytes} [Sun Jun 28 21:07:49 2026] GET /allocations/a8cce027-7ab1-4c4d-8c29-307df506c2f6 => generated 258 bytes in 19 msecs (HTTP/1.1 200) 8 headers in 296 bytes (1 switches on core 0)
2026-06-28 21:07:49.205 8 INFO placement.requestlog [req-7901bf05-2309-4cfd-a75e-f98c116b1ec0 req-ecc13d25-f137-432f-8205-7e2a6999a706 1d61cd02fa9244b5ac18a20e1648548b d0da87289f9f45f48efba94f029f04cc - - e170bc08c20e4613a344fb2ec97dc5fb e170bc08c20e4613a344fb2ec97dc5fb] 199.204.45.240 "GET /allocations/79f6d51a-dbda-4e27-adc7-40a90906574e" status: 200 len: 258 microversion: 1.28 [pid: 8|app: 0|req: 526/1054] 199.204.45.240 () {34 vars in 862 bytes} [Sun Jun 28 21:07:49 2026] GET /allocations/79f6d51a-dbda-4e27-adc7-40a90906574e => generated 258 bytes in 19 msecs (HTTP/1.1 200) 8 headers in 296 bytes (1 switches on core 0)
2026-06-28 21:07:49.298 7 INFO placement.requestlog [req-7901bf05-2309-4cfd-a75e-f98c116b1ec0 req-2438a3ac-8cf7-434a-8ee0-a3af7bdb86eb 1d61cd02fa9244b5ac18a20e1648548b d0da87289f9f45f48efba94f029f04cc - - e170bc08c20e4613a344fb2ec97dc5fb e170bc08c20e4613a344fb2ec97dc5fb] 199.204.45.240 "DELETE /allocations/a8cce027-7ab1-4c4d-8c29-307df506c2f6" status: 204 len: 0 microversion: 1.0 [pid: 7|app: 0|req: 529/1055] 199.204.45.240 () {34 vars in 840 bytes} [Sun Jun 28 21:07:49 2026] DELETE /allocations/a8cce027-7ab1-4c4d-8c29-307df506c2f6 => generated 0 bytes in 30 msecs (HTTP/1.1 204) 5 headers in 198 bytes (1 switches on core 0)
2026-06-28 21:07:51.795 7 INFO placement.requestlog [None req-d458c7f1-8aa3-4377-a812-1b148a3776bb 5e4b31fde9ac4e2aa84e308c0e46fcfc d0da87289f9f45f48efba94f029f04cc - - e170bc08c20e4613a344fb2ec97dc5fb e170bc08c20e4613a344fb2ec97dc5fb] 10.0.0.80 "GET /resource_providers/7fc3e061-a7ef-41d1-bf31-bfa3dc8f7e1c/aggregates" status: 404 len: 235 microversion: 1.1 [pid: 7|app: 0|req: 530/1056] 10.0.0.80 () {32 vars in 814 bytes} [Sun Jun 28 21:07:51 2026] GET /resource_providers/7fc3e061-a7ef-41d1-bf31-bfa3dc8f7e1c/aggregates => generated 235 bytes in 12 msecs (HTTP/1.1 404) 5 headers in 202 bytes (1 switches on core 0)
2026-06-28 21:07:51.799 8 INFO placement.requestlog [None req-39908652-65fc-4025-a83d-75e0166de1cd 5e4b31fde9ac4e2aa84e308c0e46fcfc d0da87289f9f45f48efba94f029f04cc - - e170bc08c20e4613a344fb2ec97dc5fb e170bc08c20e4613a344fb2ec97dc5fb] 10.0.0.80 "GET /resource_providers/7fc3e061-a7ef-41d1-bf31-bfa3dc8f7e1c/aggregates" status: 404 len: 235 microversion: 1.1 [pid: 8|app: 0|req: 527/1057] 10.0.0.80 () {32 vars in 814 bytes} [Sun Jun 28 21:07:51 2026] GET /resource_providers/7fc3e061-a7ef-41d1-bf31-bfa3dc8f7e1c/aggregates => generated 235 bytes in 16 msecs (HTTP/1.1 404) 5 headers in 202 bytes (1 switches on core 0)
2026-06-28 21:07:51.819 7 INFO placement.requestlog [None req-a5862c2d-7c9d-4c22-b2c5-138a691da170 5e4b31fde9ac4e2aa84e308c0e46fcfc d0da87289f9f45f48efba94f029f04cc - - e170bc08c20e4613a344fb2ec97dc5fb e170bc08c20e4613a344fb2ec97dc5fb] 10.0.0.80 "DELETE /resource_providers/7fc3e061-a7ef-41d1-bf31-bfa3dc8f7e1c" status: 404 len: 246 microversion: 1.1 [pid: 7|app: 0|req: 531/1058] 10.0.0.80 () {34 vars in 814 bytes} [Sun Jun 28 21:07:51 2026] DELETE /resource_providers/7fc3e061-a7ef-41d1-bf31-bfa3dc8f7e1c => generated 246 bytes in 11 msecs (HTTP/1.1 404) 6 headers in 231 bytes (1 switches on core 0)
2026-06-28 21:07:51.825 8 INFO placement.requestlog [None req-29a6c376-e0ce-4dcb-aef9-3bbbc8adfa82 5e4b31fde9ac4e2aa84e308c0e46fcfc d0da87289f9f45f48efba94f029f04cc - - e170bc08c20e4613a344fb2ec97dc5fb e170bc08c20e4613a344fb2ec97dc5fb] 10.0.0.80 "DELETE /resource_providers/7fc3e061-a7ef-41d1-bf31-bfa3dc8f7e1c" status: 404 len: 246 microversion: 1.1 [pid: 8|app: 0|req: 528/1059] 10.0.0.80 () {34 vars in 814 bytes} [Sun Jun 28 21:07:51 2026] DELETE /resource_providers/7fc3e061-a7ef-41d1-bf31-bfa3dc8f7e1c => generated 246 bytes in 15 msecs (HTTP/1.1 404) 6 headers in 231 bytes (1 switches on core 0)
2026-06-28 21:07:52.362 8 INFO placement.requestlog [None req-23897f2f-34e5-468b-8776-e87e7cd70d89 - - - - - -] 10.0.0.185 "GET /" status: 200 len: 136 microversion: 1.0
2026-06-28 21:07:52.363 7 INFO placement.requestlog [None req-9b8c1e0b-713d-45e0-bb77-29bda9f5591e - - - - - -] 10.0.0.185 "GET /" status: 200 len: 136 microversion: 1.0
2026-06-28 21:07:53.846 8 INFO placement.requestlog [None req-f8f1cd92-f75b-4421-9f24-c8fd6ff15248 5e4b31fde9ac4e2aa84e308c0e46fcfc d0da87289f9f45f48efba94f029f04cc - - e170bc08c20e4613a344fb2ec97dc5fb e170bc08c20e4613a344fb2ec97dc5fb] 10.0.0.80 "GET /resource_providers/e4d7b8d5-c2fe-46d3-97c6-51854c739832/aggregates" status: 404 len: 235 microversion: 1.1 [pid: 8|app: 0|req: 530/1062] 10.0.0.80 () {32 vars in 814 bytes} [Sun Jun 28 21:07:53 2026] GET /resource_providers/e4d7b8d5-c2fe-46d3-97c6-51854c739832/aggregates => generated 235 bytes in 16 msecs (HTTP/1.1 404) 5 headers in 202 bytes (1 switches on core 0)
2026-06-28 21:07:53.854 7 INFO placement.requestlog [None req-7177f04f-8cc9-43dc-9962-0f912642102d 5e4b31fde9ac4e2aa84e308c0e46fcfc d0da87289f9f45f48efba94f029f04cc - - e170bc08c20e4613a344fb2ec97dc5fb e170bc08c20e4613a344fb2ec97dc5fb] 10.0.0.80 "GET /resource_providers/e4d7b8d5-c2fe-46d3-97c6-51854c739832/aggregates" status: 404 len: 235 microversion: 1.1 [pid: 7|app: 0|req: 533/1063] 10.0.0.80 () {32 vars in 814 bytes} [Sun Jun 28 21:07:53 2026] GET /resource_providers/e4d7b8d5-c2fe-46d3-97c6-51854c739832/aggregates => generated 235 bytes in 17 msecs (HTTP/1.1 404) 5 headers in 202 bytes (1 switches on core 0)
2026-06-28 21:07:53.867 8 INFO placement.requestlog [None req-80ceb13e-3e3e-4ec5-9e2b-4b2bbcf7003f 5e4b31fde9ac4e2aa84e308c0e46fcfc d0da87289f9f45f48efba94f029f04cc - - e170bc08c20e4613a344fb2ec97dc5fb e170bc08c20e4613a344fb2ec97dc5fb] 10.0.0.80 "DELETE /resource_providers/e4d7b8d5-c2fe-46d3-97c6-51854c739832" status: 404 len: 246 microversion: 1.1 [pid: 8|app: 0|req: 531/1064] 10.0.0.80 () {34 vars in 814 bytes} [Sun Jun 28 21:07:53 2026] DELETE /resource_providers/e4d7b8d5-c2fe-46d3-97c6-51854c739832 => generated 246 bytes in 14 msecs (HTTP/1.1 404) 6 headers in 231 bytes (1 switches on core 0)
2026-06-28 21:07:53.894 7 INFO placement.requestlog [None req-0c2f02f9-9715-4b35-971a-79ac7b504034 5e4b31fde9ac4e2aa84e308c0e46fcfc d0da87289f9f45f48efba94f029f04cc - - e170bc08c20e4613a344fb2ec97dc5fb e170bc08c20e4613a344fb2ec97dc5fb] 10.0.0.80 "DELETE /resource_providers/e4d7b8d5-c2fe-46d3-97c6-51854c739832" status: 404 len: 246 microversion: 1.1 [pid: 7|app: 0|req: 534/1065] 10.0.0.80 () {34 vars in 814 bytes} [Sun Jun 28 21:07:53 2026] DELETE /resource_providers/e4d7b8d5-c2fe-46d3-97c6-51854c739832 => generated 246 bytes in 14 msecs (HTTP/1.1 404) 6 headers in 231 bytes (1 switches on core 0)
2026-06-28 21:07:54.051 8 INFO placement.requestlog [None req-64f58611-aa43-4b85-b0b8-62fda0b37a19 5e4b31fde9ac4e2aa84e308c0e46fcfc d0da87289f9f45f48efba94f029f04cc - - e170bc08c20e4613a344fb2ec97dc5fb e170bc08c20e4613a344fb2ec97dc5fb] 10.0.0.80 "GET /resource_providers/efee1c72-1931-457a-88b3-9f753b8c34dd/aggregates" status: 404 len: 235 microversion: 1.1
2026-06-28 21:07:54.051 7 INFO placement.requestlog [None req-e9a9fa08-f8b7-4837-a77c-43199fee7538 5e4b31fde9ac4e2aa84e308c0e46fcfc d0da87289f9f45f48efba94f029f04cc - - e170bc08c20e4613a344fb2ec97dc5fb e170bc08c20e4613a344fb2ec97dc5fb] 10.0.0.80 "GET /resource_providers/efee1c72-1931-457a-88b3-9f753b8c34dd/aggregates" status: 404 len: 235 microversion: 1.1 [pid: 8|app: 0|req: 532/1067] 10.0.0.80 () {32 vars in 814 bytes} [Sun Jun 28 21:07:54 2026] GET /resource_providers/efee1c72-1931-457a-88b3-9f753b8c34dd/aggregates => generated 235 bytes in 14 msecs (HTTP/1.1 404) 5 headers in 202 bytes (1 switches on core 0) [pid: 7|app: 0|req: 535/1067] 10.0.0.80 () {32 vars in 814 bytes} [Sun Jun 28 21:07:54 2026] GET /resource_providers/efee1c72-1931-457a-88b3-9f753b8c34dd/aggregates => generated 235 bytes in 14 msecs (HTTP/1.1 404) 5 headers in 202 bytes (1 switches on core 0)
2026-06-28 21:07:54.073 7 INFO placement.requestlog [None req-690b169a-c6cb-43ea-9b2f-2ed3545cbd89 5e4b31fde9ac4e2aa84e308c0e46fcfc d0da87289f9f45f48efba94f029f04cc - - e170bc08c20e4613a344fb2ec97dc5fb e170bc08c20e4613a344fb2ec97dc5fb] 10.0.0.80 "DELETE /resource_providers/efee1c72-1931-457a-88b3-9f753b8c34dd" status: 404 len: 246 microversion: 1.1 [pid: 7|app: 0|req: 536/1068] 10.0.0.80 () {34 vars in 814 bytes} [Sun Jun 28 21:07:54 2026] DELETE /resource_providers/efee1c72-1931-457a-88b3-9f753b8c34dd => generated 246 bytes in 11 msecs (HTTP/1.1 404) 6 headers in 231 bytes (1 switches on core 0)
2026-06-28 21:07:54.075 8 INFO placement.requestlog [None req-78929cb9-26ea-4b65-ab82-080354d2b668 5e4b31fde9ac4e2aa84e308c0e46fcfc d0da87289f9f45f48efba94f029f04cc - - e170bc08c20e4613a344fb2ec97dc5fb e170bc08c20e4613a344fb2ec97dc5fb] 10.0.0.80 "DELETE /resource_providers/efee1c72-1931-457a-88b3-9f753b8c34dd" status: 404 len: 246 microversion: 1.1 [pid: 8|app: 0|req: 533/1069] 10.0.0.80 () {34 vars in 814 bytes} [Sun Jun 28 21:07:54 2026] DELETE /resource_providers/efee1c72-1931-457a-88b3-9f753b8c34dd => generated 246 bytes in 12 msecs (HTTP/1.1 404) 6 headers in 231 bytes (1 switches on core 0)
2026-06-28 21:07:56.110 8 INFO placement.requestlog [None req-c34b260f-b27c-4dd7-8f8e-f1d3872325ac 5e4b31fde9ac4e2aa84e308c0e46fcfc d0da87289f9f45f48efba94f029f04cc - - e170bc08c20e4613a344fb2ec97dc5fb e170bc08c20e4613a344fb2ec97dc5fb] 10.0.0.80 "GET /resource_providers/8b9484ae-8f75-4386-a489-da237bd4e487/aggregates" status: 404 len: 235 microversion: 1.1 [pid: 8|app: 0|req: 534/1070] 10.0.0.80 () {32 vars in 814 bytes} [Sun Jun 28 21:07:56 2026] GET /resource_providers/8b9484ae-8f75-4386-a489-da237bd4e487/aggregates => generated 235 bytes in 10 msecs (HTTP/1.1 404) 5 headers in 202 bytes (1 switches on core 0)
2026-06-28 21:07:56.123 7 INFO placement.requestlog [None req-c9c6fb92-5794-459d-be19-fd1ca66da928 5e4b31fde9ac4e2aa84e308c0e46fcfc d0da87289f9f45f48efba94f029f04cc - - e170bc08c20e4613a344fb2ec97dc5fb e170bc08c20e4613a344fb2ec97dc5fb] 10.0.0.80 "GET /resource_providers/8b9484ae-8f75-4386-a489-da237bd4e487/aggregates" status: 404 len: 235 microversion: 1.1 [pid: 7|app: 0|req: 537/1071] 10.0.0.80 () {32 vars in 814 bytes} [Sun Jun 28 21:07:56 2026] GET /resource_providers/8b9484ae-8f75-4386-a489-da237bd4e487/aggregates => generated 235 bytes in 23 msecs (HTTP/1.1 404) 5 headers in 202 bytes (1 switches on core 0)
2026-06-28 21:07:56.127 8 INFO placement.requestlog [None req-d4eea0a1-7e23-4d75-8739-2c2058257b70 5e4b31fde9ac4e2aa84e308c0e46fcfc d0da87289f9f45f48efba94f029f04cc - - e170bc08c20e4613a344fb2ec97dc5fb e170bc08c20e4613a344fb2ec97dc5fb] 10.0.0.80 "DELETE /resource_providers/8b9484ae-8f75-4386-a489-da237bd4e487" status: 404 len: 246 microversion: 1.1 [pid: 8|app: 0|req: 535/1072] 10.0.0.80 () {34 vars in 814 bytes} [Sun Jun 28 21:07:56 2026] DELETE /resource_providers/8b9484ae-8f75-4386-a489-da237bd4e487 => generated 246 bytes in 10 msecs (HTTP/1.1 404) 6 headers in 231 bytes (1 switches on core 0)
2026-06-28 21:07:56.150 7 INFO placement.requestlog [None req-8d478e9f-6b4b-473d-ac0b-30758eb1cc8f 5e4b31fde9ac4e2aa84e308c0e46fcfc d0da87289f9f45f48efba94f029f04cc - - e170bc08c20e4613a344fb2ec97dc5fb e170bc08c20e4613a344fb2ec97dc5fb] 10.0.0.80 "DELETE /resource_providers/8b9484ae-8f75-4386-a489-da237bd4e487" status: 404 len: 246 microversion: 1.1 [pid: 7|app: 0|req: 538/1073] 10.0.0.80 () {34 vars in 814 bytes} [Sun Jun 28 21:07:56 2026] DELETE /resource_providers/8b9484ae-8f75-4386-a489-da237bd4e487 => generated 246 bytes in 19 msecs (HTTP/1.1 404) 6 headers in 231 bytes (1 switches on core 0)
2026-06-28 21:07:58.365 7 INFO placement.requestlog [None req-3034b7f7-95f3-4e92-ace0-4669ae91f82f 5e4b31fde9ac4e2aa84e308c0e46fcfc d0da87289f9f45f48efba94f029f04cc - - e170bc08c20e4613a344fb2ec97dc5fb e170bc08c20e4613a344fb2ec97dc5fb] 10.0.0.80 "GET /resource_providers/8cda2ba2-df35-416e-8b83-1cdca646309b/aggregates" status: 404 len: 235 microversion: 1.1 [pid: 7|app: 0|req: 539/1074] 10.0.0.80 () {32 vars in 814 bytes} [Sun Jun 28 21:07:58 2026] GET /resource_providers/8cda2ba2-df35-416e-8b83-1cdca646309b/aggregates => generated 235 bytes in 12 msecs (HTTP/1.1 404) 5 headers in 202 bytes (1 switches on core 0)
2026-06-28 21:07:58.374 8 INFO placement.requestlog [None req-8a382dc2-0263-4865-87a6-65b41564168d 5e4b31fde9ac4e2aa84e308c0e46fcfc d0da87289f9f45f48efba94f029f04cc - - e170bc08c20e4613a344fb2ec97dc5fb e170bc08c20e4613a344fb2ec97dc5fb] 10.0.0.80 "GET /resource_providers/8cda2ba2-df35-416e-8b83-1cdca646309b/aggregates" status: 404 len: 235 microversion: 1.1 [pid: 8|app: 0|req: 536/1075] 10.0.0.80 () {32 vars in 814 bytes} [Sun Jun 28 21:07:58 2026] GET /resource_providers/8cda2ba2-df35-416e-8b83-1cdca646309b/aggregates => generated 235 bytes in 23 msecs (HTTP/1.1 404) 5 headers in 202 bytes (1 switches on core 0)
2026-06-28 21:07:58.408 7 INFO placement.requestlog [None req-eb63a975-6873-4821-bb7a-d3e5f8212d24 5e4b31fde9ac4e2aa84e308c0e46fcfc d0da87289f9f45f48efba94f029f04cc - - e170bc08c20e4613a344fb2ec97dc5fb e170bc08c20e4613a344fb2ec97dc5fb] 10.0.0.80 "DELETE /resource_providers/8cda2ba2-df35-416e-8b83-1cdca646309b" status: 404 len: 246 microversion: 1.1 [pid: 7|app: 0|req: 540/1076] 10.0.0.80 () {34 vars in 814 bytes} [Sun Jun 28 21:07:58 2026] DELETE /resource_providers/8cda2ba2-df35-416e-8b83-1cdca646309b => generated 246 bytes in 14 msecs (HTTP/1.1 404) 6 headers in 231 bytes (1 switches on core 0)
2026-06-28 21:07:58.409 8 INFO placement.requestlog [None req-c9768206-3796-497e-bc66-22885634c292 5e4b31fde9ac4e2aa84e308c0e46fcfc d0da87289f9f45f48efba94f029f04cc - - e170bc08c20e4613a344fb2ec97dc5fb e170bc08c20e4613a344fb2ec97dc5fb] 10.0.0.80 "DELETE /resource_providers/8cda2ba2-df35-416e-8b83-1cdca646309b" status: 404 len: 246 microversion: 1.1 [pid: 8|app: 0|req: 537/1077] 10.0.0.80 () {34 vars in 814 bytes} [Sun Jun 28 21:07:58 2026] DELETE /resource_providers/8cda2ba2-df35-416e-8b83-1cdca646309b => generated 246 bytes in 16 msecs (HTTP/1.1 404) 6 headers in 231 bytes (1 switches on core 0)
2026-06-28 21:07:59.040 7 INFO placement.requestlog [req-e10fdcd7-a8cc-4e27-a6c3-4ffce6086273 req-14efb3fc-456f-4d00-bfc4-fefdab41340d 1d61cd02fa9244b5ac18a20e1648548b d0da87289f9f45f48efba94f029f04cc - - e170bc08c20e4613a344fb2ec97dc5fb e170bc08c20e4613a344fb2ec97dc5fb] 199.204.45.240 "GET /resource_providers/fd82dd54-6db3-458b-ac6b-65862da421e8/allocations" status: 200 len: 340 microversion: 1.0 [pid: 7|app: 0|req: 541/1078] 199.204.45.240 () {32 vars in 856 bytes} [Sun Jun 28 21:07:59 2026] GET /resource_providers/fd82dd54-6db3-458b-ac6b-65862da421e8/allocations => generated 340 bytes in 31 msecs (HTTP/1.1 200) 6 headers in 224 bytes (1 switches on core 0)
2026-06-28 21:07:59.081 8 INFO placement.requestlog [req-e10fdcd7-a8cc-4e27-a6c3-4ffce6086273 req-cd4364f2-59be-41b8-a809-3d5056d2e3c2 1d61cd02fa9244b5ac18a20e1648548b d0da87289f9f45f48efba94f029f04cc - - e170bc08c20e4613a344fb2ec97dc5fb e170bc08c20e4613a344fb2ec97dc5fb] 199.204.45.240 "GET /resource_providers/fd82dd54-6db3-458b-ac6b-65862da421e8/allocations" status: 200 len: 340 microversion: 1.0 [pid: 8|app: 0|req: 538/1079] 199.204.45.240 () {32 vars in 856 bytes} [Sun Jun 28 21:07:59 2026] GET /resource_providers/fd82dd54-6db3-458b-ac6b-65862da421e8/allocations => generated 340 bytes in 30 msecs (HTTP/1.1 200) 6 headers in 224 bytes (1 switches on core 0)
2026-06-28 21:07:59.110 7 INFO placement.requestlog [req-e10fdcd7-a8cc-4e27-a6c3-4ffce6086273 req-e09bd06d-29c3-4dc3-9119-49999266a149 1d61cd02fa9244b5ac18a20e1648548b d0da87289f9f45f48efba94f029f04cc - - e170bc08c20e4613a344fb2ec97dc5fb e170bc08c20e4613a344fb2ec97dc5fb] 199.204.45.240 "GET /allocations/4737a2c3-ceaf-4a67-9c51-7b7400fc0cbd" status: 200 len: 258 microversion: 1.28 [pid: 7|app: 0|req: 542/1080] 199.204.45.240 () {34 vars in 862 bytes} [Sun Jun 28 21:07:59 2026] GET /allocations/4737a2c3-ceaf-4a67-9c51-7b7400fc0cbd => generated 258 bytes in 16 msecs (HTTP/1.1 200) 8 headers in 296 bytes (1 switches on core 0)
2026-06-28 21:07:59.134 8 INFO placement.requestlog [req-e10fdcd7-a8cc-4e27-a6c3-4ffce6086273 req-c6e0d1b3-0ffb-470c-94c1-d9682d086a6e 1d61cd02fa9244b5ac18a20e1648548b d0da87289f9f45f48efba94f029f04cc - - e170bc08c20e4613a344fb2ec97dc5fb e170bc08c20e4613a344fb2ec97dc5fb] 199.204.45.240 "GET /allocations/734f0355-e0a7-4895-ae31-105fd30b4845" status: 200 len: 245 microversion: 1.28 [pid: 8|app: 0|req: 539/1081] 199.204.45.240 () {34 vars in 862 bytes} [Sun Jun 28 21:07:59 2026] GET /allocations/734f0355-e0a7-4895-ae31-105fd30b4845 => generated 245 bytes in 14 msecs (HTTP/1.1 200) 8 headers in 296 bytes (1 switches on core 0)
2026-06-28 21:07:59.157 7 INFO placement.requestlog [req-e10fdcd7-a8cc-4e27-a6c3-4ffce6086273 req-742f9f1c-c79c-4bfd-860f-3a8e63e5bad2 1d61cd02fa9244b5ac18a20e1648548b d0da87289f9f45f48efba94f029f04cc - - e170bc08c20e4613a344fb2ec97dc5fb e170bc08c20e4613a344fb2ec97dc5fb] 199.204.45.240 "GET /allocations/79f6d51a-dbda-4e27-adc7-40a90906574e" status: 200 len: 258 microversion: 1.28 [pid: 7|app: 0|req: 543/1082] 199.204.45.240 () {34 vars in 862 bytes} [Sun Jun 28 21:07:59 2026] GET /allocations/79f6d51a-dbda-4e27-adc7-40a90906574e => generated 258 bytes in 17 msecs (HTTP/1.1 200) 8 headers in 296 bytes (1 switches on core 0)
2026-06-28 21:07:59.162 8 INFO placement.requestlog [None req-78491696-0d9b-46fc-879c-c5670abcb187 5e4b31fde9ac4e2aa84e308c0e46fcfc d0da87289f9f45f48efba94f029f04cc - - e170bc08c20e4613a344fb2ec97dc5fb e170bc08c20e4613a344fb2ec97dc5fb] 10.0.0.80 "GET /resource_providers/9bcc8499-fd3d-4f02-bcca-67f41e965a3b/aggregates" status: 404 len: 235 microversion: 1.1 [pid: 8|app: 0|req: 540/1083] 10.0.0.80 () {32 vars in 814 bytes} [Sun Jun 28 21:07:59 2026] GET /resource_providers/9bcc8499-fd3d-4f02-bcca-67f41e965a3b/aggregates => generated 235 bytes in 13 msecs (HTTP/1.1 404) 5 headers in 202 bytes (1 switches on core 0)
2026-06-28 21:07:59.167 7 INFO placement.requestlog [None req-5e0d0fd8-2d8c-42bc-98bb-29a8219a6db3 5e4b31fde9ac4e2aa84e308c0e46fcfc d0da87289f9f45f48efba94f029f04cc - - e170bc08c20e4613a344fb2ec97dc5fb e170bc08c20e4613a344fb2ec97dc5fb] 10.0.0.80 "GET /resource_providers/9bcc8499-fd3d-4f02-bcca-67f41e965a3b/aggregates" status: 404 len: 235 microversion: 1.1 [pid: 7|app: 0|req: 544/1084] 10.0.0.80 () {32 vars in 814 bytes} [Sun Jun 28 21:07:59 2026] GET /resource_providers/9bcc8499-fd3d-4f02-bcca-67f41e965a3b/aggregates => generated 235 bytes in 8 msecs (HTTP/1.1 404) 5 headers in 202 bytes (1 switches on core 0)
2026-06-28 21:07:59.191 8 INFO placement.requestlog [None req-0f230180-7702-4223-b09f-05e458356404 5e4b31fde9ac4e2aa84e308c0e46fcfc d0da87289f9f45f48efba94f029f04cc - - e170bc08c20e4613a344fb2ec97dc5fb e170bc08c20e4613a344fb2ec97dc5fb] 10.0.0.80 "DELETE /resource_providers/9bcc8499-fd3d-4f02-bcca-67f41e965a3b" status: 404 len: 246 microversion: 1.1 [pid: 8|app: 0|req: 541/1085] 10.0.0.80 () {34 vars in 814 bytes} [Sun Jun 28 21:07:59 2026] DELETE /resource_providers/9bcc8499-fd3d-4f02-bcca-67f41e965a3b => generated 246 bytes in 15 msecs (HTTP/1.1 404) 6 headers in 231 bytes (1 switches on core 0)
2026-06-28 21:07:59.192 7 INFO placement.requestlog [None req-db361e7c-e103-4044-8cfa-06a1975fcd78 5e4b31fde9ac4e2aa84e308c0e46fcfc d0da87289f9f45f48efba94f029f04cc - - e170bc08c20e4613a344fb2ec97dc5fb e170bc08c20e4613a344fb2ec97dc5fb] 10.0.0.80 "DELETE /resource_providers/9bcc8499-fd3d-4f02-bcca-67f41e965a3b" status: 404 len: 246 microversion: 1.1 [pid: 7|app: 0|req: 545/1086] 10.0.0.80 () {34 vars in 814 bytes} [Sun Jun 28 21:07:59 2026] DELETE /resource_providers/9bcc8499-fd3d-4f02-bcca-67f41e965a3b => generated 246 bytes in 15 msecs (HTTP/1.1 404) 6 headers in 231 bytes (1 switches on core 0)
2026-06-28 21:08:00.450 8 INFO placement.requestlog [None req-d423beba-ffb8-4d22-b1ff-c2be5075e44e 5e4b31fde9ac4e2aa84e308c0e46fcfc d0da87289f9f45f48efba94f029f04cc - - e170bc08c20e4613a344fb2ec97dc5fb e170bc08c20e4613a344fb2ec97dc5fb] 10.0.0.80 "GET /resource_providers/c66fea57-517e-4d9a-b84a-e0af1e980dc8/aggregates" status: 404 len: 235 microversion: 1.1 [pid: 8|app: 0|req: 542/1087] 10.0.0.80 () {32 vars in 814 bytes} [Sun Jun 28 21:08:00 2026] GET /resource_providers/c66fea57-517e-4d9a-b84a-e0af1e980dc8/aggregates => generated 235 bytes in 21 msecs (HTTP/1.1 404) 5 headers in 202 bytes (1 switches on core 0)
2026-06-28 21:08:00.454 7 INFO placement.requestlog [None req-c9e8a398-2b0f-41e4-92df-a892350cde3b 5e4b31fde9ac4e2aa84e308c0e46fcfc d0da87289f9f45f48efba94f029f04cc - - e170bc08c20e4613a344fb2ec97dc5fb e170bc08c20e4613a344fb2ec97dc5fb] 10.0.0.80 "GET /resource_providers/c66fea57-517e-4d9a-b84a-e0af1e980dc8/aggregates" status: 404 len: 235 microversion: 1.1 [pid: 7|app: 0|req: 546/1088] 10.0.0.80 () {32 vars in 814 bytes} [Sun Jun 28 21:08:00 2026] GET /resource_providers/c66fea57-517e-4d9a-b84a-e0af1e980dc8/aggregates => generated 235 bytes in 17 msecs (HTTP/1.1 404) 5 headers in 202 bytes (1 switches on core 0)
2026-06-28 21:08:00.473 8 INFO placement.requestlog [None req-142356e3-ef50-489b-b3da-6d73f75d4a2a 5e4b31fde9ac4e2aa84e308c0e46fcfc d0da87289f9f45f48efba94f029f04cc - - e170bc08c20e4613a344fb2ec97dc5fb e170bc08c20e4613a344fb2ec97dc5fb] 10.0.0.80 "DELETE /resource_providers/c66fea57-517e-4d9a-b84a-e0af1e980dc8" status: 404 len: 246 microversion: 1.1 [pid: 8|app: 0|req: 543/1089] 10.0.0.80 () {34 vars in 814 bytes} [Sun Jun 28 21:08:00 2026] DELETE /resource_providers/c66fea57-517e-4d9a-b84a-e0af1e980dc8 => generated 246 bytes in 12 msecs (HTTP/1.1 404) 6 headers in 231 bytes (1 switches on core 0)
2026-06-28 21:08:00.478 7 INFO placement.requestlog [None req-31bcdfc8-bf5b-4bf3-8795-6e946ab0e717 5e4b31fde9ac4e2aa84e308c0e46fcfc d0da87289f9f45f48efba94f029f04cc - - e170bc08c20e4613a344fb2ec97dc5fb e170bc08c20e4613a344fb2ec97dc5fb] 10.0.0.80 "DELETE /resource_providers/c66fea57-517e-4d9a-b84a-e0af1e980dc8" status: 404 len: 246 microversion: 1.1 [pid: 7|app: 0|req: 547/1090] 10.0.0.80 () {34 vars in 814 bytes} [Sun Jun 28 21:08:00 2026] DELETE /resource_providers/c66fea57-517e-4d9a-b84a-e0af1e980dc8 => generated 246 bytes in 13 msecs (HTTP/1.1 404) 6 headers in 231 bytes (1 switches on core 0)
2026-06-28 21:08:00.499 8 INFO placement.requestlog [None req-2b4126a4-b295-40fc-af19-bfca1dcdb678 5e4b31fde9ac4e2aa84e308c0e46fcfc d0da87289f9f45f48efba94f029f04cc - - e170bc08c20e4613a344fb2ec97dc5fb e170bc08c20e4613a344fb2ec97dc5fb] 10.0.0.80 "GET /resource_providers/c66fea57-517e-4d9a-b84a-e0af1e980dc8/aggregates" status: 404 len: 235 microversion: 1.1 [pid: 8|app: 0|req: 544/1091] 10.0.0.80 () {32 vars in 814 bytes} [Sun Jun 28 21:08:00 2026] GET /resource_providers/c66fea57-517e-4d9a-b84a-e0af1e980dc8/aggregates => generated 235 bytes in 15 msecs (HTTP/1.1 404) 5 headers in 202 bytes (1 switches on core 0)
2026-06-28 21:08:00.506 7 INFO placement.requestlog [None req-a5b81c90-302e-488a-ad3a-8b93ee2e4f05 5e4b31fde9ac4e2aa84e308c0e46fcfc d0da87289f9f45f48efba94f029f04cc - - e170bc08c20e4613a344fb2ec97dc5fb e170bc08c20e4613a344fb2ec97dc5fb] 10.0.0.80 "GET /resource_providers/c66fea57-517e-4d9a-b84a-e0af1e980dc8/aggregates" status: 404 len: 235 microversion: 1.1 [pid: 7|app: 0|req: 548/1092] 10.0.0.80 () {32 vars in 814 bytes} [Sun Jun 28 21:08:00 2026] GET /resource_providers/c66fea57-517e-4d9a-b84a-e0af1e980dc8/aggregates => generated 235 bytes in 16 msecs (HTTP/1.1 404) 5 headers in 202 bytes (1 switches on core 0)
2026-06-28 21:08:00.520 8 INFO placement.requestlog [None req-838f78f3-1d4a-4558-9a18-55addb34afd8 5e4b31fde9ac4e2aa84e308c0e46fcfc d0da87289f9f45f48efba94f029f04cc - - e170bc08c20e4613a344fb2ec97dc5fb e170bc08c20e4613a344fb2ec97dc5fb] 10.0.0.80 "DELETE /resource_providers/c66fea57-517e-4d9a-b84a-e0af1e980dc8" status: 404 len: 246 microversion: 1.1 [pid: 8|app: 0|req: 545/1093] 10.0.0.80 () {34 vars in 814 bytes} [Sun Jun 28 21:08:00 2026] DELETE /resource_providers/c66fea57-517e-4d9a-b84a-e0af1e980dc8 => generated 246 bytes in 13 msecs (HTTP/1.1 404) 6 headers in 231 bytes (1 switches on core 0)
2026-06-28 21:08:00.522 7 INFO placement.requestlog [None req-438a99cc-d46b-4126-91ba-99115ef729df 5e4b31fde9ac4e2aa84e308c0e46fcfc d0da87289f9f45f48efba94f029f04cc - - e170bc08c20e4613a344fb2ec97dc5fb e170bc08c20e4613a344fb2ec97dc5fb] 10.0.0.80 "DELETE /resource_providers/c66fea57-517e-4d9a-b84a-e0af1e980dc8" status: 404 len: 246 microversion: 1.1 [pid: 7|app: 0|req: 549/1094] 10.0.0.80 () {34 vars in 814 bytes} [Sun Jun 28 21:08:00 2026] DELETE /resource_providers/c66fea57-517e-4d9a-b84a-e0af1e980dc8 => generated 246 bytes in 10 msecs (HTTP/1.1 404) 6 headers in 231 bytes (1 switches on core 0)
2026-06-28 21:08:02.360 8 INFO placement.requestlog [None req-9b348791-6d7b-4e1b-a5ea-f5d1ced7176d - - - - - -] 10.0.0.185 "GET /" status: 200 len: 136 microversion: 1.0
2026-06-28 21:08:02.360 7 INFO placement.requestlog [None req-36d4f448-a565-40ee-afab-12db0121a191 - - - - - -] 10.0.0.185 "GET /" status: 200 len: 136 microversion: 1.0
2026-06-28 21:08:02.563 7 INFO placement.requestlog [None req-86a81bf8-4d72-43d1-b013-6753e4f344bc 5e4b31fde9ac4e2aa84e308c0e46fcfc d0da87289f9f45f48efba94f029f04cc - - e170bc08c20e4613a344fb2ec97dc5fb e170bc08c20e4613a344fb2ec97dc5fb] 10.0.0.80 "GET /resource_providers/d8bdccbb-8197-48e5-afd9-a0a072f76e40/aggregates" status: 404 len: 235 microversion: 1.1 [pid: 7|app: 0|req: 551/1097] 10.0.0.80 () {32 vars in 814 bytes} [Sun Jun 28 21:08:02 2026] GET /resource_providers/d8bdccbb-8197-48e5-afd9-a0a072f76e40/aggregates => generated 235 bytes in 11 msecs (HTTP/1.1 404) 5 headers in 202 bytes (1 switches on core 0)
2026-06-28 21:08:02.569 8 INFO placement.requestlog [None req-9033d867-c2fb-45e5-aaa0-ff1dd03af16d 5e4b31fde9ac4e2aa84e308c0e46fcfc d0da87289f9f45f48efba94f029f04cc - - e170bc08c20e4613a344fb2ec97dc5fb e170bc08c20e4613a344fb2ec97dc5fb] 10.0.0.80 "GET /resource_providers/d8bdccbb-8197-48e5-afd9-a0a072f76e40/aggregates" status: 404 len: 235 microversion: 1.1 [pid: 8|app: 0|req: 547/1098] 10.0.0.80 () {32 vars in 814 bytes} [Sun Jun 28 21:08:02 2026] GET /resource_providers/d8bdccbb-8197-48e5-afd9-a0a072f76e40/aggregates => generated 235 bytes in 18 msecs (HTTP/1.1 404) 5 headers in 202 bytes (1 switches on core 0)
2026-06-28 21:08:02.597 7 INFO placement.requestlog [None req-b5d7ca92-bd74-464e-9ccf-708b267ae23e 5e4b31fde9ac4e2aa84e308c0e46fcfc d0da87289f9f45f48efba94f029f04cc - - e170bc08c20e4613a344fb2ec97dc5fb e170bc08c20e4613a344fb2ec97dc5fb] 10.0.0.80 "DELETE /resource_providers/d8bdccbb-8197-48e5-afd9-a0a072f76e40" status: 404 len: 246 microversion: 1.1 [pid: 7|app: 0|req: 552/1099] 10.0.0.80 () {34 vars in 814 bytes} [Sun Jun 28 21:08:02 2026] DELETE /resource_providers/d8bdccbb-8197-48e5-afd9-a0a072f76e40 => generated 246 bytes in 15 msecs (HTTP/1.1 404) 6 headers in 231 bytes (1 switches on core 0)
2026-06-28 21:08:02.598 8 INFO placement.requestlog [None req-7f2e6298-1f4b-47e3-ae58-cd0da8001f3f 5e4b31fde9ac4e2aa84e308c0e46fcfc d0da87289f9f45f48efba94f029f04cc - - e170bc08c20e4613a344fb2ec97dc5fb e170bc08c20e4613a344fb2ec97dc5fb] 10.0.0.80 "DELETE /resource_providers/d8bdccbb-8197-48e5-afd9-a0a072f76e40" status: 404 len: 246 microversion: 1.1 [pid: 8|app: 0|req: 548/1100] 10.0.0.80 () {34 vars in 814 bytes} [Sun Jun 28 21:08:02 2026] DELETE /resource_providers/d8bdccbb-8197-48e5-afd9-a0a072f76e40 => generated 246 bytes in 16 msecs (HTTP/1.1 404) 6 headers in 231 bytes (1 switches on core 0)
2026-06-28 21:08:02.623 7 INFO placement.requestlog [None req-705b3347-55ab-4358-b028-d7b6821056bc 5e4b31fde9ac4e2aa84e308c0e46fcfc d0da87289f9f45f48efba94f029f04cc - - e170bc08c20e4613a344fb2ec97dc5fb e170bc08c20e4613a344fb2ec97dc5fb] 10.0.0.80 "GET /resource_providers/d8bdccbb-8197-48e5-afd9-a0a072f76e40/aggregates" status: 404 len: 235 microversion: 1.1 [pid: 7|app: 0|req: 553/1101] 10.0.0.80 () {32 vars in 814 bytes} [Sun Jun 28 21:08:02 2026] GET /resource_providers/d8bdccbb-8197-48e5-afd9-a0a072f76e40/aggregates => generated 235 bytes in 17 msecs (HTTP/1.1 404) 5 headers in 202 bytes (1 switches on core 0)
2026-06-28 21:08:02.632 8 INFO placement.requestlog [None req-16d639b1-c834-44c8-8d53-a88815ea84f1 5e4b31fde9ac4e2aa84e308c0e46fcfc d0da87289f9f45f48efba94f029f04cc - - e170bc08c20e4613a344fb2ec97dc5fb e170bc08c20e4613a344fb2ec97dc5fb] 10.0.0.80 "GET /resource_providers/d8bdccbb-8197-48e5-afd9-a0a072f76e40/aggregates" status: 404 len: 235 microversion: 1.1 [pid: 8|app: 0|req: 549/1102] 10.0.0.80 () {32 vars in 814 bytes} [Sun Jun 28 21:08:02 2026] GET /resource_providers/d8bdccbb-8197-48e5-afd9-a0a072f76e40/aggregates => generated 235 bytes in 17 msecs (HTTP/1.1 404) 5 headers in 202 bytes (1 switches on core 0)
2026-06-28 21:08:02.644 7 INFO placement.requestlog [None req-ecea129a-8f10-4ae1-9eb1-ecf5e8d1350e 5e4b31fde9ac4e2aa84e308c0e46fcfc d0da87289f9f45f48efba94f029f04cc - - e170bc08c20e4613a344fb2ec97dc5fb e170bc08c20e4613a344fb2ec97dc5fb] 10.0.0.80 "DELETE /resource_providers/d8bdccbb-8197-48e5-afd9-a0a072f76e40" status: 404 len: 246 microversion: 1.1 [pid: 7|app: 0|req: 554/1103] 10.0.0.80 () {34 vars in 814 bytes} [Sun Jun 28 21:08:02 2026] DELETE /resource_providers/d8bdccbb-8197-48e5-afd9-a0a072f76e40 => generated 246 bytes in 14 msecs (HTTP/1.1 404) 6 headers in 231 bytes (1 switches on core 0)
2026-06-28 21:08:02.652 8 INFO placement.requestlog [None req-8296effc-4d5c-4a81-8fb4-b61b4ba5c9a7 5e4b31fde9ac4e2aa84e308c0e46fcfc d0da87289f9f45f48efba94f029f04cc - - e170bc08c20e4613a344fb2ec97dc5fb e170bc08c20e4613a344fb2ec97dc5fb] 10.0.0.80 "DELETE /resource_providers/d8bdccbb-8197-48e5-afd9-a0a072f76e40" status: 404 len: 246 microversion: 1.1 [pid: 8|app: 0|req: 550/1104] 10.0.0.80 () {34 vars in 814 bytes} [Sun Jun 28 21:08:02 2026] DELETE /resource_providers/d8bdccbb-8197-48e5-afd9-a0a072f76e40 => generated 246 bytes in 11 msecs (HTTP/1.1 404) 6 headers in 231 bytes (1 switches on core 0)
2026-06-28 21:08:05.584 7 INFO placement.requestlog [None req-3b4b880e-c6cc-471e-871a-ad5943332bff 5e4b31fde9ac4e2aa84e308c0e46fcfc d0da87289f9f45f48efba94f029f04cc - - e170bc08c20e4613a344fb2ec97dc5fb e170bc08c20e4613a344fb2ec97dc5fb] 10.0.0.80 "GET /resource_providers/dda8a194-54ab-431a-9de3-3c16459cd8ae/aggregates" status: 404 len: 235 microversion: 1.1 [pid: 7|app: 0|req: 555/1105] 10.0.0.80 () {32 vars in 814 bytes} [Sun Jun 28 21:08:05 2026] GET /resource_providers/dda8a194-54ab-431a-9de3-3c16459cd8ae/aggregates => generated 235 bytes in 14 msecs (HTTP/1.1 404) 5 headers in 202 bytes (1 switches on core 0)
