Apr 02 12:51:11.254632 np0000162892 devstack@neutron-api.service[102077]: DEBUG neutron.api.extensions [None req-c97d3e33-0e05-4477-90bf-1b042c860b09 None None] Ext name="Default rules for security groups" alias="security-groups-default-rules" description="Configure set of security group rules used as default rules for every new security group" updated="2022-12-19T10:00:00-00:00" {{(pid=102077) _check_extension /opt/stack/neutron/neutron/api/extensions.py:415}}
Apr 02 12:51:11.254632 np0000162892 devstack@neutron-api.service[102077]: INFO neutron.api.extensions [None req-c97d3e33-0e05-4477-90bf-1b042c860b09 None None] Loaded extension: security-groups-default-rules
Apr 02 12:51:11.254803 np0000162892 devstack@neutron-api.service[102077]: DEBUG neutron.api.extensions [None req-c97d3e33-0e05-4477-90bf-1b042c860b09 None None] Loading extension file: security_groups_normalized_cidr.py {{(pid=102077) _load_all_extensions_from_path /opt/stack/neutron/neutron/api/extensions.py:449}}
Apr 02 12:51:11.254803 np0000162892 devstack@neutron-api.service[102077]: DEBUG neutron.api.extensions [None req-c97d3e33-0e05-4477-90bf-1b042c860b09 None None] Ext name="Normalized CIDR field for security group rules" alias="security-groups-normalized-cidr" description="Add new field with normalized remote_ip_prefix cidr in SG rule" updated="2020-07-28T10:00:00-00:00" {{(pid=102077) _check_extension /opt/stack/neutron/neutron/api/extensions.py:415}}
Apr 02 12:51:11.254803 np0000162892 devstack@neutron-api.service[102077]: INFO neutron.api.extensions [None req-c97d3e33-0e05-4477-90bf-1b042c860b09 None None] Loaded extension: security-groups-normalized-cidr
Apr 02 12:51:11.254803 np0000162892 devstack@neutron-api.service[102077]: DEBUG neutron.api.extensions [None req-c97d3e33-0e05-4477-90bf-1b042c860b09 None None] Loading extension file: security_groups_port_filtering.py {{(pid=102077) _load_all_extensions_from_path /opt/stack/neutron/neutron/api/extensions.py:449}}
Apr 02 12:51:11.254803 np0000162892 devstack@neutron-api.service[102077]: DEBUG neutron.api.extensions [None req-c97d3e33-0e05-4477-90bf-1b042c860b09 None None] Ext name="Port filtering on security groups" alias="port-security-groups-filtering" description="Provides security groups filtering when listing ports" updated="2018-01-09T09:00:00-00:00" {{(pid=102077) _check_extension /opt/stack/neutron/neutron/api/extensions.py:415}}
Apr 02 12:51:11.254803 np0000162892 devstack@neutron-api.service[102077]: INFO neutron.api.extensions [None req-c97d3e33-0e05-4477-90bf-1b042c860b09 None None] Extension port-security-groups-filtering not supported by any of loaded plugins
Apr 02 12:51:11.254803 np0000162892 devstack@neutron-api.service[102077]: DEBUG neutron.api.extensions [None req-c97d3e33-0e05-4477-90bf-1b042c860b09 None None] Loading extension file: security_groups_remote_address_group.py {{(pid=102077) _load_all_extensions_from_path /opt/stack/neutron/neutron/api/extensions.py:449}}
Apr 02 12:51:11.254981 np0000162892 devstack@neutron-api.service[102077]: DEBUG neutron.api.extensions [None req-c97d3e33-0e05-4477-90bf-1b042c860b09 None None] Ext name="Remote address group id field for security group rules" alias="security-groups-remote-address-group" description="Add new field of remote address group id in SG rules" updated="2020-08-25T10:00:00-00:00" {{(pid=102077) _check_extension /opt/stack/neutron/neutron/api/extensions.py:415}}
Apr 02 12:51:11.254981 np0000162892 devstack@neutron-api.service[102077]: INFO neutron.api.extensions [None req-c97d3e33-0e05-4477-90bf-1b042c860b09 None None] Loaded extension: security-groups-remote-address-group
Apr 02 12:51:11.254981 np0000162892 devstack@neutron-api.service[102077]: DEBUG neutron.api.extensions [None req-c97d3e33-0e05-4477-90bf-1b042c860b09 None None] Loading extension file: security_groups_rules_belongs_to_default_sg.py {{(pid=102077) _load_all_extensions_from_path /opt/stack/neutron/neutron/api/extensions.py:449}}
Apr 02 12:51:11.254981 np0000162892 devstack@neutron-api.service[102077]: DEBUG neutron.api.extensions [None req-c97d3e33-0e05-4477-90bf-1b042c860b09 None None] Ext name="Security group rule belongs to the project's default security group" alias="security-groups-rules-belongs-to-default-sg" description="Flag to determine if the security group rule belongs to the project's default security group" updated="2023-05-23T10:00:00-00:00" {{(pid=102077) _check_extension /opt/stack/neutron/neutron/api/extensions.py:415}}
Apr 02 12:51:11.254981 np0000162892 devstack@neutron-api.service[102077]: INFO neutron.api.extensions [None req-c97d3e33-0e05-4477-90bf-1b042c860b09 None None] Loaded extension: security-groups-rules-belongs-to-default-sg
Apr 02 12:51:11.254981 np0000162892 devstack@neutron-api.service[102077]: DEBUG neutron.api.extensions [None req-c97d3e33-0e05-4477-90bf-1b042c860b09 None None] Loading extension file: security_groups_shared_filtering.py {{(pid=102077) _load_all_extensions_from_path /opt/stack/neutron/neutron/api/extensions.py:449}}
Apr 02 12:51:11.255132 np0000162892 devstack@neutron-api.service[102077]: DEBUG neutron.api.extensions [None req-c97d3e33-0e05-4477-90bf-1b042c860b09 None None] Ext name="Security group filtering on the shared field" alias="security-groups-shared-filtering" description="Support filtering security groups on the shared field" updated="2021-10-05T09:00:00-00:00" {{(pid=102077) _check_extension /opt/stack/neutron/neutron/api/extensions.py:415}}
Apr 02 12:51:11.255132 np0000162892 devstack@neutron-api.service[102077]: INFO neutron.api.extensions [None req-c97d3e33-0e05-4477-90bf-1b042c860b09 None None] Loaded extension: security-groups-shared-filtering
Apr 02 12:51:11.255132 np0000162892 devstack@neutron-api.service[102077]: DEBUG neutron.api.extensions [None req-c97d3e33-0e05-4477-90bf-1b042c860b09 None None] Loading extension file: securitygroup.py {{(pid=102077) _load_all_extensions_from_path /opt/stack/neutron/neutron/api/extensions.py:449}}
Apr 02 12:51:11.255207 np0000162892 devstack@neutron-api.service[102079]: DEBUG neutron.services.provider_configuration [None req-cc2269aa-93e2-4717-8b0f-ea9114a7a76c None None] Service providers = [] {{(pid=102079) parse_service_provider_opt /opt/stack/neutron/neutron/services/provider_configuration.py:170}}
Apr 02 12:51:11.255207 np0000162892 devstack@neutron-api.service[102079]: DEBUG neutron.db.servicetype_db [None req-cc2269aa-93e2-4717-8b0f-ea9114a7a76c None None] Adding provider configuration for service L3_ROUTER_NAT {{(pid=102079) add_provider_configuration /opt/stack/neutron/neutron/db/servicetype_db.py:42}}
Apr 02 12:51:11.255334 np0000162892 devstack@neutron-api.service[102077]: DEBUG neutron.api.extensions [None req-c97d3e33-0e05-4477-90bf-1b042c860b09 None None] Ext name="security-group" alias="security-group" description="The security groups extension." updated="2012-10-05T10:00:00-00:00" {{(pid=102077) _check_extension /opt/stack/neutron/neutron/api/extensions.py:415}}
Apr 02 12:51:11.255334 np0000162892 devstack@neutron-api.service[102077]: INFO neutron.api.extensions [None req-c97d3e33-0e05-4477-90bf-1b042c860b09 None None] Loaded extension: security-group
Apr 02 12:51:11.255334 np0000162892 devstack@neutron-api.service[102077]: DEBUG neutron.api.extensions [None req-c97d3e33-0e05-4477-90bf-1b042c860b09 None None] Loading extension file: segment.py {{(pid=102077) _load_all_extensions_from_path /opt/stack/neutron/neutron/api/extensions.py:449}}
Apr 02 12:51:11.255334 np0000162892 devstack@neutron-api.service[102077]: DEBUG neutron.api.extensions [None req-c97d3e33-0e05-4477-90bf-1b042c860b09 None None] Ext name="Segment" alias="segment" description="Segments extension." updated="2016-02-24T17:00:00-00:00" {{(pid=102077) _check_extension /opt/stack/neutron/neutron/api/extensions.py:415}}
Apr 02 12:51:11.255334 np0000162892 devstack@neutron-api.service[102077]: INFO neutron.api.extensions [None req-c97d3e33-0e05-4477-90bf-1b042c860b09 None None] Extension segment not supported by any of loaded plugins
Apr 02 12:51:11.255334 np0000162892 devstack@neutron-api.service[102077]: DEBUG neutron.api.extensions [None req-c97d3e33-0e05-4477-90bf-1b042c860b09 None None] Loading extension file: segments_peer_subnet_host_routes.py {{(pid=102077) _load_all_extensions_from_path /opt/stack/neutron/neutron/api/extensions.py:449}}
Apr 02 12:51:11.255476 np0000162892 devstack@neutron-api.service[102079]: DEBUG neutron_lib.callbacks.manager [None req-cc2269aa-93e2-4717-8b0f-ea9114a7a76c None None] Subscribe: > router precommit_create 55549900, False {{(pid=102079) subscribe /opt/stack/data/venv/lib/python3.12/site-packages/neutron_lib/callbacks/manager.py:52}}
Apr 02 12:51:11.255476 np0000162892 devstack@neutron-api.service[102079]: DEBUG neutron_lib.callbacks.manager [None req-cc2269aa-93e2-4717-8b0f-ea9114a7a76c None None] Subscribe: > router_interface after_create 55550000, False {{(pid=102079) subscribe /opt/stack/data/venv/lib/python3.12/site-packages/neutron_lib/callbacks/manager.py:52}}
Apr 02 12:51:11.255532 np0000162892 devstack@neutron-api.service[102077]: DEBUG neutron.api.extensions [None req-c97d3e33-0e05-4477-90bf-1b042c860b09 None None] Ext name="Segments peer-subnet host routes" alias="segments-peer-subnet-host-routes" description="Add host routes to subnets on a routed network (segments)" updated="2018-06-12T10:00:00-00:00" {{(pid=102077) _check_extension /opt/stack/neutron/neutron/api/extensions.py:415}}
Apr 02 12:51:11.255559 np0000162892 devstack@neutron-api.service[102079]: DEBUG neutron_lib.callbacks.manager [None req-cc2269aa-93e2-4717-8b0f-ea9114a7a76c None None] Subscribe: > floatingip after_create 55550000, False {{(pid=102079) subscribe /opt/stack/data/venv/lib/python3.12/site-packages/neutron_lib/callbacks/manager.py:52}}
Apr 02 12:51:11.255588 np0000162892 devstack@neutron-api.service[102077]: INFO neutron.api.extensions [None req-c97d3e33-0e05-4477-90bf-1b042c860b09 None None] Extension segments-peer-subnet-host-routes not supported by any of loaded plugins
Apr 02 12:51:11.255588 np0000162892 devstack@neutron-api.service[102077]: DEBUG neutron.api.extensions [None req-c97d3e33-0e05-4477-90bf-1b042c860b09 None None] Loading extension file: servicetype.py {{(pid=102077) _load_all_extensions_from_path /opt/stack/neutron/neutron/api/extensions.py:449}}
Apr 02 12:51:11.255635 np0000162892 devstack@neutron-api.service[102079]: DEBUG neutron_lib.callbacks.manager [None req-cc2269aa-93e2-4717-8b0f-ea9114a7a76c None None] Subscribe: > floatingip precommit_create 55550000, False {{(pid=102079) subscribe /opt/stack/data/venv/lib/python3.12/site-packages/neutron_lib/callbacks/manager.py:52}}
Apr 02 12:51:11.255635 np0000162892 devstack@neutron-api.service[102079]: DEBUG neutron_lib.callbacks.manager [None req-cc2269aa-93e2-4717-8b0f-ea9114a7a76c None None] Subscribe: > floatingip precommit_update 55550000, False {{(pid=102079) subscribe /opt/stack/data/venv/lib/python3.12/site-packages/neutron_lib/callbacks/manager.py:52}}
Apr 02 12:51:11.255694 np0000162892 devstack@neutron-api.service[102077]: DEBUG neutron.api.extensions [None req-c97d3e33-0e05-4477-90bf-1b042c860b09 None None] Ext name="Neutron Service Type Management" alias="service-type" description="API for retrieving service providers for Neutron advanced services" updated="2013-01-20T00:00:00-00:00" {{(pid=102077) _check_extension /opt/stack/neutron/neutron/api/extensions.py:415}}
Apr 02 12:51:11.255721 np0000162892 devstack@neutron-api.service[102079]: DEBUG neutron_lib.callbacks.manager [None req-cc2269aa-93e2-4717-8b0f-ea9114a7a76c None None] Subscribe: > floatingip after_delete 55550000, False {{(pid=102079) subscribe /opt/stack/data/venv/lib/python3.12/site-packages/neutron_lib/callbacks/manager.py:52}}
Apr 02 12:51:11.255758 np0000162892 devstack@neutron-api.service[102077]: INFO neutron.api.extensions [None req-c97d3e33-0e05-4477-90bf-1b042c860b09 None None] Loaded extension: service-type
Apr 02 12:51:11.255836 np0000162892 devstack@neutron-api.service[102079]: DEBUG neutron_lib.callbacks.manager [None req-cc2269aa-93e2-4717-8b0f-ea9114a7a76c None None] Subscribe: > floatingip after_status_update 55550000, False {{(pid=102079) subscribe /opt/stack/data/venv/lib/python3.12/site-packages/neutron_lib/callbacks/manager.py:52}}
Apr 02 12:51:11.255864 np0000162892 devstack@neutron-api.service[102077]: DEBUG neutron.api.extensions [None req-c97d3e33-0e05-4477-90bf-1b042c860b09 None None] Loading extension file: sorting.py {{(pid=102077) _load_all_extensions_from_path /opt/stack/neutron/neutron/api/extensions.py:449}}
Apr 02 12:51:11.255911 np0000162892 devstack@neutron-api.service[102079]: DEBUG neutron_lib.callbacks.manager [None req-cc2269aa-93e2-4717-8b0f-ea9114a7a76c None None] Subscribe: > floatingip after_update 55550000, False {{(pid=102079) subscribe /opt/stack/data/venv/lib/python3.12/site-packages/neutron_lib/callbacks/manager.py:52}}
Apr 02 12:51:11.255941 np0000162892 devstack@neutron-api.service[102077]: DEBUG neutron.api.extensions [None req-c97d3e33-0e05-4477-90bf-1b042c860b09 None None] Ext name="Sorting support" alias="sorting" description="Extension that indicates that sorting is enabled." updated="2016-06-12T00:00:00-00:00" {{(pid=102077) _check_extension /opt/stack/neutron/neutron/api/extensions.py:415}}
Apr 02 12:51:11.255976 np0000162892 devstack@neutron-api.service[102079]: DEBUG neutron_lib.callbacks.manager [None req-cc2269aa-93e2-4717-8b0f-ea9114a7a76c None None] Subscribe: > port_forwarding after_create 55550000, False {{(pid=102079) subscribe /opt/stack/data/venv/lib/python3.12/site-packages/neutron_lib/callbacks/manager.py:52}}
Apr 02 12:51:11.256003 np0000162892 devstack@neutron-api.service[102077]: INFO neutron.api.extensions [None req-c97d3e33-0e05-4477-90bf-1b042c860b09 None None] Loaded extension: sorting
Apr 02 12:51:11.256028 np0000162892 devstack@neutron-api.service[102079]: DEBUG neutron_lib.callbacks.manager [None req-cc2269aa-93e2-4717-8b0f-ea9114a7a76c None None] Subscribe: > router_interface after_delete 55550000, False {{(pid=102079) subscribe /opt/stack/data/venv/lib/python3.12/site-packages/neutron_lib/callbacks/manager.py:52}}
Apr 02 12:51:11.256056 np0000162892 devstack@neutron-api.service[102077]: DEBUG neutron.api.extensions [None req-c97d3e33-0e05-4477-90bf-1b042c860b09 None None] Loading extension file: standard_attr_segment.py {{(pid=102077) _load_all_extensions_from_path /opt/stack/neutron/neutron/api/extensions.py:449}}
Apr 02 12:51:11.256082 np0000162892 devstack@neutron-api.service[102079]: DEBUG neutron_lib.callbacks.manager [None req-cc2269aa-93e2-4717-8b0f-ea9114a7a76c None None] Subscribe: > router after_create 55550000, False {{(pid=102079) subscribe /opt/stack/data/venv/lib/python3.12/site-packages/neutron_lib/callbacks/manager.py:52}}
Apr 02 12:51:11.256109 np0000162892 devstack@neutron-api.service[102077]: DEBUG neutron.api.extensions [None req-c97d3e33-0e05-4477-90bf-1b042c860b09 None None] Ext name="Standard Attribute Segment Extension" alias="standard-attr-segment" description="Add standard attributes to Segment resource" updated="2018-04-09T10:00:00-00:00" {{(pid=102077) _check_extension /opt/stack/neutron/neutron/api/extensions.py:415}}
Apr 02 12:51:11.256137 np0000162892 devstack@neutron-api.service[102079]: DEBUG neutron_lib.callbacks.manager [None req-cc2269aa-93e2-4717-8b0f-ea9114a7a76c None None] Subscribe: > router precommit_create 55550000, False {{(pid=102079) subscribe /opt/stack/data/venv/lib/python3.12/site-packages/neutron_lib/callbacks/manager.py:52}}
Apr 02 12:51:11.256168 np0000162892 devstack@neutron-api.service[102077]: INFO neutron.api.extensions [None req-c97d3e33-0e05-4477-90bf-1b042c860b09 None None] Extension standard-attr-segment not supported by any of loaded plugins
Apr 02 12:51:11.256194 np0000162892 devstack@neutron-api.service[102079]: DEBUG neutron_lib.callbacks.manager [None req-cc2269aa-93e2-4717-8b0f-ea9114a7a76c None None] Subscribe: > router after_delete 55550000, False {{(pid=102079) subscribe /opt/stack/data/venv/lib/python3.12/site-packages/neutron_lib/callbacks/manager.py:52}}
Apr 02 12:51:11.256228 np0000162892 devstack@neutron-api.service[102077]: DEBUG neutron.api.extensions [None req-c97d3e33-0e05-4477-90bf-1b042c860b09 None None] Loading extension file: standardattrdescription.py {{(pid=102077) _load_all_extensions_from_path /opt/stack/neutron/neutron/api/extensions.py:449}}
Apr 02 12:51:11.256253 np0000162892 devstack@neutron-api.service[102079]: DEBUG neutron_lib.callbacks.manager [None req-cc2269aa-93e2-4717-8b0f-ea9114a7a76c None None] Subscribe: > router after_update 55550000, False {{(pid=102079) subscribe /opt/stack/data/venv/lib/python3.12/site-packages/neutron_lib/callbacks/manager.py:52}}
Apr 02 12:51:11.256280 np0000162892 devstack@neutron-api.service[102077]: DEBUG neutron.api.extensions [None req-c97d3e33-0e05-4477-90bf-1b042c860b09 None None] Ext name="standard-attr-description" alias="standard-attr-description" description="Extension to add descriptions to standard attributes" updated="2016-02-10T10:00:00-00:00" {{(pid=102077) _check_extension /opt/stack/neutron/neutron/api/extensions.py:415}}
Apr 02 12:51:11.256307 np0000162892 devstack@neutron-api.service[102079]: DEBUG neutron.services.service_base [None req-cc2269aa-93e2-4717-8b0f-ea9114a7a76c None None] Loaded 'neutron.services.ovn_l3.service_providers.ovn.OvnDriver' provider for service L3_ROUTER_NAT {{(pid=102079) load_drivers /opt/stack/neutron/neutron/services/service_base.py:49}}
Apr 02 12:51:11.256334 np0000162892 devstack@neutron-api.service[102077]: INFO neutron.api.extensions [None req-c97d3e33-0e05-4477-90bf-1b042c860b09 None None] Loaded extension: standard-attr-description
Apr 02 12:51:11.256359 np0000162892 devstack@neutron-api.service[102079]: DEBUG neutron_lib.callbacks.manager [None req-cc2269aa-93e2-4717-8b0f-ea9114a7a76c None None] Subscribe: > process after_init 55550001, True {{(pid=102079) subscribe /opt/stack/data/venv/lib/python3.12/site-packages/neutron_lib/callbacks/manager.py:52}}
Apr 02 12:51:11.256390 np0000162892 devstack@neutron-api.service[102077]: DEBUG neutron.api.extensions [None req-c97d3e33-0e05-4477-90bf-1b042c860b09 None None] Loading extension file: stateful_security_group.py {{(pid=102077) _load_all_extensions_from_path /opt/stack/neutron/neutron/api/extensions.py:449}}
Apr 02 12:51:11.256420 np0000162892 devstack@neutron-api.service[102079]: DEBUG neutron.manager [None req-cc2269aa-93e2-4717-8b0f-ea9114a7a76c None None] Successfully loaded L3_ROUTER_NAT plugin. Description: L3 Router Service Plugin for basic L3 forwarding using OVN {{(pid=102079) _create_and_add_service_plugin /opt/stack/neutron/neutron/manager.py:239}}
Apr 02 12:51:11.256447 np0000162892 devstack@neutron-api.service[102077]: DEBUG neutron.api.extensions [None req-c97d3e33-0e05-4477-90bf-1b042c860b09 None None] Ext name="Stateful security group" alias="stateful-security-group" description="Indicates if the security group is stateful or not" updated="2019-11-26T09:00:00-00:00" {{(pid=102077) _check_extension /opt/stack/neutron/neutron/api/extensions.py:415}}
Apr 02 12:51:11.256473 np0000162892 devstack@neutron-api.service[102079]: INFO neutron.manager [None req-cc2269aa-93e2-4717-8b0f-ea9114a7a76c None None] Loading Plugin: auto_allocate
Apr 02 12:51:11.256500 np0000162892 devstack@neutron-api.service[102077]: INFO neutron.api.extensions [None req-c97d3e33-0e05-4477-90bf-1b042c860b09 None None] Loaded extension: stateful-security-group
Apr 02 12:51:11.256500 np0000162892 devstack@neutron-api.service[102077]: DEBUG neutron.api.extensions [None req-c97d3e33-0e05-4477-90bf-1b042c860b09 None None] Loading extension file: stdattrs_common.py {{(pid=102077) _load_all_extensions_from_path /opt/stack/neutron/neutron/api/extensions.py:449}}
Apr 02 12:51:11.256500 np0000162892 devstack@neutron-api.service[102077]: WARNING neutron.api.extensions [None req-c97d3e33-0e05-4477-90bf-1b042c860b09 None None] Did not find expected name "Stdattrs_common" in /opt/stack/neutron/neutron/extensions/stdattrs_common.py
Apr 02 12:51:11.256500 np0000162892 devstack@neutron-api.service[102077]: DEBUG neutron.api.extensions [None req-c97d3e33-0e05-4477-90bf-1b042c860b09 None None] Loading extension file: subnet_dns_publish_fixed_ip.py {{(pid=102077) _load_all_extensions_from_path /opt/stack/neutron/neutron/api/extensions.py:449}}
Apr 02 12:51:11.256500 np0000162892 devstack@neutron-api.service[102077]: DEBUG neutron.api.extensions [None req-c97d3e33-0e05-4477-90bf-1b042c860b09 None None] Ext name="Subnet DNS publish fixed IP" alias="subnet-dns-publish-fixed-ip" description="Support choosing to publish DNS records for IPs from a subnet" updated="2019-05-24T10:00:00-00:00" {{(pid=102077) _check_extension /opt/stack/neutron/neutron/api/extensions.py:415}}
Apr 02 12:51:11.256500 np0000162892 devstack@neutron-api.service[102077]: INFO neutron.api.extensions [None req-c97d3e33-0e05-4477-90bf-1b042c860b09 None None] Loaded extension: subnet-dns-publish-fixed-ip
Apr 02 12:51:11.256500 np0000162892 devstack@neutron-api.service[102077]: DEBUG neutron.api.extensions [None req-c97d3e33-0e05-4477-90bf-1b042c860b09 None None] Loading extension file: subnet_external_network.py {{(pid=102077) _load_all_extensions_from_path /opt/stack/neutron/neutron/api/extensions.py:449}}
Apr 02 12:51:11.256667 np0000162892 devstack@neutron-api.service[102077]: DEBUG neutron.api.extensions [None req-c97d3e33-0e05-4477-90bf-1b042c860b09 None None] Ext name="Subnet belongs to an external network" alias="subnet-external-network" description="Informs if the subnet belongs to an external network" updated="2024-02-05T18:00:00-00:00" {{(pid=102077) _check_extension /opt/stack/neutron/neutron/api/extensions.py:415}}
Apr 02 12:51:11.256695 np0000162892 devstack@neutron-api.service[102079]: DEBUG neutron_lib.callbacks.manager [None req-cc2269aa-93e2-4717-8b0f-ea9114a7a76c None None] Subscribe: network precommit_update 55550000, False {{(pid=102079) subscribe /opt/stack/data/venv/lib/python3.12/site-packages/neutron_lib/callbacks/manager.py:52}}
Apr 02 12:51:11.256723 np0000162892 devstack@neutron-api.service[102077]: INFO neutron.api.extensions [None req-c97d3e33-0e05-4477-90bf-1b042c860b09 None None] Loaded extension: subnet-external-network
Apr 02 12:51:11.256753 np0000162892 devstack@neutron-api.service[102079]: DEBUG neutron_lib.callbacks.manager [None req-cc2269aa-93e2-4717-8b0f-ea9114a7a76c None None] Subscribe: network precommit_create 55550000, False {{(pid=102079) subscribe /opt/stack/data/venv/lib/python3.12/site-packages/neutron_lib/callbacks/manager.py:52}}
Apr 02 12:51:11.256784 np0000162892 devstack@neutron-api.service[102077]: DEBUG neutron.api.extensions [None req-c97d3e33-0e05-4477-90bf-1b042c860b09 None None] Loading extension file: subnet_onboard.py {{(pid=102077) _load_all_extensions_from_path /opt/stack/neutron/neutron/api/extensions.py:449}}
Apr 02 12:51:11.256810 np0000162892 devstack@neutron-api.service[102079]: DEBUG neutron.manager [None req-cc2269aa-93e2-4717-8b0f-ea9114a7a76c None None] Successfully loaded auto-allocated-topology plugin. Description: Auto Allocated Topology - aka get me a network. {{(pid=102079) _create_and_add_service_plugin /opt/stack/neutron/neutron/manager.py:239}}
Apr 02 12:51:11.256841 np0000162892 devstack@neutron-api.service[102077]: DEBUG neutron.api.extensions [None req-c97d3e33-0e05-4477-90bf-1b042c860b09 None None] Ext name="Subnet Onboard" alias="subnet_onboard" description="Provides support for onboarding subnets into subnet pools" updated="2018-12-18T09:00:00-00:00" {{(pid=102077) _check_extension /opt/stack/neutron/neutron/api/extensions.py:415}}
Apr 02 12:51:11.256964 np0000162892 devstack@neutron-api.service[102079]: INFO neutron.manager [None req-cc2269aa-93e2-4717-8b0f-ea9114a7a76c None None] Loading Plugin: tag
Apr 02 12:51:11.256991 np0000162892 devstack@neutron-api.service[102077]: INFO neutron.api.extensions [None req-c97d3e33-0e05-4477-90bf-1b042c860b09 None None] Extension subnet_onboard not supported by any of loaded plugins
Apr 02 12:51:11.256991 np0000162892 devstack@neutron-api.service[102077]: DEBUG neutron.api.extensions [None req-c97d3e33-0e05-4477-90bf-1b042c860b09 None None] Loading extension file: subnet_segmentid_writable.py {{(pid=102077) _load_all_extensions_from_path /opt/stack/neutron/neutron/api/extensions.py:449}}
Apr 02 12:51:11.256991 np0000162892 devstack@neutron-api.service[102077]: DEBUG neutron.api.extensions [None req-c97d3e33-0e05-4477-90bf-1b042c860b09 None None] Ext name="Subnet SegmentID (writable)" alias="subnet-segmentid-writable" description="Provides a writable segment_id attribute for a subnet resource." updated="2018-03-12T00:00:00-00:00" {{(pid=102077) _check_extension /opt/stack/neutron/neutron/api/extensions.py:415}}
Apr 02 12:51:11.256991 np0000162892 devstack@neutron-api.service[102077]: INFO neutron.api.extensions [None req-c97d3e33-0e05-4477-90bf-1b042c860b09 None None] Extension subnet-segmentid-writable not supported by any of loaded plugins
Apr 02 12:51:11.256991 np0000162892 devstack@neutron-api.service[102077]: DEBUG neutron.api.extensions [None req-c97d3e33-0e05-4477-90bf-1b042c860b09 None None] Loading extension file: subnet_service_types.py {{(pid=102077) _load_all_extensions_from_path /opt/stack/neutron/neutron/api/extensions.py:449}}
Apr 02 12:51:11.256991 np0000162892 devstack@neutron-api.service[102077]: DEBUG neutron.api.extensions [None req-c97d3e33-0e05-4477-90bf-1b042c860b09 None None] Ext name="Subnet service types" alias="subnet-service-types" description="Provides ability to set the subnet service_types field" updated="2016-03-15T18:00:00-00:00" {{(pid=102077) _check_extension /opt/stack/neutron/neutron/api/extensions.py:415}}
Apr 02 12:51:11.256991 np0000162892 devstack@neutron-api.service[102077]: INFO neutron.api.extensions [None req-c97d3e33-0e05-4477-90bf-1b042c860b09 None None] Loaded extension: subnet-service-types
Apr 02 12:51:11.257159 np0000162892 devstack@neutron-api.service[102077]: DEBUG neutron.api.extensions [None req-c97d3e33-0e05-4477-90bf-1b042c860b09 None None] Loading extension file: subnetallocation.py {{(pid=102077) _load_all_extensions_from_path /opt/stack/neutron/neutron/api/extensions.py:449}}
Apr 02 12:51:11.257159 np0000162892 devstack@neutron-api.service[102077]: DEBUG neutron.api.extensions [None req-c97d3e33-0e05-4477-90bf-1b042c860b09 None None] Ext name="Subnet Allocation" alias="subnet_allocation" description="Enables allocation of subnets from a subnet pool" updated="2015-03-30T10:00:00-00:00" {{(pid=102077) _check_extension /opt/stack/neutron/neutron/api/extensions.py:415}}
Apr 02 12:51:11.257159 np0000162892 devstack@neutron-api.service[102077]: INFO neutron.api.extensions [None req-c97d3e33-0e05-4477-90bf-1b042c860b09 None None] Loaded extension: subnet_allocation
Apr 02 12:51:11.257159 np0000162892 devstack@neutron-api.service[102077]: DEBUG neutron.api.extensions [None req-c97d3e33-0e05-4477-90bf-1b042c860b09 None None] Loading extension file: subnetpool_prefix_ops.py {{(pid=102077) _load_all_extensions_from_path /opt/stack/neutron/neutron/api/extensions.py:449}}
Apr 02 12:51:11.257159 np0000162892 devstack@neutron-api.service[102077]: DEBUG neutron.api.extensions [None req-c97d3e33-0e05-4477-90bf-1b042c860b09 None None] Ext name="Subnet Pool Prefix Operations" alias="subnetpool-prefix-ops" description="Provides support for adjusting the prefix list of subnet pools" updated="2019-02-08T10:00:00-00:00" {{(pid=102077) _check_extension /opt/stack/neutron/neutron/api/extensions.py:415}}
Apr 02 12:51:11.257159 np0000162892 devstack@neutron-api.service[102077]: INFO neutron.api.extensions [None req-c97d3e33-0e05-4477-90bf-1b042c860b09 None None] Loaded extension: subnetpool-prefix-ops
Apr 02 12:51:11.257159 np0000162892 devstack@neutron-api.service[102077]: DEBUG neutron.api.extensions [None req-c97d3e33-0e05-4477-90bf-1b042c860b09 None None] Loading extension file: tag_creation.py {{(pid=102077) _load_all_extensions_from_path /opt/stack/neutron/neutron/api/extensions.py:449}}
Apr 02 12:51:11.257323 np0000162892 devstack@neutron-api.service[102077]: DEBUG neutron.api.extensions [None req-c97d3e33-0e05-4477-90bf-1b042c860b09 None None] Ext name="Tag creation extension" alias="tag-creation" description="Allow to create multiple tags for a resource" updated="2024-23-07T10:00:00-00:00" {{(pid=102077) _check_extension /opt/stack/neutron/neutron/api/extensions.py:415}}
Apr 02 12:51:11.257323 np0000162892 devstack@neutron-api.service[102077]: INFO neutron.api.extensions [None req-c97d3e33-0e05-4477-90bf-1b042c860b09 None None] Loaded extension: tag-creation
Apr 02 12:51:11.257323 np0000162892 devstack@neutron-api.service[102077]: DEBUG neutron.api.extensions [None req-c97d3e33-0e05-4477-90bf-1b042c860b09 None None] Loading extension file: tag_ports_during_bulk_creation.py {{(pid=102077) _load_all_extensions_from_path /opt/stack/neutron/neutron/api/extensions.py:449}}
Apr 02 12:51:11.257323 np0000162892 devstack@neutron-api.service[102077]: DEBUG neutron.api.extensions [None req-c97d3e33-0e05-4477-90bf-1b042c860b09 None None] Ext name="Tag Ports During Bulk Creation" alias="tag-ports-during-bulk-creation" description="Allow to tag ports during bulk creation" updated="2019-12-29T19:00:00-00:00" {{(pid=102077) _check_extension /opt/stack/neutron/neutron/api/extensions.py:415}}
Apr 02 12:51:11.257323 np0000162892 devstack@neutron-api.service[102077]: INFO neutron.api.extensions [None req-c97d3e33-0e05-4477-90bf-1b042c860b09 None None] Extension tag-ports-during-bulk-creation not supported by any of loaded plugins
Apr 02 12:51:11.257323 np0000162892 devstack@neutron-api.service[102077]: DEBUG neutron.api.extensions [None req-c97d3e33-0e05-4477-90bf-1b042c860b09 None None] Loading extension file: tagging.py {{(pid=102077) _load_all_extensions_from_path /opt/stack/neutron/neutron/api/extensions.py:449}}
Apr 02 12:51:11.257466 np0000162892 devstack@neutron-api.service[102077]: DEBUG neutron.api.extensions [None req-c97d3e33-0e05-4477-90bf-1b042c860b09 None None] Ext name="Tag support for resources with standard attribute: port, subnet, subnetpool, network, security_group, router, floatingip, policy, trunk, network_segment_range" alias="standard-attr-tag" description="Enables to set tag on resources with standard attribute." updated="2017-01-01T00:00:00-00:00" {{(pid=102077) _check_extension /opt/stack/neutron/neutron/api/extensions.py:415}}
Apr 02 12:51:11.257522 np0000162892 devstack@neutron-api.service[102079]: DEBUG neutron.manager [None req-cc2269aa-93e2-4717-8b0f-ea9114a7a76c None None] Successfully loaded TAG plugin. Description: Tag support {{(pid=102079) _create_and_add_service_plugin /opt/stack/neutron/neutron/manager.py:239}}
Apr 02 12:51:11.257522 np0000162892 devstack@neutron-api.service[102079]: INFO neutron.manager [None req-cc2269aa-93e2-4717-8b0f-ea9114a7a76c None None] Loading Plugin: timestamp
Apr 02 12:51:11.257577 np0000162892 devstack@neutron-api.service[102077]: INFO neutron.api.extensions [None req-c97d3e33-0e05-4477-90bf-1b042c860b09 None None] Loaded extension: standard-attr-tag
Apr 02 12:51:11.257577 np0000162892 devstack@neutron-api.service[102077]: DEBUG neutron.api.extensions [None req-c97d3e33-0e05-4477-90bf-1b042c860b09 None None] Loading extension file: timestamp.py {{(pid=102077) _load_all_extensions_from_path /opt/stack/neutron/neutron/api/extensions.py:449}}
Apr 02 12:51:11.257577 np0000162892 devstack@neutron-api.service[102077]: DEBUG neutron.api.extensions [None req-c97d3e33-0e05-4477-90bf-1b042c860b09 None None] Ext name="Resource timestamps" alias="standard-attr-timestamp" description="Adds created_at and updated_at fields to all Neutron resources that have Neutron standard attributes." updated="2016-09-12T10:00:00-00:00" {{(pid=102077) _check_extension /opt/stack/neutron/neutron/api/extensions.py:415}}
Apr 02 12:51:11.257577 np0000162892 devstack@neutron-api.service[102077]: INFO neutron.api.extensions [None req-c97d3e33-0e05-4477-90bf-1b042c860b09 None None] Loaded extension: standard-attr-timestamp
Apr 02 12:51:11.257577 np0000162892 devstack@neutron-api.service[102077]: DEBUG neutron.api.extensions [None req-c97d3e33-0e05-4477-90bf-1b042c860b09 None None] Loading extension file: trunk.py {{(pid=102077) _load_all_extensions_from_path /opt/stack/neutron/neutron/api/extensions.py:449}}
Apr 02 12:51:11.257577 np0000162892 devstack@neutron-api.service[102077]: DEBUG neutron.api.extensions [None req-c97d3e33-0e05-4477-90bf-1b042c860b09 None None] Ext name="Trunk Extension" alias="trunk" description="Provides support for trunk ports" updated="2016-01-01T10:00:00-00:00" {{(pid=102077) _check_extension /opt/stack/neutron/neutron/api/extensions.py:415}}
Apr 02 12:51:11.257577 np0000162892 devstack@neutron-api.service[102077]: INFO neutron.api.extensions [None req-c97d3e33-0e05-4477-90bf-1b042c860b09 None None] Extension trunk not supported by any of loaded plugins
Apr 02 12:51:11.257577 np0000162892 devstack@neutron-api.service[102077]: DEBUG neutron.api.extensions [None req-c97d3e33-0e05-4477-90bf-1b042c860b09 None None] Loading extension file: trunk_details.py {{(pid=102077) _load_all_extensions_from_path /opt/stack/neutron/neutron/api/extensions.py:449}}
Apr 02 12:51:11.257773 np0000162892 devstack@neutron-api.service[102077]: DEBUG neutron.api.extensions [None req-c97d3e33-0e05-4477-90bf-1b042c860b09 None None] Ext name="Trunk port details" alias="trunk-details" description="Expose trunk port details" updated="2016-01-01T10:00:00-00:00" {{(pid=102077) _check_extension /opt/stack/neutron/neutron/api/extensions.py:415}}
Apr 02 12:51:11.257773 np0000162892 devstack@neutron-api.service[102077]: INFO neutron.api.extensions [None req-c97d3e33-0e05-4477-90bf-1b042c860b09 None None] Extension trunk-details not supported by any of loaded plugins
Apr 02 12:51:11.257825 np0000162892 devstack@neutron-api.service[102079]: DEBUG neutron.manager [None req-cc2269aa-93e2-4717-8b0f-ea9114a7a76c None None] Successfully loaded timestamp plugin. Description: Adds timestamps to Neutron resources with standard attributes {{(pid=102079) _create_and_add_service_plugin /opt/stack/neutron/neutron/manager.py:239}}
Apr 02 12:51:11.257856 np0000162892 devstack@neutron-api.service[102077]: DEBUG neutron.api.extensions [None req-c97d3e33-0e05-4477-90bf-1b042c860b09 None None] Loading extension file: uplink_status_propagation.py {{(pid=102077) _load_all_extensions_from_path /opt/stack/neutron/neutron/api/extensions.py:449}}
Apr 02 12:51:11.257901 np0000162892 devstack@neutron-api.service[102079]: INFO neutron.manager [None req-cc2269aa-93e2-4717-8b0f-ea9114a7a76c None None] Loading Plugin: network_ip_availability
Apr 02 12:51:11.257930 np0000162892 devstack@neutron-api.service[102077]: DEBUG neutron.api.extensions [None req-c97d3e33-0e05-4477-90bf-1b042c860b09 None None] Ext name="Uplink status propagation extension" alias="uplink-status-propagation" description="Provides ability to propagate port uplink status." updated="2018-05-31T18:00:00-00:00" {{(pid=102077) _check_extension /opt/stack/neutron/neutron/api/extensions.py:415}}
Apr 02 12:51:11.257930 np0000162892 devstack@neutron-api.service[102077]: INFO neutron.api.extensions [None req-c97d3e33-0e05-4477-90bf-1b042c860b09 None None] Extension uplink-status-propagation not supported by any of loaded plugins
Apr 02 12:51:11.257930 np0000162892 devstack@neutron-api.service[102077]: DEBUG neutron.api.extensions [None req-c97d3e33-0e05-4477-90bf-1b042c860b09 None None] Loading extension file: uplink_status_propagation_updatable.py {{(pid=102077) _load_all_extensions_from_path /opt/stack/neutron/neutron/api/extensions.py:449}}
Apr 02 12:51:11.257930 np0000162892 devstack@neutron-api.service[102077]: DEBUG neutron.api.extensions [None req-c97d3e33-0e05-4477-90bf-1b042c860b09 None None] Ext name="Uplink status propagation updatable extension" alias="uplink-status-propagation-updatable" description="Provides ability to update the port uplink status." updated="2024-09-03T18:00:00-00:00" {{(pid=102077) _check_extension /opt/stack/neutron/neutron/api/extensions.py:415}}
Apr 02 12:51:11.257930 np0000162892 devstack@neutron-api.service[102077]: INFO neutron.api.extensions [None req-c97d3e33-0e05-4477-90bf-1b042c860b09 None None] Extension uplink-status-propagation-updatable not supported by any of loaded plugins
Apr 02 12:51:11.257930 np0000162892 devstack@neutron-api.service[102077]: DEBUG neutron.api.extensions [None req-c97d3e33-0e05-4477-90bf-1b042c860b09 None None] Loading extension file: vlantransparent.py {{(pid=102077) _load_all_extensions_from_path /opt/stack/neutron/neutron/api/extensions.py:449}}
Apr 02 12:51:11.258079 np0000162892 devstack@neutron-api.service[102077]: DEBUG neutron.api.extensions [None req-c97d3e33-0e05-4477-90bf-1b042c860b09 None None] Ext name="Vlantransparent" alias="vlan-transparent" description="Provides Vlan Transparent Networks" updated="2015-03-23T09:00:00-00:00" {{(pid=102077) _check_extension /opt/stack/neutron/neutron/api/extensions.py:415}}
Apr 02 12:51:11.258079 np0000162892 devstack@neutron-api.service[102077]: INFO neutron.api.extensions [None req-c97d3e33-0e05-4477-90bf-1b042c860b09 None None] Loaded extension: vlan-transparent
Apr 02 12:51:11.258132 np0000162892 devstack@neutron-api.service[102079]: DEBUG neutron.manager [None req-cc2269aa-93e2-4717-8b0f-ea9114a7a76c None None] Successfully loaded network-ip-availability plugin. Description: Provides IP availability data for each network and subnet. {{(pid=102079) _create_and_add_service_plugin /opt/stack/neutron/neutron/manager.py:239}}
Apr 02 12:51:11.258132 np0000162892 devstack@neutron-api.service[102079]: INFO neutron.manager [None req-cc2269aa-93e2-4717-8b0f-ea9114a7a76c None None] Loading Plugin: flavors
Apr 02 12:51:11.258210 np0000162892 devstack@neutron-api.service[102077]: INFO neutron.quota.resource_registry [None req-c97d3e33-0e05-4477-90bf-1b042c860b09 None None] Creating instance of TrackedResource for resource:network
Apr 02 12:51:11.258238 np0000162892 devstack@neutron-api.service[102079]: DEBUG neutron.manager [None req-cc2269aa-93e2-4717-8b0f-ea9114a7a76c None None] Successfully loaded FLAVORS plugin. Description: Neutron Flavors and Service Profiles manager plugin {{(pid=102079) _create_and_add_service_plugin /opt/stack/neutron/neutron/manager.py:239}}
Apr 02 12:51:11.258264 np0000162892 devstack@neutron-api.service[102077]: INFO neutron.quota.resource_registry [None req-c97d3e33-0e05-4477-90bf-1b042c860b09 None None] Creating instance of TrackedResource for resource:subnet
Apr 02 12:51:11.258290 np0000162892 devstack@neutron-api.service[102079]: INFO neutron.manager [None req-cc2269aa-93e2-4717-8b0f-ea9114a7a76c None None] Loading Plugin: revisions
Apr 02 12:51:11.258316 np0000162892 devstack@neutron-api.service[102077]: INFO neutron.quota.resource_registry [None req-c97d3e33-0e05-4477-90bf-1b042c860b09 None None] Creating instance of TrackedResource for resource:subnetpool
Apr 02 12:51:11.258316 np0000162892 devstack@neutron-api.service[102077]: INFO neutron.quota.resource_registry [None req-c97d3e33-0e05-4477-90bf-1b042c860b09 None None] Creating instance of TrackedResource for resource:port
Apr 02 12:51:11.258422 np0000162892 devstack@neutron-api.service[102079]: DEBUG neutron.manager [None req-cc2269aa-93e2-4717-8b0f-ea9114a7a76c None None] Successfully loaded revision_plugin plugin. Description: Adds revision numbers to resources. {{(pid=102079) _create_and_add_service_plugin /opt/stack/neutron/neutron/manager.py:239}}
Apr 02 12:51:11.258614 np0000162892 devstack@neutron-api.service[102079]: DEBUG oslo_concurrency.lockutils [None req-cc2269aa-93e2-4717-8b0f-ea9114a7a76c None None] Lock "manager" "released" by "neutron.manager.NeutronManager._create_instance" :: held 4.808s {{(pid=102079) inner /opt/stack/data/venv/lib/python3.12/site-packages/oslo_concurrency/lockutils.py:538}}
Apr 02 12:51:11.258987 np0000162892 devstack@neutron-api.service[102077]: DEBUG neutron.api.v2.resource_helper [None req-c97d3e33-0e05-4477-90bf-1b042c860b09 None None] Service L3_ROUTER_NAT assigned prefix: {{(pid=102077) build_resource_info /opt/stack/neutron/neutron/api/v2/resource_helper.py:77}}
Apr 02 12:51:11.259020 np0000162892 devstack@neutron-api.service[102079]: DEBUG neutron.api.extensions [None req-cc2269aa-93e2-4717-8b0f-ea9114a7a76c None None] get_extension_paths = OrderedDict({'/opt/stack/neutron/neutron/extensions': 1}) {{(pid=102079) get_extensions_path /opt/stack/neutron/neutron/api/extensions.py:640}}
Apr 02 12:51:11.259098 np0000162892 devstack@neutron-api.service[102079]: INFO neutron.api.extensions [None req-cc2269aa-93e2-4717-8b0f-ea9114a7a76c None None] Initializing extension manager.
Apr 02 12:51:11.259250 np0000162892 devstack@neutron-api.service[102077]: DEBUG neutron.api.v2.resource_helper [None req-c97d3e33-0e05-4477-90bf-1b042c860b09 None None] Service FLAVORS assigned prefix: {{(pid=102077) build_resource_info /opt/stack/neutron/neutron/api/v2/resource_helper.py:77}}
Apr 02 12:51:11.259441 np0000162892 devstack@neutron-api.service[102079]: DEBUG neutron.api.extensions [None req-cc2269aa-93e2-4717-8b0f-ea9114a7a76c None None] Loading extension file: __init__.py {{(pid=102079) _load_all_extensions_from_path /opt/stack/neutron/neutron/api/extensions.py:449}}
Apr 02 12:51:11.259598 np0000162892 devstack@neutron-api.service[102079]: DEBUG neutron.api.extensions [None req-cc2269aa-93e2-4717-8b0f-ea9114a7a76c None None] Loading extension file: __pycache__ {{(pid=102079) _load_all_extensions_from_path /opt/stack/neutron/neutron/api/extensions.py:449}}
Apr 02 12:51:11.259754 np0000162892 devstack@neutron-api.service[102079]: DEBUG neutron.api.extensions [None req-cc2269aa-93e2-4717-8b0f-ea9114a7a76c None None] Loading extension file: address_group.py {{(pid=102079) _load_all_extensions_from_path /opt/stack/neutron/neutron/api/extensions.py:449}}
Apr 02 12:51:11.262290 np0000162892 devstack@neutron-api.service[102079]: DEBUG neutron.api.extensions [None req-cc2269aa-93e2-4717-8b0f-ea9114a7a76c None None] Ext name="Address group" alias="address-group" description="Support address group" updated="2020-07-15T10:00:00-00:00" {{(pid=102079) _check_extension /opt/stack/neutron/neutron/api/extensions.py:415}}
Apr 02 12:51:11.262343 np0000162892 devstack@neutron-api.service[102077]: DEBUG neutron.api.v2.resource_helper [None req-c97d3e33-0e05-4477-90bf-1b042c860b09 None None] Service L3_ROUTER_NAT assigned prefix: {{(pid=102077) build_resource_info /opt/stack/neutron/neutron/api/v2/resource_helper.py:77}}
Apr 02 12:51:11.262377 np0000162892 devstack@neutron-api.service[102079]: INFO neutron.api.extensions [None req-cc2269aa-93e2-4717-8b0f-ea9114a7a76c None None] Loaded extension: address-group
Apr 02 12:51:11.262406 np0000162892 devstack@neutron-api.service[102077]: DEBUG neutron.api.v2.resource_helper [None req-c97d3e33-0e05-4477-90bf-1b042c860b09 None None] Service L3_ROUTER_NAT assigned prefix: {{(pid=102077) build_resource_info /opt/stack/neutron/neutron/api/v2/resource_helper.py:77}}
Apr 02 12:51:11.262436 np0000162892 devstack@neutron-api.service[102079]: DEBUG neutron.api.extensions [None req-cc2269aa-93e2-4717-8b0f-ea9114a7a76c None None] Loading extension file: address_scope.py {{(pid=102079) _load_all_extensions_from_path /opt/stack/neutron/neutron/api/extensions.py:449}}
Apr 02 12:51:11.262513 np0000162892 devstack@neutron-api.service[102077]: INFO neutron.quota.resource_registry [None req-c97d3e33-0e05-4477-90bf-1b042c860b09 None None] Creating instance of TrackedResource for resource:router
Apr 02 12:51:11.262609 np0000162892 devstack@neutron-api.service[102079]: DEBUG neutron.api.extensions [None req-cc2269aa-93e2-4717-8b0f-ea9114a7a76c None None] Ext name="Address scope" alias="address-scope" description="Address scopes extension." updated="2015-07-26T10:00:00-00:00" {{(pid=102079) _check_extension /opt/stack/neutron/neutron/api/extensions.py:415}}
Apr 02 12:51:11.262948 np0000162892 devstack@neutron-api.service[102077]: INFO neutron.quota.resource_registry [None req-c97d3e33-0e05-4477-90bf-1b042c860b09 None None] Creating instance of TrackedResource for resource:floatingip
Apr 02 12:51:11.263098 np0000162892 devstack@neutron-api.service[102079]: INFO neutron.api.extensions [None req-cc2269aa-93e2-4717-8b0f-ea9114a7a76c None None] Loaded extension: address-scope
Apr 02 12:51:11.263098 np0000162892 devstack@neutron-api.service[102079]: DEBUG neutron.api.extensions [None req-cc2269aa-93e2-4717-8b0f-ea9114a7a76c None None] Loading extension file: admin_state_down_before_update.py {{(pid=102079) _load_all_extensions_from_path /opt/stack/neutron/neutron/api/extensions.py:449}}
Apr 02 12:51:11.263098 np0000162892 devstack@neutron-api.service[102079]: DEBUG neutron.api.extensions [None req-cc2269aa-93e2-4717-8b0f-ea9114a7a76c None None] Ext name="Enforce Router's Admin State Down Before Update Extension" alias="router-admin-state-down-before-update" description="Ensure that the admin state of a router is DOWN (admin_state_up=False) before updating the distributed attribute" updated="2019-07-02T15:56:00" {{(pid=102079) _check_extension /opt/stack/neutron/neutron/api/extensions.py:415}}
Apr 02 12:51:11.263098 np0000162892 devstack@neutron-api.service[102079]: INFO neutron.api.extensions [None req-cc2269aa-93e2-4717-8b0f-ea9114a7a76c None None] Extension router-admin-state-down-before-update not supported by any of loaded plugins
Apr 02 12:51:11.263098 np0000162892 devstack@neutron-api.service[102079]: DEBUG neutron.api.extensions [None req-cc2269aa-93e2-4717-8b0f-ea9114a7a76c None None] Loading extension file: agent.py {{(pid=102079) _load_all_extensions_from_path /opt/stack/neutron/neutron/api/extensions.py:449}}
Apr 02 12:51:11.263342 np0000162892 devstack@neutron-api.service[102077]: INFO neutron.quota.resource_registry [None req-c97d3e33-0e05-4477-90bf-1b042c860b09 None None] Creating instance of CountableResource for resource:rbac_policy
Apr 02 12:51:11.263455 np0000162892 devstack@neutron-api.service[102079]: DEBUG neutron.api.extensions [None req-cc2269aa-93e2-4717-8b0f-ea9114a7a76c None None] Ext name="agent" alias="agent" description="The agent management extension." updated="2013-02-03T10:00:00-00:00" {{(pid=102079) _check_extension /opt/stack/neutron/neutron/api/extensions.py:415}}
Apr 02 12:51:11.263455 np0000162892 devstack@neutron-api.service[102079]: INFO neutron.api.extensions [None req-cc2269aa-93e2-4717-8b0f-ea9114a7a76c None None] Loaded extension: agent
Apr 02 12:51:11.263455 np0000162892 devstack@neutron-api.service[102079]: DEBUG neutron.api.extensions [None req-cc2269aa-93e2-4717-8b0f-ea9114a7a76c None None] Loading extension file: agent_resources_synced.py {{(pid=102079) _load_all_extensions_from_path /opt/stack/neutron/neutron/api/extensions.py:449}}
Apr 02 12:51:11.263550 np0000162892 devstack@neutron-api.service[102077]: INFO neutron.quota.resource_registry [None req-c97d3e33-0e05-4477-90bf-1b042c860b09 None None] Creating instance of TrackedResource for resource:security_group
Apr 02 12:51:11.263631 np0000162892 devstack@neutron-api.service[102079]: DEBUG neutron.api.extensions [None req-cc2269aa-93e2-4717-8b0f-ea9114a7a76c None None] Ext name="Agent's Resource View Synced to Placement" alias="agent-resources-synced" description="Stores success/failure of last sync to Placement" updated="2018-12-19T00:00:00-00:00" {{(pid=102079) _check_extension /opt/stack/neutron/neutron/api/extensions.py:415}}
Apr 02 12:51:11.263890 np0000162892 devstack@neutron-api.service[102079]: INFO neutron.api.extensions [None req-cc2269aa-93e2-4717-8b0f-ea9114a7a76c None None] Extension agent-resources-synced not supported by any of loaded plugins
Apr 02 12:51:11.263997 np0000162892 devstack@neutron-api.service[102077]: INFO neutron.quota.resource_registry [None req-c97d3e33-0e05-4477-90bf-1b042c860b09 None None] Creating instance of TrackedResource for resource:security_group_rule
Apr 02 12:51:11.264053 np0000162892 devstack@neutron-api.service[102079]: DEBUG neutron.api.extensions [None req-cc2269aa-93e2-4717-8b0f-ea9114a7a76c None None] Loading extension file: allowedaddresspairs.py {{(pid=102079) _load_all_extensions_from_path /opt/stack/neutron/neutron/api/extensions.py:449}}
Apr 02 12:51:11.264719 np0000162892 devstack@neutron-api.service[102077]: DEBUG neutron.api.v2.resource_helper [None req-c97d3e33-0e05-4477-90bf-1b042c860b09 None None] Service CORE assigned prefix: {{(pid=102077) build_resource_info /opt/stack/neutron/neutron/api/v2/resource_helper.py:77}}
Apr 02 12:51:11.264935 np0000162892 devstack@neutron-api.service[102077]: INFO neutron.quota.resource_registry [None req-c97d3e33-0e05-4477-90bf-1b042c860b09 None None] Creating instance of TrackedResource for resource:subnetpool
Apr 02 12:51:11.265036 np0000162892 devstack@neutron-api.service[102079]: DEBUG neutron.api.extensions [None req-cc2269aa-93e2-4717-8b0f-ea9114a7a76c None None] Ext name="Allowed Address Pairs" alias="allowed-address-pairs" description="Provides allowed address pairs" updated="2013-07-23T10:00:00-00:00" {{(pid=102079) _check_extension /opt/stack/neutron/neutron/api/extensions.py:415}}
Apr 02 12:51:11.265144 np0000162892 devstack@neutron-api.service[102077]: WARNING neutron.quota.resource_registry [None req-c97d3e33-0e05-4477-90bf-1b042c860b09 None None] subnetpool is already registered
Apr 02 12:51:11.265349 np0000162892 devstack@neutron-api.service[102079]: INFO neutron.api.extensions [None req-cc2269aa-93e2-4717-8b0f-ea9114a7a76c None None] Loaded extension: allowed-address-pairs
