Feb 17 02:26:34.746709 np0000155893 devstack@neutron-api.service[104048]: DEBUG neutron.plugins.ml2.drivers.ovn.mech_driver.ovsdb.ovsdb_monitor [-] Hash Ring: Node 93a7c444188553bfbaa17b03fa5aed43 (host: np0000155893) handling event "update" for row 5eebdb7c-43b6-4f0a-a99b-60e57e0ee020 (table: Logical_Switch_Port) {{(pid=104048) notify /opt/stack/neutron/neutron/plugins/ml2/drivers/ovn/mech_driver/ovsdb/ovsdb_monitor.py:920}}
Feb 17 02:26:34.748462 np0000155893 devstack@neutron-api.service[104049]: DEBUG neutron.plugins.ml2.drivers.ovn.mech_driver.ovsdb.ovsdb_monitor [-] Hash Ring: Node 984af1bc4939523d892ad3d58c247743 (host: np0000155893) handling event "create" for row 21181d17-6a47-46fc-b66b-fa4ad7d9d282 (table: DHCP_Options) {{(pid=104049) notify /opt/stack/neutron/neutron/plugins/ml2/drivers/ovn/mech_driver/ovsdb/ovsdb_monitor.py:920}}
Feb 17 02:26:34.749271 np0000155893 devstack@neutron-api.service[104049]: DEBUG neutron.plugins.ml2.drivers.ovn.mech_driver.ovsdb.ovsdb_monitor [-] Hash Ring: Node 984af1bc4939523d892ad3d58c247743 (host: np0000155893) handling event "update" for row 5eebdb7c-43b6-4f0a-a99b-60e57e0ee020 (table: Logical_Switch_Port) {{(pid=104049) notify /opt/stack/neutron/neutron/plugins/ml2/drivers/ovn/mech_driver/ovsdb/ovsdb_monitor.py:920}}
Feb 17 02:26:34.749324 np0000155893 devstack@neutron-api.service[104046]: DEBUG neutron.plugins.ml2.drivers.ovn.mech_driver.ovsdb.ovsdb_monitor [-] Hash Ring: Node 4490c4d10ed351dba797acd8f49b5b64 (host: np0000155893) handling event "update" for row f9867391-d6b0-4845-aebf-7bff48816b99 (table: Port_Binding) {{(pid=104046) notify /opt/stack/neutron/neutron/plugins/ml2/drivers/ovn/mech_driver/ovsdb/ovsdb_monitor.py:920}}
Feb 17 02:26:34.750574 np0000155893 devstack@neutron-api.service[104049]: DEBUG neutron.plugins.ml2.drivers.ovn.mech_driver.ovsdb.ovsdb_monitor [-] Hash Ring: Node 984af1bc4939523d892ad3d58c247743 (host: np0000155893) handling event "update" for row f9867391-d6b0-4845-aebf-7bff48816b99 (table: Port_Binding) {{(pid=104049) notify /opt/stack/neutron/neutron/plugins/ml2/drivers/ovn/mech_driver/ovsdb/ovsdb_monitor.py:920}}
Feb 17 02:26:34.782259 np0000155893 devstack@neutron-api.service[104047]: INFO neutron.db.ovn_revision_numbers_db [None req-d71ae5b3-e759-43c5-bdf7-e368c5f4cabe admin admin] Successfully bumped revision number for resource 80d755ba-5a5a-4a7f-a2ee-493cbe672377 (type: ports) to 2
Feb 17 02:26:34.793967 np0000155893 devstack@neutron-api.service[104047]: DEBUG neutron.plugins.ml2.plugin [None req-d71ae5b3-e759-43c5-bdf7-e368c5f4cabe admin admin] In _notify_port_updated(), no bound segment for port 80d755ba-5a5a-4a7f-a2ee-493cbe672377 on network a4eb83e6-6538-4fd0-a1ad-783f6fde87fb {{(pid=104047) _notify_port_updated /opt/stack/neutron/neutron/plugins/ml2/plugin.py:1036}}
Feb 17 02:26:34.828012 np0000155893 devstack@neutron-api.service[104047]: INFO neutron.db.ovn_revision_numbers_db [None req-d71ae5b3-e759-43c5-bdf7-e368c5f4cabe admin admin] Successfully bumped revision number for resource 29467d7f-cf88-40fe-9407-6c237678d7b2 (type: subnets) to 0
Feb 17 02:26:34.829359 np0000155893 devstack@neutron-api.service[104047]: DEBUG neutron.pecan_wsgi.hooks.policy_enforcement [None req-d71ae5b3-e759-43c5-bdf7-e368c5f4cabe admin admin] Attributes excluded by policy engine: ['standard_attr_id', 'shared', 'network'] {{(pid=104047) _exclude_attributes_by_policy /opt/stack/neutron/neutron/pecan_wsgi/hooks/policy_enforcement.py:258}}
Feb 17 02:26:34.829715 np0000155893 devstack@neutron-api.service[104047]: DEBUG neutron_lib.callbacks.manager [None req-d71ae5b3-e759-43c5-bdf7-e368c5f4cabe admin admin] Publish callbacks [] for subnet (None), before_response {{(pid=104047) _notify_loop /opt/stack/data/venv/lib/python3.12/site-packages/neutron_lib/callbacks/manager.py:184}}
Feb 17 02:26:34.844947 np0000155893 devstack@neutron-api.service[104047]: [pid: 104047|app: 0|req: 2/8] 199.204.45.138 () {68 vars in 1354 bytes} [Tue Feb 17 02:26:33 2026] POST /networking/v2.0/subnets => generated 666 bytes in 1251 msecs (HTTP/1.1 201) 4 headers in 162 bytes (1 switches on core 0)
Feb 17 02:26:35.329835 np0000155893 devstack@neutron-api.service[104046]: DEBUG neutron.pecan_wsgi.hooks.policy_enforcement [None req-26d13a9f-a205-44a2-a611-d980ed669d1b admin admin] Attributes excluded by policy engine: ['standard_attr_id'] {{(pid=104046) _exclude_attributes_by_policy /opt/stack/neutron/neutron/pecan_wsgi/hooks/policy_enforcement.py:258}}
Feb 17 02:26:35.331426 np0000155893 devstack@neutron-api.service[104046]: [pid: 104046|app: 0|req: 2/9] 199.204.45.138 () {64 vars in 1414 bytes} [Tue Feb 17 02:26:35 2026] GET /networking/v2.0/networks/a4eb83e6-6538-4fd0-a1ad-783f6fde87fb => generated 700 bytes in 54 msecs (HTTP/1.1 200) 4 headers in 157 bytes (1 switches on core 0)
Feb 17 02:26:35.344603 np0000155893 devstack@neutron-api.service[104049]: DEBUG neutron.api.wsgi [None req-e3804aca-9bc9-4385-90e9-fb488b8e1575 admin admin] Missing Content-Type {{(pid=104049) get_content_type /opt/stack/neutron/neutron/api/wsgi.py:85}}
Feb 17 02:26:35.360105 np0000155893 devstack@neutron-api.service[104049]: [pid: 104049|app: 0|req: 4/10] 199.204.45.138 () {64 vars in 1423 bytes} [Tue Feb 17 02:26:35 2026] GET /networking/v2.0/subnetpools/7d53fe31-a25b-475c-9f62-79e0e3627238 => generated 531 bytes in 18 msecs (HTTP/1.1 200) 4 headers in 157 bytes (1 switches on core 0)
Feb 17 02:26:35.373493 np0000155893 devstack@neutron-api.service[104048]: DEBUG neutron.api.v2.base [None req-dc95cf1b-2ec4-4dde-8b59-e069d5ca7c7e admin admin] Request body: {'subnet': {'ip_version': 6, 'subnetpool_id': '7d53fe31-a25b-475c-9f62-79e0e3627238', 'network_id': 'a4eb83e6-6538-4fd0-a1ad-783f6fde87fb', 'name': 'ipv6-private-subnet', 'ipv6_address_mode': 'slaac', 'ipv6_ra_mode': 'slaac'}} {{(pid=104048) prepare_request_body /opt/stack/neutron/neutron/api/v2/base.py:729}}
Feb 17 02:26:35.393624 np0000155893 devstack@neutron-api.service[104048]: DEBUG neutron.pecan_wsgi.hooks.quota_enforcement [None req-dc95cf1b-2ec4-4dde-8b59-e069d5ca7c7e admin admin] Made reservation on behalf of 93f1a645b2704fbea36dd4649da77921 for: {'subnet': 1} {{(pid=104048) before /opt/stack/neutron/neutron/pecan_wsgi/hooks/quota_enforcement.py:66}}
Feb 17 02:26:35.397683 np0000155893 devstack@neutron-api.service[104048]: DEBUG neutron_lib.callbacks.manager [None req-dc95cf1b-2ec4-4dde-8b59-e069d5ca7c7e admin admin] Publish callbacks [] for subnet (None), before_create {{(pid=104048) _notify_loop /opt/stack/data/venv/lib/python3.12/site-packages/neutron_lib/callbacks/manager.py:184}}
Feb 17 02:26:35.600221 np0000155893 devstack@neutron-api.service[104048]: DEBUG neutron.db.ovn_revision_numbers_db [None req-dc95cf1b-2ec4-4dde-8b59-e069d5ca7c7e admin admin] create_initial_revision uuid=16046e39-6e25-46f4-a666-e184c18dc097, type=subnets, rev=-1 {{(pid=104048) create_initial_revision /opt/stack/neutron/neutron/db/ovn_revision_numbers_db.py:98}}
Feb 17 02:26:35.677170 np0000155893 devstack@neutron-api.service[104048]: DEBUG neutron.objects.ports [None req-dc95cf1b-2ec4-4dde-8b59-e069d5ca7c7e admin admin] Time-cost: Fetching 1 ports in 0 security groups {{(pid=104048) get_objects /opt/stack/neutron/neutron/objects/ports.py:499}}
Feb 17 02:26:36.016119 np0000155893 devstack@neutron-api.service[104048]: DEBUG neutron_lib.callbacks.manager [None req-dc95cf1b-2ec4-4dde-8b59-e069d5ca7c7e admin admin] Publish callbacks ['neutron.plugins.ml2.plugin.SecurityGroupDbMixin._ensure_default_security_group_handler-222836', 'neutron.services.ovn_l3.plugin.OVNL3RouterPlugin._port_update-7804614393376', 'neutron.db.l3_db.L3_NAT_dbonly_mixin._prevent_internal_ip_change_for_fip-7804615935620'] for port (80d755ba-5a5a-4a7f-a2ee-493cbe672377), before_update {{(pid=104048) _notify_loop /opt/stack/data/venv/lib/python3.12/site-packages/neutron_lib/callbacks/manager.py:184}}
Feb 17 02:26:36.171148 np0000155893 devstack@neutron-api.service[104048]: DEBUG neutron_lib.callbacks.manager [None req-dc95cf1b-2ec4-4dde-8b59-e069d5ca7c7e admin admin] Publish callbacks [] for port (80d755ba-5a5a-4a7f-a2ee-493cbe672377), precommit_update {{(pid=104048) _notify_loop /opt/stack/data/venv/lib/python3.12/site-packages/neutron_lib/callbacks/manager.py:184}}
Feb 17 02:26:36.171448 np0000155893 devstack@neutron-api.service[104048]: DEBUG neutron.plugins.ml2.drivers.ovn.mech_driver.mech_driver [None req-dc95cf1b-2ec4-4dde-8b59-e069d5ca7c7e admin admin] No provisioning block for port 80d755ba-5a5a-4a7f-a2ee-493cbe672377 since it does not have a host {{(pid=104048) _is_port_provisioning_required /opt/stack/neutron/neutron/plugins/ml2/drivers/ovn/mech_driver/mech_driver.py:883}}
Feb 17 02:26:36.176452 np0000155893 devstack@neutron-api.service[104048]: DEBUG neutron_lib.callbacks.manager [None req-dc95cf1b-2ec4-4dde-8b59-e069d5ca7c7e admin admin] Publish callbacks ['neutron.plugins.ml2.ovo_rpc._ObjectChangeHandler.handle_event-1939361', 'neutron.db.l3_db.L3RpcNotifierMixin._notify_gateway_port_ip_changed-7804615938952', 'neutron.services.ovn_l3.plugin.OVNL3RouterPlugin._port_update-7804614393376'] for port (80d755ba-5a5a-4a7f-a2ee-493cbe672377), after_update {{(pid=104048) _notify_loop /opt/stack/data/venv/lib/python3.12/site-packages/neutron_lib/callbacks/manager.py:184}}
Feb 17 02:26:36.221406 np0000155893 devstack@neutron-api.service[104048]: DEBUG neutron.api.rpc.handlers.resources_rpc [None req-dc95cf1b-2ec4-4dde-8b59-e069d5ca7c7e admin admin] Pushing event updated for resources: {'Port': ['ID=80d755ba-5a5a-4a7f-a2ee-493cbe672377,revision_number=3']} {{(pid=104048) push /opt/stack/neutron/neutron/api/rpc/handlers/resources_rpc.py:237}}
Feb 17 02:26:36.226816 np0000155893 devstack@neutron-api.service[104048]: DEBUG neutron.api.rpc.callbacks.version_manager [None req-dc95cf1b-2ec4-4dde-8b59-e069d5ca7c7e admin admin] Tracked resource versions report:
Feb 17 02:26:36.226816 np0000155893 devstack@neutron-api.service[104048]: pushed versions:
Feb 17 02:26:36.226816 np0000155893 devstack@neutron-api.service[104048]: { 'AddressGroup': {'1.2'},
Feb 17 02:26:36.226816 np0000155893 devstack@neutron-api.service[104048]: 'Agent': {'1.1'},
Feb 17 02:26:36.226816 np0000155893 devstack@neutron-api.service[104048]: 'ConntrackHelper': {'1.0'},
Feb 17 02:26:36.226816 np0000155893 devstack@neutron-api.service[104048]: 'LocalIPAssociation': {'1.0'},
Feb 17 02:26:36.226816 np0000155893 devstack@neutron-api.service[104048]: 'Log': {'1.0'},
Feb 17 02:26:36.226816 np0000155893 devstack@neutron-api.service[104048]: 'NDPProxy': {'1.0'},
Feb 17 02:26:36.226816 np0000155893 devstack@neutron-api.service[104048]: 'Network': {'1.2'},
Feb 17 02:26:36.226816 np0000155893 devstack@neutron-api.service[104048]: 'Port': {'1.10'},
Feb 17 02:26:36.226816 np0000155893 devstack@neutron-api.service[104048]: 'PortForwarding': {'1.3'},
Feb 17 02:26:36.226816 np0000155893 devstack@neutron-api.service[104048]: 'QosPolicy': {'1.10'},
Feb 17 02:26:36.226816 np0000155893 devstack@neutron-api.service[104048]: 'SecurityGroup': {'1.6'},
Feb 17 02:26:36.226816 np0000155893 devstack@neutron-api.service[104048]: 'SecurityGroupRule': {'1.3'},
Feb 17 02:26:36.226816 np0000155893 devstack@neutron-api.service[104048]: 'SubPort': {'1.0'},
Feb 17 02:26:36.226816 np0000155893 devstack@neutron-api.service[104048]: 'Subnet': {'1.2'},
Feb 17 02:26:36.226816 np0000155893 devstack@neutron-api.service[104048]: 'Trunk': {'1.1'}}
Feb 17 02:26:36.226816 np0000155893 devstack@neutron-api.service[104048]: consumer versions:
Feb 17 02:26:36.226816 np0000155893 devstack@neutron-api.service[104048]: { OVN Controller Gateway agent@np0000155893: {},
Feb 17 02:26:36.226816 np0000155893 devstack@neutron-api.service[104048]: OVN Neutron agent@np0000155893: {}}
Feb 17 02:26:36.226816 np0000155893 devstack@neutron-api.service[104048]: {{(pid=104048) report /opt/stack/neutron/neutron/api/rpc/callbacks/version_manager.py:183}}
Feb 17 02:26:36.424616 np0000155893 devstack@neutron-api.service[104048]: DEBUG ovsdbapp.backend.ovs_idl.transaction [-] Running txn n=1 command(idx=0): CheckRevisionNumberCommand(_result=None, name=80d755ba-5a5a-4a7f-a2ee-493cbe672377, resource={'id': '80d755ba-5a5a-4a7f-a2ee-493cbe672377', 'name': '', 'network_id': 'a4eb83e6-6538-4fd0-a1ad-783f6fde87fb', 'project_id': '93f1a645b2704fbea36dd4649da77921', 'mac_address': 'fa:16:3e:f7:90:dc', 'admin_state_up': True, 'status': 'DOWN', 'device_id': 'ovnmeta-a4eb83e6-6538-4fd0-a1ad-783f6fde87fb', 'device_owner': 'network:distributed', 'standard_attr_id': 14, 'fixed_ips': [{'subnet_id': '29467d7f-cf88-40fe-9407-6c237678d7b2', 'ip_address': '10.1.0.2'}, {'subnet_id': '16046e39-6e25-46f4-a666-e184c18dc097', 'ip_address': 'fd::f816:3eff:fef7:90dc'}], 'allowed_address_pairs': [], 'extra_dhcp_opts': [], 'security_groups': [], 'description': '', 'binding:vnic_type': 'normal', 'binding:profile': {}, 'binding:host_id': '', 'binding:vif_type': 'unbound', 'binding:vif_details': {}, 'port_security_enabled': False, 'tags': [], 'created_at': '2026-02-17T02:26:32Z', 'updated_at': '2026-02-17T02:26:36Z', 'revision_number': 3, 'tenant_id': '93f1a645b2704fbea36dd4649da77921', 'network': {'id': 'a4eb83e6-6538-4fd0-a1ad-783f6fde87fb', 'name': 'private', 'tenant_id': '93f1a645b2704fbea36dd4649da77921', 'project_id': '93f1a645b2704fbea36dd4649da77921', 'admin_state_up': True, 'mtu': 1372, 'status': 'ACTIVE', 'subnets': ['16046e39-6e25-46f4-a666-e184c18dc097', '29467d7f-cf88-40fe-9407-6c237678d7b2'], 'standard_attr_id': 12, 'shared': False, 'availability_zone_hints': [], 'availability_zones': [], 'ipv4_address_scope': None, 'ipv6_address_scope': None, 'router:external': False, 'qinq': False, 'vlan_transparent': False, 'description': '', 'port_security_enabled': True, 'tags': [], 'created_at': '2026-02-17T02:26:31Z', 'updated_at': '2026-02-17T02:26:35Z', 'revision_number': 3, 'provider:network_type': 'geneve', 'provider:physical_network': None, 'provider:segmentation_id': 31339}}, resource_type=ports, if_exists=True) {{(pid=104048) do_commit /opt/stack/data/venv/lib/python3.12/site-packages/ovsdbapp/backend/ovs_idl/transaction.py:89}}
Feb 17 02:26:36.424977 np0000155893 devstack@neutron-api.service[104048]: DEBUG ovsdbapp.backend.ovs_idl.transaction [-] Running txn n=1 command(idx=1): SetLSwitchPortCommand(_result=None, lport=80d755ba-5a5a-4a7f-a2ee-493cbe672377, external_ids_update=None, columns={'external_ids': {'neutron:port_name': '', 'neutron:device_id': 'ovnmeta-a4eb83e6-6538-4fd0-a1ad-783f6fde87fb', 'neutron:project_id': '93f1a645b2704fbea36dd4649da77921', 'neutron:cidrs': '10.1.0.2/26 fd::f816:3eff:fef7:90dc/64', 'neutron:device_owner': 'network:distributed', 'neutron:subnet_pool_addr_scope4': '', 'neutron:subnet_pool_addr_scope6': '', 'neutron:network_name': 'neutron-a4eb83e6-6538-4fd0-a1ad-783f6fde87fb', 'neutron:security_group_ids': '', 'neutron:revision_number': '3', 'neutron:vnic_type': 'normal', 'neutron:port_capabilities': '', 'neutron:mtu': ''}, 'parent_name': [], 'tag': [], 'options': {}, 'enabled': True, 'port_security': [], 'dhcpv4_options': [], 'dhcpv6_options': [], 'type': 'localport', 'addresses': ['fa:16:3e:f7:90:dc 10.1.0.2 fd::f816:3eff:fef7:90dc'], 'ha_chassis_group': []}, if_exists=False) {{(pid=104048) do_commit /opt/stack/data/venv/lib/python3.12/site-packages/ovsdbapp/backend/ovs_idl/transaction.py:89}}
Feb 17 02:26:36.425824 np0000155893 devstack@neutron-api.service[104048]: DEBUG ovsdbapp.backend.ovs_idl.transaction [-] Running txn n=1 command(idx=2): PgDelPortCommand(_result=None, port_group=neutron_pg_drop, lsp=['80d755ba-5a5a-4a7f-a2ee-493cbe672377'], if_exists=False) {{(pid=104048) do_commit /opt/stack/data/venv/lib/python3.12/site-packages/ovsdbapp/backend/ovs_idl/transaction.py:89}}
Feb 17 02:26:36.429089 np0000155893 devstack@neutron-api.service[104048]: DEBUG neutron.plugins.ml2.drivers.ovn.mech_driver.ovsdb.ovsdb_monitor [-] Hash Ring: Node 93a7c444188553bfbaa17b03fa5aed43 (host: np0000155893) handling event "update" for row 5eebdb7c-43b6-4f0a-a99b-60e57e0ee020 (table: Logical_Switch_Port) {{(pid=104048) notify /opt/stack/neutron/neutron/plugins/ml2/drivers/ovn/mech_driver/ovsdb/ovsdb_monitor.py:920}}
Feb 17 02:26:36.429442 np0000155893 devstack@neutron-api.service[104049]: DEBUG neutron.plugins.ml2.drivers.ovn.mech_driver.ovsdb.ovsdb_monitor [-] Hash Ring: Node 984af1bc4939523d892ad3d58c247743 (host: np0000155893) handling event "update" for row 5eebdb7c-43b6-4f0a-a99b-60e57e0ee020 (table: Logical_Switch_Port) {{(pid=104049) notify /opt/stack/neutron/neutron/plugins/ml2/drivers/ovn/mech_driver/ovsdb/ovsdb_monitor.py:920}}
Feb 17 02:26:36.432227 np0000155893 devstack@neutron-api.service[104049]: DEBUG neutron.plugins.ml2.drivers.ovn.mech_driver.ovsdb.ovsdb_monitor [-] Hash Ring: Node 984af1bc4939523d892ad3d58c247743 (host: np0000155893) handling event "update" for row f9867391-d6b0-4845-aebf-7bff48816b99 (table: Port_Binding) {{(pid=104049) notify /opt/stack/neutron/neutron/plugins/ml2/drivers/ovn/mech_driver/ovsdb/ovsdb_monitor.py:920}}
Feb 17 02:26:36.432744 np0000155893 devstack@neutron-api.service[104046]: DEBUG neutron.plugins.ml2.drivers.ovn.mech_driver.ovsdb.ovsdb_monitor [-] Hash Ring: Node 4490c4d10ed351dba797acd8f49b5b64 (host: np0000155893) handling event "update" for row f9867391-d6b0-4845-aebf-7bff48816b99 (table: Port_Binding) {{(pid=104046) notify /opt/stack/neutron/neutron/plugins/ml2/drivers/ovn/mech_driver/ovsdb/ovsdb_monitor.py:920}}
Feb 17 02:26:36.462543 np0000155893 devstack@neutron-api.service[104048]: INFO neutron.db.ovn_revision_numbers_db [None req-dc95cf1b-2ec4-4dde-8b59-e069d5ca7c7e admin admin] Successfully bumped revision number for resource 80d755ba-5a5a-4a7f-a2ee-493cbe672377 (type: ports) to 3
Feb 17 02:26:36.474472 np0000155893 devstack@neutron-api.service[104048]: DEBUG neutron_lib.callbacks.manager [None req-dc95cf1b-2ec4-4dde-8b59-e069d5ca7c7e admin admin] Publish callbacks ['neutron.plugins.ml2.ovo_rpc._ObjectChangeHandler.handle_event-1939368'] for subnet (16046e39-6e25-46f4-a666-e184c18dc097), after_create {{(pid=104048) _notify_loop /opt/stack/data/venv/lib/python3.12/site-packages/neutron_lib/callbacks/manager.py:184}}
Feb 17 02:26:36.489824 np0000155893 devstack@neutron-api.service[104048]: DEBUG neutron.api.rpc.handlers.resources_rpc [None req-dc95cf1b-2ec4-4dde-8b59-e069d5ca7c7e admin admin] Pushing event updated for resources: {'Subnet': ['ID=16046e39-6e25-46f4-a666-e184c18dc097,revision_number=0']} {{(pid=104048) push /opt/stack/neutron/neutron/api/rpc/handlers/resources_rpc.py:237}}
Feb 17 02:26:36.521358 np0000155893 devstack@neutron-api.service[104048]: INFO neutron.db.ovn_revision_numbers_db [None req-dc95cf1b-2ec4-4dde-8b59-e069d5ca7c7e admin admin] Successfully bumped revision number for resource 16046e39-6e25-46f4-a666-e184c18dc097 (type: subnets) to 0
Feb 17 02:26:36.523052 np0000155893 devstack@neutron-api.service[104048]: DEBUG neutron.pecan_wsgi.hooks.policy_enforcement [None req-dc95cf1b-2ec4-4dde-8b59-e069d5ca7c7e admin admin] Attributes excluded by policy engine: ['standard_attr_id', 'shared', 'network'] {{(pid=104048) _exclude_attributes_by_policy /opt/stack/neutron/neutron/pecan_wsgi/hooks/policy_enforcement.py:258}}
Feb 17 02:26:36.523429 np0000155893 devstack@neutron-api.service[104048]: DEBUG neutron_lib.callbacks.manager [None req-dc95cf1b-2ec4-4dde-8b59-e069d5ca7c7e admin admin] Publish callbacks [] for subnet (None), before_response {{(pid=104048) _notify_loop /opt/stack/data/venv/lib/python3.12/site-packages/neutron_lib/callbacks/manager.py:184}}
Feb 17 02:26:36.539473 np0000155893 devstack@neutron-api.service[104048]: [pid: 104048|app: 0|req: 3/11] 199.204.45.138 () {68 vars in 1354 bytes} [Tue Feb 17 02:26:35 2026] POST /networking/v2.0/subnets => generated 681 bytes in 1171 msecs (HTTP/1.1 201) 4 headers in 162 bytes (1 switches on core 0)
Feb 17 02:26:36.934362 np0000155893 devstack@neutron-api.service[104047]: DEBUG neutron.api.wsgi [None req-f226ac75-fe41-4aa0-bed0-a52ff28fb75b admin admin] Missing Content-Type {{(pid=104047) get_content_type /opt/stack/neutron/neutron/api/wsgi.py:85}}
Feb 17 02:26:36.935253 np0000155893 devstack@neutron-api.service[104047]: DEBUG neutron.api.wsgi [None req-f226ac75-fe41-4aa0-bed0-a52ff28fb75b admin admin] https://199.204.45.138/networking/v2.0/extensions returned with HTTP 200 {{(pid=104047) __call__ /opt/stack/neutron/neutron/api/wsgi.py:545}}
Feb 17 02:26:36.935899 np0000155893 devstack@neutron-api.service[104047]: [pid: 104047|app: 0|req: 3/12] 199.204.45.138 () {64 vars in 1322 bytes} [Tue Feb 17 02:26:36 2026] GET /networking/v2.0/extensions => generated 15208 bytes in 8 msecs (HTTP/1.1 200) 4 headers in 159 bytes (1 switches on core 0)
Feb 17 02:26:37.226880 np0000155893 devstack@neutron-api.service[104046]: DEBUG neutron.api.wsgi [None req-2f1d148a-4e73-4d6b-ad6f-5f03f50b195a admin admin] Missing Content-Type {{(pid=104046) get_content_type /opt/stack/neutron/neutron/api/wsgi.py:85}}
Feb 17 02:26:37.227205 np0000155893 devstack@neutron-api.service[104046]: DEBUG neutron.api.wsgi [None req-2f1d148a-4e73-4d6b-ad6f-5f03f50b195a admin admin] https://199.204.45.138/networking/v2.0/extensions returned with HTTP 200 {{(pid=104046) __call__ /opt/stack/neutron/neutron/api/wsgi.py:545}}
Feb 17 02:26:37.227622 np0000155893 devstack@neutron-api.service[104046]: [pid: 104046|app: 0|req: 3/13] 199.204.45.138 () {64 vars in 1322 bytes} [Tue Feb 17 02:26:37 2026] GET /networking/v2.0/extensions => generated 15208 bytes in 7 msecs (HTTP/1.1 200) 4 headers in 159 bytes (1 switches on core 0)
Feb 17 02:26:37.289541 np0000155893 devstack@neutron-api.service[104049]: DEBUG futurist.periodics [-] Submitting periodic callback 'neutron.plugins.ml2.drivers.ovn.mech_driver.ovsdb.maintenance.HashRingHealthCheckPeriodics.touch_hash_ring_node' {{(pid=104049) _process_scheduled /opt/stack/data/venv/lib/python3.12/site-packages/futurist/periodics.py:638}}
Feb 17 02:26:37.291218 np0000155893 devstack@neutron-api.service[104049]: DEBUG neutron.plugins.ml2.drivers.ovn.mech_driver.ovsdb.maintenance [-] Touching Hash Ring node "984af1bc4939523d892ad3d58c247743" from periodic health check thread {{(pid=104049) touch_hash_ring_node /opt/stack/neutron/neutron/plugins/ml2/drivers/ovn/mech_driver/ovsdb/maintenance.py:1135}}
Feb 17 02:26:37.526463 np0000155893 devstack@neutron-api.service[104049]: DEBUG neutron.api.v2.base [None req-faf1b504-b10a-4cd7-b26e-209e3602faa5 admin admin] Request body: {'router': {'name': 'router1', 'admin_state_up': True}} {{(pid=104049) prepare_request_body /opt/stack/neutron/neutron/api/v2/base.py:729}}
Feb 17 02:26:37.554091 np0000155893 devstack@neutron-api.service[104049]: DEBUG neutron_lib.callbacks.manager [None req-faf1b504-b10a-4cd7-b26e-209e3602faa5 admin admin] Publish callbacks ['neutron.services.ovn_l3.service_providers.driver_controller.DriverController._check_router_request-595618'] for router (fe99e107-9834-4398-8575-6a6f600f54ed), before_create {{(pid=104049) _notify_loop /opt/stack/data/venv/lib/python3.12/site-packages/neutron_lib/callbacks/manager.py:184}}
Feb 17 02:26:37.555228 np0000155893 devstack@neutron-api.service[104049]: DEBUG neutron_lib.callbacks.manager [None req-faf1b504-b10a-4cd7-b26e-209e3602faa5 admin admin] Publish callbacks ['neutron.services.ovn_l3.service_providers.ovn.OVN_L3_HA_db_mixin._precommit_router_create-605055', 'neutron.services.ovn_l3.plugin.RouterAvailabilityZoneMixin._process_az_request-1296903', 'neutron.services.ovn_l3.plugin.ExtraGatewaysDbOnlyMixin._process_bfd_ecmp_create-595103', 'neutron.services.ovn_l3.service_providers.ovn.OvnDriver._process_router_create_precommit-605059', 'neutron.services.ovn_l3.service_providers.driver_controller.DriverController._set_router_provider-595694'] for router (fe99e107-9834-4398-8575-6a6f600f54ed), precommit_create {{(pid=104049) _notify_loop /opt/stack/data/venv/lib/python3.12/site-packages/neutron_lib/callbacks/manager.py:184}}
Feb 17 02:26:37.574074 np0000155893 devstack@neutron-api.service[104049]: DEBUG neutron.db.ovn_revision_numbers_db [None req-faf1b504-b10a-4cd7-b26e-209e3602faa5 admin admin] create_initial_revision uuid=fe99e107-9834-4398-8575-6a6f600f54ed, type=routers, rev=-1 {{(pid=104049) create_initial_revision /opt/stack/neutron/neutron/db/ovn_revision_numbers_db.py:98}}
Feb 17 02:26:37.668564 np0000155893 devstack@neutron-api.service[104049]: DEBUG neutron_lib.callbacks.manager [None req-faf1b504-b10a-4cd7-b26e-209e3602faa5 admin admin] Publish callbacks [] for router_controller (fe99e107-9834-4398-8575-6a6f600f54ed), precommit_add_association {{(pid=104049) _notify_loop /opt/stack/data/venv/lib/python3.12/site-packages/neutron_lib/callbacks/manager.py:184}}
Feb 17 02:26:37.674668 np0000155893 devstack@neutron-api.service[104049]: DEBUG neutron_lib.callbacks.manager [None req-faf1b504-b10a-4cd7-b26e-209e3602faa5 admin admin] Publish callbacks ['neutron.services.ovn_l3.service_providers.ovn.OvnDriver._process_router_create-579885'] for router (fe99e107-9834-4398-8575-6a6f600f54ed), after_create {{(pid=104049) _notify_loop /opt/stack/data/venv/lib/python3.12/site-packages/neutron_lib/callbacks/manager.py:184}}
Feb 17 02:26:37.674896 np0000155893 devstack@neutron-api.service[104049]: INFO neutron.plugins.ml2.drivers.ovn.mech_driver.ovsdb.extensions.qos [None req-faf1b504-b10a-4cd7-b26e-209e3602faa5 admin admin] Starting OVNClientQosExtension
Feb 17 02:26:37.675269 np0000155893 devstack@neutron-api.service[104049]: DEBUG neutron.plugins.ml2.drivers.ovn.mech_driver.ovsdb.extensions.qos [None req-faf1b504-b10a-4cd7-b26e-209e3602faa5 admin admin] Router fe99e107-9834-4398-8575-6a6f600f54ed does not have ID or gateway assigned {{(pid=104049) update_router /opt/stack/neutron/neutron/plugins/ml2/drivers/ovn/mech_driver/ovsdb/extensions/qos.py:529}}
Feb 17 02:26:37.676630 np0000155893 devstack@neutron-api.service[104049]: DEBUG ovsdbapp.backend.ovs_idl.transaction [-] Running txn n=1 command(idx=0): LrAddCommand(_result=None, router=neutron-fe99e107-9834-4398-8575-6a6f600f54ed, may_exist=True, columns={'external_ids': {'neutron:router_name': 'router1', 'neutron:revision_number': '1', 'neutron:availability_zone_hints': ''}, 'enabled': True, 'options': {'always_learn_from_arp_request': 'false', 'dynamic_neigh_routers': 'true', 'mac_binding_age_threshold': '0'}}) {{(pid=104049) do_commit /opt/stack/data/venv/lib/python3.12/site-packages/ovsdbapp/backend/ovs_idl/transaction.py:89}}
Feb 17 02:26:37.683301 np0000155893 devstack@neutron-api.service[104047]: DEBUG neutron.plugins.ml2.drivers.ovn.mech_driver.ovsdb.ovsdb_monitor [-] Hash Ring: Node 3f55869c52425990a5ea0877f22dd2fe (host: np0000155893) handling event "create" for row d6d9aa04-61f4-4376-97d4-fd52f05b0fea (table: Logical_Router) {{(pid=104047) notify /opt/stack/neutron/neutron/plugins/ml2/drivers/ovn/mech_driver/ovsdb/ovsdb_monitor.py:920}}
Feb 17 02:26:37.684008 np0000155893 devstack@neutron-api.service[104049]: DEBUG neutron.plugins.ml2.drivers.ovn.mech_driver.ovsdb.ovsdb_monitor [None req-a7d302bb-c518-47b7-8449-541873dc182b None None] Touching Hash Ring node "984af1bc4939523d892ad3d58c247743" from IDL notify handler {{(pid=104049) notify /opt/stack/neutron/neutron/plugins/ml2/drivers/ovn/mech_driver/ovsdb/ovsdb_monitor.py:912}}
Feb 17 02:26:37.694262 np0000155893 devstack@neutron-api.service[104046]: DEBUG neutron.plugins.ml2.drivers.ovn.mech_driver.ovsdb.ovsdb_monitor [-] Hash Ring: Node 4490c4d10ed351dba797acd8f49b5b64 (host: np0000155893) handling event "create" for row 70fa8452-6382-4d71-ae8d-b174a1a4e0f3 (table: Datapath_Binding) {{(pid=104046) notify /opt/stack/neutron/neutron/plugins/ml2/drivers/ovn/mech_driver/ovsdb/ovsdb_monitor.py:920}}
Feb 17 02:26:37.695489 np0000155893 devstack@neutron-api.service[104049]: DEBUG neutron.plugins.ml2.drivers.ovn.mech_driver.ovsdb.ovsdb_monitor [None req-a7d302bb-c518-47b7-8449-541873dc182b None None] Hash Ring: Node 984af1bc4939523d892ad3d58c247743 (host: np0000155893) handling event "create" for row d6d9aa04-61f4-4376-97d4-fd52f05b0fea (table: Logical_Router) {{(pid=104049) notify /opt/stack/neutron/neutron/plugins/ml2/drivers/ovn/mech_driver/ovsdb/ovsdb_monitor.py:920}}
Feb 17 02:26:37.696282 np0000155893 devstack@neutron-api.service[104049]: DEBUG neutron.plugins.ml2.drivers.ovn.mech_driver.ovsdb.ovsdb_monitor [None req-0f588d92-1524-4e40-b337-5b380714b700 None None] Touching Hash Ring node "984af1bc4939523d892ad3d58c247743" from IDL notify handler {{(pid=104049) notify /opt/stack/neutron/neutron/plugins/ml2/drivers/ovn/mech_driver/ovsdb/ovsdb_monitor.py:912}}
Feb 17 02:26:37.703654 np0000155893 devstack@neutron-api.service[104049]: DEBUG neutron.plugins.ml2.drivers.ovn.mech_driver.ovsdb.ovsdb_monitor [None req-0f588d92-1524-4e40-b337-5b380714b700 None None] Hash Ring: Node 984af1bc4939523d892ad3d58c247743 (host: np0000155893) handling event "create" for row 70fa8452-6382-4d71-ae8d-b174a1a4e0f3 (table: Datapath_Binding) {{(pid=104049) notify /opt/stack/neutron/neutron/plugins/ml2/drivers/ovn/mech_driver/ovsdb/ovsdb_monitor.py:920}}
Feb 17 02:26:37.808456 np0000155893 devstack@neutron-api.service[104049]: INFO neutron.db.ovn_revision_numbers_db [None req-faf1b504-b10a-4cd7-b26e-209e3602faa5 admin admin] Successfully bumped revision number for resource fe99e107-9834-4398-8575-6a6f600f54ed (type: routers) to 1
Feb 17 02:26:37.830721 np0000155893 devstack@neutron-api.service[104049]: DEBUG neutron_lib.callbacks.manager [None req-faf1b504-b10a-4cd7-b26e-209e3602faa5 admin admin] Publish callbacks [] for router (None), before_response {{(pid=104049) _notify_loop /opt/stack/data/venv/lib/python3.12/site-packages/neutron_lib/callbacks/manager.py:184}}
Feb 17 02:26:37.831544 np0000155893 devstack@neutron-api.service[104049]: [pid: 104049|app: 0|req: 5/14] 199.204.45.138 () {68 vars in 1353 bytes} [Tue Feb 17 02:26:37 2026] POST /networking/v2.0/routers => generated 599 bytes in 309 msecs (HTTP/1.1 201) 4 headers in 162 bytes (1 switches on core 0)
Feb 17 02:26:38.085146 np0000155893 devstack@neutron-api.service[104048]: DEBUG futurist.periodics [-] Submitting periodic callback 'neutron.plugins.ml2.drivers.ovn.mech_driver.ovsdb.maintenance.HashRingHealthCheckPeriodics.touch_hash_ring_node' {{(pid=104048) _process_scheduled /opt/stack/data/venv/lib/python3.12/site-packages/futurist/periodics.py:638}}
Feb 17 02:26:38.086240 np0000155893 devstack@neutron-api.service[104048]: DEBUG neutron.plugins.ml2.drivers.ovn.mech_driver.ovsdb.maintenance [-] Touching Hash Ring node "93a7c444188553bfbaa17b03fa5aed43" from periodic health check thread {{(pid=104048) touch_hash_ring_node /opt/stack/neutron/neutron/plugins/ml2/drivers/ovn/mech_driver/ovsdb/maintenance.py:1135}}
Feb 17 02:26:38.164009 np0000155893 devstack@neutron-api.service[104048]: DEBUG neutron.api.wsgi [None req-0046f966-9e48-42e8-a291-994ab1589e0f admin admin] Missing Content-Type {{(pid=104048) get_content_type /opt/stack/neutron/neutron/api/wsgi.py:85}}
Feb 17 02:26:38.165222 np0000155893 devstack@neutron-api.service[104048]: DEBUG neutron.api.wsgi [None req-0046f966-9e48-42e8-a291-994ab1589e0f admin admin] https://199.204.45.138/networking/v2.0/extensions returned with HTTP 200 {{(pid=104048) __call__ /opt/stack/neutron/neutron/api/wsgi.py:545}}
Feb 17 02:26:38.165914 np0000155893 devstack@neutron-api.service[104048]: [pid: 104048|app: 0|req: 4/15] 199.204.45.138 () {64 vars in 1322 bytes} [Tue Feb 17 02:26:38 2026] GET /networking/v2.0/extensions => generated 15208 bytes in 9 msecs (HTTP/1.1 200) 4 headers in 159 bytes (1 switches on core 0)
Feb 17 02:26:38.298422 np0000155893 devstack@neutron-api.service[104047]: DEBUG futurist.periodics [-] Submitting periodic callback 'neutron.plugins.ml2.drivers.ovn.mech_driver.ovsdb.maintenance.HashRingHealthCheckPeriodics.touch_hash_ring_node' {{(pid=104047) _process_scheduled /opt/stack/data/venv/lib/python3.12/site-packages/futurist/periodics.py:638}}
Feb 17 02:26:38.300104 np0000155893 devstack@neutron-api.service[104047]: DEBUG neutron.plugins.ml2.drivers.ovn.mech_driver.ovsdb.maintenance [-] Touching Hash Ring node "3f55869c52425990a5ea0877f22dd2fe" from periodic health check thread {{(pid=104047) touch_hash_ring_node /opt/stack/neutron/neutron/plugins/ml2/drivers/ovn/mech_driver/ovsdb/maintenance.py:1135}}
Feb 17 02:26:38.344744 np0000155893 devstack@neutron-api.service[104046]: DEBUG futurist.periodics [-] Submitting periodic callback 'neutron.plugins.ml2.drivers.ovn.mech_driver.ovsdb.maintenance.HashRingHealthCheckPeriodics.touch_hash_ring_node' {{(pid=104046) _process_scheduled /opt/stack/data/venv/lib/python3.12/site-packages/futurist/periodics.py:638}}
Feb 17 02:26:38.346162 np0000155893 devstack@neutron-api.service[104046]: DEBUG neutron.plugins.ml2.drivers.ovn.mech_driver.ovsdb.maintenance [-] Touching Hash Ring node "4490c4d10ed351dba797acd8f49b5b64" from periodic health check thread {{(pid=104046) touch_hash_ring_node /opt/stack/neutron/neutron/plugins/ml2/drivers/ovn/mech_driver/ovsdb/maintenance.py:1135}}
Feb 17 02:26:38.474423 np0000155893 devstack@neutron-api.service[104047]: DEBUG neutron.api.v2.base [None req-e6a36eb2-56a3-408d-80e6-495f3741987d admin admin] Request body: {'network': {'router:external': True, 'name': 'public', 'provider:network_type': 'flat', 'admin_state_up': True, 'is_default': True, 'provider:physical_network': 'public'}} {{(pid=104047) prepare_request_body /opt/stack/neutron/neutron/api/v2/base.py:729}}
Feb 17 02:26:38.501729 np0000155893 devstack@neutron-api.service[104047]: DEBUG neutron.pecan_wsgi.hooks.quota_enforcement [None req-e6a36eb2-56a3-408d-80e6-495f3741987d admin admin] Made reservation on behalf of 93f1a645b2704fbea36dd4649da77921 for: {'network': 1} {{(pid=104047) before /opt/stack/neutron/neutron/pecan_wsgi/hooks/quota_enforcement.py:66}}
Feb 17 02:26:38.505221 np0000155893 devstack@neutron-api.service[104047]: DEBUG neutron_lib.callbacks.manager [None req-e6a36eb2-56a3-408d-80e6-495f3741987d admin admin] Publish callbacks ['neutron.plugins.ml2.plugin.SecurityGroupDbMixin._ensure_default_security_group_handler-4092262'] for network (None), before_create {{(pid=104047) _notify_loop /opt/stack/data/venv/lib/python3.12/site-packages/neutron_lib/callbacks/manager.py:184}}
Feb 17 02:26:38.523726 np0000155893 devstack@neutron-api.service[104047]: DEBUG neutron.plugins.ml2.drivers.type_flat [None req-e6a36eb2-56a3-408d-80e6-495f3741987d admin admin] Reserving flat network on physical network public {{(pid=104047) reserve_provider_segment /opt/stack/neutron/neutron/plugins/ml2/drivers/type_flat.py:100}}
Feb 17 02:26:38.534171 np0000155893 devstack@neutron-api.service[104047]: DEBUG neutron_lib.callbacks.manager [None req-e6a36eb2-56a3-408d-80e6-495f3741987d admin admin] Publish callbacks ['neutron.services.segments.db._add_segment_host_mapping_for_segment-7804616060568', 'neutron.plugins.ml2.plugin.Ml2Plugin._handle_segment_change-3844940'] for segment (7a869d21-597b-4761-9ad9-f6e63eb6a302), precommit_create {{(pid=104047) _notify_loop /opt/stack/data/venv/lib/python3.12/site-packages/neutron_lib/callbacks/manager.py:184}}
Feb 17 02:26:38.534458 np0000155893 devstack@neutron-api.service[104047]: DEBUG neutron_lib.callbacks.manager [None req-e6a36eb2-56a3-408d-80e6-495f3741987d admin admin] Unsubscribe: segment precommit_create {{(pid=104047) unsubscribe /opt/stack/data/venv/lib/python3.12/site-packages/neutron_lib/callbacks/manager.py:90}}
Feb 17 02:26:38.534755 np0000155893 devstack@neutron-api.service[104047]: INFO neutron.db.segments_db [None req-e6a36eb2-56a3-408d-80e6-495f3741987d admin admin] Added segment 7a869d21-597b-4761-9ad9-f6e63eb6a302 of type flat for network 98e66e44-cd40-4244-9911-8d6b32563b81
Feb 17 02:26:38.559597 np0000155893 devstack@neutron-api.service[104047]: DEBUG neutron_lib.callbacks.manager [None req-e6a36eb2-56a3-408d-80e6-495f3741987d admin admin] Publish callbacks ['neutron.services.auto_allocate.db._ensure_external_network_default_value_callback-7804613454862'] for network (98e66e44-cd40-4244-9911-8d6b32563b81), precommit_create {{(pid=104047) _notify_loop /opt/stack/data/venv/lib/python3.12/site-packages/neutron_lib/callbacks/manager.py:184}}
Feb 17 02:26:38.575977 np0000155893 devstack@neutron-api.service[104047]: DEBUG neutron.plugins.ml2.drivers.ovn.mech_driver.mech_driver [None req-e6a36eb2-56a3-408d-80e6-495f3741987d admin admin] Validating network segment with type flat, segmentation ID None, physical network public {{(pid=104047) _validate_network_segments /opt/stack/neutron/neutron/plugins/ml2/drivers/ovn/mech_driver/mech_driver.py:630}}
Feb 17 02:26:38.576122 np0000155893 devstack@neutron-api.service[104047]: DEBUG neutron.db.ovn_revision_numbers_db [None req-e6a36eb2-56a3-408d-80e6-495f3741987d admin admin] create_initial_revision uuid=98e66e44-cd40-4244-9911-8d6b32563b81, type=networks, rev=-1 {{(pid=104047) create_initial_revision /opt/stack/neutron/neutron/db/ovn_revision_numbers_db.py:98}}
Feb 17 02:26:38.588650 np0000155893 devstack@neutron-api.service[104047]: DEBUG neutron_lib.callbacks.manager [None req-e6a36eb2-56a3-408d-80e6-495f3741987d admin admin] Publish callbacks ['neutron.plugins.ml2.ovo_rpc._ObjectChangeHandler.handle_event-1697407'] for network (98e66e44-cd40-4244-9911-8d6b32563b81), after_create {{(pid=104047) _notify_loop /opt/stack/data/venv/lib/python3.12/site-packages/neutron_lib/callbacks/manager.py:184}}
Feb 17 02:26:38.617347 np0000155893 devstack@neutron-api.service[104047]: DEBUG neutron.api.rpc.handlers.resources_rpc [None req-e6a36eb2-56a3-408d-80e6-495f3741987d admin admin] Pushing event updated for resources: {'Network': ['ID=98e66e44-cd40-4244-9911-8d6b32563b81,revision_number=1']} {{(pid=104047) push /opt/stack/neutron/neutron/api/rpc/handlers/resources_rpc.py:237}}
Feb 17 02:26:38.633764 np0000155893 devstack@neutron-api.service[104047]: DEBUG ovsdbapp.backend.ovs_idl.transaction [-] Running txn n=1 command(idx=0): AddNetworkCommand(_result=None, network_uuid=98e66e44-cd40-4244-9911-8d6b32563b81, may_exist=True, columns={'external_ids': {'neutron:network_name': 'public', 'neutron:mtu': '1430', 'neutron:revision_number': '1', 'neutron:availability_zone_hints': '', 'neutron:provnet-network-type': 'flat', 'neutron:provnet-physical-network': 'public'}, 'other_config': {'mcast_snoop': 'false', 'mcast_flood_unregistered': 'false', 'vlan-passthru': 'false', 'fdb_age_threshold': '0', 'broadcast-arps-to-all-routers': 'true'}}) {{(pid=104047) do_commit /opt/stack/data/venv/lib/python3.12/site-packages/ovsdbapp/backend/ovs_idl/transaction.py:89}}
Feb 17 02:26:38.634119 np0000155893 devstack@neutron-api.service[104047]: DEBUG neutron.common.ovn.utils [-] OVS persist_uuid supported=True {{(pid=104047) ovs_persist_uuid_supported /opt/stack/neutron/neutron/common/ovn/utils.py:1504}}
Feb 17 02:26:38.634836 np0000155893 devstack@neutron-api.service[104047]: DEBUG ovsdbapp.backend.ovs_idl.transaction [-] Running txn n=1 command(idx=1): AddLSwitchPortCommand(_result=None, lport=provnet-7a869d21-597b-4761-9ad9-f6e63eb6a302, lswitch=neutron-98e66e44-cd40-4244-9911-8d6b32563b81, may_exist=True, network_uuid=98e66e44-cd40-4244-9911-8d6b32563b81, columns={'addresses': ['unknown'], 'external_ids': {}, 'type': 'localnet', 'tag': None, 'options': {'network_name': 'public', 'mcast_flood_reports': 'true', 'mcast_flood': 'false', 'localnet_learn_fdb': 'false'}}) {{(pid=104047) do_commit /opt/stack/data/venv/lib/python3.12/site-packages/ovsdbapp/backend/ovs_idl/transaction.py:89}}
Feb 17 02:26:38.642767 np0000155893 devstack@neutron-api.service[104049]: DEBUG neutron.plugins.ml2.drivers.ovn.mech_driver.ovsdb.ovsdb_monitor [None req-a7d302bb-c518-47b7-8449-541873dc182b None None] Touching Hash Ring node "984af1bc4939523d892ad3d58c247743" from IDL notify handler {{(pid=104049) notify /opt/stack/neutron/neutron/plugins/ml2/drivers/ovn/mech_driver/ovsdb/ovsdb_monitor.py:912}}
Feb 17 02:26:38.644096 np0000155893 devstack@neutron-api.service[104046]: DEBUG neutron.plugins.ml2.drivers.ovn.mech_driver.ovsdb.ovsdb_monitor [None req-7dd7b9c6-1fcc-4295-94b0-0a4e213c8c51 None None] Touching Hash Ring node "4490c4d10ed351dba797acd8f49b5b64" from IDL notify handler {{(pid=104046) notify /opt/stack/neutron/neutron/plugins/ml2/drivers/ovn/mech_driver/ovsdb/ovsdb_monitor.py:912}}
Feb 17 02:26:38.650421 np0000155893 devstack@neutron-api.service[104048]: DEBUG neutron.plugins.ml2.drivers.ovn.mech_driver.ovsdb.ovsdb_monitor [None req-f7915643-e8f1-4fb4-8051-2ac8f159d98d None None] Touching Hash Ring node "93a7c444188553bfbaa17b03fa5aed43" from IDL notify handler {{(pid=104048) notify /opt/stack/neutron/neutron/plugins/ml2/drivers/ovn/mech_driver/ovsdb/ovsdb_monitor.py:912}}
Feb 17 02:26:38.651027 np0000155893 devstack@neutron-api.service[104049]: DEBUG neutron.plugins.ml2.drivers.ovn.mech_driver.ovsdb.ovsdb_monitor [None req-0f588d92-1524-4e40-b337-5b380714b700 None None] Touching Hash Ring node "984af1bc4939523d892ad3d58c247743" from IDL notify handler {{(pid=104049) notify /opt/stack/neutron/neutron/plugins/ml2/drivers/ovn/mech_driver/ovsdb/ovsdb_monitor.py:912}}
Feb 17 02:26:38.653692 np0000155893 devstack@neutron-api.service[104049]: DEBUG neutron.plugins.ml2.drivers.ovn.mech_driver.ovsdb.ovsdb_monitor [None req-a7d302bb-c518-47b7-8449-541873dc182b None None] Hash Ring: Node 984af1bc4939523d892ad3d58c247743 (host: np0000155893) handling event "create" for row 98e66e44-cd40-4244-9911-8d6b32563b81 (table: Logical_Switch) {{(pid=104049) notify /opt/stack/neutron/neutron/plugins/ml2/drivers/ovn/mech_driver/ovsdb/ovsdb_monitor.py:920}}
Feb 17 02:26:38.655515 np0000155893 devstack@neutron-api.service[104049]: DEBUG neutron.plugins.ml2.drivers.ovn.mech_driver.ovsdb.ovsdb_monitor [None req-a7d302bb-c518-47b7-8449-541873dc182b None None] Touching Hash Ring node "984af1bc4939523d892ad3d58c247743" from IDL notify handler {{(pid=104049) notify /opt/stack/neutron/neutron/plugins/ml2/drivers/ovn/mech_driver/ovsdb/ovsdb_monitor.py:912}}
Feb 17 02:26:38.656041 np0000155893 devstack@neutron-api.service[104046]: DEBUG neutron.plugins.ml2.drivers.ovn.mech_driver.ovsdb.ovsdb_monitor [None req-7dd7b9c6-1fcc-4295-94b0-0a4e213c8c51 None None] Hash Ring: Node 4490c4d10ed351dba797acd8f49b5b64 (host: np0000155893) handling event "create" for row db4b99df-4ec8-416d-ab60-4b95ec1527a6 (table: Logical_Switch_Port) {{(pid=104046) notify /opt/stack/neutron/neutron/plugins/ml2/drivers/ovn/mech_driver/ovsdb/ovsdb_monitor.py:920}}
Feb 17 02:26:38.656619 np0000155893 devstack@neutron-api.service[104046]: DEBUG ovsdbapp.backend.ovs_idl.event [None req-7dd7b9c6-1fcc-4295-94b0-0a4e213c8c51 None None] Matched CREATE: LogicalSwitchPortCreateEvent(events=('create',), table='Logical_Switch_Port', conditions=[], old_conditions=None), priority=20 to row=Logical_Switch_Port(name=provnet-7a869d21-597b-4761-9ad9-f6e63eb6a302, ha_chassis_group=[], options={'localnet_learn_fdb': 'false', 'mcast_flood': 'false', 'mcast_flood_reports': 'true', 'network_name': 'public'}, parent_name=[], enabled=[], type=localnet, dhcpv6_options=[], addresses=['unknown'], tag=[], up=[], external_ids={}, tag_request=[], port_security=[], dynamic_addresses=[], dhcpv4_options=[], mirror_rules=[]) old= {{(pid=104046) matches /opt/stack/data/venv/lib/python3.12/site-packages/ovsdbapp/backend/ovs_idl/event.py:55}}
Feb 17 02:26:38.657752 np0000155893 devstack@neutron-api.service[104046]: INFO neutron.plugins.ml2.drivers.ovn.mech_driver.mech_driver [-] OVN reports status down for port: provnet-7a869d21-597b-4761-9ad9-f6e63eb6a302
Feb 17 02:26:38.657981 np0000155893 devstack@neutron-api.service[104049]: DEBUG neutron.plugins.ml2.drivers.ovn.mech_driver.ovsdb.ovsdb_monitor [None req-0f588d92-1524-4e40-b337-5b380714b700 None None] Hash Ring: Node 984af1bc4939523d892ad3d58c247743 (host: np0000155893) handling event "create" for row 9a10fcae-660d-4b83-9e92-f37f1f4eec6f (table: Datapath_Binding) {{(pid=104049) notify /opt/stack/neutron/neutron/plugins/ml2/drivers/ovn/mech_driver/ovsdb/ovsdb_monitor.py:920}}
Feb 17 02:26:38.658727 np0000155893 devstack@neutron-api.service[104048]: DEBUG neutron.plugins.ml2.drivers.ovn.mech_driver.ovsdb.ovsdb_monitor [None req-f7915643-e8f1-4fb4-8051-2ac8f159d98d None None] Hash Ring: Node 93a7c444188553bfbaa17b03fa5aed43 (host: np0000155893) handling event "create" for row 9a10fcae-660d-4b83-9e92-f37f1f4eec6f (table: Datapath_Binding) {{(pid=104048) notify /opt/stack/neutron/neutron/plugins/ml2/drivers/ovn/mech_driver/ovsdb/ovsdb_monitor.py:920}}
Feb 17 02:26:38.659313 np0000155893 devstack@neutron-api.service[104046]: DEBUG neutron.plugins.ml2.drivers.ovn.mech_driver.ovsdb.ovsdb_monitor [None req-7dd7b9c6-1fcc-4295-94b0-0a4e213c8c51 None None] Touching Hash Ring node "4490c4d10ed351dba797acd8f49b5b64" from IDL notify handler {{(pid=104046) notify /opt/stack/neutron/neutron/plugins/ml2/drivers/ovn/mech_driver/ovsdb/ovsdb_monitor.py:912}}
Feb 17 02:26:38.660202 np0000155893 devstack@neutron-api.service[104049]: DEBUG neutron.plugins.ml2.drivers.ovn.mech_driver.ovsdb.ovsdb_monitor [None req-0f588d92-1524-4e40-b337-5b380714b700 None None] Touching Hash Ring node "984af1bc4939523d892ad3d58c247743" from IDL notify handler {{(pid=104049) notify /opt/stack/neutron/neutron/plugins/ml2/drivers/ovn/mech_driver/ovsdb/ovsdb_monitor.py:912}}
Feb 17 02:26:38.662416 np0000155893 devstack@neutron-api.service[104046]: DEBUG neutron.plugins.ml2.drivers.ovn.mech_driver.ovsdb.ovsdb_monitor [None req-7dd7b9c6-1fcc-4295-94b0-0a4e213c8c51 None None] Hash Ring: Node 4490c4d10ed351dba797acd8f49b5b64 (host: np0000155893) handling event "update" for row db4b99df-4ec8-416d-ab60-4b95ec1527a6 (table: Logical_Switch_Port) {{(pid=104046) notify /opt/stack/neutron/neutron/plugins/ml2/drivers/ovn/mech_driver/ovsdb/ovsdb_monitor.py:920}}
Feb 17 02:26:38.662654 np0000155893 devstack@neutron-api.service[104049]: DEBUG neutron.plugins.ml2.drivers.ovn.mech_driver.ovsdb.ovsdb_monitor [None req-a7d302bb-c518-47b7-8449-541873dc182b None None] Hash Ring: Node 984af1bc4939523d892ad3d58c247743 (host: np0000155893) handling event "create" for row db4b99df-4ec8-416d-ab60-4b95ec1527a6 (table: Logical_Switch_Port) {{(pid=104049) notify /opt/stack/neutron/neutron/plugins/ml2/drivers/ovn/mech_driver/ovsdb/ovsdb_monitor.py:920}}
Feb 17 02:26:38.663261 np0000155893 devstack@neutron-api.service[104049]: DEBUG ovsdbapp.backend.ovs_idl.event [None req-a7d302bb-c518-47b7-8449-541873dc182b None None] Matched CREATE: LogicalSwitchPortCreateEvent(events=('create',), table='Logical_Switch_Port', conditions=[], old_conditions=None), priority=20 to row=Logical_Switch_Port(name=provnet-7a869d21-597b-4761-9ad9-f6e63eb6a302, ha_chassis_group=[], options={'localnet_learn_fdb': 'false', 'mcast_flood': 'false', 'mcast_flood_reports': 'true', 'network_name': 'public'}, parent_name=[], enabled=[], type=localnet, dhcpv6_options=[], addresses=['unknown'], tag=[], up=[], external_ids={}, tag_request=[], port_security=[], dynamic_addresses=[], dhcpv4_options=[], mirror_rules=[]) old= {{(pid=104049) matches /opt/stack/data/venv/lib/python3.12/site-packages/ovsdbapp/backend/ovs_idl/event.py:55}}
Feb 17 02:26:38.665105 np0000155893 devstack@neutron-api.service[104049]: INFO neutron.plugins.ml2.drivers.ovn.mech_driver.mech_driver [None req-ee471296-592a-4e35-acd3-50fbbe4ebca0 None None] OVN reports status down for port: provnet-7a869d21-597b-4761-9ad9-f6e63eb6a302
Feb 17 02:26:38.666853 np0000155893 devstack@neutron-api.service[104049]: DEBUG neutron.plugins.ml2.drivers.ovn.mech_driver.ovsdb.ovsdb_monitor [None req-a7d302bb-c518-47b7-8449-541873dc182b None None] Touching Hash Ring node "984af1bc4939523d892ad3d58c247743" from IDL notify handler {{(pid=104049) notify /opt/stack/neutron/neutron/plugins/ml2/drivers/ovn/mech_driver/ovsdb/ovsdb_monitor.py:912}}
Feb 17 02:26:38.668271 np0000155893 devstack@neutron-api.service[104049]: DEBUG neutron.plugins.ml2.drivers.ovn.mech_driver.ovsdb.ovsdb_monitor [None req-0f588d92-1524-4e40-b337-5b380714b700 None None] Hash Ring: Node 984af1bc4939523d892ad3d58c247743 (host: np0000155893) handling event "create" for row 729bc3dd-b0ab-4780-a909-a0ec9443e4de (table: Port_Binding) {{(pid=104049) notify /opt/stack/neutron/neutron/plugins/ml2/drivers/ovn/mech_driver/ovsdb/ovsdb_monitor.py:920}}
Feb 17 02:26:38.670743 np0000155893 devstack@neutron-api.service[104049]: DEBUG neutron.plugins.ml2.drivers.ovn.mech_driver.ovsdb.ovsdb_monitor [None req-a7d302bb-c518-47b7-8449-541873dc182b None None] Hash Ring: Node 984af1bc4939523d892ad3d58c247743 (host: np0000155893) handling event "update" for row db4b99df-4ec8-416d-ab60-4b95ec1527a6 (table: Logical_Switch_Port) {{(pid=104049) notify /opt/stack/neutron/neutron/plugins/ml2/drivers/ovn/mech_driver/ovsdb/ovsdb_monitor.py:920}}
Feb 17 02:26:38.675084 np0000155893 devstack@neutron-api.service[104047]: INFO neutron.db.ovn_revision_numbers_db [None req-e6a36eb2-56a3-408d-80e6-495f3741987d admin admin] Successfully bumped revision number for resource 98e66e44-cd40-4244-9911-8d6b32563b81 (type: networks) to 1
Feb 17 02:26:38.707851 np0000155893 devstack@neutron-api.service[104047]: DEBUG neutron_lib.callbacks.manager [None req-e6a36eb2-56a3-408d-80e6-495f3741987d admin admin] Publish callbacks ['neutron.plugins.ml2.plugin.SecurityGroupDbMixin._ensure_default_security_group_handler-4092262'] for port (None), before_create {{(pid=104047) _notify_loop /opt/stack/data/venv/lib/python3.12/site-packages/neutron_lib/callbacks/manager.py:184}}
Feb 17 02:26:38.786895 np0000155893 devstack@neutron-api.service[104047]: DEBUG neutron_lib.callbacks.manager [None req-e6a36eb2-56a3-408d-80e6-495f3741987d admin admin] Publish callbacks ['neutron.plugins.ml2.drivers.ovn.mech_driver.mech_driver.OVNMechanismDriver._validate_allowed_address_pairs-202538'] for allowed_address_pair (92d79daf-611a-45ae-8a30-b426cacf5b30), before_create {{(pid=104047) _notify_loop /opt/stack/data/venv/lib/python3.12/site-packages/neutron_lib/callbacks/manager.py:184}}
