2026-04-12 21:58:58.116 10 ERROR neutron.plugins.ml2.managers
File "/var/lib/openstack/lib/python3.10/site-packages/neutron_lib/db/api.py", line 223, in wrapped
2026-04-12 21:58:58.116 10 ERROR neutron.plugins.ml2.managers return f_with_retry(*args, **kwargs,
2026-04-12 21:58:58.116 10 ERROR neutron.plugins.ml2.managers
File "/var/lib/openstack/lib/python3.10/site-packages/neutron_lib/db/api.py", line 137, in wrapped
2026-04-12 21:58:58.116 10 ERROR neutron.plugins.ml2.managers with excutils.save_and_reraise_exception():
2026-04-12 21:58:58.116 10 ERROR neutron.plugins.ml2.managers
File "/var/lib/openstack/lib/python3.10/site-packages/oslo_utils/excutils.py", line 227, in __exit__
2026-04-12 21:58:58.116 10 ERROR neutron.plugins.ml2.managers self.force_reraise()
2026-04-12 21:58:58.116 10 ERROR neutron.plugins.ml2.managers
File "/var/lib/openstack/lib/python3.10/site-packages/oslo_utils/excutils.py", line 200, in force_reraise
2026-04-12 21:58:58.116 10 ERROR neutron.plugins.ml2.managers raise self.value
2026-04-12 21:58:58.116 10 ERROR neutron.plugins.ml2.managers
File "/var/lib/openstack/lib/python3.10/site-packages/neutron_lib/db/api.py", line 135, in wrapped
2026-04-12 21:58:58.116 10 ERROR neutron.plugins.ml2.managers return f(*args, **kwargs)
2026-04-12 21:58:58.116 10 ERROR neutron.plugins.ml2.managers
File "/var/lib/openstack/lib/python3.10/site-packages/oslo_db/api.py", line 144, in wrapper
2026-04-12 21:58:58.116 10 ERROR neutron.plugins.ml2.managers with excutils.save_and_reraise_exception() as ectxt:
2026-04-12 21:58:58.116 10 ERROR neutron.plugins.ml2.managers
File "/var/lib/openstack/lib/python3.10/site-packages/oslo_utils/excutils.py", line 227, in __exit__
2026-04-12 21:58:58.116 10 ERROR neutron.plugins.ml2.managers self.force_reraise()
2026-04-12 21:58:58.116 10 ERROR neutron.plugins.ml2.managers
File "/var/lib/openstack/lib/python3.10/site-packages/oslo_utils/excutils.py", line 200, in force_reraise
2026-04-12 21:58:58.116 10 ERROR neutron.plugins.ml2.managers raise self.value
2026-04-12 21:58:58.116 10 ERROR neutron.plugins.ml2.managers
File "/var/lib/openstack/lib/python3.10/site-packages/oslo_db/api.py", line 142, in wrapper
2026-04-12 21:58:58.116 10 ERROR neutron.plugins.ml2.managers return f(*args, **kwargs)
2026-04-12 21:58:58.116 10 ERROR neutron.plugins.ml2.managers
File "/var/lib/openstack/lib/python3.10/site-packages/neutron_lib/db/api.py", line 183, in wrapped
2026-04-12 21:58:58.116 10 ERROR neutron.plugins.ml2.managers with excutils.save_and_reraise_exception():
2026-04-12 21:58:58.116 10 ERROR neutron.plugins.ml2.managers
File "/var/lib/openstack/lib/python3.10/site-packages/oslo_utils/excutils.py", line 227, in __exit__
2026-04-12 21:58:58.116 10 ERROR neutron.plugins.ml2.managers self.force_reraise()
2026-04-12 21:58:58.116 10 ERROR neutron.plugins.ml2.managers
File "/var/lib/openstack/lib/python3.10/site-packages/oslo_utils/excutils.py", line 200, in force_reraise
2026-04-12 21:58:58.116 10 ERROR neutron.plugins.ml2.managers raise self.value
2026-04-12 21:58:58.116 10 ERROR neutron.plugins.ml2.managers
File "/var/lib/openstack/lib/python3.10/site-packages/neutron_lib/db/api.py", line 181, in wrapped
2026-04-12 21:58:58.116 10 ERROR neutron.plugins.ml2.managers return f(*dup_args, **dup_kwargs)
2026-04-12 21:58:58.116 10 ERROR neutron.plugins.ml2.managers
File "/var/lib/openstack/lib/python3.10/site-packages/neutron/db/db_base_plugin_v2.py", line 1198, in get_subnet
2026-04-12 21:58:58.116 10 ERROR neutron.plugins.ml2.managers subnet_obj = self._get_subnet_object(context, id)
2026-04-12 21:58:58.116 10 ERROR neutron.plugins.ml2.managers
File "/var/lib/openstack/lib/python3.10/site-packages/neutron/db/db_base_plugin_common.py", line 282, in _get_subnet_object
2026-04-12 21:58:58.116 10 ERROR neutron.plugins.ml2.managers raise exceptions.SubnetNotFound(subnet_id=id)
2026-04-12 21:58:58.116 10 ERROR neutron.plugins.ml2.managers neutron_lib.exceptions.SubnetNotFound: Subnet 2bd86de0-7bf6-4e3a-9ca3-763e9d992b60 could not be found.
2026-04-12 21:58:58.116 10 ERROR neutron.plugins.ml2.managers 
2026-04-12 21:58:58.116 10 ERROR neutron.plugins.ml2.managers [None req-a1977d42-2ed3-4d2a-b213-aee9a8b29917 - - - - - -] Failed to bind port 5cac3d7f-1f96-43c5-8c2d-a87e0c7ac7fb on host instance for vnic_type normal using segments [{'id': '233e649f-0ed5-41e7-935d-7d07d4cfc221', 'network_type': 'vxlan', 'physical_network': None, 'segmentation_id': 791, 'network_id': '61590aa5-22ad-4636-acba-5dff8c3d5db0'}]
2026-04-12 21:58:58.324 9 INFO neutron.plugins.ml2.plugin [None req-67df2f6c-ed0a-4a16-90fe-454b3135e08e - - - - - -] Attempt 1 to provision port 4a4b7d23-9685-4aa4-979f-893cdf19d58a
2026-04-12 21:58:58.516 9 INFO neutron.notifiers.nova [-] Nova event matching ['req-9f160a88-7d59-42a4-acae-aab7083f6387'] response: {'server_uuid': '3f34cd9f-5e94-4f39-8cef-e551c7fa5ea2', 'name': 'network-vif-plugged', 'status': 'completed', 'tag': '4a4b7d23-9685-4aa4-979f-893cdf19d58a', 'code': 200}
2026-04-12 21:59:00.796 9 INFO neutron.plugins.ml2.plugin [None req-67df2f6c-ed0a-4a16-90fe-454b3135e08e - - - - - -] Attempt 1 to provision port 7086e2f2-dc5b-4fa6-bd9c-507add7ad2f4
2026-04-12 21:59:01.093 9 INFO neutron.plugins.ml2.plugin [None req-67df2f6c-ed0a-4a16-90fe-454b3135e08e - - - - - -] Attempt 1 to provision port 4a4b7d23-9685-4aa4-979f-893cdf19d58a
2026-04-12 21:59:04.297 10 INFO neutron.plugins.ml2.plugin [None req-67df2f6c-ed0a-4a16-90fe-454b3135e08e - - - - - -] Attempt 1 to provision port 3af0f3c4-aefc-4958-885c-3e50dc76cb01
2026-04-12 21:59:04.401 9 INFO neutron.plugins.ml2.plugin [None req-b2e60697-e0f6-4a4d-a674-9738de0a9be1 - - - - - -] Attempt 1 to provision port 3af0f3c4-aefc-4958-885c-3e50dc76cb01
2026-04-12 21:59:04.435 9 INFO neutron.plugins.ml2.db [None req-b2e60697-e0f6-4a4d-a674-9738de0a9be1 - - - - - -] No ports have port_id starting with 3af0f3c4-aefc-4958-885c-3e50dc76cb01
2026-04-12 21:59:08.382 10 INFO neutron.plugins.ml2.plugin [None req-456b831f-fee6-4b7e-a07a-11e2179556c2 - - - - - -] Attempt 1 to provision port 01e56222-9096-4651-a0ae-0b213ab837a4
2026-04-12 21:59:08.542 9 INFO neutron.plugins.ml2.plugin [None req-67df2f6c-ed0a-4a16-90fe-454b3135e08e - - - - - -] Attempt 1 to provision port 6150a4c9-2f54-477d-8493-3d27c99b6948
2026-04-12 21:59:09.531 10 INFO neutron.plugins.ml2.plugin [None req-8f38d6d7-1987-4296-b018-429e98e51fca - - - - - -] Attempt 1 to provision port 6150a4c9-2f54-477d-8493-3d27c99b6948
2026-04-12 21:59:10.428 9 INFO neutron.plugins.ml2.plugin [None req-67df2f6c-ed0a-4a16-90fe-454b3135e08e - - - - - -] Attempt 1 to provision port 6150a4c9-2f54-477d-8493-3d27c99b6948
2026-04-12 21:59:11.023 10 INFO neutron.plugins.ml2.plugin [None req-0b24ba8a-a125-4e46-bb8a-adaa22f6229a - - - - - -] Attempt 1 to provision port 654f0455-aee4-452e-8757-b0be3e19d77c
2026-04-12 21:59:11.482 9 INFO neutron.plugins.ml2.plugin [None req-9492c389-e5e6-44e1-968e-8e6627c5b2ff - - - - - -] Attempt 1 to provision port 654f0455-aee4-452e-8757-b0be3e19d77c
2026-04-12 21:59:12.259 9 INFO neutron.plugins.ml2.plugin [None req-67df2f6c-ed0a-4a16-90fe-454b3135e08e - - - - - -] Attempt 1 to provision port c3bf72d0-2316-4aa8-b4b5-560af21ba361
2026-04-12 21:59:14.276 9 INFO neutron.plugins.ml2.plugin [None req-7fe31466-1552-412f-93b0-ee536ec294fd - - - - - -] Attempt 1 to provision port 8cf6e68f-8a29-4fb3-b9c7-d38400cae20f
2026-04-12 21:59:14.359 10 INFO neutron.plugins.ml2.plugin [None req-67df2f6c-ed0a-4a16-90fe-454b3135e08e - - - - - -] Attempt 1 to provision port c3bf72d0-2316-4aa8-b4b5-560af21ba361
2026-04-12 21:59:14.731 10 INFO neutron.plugins.ml2.plugin [None req-67df2f6c-ed0a-4a16-90fe-454b3135e08e - - - - - -] Attempt 1 to provision port ff1cf34d-55a7-4303-a5b1-a0a51829220d
2026-04-12 21:59:15.223 10 INFO neutron.plugins.ml2.plugin [None req-82b7e750-eed5-4877-81e6-67bf4096109c - - - - - -] Attempt 1 to provision port ff1cf34d-55a7-4303-a5b1-a0a51829220d
2026-04-12 21:59:16.435 9 INFO neutron.plugins.ml2.plugin [None req-d027bb56-59d1-453c-ad01-c3c5b57e1194 - - - - - -] Attempt 1 to provision port e2754707-31e8-414e-9025-39b04b5ea931
2026-04-12 21:59:16.499 10 INFO neutron.plugins.ml2.plugin [None req-67df2f6c-ed0a-4a16-90fe-454b3135e08e - - - - - -] Attempt 1 to provision port ff1cf34d-55a7-4303-a5b1-a0a51829220d
2026-04-12 21:59:16.790 9 INFO neutron.plugins.ml2.plugin [None req-09f87595-6265-43f3-a005-45833700e782 - - - - - -] Attempt 1 to provision port 02461ca6-5f2d-41fe-bded-0efcf41b3a46
2026-04-12 21:59:17.455 9 INFO neutron.plugins.ml2.plugin [None req-cac32b97-595c-4075-bdea-1fc00e8c202a - - - - - -] Attempt 1 to provision port 02461ca6-5f2d-41fe-bded-0efcf41b3a46
2026-04-12 21:59:18.438 10 INFO neutron.plugins.ml2.plugin [None req-67df2f6c-ed0a-4a16-90fe-454b3135e08e - - - - - -] Attempt 1 to provision port e2754707-31e8-414e-9025-39b04b5ea931
2026-04-12 21:59:18.577 10 INFO neutron.notifiers.nova [-] Nova event matching ['req-ea647d8a-5219-4f5d-8ca3-912f459f4729'] response: {'server_uuid': '9d41b7e9-0a4d-4cc3-9bae-4ef24e828a7d', 'name': 'network-vif-plugged', 'status': 'completed', 'tag': 'e2754707-31e8-414e-9025-39b04b5ea931', 'code': 200}
2026-04-12 21:59:18.998 10 INFO neutron.plugins.ml2.plugin [None req-67df2f6c-ed0a-4a16-90fe-454b3135e08e - - - - - -] Attempt 1 to provision port 21822384-29a9-432e-945e-ebb9c14533e9
2026-04-12 21:59:20.035 10 INFO neutron.plugins.ml2.plugin [None req-aeb22d70-559f-41b9-96a8-b24816d4b679 - - - - - -] Attempt 1 to provision port 51e9928e-b36e-4a16-af1d-350ed0b67002
2026-04-12 21:59:20.309 10 INFO neutron.plugins.ml2.plugin [None req-67df2f6c-ed0a-4a16-90fe-454b3135e08e - - - - - -] Attempt 1 to provision port 21822384-29a9-432e-945e-ebb9c14533e9
2026-04-12 21:59:20.655 10 INFO neutron.plugins.ml2.plugin [None req-67df2f6c-ed0a-4a16-90fe-454b3135e08e - - - - - -] Attempt 1 to provision port e2754707-31e8-414e-9025-39b04b5ea931
2026-04-12 21:59:21.402 9 INFO neutron.plugins.ml2.plugin [None req-28245ea2-1cee-47ed-a6ae-3844981dc97d - - - - - -] Attempt 1 to provision port 44091161-a6d0-4153-b400-27bc243da353
2026-04-12 21:59:22.190 10 INFO neutron.plugins.ml2.plugin [None req-fb550249-98c0-4349-bee6-e140d23988b9 - - - - - -] Attempt 1 to provision port 00ab941d-a171-4e30-994c-3d5e4243efca
2026-04-12 21:59:22.377 9 INFO neutron.plugins.ml2.plugin [None req-67df2f6c-ed0a-4a16-90fe-454b3135e08e - - - - - -] Attempt 1 to provision port 00ab941d-a171-4e30-994c-3d5e4243efca
2026-04-12 21:59:23.808 10 INFO neutron.plugins.ml2.plugin [None req-77b5f43a-c2bd-4d32-8327-2ee015e66b8f - - - - - -] Attempt 1 to provision port a8934b14-ade4-4563-a022-113525c350fb
2026-04-12 21:59:24.360 10 INFO neutron.plugins.ml2.plugin [None req-67df2f6c-ed0a-4a16-90fe-454b3135e08e - - - - - -] Attempt 1 to provision port 00ab941d-a171-4e30-994c-3d5e4243efca
2026-04-12 21:59:24.571 9 INFO neutron.plugins.ml2.plugin [None req-ab797803-0624-4bdf-b799-ad3f34d152d6 - - - - - -] Attempt 1 to provision port a8934b14-ade4-4563-a022-113525c350fb
2026-04-12 21:59:26.510 10 INFO neutron.plugins.ml2.plugin [None req-67df2f6c-ed0a-4a16-90fe-454b3135e08e - - - - - -] Attempt 1 to provision port 67ab0d4f-9cd2-469e-b0d2-c8bfc2f58583
2026-04-12 21:59:28.380 10 INFO neutron.plugins.ml2.plugin [None req-67df2f6c-ed0a-4a16-90fe-454b3135e08e - - - - - -] Attempt 1 to provision port 67ab0d4f-9cd2-469e-b0d2-c8bfc2f58583
2026-04-12 21:59:32.396 10 INFO neutron.plugins.ml2.plugin [None req-67df2f6c-ed0a-4a16-90fe-454b3135e08e - - - - - -] Attempt 1 to provision port 87d904b2-4aae-46dc-84f9-d62fdb969fad
2026-04-12 21:59:32.563 10 INFO neutron.notifiers.nova [-] Nova event matching ['req-b6a2b516-1302-4aa0-8945-ea32fecb6cde'] response: {'server_uuid': '6f2fb8fc-9117-4891-a315-d31396a147a9', 'name': 'network-vif-plugged', 'status': 'completed', 'tag': '87d904b2-4aae-46dc-84f9-d62fdb969fad', 'code': 200}
2026-04-12 21:59:34.300 10 INFO neutron.plugins.ml2.plugin [None req-67df2f6c-ed0a-4a16-90fe-454b3135e08e - - - - - -] Attempt 1 to provision port 02461ca6-5f2d-41fe-bded-0efcf41b3a46
2026-04-12 21:59:34.691 10 INFO neutron.plugins.ml2.plugin [None req-67df2f6c-ed0a-4a16-90fe-454b3135e08e - - - - - -] Attempt 1 to provision port 87d904b2-4aae-46dc-84f9-d62fdb969fad
2026-04-12 21:59:34.948 10 INFO neutron.plugins.ml2.plugin [None req-67df2f6c-ed0a-4a16-90fe-454b3135e08e - - - - - -] Attempt 1 to provision port 8cf6e68f-8a29-4fb3-b9c7-d38400cae20f
2026-04-12 21:59:36.398 9 INFO neutron.plugins.ml2.plugin [None req-67df2f6c-ed0a-4a16-90fe-454b3135e08e - - - - - -] Attempt 1 to provision port 02461ca6-5f2d-41fe-bded-0efcf41b3a46
2026-04-12 21:59:36.754 9 INFO neutron.plugins.ml2.plugin [None req-67df2f6c-ed0a-4a16-90fe-454b3135e08e - - - - - -] Attempt 1 to provision port 8cf6e68f-8a29-4fb3-b9c7-d38400cae20f
2026-04-12 21:59:36.944 9 INFO neutron.plugins.ml2.plugin [None req-67df2f6c-ed0a-4a16-90fe-454b3135e08e - - - - - -] Attempt 1 to provision port 0315ddba-e448-485e-802d-27a5b61cdc6e
2026-04-12 21:59:37.049 9 INFO neutron.notifiers.nova [-] Nova event matching ['req-e7e4888a-1e9d-41cd-af31-fd21089acacd'] response: {'server_uuid': 'ce5c436c-bb86-4829-b1ee-8961a0ed57c0', 'name': 'network-vif-plugged', 'status': 'completed', 'tag': '0315ddba-e448-485e-802d-27a5b61cdc6e', 'code': 200}
2026-04-12 21:59:38.266 10 INFO neutron.plugins.ml2.plugin [None req-67df2f6c-ed0a-4a16-90fe-454b3135e08e - - - - - -] Attempt 1 to provision port 0315ddba-e448-485e-802d-27a5b61cdc6e
2026-04-12 21:59:42.355 9 INFO neutron.plugins.ml2.plugin [None req-67df2f6c-ed0a-4a16-90fe-454b3135e08e - - - - - -] Attempt 1 to provision port 44091161-a6d0-4153-b400-27bc243da353
2026-04-12 21:59:42.921 9 INFO neutron.plugins.ml2.plugin [None req-67df2f6c-ed0a-4a16-90fe-454b3135e08e - - - - - -] Attempt 1 to provision port a8934b14-ade4-4563-a022-113525c350fb
2026-04-12 21:59:44.346 10 INFO neutron.plugins.ml2.plugin [None req-67df2f6c-ed0a-4a16-90fe-454b3135e08e - - - - - -] Attempt 1 to provision port 44091161-a6d0-4153-b400-27bc243da353
2026-04-12 21:59:44.591 10 INFO neutron.plugins.ml2.plugin [None req-67df2f6c-ed0a-4a16-90fe-454b3135e08e - - - - - -] Attempt 1 to provision port a8934b14-ade4-4563-a022-113525c350fb
2026-04-12 22:00:18.377 10 INFO neutron.plugins.ml2.plugin [None req-67df2f6c-ed0a-4a16-90fe-454b3135e08e - - - - - -] Attempt 1 to provision port 49284644-5053-4420-b8ff-98367d079a57
2026-04-12 22:00:19.362 9 INFO neutron.plugins.ml2.plugin [None req-e8736841-82d8-49da-a201-9a894d06cb2b - - - - - -] Attempt 1 to provision port 49284644-5053-4420-b8ff-98367d079a57
2026-04-12 22:00:20.264 10 INFO neutron.plugins.ml2.plugin [None req-62e0051b-1584-4ebc-aa23-49599c6a54b1 - - - - - -] Attempt 1 to provision port b45d5c0f-0572-48b4-8738-e51cb24821cc
2026-04-12 22:00:20.493 9 INFO neutron.plugins.ml2.plugin [None req-67df2f6c-ed0a-4a16-90fe-454b3135e08e - - - - - -] Attempt 1 to provision port 4ae56cd2-4abe-4adb-9d82-5b88c3f02835
2026-04-12 22:00:20.517 10 INFO neutron.plugins.ml2.plugin [None req-d497eb67-b017-49af-84bf-3a449c041ff9 - - - - - -] Attempt 1 to provision port f9ddc241-d591-4949-9eff-1f9d84c8f05c
2026-04-12 22:00:21.110 9 INFO neutron.plugins.ml2.plugin [None req-67df2f6c-ed0a-4a16-90fe-454b3135e08e - - - - - -] Attempt 1 to provision port 49284644-5053-4420-b8ff-98367d079a57
2026-04-12 22:00:21.328 10 INFO neutron.plugins.ml2.plugin [None req-1faf7805-3842-4a31-80a9-ca5dee873d4a - - - - - -] Attempt 1 to provision port 2880edd7-f47f-48f3-9692-125fef318b0e
2026-04-12 22:00:21.457 9 INFO neutron.plugins.ml2.plugin [None req-67df2f6c-ed0a-4a16-90fe-454b3135e08e - - - - - -] Attempt 1 to provision port f9ddc241-d591-4949-9eff-1f9d84c8f05c
2026-04-12 22:00:21.863 9 INFO neutron.plugins.ml2.plugin [None req-67df2f6c-ed0a-4a16-90fe-454b3135e08e - - - - - -] Attempt 1 to provision port 2880edd7-f47f-48f3-9692-125fef318b0e
2026-04-12 22:00:21.914 10 INFO neutron.plugins.ml2.plugin [None req-454f7141-e691-47fa-97b3-8fcc98f29ac9 - - - - - -] Attempt 1 to provision port 4ae56cd2-4abe-4adb-9d82-5b88c3f02835
2026-04-12 22:00:22.539 10 INFO neutron.plugins.ml2.plugin [None req-67df2f6c-ed0a-4a16-90fe-454b3135e08e - - - - - -] Attempt 1 to provision port 2c51cb5b-5ea3-43db-b5a8-d7c4c20c44c5
2026-04-12 22:00:22.545 9 INFO neutron.plugins.ml2.plugin [None req-161ea981-282a-4386-8c31-f86257b91e6d - - - - - -] Attempt 1 to provision port 2c51cb5b-5ea3-43db-b5a8-d7c4c20c44c5
2026-04-12 22:00:24.471 10 INFO neutron.plugins.ml2.plugin [None req-67df2f6c-ed0a-4a16-90fe-454b3135e08e - - - - - -] Attempt 1 to provision port b45d5c0f-0572-48b4-8738-e51cb24821cc
2026-04-12 22:00:24.593 10 INFO neutron.notifiers.nova [-] Nova event matching ['req-91d96d05-06f7-464f-b500-c72b053041e4'] response: {'server_uuid': 'ce5c436c-bb86-4829-b1ee-8961a0ed57c0', 'name': 'network-vif-plugged', 'status': 'completed', 'tag': 'b45d5c0f-0572-48b4-8738-e51cb24821cc', 'code': 200}
2026-04-12 22:00:26.335 10 INFO neutron.plugins.ml2.plugin [None req-67df2f6c-ed0a-4a16-90fe-454b3135e08e - - - - - -] Attempt 1 to provision port b45d5c0f-0572-48b4-8738-e51cb24821cc
2026-04-12 22:00:52.560 10 INFO neutron.plugins.ml2.plugin [None req-67df2f6c-ed0a-4a16-90fe-454b3135e08e - - - - - -] Attempt 1 to provision port a86beba3-8d6d-4641-aad4-e9f9bc35065b
2026-04-12 22:00:52.670 10 INFO neutron.notifiers.nova [-] Nova event matching ['req-946d1ab9-9496-440e-96ad-7467face0e1f'] response: {'server_uuid': 'ce5c436c-bb86-4829-b1ee-8961a0ed57c0', 'name': 'network-vif-plugged', 'status': 'completed', 'tag': 'a86beba3-8d6d-4641-aad4-e9f9bc35065b', 'code': 200}
2026-04-12 22:00:54.362 9 INFO neutron.plugins.ml2.plugin [None req-67df2f6c-ed0a-4a16-90fe-454b3135e08e - - - - - -] Attempt 1 to provision port a86beba3-8d6d-4641-aad4-e9f9bc35065b
2026-04-12 22:01:06.481 10 INFO neutron.plugins.ml2.plugin [None req-67df2f6c-ed0a-4a16-90fe-454b3135e08e - - - - - -] Attempt 1 to provision port a6183477-ecc5-4ae7-a875-00d3439b8d98
2026-04-12 22:01:06.626 10 INFO neutron.notifiers.nova [-] Nova event matching ['req-020ce4c8-ab2e-4bf0-acf9-efaf0e407482'] response: {'server_uuid': 'ce5c436c-bb86-4829-b1ee-8961a0ed57c0', 'name': 'network-vif-plugged', 'status': 'completed', 'tag': 'a6183477-ecc5-4ae7-a875-00d3439b8d98', 'code': 200}
2026-04-12 22:01:08.363 9 INFO neutron.plugins.ml2.plugin [None req-67df2f6c-ed0a-4a16-90fe-454b3135e08e - - - - - -] Attempt 1 to provision port a6183477-ecc5-4ae7-a875-00d3439b8d98
2026-04-12 22:01:16.314 9 INFO neutron.plugins.ml2.plugin [None req-c53af722-28dc-472a-8532-288480db115a - - - - - -] Attempt 1 to provision port a6183477-ecc5-4ae7-a875-00d3439b8d98
2026-04-12 22:01:16.467 10 INFO neutron.plugins.ml2.plugin [None req-67df2f6c-ed0a-4a16-90fe-454b3135e08e - - - - - -] Attempt 1 to provision port a6183477-ecc5-4ae7-a875-00d3439b8d98
2026-04-12 22:01:26.568 10 INFO neutron.plugins.ml2.plugin [None req-566acffa-c29c-4dfb-b2cc-613057a5f094 - - - - - -] Attempt 1 to provision port a86beba3-8d6d-4641-aad4-e9f9bc35065b
2026-04-12 22:02:00.672 10 INFO neutron.notifiers.nova [-] Nova event matching ['req-9ff905f4-2949-4c1a-8bc8-c37e98d8269a'] response: {'server_uuid': 'fe9227f8-1f12-48e1-9c73-2204d626b67f', 'name': 'network-vif-unplugged', 'status': 'completed', 'tag': '9101f350-d772-4614-94dd-d24d6c8f2936', 'code': 200}