May 28 16:29:00.583144 np0000177225 devstack@neutron-api.service[103568]: DEBUG ovsdbapp.backend.ovs_idl [None req-a3bab185-e5df-4922-ab72-942a83126880 None None] Created schema index Logical_Router_Port.name {{(pid=103568) autocreate_indices /opt/stack/data/venv/lib/python3.12/site-packages/ovsdbapp/backend/ovs_idl/__init__.py:106}}
May 28 16:29:00.583203 np0000177225 devstack@neutron-api.service[103568]: DEBUG ovsdbapp.backend.ovs_idl [None req-a3bab185-e5df-4922-ab72-942a83126880 None None] Created schema index Port_Group.name {{(pid=103568) autocreate_indices /opt/stack/data/venv/lib/python3.12/site-packages/ovsdbapp/backend/ovs_idl/__init__.py:106}}
May 28 16:29:00.583270 np0000177225 devstack@neutron-api.service[103568]: DEBUG ovsdbapp.backend.ovs_idl [None req-a3bab185-e5df-4922-ab72-942a83126880 None None] Created schema index Logical_Switch_Port.name {{(pid=103568) autocreate_indices /opt/stack/data/venv/lib/python3.12/site-packages/ovsdbapp/backend/ovs_idl/__init__.py:106}}
May 28 16:29:00.586184 np0000177225 devstack@neutron-api.service[103568]: INFO ovsdbapp.backend.ovs_idl.vlog [None req-a3bab185-e5df-4922-ab72-942a83126880 None None] ssl:199.204.45.30:6641: connecting...
May 28 16:29:00.592592 np0000177225 devstack@neutron-api.service[103568]: INFO ovsdbapp.backend.ovs_idl.vlog [None req-a3bab185-e5df-4922-ab72-942a83126880 None None] ssl:199.204.45.30:6641: connected
May 28 16:29:00.600006 np0000177225 devstack@neutron-api.service[103570]: DEBUG neutron.common.ovn.hash_ring_manager [None req-920dc81c-99c1-4aef-ad11-6106da03e738 None None] Allow caching, nodes 4>=4 {{(pid=103570) _wait_startup_before_caching /opt/stack/neutron/neutron/common/ovn/hash_ring_manager.py:65}}
May 28 16:29:00.605058 np0000177225 devstack@neutron-api.service[103570]: DEBUG neutron.common.ovn.hash_ring_manager [None req-920dc81c-99c1-4aef-ad11-6106da03e738 None None] Hash Ring loaded. 4 active nodes. 0 offline nodes {{(pid=103570) _load_hash_ring /opt/stack/neutron/neutron/common/ovn/hash_ring_manager.py:102}}
May 28 16:29:00.605378 np0000177225 devstack@neutron-api.service[103570]: DEBUG neutron.plugins.ml2.drivers.ovn.mech_driver.ovsdb.ovsdb_monitor [None req-920dc81c-99c1-4aef-ad11-6106da03e738 None None] Hash Ring: Node da45da4bb41f52dca8fd04b802c550fb (host: np0000177225) handling event "create" for row 76717262-475a-4c32-8656-ec4e2a1e6e05 (table: ACL) {{(pid=103570) notify /opt/stack/neutron/neutron/plugins/ml2/drivers/ovn/mech_driver/ovsdb/ovsdb_monitor.py:986}}
May 28 16:29:00.606876 np0000177225 devstack@neutron-api.service[103570]: INFO neutron.plugins.ml2.drivers.ovn.mech_driver.ovsdb.impl_idl_ovn [None req-920dc81c-99c1-4aef-ad11-6106da03e738 None None] Getting OvsdbSbOvnIdl for WorkerService with retry
May 28 16:29:00.614201 np0000177225 devstack@neutron-api.service[103569]: DEBUG ovsdbapp.backend.ovs_idl [None req-2ba05f72-8175-483e-ae59-d30ea4eb88a8 None None] Created lookup_table index Chassis.name {{(pid=103569) autocreate_indices /opt/stack/data/venv/lib/python3.12/site-packages/ovsdbapp/backend/ovs_idl/__init__.py:87}}
May 28 16:29:00.614271 np0000177225 devstack@neutron-api.service[103569]: DEBUG ovsdbapp.backend.ovs_idl [None req-2ba05f72-8175-483e-ae59-d30ea4eb88a8 None None] Created lookup_table index Port_Binding.logical_port {{(pid=103569) autocreate_indices /opt/stack/data/venv/lib/python3.12/site-packages/ovsdbapp/backend/ovs_idl/__init__.py:87}}
May 28 16:29:00.614409 np0000177225 devstack@neutron-api.service[103569]: DEBUG ovsdbapp.backend.ovs_idl [None req-2ba05f72-8175-483e-ae59-d30ea4eb88a8 None None] Created schema index Chassis_Private.name {{(pid=103569) autocreate_indices /opt/stack/data/venv/lib/python3.12/site-packages/ovsdbapp/backend/ovs_idl/__init__.py:106}}
May 28 16:29:00.614499 np0000177225 devstack@neutron-api.service[103569]: DEBUG ovsdbapp.backend.ovs_idl [None req-2ba05f72-8175-483e-ae59-d30ea4eb88a8 None None] Created schema index Datapath_Binding.tunnel_key {{(pid=103569) autocreate_indices /opt/stack/data/venv/lib/python3.12/site-packages/ovsdbapp/backend/ovs_idl/__init__.py:106}}
May 28 16:29:00.616327 np0000177225 devstack@neutron-api.service[103569]: INFO ovsdbapp.backend.ovs_idl.vlog [None req-2ba05f72-8175-483e-ae59-d30ea4eb88a8 None None] ssl:199.204.45.30:6642: connecting...
May 28 16:29:00.622126 np0000177225 devstack@neutron-api.service[103568]: DEBUG neutron.common.ovn.hash_ring_manager [None req-a3bab185-e5df-4922-ab72-942a83126880 None None] Allow caching, nodes 4>=4 {{(pid=103568) _wait_startup_before_caching /opt/stack/neutron/neutron/common/ovn/hash_ring_manager.py:65}}
May 28 16:29:00.622783 np0000177225 devstack@neutron-api.service[103569]: INFO ovsdbapp.backend.ovs_idl.vlog [None req-2ba05f72-8175-483e-ae59-d30ea4eb88a8 None None] ssl:199.204.45.30:6642: connected
May 28 16:29:00.626785 np0000177225 devstack@neutron-api.service[103568]: DEBUG neutron.common.ovn.hash_ring_manager [None req-a3bab185-e5df-4922-ab72-942a83126880 None None] Hash Ring loaded. 4 active nodes. 0 offline nodes {{(pid=103568) _load_hash_ring /opt/stack/neutron/neutron/common/ovn/hash_ring_manager.py:102}}
May 28 16:29:00.626958 np0000177225 devstack@neutron-api.service[103568]: DEBUG neutron.plugins.ml2.drivers.ovn.mech_driver.ovsdb.ovsdb_monitor [None req-a3bab185-e5df-4922-ab72-942a83126880 None None] Hash Ring: Node 757bfd69fc945c9a9f2541bd623181f4 (host: np0000177225) handling event "create" for row 1977e566-d500-4c95-880c-f16eb1a33d5d (table: ACL) {{(pid=103568) notify /opt/stack/neutron/neutron/plugins/ml2/drivers/ovn/mech_driver/ovsdb/ovsdb_monitor.py:986}}
May 28 16:29:00.627189 np0000177225 devstack@neutron-api.service[103568]: DEBUG neutron.plugins.ml2.drivers.ovn.mech_driver.ovsdb.ovsdb_monitor [None req-a3bab185-e5df-4922-ab72-942a83126880 None None] Hash Ring: Node 757bfd69fc945c9a9f2541bd623181f4 (host: np0000177225) handling event "create" for row 042cebb2-57bc-49fe-8f22-4a80d9fbf906 (table: NB_Global) {{(pid=103568) notify /opt/stack/neutron/neutron/plugins/ml2/drivers/ovn/mech_driver/ovsdb/ovsdb_monitor.py:986}}
May 28 16:29:00.628359 np0000177225 devstack@neutron-api.service[103568]: INFO neutron.plugins.ml2.drivers.ovn.mech_driver.ovsdb.impl_idl_ovn [None req-a3bab185-e5df-4922-ab72-942a83126880 None None] Getting OvsdbSbOvnIdl for WorkerService with retry
May 28 16:29:00.636886 np0000177225 devstack@neutron-api.service[103570]: DEBUG ovsdbapp.backend.ovs_idl [None req-920dc81c-99c1-4aef-ad11-6106da03e738 None None] Created lookup_table index Chassis.name {{(pid=103570) autocreate_indices /opt/stack/data/venv/lib/python3.12/site-packages/ovsdbapp/backend/ovs_idl/__init__.py:87}}
May 28 16:29:00.636947 np0000177225 devstack@neutron-api.service[103570]: DEBUG ovsdbapp.backend.ovs_idl [None req-920dc81c-99c1-4aef-ad11-6106da03e738 None None] Created lookup_table index Port_Binding.logical_port {{(pid=103570) autocreate_indices /opt/stack/data/venv/lib/python3.12/site-packages/ovsdbapp/backend/ovs_idl/__init__.py:87}}
May 28 16:29:00.637191 np0000177225 devstack@neutron-api.service[103570]: DEBUG ovsdbapp.backend.ovs_idl [None req-920dc81c-99c1-4aef-ad11-6106da03e738 None None] Created schema index Chassis_Private.name {{(pid=103570) autocreate_indices /opt/stack/data/venv/lib/python3.12/site-packages/ovsdbapp/backend/ovs_idl/__init__.py:106}}
May 28 16:29:00.637191 np0000177225 devstack@neutron-api.service[103570]: DEBUG ovsdbapp.backend.ovs_idl [None req-920dc81c-99c1-4aef-ad11-6106da03e738 None None] Created schema index Datapath_Binding.tunnel_key {{(pid=103570) autocreate_indices /opt/stack/data/venv/lib/python3.12/site-packages/ovsdbapp/backend/ovs_idl/__init__.py:106}}
May 28 16:29:00.638876 np0000177225 devstack@neutron-api.service[103570]: INFO ovsdbapp.backend.ovs_idl.vlog [None req-920dc81c-99c1-4aef-ad11-6106da03e738 None None] ssl:199.204.45.30:6642: connecting...
May 28 16:29:00.643288 np0000177225 devstack@neutron-api.service[103570]: INFO ovsdbapp.backend.ovs_idl.vlog [None req-920dc81c-99c1-4aef-ad11-6106da03e738 None None] ssl:199.204.45.30:6642: connected
May 28 16:29:00.651179 np0000177225 devstack@neutron-api.service[103569]: DEBUG neutron.common.ovn.hash_ring_manager [None req-2ba05f72-8175-483e-ae59-d30ea4eb88a8 None None] Allow caching, nodes 4>=4 {{(pid=103569) _wait_startup_before_caching /opt/stack/neutron/neutron/common/ovn/hash_ring_manager.py:65}}
May 28 16:29:00.656175 np0000177225 devstack@neutron-api.service[103569]: DEBUG neutron.common.ovn.hash_ring_manager [None req-2ba05f72-8175-483e-ae59-d30ea4eb88a8 None None] Hash Ring loaded. 4 active nodes. 0 offline nodes {{(pid=103569) _load_hash_ring /opt/stack/neutron/neutron/common/ovn/hash_ring_manager.py:102}}
May 28 16:29:00.656400 np0000177225 devstack@neutron-api.service[103569]: DEBUG neutron.plugins.ml2.drivers.ovn.mech_driver.ovsdb.ovsdb_monitor [None req-2ba05f72-8175-483e-ae59-d30ea4eb88a8 None None] ChassisAgentWriteEvent : Matched Chassis_Private, create, None None {{(pid=103569) matches /opt/stack/neutron/neutron/plugins/ml2/drivers/ovn/mech_driver/ovsdb/ovsdb_monitor.py:64}}
May 28 16:29:00.656634 np0000177225 devstack@neutron-api.service[103569]: DEBUG neutron.plugins.ml2.drivers.ovn.mech_driver.ovsdb.ovsdb_monitor [None req-2ba05f72-8175-483e-ae59-d30ea4eb88a8 None None] ChassisOVNAgentWriteEvent : Matched Chassis_Private, create, None None {{(pid=103569) matches /opt/stack/neutron/neutron/plugins/ml2/drivers/ovn/mech_driver/ovsdb/ovsdb_monitor.py:64}}
May 28 16:29:00.657086 np0000177225 devstack@neutron-api.service[103569]: DEBUG neutron.plugins.ml2.drivers.ovn.mech_driver.ovsdb.ovsdb_monitor [None req-2ba05f72-8175-483e-ae59-d30ea4eb88a8 None None] Hash Ring: Node 42cbb724662d5746b8b1b6175e7bf71a (host: np0000177225) handling event "create" for row 0e7385ed-2d75-4697-8abd-80f8a31666a3 (table: Encap) {{(pid=103569) notify /opt/stack/neutron/neutron/plugins/ml2/drivers/ovn/mech_driver/ovsdb/ovsdb_monitor.py:986}}
May 28 16:29:00.658596 np0000177225 devstack@neutron-api.service[103568]: DEBUG ovsdbapp.backend.ovs_idl [None req-a3bab185-e5df-4922-ab72-942a83126880 None None] Created lookup_table index Chassis.name {{(pid=103568) autocreate_indices /opt/stack/data/venv/lib/python3.12/site-packages/ovsdbapp/backend/ovs_idl/__init__.py:87}}
May 28 16:29:00.658674 np0000177225 devstack@neutron-api.service[103568]: DEBUG ovsdbapp.backend.ovs_idl [None req-a3bab185-e5df-4922-ab72-942a83126880 None None] Created lookup_table index Port_Binding.logical_port {{(pid=103568) autocreate_indices /opt/stack/data/venv/lib/python3.12/site-packages/ovsdbapp/backend/ovs_idl/__init__.py:87}}
May 28 16:29:00.658782 np0000177225 devstack@neutron-api.service[103568]: DEBUG ovsdbapp.backend.ovs_idl [None req-a3bab185-e5df-4922-ab72-942a83126880 None None] Created schema index Chassis_Private.name {{(pid=103568) autocreate_indices /opt/stack/data/venv/lib/python3.12/site-packages/ovsdbapp/backend/ovs_idl/__init__.py:106}}
May 28 16:29:00.658863 np0000177225 devstack@neutron-api.service[103568]: DEBUG ovsdbapp.backend.ovs_idl [None req-a3bab185-e5df-4922-ab72-942a83126880 None None] Created schema index Datapath_Binding.tunnel_key {{(pid=103568) autocreate_indices /opt/stack/data/venv/lib/python3.12/site-packages/ovsdbapp/backend/ovs_idl/__init__.py:106}}
May 28 16:29:00.659825 np0000177225 devstack@neutron-api.service[103569]: INFO neutron.plugins.ml2.drivers.ovn.mech_driver.mech_driver [None req-2ba05f72-8175-483e-ae59-d30ea4eb88a8 None None] WorkerService process has finished the post initialization
May 28 16:29:00.660858 np0000177225 devstack@neutron-api.service[103568]: INFO ovsdbapp.backend.ovs_idl.vlog [None req-a3bab185-e5df-4922-ab72-942a83126880 None None] ssl:199.204.45.30:6642: connecting...
May 28 16:29:00.661469 np0000177225 devstack@neutron-api.service[103569]: WSGI app 0 (mountpoint='') ready in 7 seconds on interpreter 0x7cf4bcca3668 pid: 103569 (default app)
May 28 16:29:00.666601 np0000177225 devstack@neutron-api.service[103568]: INFO ovsdbapp.backend.ovs_idl.vlog [None req-a3bab185-e5df-4922-ab72-942a83126880 None None] ssl:199.204.45.30:6642: connected
May 28 16:29:00.672659 np0000177225 devstack@neutron-api.service[103570]: DEBUG neutron.common.ovn.hash_ring_manager [None req-920dc81c-99c1-4aef-ad11-6106da03e738 None None] Allow caching, nodes 4>=4 {{(pid=103570) _wait_startup_before_caching /opt/stack/neutron/neutron/common/ovn/hash_ring_manager.py:65}}
May 28 16:29:00.678994 np0000177225 devstack@neutron-api.service[103570]: DEBUG neutron.common.ovn.hash_ring_manager [None req-920dc81c-99c1-4aef-ad11-6106da03e738 None None] Hash Ring loaded. 4 active nodes. 0 offline nodes {{(pid=103570) _load_hash_ring /opt/stack/neutron/neutron/common/ovn/hash_ring_manager.py:102}}
May 28 16:29:00.679215 np0000177225 devstack@neutron-api.service[103570]: DEBUG neutron.plugins.ml2.drivers.ovn.mech_driver.ovsdb.ovsdb_monitor [None req-920dc81c-99c1-4aef-ad11-6106da03e738 None None] ChassisAgentWriteEvent : Matched Chassis_Private, create, None None {{(pid=103570) matches /opt/stack/neutron/neutron/plugins/ml2/drivers/ovn/mech_driver/ovsdb/ovsdb_monitor.py:64}}
May 28 16:29:00.679479 np0000177225 devstack@neutron-api.service[103570]: DEBUG neutron.plugins.ml2.drivers.ovn.mech_driver.ovsdb.ovsdb_monitor [None req-920dc81c-99c1-4aef-ad11-6106da03e738 None None] ChassisOVNAgentWriteEvent : Matched Chassis_Private, create, None None {{(pid=103570) matches /opt/stack/neutron/neutron/plugins/ml2/drivers/ovn/mech_driver/ovsdb/ovsdb_monitor.py:64}}
May 28 16:29:00.680144 np0000177225 devstack@neutron-api.service[103570]: DEBUG neutron.plugins.ml2.drivers.ovn.mech_driver.ovsdb.ovsdb_monitor [None req-920dc81c-99c1-4aef-ad11-6106da03e738 None None] Hash Ring: Node da45da4bb41f52dca8fd04b802c550fb (host: np0000177225) handling event "create" for row 98efa0c8-3eaa-4fa7-a28f-43d32380a737 (table: Chassis_Private) {{(pid=103570) notify /opt/stack/neutron/neutron/plugins/ml2/drivers/ovn/mech_driver/ovsdb/ovsdb_monitor.py:986}}
May 28 16:29:00.682888 np0000177225 devstack@neutron-api.service[103570]: INFO neutron.plugins.ml2.drivers.ovn.mech_driver.mech_driver [None req-920dc81c-99c1-4aef-ad11-6106da03e738 None None] WorkerService process has finished the post initialization
May 28 16:29:00.684781 np0000177225 devstack@neutron-api.service[103570]: WSGI app 0 (mountpoint='') ready in 7 seconds on interpreter 0x7cf4bcca3668 pid: 103570 (default app)
May 28 16:29:00.700147 np0000177225 devstack@neutron-api.service[103568]: DEBUG neutron.common.ovn.hash_ring_manager [None req-a3bab185-e5df-4922-ab72-942a83126880 None None] Allow caching, nodes 4>=4 {{(pid=103568) _wait_startup_before_caching /opt/stack/neutron/neutron/common/ovn/hash_ring_manager.py:65}}
May 28 16:29:00.703426 np0000177225 devstack@neutron-api.service[103568]: DEBUG neutron.common.ovn.hash_ring_manager [None req-a3bab185-e5df-4922-ab72-942a83126880 None None] Hash Ring loaded. 4 active nodes. 0 offline nodes {{(pid=103568) _load_hash_ring /opt/stack/neutron/neutron/common/ovn/hash_ring_manager.py:102}}
May 28 16:29:00.703556 np0000177225 devstack@neutron-api.service[103568]: DEBUG neutron.plugins.ml2.drivers.ovn.mech_driver.ovsdb.ovsdb_monitor [None req-a3bab185-e5df-4922-ab72-942a83126880 None None] ChassisAgentWriteEvent : Matched Chassis_Private, create, None None {{(pid=103568) matches /opt/stack/neutron/neutron/plugins/ml2/drivers/ovn/mech_driver/ovsdb/ovsdb_monitor.py:64}}
May 28 16:29:00.703717 np0000177225 devstack@neutron-api.service[103568]: DEBUG neutron.plugins.ml2.drivers.ovn.mech_driver.ovsdb.ovsdb_monitor [None req-a3bab185-e5df-4922-ab72-942a83126880 None None] ChassisOVNAgentWriteEvent : Matched Chassis_Private, create, None None {{(pid=103568) matches /opt/stack/neutron/neutron/plugins/ml2/drivers/ovn/mech_driver/ovsdb/ovsdb_monitor.py:64}}
May 28 16:29:00.707091 np0000177225 devstack@neutron-api.service[103568]: INFO neutron.plugins.ml2.drivers.ovn.mech_driver.mech_driver [None req-a3bab185-e5df-4922-ab72-942a83126880 None None] WorkerService process has finished the post initialization
May 28 16:29:00.708409 np0000177225 devstack@neutron-api.service[103568]: WSGI app 0 (mountpoint='') ready in 7 seconds on interpreter 0x7cf4bcca3668 pid: 103568 (default app)
May 28 16:29:01.026890 np0000177225 devstack@neutron-api.service[103567]: [pid: 103567|app: 0|req: 1/1] 199.204.45.30 () {62 vars in 981 bytes} [Thu May 28 16:29:01 2026] GET /networking => generated 129 bytes in 4 msecs (HTTP/1.1 200) 3 headers in 91 bytes (1 switches on core 0)
May 28 16:29:02.017655 np0000177225 devstack@neutron-api.service[103569]: DEBUG neutron.plugins.ml2.drivers.ovn.mech_driver.ovsdb.ovsdb_monitor [-] Hash Ring: Node 42cbb724662d5746b8b1b6175e7bf71a (host: np0000177225) handling event "update" for row b5992cfb-5817-4c2f-9c7a-152c38c8a54e (table: Connection) {{(pid=103569) notify /opt/stack/neutron/neutron/plugins/ml2/drivers/ovn/mech_driver/ovsdb/ovsdb_monitor.py:986}}
May 28 16:29:02.020144 np0000177225 devstack@neutron-api.service[103567]: DEBUG neutron.common.ovn.hash_ring_manager [-] Allow caching, nodes 4>=4 {{(pid=103567) _wait_startup_before_caching /opt/stack/neutron/neutron/common/ovn/hash_ring_manager.py:65}}
May 28 16:29:02.020144 np0000177225 devstack@neutron-api.service[103567]: DEBUG neutron.plugins.ml2.drivers.ovn.mech_driver.ovsdb.ovsdb_monitor [-] Hash Ring: Node 1be7aa1bb66651d3a4a26461ea644efa (host: np0000177225) handling event "update" for row b5992cfb-5817-4c2f-9c7a-152c38c8a54e (table: Connection) {{(pid=103567) notify /opt/stack/neutron/neutron/plugins/ml2/drivers/ovn/mech_driver/ovsdb/ovsdb_monitor.py:986}}
May 28 16:29:04.514175 np0000177225 devstack@neutron-api.service[103567]: DEBUG neutron.plugins.ml2.drivers.ovn.mech_driver.ovsdb.ovsdb_monitor [-] Hash Ring: Node 1be7aa1bb66651d3a4a26461ea644efa (host: np0000177225) handling event "update" for row b5992cfb-5817-4c2f-9c7a-152c38c8a54e (table: Connection) {{(pid=103567) notify /opt/stack/neutron/neutron/plugins/ml2/drivers/ovn/mech_driver/ovsdb/ovsdb_monitor.py:986}}
May 28 16:29:04.515181 np0000177225 devstack@neutron-api.service[103569]: DEBUG neutron.plugins.ml2.drivers.ovn.mech_driver.ovsdb.ovsdb_monitor [-] Hash Ring: Node 42cbb724662d5746b8b1b6175e7bf71a (host: np0000177225) handling event "update" for row b5992cfb-5817-4c2f-9c7a-152c38c8a54e (table: Connection) {{(pid=103569) notify /opt/stack/neutron/neutron/plugins/ml2/drivers/ovn/mech_driver/ovsdb/ovsdb_monitor.py:986}}
May 28 16:29:07.872344 np0000177225 devstack@neutron-api.service[103569]: DEBUG neutron.api.wsgi [None req-1bb51b5c-14b6-49f5-81e7-1cccb2fa6391 admin admin] Missing Content-Type {{(pid=103569) get_content_type /opt/stack/neutron/neutron/api/wsgi.py:80}}
May 28 16:29:07.873103 np0000177225 devstack@neutron-api.service[103569]: DEBUG neutron.api.wsgi [None req-1bb51b5c-14b6-49f5-81e7-1cccb2fa6391 admin admin] https://199.204.45.30/networking/v2.0/extensions returned with HTTP 200 {{(pid=103569) __call__ /opt/stack/neutron/neutron/api/wsgi.py:540}}
May 28 16:29:07.873343 np0000177225 devstack@neutron-api.service[103569]: [pid: 103569|app: 0|req: 1/2] 199.204.45.30 () {64 vars in 1316 bytes} [Thu May 28 16:29:07 2026] GET /networking/v2.0/extensions => generated 15209 bytes in 291 msecs (HTTP/1.1 200) 4 headers in 159 bytes (1 switches on core 0)
May 28 16:29:08.319539 np0000177225 devstack@neutron-api.service[103570]: DEBUG neutron.api.v2.base [None req-d65066cd-1ddc-4947-bdbb-c8875949210b admin admin] Request body: {'subnetpool': {'is_default': True, 'prefixes': ['10.1.0.0/20'], 'name': 'shared-default-subnetpool-v4', 'default_prefixlen': 26, 'shared': True}} {{(pid=103570) prepare_request_body /opt/stack/neutron/neutron/api/v2/base.py:727}}
May 28 16:29:08.531505 np0000177225 devstack@neutron-api.service[103570]: DEBUG neutron.policy [None req-d65066cd-1ddc-4947-bdbb-c8875949210b admin admin] Loaded default policies from ['neutron'] under neutron.policies entry points {{(pid=103570) register_rules /opt/stack/neutron/neutron/policy.py:65}}
May 28 16:29:08.684523 np0000177225 devstack@neutron-api.service[103570]: DEBUG neutron_lib.callbacks.manager [None req-d65066cd-1ddc-4947-bdbb-c8875949210b admin admin] Publish callbacks ['neutron.objects.securitygroup.RbacNeutronDbObjectMixin.validate_rbac_policy_change-2382402632445', 'neutron.objects.address_group.RbacNeutronDbObjectMixin.validate_rbac_policy_change-2382402458066', 'neutron.objects.network.RbacNeutronDbObjectMixin.validate_rbac_policy_change-2382402464178', 'neutron.objects.qos.policy.RbacNeutronDbObjectMixin.validate_rbac_policy_change-2382402444293', 'neutron.objects.subnetpool.RbacNeutronDbObjectMixin.validate_rbac_policy_change-2382402451598', 'neutron.objects.address_scope.RbacNeutronDbObjectMixin.validate_rbac_policy_change-2382402540775', 'neutron.plugins.ml2.plugin.External_net_db_mixin._process_ext_policy_create-4097710', 'neutron.plugins.ml2.plugin.NeutronDbPluginV2.validate_network_rbac_policy_change-3975386'] for rbac-policy (None), before_create {{(pid=103570) _notify_loop /opt/stack/data/venv/lib/python3.12/site-packages/neutron_lib/callbacks/manager.py:184}}
May 28 16:29:08.728865 np0000177225 devstack@neutron-api.service[103570]: DEBUG neutron_lib.callbacks.manager [None req-d65066cd-1ddc-4947-bdbb-c8875949210b admin admin] Publish callbacks [] for subnetpool (None), before_response {{(pid=103570) _notify_loop /opt/stack/data/venv/lib/python3.12/site-packages/neutron_lib/callbacks/manager.py:184}}
May 28 16:29:08.729517 np0000177225 devstack@neutron-api.service[103570]: [pid: 103570|app: 0|req: 1/3] 199.204.45.30 () {68 vars in 1360 bytes} [Thu May 28 16:29:08 2026] POST /networking/v2.0/subnetpools => generated 533 bytes in 528 msecs (HTTP/1.1 201) 4 headers in 162 bytes (1 switches on core 0)
May 28 16:29:09.079712 np0000177225 devstack@neutron-api.service[103568]: DEBUG neutron.api.v2.base [None req-3ddf6815-1ca4-4fb5-9a2b-b62b33ffecc8 admin admin] Request body: {'subnetpool': {'is_default': True, 'prefixes': ['fdc5:5e0e:c143::/56'], 'name': 'shared-default-subnetpool-v6', 'default_prefixlen': 64, 'shared': True}} {{(pid=103568) prepare_request_body /opt/stack/neutron/neutron/api/v2/base.py:727}}
May 28 16:29:09.259788 np0000177225 devstack@neutron-api.service[103568]: DEBUG neutron.policy [None req-3ddf6815-1ca4-4fb5-9a2b-b62b33ffecc8 admin admin] Loaded default policies from ['neutron'] under neutron.policies entry points {{(pid=103568) register_rules /opt/stack/neutron/neutron/policy.py:65}}
May 28 16:29:09.407996 np0000177225 devstack@neutron-api.service[103568]: DEBUG neutron_lib.callbacks.manager [None req-3ddf6815-1ca4-4fb5-9a2b-b62b33ffecc8 admin admin] Publish callbacks ['neutron.objects.securitygroup.RbacNeutronDbObjectMixin.validate_rbac_policy_change-2382402632445', 'neutron.objects.address_group.RbacNeutronDbObjectMixin.validate_rbac_policy_change-2382402458066', 'neutron.objects.network.RbacNeutronDbObjectMixin.validate_rbac_policy_change-2382402464178', 'neutron.objects.qos.policy.RbacNeutronDbObjectMixin.validate_rbac_policy_change-2382402444293', 'neutron.objects.subnetpool.RbacNeutronDbObjectMixin.validate_rbac_policy_change-2382402451598', 'neutron.objects.address_scope.RbacNeutronDbObjectMixin.validate_rbac_policy_change-2382402540775', 'neutron.plugins.ml2.plugin.External_net_db_mixin._process_ext_policy_create-4097710', 'neutron.plugins.ml2.plugin.NeutronDbPluginV2.validate_network_rbac_policy_change-3975386'] for rbac-policy (None), before_create {{(pid=103568) _notify_loop /opt/stack/data/venv/lib/python3.12/site-packages/neutron_lib/callbacks/manager.py:184}}
May 28 16:29:09.461939 np0000177225 devstack@neutron-api.service[103568]: DEBUG neutron_lib.callbacks.manager [None req-3ddf6815-1ca4-4fb5-9a2b-b62b33ffecc8 admin admin] Publish callbacks [] for subnetpool (None), before_response {{(pid=103568) _notify_loop /opt/stack/data/venv/lib/python3.12/site-packages/neutron_lib/callbacks/manager.py:184}}
May 28 16:29:09.463064 np0000177225 devstack@neutron-api.service[103568]: [pid: 103568|app: 0|req: 1/4] 199.204.45.30 () {68 vars in 1360 bytes} [Thu May 28 16:29:08 2026] POST /networking/v2.0/subnetpools => generated 543 bytes in 498 msecs (HTTP/1.1 201) 4 headers in 162 bytes (1 switches on core 0)
May 28 16:29:09.902245 np0000177225 devstack@neutron-api.service[103567]: DEBUG neutron.api.v2.base [None req-f0409767-0af3-4ed6-92c5-09271bffca52 admin admin] Request body: {'network': {'admin_state_up': True, 'name': 'private'}} {{(pid=103567) prepare_request_body /opt/stack/neutron/neutron/api/v2/base.py:727}}
May 28 16:29:09.940956 np0000177225 devstack@neutron-api.service[103567]: DEBUG neutron.pecan_wsgi.hooks.quota_enforcement [None req-f0409767-0af3-4ed6-92c5-09271bffca52 admin admin] Made reservation on behalf of 5f9348e7408d4dca9ff932fa399cf89f for: {'network': 1} {{(pid=103567) before /opt/stack/neutron/neutron/pecan_wsgi/hooks/quota_enforcement.py:66}}
May 28 16:29:10.267738 np0000177225 devstack@neutron-api.service[103567]: DEBUG neutron.policy [None req-f0409767-0af3-4ed6-92c5-09271bffca52 admin admin] Loaded default policies from ['neutron'] under neutron.policies entry points {{(pid=103567) register_rules /opt/stack/neutron/neutron/policy.py:65}}
May 28 16:29:10.363580 np0000177225 devstack@neutron-api.service[103567]: DEBUG neutron_lib.callbacks.manager [None req-f0409767-0af3-4ed6-92c5-09271bffca52 admin admin] Publish callbacks ['neutron.plugins.ml2.plugin.SecurityGroupDbMixin._ensure_default_security_group_handler-4193190'] for network (None), before_create {{(pid=103567) _notify_loop /opt/stack/data/venv/lib/python3.12/site-packages/neutron_lib/callbacks/manager.py:184}}
May 28 16:29:10.385275 np0000177225 devstack@neutron-api.service[103567]: DEBUG neutron_lib.callbacks.manager [None req-f0409767-0af3-4ed6-92c5-09271bffca52 admin admin] Publish callbacks [] for security_group (None), before_create {{(pid=103567) _notify_loop /opt/stack/data/venv/lib/python3.12/site-packages/neutron_lib/callbacks/manager.py:184}}
May 28 16:29:10.499159 np0000177225 devstack@neutron-api.service[103567]: DEBUG neutron_lib.callbacks.manager [None req-f0409767-0af3-4ed6-92c5-09271bffca52 admin admin] Publish callbacks ['neutron.plugins.ml2.drivers.ovn.mech_driver.mech_driver.OVNMechanismDriver._create_security_group_precommit-511593'] for security_group (4297cac1-60ae-4200-9203-a3ea80c62160), precommit_create {{(pid=103567) _notify_loop /opt/stack/data/venv/lib/python3.12/site-packages/neutron_lib/callbacks/manager.py:184}}
May 28 16:29:10.499523 np0000177225 devstack@neutron-api.service[103567]: DEBUG neutron.db.ovn_revision_numbers_db [None req-f0409767-0af3-4ed6-92c5-09271bffca52 admin admin] create_initial_revision uuid=4297cac1-60ae-4200-9203-a3ea80c62160, type=security_groups, rev=-1 {{(pid=103567) create_initial_revision /opt/stack/neutron/neutron/db/ovn_revision_numbers_db.py:98}}
May 28 16:29:10.502004 np0000177225 devstack@neutron-api.service[103567]: DEBUG neutron.db.ovn_revision_numbers_db [None req-f0409767-0af3-4ed6-92c5-09271bffca52 admin admin] create_initial_revision uuid=4a5a8612-cf68-49e6-9efb-7302cd936754, type=security_group_rules, rev=-1 {{(pid=103567) create_initial_revision /opt/stack/neutron/neutron/db/ovn_revision_numbers_db.py:98}}
May 28 16:29:10.503121 np0000177225 devstack@neutron-api.service[103567]: DEBUG neutron.db.ovn_revision_numbers_db [None req-f0409767-0af3-4ed6-92c5-09271bffca52 admin admin] create_initial_revision uuid=5b0b1a89-ae97-4a4d-9968-1d9700780cfc, type=security_group_rules, rev=-1 {{(pid=103567) create_initial_revision /opt/stack/neutron/neutron/db/ovn_revision_numbers_db.py:98}}
May 28 16:29:10.504176 np0000177225 devstack@neutron-api.service[103567]: DEBUG neutron.db.ovn_revision_numbers_db [None req-f0409767-0af3-4ed6-92c5-09271bffca52 admin admin] create_initial_revision uuid=6584ff86-2597-4558-bbaf-1ff82b106612, type=security_group_rules, rev=-1 {{(pid=103567) create_initial_revision /opt/stack/neutron/neutron/db/ovn_revision_numbers_db.py:98}}
May 28 16:29:10.505194 np0000177225 devstack@neutron-api.service[103567]: DEBUG neutron.db.ovn_revision_numbers_db [None req-f0409767-0af3-4ed6-92c5-09271bffca52 admin admin] create_initial_revision uuid=68dc312a-b534-4277-9d03-e44f1ea5b7a6, type=security_group_rules, rev=-1 {{(pid=103567) create_initial_revision /opt/stack/neutron/neutron/db/ovn_revision_numbers_db.py:98}}
May 28 16:29:10.511200 np0000177225 devstack@neutron-api.service[103567]: DEBUG neutron_lib.callbacks.manager [None req-f0409767-0af3-4ed6-92c5-09271bffca52 admin admin] Publish callbacks ['neutron.plugins.ml2.drivers.ovn.mech_driver.mech_driver.OVNMechanismDriver._create_security_group-511591', 'neutron.plugins.ml2.ovo_rpc._ObjectChangeHandler.handle_event-3021478'] for security_group (4297cac1-60ae-4200-9203-a3ea80c62160), after_create {{(pid=103567) _notify_loop /opt/stack/data/venv/lib/python3.12/site-packages/neutron_lib/callbacks/manager.py:184}}
May 28 16:29:10.512458 np0000177225 devstack@neutron-api.service[103567]: DEBUG ovsdbapp.backend.ovs_idl.transaction [-] Running txn n=1 command(idx=0): PgAddCommand(_result=None, name=pg_4297cac1_60ae_4200_9203_a3ea80c62160, may_exist=False, columns={'acls': [], 'external_ids': {'neutron:security_group_id': '4297cac1-60ae-4200-9203-a3ea80c62160'}}) {{(pid=103567) do_commit /opt/stack/data/venv/lib/python3.12/site-packages/ovsdbapp/backend/ovs_idl/transaction.py:89}}
May 28 16:29:10.514104 np0000177225 devstack@neutron-api.service[103567]: DEBUG ovsdbapp.backend.ovs_idl.transaction [-] Running txn n=1 command(idx=1): PgAclAddCommand(_result=None, entity=pg_4297cac1_60ae_4200_9203_a3ea80c62160, direction=to-lport, priority=1002, match=outport == @pg_4297cac1_60ae_4200_9203_a3ea80c62160 && ip4 && ip4.src == $pg_4297cac1_60ae_4200_9203_a3ea80c62160_ip4, action=allow-related, log=False, may_exist=True, severity=[], name=[], meter=[], external_ids={'neutron:security_group_rule_id': '4a5a8612-cf68-49e6-9efb-7302cd936754'}) {{(pid=103567) do_commit /opt/stack/data/venv/lib/python3.12/site-packages/ovsdbapp/backend/ovs_idl/transaction.py:89}}
May 28 16:29:10.514608 np0000177225 devstack@neutron-api.service[103567]: DEBUG ovsdbapp.backend.ovs_idl.transaction [-] Running txn n=1 command(idx=2): PgAclAddCommand(_result=None, entity=pg_4297cac1_60ae_4200_9203_a3ea80c62160, direction=from-lport, priority=1002, match=inport == @pg_4297cac1_60ae_4200_9203_a3ea80c62160 && ip4, action=allow-related, log=False, may_exist=True, severity=[], name=[], meter=[], external_ids={'neutron:security_group_rule_id': '5b0b1a89-ae97-4a4d-9968-1d9700780cfc'}) {{(pid=103567) do_commit /opt/stack/data/venv/lib/python3.12/site-packages/ovsdbapp/backend/ovs_idl/transaction.py:89}}
May 28 16:29:10.515015 np0000177225 devstack@neutron-api.service[103567]: DEBUG ovsdbapp.backend.ovs_idl.transaction [-] Running txn n=1 command(idx=3): PgAclAddCommand(_result=None, entity=pg_4297cac1_60ae_4200_9203_a3ea80c62160, direction=from-lport, priority=1002, match=inport == @pg_4297cac1_60ae_4200_9203_a3ea80c62160 && ip6, action=allow-related, log=False, may_exist=True, severity=[], name=[], meter=[], external_ids={'neutron:security_group_rule_id': '6584ff86-2597-4558-bbaf-1ff82b106612'}) {{(pid=103567) do_commit /opt/stack/data/venv/lib/python3.12/site-packages/ovsdbapp/backend/ovs_idl/transaction.py:89}}
May 28 16:29:10.515493 np0000177225 devstack@neutron-api.service[103567]: DEBUG ovsdbapp.backend.ovs_idl.transaction [-] Running txn n=1 command(idx=4): PgAclAddCommand(_result=None, entity=pg_4297cac1_60ae_4200_9203_a3ea80c62160, direction=to-lport, priority=1002, match=outport == @pg_4297cac1_60ae_4200_9203_a3ea80c62160 && ip6 && ip6.src == $pg_4297cac1_60ae_4200_9203_a3ea80c62160_ip6, action=allow-related, log=False, may_exist=True, severity=[], name=[], meter=[], external_ids={'neutron:security_group_rule_id': '68dc312a-b534-4277-9d03-e44f1ea5b7a6'}) {{(pid=103567) do_commit /opt/stack/data/venv/lib/python3.12/site-packages/ovsdbapp/backend/ovs_idl/transaction.py:89}}
May 28 16:29:10.548229 np0000177225 devstack@neutron-api.service[103567]: DEBUG neutron.plugins.ml2.drivers.ovn.mech_driver.ovsdb.ovsdb_monitor [-] Hash Ring: Node 1be7aa1bb66651d3a4a26461ea644efa (host: np0000177225) handling event "create" for row 2f69f71e-7d0d-4f14-a580-775a66cf4ff1 (table: ACL) {{(pid=103567) notify /opt/stack/neutron/neutron/plugins/ml2/drivers/ovn/mech_driver/ovsdb/ovsdb_monitor.py:986}}
May 28 16:29:10.548617 np0000177225 devstack@neutron-api.service[103567]: DEBUG neutron.plugins.ml2.drivers.ovn.mech_driver.ovsdb.ovsdb_monitor [-] Hash Ring: Node 1be7aa1bb66651d3a4a26461ea644efa (host: np0000177225) handling event "create" for row 80643370-b3a5-4566-a8e8-6f366156e74e (table: ACL) {{(pid=103567) notify /opt/stack/neutron/neutron/plugins/ml2/drivers/ovn/mech_driver/ovsdb/ovsdb_monitor.py:986}}
May 28 16:29:10.548893 np0000177225 devstack@neutron-api.service[103567]: DEBUG neutron.plugins.ml2.drivers.ovn.mech_driver.ovsdb.ovsdb_monitor [-] Hash Ring: Node 1be7aa1bb66651d3a4a26461ea644efa (host: np0000177225) handling event "create" for row 87e31000-87ac-4d05-879c-f172afbd060b (table: ACL) {{(pid=103567) notify /opt/stack/neutron/neutron/plugins/ml2/drivers/ovn/mech_driver/ovsdb/ovsdb_monitor.py:986}}
May 28 16:29:10.549143 np0000177225 devstack@neutron-api.service[103567]: DEBUG neutron.plugins.ml2.drivers.ovn.mech_driver.ovsdb.ovsdb_monitor [-] Hash Ring: Node 1be7aa1bb66651d3a4a26461ea644efa (host: np0000177225) handling event "create" for row d66f2e63-dae3-4303-a7de-d9551c574c7a (table: ACL) {{(pid=103567) notify /opt/stack/neutron/neutron/plugins/ml2/drivers/ovn/mech_driver/ovsdb/ovsdb_monitor.py:986}}
May 28 16:29:10.549406 np0000177225 devstack@neutron-api.service[103567]: DEBUG neutron.plugins.ml2.drivers.ovn.mech_driver.ovsdb.ovsdb_monitor [-] Hash Ring: Node 1be7aa1bb66651d3a4a26461ea644efa (host: np0000177225) handling event "create" for row 57a55196-d25f-4f3c-af38-91533d980198 (table: Port_Group) {{(pid=103567) notify /opt/stack/neutron/neutron/plugins/ml2/drivers/ovn/mech_driver/ovsdb/ovsdb_monitor.py:986}}
May 28 16:29:10.551035 np0000177225 devstack@neutron-api.service[103570]: DEBUG neutron.plugins.ml2.drivers.ovn.mech_driver.ovsdb.ovsdb_monitor [-] Hash Ring: Node da45da4bb41f52dca8fd04b802c550fb (host: np0000177225) handling event "create" for row 87e31000-87ac-4d05-879c-f172afbd060b (table: ACL) {{(pid=103570) notify /opt/stack/neutron/neutron/plugins/ml2/drivers/ovn/mech_driver/ovsdb/ovsdb_monitor.py:986}}
May 28 16:29:10.551373 np0000177225 devstack@neutron-api.service[103570]: DEBUG neutron.plugins.ml2.drivers.ovn.mech_driver.ovsdb.ovsdb_monitor [-] Hash Ring: Node da45da4bb41f52dca8fd04b802c550fb (host: np0000177225) handling event "create" for row d66f2e63-dae3-4303-a7de-d9551c574c7a (table: ACL) {{(pid=103570) notify /opt/stack/neutron/neutron/plugins/ml2/drivers/ovn/mech_driver/ovsdb/ovsdb_monitor.py:986}}
May 28 16:29:10.579150 np0000177225 devstack@neutron-api.service[103567]: INFO neutron.db.ovn_revision_numbers_db [None req-f0409767-0af3-4ed6-92c5-09271bffca52 admin admin] Successfully bumped revision number for resource 4297cac1-60ae-4200-9203-a3ea80c62160 (type: security_groups) to 1
May 28 16:29:10.604332 np0000177225 devstack@neutron-api.service[103567]: INFO neutron.db.ovn_revision_numbers_db [None req-f0409767-0af3-4ed6-92c5-09271bffca52 admin admin] Successfully bumped revision number for resource 4a5a8612-cf68-49e6-9efb-7302cd936754 (type: security_group_rules) to 0
May 28 16:29:10.618412 np0000177225 devstack@neutron-api.service[103567]: INFO neutron.db.ovn_revision_numbers_db [None req-f0409767-0af3-4ed6-92c5-09271bffca52 admin admin] Successfully bumped revision number for resource 5b0b1a89-ae97-4a4d-9968-1d9700780cfc (type: security_group_rules) to 0
May 28 16:29:10.632043 np0000177225 devstack@neutron-api.service[103567]: INFO neutron.db.ovn_revision_numbers_db [None req-f0409767-0af3-4ed6-92c5-09271bffca52 admin admin] Successfully bumped revision number for resource 6584ff86-2597-4558-bbaf-1ff82b106612 (type: security_group_rules) to 0
May 28 16:29:10.645593 np0000177225 devstack@neutron-api.service[103567]: INFO neutron.db.ovn_revision_numbers_db [None req-f0409767-0af3-4ed6-92c5-09271bffca52 admin admin] Successfully bumped revision number for resource 68dc312a-b534-4277-9d03-e44f1ea5b7a6 (type: security_group_rules) to 0
May 28 16:29:10.655391 np0000177225 devstack@neutron-api.service[103569]: DEBUG dbcounter [-] [103569] Writing DB stats neutron:SELECT=14,neutron:INSERT=2,neutron:DELETE=1 {{(pid=103569) stat_writer /opt/stack/data/venv/lib/python3.12/site-packages/dbcounter.py:115}}
May 28 16:29:10.673220 np0000177225 devstack@neutron-api.service[103567]: DEBUG neutron.api.rpc.handlers.resources_rpc [None req-f0409767-0af3-4ed6-92c5-09271bffca52 admin admin] Pushing event updated for resources: {'SecurityGroup': ['ID=4297cac1-60ae-4200-9203-a3ea80c62160,revision_number=1']} {{(pid=103567) push /opt/stack/neutron/neutron/api/rpc/handlers/resources_rpc.py:237}}
May 28 16:29:10.682782 np0000177225 devstack@neutron-api.service[103567]: DEBUG ovsdbapp.backend.ovs_idl.transaction [-] Running txn n=1 command(idx=0): CheckLivenessCommand(_result=None) {{(pid=103567) do_commit /opt/stack/data/venv/lib/python3.12/site-packages/ovsdbapp/backend/ovs_idl/transaction.py:89}}
May 28 16:29:10.687320 np0000177225 devstack@neutron-api.service[103568]: DEBUG neutron.plugins.ml2.drivers.ovn.mech_driver.ovsdb.ovsdb_monitor [-] Hash Ring: Node 757bfd69fc945c9a9f2541bd623181f4 (host: np0000177225) handling event "update" for row 042cebb2-57bc-49fe-8f22-4a80d9fbf906 (table: NB_Global) {{(pid=103568) notify /opt/stack/neutron/neutron/plugins/ml2/drivers/ovn/mech_driver/ovsdb/ovsdb_monitor.py:986}}
May 28 16:29:10.687994 np0000177225 devstack@neutron-api.service[103567]: DEBUG neutron.plugins.ml2.drivers.ovn.mech_driver.ovsdb.ovsdb_monitor [-] Hash Ring: Node 1be7aa1bb66651d3a4a26461ea644efa (host: np0000177225) handling event "update" for row 042cebb2-57bc-49fe-8f22-4a80d9fbf906 (table: NB_Global) {{(pid=103567) notify /opt/stack/neutron/neutron/plugins/ml2/drivers/ovn/mech_driver/ovsdb/ovsdb_monitor.py:986}}
May 28 16:29:10.688264 np0000177225 devstack@neutron-api.service[103568]: DEBUG neutron.plugins.ml2.drivers.ovn.mech_driver.ovsdb.ovsdb_monitor [-] Hash Ring: Node 757bfd69fc945c9a9f2541bd623181f4 (host: np0000177225) handling event "update" for row 042cebb2-57bc-49fe-8f22-4a80d9fbf906 (table: NB_Global) {{(pid=103568) notify /opt/stack/neutron/neutron/plugins/ml2/drivers/ovn/mech_driver/ovsdb/ovsdb_monitor.py:986}}
May 28 16:29:10.690178 np0000177225 devstack@neutron-api.service[103568]: DEBUG neutron.plugins.ml2.drivers.ovn.mech_driver.ovsdb.ovsdb_monitor [-] Hash Ring: Node 757bfd69fc945c9a9f2541bd623181f4 (host: np0000177225) handling event "update" for row 042cebb2-57bc-49fe-8f22-4a80d9fbf906 (table: NB_Global) {{(pid=103568) notify /opt/stack/neutron/neutron/plugins/ml2/drivers/ovn/mech_driver/ovsdb/ovsdb_monitor.py:986}}
May 28 16:29:10.690514 np0000177225 devstack@neutron-api.service[103567]: DEBUG neutron.plugins.ml2.drivers.ovn.mech_driver.ovsdb.ovsdb_monitor [-] Hash Ring: Node 1be7aa1bb66651d3a4a26461ea644efa (host: np0000177225) handling event "update" for row 042cebb2-57bc-49fe-8f22-4a80d9fbf906 (table: NB_Global) {{(pid=103567) notify /opt/stack/neutron/neutron/plugins/ml2/drivers/ovn/mech_driver/ovsdb/ovsdb_monitor.py:986}}
May 28 16:29:10.692268 np0000177225 devstack@neutron-api.service[103569]: DEBUG neutron.plugins.ml2.drivers.ovn.mech_driver.ovsdb.ovsdb_monitor [-] ChassisAgentWriteEvent : Matched Chassis_Private, update, None None {{(pid=103569) matches /opt/stack/neutron/neutron/plugins/ml2/drivers/ovn/mech_driver/ovsdb/ovsdb_monitor.py:64}}
May 28 16:29:10.692596 np0000177225 devstack@neutron-api.service[103570]: DEBUG neutron.plugins.ml2.drivers.ovn.mech_driver.ovsdb.ovsdb_monitor [-] ChassisAgentWriteEvent : Matched Chassis_Private, update, None None {{(pid=103570) matches /opt/stack/neutron/neutron/plugins/ml2/drivers/ovn/mech_driver/ovsdb/ovsdb_monitor.py:64}}
May 28 16:29:10.692678 np0000177225 devstack@neutron-api.service[103567]: DEBUG neutron.plugins.ml2.drivers.ovn.mech_driver.ovsdb.ovsdb_monitor [-] ChassisAgentWriteEvent : Matched Chassis_Private, update, None None {{(pid=103567) matches /opt/stack/neutron/neutron/plugins/ml2/drivers/ovn/mech_driver/ovsdb/ovsdb_monitor.py:64}}
May 28 16:29:10.692759 np0000177225 devstack@neutron-api.service[103568]: DEBUG neutron.plugins.ml2.drivers.ovn.mech_driver.ovsdb.ovsdb_monitor [-] ChassisAgentWriteEvent : Matched Chassis_Private, update, None None {{(pid=103568) matches /opt/stack/neutron/neutron/plugins/ml2/drivers/ovn/mech_driver/ovsdb/ovsdb_monitor.py:64}}
May 28 16:29:10.692839 np0000177225 devstack@neutron-api.service[103570]: DEBUG neutron.plugins.ml2.drivers.ovn.mech_driver.ovsdb.ovsdb_monitor [-] Hash Ring: Node da45da4bb41f52dca8fd04b802c550fb (host: np0000177225) handling event "update" for row 98efa0c8-3eaa-4fa7-a28f-43d32380a737 (table: Chassis_Private) {{(pid=103570) notify /opt/stack/neutron/neutron/plugins/ml2/drivers/ovn/mech_driver/ovsdb/ovsdb_monitor.py:986}}
May 28 16:29:10.694564 np0000177225 devstack@neutron-api.service[103568]: DEBUG neutron.plugins.ml2.drivers.ovn.mech_driver.ovsdb.ovsdb_monitor [-] Hash Ring: Node 757bfd69fc945c9a9f2541bd623181f4 (host: np0000177225) handling event "update" for row 042cebb2-57bc-49fe-8f22-4a80d9fbf906 (table: NB_Global) {{(pid=103568) notify /opt/stack/neutron/neutron/plugins/ml2/drivers/ovn/mech_driver/ovsdb/ovsdb_monitor.py:986}}
May 28 16:29:10.696520 np0000177225 devstack@neutron-api.service[103567]: DEBUG neutron.plugins.ml2.drivers.ovn.mech_driver.ovsdb.ovsdb_monitor [-] Hash Ring: Node 1be7aa1bb66651d3a4a26461ea644efa (host: np0000177225) handling event "update" for row 042cebb2-57bc-49fe-8f22-4a80d9fbf906 (table: NB_Global) {{(pid=103567) notify /opt/stack/neutron/neutron/plugins/ml2/drivers/ovn/mech_driver/ovsdb/ovsdb_monitor.py:986}}
May 28 16:29:10.697960 np0000177225 devstack@neutron-api.service[103569]: DEBUG neutron.plugins.ml2.drivers.ovn.mech_driver.ovsdb.ovsdb_monitor [-] ChassisOVNAgentWriteEvent : Matched Chassis_Private, update, None None {{(pid=103569) matches /opt/stack/neutron/neutron/plugins/ml2/drivers/ovn/mech_driver/ovsdb/ovsdb_monitor.py:64}}
May 28 16:29:10.698392 np0000177225 devstack@neutron-api.service[103568]: DEBUG neutron.plugins.ml2.drivers.ovn.mech_driver.ovsdb.ovsdb_monitor [-] ChassisOVNAgentWriteEvent : Matched Chassis_Private, update, None None {{(pid=103568) matches /opt/stack/neutron/neutron/plugins/ml2/drivers/ovn/mech_driver/ovsdb/ovsdb_monitor.py:64}}
May 28 16:29:10.698500 np0000177225 devstack@neutron-api.service[103570]: DEBUG neutron.plugins.ml2.drivers.ovn.mech_driver.ovsdb.ovsdb_monitor [-] ChassisOVNAgentWriteEvent : Matched Chassis_Private, update, None None {{(pid=103570) matches /opt/stack/neutron/neutron/plugins/ml2/drivers/ovn/mech_driver/ovsdb/ovsdb_monitor.py:64}}
May 28 16:29:10.698783 np0000177225 devstack@neutron-api.service[103570]: DEBUG neutron.plugins.ml2.drivers.ovn.mech_driver.ovsdb.ovsdb_monitor [-] Hash Ring: Node da45da4bb41f52dca8fd04b802c550fb (host: np0000177225) handling event "update" for row 98efa0c8-3eaa-4fa7-a28f-43d32380a737 (table: Chassis_Private) {{(pid=103570) notify /opt/stack/neutron/neutron/plugins/ml2/drivers/ovn/mech_driver/ovsdb/ovsdb_monitor.py:986}}
May 28 16:29:10.699073 np0000177225 devstack@neutron-api.service[103567]: DEBUG neutron.plugins.ml2.drivers.ovn.mech_driver.ovsdb.ovsdb_monitor [-] Hash Ring: Node 1be7aa1bb66651d3a4a26461ea644efa (host: np0000177225) handling event "update" for row 042cebb2-57bc-49fe-8f22-4a80d9fbf906 (table: NB_Global) {{(pid=103567) notify /opt/stack/neutron/neutron/plugins/ml2/drivers/ovn/mech_driver/ovsdb/ovsdb_monitor.py:986}}
May 28 16:29:10.703276 np0000177225 devstack@neutron-api.service[103567]: DEBUG neutron.api.rpc.callbacks.version_manager [None req-f0409767-0af3-4ed6-92c5-09271bffca52 admin admin] Tracked resource versions report:
May 28 16:29:10.703276 np0000177225 devstack@neutron-api.service[103567]: pushed versions:
May 28 16:29:10.703276 np0000177225 devstack@neutron-api.service[103567]: { 'AddressGroup': {'1.2'},
May 28 16:29:10.703276 np0000177225 devstack@neutron-api.service[103567]: 'Agent': {'1.1'},
May 28 16:29:10.703276 np0000177225 devstack@neutron-api.service[103567]: 'ConntrackHelper': {'1.0'},
May 28 16:29:10.703276 np0000177225 devstack@neutron-api.service[103567]: 'LocalIPAssociation': {'1.0'},
May 28 16:29:10.703276 np0000177225 devstack@neutron-api.service[103567]: 'Log': {'1.0'},
May 28 16:29:10.703276 np0000177225 devstack@neutron-api.service[103567]: 'NDPProxy': {'1.0'},
May 28 16:29:10.703276 np0000177225 devstack@neutron-api.service[103567]: 'Network': {'1.3'},
May 28 16:29:10.703276 np0000177225 devstack@neutron-api.service[103567]: 'Port': {'1.11'},
May 28 16:29:10.703276 np0000177225 devstack@neutron-api.service[103567]: 'PortForwarding': {'1.3'},
May 28 16:29:10.703276 np0000177225 devstack@neutron-api.service[103567]: 'QosPolicy': {'1.10'},
May 28 16:29:10.703276 np0000177225 devstack@neutron-api.service[103567]: 'SecurityGroup': {'1.6'},
May 28 16:29:10.703276 np0000177225 devstack@neutron-api.service[103567]: 'SecurityGroupRule': {'1.3'},
May 28 16:29:10.703276 np0000177225 devstack@neutron-api.service[103567]: 'SubPort': {'1.0'},
May 28 16:29:10.703276 np0000177225 devstack@neutron-api.service[103567]: 'Subnet': {'1.2'},
May 28 16:29:10.703276 np0000177225 devstack@neutron-api.service[103567]: 'Trunk': {'1.1'}}
May 28 16:29:10.703276 np0000177225 devstack@neutron-api.service[103567]: consumer versions:
May 28 16:29:10.703276 np0000177225 devstack@neutron-api.service[103567]: {OVN Controller Gateway agent@np0000177225: {}}
May 28 16:29:10.703276 np0000177225 devstack@neutron-api.service[103567]: {{(pid=103567) report /opt/stack/neutron/neutron/api/rpc/callbacks/version_manager.py:183}}
May 28 16:29:10.709203 np0000177225 devstack@neutron-api.service[103567]: DEBUG neutron.common.ovn.hash_ring_manager [-] Allow caching, nodes 4>=4 {{(pid=103567) _wait_startup_before_caching /opt/stack/neutron/neutron/common/ovn/hash_ring_manager.py:65}}
May 28 16:29:10.709818 np0000177225 devstack@neutron-api.service[103567]: DEBUG neutron.plugins.ml2.drivers.ovn.mech_driver.ovsdb.ovsdb_monitor [-] Hash Ring: Node 1be7aa1bb66651d3a4a26461ea644efa (host: np0000177225) handling event "update" for row 98efa0c8-3eaa-4fa7-a28f-43d32380a737 (table: Chassis_Private) {{(pid=103567) notify /opt/stack/neutron/neutron/plugins/ml2/drivers/ovn/mech_driver/ovsdb/ovsdb_monitor.py:986}}
May 28 16:29:10.711872 np0000177225 devstack@neutron-api.service[103567]: DEBUG neutron.plugins.ml2.drivers.ovn.mech_driver.ovsdb.ovsdb_monitor [-] ChassisOVNAgentWriteEvent : Matched Chassis_Private, update, None None {{(pid=103567) matches /opt/stack/neutron/neutron/plugins/ml2/drivers/ovn/mech_driver/ovsdb/ovsdb_monitor.py:64}}
May 28 16:29:10.712445 np0000177225 devstack@neutron-api.service[103567]: DEBUG neutron.plugins.ml2.drivers.ovn.mech_driver.ovsdb.ovsdb_monitor [-] Hash Ring: Node 1be7aa1bb66651d3a4a26461ea644efa (host: np0000177225) handling event "update" for row 98efa0c8-3eaa-4fa7-a28f-43d32380a737 (table: Chassis_Private) {{(pid=103567) notify /opt/stack/neutron/neutron/plugins/ml2/drivers/ovn/mech_driver/ovsdb/ovsdb_monitor.py:986}}
May 28 16:29:10.782779 np0000177225 devstack@neutron-api.service[103567]: DEBUG neutron.plugins.ml2.drivers.helpers [None req-f0409767-0af3-4ed6-92c5-09271bffca52 admin admin] geneve segment allocate from pool success with {'geneve_vni': 19066} {{(pid=103567) allocate_partially_specified_segment /opt/stack/neutron/neutron/plugins/ml2/drivers/helpers.py:142}}
May 28 16:29:10.800685 np0000177225 devstack@neutron-api.service[103567]: DEBUG neutron_lib.callbacks.manager [None req-f0409767-0af3-4ed6-92c5-09271bffca52 admin admin] Publish callbacks ['neutron.services.segments.db._add_segment_host_mapping_for_segment-8586904245662', 'neutron.plugins.ml2.plugin.Ml2Plugin._handle_segment_change-249288'] for segment (d044aa2e-0303-462c-8014-281a437cc30d), precommit_create {{(pid=103567) _notify_loop /opt/stack/data/venv/lib/python3.12/site-packages/neutron_lib/callbacks/manager.py:184}}
May 28 16:29:10.800881 np0000177225 devstack@neutron-api.service[103567]: INFO neutron.db.segments_db [None req-f0409767-0af3-4ed6-92c5-09271bffca52 admin admin] Added segment d044aa2e-0303-462c-8014-281a437cc30d of type geneve for network 0b699246-da5e-467c-9110-cff781cafa67
May 28 16:29:10.852912 np0000177225 devstack@neutron-api.service[103567]: DEBUG neutron_lib.callbacks.manager [None req-f0409767-0af3-4ed6-92c5-09271bffca52 admin admin] Publish callbacks ['neutron.services.auto_allocate.db._ensure_external_network_default_value_callback-8586902546312'] for network (0b699246-da5e-467c-9110-cff781cafa67), precommit_create {{(pid=103567) _notify_loop /opt/stack/data/venv/lib/python3.12/site-packages/neutron_lib/callbacks/manager.py:184}}
May 28 16:29:10.870031 np0000177225 devstack@neutron-api.service[103567]: DEBUG neutron.plugins.ml2.drivers.ovn.mech_driver.mech_driver [None req-f0409767-0af3-4ed6-92c5-09271bffca52 admin admin] Validating network segment with type geneve, segmentation ID 19066, physical network None {{(pid=103567) _validate_network_segments /opt/stack/neutron/neutron/plugins/ml2/drivers/ovn/mech_driver/mech_driver.py:643}}
May 28 16:29:10.870350 np0000177225 devstack@neutron-api.service[103567]: DEBUG neutron.db.ovn_revision_numbers_db [None req-f0409767-0af3-4ed6-92c5-09271bffca52 admin admin] create_initial_revision uuid=0b699246-da5e-467c-9110-cff781cafa67, type=networks, rev=-1 {{(pid=103567) create_initial_revision /opt/stack/neutron/neutron/db/ovn_revision_numbers_db.py:98}}
