Jul 28 00:13:13.185267 np0000187146 devstack@g-api.service[114335]: DEBUG glance.image_cache.drivers.centralized_db [None req-63b8baa6-4db4-4ca1-b1bb-153894c7a761 None None] Node reference is already recorded, ignoring it {{(pid=114335) configure /opt/stack/glance/glance/image_cache/drivers/centralized_db.py:71}}
Jul 28 00:13:13.190592 np0000187146 devstack@g-api.service[114336]: INFO glance.image_cache [None req-86764ede-e5aa-41db-9ece-a1c3f24c2e9a None None] Image cache loaded driver 'centralized_db'.
Jul 28 00:13:13.191708 np0000187146 devstack@g-api.service[114337]: DEBUG glance.image_cache.drivers.centralized_db [None req-4cc18558-7caa-4f76-96f8-17624904b41e None None] Node reference is already recorded, ignoring it {{(pid=114337) configure /opt/stack/glance/glance/image_cache/drivers/centralized_db.py:71}}
Jul 28 00:13:13.193801 np0000187146 devstack@g-api.service[114335]: INFO glance.image_cache [None req-63b8baa6-4db4-4ca1-b1bb-153894c7a761 None None] Image cache loaded driver 'centralized_db'.
Jul 28 00:13:13.195278 np0000187146 devstack@g-api.service[114338]: INFO glance.image_cache [None req-5a29be79-6c43-4cbe-abda-636b55328891 None None] Image cache loaded driver 'centralized_db'.
Jul 28 00:13:13.197263 np0000187146 devstack@g-api.service[114337]: DEBUG glance.api.v2.cached_images [None req-4cc18558-7caa-4f76-96f8-17624904b41e None None] Started cache worker thread {{(pid=114337) __init__ /opt/stack/glance/glance/api/v2/cached_images.py:71}}
Jul 28 00:13:13.197940 np0000187146 devstack@g-api.service[114337]: INFO glance.image_cache [None req-4cc18558-7caa-4f76-96f8-17624904b41e None None] Image cache loaded driver 'centralized_db'.
Jul 28 00:13:13.200545 np0000187146 devstack@g-api.service[114336]: DEBUG glance.image_cache.drivers.centralized_db [None req-86764ede-e5aa-41db-9ece-a1c3f24c2e9a None None] Node reference is already recorded, ignoring it {{(pid=114336) configure /opt/stack/glance/glance/image_cache/drivers/centralized_db.py:71}}
Jul 28 00:13:13.205661 np0000187146 devstack@g-api.service[114338]: DEBUG glance.image_cache.drivers.centralized_db [None req-5a29be79-6c43-4cbe-abda-636b55328891 None None] Node reference is already recorded, ignoring it {{(pid=114338) configure /opt/stack/glance/glance/image_cache/drivers/centralized_db.py:71}}
Jul 28 00:13:13.205771 np0000187146 devstack@g-api.service[114335]: DEBUG glance.image_cache.drivers.centralized_db [None req-63b8baa6-4db4-4ca1-b1bb-153894c7a761 None None] Node reference is already recorded, ignoring it {{(pid=114335) configure /opt/stack/glance/glance/image_cache/drivers/centralized_db.py:71}}
Jul 28 00:13:13.206646 np0000187146 devstack@g-api.service[114336]: DEBUG glance.api.v2.cached_images [None req-86764ede-e5aa-41db-9ece-a1c3f24c2e9a None None] Started cache worker thread {{(pid=114336) __init__ /opt/stack/glance/glance/api/v2/cached_images.py:71}}
Jul 28 00:13:13.207623 np0000187146 devstack@g-api.service[114336]: INFO glance.image_cache [None req-86764ede-e5aa-41db-9ece-a1c3f24c2e9a None None] Image cache loaded driver 'centralized_db'.
Jul 28 00:13:13.207883 np0000187146 devstack@g-api.service[114337]: DEBUG glance.image_cache.drivers.centralized_db [None req-4cc18558-7caa-4f76-96f8-17624904b41e None None] Node reference is already recorded, ignoring it {{(pid=114337) configure /opt/stack/glance/glance/image_cache/drivers/centralized_db.py:71}}
Jul 28 00:13:13.211237 np0000187146 devstack@g-api.service[114338]: DEBUG glance.api.v2.cached_images [None req-5a29be79-6c43-4cbe-abda-636b55328891 None None] Started cache worker thread {{(pid=114338) __init__ /opt/stack/glance/glance/api/v2/cached_images.py:71}}
Jul 28 00:13:13.212141 np0000187146 devstack@g-api.service[114338]: INFO glance.image_cache [None req-5a29be79-6c43-4cbe-abda-636b55328891 None None] Image cache loaded driver 'centralized_db'.
Jul 28 00:13:13.212886 np0000187146 devstack@g-api.service[114337]: INFO glance.api.middleware.cache_manage [None req-4cc18558-7caa-4f76-96f8-17624904b41e None None] Initialized image cache management middleware
Jul 28 00:13:13.213008 np0000187146 devstack@g-api.service[114337]: INFO glance.image_cache [None req-4cc18558-7caa-4f76-96f8-17624904b41e None None] Image cache loaded driver 'centralized_db'.
Jul 28 00:13:13.213182 np0000187146 devstack@g-api.service[114335]: DEBUG glance.api.v2.cached_images [None req-63b8baa6-4db4-4ca1-b1bb-153894c7a761 None None] Started cache worker thread {{(pid=114335) __init__ /opt/stack/glance/glance/api/v2/cached_images.py:71}}
Jul 28 00:13:13.214081 np0000187146 devstack@g-api.service[114335]: INFO glance.image_cache [None req-63b8baa6-4db4-4ca1-b1bb-153894c7a761 None None] Image cache loaded driver 'centralized_db'.
Jul 28 00:13:13.218124 np0000187146 devstack@g-api.service[114336]: DEBUG glance.image_cache.drivers.centralized_db [None req-86764ede-e5aa-41db-9ece-a1c3f24c2e9a None None] Node reference is already recorded, ignoring it {{(pid=114336) configure /opt/stack/glance/glance/image_cache/drivers/centralized_db.py:71}}
Jul 28 00:13:13.222400 np0000187146 devstack@g-api.service[114337]: DEBUG glance.image_cache.drivers.centralized_db [None req-4cc18558-7caa-4f76-96f8-17624904b41e None None] Node reference is already recorded, ignoring it {{(pid=114337) configure /opt/stack/glance/glance/image_cache/drivers/centralized_db.py:71}}
Jul 28 00:13:13.223143 np0000187146 devstack@g-api.service[114336]: INFO glance.api.middleware.cache_manage [None req-86764ede-e5aa-41db-9ece-a1c3f24c2e9a None None] Initialized image cache management middleware
Jul 28 00:13:13.223268 np0000187146 devstack@g-api.service[114336]: INFO glance.image_cache [None req-86764ede-e5aa-41db-9ece-a1c3f24c2e9a None None] Image cache loaded driver 'centralized_db'.
Jul 28 00:13:13.224420 np0000187146 devstack@g-api.service[114335]: DEBUG glance.image_cache.drivers.centralized_db [None req-63b8baa6-4db4-4ca1-b1bb-153894c7a761 None None] Node reference is already recorded, ignoring it {{(pid=114335) configure /opt/stack/glance/glance/image_cache/drivers/centralized_db.py:71}}
Jul 28 00:13:13.224512 np0000187146 devstack@g-api.service[114338]: DEBUG glance.image_cache.drivers.centralized_db [None req-5a29be79-6c43-4cbe-abda-636b55328891 None None] Node reference is already recorded, ignoring it {{(pid=114338) configure /opt/stack/glance/glance/image_cache/drivers/centralized_db.py:71}}
Jul 28 00:13:13.227116 np0000187146 devstack@g-api.service[114337]: INFO glance.api.middleware.cache [None req-4cc18558-7caa-4f76-96f8-17624904b41e None None] Initialized image cache middleware
Jul 28 00:13:13.229979 np0000187146 devstack@g-api.service[114335]: INFO glance.api.middleware.cache_manage [None req-63b8baa6-4db4-4ca1-b1bb-153894c7a761 None None] Initialized image cache management middleware
Jul 28 00:13:13.230322 np0000187146 devstack@g-api.service[114335]: INFO glance.image_cache [None req-63b8baa6-4db4-4ca1-b1bb-153894c7a761 None None] Image cache loaded driver 'centralized_db'.
Jul 28 00:13:13.230386 np0000187146 devstack@g-api.service[114338]: INFO glance.api.middleware.cache_manage [None req-5a29be79-6c43-4cbe-abda-636b55328891 None None] Initialized image cache management middleware
Jul 28 00:13:13.230509 np0000187146 devstack@g-api.service[114338]: INFO glance.image_cache [None req-5a29be79-6c43-4cbe-abda-636b55328891 None None] Image cache loaded driver 'centralized_db'.
Jul 28 00:13:13.233008 np0000187146 devstack@g-api.service[114336]: DEBUG glance.image_cache.drivers.centralized_db [None req-86764ede-e5aa-41db-9ece-a1c3f24c2e9a None None] Node reference is already recorded, ignoring it {{(pid=114336) configure /opt/stack/glance/glance/image_cache/drivers/centralized_db.py:71}}
Jul 28 00:13:13.238705 np0000187146 devstack@g-api.service[114337]: DEBUG glance.common.config [None req-4cc18558-7caa-4f76-96f8-17624904b41e None None] ******************************************************************************** {{(pid=114337) log_opt_values /opt/stack/data/venv/lib/python3.12/site-packages/oslo_config/cfg.py:3226}}
Jul 28 00:13:13.238810 np0000187146 devstack@g-api.service[114337]: DEBUG glance.common.config [None req-4cc18558-7caa-4f76-96f8-17624904b41e None None] Configuration options gathered from: {{(pid=114337) log_opt_values /opt/stack/data/venv/lib/python3.12/site-packages/oslo_config/cfg.py:3227}}
Jul 28 00:13:13.239068 np0000187146 devstack@g-api.service[114337]: DEBUG glance.common.config [None req-4cc18558-7caa-4f76-96f8-17624904b41e None None] command line args: [] {{(pid=114337) log_opt_values /opt/stack/data/venv/lib/python3.12/site-packages/oslo_config/cfg.py:3228}}
Jul 28 00:13:13.239182 np0000187146 devstack@g-api.service[114337]: DEBUG glance.common.config [None req-4cc18558-7caa-4f76-96f8-17624904b41e None None] config files: ['/etc/glance/glance-image-import.conf', '/etc/glance/glance-api.conf'] {{(pid=114337) log_opt_values /opt/stack/data/venv/lib/python3.12/site-packages/oslo_config/cfg.py:3229}}
Jul 28 00:13:13.239248 np0000187146 devstack@g-api.service[114337]: DEBUG glance.common.config [None req-4cc18558-7caa-4f76-96f8-17624904b41e None None] ================================================================================ {{(pid=114337) log_opt_values /opt/stack/data/venv/lib/python3.12/site-packages/oslo_config/cfg.py:3234}}
Jul 28 00:13:13.239404 np0000187146 devstack@g-api.service[114337]: DEBUG glance.common.config [None req-4cc18558-7caa-4f76-96f8-17624904b41e None None] allow_anonymous_access = False {{(pid=114337) log_opt_values /opt/stack/data/venv/lib/python3.12/site-packages/oslo_config/cfg.py:3242}}
Jul 28 00:13:13.239500 np0000187146 devstack@g-api.service[114337]: DEBUG glance.common.config [None req-4cc18558-7caa-4f76-96f8-17624904b41e None None] api_limit_max = 1000 {{(pid=114337) log_opt_values /opt/stack/data/venv/lib/python3.12/site-packages/oslo_config/cfg.py:3242}}
Jul 28 00:13:13.239601 np0000187146 devstack@g-api.service[114336]: INFO glance.api.middleware.cache [None req-86764ede-e5aa-41db-9ece-a1c3f24c2e9a None None] Initialized image cache middleware
Jul 28 00:13:13.239664 np0000187146 devstack@g-api.service[114337]: DEBUG glance.common.config [None req-4cc18558-7caa-4f76-96f8-17624904b41e None None] config_dir = [] {{(pid=114337) log_opt_values /opt/stack/data/venv/lib/python3.12/site-packages/oslo_config/cfg.py:3242}}
Jul 28 00:13:13.239664 np0000187146 devstack@g-api.service[114337]: DEBUG glance.common.config [None req-4cc18558-7caa-4f76-96f8-17624904b41e None None] config_file = ['/etc/glance/glance-image-import.conf', '/etc/glance/glance-api.conf'] {{(pid=114337) log_opt_values /opt/stack/data/venv/lib/python3.12/site-packages/oslo_config/cfg.py:3242}}
Jul 28 00:13:13.239771 np0000187146 devstack@g-api.service[114337]: DEBUG glance.common.config [None req-4cc18558-7caa-4f76-96f8-17624904b41e None None] config_source = [] {{(pid=114337) log_opt_values /opt/stack/data/venv/lib/python3.12/site-packages/oslo_config/cfg.py:3242}}
Jul 28 00:13:13.239904 np0000187146 devstack@g-api.service[114337]: DEBUG glance.common.config [None req-4cc18558-7caa-4f76-96f8-17624904b41e None None] control_exchange = glance {{(pid=114337) log_opt_values /opt/stack/data/venv/lib/python3.12/site-packages/oslo_config/cfg.py:3242}}
Jul 28 00:13:13.239968 np0000187146 devstack@g-api.service[114337]: DEBUG glance.common.config [None req-4cc18558-7caa-4f76-96f8-17624904b41e None None] debug = True {{(pid=114337) log_opt_values /opt/stack/data/venv/lib/python3.12/site-packages/oslo_config/cfg.py:3242}}
Jul 28 00:13:13.240213 np0000187146 devstack@g-api.service[114337]: DEBUG glance.common.config [None req-4cc18558-7caa-4f76-96f8-17624904b41e None None] default_log_levels = ['amqp=WARN', 'boto=WARN', 'sqlalchemy=WARN', 'suds=INFO', 'oslo.messaging=INFO', 'oslo_messaging=INFO', 'iso8601=WARN', 'requests.packages.urllib3.connectionpool=WARN', 'urllib3.connectionpool=WARN', 'websocket=WARN', 'requests.packages.urllib3.util.retry=WARN', 'urllib3.util.retry=WARN', 'keystonemiddleware=WARN', 'routes.middleware=WARN', 'stevedore=WARN', 'taskflow=WARN', 'keystoneauth=WARN', 'oslo.cache=INFO', 'oslo_policy=INFO', 'dogpile.core.dogpile=INFO'] {{(pid=114337) log_opt_values /opt/stack/data/venv/lib/python3.12/site-packages/oslo_config/cfg.py:3242}}
Jul 28 00:13:13.240362 np0000187146 devstack@g-api.service[114337]: DEBUG glance.common.config [None req-4cc18558-7caa-4f76-96f8-17624904b41e None None] default_publisher_id = image.localhost {{(pid=114337) log_opt_values /opt/stack/data/venv/lib/python3.12/site-packages/oslo_config/cfg.py:3242}}
Jul 28 00:13:13.240424 np0000187146 devstack@g-api.service[114337]: DEBUG glance.common.config [None req-4cc18558-7caa-4f76-96f8-17624904b41e None None] delayed_delete = False {{(pid=114337) log_opt_values /opt/stack/data/venv/lib/python3.12/site-packages/oslo_config/cfg.py:3242}}
Jul 28 00:13:13.240501 np0000187146 devstack@g-api.service[114337]: DEBUG glance.common.config [None req-4cc18558-7caa-4f76-96f8-17624904b41e None None] digest_algorithm = sha256 {{(pid=114337) log_opt_values /opt/stack/data/venv/lib/python3.12/site-packages/oslo_config/cfg.py:3242}}
Jul 28 00:13:13.240609 np0000187146 devstack@g-api.service[114337]: DEBUG glance.common.config [None req-4cc18558-7caa-4f76-96f8-17624904b41e None None] disabled_notifications = [] {{(pid=114337) log_opt_values /opt/stack/data/venv/lib/python3.12/site-packages/oslo_config/cfg.py:3242}}
Jul 28 00:13:13.240707 np0000187146 devstack@g-api.service[114337]: DEBUG glance.common.config [None req-4cc18558-7caa-4f76-96f8-17624904b41e None None] do_secure_hash = True {{(pid=114337) log_opt_values /opt/stack/data/venv/lib/python3.12/site-packages/oslo_config/cfg.py:3242}}
Jul 28 00:13:13.240808 np0000187146 devstack@g-api.service[114337]: DEBUG glance.common.config [None req-4cc18558-7caa-4f76-96f8-17624904b41e None None] enabled_backends = None {{(pid=114337) log_opt_values /opt/stack/data/venv/lib/python3.12/site-packages/oslo_config/cfg.py:3242}}
Jul 28 00:13:13.240929 np0000187146 devstack@g-api.service[114337]: DEBUG glance.common.config [None req-4cc18558-7caa-4f76-96f8-17624904b41e None None] enabled_import_methods = ['glance-direct', 'web-download', 'copy-image'] {{(pid=114337) log_opt_values /opt/stack/data/venv/lib/python3.12/site-packages/oslo_config/cfg.py:3242}}
Jul 28 00:13:13.241064 np0000187146 devstack@g-api.service[114337]: DEBUG glance.common.config [None req-4cc18558-7caa-4f76-96f8-17624904b41e None None] hashing_algorithm = sha512 {{(pid=114337) log_opt_values /opt/stack/data/venv/lib/python3.12/site-packages/oslo_config/cfg.py:3242}}
Jul 28 00:13:13.241145 np0000187146 devstack@g-api.service[114337]: DEBUG glance.common.config [None req-4cc18558-7caa-4f76-96f8-17624904b41e None None] http_retries = 3 {{(pid=114337) log_opt_values /opt/stack/data/venv/lib/python3.12/site-packages/oslo_config/cfg.py:3242}}
Jul 28 00:13:13.241302 np0000187146 devstack@g-api.service[114337]: DEBUG glance.common.config [None req-4cc18558-7caa-4f76-96f8-17624904b41e None None] image_cache_dir = /opt/stack/data/glance/cache/ {{(pid=114337) log_opt_values /opt/stack/data/venv/lib/python3.12/site-packages/oslo_config/cfg.py:3242}}
Jul 28 00:13:13.241376 np0000187146 devstack@g-api.service[114337]: DEBUG glance.common.config [None req-4cc18558-7caa-4f76-96f8-17624904b41e None None] image_cache_driver = centralized_db {{(pid=114337) log_opt_values /opt/stack/data/venv/lib/python3.12/site-packages/oslo_config/cfg.py:3242}}
Jul 28 00:13:13.241429 np0000187146 devstack@g-api.service[114335]: DEBUG glance.image_cache.drivers.centralized_db [None req-63b8baa6-4db4-4ca1-b1bb-153894c7a761 None None] Node reference is already recorded, ignoring it {{(pid=114335) configure /opt/stack/glance/glance/image_cache/drivers/centralized_db.py:71}}
Jul 28 00:13:13.241489 np0000187146 devstack@g-api.service[114337]: DEBUG glance.common.config [None req-4cc18558-7caa-4f76-96f8-17624904b41e None None] image_cache_max_size = 10737418240 {{(pid=114337) log_opt_values /opt/stack/data/venv/lib/python3.12/site-packages/oslo_config/cfg.py:3242}}
Jul 28 00:13:13.241559 np0000187146 devstack@g-api.service[114338]: DEBUG glance.image_cache.drivers.centralized_db [None req-5a29be79-6c43-4cbe-abda-636b55328891 None None] Node reference is already recorded, ignoring it {{(pid=114338) configure /opt/stack/glance/glance/image_cache/drivers/centralized_db.py:71}}
Jul 28 00:13:13.241620 np0000187146 devstack@g-api.service[114337]: DEBUG glance.common.config [None req-4cc18558-7caa-4f76-96f8-17624904b41e None None] image_cache_sqlite_db = cache.db {{(pid=114337) log_opt_values /opt/stack/data/venv/lib/python3.12/site-packages/oslo_config/cfg.py:3242}}
Jul 28 00:13:13.241686 np0000187146 devstack@g-api.service[114337]: DEBUG glance.common.config [None req-4cc18558-7caa-4f76-96f8-17624904b41e None None] image_cache_stall_time = 86400 {{(pid=114337) log_opt_values /opt/stack/data/venv/lib/python3.12/site-packages/oslo_config/cfg.py:3242}}
Jul 28 00:13:13.241743 np0000187146 devstack@g-api.service[114337]: DEBUG glance.common.config [None req-4cc18558-7caa-4f76-96f8-17624904b41e None None] image_location_quota = 10 {{(pid=114337) log_opt_values /opt/stack/data/venv/lib/python3.12/site-packages/oslo_config/cfg.py:3242}}
Jul 28 00:13:13.241847 np0000187146 devstack@g-api.service[114337]: DEBUG glance.common.config [None req-4cc18558-7caa-4f76-96f8-17624904b41e None None] image_member_quota = 128 {{(pid=114337) log_opt_values /opt/stack/data/venv/lib/python3.12/site-packages/oslo_config/cfg.py:3242}}
Jul 28 00:13:13.241945 np0000187146 devstack@g-api.service[114337]: DEBUG glance.common.config [None req-4cc18558-7caa-4f76-96f8-17624904b41e None None] image_property_quota = 128 {{(pid=114337) log_opt_values /opt/stack/data/venv/lib/python3.12/site-packages/oslo_config/cfg.py:3242}}
Jul 28 00:13:13.242082 np0000187146 devstack@g-api.service[114337]: DEBUG glance.common.config [None req-4cc18558-7caa-4f76-96f8-17624904b41e None None] image_size_cap = 1099511627776 {{(pid=114337) log_opt_values /opt/stack/data/venv/lib/python3.12/site-packages/oslo_config/cfg.py:3242}}
Jul 28 00:13:13.242168 np0000187146 devstack@g-api.service[114337]: DEBUG glance.common.config [None req-4cc18558-7caa-4f76-96f8-17624904b41e None None] image_tag_quota = 128 {{(pid=114337) log_opt_values /opt/stack/data/venv/lib/python3.12/site-packages/oslo_config/cfg.py:3242}}
Jul 28 00:13:13.242274 np0000187146 devstack@g-api.service[114337]: DEBUG glance.common.config [None req-4cc18558-7caa-4f76-96f8-17624904b41e None None] instance_format = [instance: %(uuid)s] {{(pid=114337) log_opt_values /opt/stack/data/venv/lib/python3.12/site-packages/oslo_config/cfg.py:3242}}
Jul 28 00:13:13.242385 np0000187146 devstack@g-api.service[114337]: DEBUG glance.common.config [None req-4cc18558-7caa-4f76-96f8-17624904b41e None None] instance_uuid_format = [instance: %(uuid)s] {{(pid=114337) log_opt_values /opt/stack/data/venv/lib/python3.12/site-packages/oslo_config/cfg.py:3242}}
Jul 28 00:13:13.242482 np0000187146 devstack@g-api.service[114337]: DEBUG glance.common.config [None req-4cc18558-7caa-4f76-96f8-17624904b41e None None] limit_param_default = 25 {{(pid=114337) log_opt_values /opt/stack/data/venv/lib/python3.12/site-packages/oslo_config/cfg.py:3242}}
Jul 28 00:13:13.242590 np0000187146 devstack@g-api.service[114337]: DEBUG glance.common.config [None req-4cc18558-7caa-4f76-96f8-17624904b41e None None] log_color = False {{(pid=114337) log_opt_values /opt/stack/data/venv/lib/python3.12/site-packages/oslo_config/cfg.py:3242}}
Jul 28 00:13:13.242693 np0000187146 devstack@g-api.service[114337]: DEBUG glance.common.config [None req-4cc18558-7caa-4f76-96f8-17624904b41e None None] log_config_append = None {{(pid=114337) log_opt_values /opt/stack/data/venv/lib/python3.12/site-packages/oslo_config/cfg.py:3242}}
Jul 28 00:13:13.242802 np0000187146 devstack@g-api.service[114337]: DEBUG glance.common.config [None req-4cc18558-7caa-4f76-96f8-17624904b41e None None] log_date_format = %Y-%m-%d %H:%M:%S {{(pid=114337) log_opt_values /opt/stack/data/venv/lib/python3.12/site-packages/oslo_config/cfg.py:3242}}
Jul 28 00:13:13.242904 np0000187146 devstack@g-api.service[114337]: DEBUG glance.common.config [None req-4cc18558-7caa-4f76-96f8-17624904b41e None None] log_dir = None {{(pid=114337) log_opt_values /opt/stack/data/venv/lib/python3.12/site-packages/oslo_config/cfg.py:3242}}
Jul 28 00:13:13.243086 np0000187146 devstack@g-api.service[114337]: DEBUG glance.common.config [None req-4cc18558-7caa-4f76-96f8-17624904b41e None None] log_file = None {{(pid=114337) log_opt_values /opt/stack/data/venv/lib/python3.12/site-packages/oslo_config/cfg.py:3242}}
Jul 28 00:13:13.243159 np0000187146 devstack@g-api.service[114337]: DEBUG glance.common.config [None req-4cc18558-7caa-4f76-96f8-17624904b41e None None] log_rotate_interval = 1 {{(pid=114337) log_opt_values /opt/stack/data/venv/lib/python3.12/site-packages/oslo_config/cfg.py:3242}}
Jul 28 00:13:13.243242 np0000187146 devstack@g-api.service[114337]: DEBUG glance.common.config [None req-4cc18558-7caa-4f76-96f8-17624904b41e None None] log_rotate_interval_type = days {{(pid=114337) log_opt_values /opt/stack/data/venv/lib/python3.12/site-packages/oslo_config/cfg.py:3242}}
Jul 28 00:13:13.243335 np0000187146 devstack@g-api.service[114337]: DEBUG glance.common.config [None req-4cc18558-7caa-4f76-96f8-17624904b41e None None] log_rotation_type = none {{(pid=114337) log_opt_values /opt/stack/data/venv/lib/python3.12/site-packages/oslo_config/cfg.py:3242}}
Jul 28 00:13:13.243395 np0000187146 devstack@g-api.service[114337]: DEBUG glance.common.config [None req-4cc18558-7caa-4f76-96f8-17624904b41e None None] logging_context_format_string = %(color)s%(levelname)s %(name)s [%(global_request_id)s %(request_id)s %(project_name)s %(user_name)s%(color)s] %(instance)s%(color)s%(message)s {{(pid=114337) log_opt_values /opt/stack/data/venv/lib/python3.12/site-packages/oslo_config/cfg.py:3242}}
Jul 28 00:13:13.243477 np0000187146 devstack@g-api.service[114337]: DEBUG glance.common.config [None req-4cc18558-7caa-4f76-96f8-17624904b41e None None] logging_debug_format_suffix = {{(pid=%(process)d) %(funcName)s %(pathname)s:%(lineno)d}} {{(pid=114337) log_opt_values /opt/stack/data/venv/lib/python3.12/site-packages/oslo_config/cfg.py:3242}}
Jul 28 00:13:13.243583 np0000187146 devstack@g-api.service[114337]: DEBUG glance.common.config [None req-4cc18558-7caa-4f76-96f8-17624904b41e None None] logging_default_format_string = %(color)s%(levelname)s %(name)s [-%(color)s] %(instance)s%(color)s%(message)s {{(pid=114337) log_opt_values /opt/stack/data/venv/lib/python3.12/site-packages/oslo_config/cfg.py:3242}}
Jul 28 00:13:13.243687 np0000187146 devstack@g-api.service[114337]: DEBUG glance.common.config [None req-4cc18558-7caa-4f76-96f8-17624904b41e None None] logging_exception_prefix = ERROR %(name)s %(instance)s {{(pid=114337) log_opt_values /opt/stack/data/venv/lib/python3.12/site-packages/oslo_config/cfg.py:3242}}
Jul 28 00:13:13.243748 np0000187146 devstack@g-api.service[114337]: DEBUG glance.common.config [None req-4cc18558-7caa-4f76-96f8-17624904b41e None None] logging_user_identity_format = %(user)s %(project)s %(domain)s %(system_scope)s %(user_domain)s %(project_domain)s {{(pid=114337) log_opt_values /opt/stack/data/venv/lib/python3.12/site-packages/oslo_config/cfg.py:3242}}
Jul 28 00:13:13.243859 np0000187146 devstack@g-api.service[114337]: DEBUG glance.common.config [None req-4cc18558-7caa-4f76-96f8-17624904b41e None None] max_logfile_count = 30 {{(pid=114337) log_opt_values /opt/stack/data/venv/lib/python3.12/site-packages/oslo_config/cfg.py:3242}}
Jul 28 00:13:13.243956 np0000187146 devstack@g-api.service[114337]: DEBUG glance.common.config [None req-4cc18558-7caa-4f76-96f8-17624904b41e None None] max_logfile_size_mb = 200 {{(pid=114337) log_opt_values /opt/stack/data/venv/lib/python3.12/site-packages/oslo_config/cfg.py:3242}}
Jul 28 00:13:13.244073 np0000187146 devstack@g-api.service[114337]: DEBUG glance.common.config [None req-4cc18558-7caa-4f76-96f8-17624904b41e None None] max_request_id_length = 64 {{(pid=114337) log_opt_values /opt/stack/data/venv/lib/python3.12/site-packages/oslo_config/cfg.py:3242}}
Jul 28 00:13:13.244211 np0000187146 devstack@g-api.service[114337]: DEBUG glance.common.config [None req-4cc18558-7caa-4f76-96f8-17624904b41e None None] metadata_encryption_key = **** {{(pid=114337) log_opt_values /opt/stack/data/venv/lib/python3.12/site-packages/oslo_config/cfg.py:3242}}
Jul 28 00:13:13.244293 np0000187146 devstack@g-api.service[114337]: DEBUG glance.common.config [None req-4cc18558-7caa-4f76-96f8-17624904b41e None None] node_staging_uri = file:///tmp/staging/ {{(pid=114337) log_opt_values /opt/stack/data/venv/lib/python3.12/site-packages/oslo_config/cfg.py:3242}}
Jul 28 00:13:13.244373 np0000187146 devstack@g-api.service[114337]: DEBUG glance.common.config [None req-4cc18558-7caa-4f76-96f8-17624904b41e None None] property_protection_file = None {{(pid=114337) log_opt_values /opt/stack/data/venv/lib/python3.12/site-packages/oslo_config/cfg.py:3242}}
Jul 28 00:13:13.244484 np0000187146 devstack@g-api.service[114337]: DEBUG glance.common.config [None req-4cc18558-7caa-4f76-96f8-17624904b41e None None] property_protection_rule_format = roles {{(pid=114337) log_opt_values /opt/stack/data/venv/lib/python3.12/site-packages/oslo_config/cfg.py:3242}}
Jul 28 00:13:13.244592 np0000187146 devstack@g-api.service[114337]: DEBUG glance.common.config [None req-4cc18558-7caa-4f76-96f8-17624904b41e None None] public_endpoint = https://199.204.45.169/image {{(pid=114337) log_opt_values /opt/stack/data/venv/lib/python3.12/site-packages/oslo_config/cfg.py:3242}}
Jul 28 00:13:13.244692 np0000187146 devstack@g-api.service[114337]: DEBUG glance.common.config [None req-4cc18558-7caa-4f76-96f8-17624904b41e None None] publish_errors = False {{(pid=114337) log_opt_values /opt/stack/data/venv/lib/python3.12/site-packages/oslo_config/cfg.py:3242}}
Jul 28 00:13:13.244794 np0000187146 devstack@g-api.service[114337]: DEBUG glance.common.config [None req-4cc18558-7caa-4f76-96f8-17624904b41e None None] pydev_worker_debug_host = None {{(pid=114337) log_opt_values /opt/stack/data/venv/lib/python3.12/site-packages/oslo_config/cfg.py:3242}}
Jul 28 00:13:13.244897 np0000187146 devstack@g-api.service[114337]: DEBUG glance.common.config [None req-4cc18558-7caa-4f76-96f8-17624904b41e None None] pydev_worker_debug_port = 5678 {{(pid=114337) log_opt_values /opt/stack/data/venv/lib/python3.12/site-packages/oslo_config/cfg.py:3242}}
Jul 28 00:13:13.244997 np0000187146 devstack@g-api.service[114337]: DEBUG glance.common.config [None req-4cc18558-7caa-4f76-96f8-17624904b41e None None] rate_limit_burst = 0 {{(pid=114337) log_opt_values /opt/stack/data/venv/lib/python3.12/site-packages/oslo_config/cfg.py:3242}}
Jul 28 00:13:13.245124 np0000187146 devstack@g-api.service[114337]: DEBUG glance.common.config [None req-4cc18558-7caa-4f76-96f8-17624904b41e None None] rate_limit_except_level = CRITICAL {{(pid=114337) log_opt_values /opt/stack/data/venv/lib/python3.12/site-packages/oslo_config/cfg.py:3242}}
Jul 28 00:13:13.245225 np0000187146 devstack@g-api.service[114337]: DEBUG glance.common.config [None req-4cc18558-7caa-4f76-96f8-17624904b41e None None] rate_limit_interval = 0 {{(pid=114337) log_opt_values /opt/stack/data/venv/lib/python3.12/site-packages/oslo_config/cfg.py:3242}}
Jul 28 00:13:13.245329 np0000187146 devstack@g-api.service[114337]: DEBUG glance.common.config [None req-4cc18558-7caa-4f76-96f8-17624904b41e None None] scrub_pool_size = 1 {{(pid=114337) log_opt_values /opt/stack/data/venv/lib/python3.12/site-packages/oslo_config/cfg.py:3242}}
Jul 28 00:13:13.245424 np0000187146 devstack@g-api.service[114337]: DEBUG glance.common.config [None req-4cc18558-7caa-4f76-96f8-17624904b41e None None] scrub_time = 0 {{(pid=114337) log_opt_values /opt/stack/data/venv/lib/python3.12/site-packages/oslo_config/cfg.py:3242}}
Jul 28 00:13:13.245517 np0000187146 devstack@g-api.service[114337]: DEBUG glance.common.config [None req-4cc18558-7caa-4f76-96f8-17624904b41e None None] shell_completion = None {{(pid=114337) log_opt_values /opt/stack/data/venv/lib/python3.12/site-packages/oslo_config/cfg.py:3242}}
Jul 28 00:13:13.245626 np0000187146 devstack@g-api.service[114337]: DEBUG glance.common.config [None req-4cc18558-7caa-4f76-96f8-17624904b41e None None] show_image_direct_url = False {{(pid=114337) log_opt_values /opt/stack/data/venv/lib/python3.12/site-packages/oslo_config/cfg.py:3242}}
Jul 28 00:13:13.245686 np0000187146 devstack@g-api.service[114335]: INFO glance.api.middleware.cache [None req-63b8baa6-4db4-4ca1-b1bb-153894c7a761 None None] Initialized image cache middleware
Jul 28 00:13:13.245744 np0000187146 devstack@g-api.service[114338]: INFO glance.api.middleware.cache [None req-5a29be79-6c43-4cbe-abda-636b55328891 None None] Initialized image cache middleware
Jul 28 00:13:13.245838 np0000187146 devstack@g-api.service[114337]: WARNING oslo_config.cfg [None req-4cc18558-7caa-4f76-96f8-17624904b41e None None] Deprecated: Option "show_multiple_locations" from group "DEFAULT" is deprecated for removal (Use of this option, deprecated since Newton, is a security risk and will be removed once we figure out a way to satisfy those use cases that currently require it. An earlier announcement that the same functionality can be achieved with greater granularity by using policies is incorrect. You cannot work around this option via policy configuration at the present time, though that is the direction we believe the fix will take. Please keep an eye on the Glance release notes to stay up to date on progress in addressing this issue.). Its value may be silently ignored in the future.
Jul 28 00:13:13.245982 np0000187146 devstack@g-api.service[114337]: DEBUG glance.common.config [None req-4cc18558-7caa-4f76-96f8-17624904b41e None None] show_multiple_locations = False {{(pid=114337) log_opt_values /opt/stack/data/venv/lib/python3.12/site-packages/oslo_config/cfg.py:3242}}
Jul 28 00:13:13.246071 np0000187146 devstack@g-api.service[114337]: DEBUG glance.common.config [None req-4cc18558-7caa-4f76-96f8-17624904b41e None None] syslog_log_facility = LOG_USER {{(pid=114337) log_opt_values /opt/stack/data/venv/lib/python3.12/site-packages/oslo_config/cfg.py:3242}}
Jul 28 00:13:13.246177 np0000187146 devstack@g-api.service[114337]: DEBUG glance.common.config [None req-4cc18558-7caa-4f76-96f8-17624904b41e None None] transport_url = **** {{(pid=114337) log_opt_values /opt/stack/data/venv/lib/python3.12/site-packages/oslo_config/cfg.py:3242}}
Jul 28 00:13:13.246280 np0000187146 devstack@g-api.service[114337]: DEBUG glance.common.config [None req-4cc18558-7caa-4f76-96f8-17624904b41e None None] use_journal = False {{(pid=114337) log_opt_values /opt/stack/data/venv/lib/python3.12/site-packages/oslo_config/cfg.py:3242}}
Jul 28 00:13:13.246380 np0000187146 devstack@g-api.service[114337]: DEBUG glance.common.config [None req-4cc18558-7caa-4f76-96f8-17624904b41e None None] use_json = False {{(pid=114337) log_opt_values /opt/stack/data/venv/lib/python3.12/site-packages/oslo_config/cfg.py:3242}}
Jul 28 00:13:13.246486 np0000187146 devstack@g-api.service[114337]: DEBUG glance.common.config [None req-4cc18558-7caa-4f76-96f8-17624904b41e None None] use_keystone_limits = True {{(pid=114337) log_opt_values /opt/stack/data/venv/lib/python3.12/site-packages/oslo_config/cfg.py:3242}}
Jul 28 00:13:13.246571 np0000187146 devstack@g-api.service[114337]: DEBUG glance.common.config [None req-4cc18558-7caa-4f76-96f8-17624904b41e None None] use_stderr = False {{(pid=114337) log_opt_values /opt/stack/data/venv/lib/python3.12/site-packages/oslo_config/cfg.py:3242}}
Jul 28 00:13:13.246687 np0000187146 devstack@g-api.service[114337]: DEBUG glance.common.config [None req-4cc18558-7caa-4f76-96f8-17624904b41e None None] use_syslog = False {{(pid=114337) log_opt_values /opt/stack/data/venv/lib/python3.12/site-packages/oslo_config/cfg.py:3242}}
Jul 28 00:13:13.246791 np0000187146 devstack@g-api.service[114337]: DEBUG glance.common.config [None req-4cc18558-7caa-4f76-96f8-17624904b41e None None] user_storage_quota = 0 {{(pid=114337) log_opt_values /opt/stack/data/venv/lib/python3.12/site-packages/oslo_config/cfg.py:3242}}
Jul 28 00:13:13.246895 np0000187146 devstack@g-api.service[114337]: DEBUG glance.common.config [None req-4cc18558-7caa-4f76-96f8-17624904b41e None None] worker_self_reference_url = http://127.0.0.1:60999 {{(pid=114337) log_opt_values /opt/stack/data/venv/lib/python3.12/site-packages/oslo_config/cfg.py:3242}}
Jul 28 00:13:13.247009 np0000187146 devstack@g-api.service[114337]: DEBUG glance.common.config [None req-4cc18558-7caa-4f76-96f8-17624904b41e None None] oslo_concurrency.disable_process_locking = False {{(pid=114337) log_opt_values /opt/stack/data/venv/lib/python3.12/site-packages/oslo_config/cfg.py:3253}}
Jul 28 00:13:13.247138 np0000187146 devstack@g-api.service[114337]: DEBUG glance.common.config [None req-4cc18558-7caa-4f76-96f8-17624904b41e None None] oslo_concurrency.lock_path = /opt/stack/data/glance/locks {{(pid=114337) log_opt_values /opt/stack/data/venv/lib/python3.12/site-packages/oslo_config/cfg.py:3253}}
Jul 28 00:13:13.247248 np0000187146 devstack@g-api.service[114337]: DEBUG glance.common.config [None req-4cc18558-7caa-4f76-96f8-17624904b41e None None] oslo_middleware.enable_proxy_headers_parsing = False {{(pid=114337) log_opt_values /opt/stack/data/venv/lib/python3.12/site-packages/oslo_config/cfg.py:3253}}
Jul 28 00:13:13.247356 np0000187146 devstack@g-api.service[114337]: DEBUG glance.common.config [None req-4cc18558-7caa-4f76-96f8-17624904b41e None None] oslo_middleware.http_basic_auth_user_file = /etc/htpasswd {{(pid=114337) log_opt_values /opt/stack/data/venv/lib/python3.12/site-packages/oslo_config/cfg.py:3253}}
Jul 28 00:13:13.247462 np0000187146 devstack@g-api.service[114337]: DEBUG glance.common.config [None req-4cc18558-7caa-4f76-96f8-17624904b41e None None] paste_deploy.config_file = None {{(pid=114337) log_opt_values /opt/stack/data/venv/lib/python3.12/site-packages/oslo_config/cfg.py:3253}}
Jul 28 00:13:13.247571 np0000187146 devstack@g-api.service[114337]: DEBUG glance.common.config [None req-4cc18558-7caa-4f76-96f8-17624904b41e None None] paste_deploy.flavor = keystone+cachemanagement {{(pid=114337) log_opt_values /opt/stack/data/venv/lib/python3.12/site-packages/oslo_config/cfg.py:3253}}
Jul 28 00:13:13.247718 np0000187146 devstack@g-api.service[114337]: DEBUG glance.common.config [None req-4cc18558-7caa-4f76-96f8-17624904b41e None None] image_format.container_formats = ['ami', 'ari', 'aki', 'bare', 'ovf', 'ova', 'docker', 'compressed'] {{(pid=114337) log_opt_values /opt/stack/data/venv/lib/python3.12/site-packages/oslo_config/cfg.py:3253}}
Jul 28 00:13:13.247868 np0000187146 devstack@g-api.service[114337]: DEBUG glance.common.config [None req-4cc18558-7caa-4f76-96f8-17624904b41e None None] image_format.disk_formats = ['ami', 'ari', 'aki', 'vhd', 'vhdx', 'vmdk', 'raw', 'qcow2', 'vdi', 'iso', 'ploop'] {{(pid=114337) log_opt_values /opt/stack/data/venv/lib/python3.12/site-packages/oslo_config/cfg.py:3253}}
Jul 28 00:13:13.247976 np0000187146 devstack@g-api.service[114337]: DEBUG glance.common.config [None req-4cc18558-7caa-4f76-96f8-17624904b41e None None] image_format.gpt_safety_checks_nonfatal = [] {{(pid=114337) log_opt_values /opt/stack/data/venv/lib/python3.12/site-packages/oslo_config/cfg.py:3253}}
Jul 28 00:13:13.248135 np0000187146 devstack@g-api.service[114337]: DEBUG glance.common.config [None req-4cc18558-7caa-4f76-96f8-17624904b41e None None] image_format.require_image_format_match = True {{(pid=114337) log_opt_values /opt/stack/data/venv/lib/python3.12/site-packages/oslo_config/cfg.py:3253}}
Jul 28 00:13:13.248230 np0000187146 devstack@g-api.service[114337]: DEBUG glance.common.config [None req-4cc18558-7caa-4f76-96f8-17624904b41e None None] image_format.vmdk_allowed_types = ['streamOptimized', 'monolithicSparse'] {{(pid=114337) log_opt_values /opt/stack/data/venv/lib/python3.12/site-packages/oslo_config/cfg.py:3253}}
Jul 28 00:13:13.248345 np0000187146 devstack@g-api.service[114337]: DEBUG glance.common.config [None req-4cc18558-7caa-4f76-96f8-17624904b41e None None] task.task_executor = taskflow {{(pid=114337) log_opt_values /opt/stack/data/venv/lib/python3.12/site-packages/oslo_config/cfg.py:3253}}
Jul 28 00:13:13.248450 np0000187146 devstack@g-api.service[114337]: DEBUG glance.common.config [None req-4cc18558-7caa-4f76-96f8-17624904b41e None None] task.task_time_to_live = 48 {{(pid=114337) log_opt_values /opt/stack/data/venv/lib/python3.12/site-packages/oslo_config/cfg.py:3253}}
Jul 28 00:13:13.248550 np0000187146 devstack@g-api.service[114337]: DEBUG glance.common.config [None req-4cc18558-7caa-4f76-96f8-17624904b41e None None] task.work_dir = None {{(pid=114337) log_opt_values /opt/stack/data/venv/lib/python3.12/site-packages/oslo_config/cfg.py:3253}}
Jul 28 00:13:13.248656 np0000187146 devstack@g-api.service[114337]: DEBUG glance.common.config [None req-4cc18558-7caa-4f76-96f8-17624904b41e None None] wsgi.python_interpreter = /opt/stack/data/venv/bin/python3 {{(pid=114337) log_opt_values /opt/stack/data/venv/lib/python3.12/site-packages/oslo_config/cfg.py:3253}}
Jul 28 00:13:13.248760 np0000187146 devstack@g-api.service[114337]: DEBUG glance.common.config [None req-4cc18558-7caa-4f76-96f8-17624904b41e None None] wsgi.task_pool_threads = 16 {{(pid=114337) log_opt_values /opt/stack/data/venv/lib/python3.12/site-packages/oslo_config/cfg.py:3253}}
Jul 28 00:13:13.248869 np0000187146 devstack@g-api.service[114337]: DEBUG glance.common.config [None req-4cc18558-7caa-4f76-96f8-17624904b41e None None] import_filtering_opts.allowed_hosts = [] {{(pid=114337) log_opt_values /opt/stack/data/venv/lib/python3.12/site-packages/oslo_config/cfg.py:3253}}
Jul 28 00:13:13.248974 np0000187146 devstack@g-api.service[114337]: DEBUG glance.common.config [None req-4cc18558-7caa-4f76-96f8-17624904b41e None None] import_filtering_opts.allowed_ports = [80, 443] {{(pid=114337) log_opt_values /opt/stack/data/venv/lib/python3.12/site-packages/oslo_config/cfg.py:3253}}
Jul 28 00:13:13.249117 np0000187146 devstack@g-api.service[114337]: DEBUG glance.common.config [None req-4cc18558-7caa-4f76-96f8-17624904b41e None None] import_filtering_opts.allowed_schemes = ['http', 'https'] {{(pid=114337) log_opt_values /opt/stack/data/venv/lib/python3.12/site-packages/oslo_config/cfg.py:3253}}
Jul 28 00:13:13.249216 np0000187146 devstack@g-api.service[114337]: DEBUG glance.common.config [None req-4cc18558-7caa-4f76-96f8-17624904b41e None None] import_filtering_opts.disallowed_hosts = [] {{(pid=114337) log_opt_values /opt/stack/data/venv/lib/python3.12/site-packages/oslo_config/cfg.py:3253}}
Jul 28 00:13:13.249330 np0000187146 devstack@g-api.service[114337]: DEBUG glance.common.config [None req-4cc18558-7caa-4f76-96f8-17624904b41e None None] import_filtering_opts.disallowed_ports = [] {{(pid=114337) log_opt_values /opt/stack/data/venv/lib/python3.12/site-packages/oslo_config/cfg.py:3253}}
Jul 28 00:13:13.249415 np0000187146 devstack@g-api.service[114337]: DEBUG glance.common.config [None req-4cc18558-7caa-4f76-96f8-17624904b41e None None] import_filtering_opts.disallowed_schemes = [] {{(pid=114337) log_opt_values /opt/stack/data/venv/lib/python3.12/site-packages/oslo_config/cfg.py:3253}}
Jul 28 00:13:13.249521 np0000187146 devstack@g-api.service[114337]: DEBUG glance.common.config [None req-4cc18558-7caa-4f76-96f8-17624904b41e None None] oslo_messaging_metrics.metrics_buffer_size = 1000 {{(pid=114337) log_opt_values /opt/stack/data/venv/lib/python3.12/site-packages/oslo_config/cfg.py:3253}}
Jul 28 00:13:13.249623 np0000187146 devstack@g-api.service[114337]: DEBUG glance.common.config [None req-4cc18558-7caa-4f76-96f8-17624904b41e None None] oslo_messaging_metrics.metrics_enabled = False {{(pid=114337) log_opt_values /opt/stack/data/venv/lib/python3.12/site-packages/oslo_config/cfg.py:3253}}
Jul 28 00:13:13.249731 np0000187146 devstack@g-api.service[114337]: DEBUG glance.common.config [None req-4cc18558-7caa-4f76-96f8-17624904b41e None None] oslo_messaging_metrics.metrics_process_name = {{(pid=114337) log_opt_values /opt/stack/data/venv/lib/python3.12/site-packages/oslo_config/cfg.py:3253}}
Jul 28 00:13:13.249836 np0000187146 devstack@g-api.service[114337]: DEBUG glance.common.config [None req-4cc18558-7caa-4f76-96f8-17624904b41e None None] oslo_messaging_metrics.metrics_socket_file = /var/tmp/metrics_collector.sock {{(pid=114337) log_opt_values /opt/stack/data/venv/lib/python3.12/site-packages/oslo_config/cfg.py:3253}}
Jul 28 00:13:13.249938 np0000187146 devstack@g-api.service[114337]: DEBUG glance.common.config [None req-4cc18558-7caa-4f76-96f8-17624904b41e None None] oslo_messaging_metrics.metrics_thread_stop_timeout = 10 {{(pid=114337) log_opt_values /opt/stack/data/venv/lib/python3.12/site-packages/oslo_config/cfg.py:3253}}
Jul 28 00:13:13.250082 np0000187146 devstack@g-api.service[114337]: DEBUG glance.common.config [None req-4cc18558-7caa-4f76-96f8-17624904b41e None None] profiler.connection_string = messaging:// {{(pid=114337) log_opt_values /opt/stack/data/venv/lib/python3.12/site-packages/oslo_config/cfg.py:3253}}
Jul 28 00:13:13.250182 np0000187146 devstack@g-api.service[114337]: DEBUG glance.common.config [None req-4cc18558-7caa-4f76-96f8-17624904b41e None None] profiler.enabled = False {{(pid=114337) log_opt_values /opt/stack/data/venv/lib/python3.12/site-packages/oslo_config/cfg.py:3253}}
Jul 28 00:13:13.250290 np0000187146 devstack@g-api.service[114337]: DEBUG glance.common.config [None req-4cc18558-7caa-4f76-96f8-17624904b41e None None] profiler.es_doc_type = notification {{(pid=114337) log_opt_values /opt/stack/data/venv/lib/python3.12/site-packages/oslo_config/cfg.py:3253}}
Jul 28 00:13:13.250393 np0000187146 devstack@g-api.service[114337]: DEBUG glance.common.config [None req-4cc18558-7caa-4f76-96f8-17624904b41e None None] profiler.es_scroll_size = 10000 {{(pid=114337) log_opt_values /opt/stack/data/venv/lib/python3.12/site-packages/oslo_config/cfg.py:3253}}
Jul 28 00:13:13.250499 np0000187146 devstack@g-api.service[114337]: DEBUG glance.common.config [None req-4cc18558-7caa-4f76-96f8-17624904b41e None None] profiler.es_scroll_time = 2m {{(pid=114337) log_opt_values /opt/stack/data/venv/lib/python3.12/site-packages/oslo_config/cfg.py:3253}}
Jul 28 00:13:13.250603 np0000187146 devstack@g-api.service[114337]: DEBUG glance.common.config [None req-4cc18558-7caa-4f76-96f8-17624904b41e None None] profiler.filter_error_trace = False {{(pid=114337) log_opt_values /opt/stack/data/venv/lib/python3.12/site-packages/oslo_config/cfg.py:3253}}
Jul 28 00:13:13.250710 np0000187146 devstack@g-api.service[114337]: DEBUG glance.common.config [None req-4cc18558-7caa-4f76-96f8-17624904b41e None None] profiler.hmac_keys = **** {{(pid=114337) log_opt_values /opt/stack/data/venv/lib/python3.12/site-packages/oslo_config/cfg.py:3253}}
Jul 28 00:13:13.250816 np0000187146 devstack@g-api.service[114337]: DEBUG glance.common.config [None req-4cc18558-7caa-4f76-96f8-17624904b41e None None] profiler.sentinel_service_name = mymaster {{(pid=114337) log_opt_values /opt/stack/data/venv/lib/python3.12/site-packages/oslo_config/cfg.py:3253}}
Jul 28 00:13:13.250934 np0000187146 devstack@g-api.service[114337]: DEBUG glance.common.config [None req-4cc18558-7caa-4f76-96f8-17624904b41e None None] profiler.socket_timeout = 0.1 {{(pid=114337) log_opt_values /opt/stack/data/venv/lib/python3.12/site-packages/oslo_config/cfg.py:3253}}
Jul 28 00:13:13.251059 np0000187146 devstack@g-api.service[114337]: DEBUG glance.common.config [None req-4cc18558-7caa-4f76-96f8-17624904b41e None None] profiler.trace_requests = False {{(pid=114337) log_opt_values /opt/stack/data/venv/lib/python3.12/site-packages/oslo_config/cfg.py:3253}}
Jul 28 00:13:13.251158 np0000187146 devstack@g-api.service[114337]: DEBUG glance.common.config [None req-4cc18558-7caa-4f76-96f8-17624904b41e None None] profiler.trace_sqlalchemy = False {{(pid=114337) log_opt_values /opt/stack/data/venv/lib/python3.12/site-packages/oslo_config/cfg.py:3253}}
Jul 28 00:13:13.251267 np0000187146 devstack@g-api.service[114337]: DEBUG glance.common.config [None req-4cc18558-7caa-4f76-96f8-17624904b41e None None] profiler_jaeger.process_tags = {} {{(pid=114337) log_opt_values /opt/stack/data/venv/lib/python3.12/site-packages/oslo_config/cfg.py:3253}}
Jul 28 00:13:13.251367 np0000187146 devstack@g-api.service[114337]: DEBUG glance.common.config [None req-4cc18558-7caa-4f76-96f8-17624904b41e None None] profiler_jaeger.service_name_prefix = None {{(pid=114337) log_opt_values /opt/stack/data/venv/lib/python3.12/site-packages/oslo_config/cfg.py:3253}}
Jul 28 00:13:13.251469 np0000187146 devstack@g-api.service[114337]: DEBUG glance.common.config [None req-4cc18558-7caa-4f76-96f8-17624904b41e None None] profiler_otlp.service_name_prefix = None {{(pid=114337) log_opt_values /opt/stack/data/venv/lib/python3.12/site-packages/oslo_config/cfg.py:3253}}
Jul 28 00:13:13.251649 np0000187146 devstack@g-api.service[114337]: DEBUG glance.common.config [None req-4cc18558-7caa-4f76-96f8-17624904b41e None None] os_brick.lightos_discovery_client_address = localhost {{(pid=114337) log_opt_values /opt/stack/data/venv/lib/python3.12/site-packages/oslo_config/cfg.py:3253}}
Jul 28 00:13:13.251754 np0000187146 devstack@g-api.service[114337]: DEBUG glance.common.config [None req-4cc18558-7caa-4f76-96f8-17624904b41e None None] os_brick.lightos_discovery_client_dir_path = /etc/discovery-client/discovery.d/ {{(pid=114337) log_opt_values /opt/stack/data/venv/lib/python3.12/site-packages/oslo_config/cfg.py:3253}}
Jul 28 00:13:13.251858 np0000187146 devstack@g-api.service[114337]: DEBUG glance.common.config [None req-4cc18558-7caa-4f76-96f8-17624904b41e None None] os_brick.lightos_discovery_client_port = 6060 {{(pid=114337) log_opt_values /opt/stack/data/venv/lib/python3.12/site-packages/oslo_config/cfg.py:3253}}
Jul 28 00:13:13.251968 np0000187146 devstack@g-api.service[114337]: DEBUG glance.common.config [None req-4cc18558-7caa-4f76-96f8-17624904b41e None None] os_brick.lock_path = /opt/stack/data/os_brick {{(pid=114337) log_opt_values /opt/stack/data/venv/lib/python3.12/site-packages/oslo_config/cfg.py:3253}}
Jul 28 00:13:13.252128 np0000187146 devstack@g-api.service[114337]: DEBUG glance.common.config [None req-4cc18558-7caa-4f76-96f8-17624904b41e None None] os_brick.wait_mpath_device_attempts = 4 {{(pid=114337) log_opt_values /opt/stack/data/venv/lib/python3.12/site-packages/oslo_config/cfg.py:3253}}
Jul 28 00:13:13.252227 np0000187146 devstack@g-api.service[114337]: DEBUG glance.common.config [None req-4cc18558-7caa-4f76-96f8-17624904b41e None None] os_brick.wait_mpath_device_interval = 1 {{(pid=114337) log_opt_values /opt/stack/data/venv/lib/python3.12/site-packages/oslo_config/cfg.py:3253}}
Jul 28 00:13:13.252338 np0000187146 devstack@g-api.service[114337]: DEBUG glance.common.config [None req-4cc18558-7caa-4f76-96f8-17624904b41e None None] privsep_osbrick.capabilities = [21, 2] {{(pid=114337) log_opt_values /opt/stack/data/venv/lib/python3.12/site-packages/oslo_config/cfg.py:3253}}
Jul 28 00:13:13.252439 np0000187146 devstack@g-api.service[114337]: DEBUG glance.common.config [None req-4cc18558-7caa-4f76-96f8-17624904b41e None None] privsep_osbrick.group = None {{(pid=114337) log_opt_values /opt/stack/data/venv/lib/python3.12/site-packages/oslo_config/cfg.py:3253}}
Jul 28 00:13:13.252541 np0000187146 devstack@g-api.service[114337]: DEBUG glance.common.config [None req-4cc18558-7caa-4f76-96f8-17624904b41e None None] privsep_osbrick.helper_command = None {{(pid=114337) log_opt_values /opt/stack/data/venv/lib/python3.12/site-packages/oslo_config/cfg.py:3253}}
Jul 28 00:13:13.252642 np0000187146 devstack@g-api.service[114337]: DEBUG glance.common.config [None req-4cc18558-7caa-4f76-96f8-17624904b41e None None] privsep_osbrick.log_daemon_traceback = False {{(pid=114337) log_opt_values /opt/stack/data/venv/lib/python3.12/site-packages/oslo_config/cfg.py:3253}}
Jul 28 00:13:13.252749 np0000187146 devstack@g-api.service[114337]: DEBUG glance.common.config [None req-4cc18558-7caa-4f76-96f8-17624904b41e None None] privsep_osbrick.logger_name = brick_privsep_hide_output {{(pid=114337) log_opt_values /opt/stack/data/venv/lib/python3.12/site-packages/oslo_config/cfg.py:3253}}
Jul 28 00:13:13.252851 np0000187146 devstack@g-api.service[114337]: DEBUG glance.common.config [None req-4cc18558-7caa-4f76-96f8-17624904b41e None None] privsep_osbrick.thread_pool_size = 16 {{(pid=114337) log_opt_values /opt/stack/data/venv/lib/python3.12/site-packages/oslo_config/cfg.py:3253}}
Jul 28 00:13:13.252951 np0000187146 devstack@g-api.service[114337]: DEBUG glance.common.config [None req-4cc18558-7caa-4f76-96f8-17624904b41e None None] privsep_osbrick.user = None {{(pid=114337) log_opt_values /opt/stack/data/venv/lib/python3.12/site-packages/oslo_config/cfg.py:3253}}
Jul 28 00:13:13.253099 np0000187146 devstack@g-api.service[114337]: DEBUG glance.common.config [None req-4cc18558-7caa-4f76-96f8-17624904b41e None None] glance_store.cinder_api_insecure = False {{(pid=114337) log_opt_values /opt/stack/data/venv/lib/python3.12/site-packages/oslo_config/cfg.py:3253}}
Jul 28 00:13:13.253197 np0000187146 devstack@g-api.service[114337]: DEBUG glance.common.config [None req-4cc18558-7caa-4f76-96f8-17624904b41e None None] glance_store.cinder_attachment_retry_attempts = 5 {{(pid=114337) log_opt_values /opt/stack/data/venv/lib/python3.12/site-packages/oslo_config/cfg.py:3253}}
