2026-06-16 06:20:56.513 7 INFO neutron.services.segments.plugin [-] Segment 6f8d4de1-4c90-451b-8223-8932ec0fd65d resource provider aggregate not found [pid: 7|app: 0|req: 843/1570] 10.0.0.122 () {32 vars in 774 bytes} [Tue Jun 16 06:20:56 2026] GET /v2.0/security-groups?tenant_id=8d7a9068569a47cabc278bf2f444ee93&name=default => generated 2925 bytes in 137 msecs (HTTP/1.1 200) 4 headers in 158 bytes (1 switches on core 0)
2026-06-16 06:20:56.537 7 INFO neutron.services.segments.plugin [-] Segment 6f8d4de1-4c90-451b-8223-8932ec0fd65d resource provider not found; error: Placement Client Error (4xx): {"errors": [{"status": 404, "title": "Not Found", "detail": "The resource could not be found.\n\n No resource provider with uuid 6f8d4de1-4c90-451b-8223-8932ec0fd65d found for delete ", "request_id": "req-ea6ce354-bb4f-4f9e-8251-17a865f93790"}]}
2026-06-16 06:20:56.542 7 INFO neutron.services.segments.plugin [-] Segment 6f8d4de1-4c90-451b-8223-8932ec0fd65d resource provider not found; error: Placement Client Error (4xx): {"errors": [{"status": 404, "title": "Not Found", "detail": "The resource could not be found.\n\n No resource provider with uuid 6f8d4de1-4c90-451b-8223-8932ec0fd65d found for delete ", "request_id": "req-3858bb95-44a7-4d2e-b28d-c1c749411259"}]} [pid: 8|app: 0|req: 728/1571] 10.0.0.122 () {32 vars in 726 bytes} [Tue Jun 16 06:20:56 2026] DELETE /v2.0/networks/155469c7-6ae1-4824-9ee9-ea3bc56677a0 => generated 0 bytes in 393 msecs (HTTP/1.1 204) 3 headers in 131 bytes (1 switches on core 0) [pid: 8|app: 0|req: 729/1572] 10.0.0.202 () {34 vars in 1040 bytes} [Tue Jun 16 06:20:56 2026] GET /v2.0/security-groups?id=36c9cc24-1d59-42db-ac1f-60672df5fd21&fields=id&fields=name => generated 88 bytes in 29 msecs (HTTP/1.1 200) 4 headers in 156 bytes (1 switches on core 0)
2026-06-16 06:20:56.643 7 INFO neutron.db.segments_db [None req-cb4fb2c0-a3b6-47ed-a68c-f2b61ebf9e94 997fae1e4987413ba93b93b45d223a26 3557e1bcec6c4739a7e701e36d50247d - - default default] Added segment 32407c05-b96a-426a-abb1-b89ed77eac1b of type geneve for network fbe35ed1-f9b8-4789-8427-16e4513d648d [pid: 8|app: 0|req: 730/1573] 199.19.213.202 () {34 vars in 994 bytes} [Tue Jun 16 06:20:56 2026] GET /v2.0/ports?device_id=0fc1efb2-1f28-42c3-b743-94299a39b0bd => generated 971 bytes in 65 msecs (HTTP/1.1 200) 4 headers in 157 bytes (1 switches on core 0)
2026-06-16 06:20:56.769 7 INFO neutron.db.ovn_revision_numbers_db [None req-cb4fb2c0-a3b6-47ed-a68c-f2b61ebf9e94 997fae1e4987413ba93b93b45d223a26 3557e1bcec6c4739a7e701e36d50247d - - default default] Successfully bumped revision number for resource fbe35ed1-f9b8-4789-8427-16e4513d648d (type: networks) to 1 [pid: 8|app: 0|req: 731/1574] 10.0.0.122 () {32 vars in 740 bytes} [Tue Jun 16 06:20:56 2026] DELETE /v2.0/security-groups/c3c596c0-c8b3-48b8-b1d4-02286b2a0d5a => generated 0 bytes in 299 msecs (HTTP/1.1 204) 2 headers in 112 bytes (1 switches on core 0)
2026-06-16 06:20:56.984 7 WARNING neutron.scheduler.dhcp_agent_scheduler [None req-cb4fb2c0-a3b6-47ed-a68c-f2b61ebf9e94 997fae1e4987413ba93b93b45d223a26 3557e1bcec6c4739a7e701e36d50247d - - default default] No more DHCP agents
2026-06-16 06:20:56.985 7 WARNING neutron.api.rpc.agentnotifiers.dhcp_rpc_agent_api [None req-cb4fb2c0-a3b6-47ed-a68c-f2b61ebf9e94 997fae1e4987413ba93b93b45d223a26 3557e1bcec6c4739a7e701e36d50247d - - default default] Unable to schedule network fbe35ed1-f9b8-4789-8427-16e4513d648d: no agents available; will retry on subsequent port and subnet creation events.
2026-06-16 06:20:57.052 8 INFO neutron.db.segments_db [None req-e72ae0ad-413c-4bbd-ae17-483d05ac324d 4c9036a6efa64765824ab93f0626dba2 9e1f46dea69844c89b4a2534df21ab13 - - default default] Added segment 29c436b3-e1c8-4594-a8bd-1e8c5ccd4bf3 of type geneve for network cbd5fd1d-0d82-4dc1-b60b-94a8725e7a32
2026-06-16 06:20:57.099 7 INFO neutron.db.ovn_revision_numbers_db [None req-cb4fb2c0-a3b6-47ed-a68c-f2b61ebf9e94 997fae1e4987413ba93b93b45d223a26 3557e1bcec6c4739a7e701e36d50247d - - default default] Successfully bumped revision number for resource 22fb65a5-4d86-4e9f-819e-3a078b136dff (type: ports) to 1 [pid: 7|app: 0|req: 844/1575] 10.0.0.122 () {34 vars in 670 bytes} [Tue Jun 16 06:20:56 2026] POST /v2.0/networks => generated 668 bytes in 607 msecs (HTTP/1.1 201) 4 headers in 162 bytes (1 switches on core 0)
2026-06-16 06:20:57.235 8 INFO neutron.db.ovn_revision_numbers_db [None req-e72ae0ad-413c-4bbd-ae17-483d05ac324d 4c9036a6efa64765824ab93f0626dba2 9e1f46dea69844c89b4a2534df21ab13 - - default default] Successfully bumped revision number for resource cbd5fd1d-0d82-4dc1-b60b-94a8725e7a32 (type: networks) to 1
2026-06-16 06:20:57.318 7 INFO neutron_taas.services.taas.taas_plugin [req-6312ff49-2944-496d-8c98-88cc9b274fd1 req-ae0c4a90-22ee-48af-8fed-0b94468c3fe7 0757a192598a44d4aeee3c9cd07e9dc6 81846649142d43ce9ff302119a3bcdc3 - - default default] TaaS: Handle Delete Port: efbc2fd6-0ad9-41ae-9e4a-8e91f7a4d742
2026-06-16 06:20:57.323 7 INFO neutron_taas.services.taas.tap_mirror_plugin [req-6312ff49-2944-496d-8c98-88cc9b274fd1 req-ae0c4a90-22ee-48af-8fed-0b94468c3fe7 0757a192598a44d4aeee3c9cd07e9dc6 81846649142d43ce9ff302119a3bcdc3 - - default default] Tap Mirror: Handle Delete Port: efbc2fd6-0ad9-41ae-9e4a-8e91f7a4d742
2026-06-16 06:20:57.402 8 WARNING neutron.scheduler.dhcp_agent_scheduler [None req-e72ae0ad-413c-4bbd-ae17-483d05ac324d 4c9036a6efa64765824ab93f0626dba2 9e1f46dea69844c89b4a2534df21ab13 - - default default] No more DHCP agents
2026-06-16 06:20:57.404 8 WARNING neutron.api.rpc.agentnotifiers.dhcp_rpc_agent_api [None req-e72ae0ad-413c-4bbd-ae17-483d05ac324d 4c9036a6efa64765824ab93f0626dba2 9e1f46dea69844c89b4a2534df21ab13 - - default default] Unable to schedule network cbd5fd1d-0d82-4dc1-b60b-94a8725e7a32: no agents available; will retry on subsequent port and subnet creation events. [pid: 7|app: 0|req: 845/1576] 199.19.213.202 () {36 vars in 997 bytes} [Tue Jun 16 06:20:57 2026] DELETE /v2.0/ports/efbc2fd6-0ad9-41ae-9e4a-8e91f7a4d742 => generated 0 bytes in 459 msecs (HTTP/1.1 204) 3 headers in 131 bytes (1 switches on core 0)
2026-06-16 06:20:57.601 8 INFO neutron.db.ovn_revision_numbers_db [None req-e72ae0ad-413c-4bbd-ae17-483d05ac324d 4c9036a6efa64765824ab93f0626dba2 9e1f46dea69844c89b4a2534df21ab13 - - default default] Successfully bumped revision number for resource d628bab8-34cf-4823-997f-c0340171fc03 (type: ports) to 1 [pid: 8|app: 0|req: 732/1577] 10.0.0.122 () {34 vars in 670 bytes} [Tue Jun 16 06:20:56 2026] POST /v2.0/networks => generated 648 bytes in 663 msecs (HTTP/1.1 201) 4 headers in 162 bytes (1 switches on core 0)
2026-06-16 06:20:57.630 7 INFO neutron.notifiers.nova [-] Nova event matching ['req-0e2c0f73-1c2e-4369-9cb7-cd5f00567fcc'] response: {'server_uuid': '0fc1efb2-1f28-42c3-b743-94299a39b0bd', 'name': 'network-vif-deleted', 'tag': 'efbc2fd6-0ad9-41ae-9e4a-8e91f7a4d742', 'status': 'completed', 'code': 200}
2026-06-16 06:20:57.828 8 WARNING neutron.scheduler.dhcp_agent_scheduler [None req-64deb52d-f5f3-4532-b5d7-977cecb540e4 4c9036a6efa64765824ab93f0626dba2 9e1f46dea69844c89b4a2534df21ab13 - - default default] No more DHCP agents
2026-06-16 06:20:57.830 8 WARNING neutron.api.rpc.agentnotifiers.dhcp_rpc_agent_api [None req-64deb52d-f5f3-4532-b5d7-977cecb540e4 4c9036a6efa64765824ab93f0626dba2 9e1f46dea69844c89b4a2534df21ab13 - - default default] Unable to schedule network cbd5fd1d-0d82-4dc1-b60b-94a8725e7a32: no agents available; will retry on subsequent port and subnet creation events.
2026-06-16 06:20:57.940 8 INFO neutron.services.segments.plugin [-] Segment e461d6b8-6385-485c-a04f-1ebcb5dc66c4 resource provider aggregate not found
2026-06-16 06:20:57.945 8 INFO neutron.services.segments.plugin [-] Segment e461d6b8-6385-485c-a04f-1ebcb5dc66c4 resource provider aggregate not found
2026-06-16 06:20:57.949 8 WARNING neutron.plugins.ml2.drivers.ovn.mech_driver.ovsdb.ovn_client [None req-5ac6c5f6-69ad-4046-bfac-69a4f9253070 - - - - - -] No port found with ID 4714a01e-00e9-45bf-99f0-0318d7d2ab2e: RuntimeError: No port found with ID 4714a01e-00e9-45bf-99f0-0318d7d2ab2e
2026-06-16 06:20:57.967 8 INFO neutron.services.segments.plugin [-] Segment e461d6b8-6385-485c-a04f-1ebcb5dc66c4 resource provider not found; error: Placement Client Error (4xx): {"errors": [{"status": 404, "title": "Not Found", "detail": "The resource could not be found.\n\n No resource provider with uuid e461d6b8-6385-485c-a04f-1ebcb5dc66c4 found for delete ", "request_id": "req-60b4a997-2cd9-4237-81d7-fc497decb8f2"}]}
2026-06-16 06:20:57.968 8 INFO neutron.plugins.ml2.drivers.ovn.mech_driver.mech_driver [None req-5ac6c5f6-69ad-4046-bfac-69a4f9253070 - - - - - -] OVN reports status down for port: 2728ef02-b84d-45ae-abf4-4fed0aa53a87
2026-06-16 06:20:57.969 8 INFO neutron.services.segments.plugin [-] Segment e461d6b8-6385-485c-a04f-1ebcb5dc66c4 resource provider not found; error: Placement Client Error (4xx): {"errors": [{"status": 404, "title": "Not Found", "detail": "The resource could not be found.\n\n No resource provider with uuid e461d6b8-6385-485c-a04f-1ebcb5dc66c4 found for delete ", "request_id": "req-7c20cc44-43af-4288-ac5b-a79f8040195a"}]}
2026-06-16 06:20:57.988 8 INFO neutron.plugins.ml2.drivers.ovn.mech_driver.mech_driver [None req-5ac6c5f6-69ad-4046-bfac-69a4f9253070 - - - - - -] OVN reports status down for port: fec1e74d-7ceb-4110-aab4-631255b79f12
2026-06-16 06:20:58.000 8 INFO neutron.plugins.ml2.drivers.ovn.mech_driver.mech_driver [None req-5ac6c5f6-69ad-4046-bfac-69a4f9253070 - - - - - -] OVN reports status down for port: efbc2fd6-0ad9-41ae-9e4a-8e91f7a4d742
2026-06-16 06:20:58.015 8 INFO neutron.plugins.ml2.drivers.ovn.mech_driver.mech_driver [None req-5ac6c5f6-69ad-4046-bfac-69a4f9253070 - - - - - -] OVN reports status down for port: eaa539aa-b329-46d4-a20e-73f635be8c18
2026-06-16 06:20:58.019 7 WARNING neutron.scheduler.dhcp_agent_scheduler [None req-b964e8e0-10d5-4f27-bc2e-8173cbc1ab94 997fae1e4987413ba93b93b45d223a26 3557e1bcec6c4739a7e701e36d50247d - - default default] No more DHCP agents
2026-06-16 06:20:58.020 7 WARNING neutron.api.rpc.agentnotifiers.dhcp_rpc_agent_api [None req-b964e8e0-10d5-4f27-bc2e-8173cbc1ab94 997fae1e4987413ba93b93b45d223a26 3557e1bcec6c4739a7e701e36d50247d - - default default] Unable to schedule network 8c2f0f6a-59a2-4c82-b910-fb02d2c3882b: no agents available; will retry on subsequent port and subnet creation events.
2026-06-16 06:20:58.173 7 INFO neutron.db.ovn_revision_numbers_db [None req-b964e8e0-10d5-4f27-bc2e-8173cbc1ab94 997fae1e4987413ba93b93b45d223a26 3557e1bcec6c4739a7e701e36d50247d - - default default] Successfully bumped revision number for resource 14bc3577-9a47-4b23-b41a-246a55e295fe (type: ports) to 1
2026-06-16 06:20:58.216 8 INFO neutron.plugins.ml2.drivers.ovn.mech_driver.mech_driver [None req-5ac6c5f6-69ad-4046-bfac-69a4f9253070 - - - - - -] OVN reports status down for port: 22fb65a5-4d86-4e9f-819e-3a078b136dff
2026-06-16 06:20:58.229 7 WARNING neutron.scheduler.dhcp_agent_scheduler [None req-b964e8e0-10d5-4f27-bc2e-8173cbc1ab94 997fae1e4987413ba93b93b45d223a26 3557e1bcec6c4739a7e701e36d50247d - - default default] No more DHCP agents
2026-06-16 06:20:58.232 7 WARNING neutron.api.rpc.agentnotifiers.dhcp_rpc_agent_api [None req-b964e8e0-10d5-4f27-bc2e-8173cbc1ab94 997fae1e4987413ba93b93b45d223a26 3557e1bcec6c4739a7e701e36d50247d - - default default] Unable to schedule network fbe35ed1-f9b8-4789-8427-16e4513d648d: no agents available; will retry on subsequent port and subnet creation events.
2026-06-16 06:20:58.374 7 INFO neutron.db.ovn_revision_numbers_db [None req-b964e8e0-10d5-4f27-bc2e-8173cbc1ab94 997fae1e4987413ba93b93b45d223a26 3557e1bcec6c4739a7e701e36d50247d - - default default] Successfully bumped revision number for resource a0506cb6-6c34-4a78-a901-d55de6ea28f6 (type: ports) to 1
2026-06-16 06:20:58.445 8 INFO neutron.plugins.ml2.drivers.ovn.mech_driver.mech_driver [None req-5ac6c5f6-69ad-4046-bfac-69a4f9253070 - - - - - -] OVN reports status down for port: d628bab8-34cf-4823-997f-c0340171fc03 [pid: 7|app: 0|req: 846/1578] 10.0.0.122 () {34 vars in 665 bytes} [Tue Jun 16 06:20:57 2026] POST /v2.0/ports => generated 1506 bytes in 862 msecs (HTTP/1.1 201) 4 headers in 163 bytes (1 switches on core 0) /var/lib/openstack/lib/python3.12/site-packages/pycadf/identifier.py:70: UserWarning: Invalid uuid: neutron. To ensure interoperability, identifiers should be a valid uuid. warnings.warn(('Invalid uuid: %s. To ensure interoperability, ' [pid: 7|app: 0|req: 847/1579] 10.0.0.202 () {34 vars in 990 bytes} [Tue Jun 16 06:20:58 2026] GET /v2.0/ports?device_id=0fc1efb2-1f28-42c3-b743-94299a39b0bd => generated 12 bytes in 15 msecs (HTTP/1.1 200) 4 headers in 156 bytes (1 switches on core 0) [pid: 7|app: 0|req: 848/1580] 10.0.0.122 () {32 vars in 643 bytes} [Tue Jun 16 06:20:58 2026] GET /v2.0/ports => generated 3018 bytes in 88 msecs (HTTP/1.1 200) 4 headers in 158 bytes (1 switches on core 0)
2026-06-16 06:20:58.573 8 INFO neutron.plugins.ml2.drivers.ovn.mech_driver.mech_driver [None req-5ac6c5f6-69ad-4046-bfac-69a4f9253070 - - - - - -] OVN reports status down for port: 14bc3577-9a47-4b23-b41a-246a55e295fe
2026-06-16 06:20:58.702 8 INFO neutron.plugins.ml2.drivers.ovn.mech_driver.mech_driver [None req-5ac6c5f6-69ad-4046-bfac-69a4f9253070 - - - - - -] OVN reports status down for port: a0506cb6-6c34-4a78-a901-d55de6ea28f6
2026-06-16 06:20:58.720 7 INFO neutron_taas.services.taas.taas_plugin [None req-eeac2c68-1521-43e6-8f4d-4d07f4cc3d49 997fae1e4987413ba93b93b45d223a26 3557e1bcec6c4739a7e701e36d50247d - - default default] TaaS: Handle Delete Port: 14bc3577-9a47-4b23-b41a-246a55e295fe
2026-06-16 06:20:58.724 7 INFO neutron_taas.services.taas.tap_mirror_plugin [None req-eeac2c68-1521-43e6-8f4d-4d07f4cc3d49 997fae1e4987413ba93b93b45d223a26 3557e1bcec6c4739a7e701e36d50247d - - default default] Tap Mirror: Handle Delete Port: 14bc3577-9a47-4b23-b41a-246a55e295fe
2026-06-16 06:20:58.749 8 INFO neutron.db.ovn_revision_numbers_db [None req-5e51eb64-7059-4488-8ba0-48362a07173b - - - - - -] Successfully bumped revision number for resource d628bab8-34cf-4823-997f-c0340171fc03 (type: ports) to 2
2026-06-16 06:20:58.800 8 INFO neutron.db.ovn_revision_numbers_db [None req-5e51eb64-7059-4488-8ba0-48362a07173b - - - - - -] Successfully bumped revision number for resource 7fb8d8da-3f6b-4cee-a4e2-026bc12a35c8 (type: subnets) to 0 [pid: 8|app: 0|req: 733/1581] 10.0.0.122 () {34 vars in 669 bytes} [Tue Jun 16 06:20:57 2026] POST /v2.0/subnets => generated 626 bytes in 1199 msecs (HTTP/1.1 201) 4 headers in 162 bytes (1 switches on core 0) [pid: 7|app: 0|req: 849/1582] 10.0.0.122 () {32 vars in 720 bytes} [Tue Jun 16 06:20:58 2026] DELETE /v2.0/ports/14bc3577-9a47-4b23-b41a-246a55e295fe => generated 0 bytes in 330 msecs (HTTP/1.1 204) 3 headers in 131 bytes (1 switches on core 0)
2026-06-16 06:20:59.021 7 INFO neutron.db.ovn_revision_numbers_db [None req-c2f2cddd-ec7d-4d08-94f4-2aac836caa46 4c9036a6efa64765824ab93f0626dba2 9e1f46dea69844c89b4a2534df21ab13 - - default default] Successfully bumped revision number for resource b7332b83-bf3b-4dbf-b963-bc3670c66031 (type: routers) to 1 [pid: 7|app: 0|req: 850/1583] 10.0.0.122 () {34 vars in 669 bytes} [Tue Jun 16 06:20:58 2026] POST /v2.0/routers => generated 603 bytes in 148 msecs (HTTP/1.1 201) 4 headers in 162 bytes (1 switches on core 0)
2026-06-16 06:20:59.221 8 INFO neutron.db.ovn_revision_numbers_db [None req-b1fe33ad-4dbb-4872-a0fb-c6250e61fd3e f3b6521a515f48859998442399ffb751 eefadffdc5bf43c38280dcd5451881fd - - default default] Successfully bumped revision number for resource 789b52a5-f714-4df3-9ee6-49d03a91b52e (type: security_groups) to 1
2026-06-16 06:20:59.226 7 INFO neutron_taas.services.taas.taas_plugin [None req-7f01ffb9-f4b7-4786-8e98-7093ca235a4b 997fae1e4987413ba93b93b45d223a26 3557e1bcec6c4739a7e701e36d50247d - - default default] TaaS: Handle Delete Port: a0506cb6-6c34-4a78-a901-d55de6ea28f6
2026-06-16 06:20:59.229 7 INFO neutron_taas.services.taas.tap_mirror_plugin [None req-7f01ffb9-f4b7-4786-8e98-7093ca235a4b 997fae1e4987413ba93b93b45d223a26 3557e1bcec6c4739a7e701e36d50247d - - default default] Tap Mirror: Handle Delete Port: a0506cb6-6c34-4a78-a901-d55de6ea28f6
2026-06-16 06:20:59.235 8 INFO neutron.db.ovn_revision_numbers_db [None req-b1fe33ad-4dbb-4872-a0fb-c6250e61fd3e f3b6521a515f48859998442399ffb751 eefadffdc5bf43c38280dcd5451881fd - - default default] Successfully bumped revision number for resource 4aef4e97-2764-44b6-b7e9-3f1af6830b15 (type: security_group_rules) to 0
2026-06-16 06:20:59.250 8 INFO neutron.db.ovn_revision_numbers_db [None req-b1fe33ad-4dbb-4872-a0fb-c6250e61fd3e f3b6521a515f48859998442399ffb751 eefadffdc5bf43c38280dcd5451881fd - - default default] Successfully bumped revision number for resource ba2407f9-22ce-499e-b9a8-4a35e0fe4ff7 (type: security_group_rules) to 0
2026-06-16 06:20:59.264 8 INFO neutron.db.ovn_revision_numbers_db [None req-b1fe33ad-4dbb-4872-a0fb-c6250e61fd3e f3b6521a515f48859998442399ffb751 eefadffdc5bf43c38280dcd5451881fd - - default default] Successfully bumped revision number for resource e6a9765a-fd6a-4b5c-9195-6e932e3c4985 (type: security_group_rules) to 0
2026-06-16 06:20:59.280 8 INFO neutron.db.ovn_revision_numbers_db [None req-b1fe33ad-4dbb-4872-a0fb-c6250e61fd3e f3b6521a515f48859998442399ffb751 eefadffdc5bf43c38280dcd5451881fd - - default default] Successfully bumped revision number for resource e9da1a80-26e4-4ed9-9161-c406077330f0 (type: security_group_rules) to 0
2026-06-16 06:20:59.353 8 INFO neutron.db.segments_db [None req-b1fe33ad-4dbb-4872-a0fb-c6250e61fd3e f3b6521a515f48859998442399ffb751 eefadffdc5bf43c38280dcd5451881fd - - default default] Added segment 0d1f6a42-33e3-4ba7-8911-72226b9bfd1e of type geneve for network d3394f0e-9b5a-4a81-8d38-387433cea571 [pid: 7|app: 0|req: 851/1584] 10.0.0.122 () {32 vars in 720 bytes} [Tue Jun 16 06:20:59 2026] DELETE /v2.0/ports/a0506cb6-6c34-4a78-a901-d55de6ea28f6 => generated 0 bytes in 341 msecs (HTTP/1.1 204) 3 headers in 131 bytes (1 switches on core 0)
2026-06-16 06:20:59.491 8 INFO neutron.db.ovn_revision_numbers_db [None req-b1fe33ad-4dbb-4872-a0fb-c6250e61fd3e f3b6521a515f48859998442399ffb751 eefadffdc5bf43c38280dcd5451881fd - - default default] Successfully bumped revision number for resource d3394f0e-9b5a-4a81-8d38-387433cea571 (type: networks) to 1
2026-06-16 06:20:59.669 8 WARNING neutron.scheduler.dhcp_agent_scheduler [None req-b1fe33ad-4dbb-4872-a0fb-c6250e61fd3e f3b6521a515f48859998442399ffb751 eefadffdc5bf43c38280dcd5451881fd - - default default] No more DHCP agents
2026-06-16 06:20:59.671 8 WARNING neutron.api.rpc.agentnotifiers.dhcp_rpc_agent_api [None req-b1fe33ad-4dbb-4872-a0fb-c6250e61fd3e f3b6521a515f48859998442399ffb751 eefadffdc5bf43c38280dcd5451881fd - - default default] Unable to schedule network d3394f0e-9b5a-4a81-8d38-387433cea571: no agents available; will retry on subsequent port and subnet creation events.
2026-06-16 06:20:59.752 8 INFO neutron.plugins.ml2.drivers.ovn.mech_driver.mech_driver [None req-5ac6c5f6-69ad-4046-bfac-69a4f9253070 - - - - - -] OVN reports status down for port: b943b288-d8bc-4034-b54e-cfe1148b03f2
2026-06-16 06:20:59.806 7 WARNING neutron.scheduler.dhcp_agent_scheduler [None req-e6618c8c-f256-468a-ba06-3d525d6ccbab 4c9036a6efa64765824ab93f0626dba2 9e1f46dea69844c89b4a2534df21ab13 - - default default] No more DHCP agents
2026-06-16 06:20:59.807 7 WARNING neutron.api.rpc.agentnotifiers.dhcp_rpc_agent_api [None req-e6618c8c-f256-468a-ba06-3d525d6ccbab 4c9036a6efa64765824ab93f0626dba2 9e1f46dea69844c89b4a2534df21ab13 - - default default] Unable to schedule network cbd5fd1d-0d82-4dc1-b60b-94a8725e7a32: no agents available; will retry on subsequent port and subnet creation events.
2026-06-16 06:20:59.814 8 INFO neutron.db.ovn_revision_numbers_db [None req-b1fe33ad-4dbb-4872-a0fb-c6250e61fd3e f3b6521a515f48859998442399ffb751 eefadffdc5bf43c38280dcd5451881fd - - default default] Successfully bumped revision number for resource b943b288-d8bc-4034-b54e-cfe1148b03f2 (type: ports) to 1 [pid: 8|app: 0|req: 734/1585] 10.0.0.122 () {34 vars in 670 bytes} [Tue Jun 16 06:20:58 2026] POST /v2.0/networks => generated 666 bytes in 1042 msecs (HTTP/1.1 201) 4 headers in 162 bytes (1 switches on core 0)
2026-06-16 06:20:59.982 7 INFO neutron.db.ovn_revision_numbers_db [None req-e6618c8c-f256-468a-ba06-3d525d6ccbab 4c9036a6efa64765824ab93f0626dba2 9e1f46dea69844c89b4a2534df21ab13 - - default default] Successfully bumped revision number for resource cbf2a4ff-c6a4-43d8-b47e-438d4345b992 (type: ports) to 1
2026-06-16 06:20:59.985 8 INFO neutron.plugins.ml2.drivers.ovn.mech_driver.mech_driver [None req-5ac6c5f6-69ad-4046-bfac-69a4f9253070 - - - - - -] OVN reports status down for port: cbf2a4ff-c6a4-43d8-b47e-438d4345b992 [pid: 8|app: 0|req: 735/1586] 10.0.0.122 () {32 vars in 643 bytes} [Tue Jun 16 06:20:59 2026] GET /v2.0/ports => generated 1523 bytes in 213 msecs (HTTP/1.1 200) 4 headers in 158 bytes (1 switches on core 0) [pid: 8|app: 0|req: 736/1587] 10.0.0.202 () {34 vars in 990 bytes} [Tue Jun 16 06:21:00 2026] GET /v2.0/ports?device_id=0fc1efb2-1f28-42c3-b743-94299a39b0bd => generated 12 bytes in 29 msecs (HTTP/1.1 200) 4 headers in 156 bytes (1 switches on core 0)
2026-06-16 06:21:00.234 8 INFO neutron.db.segments_db [None req-0c6f29b4-6bab-4e43-932e-e30b831d4c7d 997fae1e4987413ba93b93b45d223a26 3557e1bcec6c4739a7e701e36d50247d - - default default] Added segment 49bb997d-5dec-4c12-81d2-d67b109723b0 of type geneve for network 04c171f4-e0b6-46ad-b94a-e8306721a2f1
2026-06-16 06:21:00.351 8 INFO neutron.db.ovn_revision_numbers_db [None req-0c6f29b4-6bab-4e43-932e-e30b831d4c7d 997fae1e4987413ba93b93b45d223a26 3557e1bcec6c4739a7e701e36d50247d - - default default] Successfully bumped revision number for resource 04c171f4-e0b6-46ad-b94a-e8306721a2f1 (type: networks) to 1
2026-06-16 06:21:00.529 8 INFO neutron.plugins.ml2.drivers.ovn.mech_driver.mech_driver [None req-5ac6c5f6-69ad-4046-bfac-69a4f9253070 - - - - - -] OVN reports status up for port: cbf2a4ff-c6a4-43d8-b47e-438d4345b992
2026-06-16 06:21:00.541 8 WARNING neutron.scheduler.dhcp_agent_scheduler [None req-0c6f29b4-6bab-4e43-932e-e30b831d4c7d 997fae1e4987413ba93b93b45d223a26 3557e1bcec6c4739a7e701e36d50247d - - default default] No more DHCP agents
2026-06-16 06:21:00.543 8 WARNING neutron.api.rpc.agentnotifiers.dhcp_rpc_agent_api [None req-0c6f29b4-6bab-4e43-932e-e30b831d4c7d 997fae1e4987413ba93b93b45d223a26 3557e1bcec6c4739a7e701e36d50247d - - default default] Unable to schedule network 04c171f4-e0b6-46ad-b94a-e8306721a2f1: no agents available; will retry on subsequent port and subnet creation events.
2026-06-16 06:21:00.546 8 INFO neutron.plugins.ml2.plugin [None req-5ac6c5f6-69ad-4046-bfac-69a4f9253070 - - - - - -] Attempt 1 to provision port cbf2a4ff-c6a4-43d8-b47e-438d4345b992
2026-06-16 06:21:00.577 7 WARNING neutron.scheduler.dhcp_agent_scheduler [None req-e6618c8c-f256-468a-ba06-3d525d6ccbab 4c9036a6efa64765824ab93f0626dba2 9e1f46dea69844c89b4a2534df21ab13 - - default default] No more DHCP agents
2026-06-16 06:21:00.578 7 WARNING neutron.api.rpc.agentnotifiers.dhcp_rpc_agent_api [None req-e6618c8c-f256-468a-ba06-3d525d6ccbab 4c9036a6efa64765824ab93f0626dba2 9e1f46dea69844c89b4a2534df21ab13 - - default default] Unable to schedule network cbd5fd1d-0d82-4dc1-b60b-94a8725e7a32: no agents available; will retry on subsequent port and subnet creation events.
2026-06-16 06:21:00.759 8 INFO neutron.db.ovn_revision_numbers_db [None req-0c6f29b4-6bab-4e43-932e-e30b831d4c7d 997fae1e4987413ba93b93b45d223a26 3557e1bcec6c4739a7e701e36d50247d - - default default] Successfully bumped revision number for resource 9830b8de-fb50-4cc2-b9b6-8558c31b8e55 (type: ports) to 1 [pid: 8|app: 0|req: 737/1588] 10.0.0.122 () {34 vars in 670 bytes} [Tue Jun 16 06:21:00 2026] POST /v2.0/networks => generated 669 bytes in 709 msecs (HTTP/1.1 201) 4 headers in 162 bytes (1 switches on core 0)
2026-06-16 06:21:00.850 7 INFO neutron.db.ovn_revision_numbers_db [None req-e6618c8c-f256-468a-ba06-3d525d6ccbab 4c9036a6efa64765824ab93f0626dba2 9e1f46dea69844c89b4a2534df21ab13 - - default default] Successfully bumped revision number for resource cbf2a4ff-c6a4-43d8-b47e-438d4345b992 (type: router_ports) to 1 [pid: 7|app: 0|req: 852/1589] 10.0.0.122 () {34 vars in 783 bytes} [Tue Jun 16 06:20:59 2026] PUT /v2.0/routers/b7332b83-bf3b-4dbf-b963-bc3670c66031/add_router_interface => generated 309 bytes in 1479 msecs (HTTP/1.1 200) 4 headers in 157 bytes (1 switches on core 0)
2026-06-16 06:21:00.945 7 INFO neutron.db.segments_db [None req-e3c9dfd4-1293-4b57-b51f-be5992e33bf6 997fae1e4987413ba93b93b45d223a26 3557e1bcec6c4739a7e701e36d50247d - - default default] Added segment 4a0f9891-3e93-4e93-9a9c-1f51cc77a33e of type geneve for network 9e025db2-bcd3-4572-8062-000957dbf100
2026-06-16 06:21:01.060 7 INFO neutron.db.ovn_revision_numbers_db [None req-e3c9dfd4-1293-4b57-b51f-be5992e33bf6 997fae1e4987413ba93b93b45d223a26 3557e1bcec6c4739a7e701e36d50247d - - default default] Successfully bumped revision number for resource 9e025db2-bcd3-4572-8062-000957dbf100 (type: networks) to 1
2026-06-16 06:21:01.254 7 WARNING neutron.scheduler.dhcp_agent_scheduler [None req-e3c9dfd4-1293-4b57-b51f-be5992e33bf6 997fae1e4987413ba93b93b45d223a26 3557e1bcec6c4739a7e701e36d50247d - - default default] No more DHCP agents
2026-06-16 06:21:01.255 7 WARNING neutron.api.rpc.agentnotifiers.dhcp_rpc_agent_api [None req-e3c9dfd4-1293-4b57-b51f-be5992e33bf6 997fae1e4987413ba93b93b45d223a26 3557e1bcec6c4739a7e701e36d50247d - - default default] Unable to schedule network 9e025db2-bcd3-4572-8062-000957dbf100: no agents available; will retry on subsequent port and subnet creation events.
2026-06-16 06:21:01.368 7 INFO neutron.db.ovn_revision_numbers_db [None req-e3c9dfd4-1293-4b57-b51f-be5992e33bf6 997fae1e4987413ba93b93b45d223a26 3557e1bcec6c4739a7e701e36d50247d - - default default] Successfully bumped revision number for resource 99902892-876e-4a5e-99f8-75943adbfc5a (type: ports) to 1 [pid: 7|app: 0|req: 853/1590] 10.0.0.122 () {34 vars in 670 bytes} [Tue Jun 16 06:21:00 2026] POST /v2.0/networks => generated 668 bytes in 532 msecs (HTTP/1.1 201) 4 headers in 162 bytes (1 switches on core 0) [pid: 7|app: 0|req: 854/1591] 10.0.0.122 () {32 vars in 717 bytes} [Tue Jun 16 06:21:01 2026] GET /v2.0/ports/cbf2a4ff-c6a4-43d8-b47e-438d4345b992 => generated 943 bytes in 70 msecs (HTTP/1.1 200) 4 headers in 157 bytes (1 switches on core 0)
2026-06-16 06:21:01.753 7 INFO neutron_taas.services.taas.taas_plugin [None req-68170808-5169-45e1-8f3c-877e12cf65ef 7ac4b592882944bdaccaee4e8472a330 31199c5ebe154551849e7e0824e09030 - - default default] TaaS: Handle Delete Port: ff102ba1-f4e8-4396-ac3b-2100a561e4f1
2026-06-16 06:21:01.757 7 INFO neutron_taas.services.taas.tap_mirror_plugin [None req-68170808-5169-45e1-8f3c-877e12cf65ef 7ac4b592882944bdaccaee4e8472a330 31199c5ebe154551849e7e0824e09030 - - default default] Tap Mirror: Handle Delete Port: ff102ba1-f4e8-4396-ac3b-2100a561e4f1
2026-06-16 06:21:01.779 8 INFO neutron.db.ovn_revision_numbers_db [None req-5ac6c5f6-69ad-4046-bfac-69a4f9253070 - - - - - -] Successfully bumped revision number for resource cbf2a4ff-c6a4-43d8-b47e-438d4345b992 (type: ports) to 2
2026-06-16 06:21:01.811 8 WARNING neutron.scheduler.dhcp_agent_scheduler [None req-47c638db-be6a-4951-803e-52022dd6cc22 f3b6521a515f48859998442399ffb751 eefadffdc5bf43c38280dcd5451881fd - - default default] No more DHCP agents
2026-06-16 06:21:01.815 8 WARNING neutron.api.rpc.agentnotifiers.dhcp_rpc_agent_api [None req-47c638db-be6a-4951-803e-52022dd6cc22 f3b6521a515f48859998442399ffb751 eefadffdc5bf43c38280dcd5451881fd - - default default] Unable to schedule network d3394f0e-9b5a-4a81-8d38-387433cea571: no agents available; will retry on subsequent port and subnet creation events.
2026-06-16 06:21:01.884 8 INFO neutron.db.ovn_revision_numbers_db [None req-47c638db-be6a-4951-803e-52022dd6cc22 f3b6521a515f48859998442399ffb751 eefadffdc5bf43c38280dcd5451881fd - - default default] Successfully bumped revision number for resource 3aafc80d-b1c7-4e18-a47c-1a7e53556034 (type: subnets) to 0 [pid: 8|app: 0|req: 738/1594] 10.0.0.122 () {34 vars in 669 bytes} [Tue Jun 16 06:21:00 2026] POST /v2.0/subnets => generated 673 bytes in 1095 msecs (HTTP/1.1 201) 4 headers in 162 bytes (1 switches on core 0)
2026-06-16 06:21:02.289 8 WARNING neutron.scheduler.dhcp_agent_scheduler [None req-2a9f22d4-853b-4d95-bfe3-323e07b96c84 997fae1e4987413ba93b93b45d223a26 3557e1bcec6c4739a7e701e36d50247d - - default default] No more DHCP agents
2026-06-16 06:21:02.290 8 WARNING neutron.api.rpc.agentnotifiers.dhcp_rpc_agent_api [None req-2a9f22d4-853b-4d95-bfe3-323e07b96c84 997fae1e4987413ba93b93b45d223a26 3557e1bcec6c4739a7e701e36d50247d - - default default] Unable to schedule network 04c171f4-e0b6-46ad-b94a-e8306721a2f1: no agents available; will retry on subsequent port and subnet creation events. [pid: 7|app: 0|req: 857/1595] 10.0.0.122 () {34 vars in 789 bytes} [Tue Jun 16 06:21:01 2026] PUT /v2.0/routers/e4f35e83-b791-41c0-b881-a0e6a0f28c13/remove_router_interface => generated 309 bytes in 989 msecs (HTTP/1.1 200) 4 headers in 157 bytes (1 switches on core 0) /var/lib/openstack/lib/python3.12/site-packages/pycadf/identifier.py:70: UserWarning: Invalid uuid: neutron. To ensure interoperability, identifiers should be a valid uuid. warnings.warn(('Invalid uuid: %s. To ensure interoperability, ' [pid: 7|app: 0|req: 858/1596] 10.0.0.122 () {32 vars in 717 bytes} [Tue Jun 16 06:21:02 2026] GET /v2.0/ports/cbf2a4ff-c6a4-43d8-b47e-438d4345b992 => generated 943 bytes in 33 msecs (HTTP/1.1 200) 4 headers in 157 bytes (1 switches on core 0)
2026-06-16 06:21:02.576 7 INFO neutron.db.segments_db [None req-aa9a687b-a2b2-42b5-aa0d-36526974458b f3b6521a515f48859998442399ffb751 eefadffdc5bf43c38280dcd5451881fd - - default default] Added segment d1551832-e0c5-4549-8d8b-aaa0a1358c15 of type geneve for network 2c7615f3-5269-45f9-bc3c-1a6df1bee0b6
2026-06-16 06:21:02.716 7 INFO neutron.db.ovn_revision_numbers_db [None req-aa9a687b-a2b2-42b5-aa0d-36526974458b f3b6521a515f48859998442399ffb751 eefadffdc5bf43c38280dcd5451881fd - - default default] Successfully bumped revision number for resource 2c7615f3-5269-45f9-bc3c-1a6df1bee0b6 (type: networks) to 1
2026-06-16 06:21:02.859 8 INFO neutron.db.ovn_revision_numbers_db [None req-3bbb3c56-f144-4b0e-98b5-cf94804b0d55 - - - - - -] Successfully bumped revision number for resource 9830b8de-fb50-4cc2-b9b6-8558c31b8e55 (type: ports) to 2
2026-06-16 06:21:02.888 8 INFO neutron.db.ovn_revision_numbers_db [None req-3bbb3c56-f144-4b0e-98b5-cf94804b0d55 - - - - - -] Successfully bumped revision number for resource fd40392c-d969-4331-8bce-3f73e4eb8ed0 (type: subnets) to 0
2026-06-16 06:21:02.924 8 WARNING neutron.scheduler.dhcp_agent_scheduler [None req-2a9f22d4-853b-4d95-bfe3-323e07b96c84 997fae1e4987413ba93b93b45d223a26 3557e1bcec6c4739a7e701e36d50247d - - default default] No more DHCP agents
2026-06-16 06:21:02.926 8 WARNING neutron.api.rpc.agentnotifiers.dhcp_rpc_agent_api [None req-2a9f22d4-853b-4d95-bfe3-323e07b96c84 997fae1e4987413ba93b93b45d223a26 3557e1bcec6c4739a7e701e36d50247d - - default default] Unable to schedule network 9e025db2-bcd3-4572-8062-000957dbf100: no agents available; will retry on subsequent port and subnet creation events.
2026-06-16 06:21:02.942 7 WARNING neutron.scheduler.dhcp_agent_scheduler [None req-aa9a687b-a2b2-42b5-aa0d-36526974458b f3b6521a515f48859998442399ffb751 eefadffdc5bf43c38280dcd5451881fd - - default default] No more DHCP agents
2026-06-16 06:21:02.944 7 WARNING neutron.api.rpc.agentnotifiers.dhcp_rpc_agent_api [None req-aa9a687b-a2b2-42b5-aa0d-36526974458b f3b6521a515f48859998442399ffb751 eefadffdc5bf43c38280dcd5451881fd - - default default] Unable to schedule network 2c7615f3-5269-45f9-bc3c-1a6df1bee0b6: no agents available; will retry on subsequent port and subnet creation events.
2026-06-16 06:21:03.061 7 INFO neutron.db.ovn_revision_numbers_db [None req-aa9a687b-a2b2-42b5-aa0d-36526974458b f3b6521a515f48859998442399ffb751 eefadffdc5bf43c38280dcd5451881fd - - default default] Successfully bumped revision number for resource dfd9c8e3-712a-43ab-beb8-eafac301f755 (type: ports) to 1 [pid: 7|app: 0|req: 859/1597] 10.0.0.122 () {34 vars in 670 bytes} [Tue Jun 16 06:21:02 2026] POST /v2.0/networks => generated 667 bytes in 603 msecs (HTTP/1.1 201) 4 headers in 162 bytes (1 switches on core 0)
2026-06-16 06:21:03.442 8 INFO neutron.db.ovn_revision_numbers_db [None req-1076eb8d-199c-4258-af0f-7461e446f6bd - - - - - -] Successfully bumped revision number for resource 99902892-876e-4a5e-99f8-75943adbfc5a (type: ports) to 2
2026-06-16 06:21:03.453 7 INFO neutron_taas.services.taas.taas_plugin [None req-6fbfd56e-5bc5-437e-aab4-c86ed8c1d478 7ac4b592882944bdaccaee4e8472a330 31199c5ebe154551849e7e0824e09030 - - default default] TaaS: Handle Delete Port: 97720cac-b7ec-40d2-a674-42a9da601ecb
2026-06-16 06:21:03.456 7 INFO neutron_taas.services.taas.tap_mirror_plugin [None req-6fbfd56e-5bc5-437e-aab4-c86ed8c1d478 7ac4b592882944bdaccaee4e8472a330 31199c5ebe154551849e7e0824e09030 - - default default] Tap Mirror: Handle Delete Port: 97720cac-b7ec-40d2-a674-42a9da601ecb
2026-06-16 06:21:03.471 8 INFO neutron.db.ovn_revision_numbers_db [None req-1076eb8d-199c-4258-af0f-7461e446f6bd - - - - - -] Successfully bumped revision number for resource a5548f27-6776-4630-b87b-76cd1502d521 (type: subnets) to 0 [pid: 8|app: 0|req: 739/1598] 10.0.0.122 () {34 vars in 669 bytes} [Tue Jun 16 06:21:01 2026] POST /v2.0/subnets => generated 1274 bytes in 1568 msecs (HTTP/1.1 201) 4 headers in 163 bytes (1 switches on core 0)
2026-06-16 06:21:03.809 8 INFO neutron_taas.services.taas.taas_plugin [None req-cae4c083-02b5-44a8-8623-9df6b6fdc5fb 4c9036a6efa64765824ab93f0626dba2 9e1f46dea69844c89b4a2534df21ab13 - - default default] TaaS: Handle Delete Port: cbf2a4ff-c6a4-43d8-b47e-438d4345b992
2026-06-16 06:21:03.813 8 INFO neutron_taas.services.taas.tap_mirror_plugin [None req-cae4c083-02b5-44a8-8623-9df6b6fdc5fb 4c9036a6efa64765824ab93f0626dba2 9e1f46dea69844c89b4a2534df21ab13 - - default default] Tap Mirror: Handle Delete Port: cbf2a4ff-c6a4-43d8-b47e-438d4345b992 [pid: 7|app: 0|req: 860/1599] 10.0.0.122 () {32 vars in 724 bytes} [Tue Jun 16 06:21:03 2026] DELETE /v2.0/routers/e4f35e83-b791-41c0-b881-a0e6a0f28c13 => generated 0 bytes in 849 msecs (HTTP/1.1 204) 2 headers in 112 bytes (1 switches on core 0)
2026-06-16 06:21:04.100 7 INFO neutron.db.ovn_revision_numbers_db [None req-ec6ca7d1-43e8-4620-8771-cae97eff893a f3b6521a515f48859998442399ffb751 eefadffdc5bf43c38280dcd5451881fd - - default default] Successfully bumped revision number for resource 2c7615f3-5269-45f9-bc3c-1a6df1bee0b6 (type: networks) to 2 [pid: 7|app: 0|req: 861/1600] 10.0.0.122 () {34 vars in 743 bytes} [Tue Jun 16 06:21:03 2026] PUT /v2.0/networks/2c7615f3-5269-45f9-bc3c-1a6df1bee0b6 => generated 636 bytes in 167 msecs (HTTP/1.1 200) 4 headers in 157 bytes (1 switches on core 0) [pid: 7|app: 0|req: 862/1601] 10.0.0.122 () {32 vars in 647 bytes} [Tue Jun 16 06:21:04 2026] GET /v2.0/subnets => generated 1910 bytes in 36 msecs (HTTP/1.1 200) 4 headers in 158 bytes (1 switches on core 0) [pid: 7|app: 0|req: 863/1602] 10.0.0.141 () {28 vars in 583 bytes} [Tue Jun 16 06:21:04 2026] GET /v2.0/subnets => generated 4603 bytes in 166 msecs (HTTP/1.1 200) 4 headers in 158 bytes (1 switches on core 0) [pid: 8|app: 0|req: 740/1603] 10.0.0.122 () {34 vars in 789 bytes} [Tue Jun 16 06:21:03 2026] PUT /v2.0/routers/b7332b83-bf3b-4dbf-b963-bc3670c66031/remove_router_interface => generated 309 bytes in 898 msecs (HTTP/1.1 200) 4 headers in 157 bytes (1 switches on core 0) /var/lib/openstack/lib/python3.12/site-packages/pycadf/identifier.py:70: UserWarning: Invalid uuid: neutron. To ensure interoperability, identifiers should be a valid uuid. warnings.warn(('Invalid uuid: %s. To ensure interoperability, ' [pid: 7|app: 0|req: 864/1604] 10.0.0.122 () {32 vars in 724 bytes} [Tue Jun 16 06:21:04 2026] DELETE /v2.0/subnets/cea09a48-9cc1-479e-9966-b2ba20b2e5e5 => generated 0 bytes in 212 msecs (HTTP/1.1 204) 3 headers in 131 bytes (1 switches on core 0)
2026-06-16 06:21:04.640 8 WARNING neutron.scheduler.dhcp_agent_scheduler [None req-4bf04bff-e21c-4348-b7df-d4e1f43e3777 f3b6521a515f48859998442399ffb751 eefadffdc5bf43c38280dcd5451881fd - - default default] No more DHCP agents
2026-06-16 06:21:04.641 8 WARNING neutron.api.rpc.agentnotifiers.dhcp_rpc_agent_api [None req-4bf04bff-e21c-4348-b7df-d4e1f43e3777 f3b6521a515f48859998442399ffb751 eefadffdc5bf43c38280dcd5451881fd - - default default] Unable to schedule network 2c7615f3-5269-45f9-bc3c-1a6df1bee0b6: no agents available; will retry on subsequent port and subnet creation events.
2026-06-16 06:21:04.686 8 INFO neutron.db.ovn_revision_numbers_db [None req-4bf04bff-e21c-4348-b7df-d4e1f43e3777 f3b6521a515f48859998442399ffb751 eefadffdc5bf43c38280dcd5451881fd - - default default] Successfully bumped revision number for resource a53a3c9b-ba76-4168-bc1e-fc429dbc0a64 (type: subnets) to 0 [pid: 8|app: 0|req: 741/1605] 10.0.0.122 () {34 vars in 669 bytes} [Tue Jun 16 06:21:04 2026] POST /v2.0/subnets => generated 646 bytes in 324 msecs (HTTP/1.1 201) 4 headers in 162 bytes (1 switches on core 0) [pid: 8|app: 0|req: 742/1606] 10.0.0.141 () {28 vars in 619 bytes} [Tue Jun 16 06:21:04 2026] GET /v2.0/network-ip-availabilities => generated 3994 bytes in 16 msecs (HTTP/1.1 200) 4 headers in 158 bytes (1 switches on core 0) [pid: 7|app: 0|req: 865/1607] 10.0.0.122 () {32 vars in 724 bytes} [Tue Jun 16 06:21:04 2026] DELETE /v2.0/subnets/fd40392c-d969-4331-8bce-3f73e4eb8ed0 => generated 0 bytes in 213 msecs (HTTP/1.1 204) 3 headers in 131 bytes (1 switches on core 0) [pid: 8|app: 0|req: 743/1608] 10.0.0.122 () {32 vars in 736 bytes} [Tue Jun 16 06:21:04 2026] GET /v2.0/ports?device_id=b7332b83-bf3b-4dbf-b963-bc3670c66031 => generated 12 bytes in 17 msecs (HTTP/1.1 200) 4 headers in 156 bytes (1 switches on core 0)
2026-06-16 06:21:04.857 7 INFO neutron_taas.services.taas.taas_plugin [None req-0fbd64b6-d489-470f-960b-61c178825bac 7ac4b592882944bdaccaee4e8472a330 31199c5ebe154551849e7e0824e09030 - - default default] TaaS: Handle Delete Port: 8f942d2a-baa2-4bc5-a8ac-8c722afe62f8
2026-06-16 06:21:04.860 7 INFO neutron_taas.services.taas.tap_mirror_plugin [None req-0fbd64b6-d489-470f-960b-61c178825bac 7ac4b592882944bdaccaee4e8472a330 31199c5ebe154551849e7e0824e09030 - - default default] Tap Mirror: Handle Delete Port: 8f942d2a-baa2-4bc5-a8ac-8c722afe62f8
2026-06-16 06:21:05.043 7 INFO neutron.services.segments.plugin [-] Segment 0373dffb-93cf-43a9-8fa5-36a05b26cd13 resource provider aggregate not found
2026-06-16 06:21:05.051 7 INFO neutron.services.segments.plugin [-] Segment 0373dffb-93cf-43a9-8fa5-36a05b26cd13 resource provider aggregate not found
2026-06-16 06:21:05.069 7 INFO neutron.services.segments.plugin [-] Segment 0373dffb-93cf-43a9-8fa5-36a05b26cd13 resource provider not found; error: Placement Client Error (4xx): {"errors": [{"status": 404, "title": "Not Found", "detail": "The resource could not be found.\n\n No resource provider with uuid 0373dffb-93cf-43a9-8fa5-36a05b26cd13 found for delete ", "request_id": "req-7c62a726-582b-41ff-aef8-14bcbdff89cf"}]}
2026-06-16 06:21:05.070 7 INFO neutron.services.segments.plugin [-] Segment 0373dffb-93cf-43a9-8fa5-36a05b26cd13 resource provider not found; error: Placement Client Error (4xx): {"errors": [{"status": 404, "title": "Not Found", "detail": "The resource could not be found.\n\n No resource provider with uuid 0373dffb-93cf-43a9-8fa5-36a05b26cd13 found for delete ", "request_id": "req-a322ecd5-eabb-4889-8fd0-476cd9d09142"}]} [pid: 7|app: 0|req: 866/1609] 10.0.0.122 () {32 vars in 726 bytes} [Tue Jun 16 06:21:04 2026] DELETE /v2.0/networks/4ab29bac-dc89-46ac-80aa-cfcf8e52a094 => generated 0 bytes in 384 msecs (HTTP/1.1 204) 3 headers in 131 bytes (1 switches on core 0) [pid: 7|app: 0|req: 867/1610] 10.0.0.141 () {28 vars in 599 bytes} [Tue Jun 16 06:21:05 2026] GET /v2.0/security-groups => generated 29017 bytes in 49 msecs (HTTP/1.1 200) 4 headers in 159 bytes (1 switches on core 0) [pid: 7|app: 0|req: 868/1611] 10.0.0.122 () {32 vars in 724 bytes} [Tue Jun 16 06:21:05 2026] DELETE /v2.0/subnets/a5548f27-6776-4630-b87b-76cd1502d521 => generated 0 bytes in 186 msecs (HTTP/1.1 204) 3 headers in 131 bytes (1 switches on core 0)
2026-06-16 06:21:05.422 8 INFO neutron.db.ovn_revision_numbers_db [None req-bc1d084f-58b3-47cd-b828-822c1909d9ed - - - - - -] Successfully bumped revision number for resource dfd9c8e3-712a-43ab-beb8-eafac301f755 (type: ports) to 2
2026-06-16 06:21:05.466 8 INFO neutron.db.ovn_revision_numbers_db [None req-bc1d084f-58b3-47cd-b828-822c1909d9ed - - - - - -] Successfully bumped revision number for resource a53a3c9b-ba76-4168-bc1e-fc429dbc0a64 (type: subnets) to 1 [pid: 8|app: 0|req: 744/1612] 10.0.0.122 () {34 vars in 741 bytes} [Tue Jun 16 06:21:04 2026] PUT /v2.0/subnets/a53a3c9b-ba76-4168-bc1e-fc429dbc0a64 => generated 656 bytes in 721 msecs (HTTP/1.1 200) 4 headers in 157 bytes (1 switches on core 0) [pid: 8|app: 0|req: 745/1613] 10.0.0.141 () {28 vars in 579 bytes} [Tue Jun 16 06:21:05 2026] GET /v2.0/ports => generated 11661 bytes in 62 msecs (HTTP/1.1 200) 4 headers in 159 bytes (1 switches on core 0) [pid: 8|app: 0|req: 746/1614] 10.0.0.122 () {32 vars in 774 bytes} [Tue Jun 16 06:21:05 2026] GET /v2.0/security-groups?tenant_id=81846649142d43ce9ff302119a3bcdc3&name=default => generated 2925 bytes in 34 msecs (HTTP/1.1 200) 4 headers in 158 bytes (1 switches on core 0) [pid: 7|app: 0|req: 869/1615] 10.0.0.122 () {32 vars in 724 bytes} [Tue Jun 16 06:21:05 2026] DELETE /v2.0/routers/b7332b83-bf3b-4dbf-b963-bc3670c66031 => generated 0 bytes in 211 msecs (HTTP/1.1 204) 2 headers in 112 bytes (1 switches on core 0) [pid: 8|app: 0|req: 747/1616] 10.0.0.122 () {32 vars in 647 bytes} [Tue Jun 16 06:21:05 2026] GET /v2.0/subnets => generated 649 bytes in 27 msecs (HTTP/1.1 200) 4 headers in 157 bytes (1 switches on core 0) [pid: 8|app: 0|req: 748/1617] 10.0.0.141 () {28 vars in 585 bytes} [Tue Jun 16 06:21:05 2026] GET /v2.0/networks => generated 7677 bytes in 73 msecs (HTTP/1.1 200) 4 headers in 158 bytes (1 switches on core 0)
2026-06-16 06:21:05.691 7 INFO neutron_taas.services.taas.taas_plugin [None req-3f54c512-9e47-49e7-a4ad-ee2aade2ad21 f3b6521a515f48859998442399ffb751 eefadffdc5bf43c38280dcd5451881fd - - default default] TaaS: Handle Delete Port: dfd9c8e3-712a-43ab-beb8-eafac301f755
2026-06-16 06:21:05.693 7 INFO neutron_taas.services.taas.tap_mirror_plugin [None req-3f54c512-9e47-49e7-a4ad-ee2aade2ad21 f3b6521a515f48859998442399ffb751 eefadffdc5bf43c38280dcd5451881fd - - default default] Tap Mirror: Handle Delete Port: dfd9c8e3-712a-43ab-beb8-eafac301f755 [pid: 8|app: 0|req: 749/1618] 10.0.0.122 () {32 vars in 740 bytes} [Tue Jun 16 06:21:05 2026] DELETE /v2.0/security-groups/36c9cc24-1d59-42db-ac1f-60672df5fd21 => generated 0 bytes in 336 msecs (HTTP/1.1 204) 2 headers in 112 bytes (1 switches on core 0) [pid: 7|app: 0|req: 870/1619] 10.0.0.122 () {32 vars in 726 bytes} [Tue Jun 16 06:21:05 2026] DELETE /v2.0/networks/2c7615f3-5269-45f9-bc3c-1a6df1bee0b6 => generated 0 bytes in 525 msecs (HTTP/1.1 204) 3 headers in 131 bytes (1 switches on core 0) [pid: 8|app: 0|req: 750/1620] 10.0.0.122 () {32 vars in 724 bytes} [Tue Jun 16 06:21:06 2026] DELETE /v2.0/subnets/7fb8d8da-3f6b-4cee-a4e2-026bc12a35c8 => generated 0 bytes in 220 msecs (HTTP/1.1 204) 3 headers in 131 bytes (1 switches on core 0) [pid: 8|app: 0|req: 751/1621] 10.0.0.141 () {28 vars in 583 bytes} [Tue Jun 16 06:21:06 2026] GET /v2.0/routers => generated 15 bytes in 15 msecs (HTTP/1.1 200) 4 headers in 156 bytes (1 switches on core 0)
2026-06-16 06:21:06.246 7 INFO neutron_taas.services.taas.taas_plugin [None req-a6d59a9a-6035-4ab1-a1d6-1c76174943d5 997fae1e4987413ba93b93b45d223a26 3557e1bcec6c4739a7e701e36d50247d - - default default] TaaS: Handle Delete Port: 99902892-876e-4a5e-99f8-75943adbfc5a
2026-06-16 06:21:06.249 7 INFO neutron_taas.services.taas.tap_mirror_plugin [None req-a6d59a9a-6035-4ab1-a1d6-1c76174943d5 997fae1e4987413ba93b93b45d223a26 3557e1bcec6c4739a7e701e36d50247d - - default default] Tap Mirror: Handle Delete Port: 99902892-876e-4a5e-99f8-75943adbfc5a
2026-06-16 06:21:06.251 8 INFO neutron.pecan_wsgi.hooks.translation [None req-ee9b98ab-dc9b-42d7-ad2e-7321b5b9c337 f3b6521a515f48859998442399ffb751 eefadffdc5bf43c38280dcd5451881fd - - default default] DELETE failed (client error): The resource could not be found. [pid: 8|app: 0|req: 752/1622] 10.0.0.122 () {32 vars in 726 bytes} [Tue Jun 16 06:21:06 2026] DELETE /v2.0/networks/2c7615f3-5269-45f9-bc3c-1a6df1bee0b6 => generated 138 bytes in 12 msecs (HTTP/1.1 404) 4 headers in 164 bytes (1 switches on core 0)
2026-06-16 06:21:06.394 8 INFO neutron_taas.services.taas.taas_plugin [None req-333e1319-bc60-46a0-85c2-6ef47df3de2d 4c9036a6efa64765824ab93f0626dba2 9e1f46dea69844c89b4a2534df21ab13 - - default default] TaaS: Handle Delete Port: d628bab8-34cf-4823-997f-c0340171fc03
2026-06-16 06:21:06.397 8 INFO neutron_taas.services.taas.tap_mirror_plugin [None req-333e1319-bc60-46a0-85c2-6ef47df3de2d 4c9036a6efa64765824ab93f0626dba2 9e1f46dea69844c89b4a2534df21ab13 - - default default] Tap Mirror: Handle Delete Port: d628bab8-34cf-4823-997f-c0340171fc03 [pid: 7|app: 0|req: 871/1623] 10.0.0.122 () {32 vars in 726 bytes} [Tue Jun 16 06:21:06 2026] DELETE /v2.0/networks/9e025db2-bcd3-4572-8062-000957dbf100 => generated 0 bytes in 412 msecs (HTTP/1.1 204) 3 headers in 131 bytes (1 switches on core 0)
2026-06-16 06:21:06.610 8 WARNING neutron.plugins.ml2.drivers.ovn.mech_driver.ovsdb.ovn_client [None req-6a045557-6865-4ec7-b3ab-e51ea03998a3 - - - - - -] No port found with ID cbf2a4ff-c6a4-43d8-b47e-438d4345b992: RuntimeError: No port found with ID cbf2a4ff-c6a4-43d8-b47e-438d4345b992
2026-06-16 06:21:06.610 8 INFO neutron.plugins.ml2.drivers.ovn.mech_driver.mech_driver [None req-6a045557-6865-4ec7-b3ab-e51ea03998a3 - - - - - -] OVN reports status down for port: 9830b8de-fb50-4cc2-b9b6-8558c31b8e55 [pid: 7|app: 0|req: 872/1624] 10.0.0.141 () {28 vars in 624 bytes} [Tue Jun 16 06:21:06 2026] GET /v2.0/agents?binary=ovn-controller => generated 416 bytes in 122 msecs (HTTP/1.1 200) 4 headers in 157 bytes (1 switches on core 0) [pid: 7|app: 0|req: 873/1625] 10.0.0.122 () {32 vars in 694 bytes} [Tue Jun 16 06:21:06 2026] GET /v2.0/networks?router%3Aexternal=True => generated 689 bytes in 64 msecs (HTTP/1.1 200) 4 headers in 157 bytes (1 switches on core 0)
2026-06-16 06:21:06.717 8 INFO neutron.services.segments.plugin [-] Segment 29c436b3-e1c8-4594-a8bd-1e8c5ccd4bf3 resource provider aggregate not found
2026-06-16 06:21:06.725 8 INFO neutron.services.segments.plugin [-] Segment 29c436b3-e1c8-4594-a8bd-1e8c5ccd4bf3 resource provider aggregate not found
2026-06-16 06:21:06.750 8 INFO neutron.services.segments.plugin [-] Segment 29c436b3-e1c8-4594-a8bd-1e8c5ccd4bf3 resource provider not found; error: Placement Client Error (4xx): {"errors": [{"status": 404, "title": "Not Found", "detail": "The resource could not be found.\n\n No resource provider with uuid 29c436b3-e1c8-4594-a8bd-1e8c5ccd4bf3 found for delete ", "request_id": "req-7651961f-103f-4dce-9d5c-7e85fec96eb6"}]}
2026-06-16 06:21:06.754 8 INFO neutron.services.segments.plugin [-] Segment 29c436b3-e1c8-4594-a8bd-1e8c5ccd4bf3 resource provider not found; error: Placement Client Error (4xx): {"errors": [{"status": 404, "title": "Not Found", "detail": "The resource could not be found.\n\n No resource provider with uuid 29c436b3-e1c8-4594-a8bd-1e8c5ccd4bf3 found for delete ", "request_id": "req-3fa64cab-8c96-4446-beae-f3081f8d8a84"}]}
2026-06-16 06:21:06.817 8 INFO neutron.plugins.ml2.drivers.ovn.mech_driver.mech_driver [None req-6a045557-6865-4ec7-b3ab-e51ea03998a3 - - - - - -] OVN reports status down for port: 99902892-876e-4a5e-99f8-75943adbfc5a [pid: 8|app: 0|req: 753/1626] 10.0.0.122 () {32 vars in 726 bytes} [Tue Jun 16 06:21:06 2026] DELETE /v2.0/networks/cbd5fd1d-0d82-4dc1-b60b-94a8725e7a32 => generated 0 bytes in 586 msecs (HTTP/1.1 204) 3 headers in 131 bytes (1 switches on core 0)
2026-06-16 06:21:06.840 8 INFO neutron.plugins.ml2.drivers.ovn.mech_driver.mech_driver [None req-6a045557-6865-4ec7-b3ab-e51ea03998a3 - - - - - -] OVN reports status down for port: dfd9c8e3-712a-43ab-beb8-eafac301f755 [pid: 8|app: 0|req: 754/1627] 10.0.0.141 () {28 vars in 591 bytes} [Tue Jun 16 06:21:06 2026] GET /v2.0/floatingips => generated 19 bytes in 21 msecs (HTTP/1.1 200) 4 headers in 156 bytes (1 switches on core 0)
2026-06-16 06:21:06.894 7 INFO neutron_taas.services.taas.taas_plugin [None req-f74fea78-0e32-4900-b743-0e1afed9528d 997fae1e4987413ba93b93b45d223a26 3557e1bcec6c4739a7e701e36d50247d - - default default] TaaS: Handle Delete Port: 9830b8de-fb50-4cc2-b9b6-8558c31b8e55
2026-06-16 06:21:06.898 7 INFO neutron_taas.services.taas.tap_mirror_plugin [None req-f74fea78-0e32-4900-b743-0e1afed9528d 997fae1e4987413ba93b93b45d223a26 3557e1bcec6c4739a7e701e36d50247d - - default default] Tap Mirror: Handle Delete Port: 9830b8de-fb50-4cc2-b9b6-8558c31b8e55 [pid: 8|app: 0|req: 755/1628] 10.0.0.122 () {32 vars in 742 bytes} [Tue Jun 16 06:21:06 2026] GET /v2.0/subnets?network_id=249f13b0-1822-4b6a-92c3-0eff054c4dbf => generated 649 bytes in 52 msecs (HTTP/1.1 200) 4 headers in 157 bytes (1 switches on core 0)
2026-06-16 06:21:07.359 8 WARNING neutron.scheduler.dhcp_agent_scheduler [None req-b810aed9-8b57-425b-be85-882f3e32f0b6 4c9036a6efa64765824ab93f0626dba2 9e1f46dea69844c89b4a2534df21ab13 - - default default] No more DHCP agents
