2026-06-16 06:21:07.363 8 WARNING neutron.api.rpc.agentnotifiers.dhcp_rpc_agent_api [None req-b810aed9-8b57-425b-be85-882f3e32f0b6 4c9036a6efa64765824ab93f0626dba2 9e1f46dea69844c89b4a2534df21ab13 - - default default] Unable to schedule network 249f13b0-1822-4b6a-92c3-0eff054c4dbf: no agents available; will retry on subsequent port and subnet creation events.
2026-06-16 06:21:07.392 7 INFO neutron.services.segments.plugin [-] Segment d1551832-e0c5-4549-8d8b-aaa0a1358c15 resource provider aggregate not found
2026-06-16 06:21:07.403 7 INFO neutron.services.segments.plugin [-] Segment d1551832-e0c5-4549-8d8b-aaa0a1358c15 resource provider aggregate not found
2026-06-16 06:21:07.421 7 INFO neutron.services.segments.plugin [-] Segment d1551832-e0c5-4549-8d8b-aaa0a1358c15 resource provider not found; error: Placement Client Error (4xx): {"errors": [{"status": 404, "title": "Not Found", "detail": "The resource could not be found.\n\n No resource provider with uuid d1551832-e0c5-4549-8d8b-aaa0a1358c15 found for delete ", "request_id": "req-bf1fce3d-1786-460b-a00c-e9f06aad08b2"}]}
2026-06-16 06:21:07.424 7 INFO neutron.services.segments.plugin [-] Segment d1551832-e0c5-4549-8d8b-aaa0a1358c15 resource provider not found; error: Placement Client Error (4xx): {"errors": [{"status": 404, "title": "Not Found", "detail": "The resource could not be found.\n\n No resource provider with uuid d1551832-e0c5-4549-8d8b-aaa0a1358c15 found for delete ", "request_id": "req-d7f48996-6a3d-4fb6-8a94-84a8dbdfaad8"}]}
2026-06-16 06:21:07.437 7 INFO neutron.services.segments.plugin [-] Segment 4a0f9891-3e93-4e93-9a9c-1f51cc77a33e resource provider aggregate not found
2026-06-16 06:21:07.443 7 INFO neutron.services.segments.plugin [-] Segment 4a0f9891-3e93-4e93-9a9c-1f51cc77a33e resource provider aggregate not found
2026-06-16 06:21:07.454 7 INFO neutron.services.segments.plugin [-] Segment 4a0f9891-3e93-4e93-9a9c-1f51cc77a33e resource provider not found; error: Placement Client Error (4xx): {"errors": [{"status": 404, "title": "Not Found", "detail": "The resource could not be found.\n\n No resource provider with uuid 4a0f9891-3e93-4e93-9a9c-1f51cc77a33e found for delete ", "request_id": "req-689ad1ff-fe65-4f59-8e3c-61a82a2a4b45"}]}
2026-06-16 06:21:07.472 7 INFO neutron.services.segments.plugin [-] Segment 4a0f9891-3e93-4e93-9a9c-1f51cc77a33e resource provider not found; error: Placement Client Error (4xx): {"errors": [{"status": 404, "title": "Not Found", "detail": "The resource could not be found.\n\n No resource provider with uuid 4a0f9891-3e93-4e93-9a9c-1f51cc77a33e found for delete ", "request_id": "req-864e6070-177b-4178-a768-8f18c6a49b18"}]}
2026-06-16 06:21:07.487 8 INFO neutron.plugins.ml2.drivers.ovn.mech_driver.mech_driver [None req-6a045557-6865-4ec7-b3ab-e51ea03998a3 - - - - - -] OVN reports status down for port: 4c8d758e-258d-48b8-b824-ea6cd6ede7b6
2026-06-16 06:21:07.566 8 INFO neutron.db.ovn_revision_numbers_db [None req-b810aed9-8b57-425b-be85-882f3e32f0b6 4c9036a6efa64765824ab93f0626dba2 9e1f46dea69844c89b4a2534df21ab13 - - default default] Successfully bumped revision number for resource 4c8d758e-258d-48b8-b824-ea6cd6ede7b6 (type: ports) to 1 [pid: 7|app: 0|req: 874/1629] 10.0.0.122 () {32 vars in 726 bytes} [Tue Jun 16 06:21:06 2026] DELETE /v2.0/networks/04c171f4-e0b6-46ad-b94a-e8306721a2f1 => generated 0 bytes in 945 msecs (HTTP/1.1 204) 3 headers in 131 bytes (1 switches on core 0) [pid: 7|app: 0|req: 875/1630] 10.0.0.141 () {28 vars in 581 bytes} [Tue Jun 16 06:21:07 2026] GET /v2.0/agents => generated 1214 bytes in 10 msecs (HTTP/1.1 200) 4 headers in 158 bytes (1 switches on core 0) [pid: 7|app: 0|req: 876/1631] 10.0.0.122 () {32 vars in 653 bytes} [Tue Jun 16 06:21:07 2026] GET /v2.0/extensions => generated 20541 bytes in 7 msecs (HTTP/1.1 200) 4 headers in 159 bytes (1 switches on core 0)
2026-06-16 06:21:07.767 7 INFO neutron_taas.services.taas.taas_plugin [None req-7149f957-53a2-45aa-b96a-ba3a39f21b3e 997fae1e4987413ba93b93b45d223a26 3557e1bcec6c4739a7e701e36d50247d - - default default] TaaS: Handle Delete Port: 22fb65a5-4d86-4e9f-819e-3a078b136dff
2026-06-16 06:21:07.771 7 INFO neutron_taas.services.taas.tap_mirror_plugin [None req-7149f957-53a2-45aa-b96a-ba3a39f21b3e 997fae1e4987413ba93b93b45d223a26 3557e1bcec6c4739a7e701e36d50247d - - default default] Tap Mirror: Handle Delete Port: 22fb65a5-4d86-4e9f-819e-3a078b136dff [pid: 7|app: 0|req: 877/1632] 10.0.0.122 () {32 vars in 726 bytes} [Tue Jun 16 06:21:07 2026] DELETE /v2.0/networks/fbe35ed1-f9b8-4789-8427-16e4513d648d => generated 0 bytes in 453 msecs (HTTP/1.1 204) 3 headers in 131 bytes (1 switches on core 0) [pid: 7|app: 0|req: 878/1633] 10.0.0.141 () {28 vars in 583 bytes} [Tue Jun 16 06:21:08 2026] GET /v2.0/subnets => generated 1989 bytes in 34 msecs (HTTP/1.1 200) 4 headers in 158 bytes (1 switches on core 0) [pid: 7|app: 0|req: 879/1634] 10.0.0.122 () {32 vars in 649 bytes} [Tue Jun 16 06:21:08 2026] GET /v2.0/networks => generated 1388 bytes in 75 msecs (HTTP/1.1 200) 4 headers in 158 bytes (1 switches on core 0)
2026-06-16 06:21:08.374 7 INFO neutron_taas.services.taas.taas_plugin [None req-5aec8cfb-68e5-4ddb-a464-f7aa1fa6d04b 997fae1e4987413ba93b93b45d223a26 3557e1bcec6c4739a7e701e36d50247d - - default default] TaaS: Handle Delete Port: eaa539aa-b329-46d4-a20e-73f635be8c18
2026-06-16 06:21:08.377 7 INFO neutron_taas.services.taas.tap_mirror_plugin [None req-5aec8cfb-68e5-4ddb-a464-f7aa1fa6d04b 997fae1e4987413ba93b93b45d223a26 3557e1bcec6c4739a7e701e36d50247d - - default default] Tap Mirror: Handle Delete Port: eaa539aa-b329-46d4-a20e-73f635be8c18
2026-06-16 06:21:08.392 8 INFO neutron.plugins.ml2.drivers.ovn.mech_driver.ovsdb.commands [None req-066735d7-36f6-4e2f-b94b-662f845f6345 - - - - - -] Schedule LRP lrp-4c8d758e-258d-48b8-b824-ea6cd6ede7b6 on gateway 416b10b7-191f-4992-ac52-8d5b581fe86d with priority 1
2026-06-16 06:21:08.466 8 INFO neutron.plugins.ml2.drivers.ovn.mech_driver.mech_driver [None req-6a045557-6865-4ec7-b3ab-e51ea03998a3 - - - - - -] OVN reports status up for port: 4c8d758e-258d-48b8-b824-ea6cd6ede7b6
2026-06-16 06:21:08.496 8 INFO neutron.plugins.ml2.plugin [None req-6a045557-6865-4ec7-b3ab-e51ea03998a3 - - - - - -] Attempt 1 to provision port 4c8d758e-258d-48b8-b824-ea6cd6ede7b6
2026-06-16 06:21:08.528 8 INFO neutron.db.ovn_revision_numbers_db [None req-b810aed9-8b57-425b-be85-882f3e32f0b6 4c9036a6efa64765824ab93f0626dba2 9e1f46dea69844c89b4a2534df21ab13 - - default default] Successfully bumped revision number for resource 4c8d758e-258d-48b8-b824-ea6cd6ede7b6 (type: router_ports) to 1 [pid: 7|app: 0|req: 880/1635] 10.0.0.122 () {32 vars in 726 bytes} [Tue Jun 16 06:21:08 2026] DELETE /v2.0/networks/8c2f0f6a-59a2-4c82-b910-fb02d2c3882b => generated 0 bytes in 463 msecs (HTTP/1.1 204) 3 headers in 131 bytes (1 switches on core 0) [pid: 7|app: 0|req: 881/1636] 10.0.0.141 () {28 vars in 591 bytes} [Tue Jun 16 06:21:08 2026] GET /v2.0/subnetpools => generated 19 bytes in 7 msecs (HTTP/1.1 200) 4 headers in 156 bytes (1 switches on core 0)
2026-06-16 06:21:08.698 8 INFO neutron.db.ovn_revision_numbers_db [None req-b810aed9-8b57-425b-be85-882f3e32f0b6 4c9036a6efa64765824ab93f0626dba2 9e1f46dea69844c89b4a2534df21ab13 - - default default] Successfully bumped revision number for resource 6755455e-323f-4920-a751-8af60fadf5c5 (type: routers) to 2 [pid: 7|app: 0|req: 882/1637] 10.0.0.122 () {32 vars in 647 bytes} [Tue Jun 16 06:21:08 2026] GET /v2.0/subnets => generated 1312 bytes in 22 msecs (HTTP/1.1 200) 4 headers in 158 bytes (1 switches on core 0) [pid: 8|app: 0|req: 756/1638] 10.0.0.122 () {34 vars in 669 bytes} [Tue Jun 16 06:21:06 2026] POST /v2.0/routers => generated 948 bytes in 1820 msecs (HTTP/1.1 201) 4 headers in 162 bytes (1 switches on core 0) [pid: 7|app: 0|req: 883/1639] 10.0.0.122 () {32 vars in 723 bytes} [Tue Jun 16 06:21:08 2026] GET /v2.0/networks/d3394f0e-9b5a-4a81-8d38-387433cea571 => generated 710 bytes in 33 msecs (HTTP/1.1 200) 4 headers in 157 bytes (1 switches on core 0) [pid: 7|app: 0|req: 884/1640] 10.0.0.122 () {32 vars in 721 bytes} [Tue Jun 16 06:21:08 2026] GET /v2.0/subnets/3aafc80d-b1c7-4e18-a47c-1a7e53556034 => generated 673 bytes in 25 msecs (HTTP/1.1 200) 4 headers in 157 bytes (1 switches on core 0)
2026-06-16 06:21:08.806 7 INFO neutron.pecan_wsgi.hooks.translation [None req-afb67636-0da7-45b0-9e3b-d86e5e4c4e93 f3b6521a515f48859998442399ffb751 eefadffdc5bf43c38280dcd5451881fd - - default default] DELETE failed (client error): The resource could not be found. [pid: 7|app: 0|req: 885/1641] 10.0.0.122 () {32 vars in 724 bytes} [Tue Jun 16 06:21:08 2026] DELETE /v2.0/subnets/a53a3c9b-ba76-4168-bc1e-fc429dbc0a64 => generated 136 bytes in 17 msecs (HTTP/1.1 404) 4 headers in 164 bytes (1 switches on core 0) [pid: 8|app: 0|req: 757/1642] 10.0.0.122 () {32 vars in 721 bytes} [Tue Jun 16 06:21:08 2026] GET /v2.0/routers/6755455e-323f-4920-a751-8af60fadf5c5 => generated 954 bytes in 78 msecs (HTTP/1.1 200) 4 headers in 157 bytes (1 switches on core 0)
2026-06-16 06:21:08.823 7 INFO neutron.pecan_wsgi.hooks.translation [None req-7b7d9933-1104-4183-ba4b-67d6b8d4e1fa f3b6521a515f48859998442399ffb751 eefadffdc5bf43c38280dcd5451881fd - - default default] DELETE failed (client error): The resource could not be found. [pid: 7|app: 0|req: 886/1643] 10.0.0.122 () {32 vars in 726 bytes} [Tue Jun 16 06:21:08 2026] DELETE /v2.0/networks/2c7615f3-5269-45f9-bc3c-1a6df1bee0b6 => generated 138 bytes in 13 msecs (HTTP/1.1 404) 4 headers in 164 bytes (1 switches on core 0) [pid: 8|app: 0|req: 758/1644] 10.0.0.122 () {32 vars in 647 bytes} [Tue Jun 16 06:21:08 2026] GET /v2.0/routers => generated 957 bytes in 56 msecs (HTTP/1.1 200) 4 headers in 157 bytes (1 switches on core 0) [pid: 7|app: 0|req: 887/1645] 10.0.0.122 () {32 vars in 724 bytes} [Tue Jun 16 06:21:08 2026] DELETE /v2.0/subnets/3aafc80d-b1c7-4e18-a47c-1a7e53556034 => generated 0 bytes in 143 msecs (HTTP/1.1 204) 3 headers in 131 bytes (1 switches on core 0)
2026-06-16 06:21:09.229 8 INFO neutron.db.ovn_revision_numbers_db [None req-6674f5c6-e345-444a-b757-80a016eb4c8a 7ac4b592882944bdaccaee4e8472a330 31199c5ebe154551849e7e0824e09030 - - default default] Successfully bumped revision number for resource b6e4eefb-a941-491b-bdfe-22b7d6ce3fa0 (type: security_groups) to 1
2026-06-16 06:21:09.241 8 INFO neutron.db.ovn_revision_numbers_db [None req-6674f5c6-e345-444a-b757-80a016eb4c8a 7ac4b592882944bdaccaee4e8472a330 31199c5ebe154551849e7e0824e09030 - - default default] Successfully bumped revision number for resource 36316dda-adfd-45a1-82e3-4fa0c7176b19 (type: security_group_rules) to 0
2026-06-16 06:21:09.252 8 INFO neutron.db.ovn_revision_numbers_db [None req-6674f5c6-e345-444a-b757-80a016eb4c8a 7ac4b592882944bdaccaee4e8472a330 31199c5ebe154551849e7e0824e09030 - - default default] Successfully bumped revision number for resource 40b1ab40-752a-4bb0-8c59-4df9744684ad (type: security_group_rules) to 0
2026-06-16 06:21:09.262 8 INFO neutron.db.ovn_revision_numbers_db [None req-6674f5c6-e345-444a-b757-80a016eb4c8a 7ac4b592882944bdaccaee4e8472a330 31199c5ebe154551849e7e0824e09030 - - default default] Successfully bumped revision number for resource d6186123-981b-4c9d-9281-965a17a403db (type: security_group_rules) to 0
2026-06-16 06:21:09.280 8 INFO neutron.db.ovn_revision_numbers_db [None req-6674f5c6-e345-444a-b757-80a016eb4c8a 7ac4b592882944bdaccaee4e8472a330 31199c5ebe154551849e7e0824e09030 - - default default] Successfully bumped revision number for resource ffe9de0e-4c01-4131-a61a-622010c41dea (type: security_group_rules) to 0 [pid: 8|app: 0|req: 759/1646] 10.0.0.122 () {32 vars in 774 bytes} [Tue Jun 16 06:21:08 2026] GET /v2.0/security-groups?tenant_id=96a1814b98eb4573b571a06387aa29a8&name=default => generated 2925 bytes in 439 msecs (HTTP/1.1 200) 4 headers in 158 bytes (1 switches on core 0)
2026-06-16 06:21:09.342 7 INFO neutron.db.ovn_revision_numbers_db [None req-af4050b7-ed48-4ac1-95ca-929243a2225c 4c9036a6efa64765824ab93f0626dba2 9e1f46dea69844c89b4a2534df21ab13 - - default default] Successfully bumped revision number for resource 6755455e-323f-4920-a751-8af60fadf5c5 (type: routers) to 3 [pid: 7|app: 0|req: 888/1647] 10.0.0.122 () {34 vars in 741 bytes} [Tue Jun 16 06:21:08 2026] PUT /v2.0/routers/6755455e-323f-4920-a751-8af60fadf5c5 => generated 961 bytes in 375 msecs (HTTP/1.1 200) 4 headers in 157 bytes (1 switches on core 0) [pid: 7|app: 0|req: 889/1648] 10.0.0.122 () {32 vars in 774 bytes} [Tue Jun 16 06:21:09 2026] GET /v2.0/security-groups?tenant_id=3557e1bcec6c4739a7e701e36d50247d&name=default => generated 2925 bytes in 58 msecs (HTTP/1.1 200) 4 headers in 158 bytes (1 switches on core 0)
2026-06-16 06:21:09.431 8 INFO neutron_taas.services.taas.taas_plugin [None req-6427a309-7c38-4fac-b792-ac52bd793a3d f3b6521a515f48859998442399ffb751 eefadffdc5bf43c38280dcd5451881fd - - default default] TaaS: Handle Delete Port: b943b288-d8bc-4034-b54e-cfe1148b03f2
2026-06-16 06:21:09.433 8 INFO neutron_taas.services.taas.tap_mirror_plugin [None req-6427a309-7c38-4fac-b792-ac52bd793a3d f3b6521a515f48859998442399ffb751 eefadffdc5bf43c38280dcd5451881fd - - default default] Tap Mirror: Handle Delete Port: b943b288-d8bc-4034-b54e-cfe1148b03f2
2026-06-16 06:21:09.480 7 INFO neutron.services.segments.plugin [-] Segment 49bb997d-5dec-4c12-81d2-d67b109723b0 resource provider aggregate not found
2026-06-16 06:21:09.493 7 INFO neutron.services.segments.plugin [-] Segment 49bb997d-5dec-4c12-81d2-d67b109723b0 resource provider aggregate not found
2026-06-16 06:21:09.497 7 INFO neutron.services.segments.plugin [-] Segment 49bb997d-5dec-4c12-81d2-d67b109723b0 resource provider not found; error: Placement Client Error (4xx): {"errors": [{"status": 404, "title": "Not Found", "detail": "The resource could not be found.\n\n No resource provider with uuid 49bb997d-5dec-4c12-81d2-d67b109723b0 found for delete ", "request_id": "req-6def3bf0-9a3e-439f-9a2d-24b567251060"}]}
2026-06-16 06:21:09.518 7 INFO neutron.services.segments.plugin [-] Segment 49bb997d-5dec-4c12-81d2-d67b109723b0 resource provider not found; error: Placement Client Error (4xx): {"errors": [{"status": 404, "title": "Not Found", "detail": "The resource could not be found.\n\n No resource provider with uuid 49bb997d-5dec-4c12-81d2-d67b109723b0 found for delete ", "request_id": "req-f223dd47-2ccf-4dfc-98c0-cc5fee67bf5a"}]}
2026-06-16 06:21:09.519 7 INFO neutron.services.segments.plugin [-] Segment 32407c05-b96a-426a-abb1-b89ed77eac1b resource provider aggregate not found
2026-06-16 06:21:09.555 7 INFO neutron.services.segments.plugin [-] Segment 32407c05-b96a-426a-abb1-b89ed77eac1b resource provider aggregate not found
2026-06-16 06:21:09.563 7 INFO neutron.services.segments.plugin [-] Segment 32407c05-b96a-426a-abb1-b89ed77eac1b resource provider not found; error: Placement Client Error (4xx): {"errors": [{"status": 404, "title": "Not Found", "detail": "The resource could not be found.\n\n No resource provider with uuid 32407c05-b96a-426a-abb1-b89ed77eac1b found for delete ", "request_id": "req-b1dc5a57-8a18-4d0c-b5ab-f137bba26bfb"}]}
2026-06-16 06:21:09.586 7 INFO neutron.services.segments.plugin [-] Segment 32407c05-b96a-426a-abb1-b89ed77eac1b resource provider not found; error: Placement Client Error (4xx): {"errors": [{"status": 404, "title": "Not Found", "detail": "The resource could not be found.\n\n No resource provider with uuid 32407c05-b96a-426a-abb1-b89ed77eac1b found for delete ", "request_id": "req-d06196e4-3f13-4786-82a1-12c46971a088"}]}
2026-06-16 06:21:09.592 7 INFO neutron.services.segments.plugin [-] Segment d81ff818-f6aa-45e4-aae8-7c8910efcdcf resource provider aggregate not found
2026-06-16 06:21:09.608 7 INFO neutron.services.segments.plugin [-] Segment d81ff818-f6aa-45e4-aae8-7c8910efcdcf resource provider aggregate not found
2026-06-16 06:21:09.610 7 INFO neutron.services.segments.plugin [-] Segment d81ff818-f6aa-45e4-aae8-7c8910efcdcf resource provider not found; error: Placement Client Error (4xx): {"errors": [{"status": 404, "title": "Not Found", "detail": "The resource could not be found.\n\n No resource provider with uuid d81ff818-f6aa-45e4-aae8-7c8910efcdcf found for delete ", "request_id": "req-71150313-f62b-484d-b443-ece295db963d"}]}
2026-06-16 06:21:09.622 7 INFO neutron.services.segments.plugin [-] Segment d81ff818-f6aa-45e4-aae8-7c8910efcdcf resource provider not found; error: Placement Client Error (4xx): {"errors": [{"status": 404, "title": "Not Found", "detail": "The resource could not be found.\n\n No resource provider with uuid d81ff818-f6aa-45e4-aae8-7c8910efcdcf found for delete ", "request_id": "req-642fd0d7-5e10-4634-8292-edfa4c5b092e"}]}
2026-06-16 06:21:09.665 8 INFO neutron.services.segments.plugin [-] Segment 0d1f6a42-33e3-4ba7-8911-72226b9bfd1e resource provider aggregate not found
2026-06-16 06:21:09.674 8 INFO neutron.services.segments.plugin [-] Segment 0d1f6a42-33e3-4ba7-8911-72226b9bfd1e resource provider aggregate not found
2026-06-16 06:21:09.686 8 INFO neutron.services.segments.plugin [-] Segment 0d1f6a42-33e3-4ba7-8911-72226b9bfd1e resource provider not found; error: Placement Client Error (4xx): {"errors": [{"status": 404, "title": "Not Found", "detail": "The resource could not be found.\n\n No resource provider with uuid 0d1f6a42-33e3-4ba7-8911-72226b9bfd1e found for delete ", "request_id": "req-62871c7a-15a8-46c6-b85f-c5f9d2d255ed"}]}
2026-06-16 06:21:09.689 8 INFO neutron.services.segments.plugin [-] Segment 0d1f6a42-33e3-4ba7-8911-72226b9bfd1e resource provider not found; error: Placement Client Error (4xx): {"errors": [{"status": 404, "title": "Not Found", "detail": "The resource could not be found.\n\n No resource provider with uuid 0d1f6a42-33e3-4ba7-8911-72226b9bfd1e found for delete ", "request_id": "req-274aa96a-39ba-42f7-89f3-42b1dd9f187a"}]} [pid: 8|app: 0|req: 760/1649] 10.0.0.122 () {32 vars in 726 bytes} [Tue Jun 16 06:21:09 2026] DELETE /v2.0/networks/d3394f0e-9b5a-4a81-8d38-387433cea571 => generated 0 bytes in 429 msecs (HTTP/1.1 204) 3 headers in 131 bytes (1 switches on core 0) [pid: 7|app: 0|req: 890/1650] 10.0.0.122 () {32 vars in 740 bytes} [Tue Jun 16 06:21:09 2026] DELETE /v2.0/security-groups/b6e4eefb-a941-491b-bdfe-22b7d6ce3fa0 => generated 0 bytes in 401 msecs (HTTP/1.1 204) 2 headers in 112 bytes (1 switches on core 0) [pid: 8|app: 0|req: 761/1651] 10.0.0.122 () {32 vars in 721 bytes} [Tue Jun 16 06:21:09 2026] GET /v2.0/routers/6755455e-323f-4920-a751-8af60fadf5c5 => generated 961 bytes in 83 msecs (HTTP/1.1 200) 4 headers in 157 bytes (1 switches on core 0) [pid: 8|app: 0|req: 762/1652] 10.0.0.122 () {32 vars in 736 bytes} [Tue Jun 16 06:21:09 2026] GET /v2.0/ports?device_id=6755455e-323f-4920-a751-8af60fadf5c5 => generated 12 bytes in 15 msecs (HTTP/1.1 200) 4 headers in 156 bytes (1 switches on core 0) [pid: 7|app: 0|req: 891/1653] 10.0.0.122 () {32 vars in 740 bytes} [Tue Jun 16 06:21:09 2026] DELETE /v2.0/security-groups/6a838bdf-fb6c-42b2-99c4-87c3d9c826ad => generated 0 bytes in 279 msecs (HTTP/1.1 204) 2 headers in 112 bytes (1 switches on core 0)
2026-06-16 06:21:10.246 8 INFO neutron_taas.services.taas.taas_plugin [None req-811bcab0-cc4e-4b7f-b575-1a10b063d2ea 4c9036a6efa64765824ab93f0626dba2 9e1f46dea69844c89b4a2534df21ab13 - - default default] TaaS: Handle Delete Port: 4c8d758e-258d-48b8-b824-ea6cd6ede7b6
2026-06-16 06:21:10.251 8 INFO neutron_taas.services.taas.tap_mirror_plugin [None req-811bcab0-cc4e-4b7f-b575-1a10b063d2ea 4c9036a6efa64765824ab93f0626dba2 9e1f46dea69844c89b4a2534df21ab13 - - default default] Tap Mirror: Handle Delete Port: 4c8d758e-258d-48b8-b824-ea6cd6ede7b6 [pid: 7|app: 0|req: 892/1654] 10.0.0.122 () {32 vars in 774 bytes} [Tue Jun 16 06:21:10 2026] GET /v2.0/security-groups?tenant_id=eefadffdc5bf43c38280dcd5451881fd&name=default => generated 2925 bytes in 179 msecs (HTTP/1.1 200) 4 headers in 158 bytes (1 switches on core 0) [pid: 8|app: 0|req: 763/1655] 10.0.0.122 () {32 vars in 724 bytes} [Tue Jun 16 06:21:09 2026] DELETE /v2.0/routers/6755455e-323f-4920-a751-8af60fadf5c5 => generated 0 bytes in 861 msecs (HTTP/1.1 204) 2 headers in 112 bytes (1 switches on core 0) [pid: 8|app: 0|req: 764/1656] 10.0.0.122 () {32 vars in 736 bytes} [Tue Jun 16 06:21:10 2026] GET /v2.0/ports?device_id=6755455e-323f-4920-a751-8af60fadf5c5 => generated 12 bytes in 27 msecs (HTTP/1.1 200) 4 headers in 156 bytes (1 switches on core 0) [pid: 7|app: 0|req: 893/1657] 10.0.0.122 () {32 vars in 740 bytes} [Tue Jun 16 06:21:10 2026] DELETE /v2.0/security-groups/789b52a5-f714-4df3-9ee6-49d03a91b52e => generated 0 bytes in 356 msecs (HTTP/1.1 204) 2 headers in 112 bytes (1 switches on core 0)
2026-06-16 06:21:10.782 8 INFO neutron.api.v2.resource [None req-ce6c9605-ee79-4ee8-8342-9706439f5f5d 4c9036a6efa64765824ab93f0626dba2 9e1f46dea69844c89b4a2534df21ab13 - - default default] delete failed (client error): The resource could not be found. [pid: 8|app: 0|req: 765/1658] 10.0.0.122 () {32 vars in 724 bytes} [Tue Jun 16 06:21:10 2026] DELETE /v2.0/routers/6755455e-323f-4920-a751-8af60fadf5c5 => generated 135 bytes in 26 msecs (HTTP/1.1 404) 4 headers in 164 bytes (1 switches on core 0) [pid: 7|app: 0|req: 894/1659] 10.0.0.122 () {32 vars in 736 bytes} [Tue Jun 16 06:21:10 2026] GET /v2.0/ports?device_id=b7332b83-bf3b-4dbf-b963-bc3670c66031 => generated 12 bytes in 17 msecs (HTTP/1.1 200) 4 headers in 156 bytes (1 switches on core 0)
2026-06-16 06:21:10.832 8 INFO neutron.api.v2.resource [None req-727cd421-0b92-4de6-be52-1cf8048fd002 4c9036a6efa64765824ab93f0626dba2 9e1f46dea69844c89b4a2534df21ab13 - - default default] delete failed (client error): The resource could not be found. [pid: 8|app: 0|req: 766/1660] 10.0.0.122 () {32 vars in 724 bytes} [Tue Jun 16 06:21:10 2026] DELETE /v2.0/routers/b7332b83-bf3b-4dbf-b963-bc3670c66031 => generated 135 bytes in 24 msecs (HTTP/1.1 404) 4 headers in 164 bytes (1 switches on core 0)
2026-06-16 06:21:10.853 7 INFO neutron.pecan_wsgi.hooks.translation [None req-4c8a20e0-785b-4e1c-b3ed-8738676a1c47 4c9036a6efa64765824ab93f0626dba2 9e1f46dea69844c89b4a2534df21ab13 - - default default] DELETE failed (client error): The resource could not be found. [pid: 7|app: 0|req: 895/1661] 10.0.0.122 () {32 vars in 724 bytes} [Tue Jun 16 06:21:10 2026] DELETE /v2.0/subnets/7fb8d8da-3f6b-4cee-a4e2-026bc12a35c8 => generated 136 bytes in 18 msecs (HTTP/1.1 404) 4 headers in 164 bytes (1 switches on core 0) [pid: 8|app: 0|req: 767/1662] 10.0.0.122 () {32 vars in 736 bytes} [Tue Jun 16 06:21:10 2026] GET /v2.0/ports?device_id=5b7334d7-f25c-4250-b31f-48d5adb6ccd7 => generated 12 bytes in 24 msecs (HTTP/1.1 200) 4 headers in 156 bytes (1 switches on core 0)
2026-06-16 06:21:10.909 7 INFO neutron.api.v2.resource [None req-a41d0609-ae9f-47dc-9daf-0524e7306f1b 4c9036a6efa64765824ab93f0626dba2 9e1f46dea69844c89b4a2534df21ab13 - - default default] delete failed (client error): The resource could not be found. [pid: 7|app: 0|req: 896/1663] 10.0.0.122 () {32 vars in 724 bytes} [Tue Jun 16 06:21:10 2026] DELETE /v2.0/routers/5b7334d7-f25c-4250-b31f-48d5adb6ccd7 => generated 135 bytes in 22 msecs (HTTP/1.1 404) 4 headers in 164 bytes (1 switches on core 0)
2026-06-16 06:21:10.929 8 INFO neutron.pecan_wsgi.hooks.translation [None req-ffbd1111-27c2-4497-a8aa-18d9481c5b42 4c9036a6efa64765824ab93f0626dba2 9e1f46dea69844c89b4a2534df21ab13 - - default default] DELETE failed (client error): The resource could not be found. [pid: 8|app: 0|req: 768/1664] 10.0.0.122 () {32 vars in 724 bytes} [Tue Jun 16 06:21:10 2026] DELETE /v2.0/subnets/2a59c591-4464-4b7f-9ab9-7578fe2bb5df => generated 136 bytes in 17 msecs (HTTP/1.1 404) 4 headers in 164 bytes (1 switches on core 0) [pid: 7|app: 0|req: 897/1665] 10.0.0.122 () {32 vars in 736 bytes} [Tue Jun 16 06:21:10 2026] GET /v2.0/ports?device_id=4c86041c-5604-43ed-9c45-956cf9d53d4d => generated 12 bytes in 22 msecs (HTTP/1.1 200) 4 headers in 156 bytes (1 switches on core 0)
2026-06-16 06:21:10.986 8 INFO neutron.api.v2.resource [None req-6141cafd-f1ab-426a-a3da-2745406b6fc2 4c9036a6efa64765824ab93f0626dba2 9e1f46dea69844c89b4a2534df21ab13 - - default default] delete failed (client error): The resource could not be found. [pid: 8|app: 0|req: 769/1666] 10.0.0.122 () {32 vars in 724 bytes} [Tue Jun 16 06:21:10 2026] DELETE /v2.0/routers/4c86041c-5604-43ed-9c45-956cf9d53d4d => generated 135 bytes in 27 msecs (HTTP/1.1 404) 4 headers in 164 bytes (1 switches on core 0)
2026-06-16 06:21:11.005 7 INFO neutron.pecan_wsgi.hooks.translation [None req-505187f1-4658-4154-a496-1bb4554d3c9b 4c9036a6efa64765824ab93f0626dba2 9e1f46dea69844c89b4a2534df21ab13 - - default default] DELETE failed (client error): The resource could not be found. [pid: 7|app: 0|req: 898/1667] 10.0.0.122 () {32 vars in 724 bytes} [Tue Jun 16 06:21:10 2026] DELETE /v2.0/subnets/ac425c22-6d18-4e9f-aada-ef29b00421f3 => generated 136 bytes in 16 msecs (HTTP/1.1 404) 4 headers in 164 bytes (1 switches on core 0)
2026-06-16 06:21:11.027 8 INFO neutron.pecan_wsgi.hooks.translation [None req-9cad465a-4084-4e37-964c-f0a7e8fc8084 4c9036a6efa64765824ab93f0626dba2 9e1f46dea69844c89b4a2534df21ab13 - - default default] DELETE failed (client error): The resource could not be found. [pid: 8|app: 0|req: 770/1668] 10.0.0.122 () {32 vars in 724 bytes} [Tue Jun 16 06:21:11 2026] DELETE /v2.0/subnets/e9f1f67e-9196-4f9c-b49f-809153c3160e => generated 136 bytes in 21 msecs (HTTP/1.1 404) 4 headers in 164 bytes (1 switches on core 0) [pid: 7|app: 0|req: 899/1669] 10.0.0.122 () {32 vars in 774 bytes} [Tue Jun 16 06:21:11 2026] GET /v2.0/security-groups?tenant_id=9e1f46dea69844c89b4a2534df21ab13&name=default => generated 2925 bytes in 119 msecs (HTTP/1.1 200) 4 headers in 158 bytes (1 switches on core 0) [pid: 8|app: 0|req: 771/1670] 10.0.0.122 () {32 vars in 740 bytes} [Tue Jun 16 06:21:11 2026] DELETE /v2.0/security-groups/389d109d-6824-4ed3-baf5-5df0d8a28f74 => generated 0 bytes in 323 msecs (HTTP/1.1 204) 2 headers in 112 bytes (1 switches on core 0) [pid: 7|app: 0|req: 900/1671] 10.0.0.122 () {32 vars in 623 bytes} [Tue Jun 16 06:21:11 2026] GET / => generated 151 bytes in 2 msecs (HTTP/1.1 200) 3 headers in 91 bytes (1 switches on core 0) [pid: 8|app: 0|req: 772/1672] 10.0.0.122 () {32 vars in 633 bytes} [Tue Jun 16 06:21:11 2026] GET /v2.0/ => generated 632 bytes in 197 msecs (HTTP/1.1 200) 4 headers in 157 bytes (1 switches on core 0)
2026-06-16 06:21:12.976 8 INFO neutron.db.ovn_revision_numbers_db [None req-24f233d7-5c7b-4305-a96f-a3ff66da6053 7ac4b592882944bdaccaee4e8472a330 31199c5ebe154551849e7e0824e09030 - - default default] Successfully bumped revision number for resource e1f7b715-f4e1-4105-93e4-c6d7d0dcfb6b (type: security_groups) to 1
2026-06-16 06:21:13.000 8 INFO neutron.db.ovn_revision_numbers_db [None req-24f233d7-5c7b-4305-a96f-a3ff66da6053 7ac4b592882944bdaccaee4e8472a330 31199c5ebe154551849e7e0824e09030 - - default default] Successfully bumped revision number for resource 19c3a2a6-72ee-439f-b1d8-0102ffed06cd (type: security_group_rules) to 0
2026-06-16 06:21:13.019 8 INFO neutron.db.ovn_revision_numbers_db [None req-24f233d7-5c7b-4305-a96f-a3ff66da6053 7ac4b592882944bdaccaee4e8472a330 31199c5ebe154551849e7e0824e09030 - - default default] Successfully bumped revision number for resource 36b02bb8-5333-497c-bfbb-a32cdee34d65 (type: security_group_rules) to 0
2026-06-16 06:21:13.033 7 INFO neutron.db.ovn_revision_numbers_db [None req-4cd07a58-9371-48be-9908-dbf0601c1e47 0f7fd8586f8641ec99f9309edc125b46 4d6a5b79b2c947ab97fdbec5d4b46606 - - default default] Successfully bumped revision number for resource c5b91371-a91a-4a14-aff5-1c021a5e3c21 (type: security_groups) to 1
2026-06-16 06:21:13.043 8 INFO neutron.db.ovn_revision_numbers_db [None req-24f233d7-5c7b-4305-a96f-a3ff66da6053 7ac4b592882944bdaccaee4e8472a330 31199c5ebe154551849e7e0824e09030 - - default default] Successfully bumped revision number for resource 85090662-a6fd-45f1-bc76-0bcc3a5e5d1b (type: security_group_rules) to 0
2026-06-16 06:21:13.047 7 INFO neutron.db.ovn_revision_numbers_db [None req-4cd07a58-9371-48be-9908-dbf0601c1e47 0f7fd8586f8641ec99f9309edc125b46 4d6a5b79b2c947ab97fdbec5d4b46606 - - default default] Successfully bumped revision number for resource 2e0ae6ac-2bc6-42d9-99e6-f6b4d1c380ff (type: security_group_rules) to 0
2026-06-16 06:21:13.066 7 INFO neutron.db.ovn_revision_numbers_db [None req-4cd07a58-9371-48be-9908-dbf0601c1e47 0f7fd8586f8641ec99f9309edc125b46 4d6a5b79b2c947ab97fdbec5d4b46606 - - default default] Successfully bumped revision number for resource 3ebe7be1-fb29-4245-99c1-77a2084412af (type: security_group_rules) to 0
2026-06-16 06:21:13.077 7 INFO neutron.db.ovn_revision_numbers_db [None req-4cd07a58-9371-48be-9908-dbf0601c1e47 0f7fd8586f8641ec99f9309edc125b46 4d6a5b79b2c947ab97fdbec5d4b46606 - - default default] Successfully bumped revision number for resource 8da260c0-1d85-4a75-b44c-fd9070bffb75 (type: security_group_rules) to 0
2026-06-16 06:21:13.081 8 INFO neutron.db.ovn_revision_numbers_db [None req-24f233d7-5c7b-4305-a96f-a3ff66da6053 7ac4b592882944bdaccaee4e8472a330 31199c5ebe154551849e7e0824e09030 - - default default] Successfully bumped revision number for resource 875bb2c9-de41-4ba7-86e1-97428f9ee35d (type: security_group_rules) to 0
2026-06-16 06:21:13.092 7 INFO neutron.db.ovn_revision_numbers_db [None req-4cd07a58-9371-48be-9908-dbf0601c1e47 0f7fd8586f8641ec99f9309edc125b46 4d6a5b79b2c947ab97fdbec5d4b46606 - - default default] Successfully bumped revision number for resource d7752ace-d416-48ab-8031-228a8d344b0c (type: security_group_rules) to 0 [pid: 8|app: 0|req: 773/1673] 10.0.0.122 () {32 vars in 774 bytes} [Tue Jun 16 06:21:12 2026] GET /v2.0/security-groups?tenant_id=b55fe926a3aa4ad9adcb35c4bde15d9d&name=default => generated 2925 bytes in 468 msecs (HTTP/1.1 200) 4 headers in 158 bytes (1 switches on core 0)
2026-06-16 06:21:13.196 7 INFO neutron.db.segments_db [None req-4cd07a58-9371-48be-9908-dbf0601c1e47 0f7fd8586f8641ec99f9309edc125b46 4d6a5b79b2c947ab97fdbec5d4b46606 - - default default] Added segment e33389ca-be1f-4dda-b119-2bcd41a5b8fa of type geneve for network 7e2d6b19-7215-4e62-a7ff-f2a96414bae1
2026-06-16 06:21:13.344 7 INFO neutron.db.ovn_revision_numbers_db [None req-4cd07a58-9371-48be-9908-dbf0601c1e47 0f7fd8586f8641ec99f9309edc125b46 4d6a5b79b2c947ab97fdbec5d4b46606 - - default default] Successfully bumped revision number for resource 7e2d6b19-7215-4e62-a7ff-f2a96414bae1 (type: networks) to 1 [pid: 8|app: 0|req: 774/1674] 10.0.0.122 () {32 vars in 740 bytes} [Tue Jun 16 06:21:13 2026] DELETE /v2.0/security-groups/e1f7b715-f4e1-4105-93e4-c6d7d0dcfb6b => generated 0 bytes in 298 msecs (HTTP/1.1 204) 2 headers in 112 bytes (1 switches on core 0)
2026-06-16 06:21:13.565 7 WARNING neutron.scheduler.dhcp_agent_scheduler [None req-4cd07a58-9371-48be-9908-dbf0601c1e47 0f7fd8586f8641ec99f9309edc125b46 4d6a5b79b2c947ab97fdbec5d4b46606 - - default default] No more DHCP agents
2026-06-16 06:21:13.566 7 WARNING neutron.api.rpc.agentnotifiers.dhcp_rpc_agent_api [None req-4cd07a58-9371-48be-9908-dbf0601c1e47 0f7fd8586f8641ec99f9309edc125b46 4d6a5b79b2c947ab97fdbec5d4b46606 - - default default] Unable to schedule network 7e2d6b19-7215-4e62-a7ff-f2a96414bae1: no agents available; will retry on subsequent port and subnet creation events.
2026-06-16 06:21:13.672 7 INFO neutron.db.ovn_revision_numbers_db [None req-4cd07a58-9371-48be-9908-dbf0601c1e47 0f7fd8586f8641ec99f9309edc125b46 4d6a5b79b2c947ab97fdbec5d4b46606 - - default default] Successfully bumped revision number for resource b3ea8663-ec61-4181-9afd-a1421c179de9 (type: ports) to 1 [pid: 7|app: 0|req: 901/1675] 10.0.0.122 () {34 vars in 670 bytes} [Tue Jun 16 06:21:12 2026] POST /v2.0/networks => generated 664 bytes in 1059 msecs (HTTP/1.1 201) 4 headers in 162 bytes (1 switches on core 0) [pid: 8|app: 0|req: 775/1676] 10.0.0.122 () {34 vars in 676 bytes} [Tue Jun 16 06:21:13 2026] POST /v2.0/subnetpools => generated 548 bytes in 150 msecs (HTTP/1.1 201) 4 headers in 162 bytes (1 switches on core 0) [pid: 8|app: 0|req: 776/1677] 10.0.0.122 () {32 vars in 729 bytes} [Tue Jun 16 06:21:13 2026] GET /v2.0/subnetpools/d4f5dedb-cc0e-4261-9f19-cf9c84971fe3 => generated 548 bytes in 20 msecs (HTTP/1.1 200) 4 headers in 157 bytes (1 switches on core 0) [pid: 8|app: 0|req: 777/1678] 10.0.0.122 () {34 vars in 749 bytes} [Tue Jun 16 06:21:13 2026] PUT /v2.0/subnetpools/d4f5dedb-cc0e-4261-9f19-cf9c84971fe3 => generated 501 bytes in 67 msecs (HTTP/1.1 200) 4 headers in 157 bytes (1 switches on core 0)
2026-06-16 06:21:13.922 7 WARNING neutron.scheduler.dhcp_agent_scheduler [None req-e8b9d43f-0046-44b1-8ca9-2c7d5c03a1a1 0f7fd8586f8641ec99f9309edc125b46 4d6a5b79b2c947ab97fdbec5d4b46606 - - default default] No more DHCP agents
2026-06-16 06:21:13.923 7 WARNING neutron.api.rpc.agentnotifiers.dhcp_rpc_agent_api [None req-e8b9d43f-0046-44b1-8ca9-2c7d5c03a1a1 0f7fd8586f8641ec99f9309edc125b46 4d6a5b79b2c947ab97fdbec5d4b46606 - - default default] Unable to schedule network 7e2d6b19-7215-4e62-a7ff-f2a96414bae1: no agents available; will retry on subsequent port and subnet creation events.
2026-06-16 06:21:14.060 7 INFO neutron.db.ovn_revision_numbers_db [None req-e8b9d43f-0046-44b1-8ca9-2c7d5c03a1a1 0f7fd8586f8641ec99f9309edc125b46 4d6a5b79b2c947ab97fdbec5d4b46606 - - default default] Successfully bumped revision number for resource 74374f41-63bc-4cf3-9488-5c1a5d479ea7 (type: ports) to 1 [pid: 7|app: 0|req: 902/1679] 10.0.0.122 () {34 vars in 665 bytes} [Tue Jun 16 06:21:13 2026] POST /v2.0/ports => generated 774 bytes in 405 msecs (HTTP/1.1 201) 4 headers in 162 bytes (1 switches on core 0) /var/lib/openstack/lib/python3.12/site-packages/pycadf/identifier.py:70: UserWarning: Invalid uuid: neutron. To ensure interoperability, identifiers should be a valid uuid. warnings.warn(('Invalid uuid: %s. To ensure interoperability, '
2026-06-16 06:21:14.126 8 WARNING neutron.plugins.ml2.drivers.ovn.mech_driver.ovsdb.ovn_client [None req-6a045557-6865-4ec7-b3ab-e51ea03998a3 - - - - - -] No port found with ID 4c8d758e-258d-48b8-b824-ea6cd6ede7b6: RuntimeError: No port found with ID 4c8d758e-258d-48b8-b824-ea6cd6ede7b6
2026-06-16 06:21:14.127 8 INFO neutron.plugins.ml2.drivers.ovn.mech_driver.mech_driver [None req-6a045557-6865-4ec7-b3ab-e51ea03998a3 - - - - - -] OVN reports status down for port: b3ea8663-ec61-4181-9afd-a1421c179de9
2026-06-16 06:21:14.182 8 INFO neutron.db.ovn_revision_numbers_db [None req-ffbafbde-9800-4ea0-bf28-568025221e6d 7ac4b592882944bdaccaee4e8472a330 31199c5ebe154551849e7e0824e09030 - - default default] Successfully bumped revision number for resource 5ffce3a1-6b55-4e5a-85f5-8c9636eb0b9e (type: security_groups) to 1 [pid: 7|app: 0|req: 903/1680] 10.0.0.122 () {32 vars in 732 bytes} [Tue Jun 16 06:21:14 2026] DELETE /v2.0/subnetpools/d4f5dedb-cc0e-4261-9f19-cf9c84971fe3 => generated 0 bytes in 80 msecs (HTTP/1.1 204) 2 headers in 112 bytes (1 switches on core 0)
2026-06-16 06:21:14.205 8 INFO neutron.db.ovn_revision_numbers_db [None req-ffbafbde-9800-4ea0-bf28-568025221e6d 7ac4b592882944bdaccaee4e8472a330 31199c5ebe154551849e7e0824e09030 - - default default] Successfully bumped revision number for resource 083bc42e-beae-426f-b607-32f9e2fa63b4 (type: security_group_rules) to 0
2026-06-16 06:21:14.230 8 INFO neutron.db.ovn_revision_numbers_db [None req-ffbafbde-9800-4ea0-bf28-568025221e6d 7ac4b592882944bdaccaee4e8472a330 31199c5ebe154551849e7e0824e09030 - - default default] Successfully bumped revision number for resource 0b0828ed-9904-4e28-914c-d40caf99af88 (type: security_group_rules) to 0
2026-06-16 06:21:14.252 8 INFO neutron.db.ovn_revision_numbers_db [None req-ffbafbde-9800-4ea0-bf28-568025221e6d 7ac4b592882944bdaccaee4e8472a330 31199c5ebe154551849e7e0824e09030 - - default default] Successfully bumped revision number for resource 0c981bd4-1dc3-4611-9a36-ab64c59a73be (type: security_group_rules) to 0
2026-06-16 06:21:14.257 8 INFO neutron.plugins.ml2.drivers.ovn.mech_driver.mech_driver [None req-6a045557-6865-4ec7-b3ab-e51ea03998a3 - - - - - -] OVN reports status down for port: 74374f41-63bc-4cf3-9488-5c1a5d479ea7
2026-06-16 06:21:14.282 8 INFO neutron.db.ovn_revision_numbers_db [None req-ffbafbde-9800-4ea0-bf28-568025221e6d 7ac4b592882944bdaccaee4e8472a330 31199c5ebe154551849e7e0824e09030 - - default default] Successfully bumped revision number for resource 905d4d1b-3494-4d48-9a72-1d4b56714dbe (type: security_group_rules) to 0
2026-06-16 06:21:14.288 7 INFO neutron.db.segments_db [None req-6331f4c4-2c59-430c-9b10-5f806b825947 0f7fd8586f8641ec99f9309edc125b46 4d6a5b79b2c947ab97fdbec5d4b46606 - - default default] Added segment c36f5a02-64e5-46d8-a02c-f515efb9bace of type geneve for network 64b38da5-b9b4-4511-9971-2dbc7d839947 [pid: 8|app: 0|req: 778/1681] 10.0.0.122 () {32 vars in 774 bytes} [Tue Jun 16 06:21:13 2026] GET /v2.0/security-groups?tenant_id=b6e262a9ec7d4344bab8add8a8458e45&name=default => generated 2925 bytes in 433 msecs (HTTP/1.1 200) 4 headers in 158 bytes (1 switches on core 0)
2026-06-16 06:21:14.357 8 INFO neutron.api.v2.resource [None req-cae98439-e976-48a5-9d94-8889ead189ba 26bcdb96f6d046f7976f94649c794896 52d36fdc297143a8b19f3ce9781b1142 - - default default] show failed (client error): The resource could not be found. [pid: 8|app: 0|req: 779/1682] 10.0.0.122 () {32 vars in 729 bytes} [Tue Jun 16 06:21:14 2026] GET /v2.0/subnetpools/d4f5dedb-cc0e-4261-9f19-cf9c84971fe3 => generated 145 bytes in 26 msecs (HTTP/1.1 404) 4 headers in 164 bytes (1 switches on core 0)
2026-06-16 06:21:14.412 7 INFO neutron.db.ovn_revision_numbers_db [None req-6331f4c4-2c59-430c-9b10-5f806b825947 0f7fd8586f8641ec99f9309edc125b46 4d6a5b79b2c947ab97fdbec5d4b46606 - - default default] Successfully bumped revision number for resource 64b38da5-b9b4-4511-9971-2dbc7d839947 (type: networks) to 1
2026-06-16 06:21:14.607 7 WARNING neutron.scheduler.dhcp_agent_scheduler [None req-6331f4c4-2c59-430c-9b10-5f806b825947 0f7fd8586f8641ec99f9309edc125b46 4d6a5b79b2c947ab97fdbec5d4b46606 - - default default] No more DHCP agents
2026-06-16 06:21:14.610 7 WARNING neutron.api.rpc.agentnotifiers.dhcp_rpc_agent_api [None req-6331f4c4-2c59-430c-9b10-5f806b825947 0f7fd8586f8641ec99f9309edc125b46 4d6a5b79b2c947ab97fdbec5d4b46606 - - default default] Unable to schedule network 64b38da5-b9b4-4511-9971-2dbc7d839947: no agents available; will retry on subsequent port and subnet creation events. [pid: 8|app: 0|req: 780/1683] 10.0.0.122 () {32 vars in 740 bytes} [Tue Jun 16 06:21:14 2026] DELETE /v2.0/security-groups/5ffce3a1-6b55-4e5a-85f5-8c9636eb0b9e => generated 0 bytes in 401 msecs (HTTP/1.1 204) 2 headers in 112 bytes (1 switches on core 0)
2026-06-16 06:21:14.778 8 INFO neutron.plugins.ml2.drivers.ovn.mech_driver.mech_driver [None req-6a045557-6865-4ec7-b3ab-e51ea03998a3 - - - - - -] OVN reports status down for port: 689b0b55-f133-49a7-b7ef-59096850143c
2026-06-16 06:21:14.780 8 INFO neutron.api.v2.resource [None req-4578fc33-72df-4fd1-b2c7-570730056107 26bcdb96f6d046f7976f94649c794896 52d36fdc297143a8b19f3ce9781b1142 - - default default] delete failed (client error): The resource could not be found. [pid: 8|app: 0|req: 781/1684] 10.0.0.122 () {32 vars in 732 bytes} [Tue Jun 16 06:21:14 2026] DELETE /v2.0/subnetpools/d4f5dedb-cc0e-4261-9f19-cf9c84971fe3 => generated 145 bytes in 21 msecs (HTTP/1.1 404) 4 headers in 164 bytes (1 switches on core 0)
2026-06-16 06:21:14.807 7 INFO neutron.db.ovn_revision_numbers_db [None req-6331f4c4-2c59-430c-9b10-5f806b825947 0f7fd8586f8641ec99f9309edc125b46 4d6a5b79b2c947ab97fdbec5d4b46606 - - default default] Successfully bumped revision number for resource 689b0b55-f133-49a7-b7ef-59096850143c (type: ports) to 1 [pid: 7|app: 0|req: 904/1685] 10.0.0.122 () {34 vars in 670 bytes} [Tue Jun 16 06:21:14 2026] POST /v2.0/networks => generated 650 bytes in 658 msecs (HTTP/1.1 201) 4 headers in 162 bytes (1 switches on core 0)
2026-06-16 06:21:15.054 8 WARNING neutron.scheduler.dhcp_agent_scheduler [None req-7a7f4d6a-495b-4352-b47a-b9f7f716c0fe 0f7fd8586f8641ec99f9309edc125b46 4d6a5b79b2c947ab97fdbec5d4b46606 - - default default] No more DHCP agents
2026-06-16 06:21:15.055 8 WARNING neutron.api.rpc.agentnotifiers.dhcp_rpc_agent_api [None req-7a7f4d6a-495b-4352-b47a-b9f7f716c0fe 0f7fd8586f8641ec99f9309edc125b46 4d6a5b79b2c947ab97fdbec5d4b46606 - - default default] Unable to schedule network 64b38da5-b9b4-4511-9971-2dbc7d839947: no agents available; will retry on subsequent port and subnet creation events.
2026-06-16 06:21:15.145 7 INFO neutron.db.ovn_revision_numbers_db [None req-dd37957b-2c7f-4f93-89ef-0acbc3905ce8 7ac4b592882944bdaccaee4e8472a330 31199c5ebe154551849e7e0824e09030 - - default default] Successfully bumped revision number for resource b309f0ef-c000-4a2a-bdef-cbf5e61ba0c2 (type: security_groups) to 1
2026-06-16 06:21:15.160 7 INFO neutron.db.ovn_revision_numbers_db [None req-dd37957b-2c7f-4f93-89ef-0acbc3905ce8 7ac4b592882944bdaccaee4e8472a330 31199c5ebe154551849e7e0824e09030 - - default default] Successfully bumped revision number for resource 44da9e8c-a3f0-456a-8f8b-0be472d8cce9 (type: security_group_rules) to 0
2026-06-16 06:21:15.176 7 INFO neutron.db.ovn_revision_numbers_db [None req-dd37957b-2c7f-4f93-89ef-0acbc3905ce8 7ac4b592882944bdaccaee4e8472a330 31199c5ebe154551849e7e0824e09030 - - default default] Successfully bumped revision number for resource 82a1c1b4-b77b-484e-89a2-4cc7f1f4ad20 (type: security_group_rules) to 0
2026-06-16 06:21:15.188 7 INFO neutron.db.ovn_revision_numbers_db [None req-dd37957b-2c7f-4f93-89ef-0acbc3905ce8 7ac4b592882944bdaccaee4e8472a330 31199c5ebe154551849e7e0824e09030 - - default default] Successfully bumped revision number for resource d98281ca-63ab-4f94-9d17-bfa15c66d78b (type: security_group_rules) to 0
2026-06-16 06:21:15.207 7 INFO neutron.db.ovn_revision_numbers_db [None req-dd37957b-2c7f-4f93-89ef-0acbc3905ce8 7ac4b592882944bdaccaee4e8472a330 31199c5ebe154551849e7e0824e09030 - - default default] Successfully bumped revision number for resource f3b3e89a-59c6-4ca7-a2ba-221e2554b202 (type: security_group_rules) to 0 [pid: 7|app: 0|req: 905/1686] 10.0.0.122 () {32 vars in 774 bytes} [Tue Jun 16 06:21:14 2026] GET /v2.0/security-groups?tenant_id=ea6899ce2ee7486ab5e942fa0ce54c88&name=default => generated 2925 bytes in 298 msecs (HTTP/1.1 200) 4 headers in 158 bytes (1 switches on core 0) [pid: 7|app: 0|req: 906/1687] 10.0.0.122 () {32 vars in 740 bytes} [Tue Jun 16 06:21:15 2026] DELETE /v2.0/security-groups/b309f0ef-c000-4a2a-bdef-cbf5e61ba0c2 => generated 0 bytes in 262 msecs (HTTP/1.1 204) 2 headers in 112 bytes (1 switches on core 0)
2026-06-16 06:21:15.675 8 INFO neutron.db.ovn_revision_numbers_db [None req-98d1ae94-df3b-4be9-b66c-3ca63adf5819 - - - - - -] Successfully bumped revision number for resource 689b0b55-f133-49a7-b7ef-59096850143c (type: ports) to 2
2026-06-16 06:21:15.713 8 INFO neutron.db.ovn_revision_numbers_db [None req-98d1ae94-df3b-4be9-b66c-3ca63adf5819 - - - - - -] Successfully bumped revision number for resource efbe3137-0be9-4470-9d27-ad066c8e6a28 (type: subnets) to 0 [pid: 8|app: 0|req: 782/1688] 10.0.0.122 () {34 vars in 669 bytes} [Tue Jun 16 06:21:14 2026] POST /v2.0/subnets => generated 626 bytes in 882 msecs (HTTP/1.1 201) 4 headers in 162 bytes (1 switches on core 0)
2026-06-16 06:21:15.800 7 INFO neutron.db.ovn_revision_numbers_db [None req-f42f7954-d152-49d6-bb6c-523e18d5e324 7ac4b592882944bdaccaee4e8472a330 31199c5ebe154551849e7e0824e09030 - - default default] Successfully bumped revision number for resource e532aaa5-76ed-4514-879e-b7530a4b2dbb (type: security_groups) to 1
2026-06-16 06:21:15.812 7 INFO neutron.db.ovn_revision_numbers_db [None req-f42f7954-d152-49d6-bb6c-523e18d5e324 7ac4b592882944bdaccaee4e8472a330 31199c5ebe154551849e7e0824e09030 - - default default] Successfully bumped revision number for resource 8bb1afc3-a1d7-4446-b655-9e9273dbeef7 (type: security_group_rules) to 0
2026-06-16 06:21:15.821 7 INFO neutron.db.ovn_revision_numbers_db [None req-f42f7954-d152-49d6-bb6c-523e18d5e324 7ac4b592882944bdaccaee4e8472a330 31199c5ebe154551849e7e0824e09030 - - default default] Successfully bumped revision number for resource 90d64135-1cf0-4ce9-bc6d-b1ba0842992c (type: security_group_rules) to 0
2026-06-16 06:21:15.834 7 INFO neutron.db.ovn_revision_numbers_db [None req-f42f7954-d152-49d6-bb6c-523e18d5e324 7ac4b592882944bdaccaee4e8472a330 31199c5ebe154551849e7e0824e09030 - - default default] Successfully bumped revision number for resource a7d064a0-5585-48b5-a238-d0b03d99cf1a (type: security_group_rules) to 0
2026-06-16 06:21:15.845 7 INFO neutron.db.ovn_revision_numbers_db [None req-f42f7954-d152-49d6-bb6c-523e18d5e324 7ac4b592882944bdaccaee4e8472a330 31199c5ebe154551849e7e0824e09030 - - default default] Successfully bumped revision number for resource b83ed21e-b643-40e0-a25e-2a412d8db35a (type: security_group_rules) to 0 [pid: 7|app: 0|req: 907/1689] 10.0.0.122 () {32 vars in 774 bytes} [Tue Jun 16 06:21:15 2026] GET /v2.0/security-groups?tenant_id=52d36fdc297143a8b19f3ce9781b1142&name=default => generated 2925 bytes in 372 msecs (HTTP/1.1 200) 4 headers in 158 bytes (1 switches on core 0)
2026-06-16 06:21:16.060 8 WARNING neutron.scheduler.dhcp_agent_scheduler [None req-986a0035-0a37-40f2-8ae0-0094cc5d6f93 0f7fd8586f8641ec99f9309edc125b46 4d6a5b79b2c947ab97fdbec5d4b46606 - - default default] No more DHCP agents
2026-06-16 06:21:16.062 8 WARNING neutron.api.rpc.agentnotifiers.dhcp_rpc_agent_api [None req-986a0035-0a37-40f2-8ae0-0094cc5d6f93 0f7fd8586f8641ec99f9309edc125b46 4d6a5b79b2c947ab97fdbec5d4b46606 - - default default] Unable to schedule network 64b38da5-b9b4-4511-9971-2dbc7d839947: no agents available; will retry on subsequent port and subnet creation events.
2026-06-16 06:21:16.270 8 INFO neutron.plugins.ml2.drivers.ovn.mech_driver.mech_driver [None req-6a045557-6865-4ec7-b3ab-e51ea03998a3 - - - - - -] OVN reports status down for port: c2c650fa-491e-4761-a637-cc5598428bd4 [pid: 7|app: 0|req: 908/1690] 10.0.0.122 () {32 vars in 740 bytes} [Tue Jun 16 06:21:15 2026] DELETE /v2.0/security-groups/e532aaa5-76ed-4514-879e-b7530a4b2dbb => generated 0 bytes in 371 msecs (HTTP/1.1 204) 2 headers in 112 bytes (1 switches on core 0)
2026-06-16 06:21:16.375 8 INFO neutron.db.ovn_revision_numbers_db [None req-986a0035-0a37-40f2-8ae0-0094cc5d6f93 0f7fd8586f8641ec99f9309edc125b46 4d6a5b79b2c947ab97fdbec5d4b46606 - - default default] Successfully bumped revision number for resource c2c650fa-491e-4761-a637-cc5598428bd4 (type: ports) to 1 [pid: 8|app: 0|req: 783/1693] 10.0.0.122 () {34 vars in 665 bytes} [Tue Jun 16 06:21:15 2026] POST /v2.0/ports => generated 954 bytes in 675 msecs (HTTP/1.1 201) 4 headers in 162 bytes (1 switches on core 0)
2026-06-16 06:21:16.596 7 INFO neutron_taas.services.taas.taas_plugin [None req-99fafccf-7200-4186-b207-cd47e5ae4be7 0f7fd8586f8641ec99f9309edc125b46 4d6a5b79b2c947ab97fdbec5d4b46606 - - default default] TaaS: Handle Delete Port: c2c650fa-491e-4761-a637-cc5598428bd4
2026-06-16 06:21:16.600 7 INFO neutron_taas.services.taas.tap_mirror_plugin [None req-99fafccf-7200-4186-b207-cd47e5ae4be7 0f7fd8586f8641ec99f9309edc125b46 4d6a5b79b2c947ab97fdbec5d4b46606 - - default default] Tap Mirror: Handle Delete Port: c2c650fa-491e-4761-a637-cc5598428bd4 [pid: 7|app: 0|req: 911/1694] 10.0.0.122 () {32 vars in 720 bytes} [Tue Jun 16 06:21:16 2026] DELETE /v2.0/ports/c2c650fa-491e-4761-a637-cc5598428bd4 => generated 0 bytes in 404 msecs (HTTP/1.1 204) 3 headers in 131 bytes (1 switches on core 0) /var/lib/openstack/lib/python3.12/site-packages/pycadf/identifier.py:70: UserWarning: Invalid uuid: neutron. To ensure interoperability, identifiers should be a valid uuid. warnings.warn(('Invalid uuid: %s. To ensure interoperability, '
2026-06-16 06:21:16.860 8 INFO neutron.pecan_wsgi.hooks.translation [None req-6907224f-7f63-4ddc-88eb-d5059e319fac 0f7fd8586f8641ec99f9309edc125b46 4d6a5b79b2c947ab97fdbec5d4b46606 - - default default] DELETE failed (client error): The resource could not be found. [pid: 8|app: 0|req: 784/1695] 10.0.0.122 () {32 vars in 720 bytes} [Tue Jun 16 06:21:16 2026] DELETE /v2.0/ports/c2c650fa-491e-4761-a637-cc5598428bd4 => generated 132 bytes in 19 msecs (HTTP/1.1 404) 4 headers in 164 bytes (1 switches on core 0)
2026-06-16 06:21:16.884 7 INFO neutron.pecan_wsgi.hooks.translation [None req-db3253e1-229d-4bca-ac37-66918f0229d9 0f7fd8586f8641ec99f9309edc125b46 4d6a5b79b2c947ab97fdbec5d4b46606 - - default default] GET failed (client error): The resource could not be found. [pid: 7|app: 0|req: 912/1696] 10.0.0.122 () {32 vars in 717 bytes} [Tue Jun 16 06:21:16 2026] GET /v2.0/ports/c2c650fa-491e-4761-a637-cc5598428bd4 => generated 132 bytes in 19 msecs (HTTP/1.1 404) 4 headers in 164 bytes (1 switches on core 0) [pid: 8|app: 0|req: 785/1697] 10.0.0.122 () {32 vars in 724 bytes} [Tue Jun 16 06:21:16 2026] DELETE /v2.0/subnets/efbe3137-0be9-4470-9d27-ad066c8e6a28 => generated 0 bytes in 201 msecs (HTTP/1.1 204) 3 headers in 131 bytes (1 switches on core 0)
2026-06-16 06:21:17.222 7 INFO neutron_taas.services.taas.taas_plugin [None req-1be87acf-95f0-476a-8a18-a7ebe735fd44 0f7fd8586f8641ec99f9309edc125b46 4d6a5b79b2c947ab97fdbec5d4b46606 - - default default] TaaS: Handle Delete Port: 689b0b55-f133-49a7-b7ef-59096850143c
2026-06-16 06:21:17.226 7 INFO neutron_taas.services.taas.tap_mirror_plugin [None req-1be87acf-95f0-476a-8a18-a7ebe735fd44 0f7fd8586f8641ec99f9309edc125b46 4d6a5b79b2c947ab97fdbec5d4b46606 - - default default] Tap Mirror: Handle Delete Port: 689b0b55-f133-49a7-b7ef-59096850143c
2026-06-16 06:21:17.431 7 INFO neutron.services.segments.plugin [-] Segment c36f5a02-64e5-46d8-a02c-f515efb9bace resource provider aggregate not found
2026-06-16 06:21:17.441 7 INFO neutron.services.segments.plugin [-] Segment c36f5a02-64e5-46d8-a02c-f515efb9bace resource provider aggregate not found
