2026-06-16 06:21:17.465 7 INFO neutron.services.segments.plugin [-] Segment c36f5a02-64e5-46d8-a02c-f515efb9bace resource provider not found; error: Placement Client Error (4xx): {"errors": [{"status": 404, "title": "Not Found", "detail": "The resource could not be found.\n\n No resource provider with uuid c36f5a02-64e5-46d8-a02c-f515efb9bace found for delete ", "request_id": "req-8b494c3a-184d-4c30-b13a-3bfb6822dd8a"}]}
2026-06-16 06:21:17.469 7 INFO neutron.services.segments.plugin [-] Segment c36f5a02-64e5-46d8-a02c-f515efb9bace resource provider not found; error: Placement Client Error (4xx): {"errors": [{"status": 404, "title": "Not Found", "detail": "The resource could not be found.\n\n No resource provider with uuid c36f5a02-64e5-46d8-a02c-f515efb9bace found for delete ", "request_id": "req-82ae6145-a1a2-48c2-9fa7-04a1cd140cff"}]} [pid: 7|app: 0|req: 913/1698] 10.0.0.122 () {32 vars in 726 bytes} [Tue Jun 16 06:21:17 2026] DELETE /v2.0/networks/64b38da5-b9b4-4511-9971-2dbc7d839947 => generated 0 bytes in 448 msecs (HTTP/1.1 204) 3 headers in 131 bytes (1 switches on core 0)
2026-06-16 06:21:17.564 8 INFO neutron.db.ovn_revision_numbers_db [None req-bdb6fc57-f10f-4e0b-9c21-43018f0bfb42 7ac4b592882944bdaccaee4e8472a330 31199c5ebe154551849e7e0824e09030 - - default default] Successfully bumped revision number for resource 1d53da34-429c-42ab-9e31-158a1ba71970 (type: security_groups) to 1
2026-06-16 06:21:17.576 8 INFO neutron.db.ovn_revision_numbers_db [None req-bdb6fc57-f10f-4e0b-9c21-43018f0bfb42 7ac4b592882944bdaccaee4e8472a330 31199c5ebe154551849e7e0824e09030 - - default default] Successfully bumped revision number for resource 30caaadc-cde4-473b-93eb-4b1f92388db5 (type: security_group_rules) to 0
2026-06-16 06:21:17.587 8 INFO neutron.db.ovn_revision_numbers_db [None req-bdb6fc57-f10f-4e0b-9c21-43018f0bfb42 7ac4b592882944bdaccaee4e8472a330 31199c5ebe154551849e7e0824e09030 - - default default] Successfully bumped revision number for resource 678be8d2-2446-44f1-8a77-af88a4bf94a1 (type: security_group_rules) to 0
2026-06-16 06:21:17.598 8 INFO neutron.db.ovn_revision_numbers_db [None req-bdb6fc57-f10f-4e0b-9c21-43018f0bfb42 7ac4b592882944bdaccaee4e8472a330 31199c5ebe154551849e7e0824e09030 - - default default] Successfully bumped revision number for resource cf03b485-db01-4626-ac77-30aeb8781d2e (type: security_group_rules) to 0
2026-06-16 06:21:17.610 8 INFO neutron.db.ovn_revision_numbers_db [None req-bdb6fc57-f10f-4e0b-9c21-43018f0bfb42 7ac4b592882944bdaccaee4e8472a330 31199c5ebe154551849e7e0824e09030 - - default default] Successfully bumped revision number for resource f3e7ede7-d433-4168-b4a2-f5fa18289ad1 (type: security_group_rules) to 0
2026-06-16 06:21:17.642 7 INFO neutron.db.segments_db [None req-d826c30e-63b5-4388-aa47-3a73a9772b9f 0f7fd8586f8641ec99f9309edc125b46 4d6a5b79b2c947ab97fdbec5d4b46606 - - default default] Added segment 7391eab3-fb90-4918-9c1a-77c3bd694818 of type geneve for network cb047e94-0bcf-4d5e-8977-bafa06d3d381 [pid: 8|app: 0|req: 786/1699] 10.0.0.122 () {32 vars in 774 bytes} [Tue Jun 16 06:21:17 2026] GET /v2.0/security-groups?tenant_id=9044c8b04cba4bea94ded4530e0fef8a&name=default => generated 2925 bytes in 500 msecs (HTTP/1.1 200) 4 headers in 158 bytes (1 switches on core 0)
2026-06-16 06:21:17.775 7 INFO neutron.db.ovn_revision_numbers_db [None req-d826c30e-63b5-4388-aa47-3a73a9772b9f 0f7fd8586f8641ec99f9309edc125b46 4d6a5b79b2c947ab97fdbec5d4b46606 - - default default] Successfully bumped revision number for resource cb047e94-0bcf-4d5e-8977-bafa06d3d381 (type: networks) to 1 [pid: 8|app: 0|req: 787/1700] 10.0.0.122 () {32 vars in 740 bytes} [Tue Jun 16 06:21:17 2026] DELETE /v2.0/security-groups/1d53da34-429c-42ab-9e31-158a1ba71970 => generated 0 bytes in 298 msecs (HTTP/1.1 204) 2 headers in 112 bytes (1 switches on core 0)
2026-06-16 06:21:17.978 7 WARNING neutron.scheduler.dhcp_agent_scheduler [None req-d826c30e-63b5-4388-aa47-3a73a9772b9f 0f7fd8586f8641ec99f9309edc125b46 4d6a5b79b2c947ab97fdbec5d4b46606 - - default default] No more DHCP agents
2026-06-16 06:21:17.980 7 WARNING neutron.api.rpc.agentnotifiers.dhcp_rpc_agent_api [None req-d826c30e-63b5-4388-aa47-3a73a9772b9f 0f7fd8586f8641ec99f9309edc125b46 4d6a5b79b2c947ab97fdbec5d4b46606 - - default default] Unable to schedule network cb047e94-0bcf-4d5e-8977-bafa06d3d381: no agents available; will retry on subsequent port and subnet creation events.
2026-06-16 06:21:18.056 8 INFO neutron.plugins.ml2.drivers.ovn.mech_driver.mech_driver [None req-6a045557-6865-4ec7-b3ab-e51ea03998a3 - - - - - -] OVN reports status down for port: 8caff802-59b0-4b30-8a98-cb151f8890ae
2026-06-16 06:21:18.092 7 INFO neutron.db.ovn_revision_numbers_db [None req-d826c30e-63b5-4388-aa47-3a73a9772b9f 0f7fd8586f8641ec99f9309edc125b46 4d6a5b79b2c947ab97fdbec5d4b46606 - - default default] Successfully bumped revision number for resource 8caff802-59b0-4b30-8a98-cb151f8890ae (type: ports) to 1 [pid: 7|app: 0|req: 914/1701] 10.0.0.122 () {34 vars in 670 bytes} [Tue Jun 16 06:21:17 2026] POST /v2.0/networks => generated 651 bytes in 565 msecs (HTTP/1.1 201) 4 headers in 162 bytes (1 switches on core 0)
2026-06-16 06:21:18.320 8 WARNING neutron.scheduler.dhcp_agent_scheduler [None req-4651f450-769b-43dd-9f73-9771fee3711d 0f7fd8586f8641ec99f9309edc125b46 4d6a5b79b2c947ab97fdbec5d4b46606 - - default default] No more DHCP agents
2026-06-16 06:21:18.321 8 WARNING neutron.api.rpc.agentnotifiers.dhcp_rpc_agent_api [None req-4651f450-769b-43dd-9f73-9771fee3711d 0f7fd8586f8641ec99f9309edc125b46 4d6a5b79b2c947ab97fdbec5d4b46606 - - default default] Unable to schedule network cb047e94-0bcf-4d5e-8977-bafa06d3d381: no agents available; will retry on subsequent port and subnet creation events.
2026-06-16 06:21:18.847 8 INFO neutron.db.ovn_revision_numbers_db [None req-d4cc028e-6cd6-4492-9b66-2be2562c5c69 - - - - - -] Successfully bumped revision number for resource 8caff802-59b0-4b30-8a98-cb151f8890ae (type: ports) to 2
2026-06-16 06:21:18.885 8 INFO neutron.db.ovn_revision_numbers_db [None req-d4cc028e-6cd6-4492-9b66-2be2562c5c69 - - - - - -] Successfully bumped revision number for resource 4881a2ec-ad75-4c5f-b120-19a0800672ab (type: subnets) to 0 [pid: 8|app: 0|req: 788/1702] 10.0.0.122 () {34 vars in 669 bytes} [Tue Jun 16 06:21:18 2026] POST /v2.0/subnets => generated 626 bytes in 801 msecs (HTTP/1.1 201) 4 headers in 162 bytes (1 switches on core 0)
2026-06-16 06:21:19.251 7 WARNING neutron.scheduler.dhcp_agent_scheduler [None req-47c079db-064d-4db4-812b-5795147c2a48 0f7fd8586f8641ec99f9309edc125b46 4d6a5b79b2c947ab97fdbec5d4b46606 - - default default] No more DHCP agents
2026-06-16 06:21:19.252 7 WARNING neutron.api.rpc.agentnotifiers.dhcp_rpc_agent_api [None req-47c079db-064d-4db4-812b-5795147c2a48 0f7fd8586f8641ec99f9309edc125b46 4d6a5b79b2c947ab97fdbec5d4b46606 - - default default] Unable to schedule network cb047e94-0bcf-4d5e-8977-bafa06d3d381: no agents available; will retry on subsequent port and subnet creation events.
2026-06-16 06:21:19.394 8 INFO neutron.plugins.ml2.drivers.ovn.mech_driver.mech_driver [None req-6a045557-6865-4ec7-b3ab-e51ea03998a3 - - - - - -] OVN reports status down for port: 0afa2d9f-f452-4738-9bcd-e98da6e77b82
2026-06-16 06:21:19.445 7 INFO neutron.db.ovn_revision_numbers_db [None req-47c079db-064d-4db4-812b-5795147c2a48 0f7fd8586f8641ec99f9309edc125b46 4d6a5b79b2c947ab97fdbec5d4b46606 - - default default] Successfully bumped revision number for resource 0afa2d9f-f452-4738-9bcd-e98da6e77b82 (type: ports) to 1 [pid: 7|app: 0|req: 915/1703] 10.0.0.122 () {34 vars in 665 bytes} [Tue Jun 16 06:21:18 2026] POST /v2.0/ports => generated 915 bytes in 595 msecs (HTTP/1.1 201) 4 headers in 162 bytes (1 switches on core 0)
2026-06-16 06:21:19.674 8 INFO neutron_taas.services.taas.taas_plugin [None req-aa801a2d-d54b-40f6-a63e-d069bc784fb5 0f7fd8586f8641ec99f9309edc125b46 4d6a5b79b2c947ab97fdbec5d4b46606 - - default default] TaaS: Handle Delete Port: 0afa2d9f-f452-4738-9bcd-e98da6e77b82
2026-06-16 06:21:19.677 8 INFO neutron_taas.services.taas.tap_mirror_plugin [None req-aa801a2d-d54b-40f6-a63e-d069bc784fb5 0f7fd8586f8641ec99f9309edc125b46 4d6a5b79b2c947ab97fdbec5d4b46606 - - default default] Tap Mirror: Handle Delete Port: 0afa2d9f-f452-4738-9bcd-e98da6e77b82 [pid: 8|app: 0|req: 789/1704] 10.0.0.122 () {32 vars in 720 bytes} [Tue Jun 16 06:21:19 2026] DELETE /v2.0/ports/0afa2d9f-f452-4738-9bcd-e98da6e77b82 => generated 0 bytes in 361 msecs (HTTP/1.1 204) 3 headers in 131 bytes (1 switches on core 0)
2026-06-16 06:21:19.906 7 INFO neutron.pecan_wsgi.hooks.translation [None req-8066a405-b8dd-4b9b-a18d-a9c0743caece 0f7fd8586f8641ec99f9309edc125b46 4d6a5b79b2c947ab97fdbec5d4b46606 - - default default] GET failed (client error): The resource could not be found. [pid: 7|app: 0|req: 916/1705] 10.0.0.122 () {32 vars in 717 bytes} [Tue Jun 16 06:21:19 2026] GET /v2.0/ports/0afa2d9f-f452-4738-9bcd-e98da6e77b82 => generated 132 bytes in 19 msecs (HTTP/1.1 404) 4 headers in 164 bytes (1 switches on core 0) [pid: 8|app: 0|req: 790/1706] 10.0.0.122 () {32 vars in 724 bytes} [Tue Jun 16 06:21:19 2026] DELETE /v2.0/subnets/4881a2ec-ad75-4c5f-b120-19a0800672ab => generated 0 bytes in 213 msecs (HTTP/1.1 204) 3 headers in 131 bytes (1 switches on core 0)
2026-06-16 06:21:20.268 8 INFO neutron_taas.services.taas.taas_plugin [None req-25c4eb35-3f61-4c72-8c81-2bb9abb1e643 0f7fd8586f8641ec99f9309edc125b46 4d6a5b79b2c947ab97fdbec5d4b46606 - - default default] TaaS: Handle Delete Port: 8caff802-59b0-4b30-8a98-cb151f8890ae
2026-06-16 06:21:20.271 8 INFO neutron_taas.services.taas.tap_mirror_plugin [None req-25c4eb35-3f61-4c72-8c81-2bb9abb1e643 0f7fd8586f8641ec99f9309edc125b46 4d6a5b79b2c947ab97fdbec5d4b46606 - - default default] Tap Mirror: Handle Delete Port: 8caff802-59b0-4b30-8a98-cb151f8890ae
2026-06-16 06:21:20.479 7 INFO neutron.db.ovn_revision_numbers_db [None req-b62a2c7e-5f7f-441f-94d5-011e06dedf98 7ac4b592882944bdaccaee4e8472a330 31199c5ebe154551849e7e0824e09030 - - default default] Successfully bumped revision number for resource 211b9553-6ea9-49ff-9d02-cf6506106018 (type: security_groups) to 1
2026-06-16 06:21:20.495 7 INFO neutron.db.ovn_revision_numbers_db [None req-b62a2c7e-5f7f-441f-94d5-011e06dedf98 7ac4b592882944bdaccaee4e8472a330 31199c5ebe154551849e7e0824e09030 - - default default] Successfully bumped revision number for resource 3f257edc-ab2c-49e0-a9df-69080d5efa65 (type: security_group_rules) to 0
2026-06-16 06:21:20.510 7 INFO neutron.db.ovn_revision_numbers_db [None req-b62a2c7e-5f7f-441f-94d5-011e06dedf98 7ac4b592882944bdaccaee4e8472a330 31199c5ebe154551849e7e0824e09030 - - default default] Successfully bumped revision number for resource 97f8df4a-b491-4794-9fc2-1de82af1d382 (type: security_group_rules) to 0
2026-06-16 06:21:20.525 7 INFO neutron.db.ovn_revision_numbers_db [None req-b62a2c7e-5f7f-441f-94d5-011e06dedf98 7ac4b592882944bdaccaee4e8472a330 31199c5ebe154551849e7e0824e09030 - - default default] Successfully bumped revision number for resource b2179d5a-1030-409c-8a9a-ed8876ea0304 (type: security_group_rules) to 0
2026-06-16 06:21:20.535 8 INFO neutron.services.segments.plugin [-] Segment 7391eab3-fb90-4918-9c1a-77c3bd694818 resource provider aggregate not found
2026-06-16 06:21:20.538 8 INFO neutron.services.segments.plugin [-] Segment 7391eab3-fb90-4918-9c1a-77c3bd694818 resource provider aggregate not found
2026-06-16 06:21:20.540 7 INFO neutron.db.ovn_revision_numbers_db [None req-b62a2c7e-5f7f-441f-94d5-011e06dedf98 7ac4b592882944bdaccaee4e8472a330 31199c5ebe154551849e7e0824e09030 - - default default] Successfully bumped revision number for resource d332637c-b740-4699-a3e1-83eeee11e2c8 (type: security_group_rules) to 0
2026-06-16 06:21:20.558 8 INFO neutron.services.segments.plugin [-] Segment 7391eab3-fb90-4918-9c1a-77c3bd694818 resource provider not found; error: Placement Client Error (4xx): {"errors": [{"status": 404, "title": "Not Found", "detail": "The resource could not be found.\n\n No resource provider with uuid 7391eab3-fb90-4918-9c1a-77c3bd694818 found for delete ", "request_id": "req-e0607dc5-1164-4b3e-aaba-e9f248d95872"}]}
2026-06-16 06:21:20.560 8 INFO neutron.services.segments.plugin [-] Segment 7391eab3-fb90-4918-9c1a-77c3bd694818 resource provider not found; error: Placement Client Error (4xx): {"errors": [{"status": 404, "title": "Not Found", "detail": "The resource could not be found.\n\n No resource provider with uuid 7391eab3-fb90-4918-9c1a-77c3bd694818 found for delete ", "request_id": "req-beb439fd-09ac-42c0-9cc9-afd38c46a11e"}]} [pid: 7|app: 0|req: 917/1707] 10.0.0.122 () {32 vars in 774 bytes} [Tue Jun 16 06:21:20 2026] GET /v2.0/security-groups?tenant_id=56bb621d424543188dfc60c51d68c661&name=default => generated 2925 bytes in 544 msecs (HTTP/1.1 200) 4 headers in 158 bytes (1 switches on core 0) [pid: 8|app: 0|req: 791/1708] 10.0.0.122 () {32 vars in 726 bytes} [Tue Jun 16 06:21:20 2026] DELETE /v2.0/networks/cb047e94-0bcf-4d5e-8977-bafa06d3d381 => generated 0 bytes in 493 msecs (HTTP/1.1 204) 3 headers in 131 bytes (1 switches on core 0) [pid: 7|app: 0|req: 918/1709] 10.0.0.122 () {32 vars in 740 bytes} [Tue Jun 16 06:21:20 2026] DELETE /v2.0/security-groups/211b9553-6ea9-49ff-9d02-cf6506106018 => generated 0 bytes in 308 msecs (HTTP/1.1 204) 2 headers in 112 bytes (1 switches on core 0)
2026-06-16 06:21:20.924 8 WARNING neutron.scheduler.dhcp_agent_scheduler [None req-bad36288-68be-4bd2-92ff-129963556cf4 0f7fd8586f8641ec99f9309edc125b46 4d6a5b79b2c947ab97fdbec5d4b46606 - - default default] No more DHCP agents
2026-06-16 06:21:20.926 8 WARNING neutron.api.rpc.agentnotifiers.dhcp_rpc_agent_api [None req-bad36288-68be-4bd2-92ff-129963556cf4 0f7fd8586f8641ec99f9309edc125b46 4d6a5b79b2c947ab97fdbec5d4b46606 - - default default] Unable to schedule network 7e2d6b19-7215-4e62-a7ff-f2a96414bae1: no agents available; will retry on subsequent port and subnet creation events.
2026-06-16 06:21:21.019 8 INFO neutron.plugins.ml2.drivers.ovn.mech_driver.mech_driver [None req-6a045557-6865-4ec7-b3ab-e51ea03998a3 - - - - - -] OVN reports status down for port: 59d00cea-cceb-4a0f-a986-7dfc1f99966a
2026-06-16 06:21:21.101 8 INFO neutron.db.ovn_revision_numbers_db [None req-bad36288-68be-4bd2-92ff-129963556cf4 0f7fd8586f8641ec99f9309edc125b46 4d6a5b79b2c947ab97fdbec5d4b46606 - - default default] Successfully bumped revision number for resource 59d00cea-cceb-4a0f-a986-7dfc1f99966a (type: ports) to 1 [pid: 8|app: 0|req: 792/1710] 10.0.0.122 () {34 vars in 665 bytes} [Tue Jun 16 06:21:20 2026] POST /v2.0/ports => generated 775 bytes in 562 msecs (HTTP/1.1 201) 4 headers in 162 bytes (1 switches on core 0)
2026-06-16 06:21:21.425 8 INFO neutron.plugins.ml2.drivers.ovn.mech_driver.mech_driver [None req-6a045557-6865-4ec7-b3ab-e51ea03998a3 - - - - - -] OVN reports status down for port: 59d00cea-cceb-4a0f-a986-7dfc1f99966a
2026-06-16 06:21:21.453 7 INFO neutron.db.ovn_revision_numbers_db [None req-54111982-43de-488a-b083-d4057e15f611 0f7fd8586f8641ec99f9309edc125b46 4d6a5b79b2c947ab97fdbec5d4b46606 - - default default] Successfully bumped revision number for resource 59d00cea-cceb-4a0f-a986-7dfc1f99966a (type: ports) to 2 [pid: 7|app: 0|req: 919/1711] 10.0.0.122 () {34 vars in 737 bytes} [Tue Jun 16 06:21:21 2026] PUT /v2.0/ports/59d00cea-cceb-4a0f-a986-7dfc1f99966a => generated 752 bytes in 298 msecs (HTTP/1.1 200) 4 headers in 157 bytes (1 switches on core 0) /var/lib/openstack/lib/python3.12/site-packages/pycadf/identifier.py:70: UserWarning: Invalid uuid: neutron. To ensure interoperability, identifiers should be a valid uuid. warnings.warn(('Invalid uuid: %s. To ensure interoperability, '
2026-06-16 06:21:21.633 8 INFO neutron_taas.services.taas.taas_plugin [None req-8c8bab85-e8cc-4f4e-96d6-7f8b25545715 0f7fd8586f8641ec99f9309edc125b46 4d6a5b79b2c947ab97fdbec5d4b46606 - - default default] TaaS: Handle Delete Port: 59d00cea-cceb-4a0f-a986-7dfc1f99966a
2026-06-16 06:21:21.635 8 INFO neutron_taas.services.taas.tap_mirror_plugin [None req-8c8bab85-e8cc-4f4e-96d6-7f8b25545715 0f7fd8586f8641ec99f9309edc125b46 4d6a5b79b2c947ab97fdbec5d4b46606 - - default default] Tap Mirror: Handle Delete Port: 59d00cea-cceb-4a0f-a986-7dfc1f99966a /var/lib/openstack/lib/python3.12/site-packages/pycadf/identifier.py:70: UserWarning: Invalid uuid: neutron. To ensure interoperability, identifiers should be a valid uuid. warnings.warn(('Invalid uuid: %s. To ensure interoperability, ' [pid: 8|app: 0|req: 793/1712] 10.0.0.122 () {32 vars in 720 bytes} [Tue Jun 16 06:21:21 2026] DELETE /v2.0/ports/59d00cea-cceb-4a0f-a986-7dfc1f99966a => generated 0 bytes in 265 msecs (HTTP/1.1 204) 3 headers in 131 bytes (1 switches on core 0) [pid: 8|app: 0|req: 794/1713] 10.0.0.122 () {32 vars in 643 bytes} [Tue Jun 16 06:21:21 2026] GET /v2.0/ports => generated 1533 bytes in 54 msecs (HTTP/1.1 200) 4 headers in 158 bytes (1 switches on core 0)
2026-06-16 06:21:21.845 8 INFO neutron.pecan_wsgi.hooks.translation [None req-e842aeff-8143-4eb2-a860-815a07dd3ebd 0f7fd8586f8641ec99f9309edc125b46 4d6a5b79b2c947ab97fdbec5d4b46606 - - default default] GET failed (client error): The resource could not be found. [pid: 8|app: 0|req: 795/1714] 10.0.0.122 () {32 vars in 717 bytes} [Tue Jun 16 06:21:21 2026] GET /v2.0/ports/59d00cea-cceb-4a0f-a986-7dfc1f99966a => generated 132 bytes in 21 msecs (HTTP/1.1 404) 4 headers in 164 bytes (1 switches on core 0)
2026-06-16 06:21:21.907 7 INFO neutron.db.ovn_revision_numbers_db [None req-3cebb815-facf-4ef7-bf01-4a724f5274bb 7ac4b592882944bdaccaee4e8472a330 31199c5ebe154551849e7e0824e09030 - - default default] Successfully bumped revision number for resource 42ee7e0e-8d0b-4184-b8fd-62ea922a9a60 (type: security_groups) to 1
2026-06-16 06:21:21.918 7 INFO neutron.db.ovn_revision_numbers_db [None req-3cebb815-facf-4ef7-bf01-4a724f5274bb 7ac4b592882944bdaccaee4e8472a330 31199c5ebe154551849e7e0824e09030 - - default default] Successfully bumped revision number for resource 3b111486-4d4a-4d71-a98b-f1b1b108ea99 (type: security_group_rules) to 0
2026-06-16 06:21:21.932 7 INFO neutron.db.ovn_revision_numbers_db [None req-3cebb815-facf-4ef7-bf01-4a724f5274bb 7ac4b592882944bdaccaee4e8472a330 31199c5ebe154551849e7e0824e09030 - - default default] Successfully bumped revision number for resource 71c7736a-90f8-4610-b1e1-df4e9687e334 (type: security_group_rules) to 0
2026-06-16 06:21:21.945 7 INFO neutron.db.ovn_revision_numbers_db [None req-3cebb815-facf-4ef7-bf01-4a724f5274bb 7ac4b592882944bdaccaee4e8472a330 31199c5ebe154551849e7e0824e09030 - - default default] Successfully bumped revision number for resource 8509df11-a33f-4aec-8de8-27dc4f0637c7 (type: security_group_rules) to 0
2026-06-16 06:21:21.957 7 INFO neutron.db.ovn_revision_numbers_db [None req-3cebb815-facf-4ef7-bf01-4a724f5274bb 7ac4b592882944bdaccaee4e8472a330 31199c5ebe154551849e7e0824e09030 - - default default] Successfully bumped revision number for resource baba07f2-e9f1-475a-bd3a-35f83de500a3 (type: security_group_rules) to 0 [pid: 7|app: 0|req: 920/1715] 10.0.0.122 () {32 vars in 774 bytes} [Tue Jun 16 06:21:21 2026] GET /v2.0/security-groups?tenant_id=346bed4c996741efa8f947b928d13160&name=default => generated 2925 bytes in 417 msecs (HTTP/1.1 200) 4 headers in 158 bytes (1 switches on core 0) [pid: 7|app: 0|req: 921/1716] 10.0.0.122 () {32 vars in 643 bytes} [Tue Jun 16 06:21:21 2026] GET /v2.0/ports => generated 1533 bytes in 40 msecs (HTTP/1.1 200) 4 headers in 158 bytes (1 switches on core 0)
2026-06-16 06:21:22.115 8 INFO neutron.db.ovn_revision_numbers_db [None req-554eb7d6-d829-4f8d-a45a-d1ba7696f75d 7ac4b592882944bdaccaee4e8472a330 31199c5ebe154551849e7e0824e09030 - - default default] Successfully bumped revision number for resource 3b8f1e8b-a03e-44db-9fef-25497f1c70c3 (type: security_groups) to 1
2026-06-16 06:21:22.131 8 INFO neutron.db.ovn_revision_numbers_db [None req-554eb7d6-d829-4f8d-a45a-d1ba7696f75d 7ac4b592882944bdaccaee4e8472a330 31199c5ebe154551849e7e0824e09030 - - default default] Successfully bumped revision number for resource 1b9b7f42-10c1-4a61-a16a-f2ca37fb6772 (type: security_group_rules) to 0
2026-06-16 06:21:22.144 8 INFO neutron.db.ovn_revision_numbers_db [None req-554eb7d6-d829-4f8d-a45a-d1ba7696f75d 7ac4b592882944bdaccaee4e8472a330 31199c5ebe154551849e7e0824e09030 - - default default] Successfully bumped revision number for resource 6e093044-9cbc-4642-a1e5-3b18f66ff529 (type: security_group_rules) to 0
2026-06-16 06:21:22.159 8 INFO neutron.db.ovn_revision_numbers_db [None req-554eb7d6-d829-4f8d-a45a-d1ba7696f75d 7ac4b592882944bdaccaee4e8472a330 31199c5ebe154551849e7e0824e09030 - - default default] Successfully bumped revision number for resource c4a996b4-6f2d-40ac-b471-4575966c8c18 (type: security_group_rules) to 0
2026-06-16 06:21:22.174 8 INFO neutron.db.ovn_revision_numbers_db [None req-554eb7d6-d829-4f8d-a45a-d1ba7696f75d 7ac4b592882944bdaccaee4e8472a330 31199c5ebe154551849e7e0824e09030 - - default default] Successfully bumped revision number for resource e1031fb4-25e2-43bc-a118-a7e62f67b7ff (type: security_group_rules) to 0 [pid: 8|app: 0|req: 796/1717] 10.0.0.122 () {32 vars in 774 bytes} [Tue Jun 16 06:21:21 2026] GET /v2.0/security-groups?tenant_id=b6e9eb1c5c2343fa8cc9beb90061c429&name=default => generated 2925 bytes in 391 msecs (HTTP/1.1 200) 4 headers in 158 bytes (1 switches on core 0) [pid: 8|app: 0|req: 797/1718] 10.0.0.122 () {32 vars in 717 bytes} [Tue Jun 16 06:21:22 2026] GET /v2.0/ports/74374f41-63bc-4cf3-9488-5c1a5d479ea7 => generated 774 bytes in 49 msecs (HTTP/1.1 200) 4 headers in 157 bytes (1 switches on core 0) [pid: 7|app: 0|req: 922/1719] 10.0.0.122 () {32 vars in 740 bytes} [Tue Jun 16 06:21:22 2026] DELETE /v2.0/security-groups/42ee7e0e-8d0b-4184-b8fd-62ea922a9a60 => generated 0 bytes in 342 msecs (HTTP/1.1 204) 2 headers in 112 bytes (1 switches on core 0)
2026-06-16 06:21:22.391 7 INFO neutron.pecan_wsgi.hooks.translation [None req-61b69f54-75cc-46e7-8cdf-39bb6e86dd4d 0f7fd8586f8641ec99f9309edc125b46 4d6a5b79b2c947ab97fdbec5d4b46606 - - default default] DELETE failed (client error): The resource could not be found. [pid: 7|app: 0|req: 923/1720] 10.0.0.122 () {32 vars in 720 bytes} [Tue Jun 16 06:21:22 2026] DELETE /v2.0/ports/0afa2d9f-f452-4738-9bcd-e98da6e77b82 => generated 132 bytes in 18 msecs (HTTP/1.1 404) 4 headers in 164 bytes (1 switches on core 0)
2026-06-16 06:21:22.417 7 INFO neutron.pecan_wsgi.hooks.translation [None req-c4d18155-f87e-48bc-beab-30ea03bd5f19 0f7fd8586f8641ec99f9309edc125b46 4d6a5b79b2c947ab97fdbec5d4b46606 - - default default] DELETE failed (client error): The resource could not be found. [pid: 7|app: 0|req: 924/1721] 10.0.0.122 () {32 vars in 724 bytes} [Tue Jun 16 06:21:22 2026] DELETE /v2.0/subnets/4881a2ec-ad75-4c5f-b120-19a0800672ab => generated 136 bytes in 20 msecs (HTTP/1.1 404) 4 headers in 164 bytes (1 switches on core 0)
2026-06-16 06:21:22.443 7 INFO neutron.pecan_wsgi.hooks.translation [None req-385917f9-d52f-48b1-860f-2c6ddf0d9f94 0f7fd8586f8641ec99f9309edc125b46 4d6a5b79b2c947ab97fdbec5d4b46606 - - default default] DELETE failed (client error): The resource could not be found. [pid: 7|app: 0|req: 925/1722] 10.0.0.122 () {32 vars in 724 bytes} [Tue Jun 16 06:21:22 2026] DELETE /v2.0/subnets/efbe3137-0be9-4470-9d27-ad066c8e6a28 => generated 136 bytes in 22 msecs (HTTP/1.1 404) 4 headers in 164 bytes (1 switches on core 0)
2026-06-16 06:21:22.613 7 INFO neutron_taas.services.taas.taas_plugin [None req-d6997268-db12-458a-9c7f-387b2220466e 0f7fd8586f8641ec99f9309edc125b46 4d6a5b79b2c947ab97fdbec5d4b46606 - - default default] TaaS: Handle Delete Port: 74374f41-63bc-4cf3-9488-5c1a5d479ea7 [pid: 8|app: 0|req: 798/1723] 10.0.0.122 () {32 vars in 740 bytes} [Tue Jun 16 06:21:22 2026] DELETE /v2.0/security-groups/3b8f1e8b-a03e-44db-9fef-25497f1c70c3 => generated 0 bytes in 328 msecs (HTTP/1.1 204) 2 headers in 112 bytes (1 switches on core 0)
2026-06-16 06:21:22.618 7 INFO neutron_taas.services.taas.tap_mirror_plugin [None req-d6997268-db12-458a-9c7f-387b2220466e 0f7fd8586f8641ec99f9309edc125b46 4d6a5b79b2c947ab97fdbec5d4b46606 - - default default] Tap Mirror: Handle Delete Port: 74374f41-63bc-4cf3-9488-5c1a5d479ea7 [pid: 7|app: 0|req: 926/1724] 10.0.0.122 () {32 vars in 720 bytes} [Tue Jun 16 06:21:22 2026] DELETE /v2.0/ports/74374f41-63bc-4cf3-9488-5c1a5d479ea7 => generated 0 bytes in 325 msecs (HTTP/1.1 204) 3 headers in 131 bytes (1 switches on core 0)
2026-06-16 06:21:22.949 7 INFO neutron.db.ovn_revision_numbers_db [None req-d20c61b4-4495-4564-91b6-07ff80796157 7ac4b592882944bdaccaee4e8472a330 31199c5ebe154551849e7e0824e09030 - - default default] Successfully bumped revision number for resource 82d79460-43c6-4fd0-af4d-30ae08b45d2c (type: security_groups) to 1
2026-06-16 06:21:22.963 7 INFO neutron.db.ovn_revision_numbers_db [None req-d20c61b4-4495-4564-91b6-07ff80796157 7ac4b592882944bdaccaee4e8472a330 31199c5ebe154551849e7e0824e09030 - - default default] Successfully bumped revision number for resource 054f3724-06cd-4f83-8458-caf9e45a3eb2 (type: security_group_rules) to 0
2026-06-16 06:21:22.976 7 INFO neutron.db.ovn_revision_numbers_db [None req-d20c61b4-4495-4564-91b6-07ff80796157 7ac4b592882944bdaccaee4e8472a330 31199c5ebe154551849e7e0824e09030 - - default default] Successfully bumped revision number for resource 2b91c1bf-e1df-44d0-93d0-b283e954183a (type: security_group_rules) to 0
2026-06-16 06:21:22.992 7 INFO neutron.db.ovn_revision_numbers_db [None req-d20c61b4-4495-4564-91b6-07ff80796157 7ac4b592882944bdaccaee4e8472a330 31199c5ebe154551849e7e0824e09030 - - default default] Successfully bumped revision number for resource dc0e1cb5-d31f-4f2c-a73d-80bd758e7803 (type: security_group_rules) to 0
2026-06-16 06:21:23.004 7 INFO neutron.db.ovn_revision_numbers_db [None req-d20c61b4-4495-4564-91b6-07ff80796157 7ac4b592882944bdaccaee4e8472a330 31199c5ebe154551849e7e0824e09030 - - default default] Successfully bumped revision number for resource eeabe559-7e84-45bd-bf05-40e285930f9b (type: security_group_rules) to 0 [pid: 7|app: 0|req: 927/1725] 10.0.0.122 () {32 vars in 774 bytes} [Tue Jun 16 06:21:22 2026] GET /v2.0/security-groups?tenant_id=2c4a0a1b3f294108ac153486e0fb2551&name=default => generated 2925 bytes in 265 msecs (HTTP/1.1 200) 4 headers in 158 bytes (1 switches on core 0)
2026-06-16 06:21:23.124 8 INFO neutron.db.ovn_revision_numbers_db [None req-e6e4080e-4ebf-4f74-8936-55a9b2b63ee5 7ac4b592882944bdaccaee4e8472a330 31199c5ebe154551849e7e0824e09030 - - default default] Successfully bumped revision number for resource 8acd8908-1536-439a-9ffc-74b3bf622048 (type: security_groups) to 1
2026-06-16 06:21:23.136 8 INFO neutron.db.ovn_revision_numbers_db [None req-e6e4080e-4ebf-4f74-8936-55a9b2b63ee5 7ac4b592882944bdaccaee4e8472a330 31199c5ebe154551849e7e0824e09030 - - default default] Successfully bumped revision number for resource 00cbd765-5b61-4287-8500-0638e100e619 (type: security_group_rules) to 0
2026-06-16 06:21:23.153 8 INFO neutron.db.ovn_revision_numbers_db [None req-e6e4080e-4ebf-4f74-8936-55a9b2b63ee5 7ac4b592882944bdaccaee4e8472a330 31199c5ebe154551849e7e0824e09030 - - default default] Successfully bumped revision number for resource 826afcc0-b4f1-48c9-9fb7-b69eca93df11 (type: security_group_rules) to 0
2026-06-16 06:21:23.171 8 INFO neutron.db.ovn_revision_numbers_db [None req-e6e4080e-4ebf-4f74-8936-55a9b2b63ee5 7ac4b592882944bdaccaee4e8472a330 31199c5ebe154551849e7e0824e09030 - - default default] Successfully bumped revision number for resource 952896b0-2a5b-40ba-989a-3d65a19f6111 (type: security_group_rules) to 0
2026-06-16 06:21:23.189 8 INFO neutron.db.ovn_revision_numbers_db [None req-e6e4080e-4ebf-4f74-8936-55a9b2b63ee5 7ac4b592882944bdaccaee4e8472a330 31199c5ebe154551849e7e0824e09030 - - default default] Successfully bumped revision number for resource a0e2685f-9d12-442a-a497-57961b00943c (type: security_group_rules) to 0
2026-06-16 06:21:23.243 7 INFO neutron_taas.services.taas.taas_plugin [None req-7fd5d6cb-4143-4ad2-a36e-dac8ff72c84f 0f7fd8586f8641ec99f9309edc125b46 4d6a5b79b2c947ab97fdbec5d4b46606 - - default default] TaaS: Handle Delete Port: b3ea8663-ec61-4181-9afd-a1421c179de9
2026-06-16 06:21:23.247 7 INFO neutron_taas.services.taas.tap_mirror_plugin [None req-7fd5d6cb-4143-4ad2-a36e-dac8ff72c84f 0f7fd8586f8641ec99f9309edc125b46 4d6a5b79b2c947ab97fdbec5d4b46606 - - default default] Tap Mirror: Handle Delete Port: b3ea8663-ec61-4181-9afd-a1421c179de9
2026-06-16 06:21:23.278 8 INFO neutron.db.segments_db [None req-e6e4080e-4ebf-4f74-8936-55a9b2b63ee5 7ac4b592882944bdaccaee4e8472a330 31199c5ebe154551849e7e0824e09030 - - default default] Added segment 78d2a9b6-888c-446b-986d-e7d574d14fc9 of type geneve for network 3e6b1bb9-2ccf-4d13-817b-bfd39b594161
2026-06-16 06:21:23.428 8 INFO neutron.db.ovn_revision_numbers_db [None req-e6e4080e-4ebf-4f74-8936-55a9b2b63ee5 7ac4b592882944bdaccaee4e8472a330 31199c5ebe154551849e7e0824e09030 - - default default] Successfully bumped revision number for resource 3e6b1bb9-2ccf-4d13-817b-bfd39b594161 (type: networks) to 1
2026-06-16 06:21:23.454 7 INFO neutron.services.segments.plugin [-] Segment e33389ca-be1f-4dda-b119-2bcd41a5b8fa resource provider aggregate not found
2026-06-16 06:21:23.457 7 INFO neutron.services.segments.plugin [-] Segment e33389ca-be1f-4dda-b119-2bcd41a5b8fa resource provider aggregate not found
2026-06-16 06:21:23.477 7 INFO neutron.services.segments.plugin [-] Segment e33389ca-be1f-4dda-b119-2bcd41a5b8fa resource provider not found; error: Placement Client Error (4xx): {"errors": [{"status": 404, "title": "Not Found", "detail": "The resource could not be found.\n\n No resource provider with uuid e33389ca-be1f-4dda-b119-2bcd41a5b8fa found for delete ", "request_id": "req-16a7ef67-d0ae-4e1d-aece-f528fda5ff77"}]}
2026-06-16 06:21:23.480 7 INFO neutron.services.segments.plugin [-] Segment e33389ca-be1f-4dda-b119-2bcd41a5b8fa resource provider not found; error: Placement Client Error (4xx): {"errors": [{"status": 404, "title": "Not Found", "detail": "The resource could not be found.\n\n No resource provider with uuid e33389ca-be1f-4dda-b119-2bcd41a5b8fa found for delete ", "request_id": "req-c54b66e5-492f-47c4-ace7-268e87296f38"}]} [pid: 7|app: 0|req: 928/1726] 10.0.0.122 () {32 vars in 726 bytes} [Tue Jun 16 06:21:23 2026] DELETE /v2.0/networks/7e2d6b19-7215-4e62-a7ff-f2a96414bae1 => generated 0 bytes in 480 msecs (HTTP/1.1 204) 3 headers in 131 bytes (1 switches on core 0)
2026-06-16 06:21:23.608 8 WARNING neutron.scheduler.dhcp_agent_scheduler [None req-e6e4080e-4ebf-4f74-8936-55a9b2b63ee5 7ac4b592882944bdaccaee4e8472a330 31199c5ebe154551849e7e0824e09030 - - default default] No more DHCP agents
2026-06-16 06:21:23.609 8 WARNING neutron.api.rpc.agentnotifiers.dhcp_rpc_agent_api [None req-e6e4080e-4ebf-4f74-8936-55a9b2b63ee5 7ac4b592882944bdaccaee4e8472a330 31199c5ebe154551849e7e0824e09030 - - default default] Unable to schedule network 3e6b1bb9-2ccf-4d13-817b-bfd39b594161: no agents available; will retry on subsequent port and subnet creation events.
2026-06-16 06:21:23.711 8 INFO neutron.plugins.ml2.drivers.ovn.mech_driver.mech_driver [None req-6a045557-6865-4ec7-b3ab-e51ea03998a3 - - - - - -] OVN reports status down for port: 186d7ca1-a706-4dc0-a5d3-478da547ac23
2026-06-16 06:21:23.788 8 INFO neutron.db.ovn_revision_numbers_db [None req-e6e4080e-4ebf-4f74-8936-55a9b2b63ee5 7ac4b592882944bdaccaee4e8472a330 31199c5ebe154551849e7e0824e09030 - - default default] Successfully bumped revision number for resource 186d7ca1-a706-4dc0-a5d3-478da547ac23 (type: ports) to 1 [pid: 8|app: 0|req: 799/1727] 10.0.0.122 () {34 vars in 671 bytes} [Tue Jun 16 06:21:22 2026] POST /v2.0/networks => generated 763 bytes in 1176 msecs (HTTP/1.1 201) 4 headers in 162 bytes (1 switches on core 0) [pid: 7|app: 0|req: 929/1728] 10.0.0.122 () {32 vars in 740 bytes} [Tue Jun 16 06:21:23 2026] DELETE /v2.0/security-groups/82d79460-43c6-4fd0-af4d-30ae08b45d2c => generated 0 bytes in 368 msecs (HTTP/1.1 204) 2 headers in 112 bytes (1 switches on core 0)
2026-06-16 06:21:24.022 8 WARNING neutron.scheduler.dhcp_agent_scheduler [None req-cabc4680-f685-4520-b809-ba71abf336ca 7ac4b592882944bdaccaee4e8472a330 31199c5ebe154551849e7e0824e09030 - - default default] No more DHCP agents
2026-06-16 06:21:24.023 8 WARNING neutron.api.rpc.agentnotifiers.dhcp_rpc_agent_api [None req-cabc4680-f685-4520-b809-ba71abf336ca 7ac4b592882944bdaccaee4e8472a330 31199c5ebe154551849e7e0824e09030 - - default default] Unable to schedule network 3e6b1bb9-2ccf-4d13-817b-bfd39b594161: no agents available; will retry on subsequent port and subnet creation events. [pid: 7|app: 0|req: 930/1729] 10.0.0.122 () {32 vars in 774 bytes} [Tue Jun 16 06:21:24 2026] GET /v2.0/security-groups?tenant_id=4d6a5b79b2c947ab97fdbec5d4b46606&name=default => generated 2925 bytes in 263 msecs (HTTP/1.1 200) 4 headers in 158 bytes (1 switches on core 0)
2026-06-16 06:21:24.600 8 INFO neutron.db.ovn_revision_numbers_db [None req-afa69df0-af74-4b40-951f-d456ea176634 - - - - - -] Successfully bumped revision number for resource 186d7ca1-a706-4dc0-a5d3-478da547ac23 (type: ports) to 2 [pid: 7|app: 0|req: 931/1730] 10.0.0.122 () {32 vars in 740 bytes} [Tue Jun 16 06:21:24 2026] DELETE /v2.0/security-groups/c5b91371-a91a-4a14-aff5-1c021a5e3c21 => generated 0 bytes in 356 msecs (HTTP/1.1 204) 2 headers in 112 bytes (1 switches on core 0)
2026-06-16 06:21:24.642 8 INFO neutron.db.ovn_revision_numbers_db [None req-afa69df0-af74-4b40-951f-d456ea176634 - - - - - -] Successfully bumped revision number for resource e1eb1e24-a420-4dc2-a41f-885c3fa32489 (type: subnets) to 0 [pid: 8|app: 0|req: 800/1731] 10.0.0.122 () {34 vars in 669 bytes} [Tue Jun 16 06:21:23 2026] POST /v2.0/subnets => generated 688 bytes in 802 msecs (HTTP/1.1 201) 4 headers in 162 bytes (1 switches on core 0)
2026-06-16 06:21:25.141 7 WARNING neutron.scheduler.dhcp_agent_scheduler [None req-33a30a65-c214-468e-9db1-8166e2862172 7ac4b592882944bdaccaee4e8472a330 31199c5ebe154551849e7e0824e09030 - - default default] No more DHCP agents
2026-06-16 06:21:25.143 7 WARNING neutron.api.rpc.agentnotifiers.dhcp_rpc_agent_api [None req-33a30a65-c214-468e-9db1-8166e2862172 7ac4b592882944bdaccaee4e8472a330 31199c5ebe154551849e7e0824e09030 - - default default] Unable to schedule network 249f13b0-1822-4b6a-92c3-0eff054c4dbf: no agents available; will retry on subsequent port and subnet creation events.
2026-06-16 06:21:25.314 8 INFO neutron.plugins.ml2.drivers.ovn.mech_driver.mech_driver [None req-6a045557-6865-4ec7-b3ab-e51ea03998a3 - - - - - -] OVN reports status down for port: f0bf0cf7-2ad3-49a6-a2ff-e4ef33c5cd29
2026-06-16 06:21:25.348 7 INFO neutron.db.ovn_revision_numbers_db [None req-33a30a65-c214-468e-9db1-8166e2862172 7ac4b592882944bdaccaee4e8472a330 31199c5ebe154551849e7e0824e09030 - - default default] Successfully bumped revision number for resource f0bf0cf7-2ad3-49a6-a2ff-e4ef33c5cd29 (type: ports) to 1
2026-06-16 06:21:25.979 7 INFO neutron.plugins.ml2.drivers.ovn.mech_driver.ovsdb.commands [-] Schedule LRP lrp-f0bf0cf7-2ad3-49a6-a2ff-e4ef33c5cd29 on gateway 416b10b7-191f-4992-ac52-8d5b581fe86d with priority 1
2026-06-16 06:21:26.120 7 INFO neutron.db.ovn_revision_numbers_db [None req-33a30a65-c214-468e-9db1-8166e2862172 7ac4b592882944bdaccaee4e8472a330 31199c5ebe154551849e7e0824e09030 - - default default] Successfully bumped revision number for resource f0bf0cf7-2ad3-49a6-a2ff-e4ef33c5cd29 (type: router_ports) to 1
2026-06-16 06:21:26.164 8 INFO neutron.plugins.ml2.drivers.ovn.mech_driver.ovsdb.ovsdb_monitor [None req-b3987377-9369-416d-b5ec-5a3985186ce8 - - - - - -] Router 429a107c-43de-4fc9-b523-c1a40fbb43e1 is bound to host instance
2026-06-16 06:21:26.174 8 INFO neutron.plugins.ml2.drivers.ovn.mech_driver.mech_driver [None req-6a045557-6865-4ec7-b3ab-e51ea03998a3 - - - - - -] OVN reports status up for port: f0bf0cf7-2ad3-49a6-a2ff-e4ef33c5cd29
2026-06-16 06:21:26.186 7 INFO neutron.db.ovn_revision_numbers_db [None req-33a30a65-c214-468e-9db1-8166e2862172 7ac4b592882944bdaccaee4e8472a330 31199c5ebe154551849e7e0824e09030 - - default default] Successfully bumped revision number for resource 429a107c-43de-4fc9-b523-c1a40fbb43e1 (type: routers) to 2 [pid: 7|app: 0|req: 932/1732] 10.0.0.122 () {34 vars in 669 bytes} [Tue Jun 16 06:21:24 2026] POST /v2.0/routers => generated 966 bytes in 1542 msecs (HTTP/1.1 201) 4 headers in 162 bytes (1 switches on core 0)
2026-06-16 06:21:26.274 8 INFO neutron.plugins.ml2.plugin [None req-6a045557-6865-4ec7-b3ab-e51ea03998a3 - - - - - -] Attempt 1 to provision port f0bf0cf7-2ad3-49a6-a2ff-e4ef33c5cd29 [pid: 7|app: 0|req: 933/1733] 10.0.0.153 () {32 vars in 802 bytes} [Tue Jun 16 06:21:26 2026] GET /v2.0/extensions => generated 20541 bytes in 164 msecs (HTTP/1.1 200) 4 headers in 159 bytes (1 switches on core 0)
2026-06-16 06:21:26.463 8 INFO neutron.db.ovn_revision_numbers_db [None req-5c9c4bc7-790e-40ab-aa3b-be68497713ec 6fc6bc958730473cb22b0cc9bed89fbd e710c6f1f36841dca8f9246ca9d3f1b6 - - default default] Successfully bumped revision number for resource 580e5c47-97e0-4974-b517-61520903017f (type: security_groups) to 1
2026-06-16 06:21:26.491 8 INFO neutron.db.ovn_revision_numbers_db [None req-5c9c4bc7-790e-40ab-aa3b-be68497713ec 6fc6bc958730473cb22b0cc9bed89fbd e710c6f1f36841dca8f9246ca9d3f1b6 - - default default] Successfully bumped revision number for resource 2bc896be-1602-40ba-819d-5cb9e3c8379e (type: security_group_rules) to 0
2026-06-16 06:21:26.519 8 INFO neutron.db.ovn_revision_numbers_db [None req-5c9c4bc7-790e-40ab-aa3b-be68497713ec 6fc6bc958730473cb22b0cc9bed89fbd e710c6f1f36841dca8f9246ca9d3f1b6 - - default default] Successfully bumped revision number for resource 42700880-7042-45cc-83c1-44761e5e7a09 (type: security_group_rules) to 0
2026-06-16 06:21:26.544 8 INFO neutron.db.ovn_revision_numbers_db [None req-5c9c4bc7-790e-40ab-aa3b-be68497713ec 6fc6bc958730473cb22b0cc9bed89fbd e710c6f1f36841dca8f9246ca9d3f1b6 - - default default] Successfully bumped revision number for resource 5e55a2f6-98f0-48b4-95cc-69993166911a (type: security_group_rules) to 0
2026-06-16 06:21:26.569 8 INFO neutron.db.ovn_revision_numbers_db [None req-5c9c4bc7-790e-40ab-aa3b-be68497713ec 6fc6bc958730473cb22b0cc9bed89fbd e710c6f1f36841dca8f9246ca9d3f1b6 - - default default] Successfully bumped revision number for resource d122f36b-4da1-448c-9db3-2a41ad459c3a (type: security_group_rules) to 0
2026-06-16 06:21:26.660 8 INFO neutron.db.segments_db [None req-5c9c4bc7-790e-40ab-aa3b-be68497713ec 6fc6bc958730473cb22b0cc9bed89fbd e710c6f1f36841dca8f9246ca9d3f1b6 - - default default] Added segment f09d5634-f86a-473e-a234-bf25b2cbce22 of type geneve for network 18aef71b-91bd-4f8c-9ba9-134e6f2c6d9d
2026-06-16 06:21:26.736 7 WARNING neutron.scheduler.dhcp_agent_scheduler [None req-e51436b8-b304-4d80-bc39-30ab112ba80d 7ac4b592882944bdaccaee4e8472a330 31199c5ebe154551849e7e0824e09030 - - default default] No more DHCP agents
2026-06-16 06:21:26.737 7 WARNING neutron.api.rpc.agentnotifiers.dhcp_rpc_agent_api [None req-e51436b8-b304-4d80-bc39-30ab112ba80d 7ac4b592882944bdaccaee4e8472a330 31199c5ebe154551849e7e0824e09030 - - default default] Unable to schedule network 3e6b1bb9-2ccf-4d13-817b-bfd39b594161: no agents available; will retry on subsequent port and subnet creation events.
2026-06-16 06:21:26.909 7 INFO neutron.db.ovn_revision_numbers_db [None req-e51436b8-b304-4d80-bc39-30ab112ba80d 7ac4b592882944bdaccaee4e8472a330 31199c5ebe154551849e7e0824e09030 - - default default] Successfully bumped revision number for resource e9fe4697-9532-453c-a46e-3175d666f2ef (type: ports) to 1
2026-06-16 06:21:26.913 8 INFO neutron.db.ovn_revision_numbers_db [None req-5c9c4bc7-790e-40ab-aa3b-be68497713ec 6fc6bc958730473cb22b0cc9bed89fbd e710c6f1f36841dca8f9246ca9d3f1b6 - - default default] Successfully bumped revision number for resource 18aef71b-91bd-4f8c-9ba9-134e6f2c6d9d (type: networks) to 1
2026-06-16 06:21:27.208 8 WARNING neutron.scheduler.dhcp_agent_scheduler [None req-5c9c4bc7-790e-40ab-aa3b-be68497713ec 6fc6bc958730473cb22b0cc9bed89fbd e710c6f1f36841dca8f9246ca9d3f1b6 - - default default] No more DHCP agents
2026-06-16 06:21:27.217 8 WARNING neutron.api.rpc.agentnotifiers.dhcp_rpc_agent_api [None req-5c9c4bc7-790e-40ab-aa3b-be68497713ec 6fc6bc958730473cb22b0cc9bed89fbd e710c6f1f36841dca8f9246ca9d3f1b6 - - default default] Unable to schedule network 18aef71b-91bd-4f8c-9ba9-134e6f2c6d9d: no agents available; will retry on subsequent port and subnet creation events.
2026-06-16 06:21:27.404 8 INFO neutron.db.ovn_revision_numbers_db [None req-5c9c4bc7-790e-40ab-aa3b-be68497713ec 6fc6bc958730473cb22b0cc9bed89fbd e710c6f1f36841dca8f9246ca9d3f1b6 - - default default] Successfully bumped revision number for resource f35543b3-3ab3-4a35-8761-7e5c5679b267 (type: ports) to 1 [pid: 8|app: 0|req: 801/1734] 10.0.0.122 () {34 vars in 670 bytes} [Tue Jun 16 06:21:25 2026] POST /v2.0/networks => generated 663 bytes in 1660 msecs (HTTP/1.1 201) 4 headers in 162 bytes (1 switches on core 0)
2026-06-16 06:21:27.603 8 INFO neutron.db.ovn_revision_numbers_db [None req-280ce3e0-2cf2-4500-a531-58b7379e7bf0 - - - - - -] Successfully bumped revision number for resource f0bf0cf7-2ad3-49a6-a2ff-e4ef33c5cd29 (type: ports) to 4
2026-06-16 06:21:27.611 7 WARNING neutron.scheduler.dhcp_agent_scheduler [None req-e51436b8-b304-4d80-bc39-30ab112ba80d 7ac4b592882944bdaccaee4e8472a330 31199c5ebe154551849e7e0824e09030 - - default default] No more DHCP agents
2026-06-16 06:21:27.612 7 WARNING neutron.api.rpc.agentnotifiers.dhcp_rpc_agent_api [None req-e51436b8-b304-4d80-bc39-30ab112ba80d 7ac4b592882944bdaccaee4e8472a330 31199c5ebe154551849e7e0824e09030 - - default default] Unable to schedule network 3e6b1bb9-2ccf-4d13-817b-bfd39b594161: no agents available; will retry on subsequent port and subnet creation events.
2026-06-16 06:21:27.848 8 INFO neutron.db.ovn_revision_numbers_db [None req-0ad1f9a8-fdcb-4996-aa8d-6af81efc6dda 220600ba36964e039d574ed88bb1654b 252d66411d9041e8b8b287ef68fec452 - - default default] Successfully bumped revision number for resource acc9de54-0119-4ecc-a3ab-738fb4af0d92 (type: security_groups) to 1
2026-06-16 06:21:27.869 8 INFO neutron.db.ovn_revision_numbers_db [None req-0ad1f9a8-fdcb-4996-aa8d-6af81efc6dda 220600ba36964e039d574ed88bb1654b 252d66411d9041e8b8b287ef68fec452 - - default default] Successfully bumped revision number for resource 4555c471-ce3e-4744-a43c-cfaa3cbf8231 (type: security_group_rules) to 0
2026-06-16 06:21:27.889 8 INFO neutron.db.ovn_revision_numbers_db [None req-0ad1f9a8-fdcb-4996-aa8d-6af81efc6dda 220600ba36964e039d574ed88bb1654b 252d66411d9041e8b8b287ef68fec452 - - default default] Successfully bumped revision number for resource b1881712-4d8f-4478-91f5-61725e238086 (type: security_group_rules) to 0
2026-06-16 06:21:27.907 8 INFO neutron.db.ovn_revision_numbers_db [None req-0ad1f9a8-fdcb-4996-aa8d-6af81efc6dda 220600ba36964e039d574ed88bb1654b 252d66411d9041e8b8b287ef68fec452 - - default default] Successfully bumped revision number for resource ccaa7ca9-f4b8-4360-9d5f-deca3fb68bff (type: security_group_rules) to 0
2026-06-16 06:21:27.927 8 INFO neutron.db.ovn_revision_numbers_db [None req-0ad1f9a8-fdcb-4996-aa8d-6af81efc6dda 220600ba36964e039d574ed88bb1654b 252d66411d9041e8b8b287ef68fec452 - - default default] Successfully bumped revision number for resource e7ac522e-f719-473e-9cf4-596c5e4206de (type: security_group_rules) to 0
2026-06-16 06:21:28.136 7 INFO neutron.db.ovn_revision_numbers_db [None req-e51436b8-b304-4d80-bc39-30ab112ba80d 7ac4b592882944bdaccaee4e8472a330 31199c5ebe154551849e7e0824e09030 - - default default] Successfully bumped revision number for resource e9fe4697-9532-453c-a46e-3175d666f2ef (type: router_ports) to 1 [pid: 7|app: 0|req: 934/1735] 10.0.0.122 () {34 vars in 783 bytes} [Tue Jun 16 06:21:26 2026] PUT /v2.0/routers/429a107c-43de-4fc9-b523-c1a40fbb43e1/add_router_interface => generated 309 bytes in 1769 msecs (HTTP/1.1 200) 4 headers in 157 bytes (1 switches on core 0) [pid: 7|app: 0|req: 935/1736] 10.0.0.153 () {30 vars in 724 bytes} [Tue Jun 16 06:21:28 2026] GET /v2.0/quotas/15729c4fd6cb41d59d08078b9b807fd8/details => generated 847 bytes in 135 msecs (HTTP/1.1 200) 4 headers in 157 bytes (1 switches on core 0)
2026-06-16 06:21:28.306 8 INFO neutron.db.ovn_revision_numbers_db [None req-0ad1f9a8-fdcb-4996-aa8d-6af81efc6dda 220600ba36964e039d574ed88bb1654b 252d66411d9041e8b8b287ef68fec452 - - default default] Successfully bumped revision number for resource 7f1fd1c4-cd4d-4ec1-83e5-bee312739b9c (type: security_groups) to 1
2026-06-16 06:21:28.326 8 INFO neutron.db.ovn_revision_numbers_db [None req-0ad1f9a8-fdcb-4996-aa8d-6af81efc6dda 220600ba36964e039d574ed88bb1654b 252d66411d9041e8b8b287ef68fec452 - - default default] Successfully bumped revision number for resource 2c14836c-381e-40f8-81d1-e2215e369a9f (type: security_group_rules) to 0
2026-06-16 06:21:28.349 8 INFO neutron.db.ovn_revision_numbers_db [None req-0ad1f9a8-fdcb-4996-aa8d-6af81efc6dda 220600ba36964e039d574ed88bb1654b 252d66411d9041e8b8b287ef68fec452 - - default default] Successfully bumped revision number for resource ac2b379b-5fd1-474c-9346-331748d7ef16 (type: security_group_rules) to 0
2026-06-16 06:21:28.353 8 INFO neutron.db.ovn_revision_numbers_db [None req-280ce3e0-2cf2-4500-a531-58b7379e7bf0 - - - - - -] Successfully bumped revision number for resource f0bf0cf7-2ad3-49a6-a2ff-e4ef33c5cd29 (type: ports) to 5 [pid: 8|app: 0|req: 802/1737] 10.0.0.122 () {34 vars in 684 bytes} [Tue Jun 16 06:21:27 2026] POST /v2.0/security-groups => generated 1625 bytes in 957 msecs (HTTP/1.1 201) 4 headers in 163 bytes (1 switches on core 0) [pid: 8|app: 0|req: 803/1738] 10.0.0.122 () {32 vars in 663 bytes} [Tue Jun 16 06:21:28 2026] GET /v2.0/security-groups => generated 4530 bytes in 90 msecs (HTTP/1.1 200) 4 headers in 158 bytes (1 switches on core 0)
2026-06-16 06:21:28.501 7 WARNING neutron.scheduler.dhcp_agent_scheduler [None req-66a2196f-2312-40d3-87bc-eeb08a6a650d 6fc6bc958730473cb22b0cc9bed89fbd e710c6f1f36841dca8f9246ca9d3f1b6 - - default default] No more DHCP agents
2026-06-16 06:21:28.503 7 WARNING neutron.api.rpc.agentnotifiers.dhcp_rpc_agent_api [None req-66a2196f-2312-40d3-87bc-eeb08a6a650d 6fc6bc958730473cb22b0cc9bed89fbd e710c6f1f36841dca8f9246ca9d3f1b6 - - default default] Unable to schedule network 18aef71b-91bd-4f8c-9ba9-134e6f2c6d9d: no agents available; will retry on subsequent port and subnet creation events.
2026-06-16 06:21:28.576 8 INFO neutron.db.ovn_revision_numbers_db [None req-cac3a86a-2b62-4bfd-a2f9-78cc8641b856 220600ba36964e039d574ed88bb1654b 252d66411d9041e8b8b287ef68fec452 - - default default] Successfully bumped revision number for resource 7f1fd1c4-cd4d-4ec1-83e5-bee312739b9c (type: security_groups) to 2 [pid: 8|app: 0|req: 804/1739] 10.0.0.122 () {34 vars in 758 bytes} [Tue Jun 16 06:21:28 2026] PUT /v2.0/security-groups/7f1fd1c4-cd4d-4ec1-83e5-bee312739b9c => generated 1663 bytes in 94 msecs (HTTP/1.1 200) 4 headers in 158 bytes (1 switches on core 0) [pid: 8|app: 0|req: 805/1740] 10.0.0.122 () {32 vars in 737 bytes} [Tue Jun 16 06:21:28 2026] GET /v2.0/security-groups/7f1fd1c4-cd4d-4ec1-83e5-bee312739b9c => generated 1663 bytes in 22 msecs (HTTP/1.1 200) 4 headers in 158 bytes (1 switches on core 0)
2026-06-16 06:21:28.769 8 INFO neutron.plugins.ml2.drivers.ovn.mech_driver.mech_driver [None req-6a045557-6865-4ec7-b3ab-e51ea03998a3 - - - - - -] OVN reports status down for port: e9fe4697-9532-453c-a46e-3175d666f2ef [pid: 8|app: 0|req: 806/1741] 10.0.0.122 () {32 vars in 740 bytes} [Tue Jun 16 06:21:28 2026] DELETE /v2.0/security-groups/7f1fd1c4-cd4d-4ec1-83e5-bee312739b9c => generated 0 bytes in 194 msecs (HTTP/1.1 204) 2 headers in 112 bytes (1 switches on core 0)
2026-06-16 06:21:28.875 8 WARNING neutron.plugins.ml2.drivers.ovn.mech_driver.ovsdb.ovn_client [None req-6a045557-6865-4ec7-b3ab-e51ea03998a3 - - - - - -] Logical_Switch_Port %s host information not removed, the port state is up
2026-06-16 06:21:28.878 8 INFO neutron.plugins.ml2.drivers.ovn.mech_driver.mech_driver [None req-6a045557-6865-4ec7-b3ab-e51ea03998a3 - - - - - -] OVN reports status down for port: f35543b3-3ab3-4a35-8761-7e5c5679b267 [pid: 8|app: 0|req: 807/1742] 10.0.0.122 () {32 vars in 663 bytes} [Tue Jun 16 06:21:28 2026] GET /v2.0/security-groups => generated 2925 bytes in 76 msecs (HTTP/1.1 200) 4 headers in 158 bytes (1 switches on core 0)
2026-06-16 06:21:28.967 7 INFO neutron.db.ovn_revision_numbers_db [None req-5b6997cc-26d2-4ad6-bc7d-e5a463766094 - - - - - -] Successfully bumped revision number for resource f35543b3-3ab3-4a35-8761-7e5c5679b267 (type: ports) to 2
2026-06-16 06:21:28.994 8 INFO neutron.api.v2.resource [None req-80597e1e-fdd3-4fba-9a88-9807597e3322 220600ba36964e039d574ed88bb1654b 252d66411d9041e8b8b287ef68fec452 - - default default] delete failed (client error): The resource could not be found.
2026-06-16 06:21:28.998 7 INFO neutron.db.ovn_revision_numbers_db [None req-5b6997cc-26d2-4ad6-bc7d-e5a463766094 - - - - - -] Successfully bumped revision number for resource d157a949-f4e5-481f-b2a3-bc8a1ec4dfaf (type: subnets) to 0 [pid: 8|app: 0|req: 808/1743] 10.0.0.122 () {32 vars in 740 bytes} [Tue Jun 16 06:21:28 2026] DELETE /v2.0/security-groups/7f1fd1c4-cd4d-4ec1-83e5-bee312739b9c => generated 146 bytes in 88 msecs (HTTP/1.1 404) 4 headers in 164 bytes (1 switches on core 0) [pid: 7|app: 0|req: 936/1744] 10.0.0.122 () {34 vars in 669 bytes} [Tue Jun 16 06:21:28 2026] POST /v2.0/subnets => generated 641 bytes in 736 msecs (HTTP/1.1 201) 4 headers in 162 bytes (1 switches on core 0)
2026-06-16 06:21:29.084 8 INFO neutron.plugins.ml2.drivers.ovn.mech_driver.mech_driver [None req-6a045557-6865-4ec7-b3ab-e51ea03998a3 - - - - - -] OVN reports status up for port: e9fe4697-9532-453c-a46e-3175d666f2ef
