2026-06-16 06:20:19.970 8 WARNING neutron.plugins.ml2.drivers.ovn.mech_driver.ovsdb.ovn_client [None req-58233870-4b18-4e7c-94ae-14aa00872939 - - - - - -] No port found with ID 10c9f77f-49a2-439a-bb46-86c91553c3b1: RuntimeError: No port found with ID 10c9f77f-49a2-439a-bb46-86c91553c3b1
2026-06-16 06:20:19.970 8 INFO neutron.plugins.ml2.drivers.ovn.mech_driver.mech_driver [None req-58233870-4b18-4e7c-94ae-14aa00872939 - - - - - -] OVN reports status down for port: 8f942d2a-baa2-4bc5-a8ac-8c722afe62f8
2026-06-16 06:20:19.975 8 INFO neutron.db.ovn_revision_numbers_db [None req-294cf865-4bf0-4c4a-b029-4c5a98f4431e 4c9036a6efa64765824ab93f0626dba2 9e1f46dea69844c89b4a2534df21ab13 - - default default] Successfully bumped revision number for resource 2c327f2b-3a2f-4ea2-85a8-e555973f8996 (type: security_group_rules) to 0
2026-06-16 06:20:19.991 7 WARNING neutron.scheduler.dhcp_agent_scheduler [None req-11bcedad-62b6-49b4-9921-b1445c582d7c 7ac4b592882944bdaccaee4e8472a330 31199c5ebe154551849e7e0824e09030 - - default default] No more DHCP agents
2026-06-16 06:20:19.992 7 WARNING neutron.api.rpc.agentnotifiers.dhcp_rpc_agent_api [None req-11bcedad-62b6-49b4-9921-b1445c582d7c 7ac4b592882944bdaccaee4e8472a330 31199c5ebe154551849e7e0824e09030 - - default default] Unable to schedule network 4ab29bac-dc89-46ac-80aa-cfcf8e52a094: no agents available; will retry on subsequent port and subnet creation events.
2026-06-16 06:20:20.000 8 INFO neutron.db.ovn_revision_numbers_db [None req-294cf865-4bf0-4c4a-b029-4c5a98f4431e 4c9036a6efa64765824ab93f0626dba2 9e1f46dea69844c89b4a2534df21ab13 - - default default] Successfully bumped revision number for resource 43448527-25e1-4d31-9c8d-a4a92c79ad65 (type: security_group_rules) to 0
2026-06-16 06:20:20.020 8 INFO neutron.db.ovn_revision_numbers_db [None req-294cf865-4bf0-4c4a-b029-4c5a98f4431e 4c9036a6efa64765824ab93f0626dba2 9e1f46dea69844c89b4a2534df21ab13 - - default default] Successfully bumped revision number for resource 8fbe1da7-42fb-42bc-9d97-b2bad790ddd5 (type: security_group_rules) to 0
2026-06-16 06:20:20.150 8 INFO neutron.db.segments_db [None req-294cf865-4bf0-4c4a-b029-4c5a98f4431e 4c9036a6efa64765824ab93f0626dba2 9e1f46dea69844c89b4a2534df21ab13 - - default default] Added segment e4a1ff22-bf99-4bb7-a216-41ea4fcefb89 of type geneve for network 5eda410c-13b2-4d0f-9fd1-23cd18e0d582
2026-06-16 06:20:20.297 8 INFO neutron.db.ovn_revision_numbers_db [None req-294cf865-4bf0-4c4a-b029-4c5a98f4431e 4c9036a6efa64765824ab93f0626dba2 9e1f46dea69844c89b4a2534df21ab13 - - default default] Successfully bumped revision number for resource 5eda410c-13b2-4d0f-9fd1-23cd18e0d582 (type: networks) to 1
2026-06-16 06:20:20.492 8 WARNING neutron.scheduler.dhcp_agent_scheduler [None req-294cf865-4bf0-4c4a-b029-4c5a98f4431e 4c9036a6efa64765824ab93f0626dba2 9e1f46dea69844c89b4a2534df21ab13 - - default default] No more DHCP agents
2026-06-16 06:20:20.495 8 WARNING neutron.api.rpc.agentnotifiers.dhcp_rpc_agent_api [None req-294cf865-4bf0-4c4a-b029-4c5a98f4431e 4c9036a6efa64765824ab93f0626dba2 9e1f46dea69844c89b4a2534df21ab13 - - default default] Unable to schedule network 5eda410c-13b2-4d0f-9fd1-23cd18e0d582: no agents available; will retry on subsequent port and subnet creation events.
2026-06-16 06:20:20.532 7 INFO neutron.db.ovn_revision_numbers_db [None req-6655bcbd-c7d8-43c8-8e83-157b273ff90d - - - - - -] Successfully bumped revision number for resource 8f942d2a-baa2-4bc5-a8ac-8c722afe62f8 (type: ports) to 2
2026-06-16 06:20:20.567 8 INFO neutron.plugins.ml2.drivers.ovn.mech_driver.mech_driver [None req-58233870-4b18-4e7c-94ae-14aa00872939 - - - - - -] OVN reports status down for port: 28c5595c-7efd-46c6-b74e-25ce1e2dfaeb
2026-06-16 06:20:20.615 7 INFO neutron.db.ovn_revision_numbers_db [None req-6655bcbd-c7d8-43c8-8e83-157b273ff90d - - - - - -] Successfully bumped revision number for resource cea09a48-9cc1-479e-9966-b2ba20b2e5e5 (type: subnets) to 0
2026-06-16 06:20:20.631 8 INFO neutron.db.ovn_revision_numbers_db [None req-294cf865-4bf0-4c4a-b029-4c5a98f4431e 4c9036a6efa64765824ab93f0626dba2 9e1f46dea69844c89b4a2534df21ab13 - - default default] Successfully bumped revision number for resource 28c5595c-7efd-46c6-b74e-25ce1e2dfaeb (type: ports) to 1 [pid: 7|app: 0|req: 748/1405] 10.0.0.122 () {34 vars in 669 bytes} [Tue Jun 16 06:20:19 2026] POST /v2.0/subnets => generated 693 bytes in 814 msecs (HTTP/1.1 201) 4 headers in 162 bytes (1 switches on core 0) [pid: 8|app: 0|req: 658/1406] 10.0.0.122 () {34 vars in 670 bytes} [Tue Jun 16 06:20:19 2026] POST /v2.0/networks => generated 649 bytes in 1126 msecs (HTTP/1.1 201) 4 headers in 162 bytes (1 switches on core 0)
2026-06-16 06:20:20.782 8 INFO neutron.db.segments_db [None req-bc91ddb7-a862-4377-8e19-e69b2b13b9c8 4c9036a6efa64765824ab93f0626dba2 9e1f46dea69844c89b4a2534df21ab13 - - default default] Added segment bfe020c2-86f1-4ee4-ba01-61f5af475416 of type geneve for network 435a62b8-42da-4f17-a9bb-abc941e77659
2026-06-16 06:20:20.890 8 INFO neutron.db.ovn_revision_numbers_db [None req-bc91ddb7-a862-4377-8e19-e69b2b13b9c8 4c9036a6efa64765824ab93f0626dba2 9e1f46dea69844c89b4a2534df21ab13 - - default default] Successfully bumped revision number for resource 435a62b8-42da-4f17-a9bb-abc941e77659 (type: networks) to 1
2026-06-16 06:20:21.039 8 WARNING neutron.scheduler.dhcp_agent_scheduler [None req-bc91ddb7-a862-4377-8e19-e69b2b13b9c8 4c9036a6efa64765824ab93f0626dba2 9e1f46dea69844c89b4a2534df21ab13 - - default default] No more DHCP agents
2026-06-16 06:20:21.049 8 WARNING neutron.api.rpc.agentnotifiers.dhcp_rpc_agent_api [None req-bc91ddb7-a862-4377-8e19-e69b2b13b9c8 4c9036a6efa64765824ab93f0626dba2 9e1f46dea69844c89b4a2534df21ab13 - - default default] Unable to schedule network 435a62b8-42da-4f17-a9bb-abc941e77659: no agents available; will retry on subsequent port and subnet creation events.
2026-06-16 06:20:21.126 8 INFO neutron.plugins.ml2.drivers.ovn.mech_driver.mech_driver [None req-58233870-4b18-4e7c-94ae-14aa00872939 - - - - - -] OVN reports status down for port: 915a3182-67e6-400a-b25e-624b48a0be41
2026-06-16 06:20:21.137 7 WARNING neutron.scheduler.dhcp_agent_scheduler [None req-2fad546d-8bdc-4746-bfa7-8d690251e765 7ac4b592882944bdaccaee4e8472a330 31199c5ebe154551849e7e0824e09030 - - default default] No more DHCP agents
2026-06-16 06:20:21.148 7 WARNING neutron.api.rpc.agentnotifiers.dhcp_rpc_agent_api [None req-2fad546d-8bdc-4746-bfa7-8d690251e765 7ac4b592882944bdaccaee4e8472a330 31199c5ebe154551849e7e0824e09030 - - default default] Unable to schedule network 249f13b0-1822-4b6a-92c3-0eff054c4dbf: no agents available; will retry on subsequent port and subnet creation events.
2026-06-16 06:20:21.194 8 INFO neutron.db.ovn_revision_numbers_db [None req-bc91ddb7-a862-4377-8e19-e69b2b13b9c8 4c9036a6efa64765824ab93f0626dba2 9e1f46dea69844c89b4a2534df21ab13 - - default default] Successfully bumped revision number for resource 915a3182-67e6-400a-b25e-624b48a0be41 (type: ports) to 1 [pid: 8|app: 0|req: 659/1407] 10.0.0.122 () {34 vars in 670 bytes} [Tue Jun 16 06:20:20 2026] POST /v2.0/networks => generated 649 bytes in 552 msecs (HTTP/1.1 201) 4 headers in 162 bytes (1 switches on core 0)
2026-06-16 06:20:21.385 7 INFO neutron.db.ovn_revision_numbers_db [None req-2fad546d-8bdc-4746-bfa7-8d690251e765 7ac4b592882944bdaccaee4e8472a330 31199c5ebe154551849e7e0824e09030 - - default default] Successfully bumped revision number for resource 97720cac-b7ec-40d2-a674-42a9da601ecb (type: ports) to 1
2026-06-16 06:20:21.392 8 INFO neutron.plugins.ml2.drivers.ovn.mech_driver.mech_driver [None req-58233870-4b18-4e7c-94ae-14aa00872939 - - - - - -] OVN reports status down for port: 97720cac-b7ec-40d2-a674-42a9da601ecb
2026-06-16 06:20:21.585 8 WARNING neutron.scheduler.dhcp_agent_scheduler [None req-0cb7a524-d159-4648-a3fc-ce28962fd5e9 4c9036a6efa64765824ab93f0626dba2 9e1f46dea69844c89b4a2534df21ab13 - - default default] No more DHCP agents
2026-06-16 06:20:21.586 8 WARNING neutron.api.rpc.agentnotifiers.dhcp_rpc_agent_api [None req-0cb7a524-d159-4648-a3fc-ce28962fd5e9 4c9036a6efa64765824ab93f0626dba2 9e1f46dea69844c89b4a2534df21ab13 - - default default] Unable to schedule network 5eda410c-13b2-4d0f-9fd1-23cd18e0d582: no agents available; will retry on subsequent port and subnet creation events.
2026-06-16 06:20:22.032 7 INFO neutron.plugins.ml2.drivers.ovn.mech_driver.ovsdb.commands [-] Schedule LRP lrp-97720cac-b7ec-40d2-a674-42a9da601ecb on gateway 416b10b7-191f-4992-ac52-8d5b581fe86d with priority 1
2026-06-16 06:20:22.152 8 INFO neutron.plugins.ml2.drivers.ovn.mech_driver.ovsdb.ovsdb_monitor [None req-2b2eb898-932c-4c3f-a59b-733cacfc1040 - - - - - -] Router e4f35e83-b791-41c0-b881-a0e6a0f28c13 is bound to host instance
2026-06-16 06:20:22.169 7 INFO neutron.db.ovn_revision_numbers_db [None req-2fad546d-8bdc-4746-bfa7-8d690251e765 7ac4b592882944bdaccaee4e8472a330 31199c5ebe154551849e7e0824e09030 - - default default] Successfully bumped revision number for resource 97720cac-b7ec-40d2-a674-42a9da601ecb (type: router_ports) to 1
2026-06-16 06:20:22.177 8 INFO neutron.plugins.ml2.drivers.ovn.mech_driver.mech_driver [None req-58233870-4b18-4e7c-94ae-14aa00872939 - - - - - -] OVN reports status up for port: 97720cac-b7ec-40d2-a674-42a9da601ecb
2026-06-16 06:20:22.252 8 INFO neutron.plugins.ml2.plugin [None req-58233870-4b18-4e7c-94ae-14aa00872939 - - - - - -] Attempt 1 to provision port 97720cac-b7ec-40d2-a674-42a9da601ecb
2026-06-16 06:20:22.280 7 INFO neutron.db.ovn_revision_numbers_db [None req-2fad546d-8bdc-4746-bfa7-8d690251e765 7ac4b592882944bdaccaee4e8472a330 31199c5ebe154551849e7e0824e09030 - - default default] Successfully bumped revision number for resource e4f35e83-b791-41c0-b881-a0e6a0f28c13 (type: routers) to 2 [pid: 7|app: 0|req: 749/1408] 10.0.0.122 () {34 vars in 669 bytes} [Tue Jun 16 06:20:20 2026] POST /v2.0/routers => generated 971 bytes in 1655 msecs (HTTP/1.1 201) 4 headers in 162 bytes (1 switches on core 0)
2026-06-16 06:20:22.436 8 INFO neutron.db.ovn_revision_numbers_db [None req-d18ac609-fa7c-4d10-a711-39423fd1fe1b - - - - - -] Successfully bumped revision number for resource 28c5595c-7efd-46c6-b74e-25ce1e2dfaeb (type: ports) to 2
2026-06-16 06:20:22.520 8 INFO neutron.db.ovn_revision_numbers_db [None req-d18ac609-fa7c-4d10-a711-39423fd1fe1b - - - - - -] Successfully bumped revision number for resource e9f1f67e-9196-4f9c-b49f-809153c3160e (type: subnets) to 0 [pid: 8|app: 0|req: 660/1409] 10.0.0.122 () {34 vars in 669 bytes} [Tue Jun 16 06:20:21 2026] POST /v2.0/subnets => generated 626 bytes in 1302 msecs (HTTP/1.1 201) 4 headers in 162 bytes (1 switches on core 0)
2026-06-16 06:20:22.711 7 INFO neutron.db.ovn_revision_numbers_db [None req-72d027c8-abbd-4692-80aa-98053eec69ae b1eb3fe741874d12853e37c9bda00dbc e7bed37b1c7c47fda85edc29ae475f97 - - default default] Successfully bumped revision number for resource 61d7bb8f-7d58-4b74-b52e-07525b5600b0 (type: security_groups) to 1
2026-06-16 06:20:22.726 7 INFO neutron.db.ovn_revision_numbers_db [None req-72d027c8-abbd-4692-80aa-98053eec69ae b1eb3fe741874d12853e37c9bda00dbc e7bed37b1c7c47fda85edc29ae475f97 - - default default] Successfully bumped revision number for resource 3b771a1c-addc-4b9f-aa8b-d75130adbae6 (type: security_group_rules) to 0
2026-06-16 06:20:22.742 7 INFO neutron.db.ovn_revision_numbers_db [None req-72d027c8-abbd-4692-80aa-98053eec69ae b1eb3fe741874d12853e37c9bda00dbc e7bed37b1c7c47fda85edc29ae475f97 - - default default] Successfully bumped revision number for resource 825243cd-5d06-449c-ab94-e633efb403d5 (type: security_group_rules) to 0
2026-06-16 06:20:22.754 7 INFO neutron.db.ovn_revision_numbers_db [None req-72d027c8-abbd-4692-80aa-98053eec69ae b1eb3fe741874d12853e37c9bda00dbc e7bed37b1c7c47fda85edc29ae475f97 - - default default] Successfully bumped revision number for resource ae0c7398-1c96-4b04-9a99-47033357343b (type: security_group_rules) to 0
2026-06-16 06:20:22.766 7 INFO neutron.db.ovn_revision_numbers_db [None req-72d027c8-abbd-4692-80aa-98053eec69ae b1eb3fe741874d12853e37c9bda00dbc e7bed37b1c7c47fda85edc29ae475f97 - - default default] Successfully bumped revision number for resource dec1a1a3-840b-411a-93c9-46a52925ec15 (type: security_group_rules) to 0
2026-06-16 06:20:22.838 7 INFO neutron.db.segments_db [None req-72d027c8-abbd-4692-80aa-98053eec69ae b1eb3fe741874d12853e37c9bda00dbc e7bed37b1c7c47fda85edc29ae475f97 - - default default] Added segment b9add373-7690-417f-bd62-dfe5dd7c9afd of type geneve for network ee748006-891c-4f4e-9886-f2234231b68f
2026-06-16 06:20:22.963 7 INFO neutron.db.ovn_revision_numbers_db [None req-72d027c8-abbd-4692-80aa-98053eec69ae b1eb3fe741874d12853e37c9bda00dbc e7bed37b1c7c47fda85edc29ae475f97 - - default default] Successfully bumped revision number for resource ee748006-891c-4f4e-9886-f2234231b68f (type: networks) to 1
2026-06-16 06:20:23.107 7 WARNING neutron.scheduler.dhcp_agent_scheduler [None req-72d027c8-abbd-4692-80aa-98053eec69ae b1eb3fe741874d12853e37c9bda00dbc e7bed37b1c7c47fda85edc29ae475f97 - - default default] No more DHCP agents
2026-06-16 06:20:23.108 7 WARNING neutron.api.rpc.agentnotifiers.dhcp_rpc_agent_api [None req-72d027c8-abbd-4692-80aa-98053eec69ae b1eb3fe741874d12853e37c9bda00dbc e7bed37b1c7c47fda85edc29ae475f97 - - default default] Unable to schedule network ee748006-891c-4f4e-9886-f2234231b68f: no agents available; will retry on subsequent port and subnet creation events.
2026-06-16 06:20:23.278 7 INFO neutron.db.ovn_revision_numbers_db [None req-72d027c8-abbd-4692-80aa-98053eec69ae b1eb3fe741874d12853e37c9bda00dbc e7bed37b1c7c47fda85edc29ae475f97 - - default default] Successfully bumped revision number for resource 522956b1-5e5d-4d7f-b102-71d9ca3c15cb (type: ports) to 1 [pid: 7|app: 0|req: 750/1410] 10.0.0.122 () {34 vars in 670 bytes} [Tue Jun 16 06:20:22 2026] POST /v2.0/networks => generated 669 bytes in 1002 msecs (HTTP/1.1 201) 4 headers in 162 bytes (1 switches on core 0)
2026-06-16 06:20:23.485 7 WARNING neutron.scheduler.dhcp_agent_scheduler [None req-41d50888-b8ef-43e1-ae93-d85328f40315 4c9036a6efa64765824ab93f0626dba2 9e1f46dea69844c89b4a2534df21ab13 - - default default] No more DHCP agents
2026-06-16 06:20:23.487 7 WARNING neutron.api.rpc.agentnotifiers.dhcp_rpc_agent_api [None req-41d50888-b8ef-43e1-ae93-d85328f40315 4c9036a6efa64765824ab93f0626dba2 9e1f46dea69844c89b4a2534df21ab13 - - default default] Unable to schedule network 435a62b8-42da-4f17-a9bb-abc941e77659: no agents available; will retry on subsequent port and subnet creation events.
2026-06-16 06:20:23.592 8 WARNING neutron.scheduler.dhcp_agent_scheduler [None req-f2013df9-41de-4aae-afbf-34ae2fcac51f 7ac4b592882944bdaccaee4e8472a330 31199c5ebe154551849e7e0824e09030 - - default default] No more DHCP agents
2026-06-16 06:20:23.594 8 WARNING neutron.api.rpc.agentnotifiers.dhcp_rpc_agent_api [None req-f2013df9-41de-4aae-afbf-34ae2fcac51f 7ac4b592882944bdaccaee4e8472a330 31199c5ebe154551849e7e0824e09030 - - default default] Unable to schedule network 4ab29bac-dc89-46ac-80aa-cfcf8e52a094: no agents available; will retry on subsequent port and subnet creation events.
2026-06-16 06:20:23.961 8 INFO neutron.db.ovn_revision_numbers_db [None req-f2013df9-41de-4aae-afbf-34ae2fcac51f 7ac4b592882944bdaccaee4e8472a330 31199c5ebe154551849e7e0824e09030 - - default default] Successfully bumped revision number for resource ff102ba1-f4e8-4396-ac3b-2100a561e4f1 (type: ports) to 1
2026-06-16 06:20:23.985 8 INFO neutron.db.ovn_revision_numbers_db [None req-b3987377-9369-416d-b5ec-5a3985186ce8 - - - - - -] Successfully bumped revision number for resource 97720cac-b7ec-40d2-a674-42a9da601ecb (type: ports) to 4
2026-06-16 06:20:24.059 7 INFO neutron.db.ovn_revision_numbers_db [None req-59b44192-6dc3-481b-b605-83aef805ec82 - - - - - -] Successfully bumped revision number for resource 915a3182-67e6-400a-b25e-624b48a0be41 (type: ports) to 2
2026-06-16 06:20:24.094 7 INFO neutron.db.ovn_revision_numbers_db [None req-59b44192-6dc3-481b-b605-83aef805ec82 - - - - - -] Successfully bumped revision number for resource ac425c22-6d18-4e9f-aada-ef29b00421f3 (type: subnets) to 0 [pid: 7|app: 0|req: 751/1411] 10.0.0.122 () {34 vars in 669 bytes} [Tue Jun 16 06:20:23 2026] POST /v2.0/subnets => generated 626 bytes in 820 msecs (HTTP/1.1 201) 4 headers in 162 bytes (1 switches on core 0)
2026-06-16 06:20:24.346 7 WARNING neutron.scheduler.dhcp_agent_scheduler [None req-505eeedd-2f2c-46bf-ae32-42a0f17a3903 b1eb3fe741874d12853e37c9bda00dbc e7bed37b1c7c47fda85edc29ae475f97 - - default default] No more DHCP agents
2026-06-16 06:20:24.348 7 WARNING neutron.api.rpc.agentnotifiers.dhcp_rpc_agent_api [None req-505eeedd-2f2c-46bf-ae32-42a0f17a3903 b1eb3fe741874d12853e37c9bda00dbc e7bed37b1c7c47fda85edc29ae475f97 - - default default] Unable to schedule network ee748006-891c-4f4e-9886-f2234231b68f: no agents available; will retry on subsequent port and subnet creation events.
2026-06-16 06:20:24.376 7 INFO neutron.db.ovn_revision_numbers_db [None req-505eeedd-2f2c-46bf-ae32-42a0f17a3903 b1eb3fe741874d12853e37c9bda00dbc e7bed37b1c7c47fda85edc29ae475f97 - - default default] Successfully bumped revision number for resource 6f9b11e3-1a2d-4204-8fc1-f92f911dea46 (type: subnets) to 0 [pid: 7|app: 0|req: 752/1412] 10.0.0.122 () {34 vars in 669 bytes} [Tue Jun 16 06:20:24 2026] POST /v2.0/subnets => generated 627 bytes in 266 msecs (HTTP/1.1 201) 4 headers in 162 bytes (1 switches on core 0)
2026-06-16 06:20:24.504 7 INFO neutron.db.ovn_revision_numbers_db [None req-164d96af-f5e4-4b7f-b1f9-c2ef7080d444 4c9036a6efa64765824ab93f0626dba2 9e1f46dea69844c89b4a2534df21ab13 - - default default] Successfully bumped revision number for resource 4c86041c-5604-43ed-9c45-956cf9d53d4d (type: routers) to 1 [pid: 7|app: 0|req: 753/1413] 10.0.0.122 () {34 vars in 669 bytes} [Tue Jun 16 06:20:24 2026] POST /v2.0/routers => generated 602 bytes in 127 msecs (HTTP/1.1 201) 4 headers in 162 bytes (1 switches on core 0)
2026-06-16 06:20:24.860 8 INFO neutron.plugins.ml2.drivers.ovn.mech_driver.mech_driver [None req-58233870-4b18-4e7c-94ae-14aa00872939 - - - - - -] OVN reports status down for port: 522956b1-5e5d-4d7f-b102-71d9ca3c15cb
2026-06-16 06:20:24.864 8 INFO neutron.db.ovn_revision_numbers_db [None req-b3987377-9369-416d-b5ec-5a3985186ce8 - - - - - -] Successfully bumped revision number for resource 97720cac-b7ec-40d2-a674-42a9da601ecb (type: ports) to 5
2026-06-16 06:20:25.016 7 WARNING neutron.scheduler.dhcp_agent_scheduler [None req-390d0a48-f43e-453e-bde8-4b19b6070d02 b1eb3fe741874d12853e37c9bda00dbc e7bed37b1c7c47fda85edc29ae475f97 - - default default] No more DHCP agents
2026-06-16 06:20:25.017 7 WARNING neutron.api.rpc.agentnotifiers.dhcp_rpc_agent_api [None req-390d0a48-f43e-453e-bde8-4b19b6070d02 b1eb3fe741874d12853e37c9bda00dbc e7bed37b1c7c47fda85edc29ae475f97 - - default default] Unable to schedule network 249f13b0-1822-4b6a-92c3-0eff054c4dbf: no agents available; will retry on subsequent port and subnet creation events.
2026-06-16 06:20:25.030 8 INFO neutron.plugins.ml2.drivers.ovn.mech_driver.mech_driver [None req-58233870-4b18-4e7c-94ae-14aa00872939 - - - - - -] OVN reports status down for port: ff102ba1-f4e8-4396-ac3b-2100a561e4f1
2026-06-16 06:20:25.198 7 INFO neutron.db.ovn_revision_numbers_db [None req-390d0a48-f43e-453e-bde8-4b19b6070d02 b1eb3fe741874d12853e37c9bda00dbc e7bed37b1c7c47fda85edc29ae475f97 - - default default] Successfully bumped revision number for resource 46730f60-e7b1-4500-97af-5001817507a3 (type: ports) to 1
2026-06-16 06:20:25.266 8 INFO neutron.plugins.ml2.drivers.ovn.mech_driver.mech_driver [None req-58233870-4b18-4e7c-94ae-14aa00872939 - - - - - -] OVN reports status down for port: 46730f60-e7b1-4500-97af-5001817507a3
2026-06-16 06:20:25.412 8 INFO neutron.plugins.ml2.drivers.ovn.mech_driver.mech_driver [None req-58233870-4b18-4e7c-94ae-14aa00872939 - - - - - -] OVN reports status up for port: ff102ba1-f4e8-4396-ac3b-2100a561e4f1
2026-06-16 06:20:25.432 8 INFO neutron.plugins.ml2.plugin [None req-58233870-4b18-4e7c-94ae-14aa00872939 - - - - - -] Attempt 1 to provision port ff102ba1-f4e8-4396-ac3b-2100a561e4f1
2026-06-16 06:20:25.485 8 WARNING neutron.scheduler.dhcp_agent_scheduler [None req-f2013df9-41de-4aae-afbf-34ae2fcac51f 7ac4b592882944bdaccaee4e8472a330 31199c5ebe154551849e7e0824e09030 - - default default] No more DHCP agents
2026-06-16 06:20:25.488 8 WARNING neutron.api.rpc.agentnotifiers.dhcp_rpc_agent_api [None req-f2013df9-41de-4aae-afbf-34ae2fcac51f 7ac4b592882944bdaccaee4e8472a330 31199c5ebe154551849e7e0824e09030 - - default default] Unable to schedule network 4ab29bac-dc89-46ac-80aa-cfcf8e52a094: no agents available; will retry on subsequent port and subnet creation events.
2026-06-16 06:20:25.869 7 INFO neutron.plugins.ml2.drivers.ovn.mech_driver.ovsdb.commands [-] Schedule LRP lrp-46730f60-e7b1-4500-97af-5001817507a3 on gateway 416b10b7-191f-4992-ac52-8d5b581fe86d with priority 1
2026-06-16 06:20:25.983 7 INFO neutron.db.ovn_revision_numbers_db [None req-390d0a48-f43e-453e-bde8-4b19b6070d02 b1eb3fe741874d12853e37c9bda00dbc e7bed37b1c7c47fda85edc29ae475f97 - - default default] Successfully bumped revision number for resource 46730f60-e7b1-4500-97af-5001817507a3 (type: router_ports) to 1
2026-06-16 06:20:26.049 7 INFO neutron.db.ovn_revision_numbers_db [None req-390d0a48-f43e-453e-bde8-4b19b6070d02 b1eb3fe741874d12853e37c9bda00dbc e7bed37b1c7c47fda85edc29ae475f97 - - default default] Successfully bumped revision number for resource 0b334441-4577-4fed-9a0d-f397a6571ac7 (type: routers) to 2 [pid: 7|app: 0|req: 754/1414] 10.0.0.122 () {34 vars in 669 bytes} [Tue Jun 16 06:20:24 2026] POST /v2.0/routers => generated 955 bytes in 1563 msecs (HTTP/1.1 201) 4 headers in 162 bytes (1 switches on core 0)
2026-06-16 06:20:26.132 8 INFO neutron.db.ovn_revision_numbers_db [None req-58233870-4b18-4e7c-94ae-14aa00872939 - - - - - -] Successfully bumped revision number for resource ff102ba1-f4e8-4396-ac3b-2100a561e4f1 (type: ports) to 2
2026-06-16 06:20:26.410 7 INFO neutron.db.ovn_revision_numbers_db [None req-db09db63-5704-45ae-91df-01587d6cba26 7ac4b592882944bdaccaee4e8472a330 31199c5ebe154551849e7e0824e09030 - - default default] Successfully bumped revision number for resource 49cf5334-545b-45fa-bd7b-a474f3da24e4 (type: security_groups) to 1
2026-06-16 06:20:26.434 7 INFO neutron.db.ovn_revision_numbers_db [None req-db09db63-5704-45ae-91df-01587d6cba26 7ac4b592882944bdaccaee4e8472a330 31199c5ebe154551849e7e0824e09030 - - default default] Successfully bumped revision number for resource 019a385f-dcdf-49c6-86f3-acd1bc9f65f0 (type: security_group_rules) to 0
2026-06-16 06:20:26.460 7 INFO neutron.db.ovn_revision_numbers_db [None req-db09db63-5704-45ae-91df-01587d6cba26 7ac4b592882944bdaccaee4e8472a330 31199c5ebe154551849e7e0824e09030 - - default default] Successfully bumped revision number for resource c2bb66e2-0a4c-4f19-9d31-e4e1f47066a6 (type: security_group_rules) to 0
2026-06-16 06:20:26.480 7 INFO neutron.db.ovn_revision_numbers_db [None req-db09db63-5704-45ae-91df-01587d6cba26 7ac4b592882944bdaccaee4e8472a330 31199c5ebe154551849e7e0824e09030 - - default default] Successfully bumped revision number for resource d0af5007-6982-4720-93bb-937bf3fdef07 (type: security_group_rules) to 0
2026-06-16 06:20:26.495 7 INFO neutron.db.ovn_revision_numbers_db [None req-db09db63-5704-45ae-91df-01587d6cba26 7ac4b592882944bdaccaee4e8472a330 31199c5ebe154551849e7e0824e09030 - - default default] Successfully bumped revision number for resource d6ef506c-3a5f-42d2-b2f5-e8494c9a01a5 (type: security_group_rules) to 0 [pid: 7|app: 0|req: 755/1415] 10.0.0.122 () {32 vars in 774 bytes} [Tue Jun 16 06:20:26 2026] GET /v2.0/security-groups?tenant_id=2964d694454f486ea99ceb28c252641e&name=default => generated 2925 bytes in 455 msecs (HTTP/1.1 200) 4 headers in 158 bytes (1 switches on core 0)
2026-06-16 06:20:26.588 8 INFO neutron.db.ovn_revision_numbers_db [None req-f2013df9-41de-4aae-afbf-34ae2fcac51f 7ac4b592882944bdaccaee4e8472a330 31199c5ebe154551849e7e0824e09030 - - default default] Successfully bumped revision number for resource ff102ba1-f4e8-4396-ac3b-2100a561e4f1 (type: router_ports) to 1 [pid: 8|app: 0|req: 661/1416] 10.0.0.122 () {34 vars in 783 bytes} [Tue Jun 16 06:20:22 2026] PUT /v2.0/routers/e4f35e83-b791-41c0-b881-a0e6a0f28c13/add_router_interface => generated 309 bytes in 4038 msecs (HTTP/1.1 200) 4 headers in 157 bytes (1 switches on core 0)
2026-06-16 06:20:26.905 7 WARNING neutron.scheduler.dhcp_agent_scheduler [None req-a8a1a799-44f6-4018-9b7e-1e58711ae40e 4c9036a6efa64765824ab93f0626dba2 9e1f46dea69844c89b4a2534df21ab13 - - default default] No more DHCP agents
2026-06-16 06:20:26.906 7 WARNING neutron.api.rpc.agentnotifiers.dhcp_rpc_agent_api [None req-a8a1a799-44f6-4018-9b7e-1e58711ae40e 4c9036a6efa64765824ab93f0626dba2 9e1f46dea69844c89b4a2534df21ab13 - - default default] Unable to schedule network 5eda410c-13b2-4d0f-9fd1-23cd18e0d582: no agents available; will retry on subsequent port and subnet creation events.
2026-06-16 06:20:27.082 7 INFO neutron.db.ovn_revision_numbers_db [None req-a8a1a799-44f6-4018-9b7e-1e58711ae40e 4c9036a6efa64765824ab93f0626dba2 9e1f46dea69844c89b4a2534df21ab13 - - default default] Successfully bumped revision number for resource 2976e8e1-68f7-4ee7-8baa-b392d6e5a017 (type: ports) to 1
2026-06-16 06:20:27.171 8 WARNING neutron.scheduler.dhcp_agent_scheduler [None req-d4cde8d3-eaac-401e-9b26-a079dc4b63de b1eb3fe741874d12853e37c9bda00dbc e7bed37b1c7c47fda85edc29ae475f97 - - default default] No more DHCP agents
2026-06-16 06:20:27.174 8 WARNING neutron.api.rpc.agentnotifiers.dhcp_rpc_agent_api [None req-d4cde8d3-eaac-401e-9b26-a079dc4b63de b1eb3fe741874d12853e37c9bda00dbc e7bed37b1c7c47fda85edc29ae475f97 - - default default] Unable to schedule network ee748006-891c-4f4e-9886-f2234231b68f: no agents available; will retry on subsequent port and subnet creation events.
2026-06-16 06:20:27.351 8 INFO neutron.db.ovn_revision_numbers_db [None req-d4cde8d3-eaac-401e-9b26-a079dc4b63de b1eb3fe741874d12853e37c9bda00dbc e7bed37b1c7c47fda85edc29ae475f97 - - default default] Successfully bumped revision number for resource 99d8909f-0b88-4544-910f-2b0b1f31f525 (type: ports) to 1
2026-06-16 06:20:27.819 7 WARNING neutron.scheduler.dhcp_agent_scheduler [None req-a8a1a799-44f6-4018-9b7e-1e58711ae40e 4c9036a6efa64765824ab93f0626dba2 9e1f46dea69844c89b4a2534df21ab13 - - default default] No more DHCP agents
2026-06-16 06:20:27.821 7 WARNING neutron.api.rpc.agentnotifiers.dhcp_rpc_agent_api [None req-a8a1a799-44f6-4018-9b7e-1e58711ae40e 4c9036a6efa64765824ab93f0626dba2 9e1f46dea69844c89b4a2534df21ab13 - - default default] Unable to schedule network 5eda410c-13b2-4d0f-9fd1-23cd18e0d582: no agents available; will retry on subsequent port and subnet creation events.
2026-06-16 06:20:28.028 7 INFO neutron.db.ovn_revision_numbers_db [None req-a8a1a799-44f6-4018-9b7e-1e58711ae40e 4c9036a6efa64765824ab93f0626dba2 9e1f46dea69844c89b4a2534df21ab13 - - default default] Successfully bumped revision number for resource 2976e8e1-68f7-4ee7-8baa-b392d6e5a017 (type: router_ports) to 1 [pid: 7|app: 0|req: 756/1417] 10.0.0.122 () {34 vars in 783 bytes} [Tue Jun 16 06:20:26 2026] PUT /v2.0/routers/4c86041c-5604-43ed-9c45-956cf9d53d4d/add_router_interface => generated 309 bytes in 1496 msecs (HTTP/1.1 200) 4 headers in 157 bytes (1 switches on core 0) [pid: 7|app: 0|req: 757/1418] 10.0.0.122 () {32 vars in 740 bytes} [Tue Jun 16 06:20:28 2026] DELETE /v2.0/security-groups/49cf5334-545b-45fa-bd7b-a474f3da24e4 => generated 0 bytes in 318 msecs (HTTP/1.1 204) 2 headers in 112 bytes (1 switches on core 0) [pid: 7|app: 0|req: 758/1419] 10.0.0.202 () {34 vars in 982 bytes} [Tue Jun 16 06:20:28 2026] GET /v2.0/networks?id=4ab29bac-dc89-46ac-80aa-cfcf8e52a094 => generated 716 bytes in 47 msecs (HTTP/1.1 200) 4 headers in 157 bytes (1 switches on core 0) [pid: 7|app: 0|req: 759/1420] 10.0.0.122 () {32 vars in 717 bytes} [Tue Jun 16 06:20:28 2026] GET /v2.0/ports/2976e8e1-68f7-4ee7-8baa-b392d6e5a017 => generated 941 bytes in 74 msecs (HTTP/1.1 200) 4 headers in 157 bytes (1 switches on core 0) [pid: 7|app: 0|req: 760/1421] 10.0.0.202 () {34 vars in 965 bytes} [Tue Jun 16 06:20:28 2026] GET /v2.0/quotas/81846649142d43ce9ff302119a3bcdc3 => generated 292 bytes in 9 msecs (HTTP/1.1 200) 4 headers in 157 bytes (1 switches on core 0)
2026-06-16 06:20:28.668 7 INFO neutron.db.ovn_revision_numbers_db [None req-117dd4f9-f1fd-46b9-ad26-615158d36cfa 7ac4b592882944bdaccaee4e8472a330 31199c5ebe154551849e7e0824e09030 - - default default] Successfully bumped revision number for resource 3040f7b2-4c87-493a-89da-7567fe6941d4 (type: security_groups) to 1
2026-06-16 06:20:28.681 7 INFO neutron.db.ovn_revision_numbers_db [None req-117dd4f9-f1fd-46b9-ad26-615158d36cfa 7ac4b592882944bdaccaee4e8472a330 31199c5ebe154551849e7e0824e09030 - - default default] Successfully bumped revision number for resource 052601c9-9a5d-4a93-b1d0-52be031dc5ce (type: security_group_rules) to 0
2026-06-16 06:20:28.693 7 INFO neutron.db.ovn_revision_numbers_db [None req-117dd4f9-f1fd-46b9-ad26-615158d36cfa 7ac4b592882944bdaccaee4e8472a330 31199c5ebe154551849e7e0824e09030 - - default default] Successfully bumped revision number for resource 104ab8f6-ee54-4d54-9617-88cfdb228405 (type: security_group_rules) to 0
2026-06-16 06:20:28.704 7 INFO neutron.db.ovn_revision_numbers_db [None req-117dd4f9-f1fd-46b9-ad26-615158d36cfa 7ac4b592882944bdaccaee4e8472a330 31199c5ebe154551849e7e0824e09030 - - default default] Successfully bumped revision number for resource c80e2999-6e99-4eb0-a693-5af992380239 (type: security_group_rules) to 0
2026-06-16 06:20:28.742 7 INFO neutron.db.ovn_revision_numbers_db [None req-117dd4f9-f1fd-46b9-ad26-615158d36cfa 7ac4b592882944bdaccaee4e8472a330 31199c5ebe154551849e7e0824e09030 - - default default] Successfully bumped revision number for resource dc9e9b48-fb30-4da2-9372-7e88aae34d6f (type: security_group_rules) to 0 [pid: 7|app: 0|req: 761/1422] 10.0.0.122 () {32 vars in 774 bytes} [Tue Jun 16 06:20:28 2026] GET /v2.0/security-groups?tenant_id=6e5eded4cc0444c6aebd4d107198fef9&name=default => generated 2925 bytes in 355 msecs (HTTP/1.1 200) 4 headers in 158 bytes (1 switches on core 0)
2026-06-16 06:20:28.890 8 WARNING neutron.scheduler.dhcp_agent_scheduler [None req-d4cde8d3-eaac-401e-9b26-a079dc4b63de b1eb3fe741874d12853e37c9bda00dbc e7bed37b1c7c47fda85edc29ae475f97 - - default default] No more DHCP agents
2026-06-16 06:20:28.892 8 WARNING neutron.api.rpc.agentnotifiers.dhcp_rpc_agent_api [None req-d4cde8d3-eaac-401e-9b26-a079dc4b63de b1eb3fe741874d12853e37c9bda00dbc e7bed37b1c7c47fda85edc29ae475f97 - - default default] Unable to schedule network ee748006-891c-4f4e-9886-f2234231b68f: no agents available; will retry on subsequent port and subnet creation events.
2026-06-16 06:20:29.426 8 INFO neutron.db.ovn_revision_numbers_db [None req-d4cde8d3-eaac-401e-9b26-a079dc4b63de b1eb3fe741874d12853e37c9bda00dbc e7bed37b1c7c47fda85edc29ae475f97 - - default default] Successfully bumped revision number for resource 99d8909f-0b88-4544-910f-2b0b1f31f525 (type: router_ports) to 1 [pid: 8|app: 0|req: 662/1423] 10.0.0.122 () {34 vars in 783 bytes} [Tue Jun 16 06:20:26 2026] PUT /v2.0/routers/0b334441-4577-4fed-9a0d-f397a6571ac7/add_router_interface => generated 309 bytes in 2838 msecs (HTTP/1.1 200) 4 headers in 157 bytes (1 switches on core 0) [pid: 8|app: 0|req: 663/1424] 10.0.0.202 () {34 vars in 1002 bytes} [Tue Jun 16 06:20:29 2026] GET /v2.0/ports?tenant_id=81846649142d43ce9ff302119a3bcdc3&fields=id => generated 103 bytes in 74 msecs (HTTP/1.1 200) 4 headers in 157 bytes (1 switches on core 0) [pid: 8|app: 0|req: 664/1425] 10.0.0.122 () {32 vars in 740 bytes} [Tue Jun 16 06:20:29 2026] DELETE /v2.0/security-groups/3040f7b2-4c87-493a-89da-7567fe6941d4 => generated 0 bytes in 343 msecs (HTTP/1.1 204) 2 headers in 112 bytes (1 switches on core 0)
2026-06-16 06:20:29.892 7 WARNING neutron.scheduler.dhcp_agent_scheduler [None req-91f179a0-7ea5-4bc5-bbe0-0a60b1b5ca53 4c9036a6efa64765824ab93f0626dba2 9e1f46dea69844c89b4a2534df21ab13 - - default default] No more DHCP agents
2026-06-16 06:20:29.893 7 WARNING neutron.api.rpc.agentnotifiers.dhcp_rpc_agent_api [None req-91f179a0-7ea5-4bc5-bbe0-0a60b1b5ca53 4c9036a6efa64765824ab93f0626dba2 9e1f46dea69844c89b4a2534df21ab13 - - default default] Unable to schedule network 435a62b8-42da-4f17-a9bb-abc941e77659: no agents available; will retry on subsequent port and subnet creation events.
2026-06-16 06:20:30.065 7 INFO neutron.db.ovn_revision_numbers_db [None req-91f179a0-7ea5-4bc5-bbe0-0a60b1b5ca53 4c9036a6efa64765824ab93f0626dba2 9e1f46dea69844c89b4a2534df21ab13 - - default default] Successfully bumped revision number for resource 3cfa9861-783c-475b-8173-1c45500be131 (type: ports) to 1
2026-06-16 06:20:30.239 8 WARNING neutron.scheduler.dhcp_agent_scheduler [None req-f6ef08d8-0bbb-4c5e-b4dc-38b185c9fc3c b1eb3fe741874d12853e37c9bda00dbc e7bed37b1c7c47fda85edc29ae475f97 - - default default] No more DHCP agents
2026-06-16 06:20:30.240 8 WARNING neutron.api.rpc.agentnotifiers.dhcp_rpc_agent_api [None req-f6ef08d8-0bbb-4c5e-b4dc-38b185c9fc3c b1eb3fe741874d12853e37c9bda00dbc e7bed37b1c7c47fda85edc29ae475f97 - - default default] Unable to schedule network ee748006-891c-4f4e-9886-f2234231b68f: no agents available; will retry on subsequent port and subnet creation events.
2026-06-16 06:20:30.441 8 INFO neutron.db.ovn_revision_numbers_db [None req-f6ef08d8-0bbb-4c5e-b4dc-38b185c9fc3c b1eb3fe741874d12853e37c9bda00dbc e7bed37b1c7c47fda85edc29ae475f97 - - default default] Successfully bumped revision number for resource de3f90fc-e32e-4aaa-a661-305e2071c22a (type: ports) to 1 [pid: 8|app: 0|req: 665/1426] 10.0.0.122 () {34 vars in 665 bytes} [Tue Jun 16 06:20:29 2026] POST /v2.0/ports => generated 955 bytes in 647 msecs (HTTP/1.1 201) 4 headers in 162 bytes (1 switches on core 0) /var/lib/openstack/lib/python3.12/site-packages/pycadf/identifier.py:70: UserWarning: Invalid uuid: neutron. To ensure interoperability, identifiers should be a valid uuid. warnings.warn(('Invalid uuid: %s. To ensure interoperability, ' [pid: 8|app: 0|req: 666/1427] 10.0.0.202 () {34 vars in 1008 bytes} [Tue Jun 16 06:20:30 2026] GET /v2.0/networks/4ab29bac-dc89-46ac-80aa-cfcf8e52a094?fields=segments => generated 14 bytes in 43 msecs (HTTP/1.1 200) 4 headers in 156 bytes (1 switches on core 0)
2026-06-16 06:20:30.856 8 WARNING neutron.scheduler.dhcp_agent_scheduler [None req-de171850-db2b-4916-9cac-10f3abe13173 b1eb3fe741874d12853e37c9bda00dbc e7bed37b1c7c47fda85edc29ae475f97 - - default default] No more DHCP agents
2026-06-16 06:20:30.859 8 WARNING neutron.api.rpc.agentnotifiers.dhcp_rpc_agent_api [None req-de171850-db2b-4916-9cac-10f3abe13173 b1eb3fe741874d12853e37c9bda00dbc e7bed37b1c7c47fda85edc29ae475f97 - - default default] Unable to schedule network ee748006-891c-4f4e-9886-f2234231b68f: no agents available; will retry on subsequent port and subnet creation events.
2026-06-16 06:20:30.882 7 WARNING neutron.scheduler.dhcp_agent_scheduler [None req-91f179a0-7ea5-4bc5-bbe0-0a60b1b5ca53 4c9036a6efa64765824ab93f0626dba2 9e1f46dea69844c89b4a2534df21ab13 - - default default] No more DHCP agents
2026-06-16 06:20:30.884 7 WARNING neutron.api.rpc.agentnotifiers.dhcp_rpc_agent_api [None req-91f179a0-7ea5-4bc5-bbe0-0a60b1b5ca53 4c9036a6efa64765824ab93f0626dba2 9e1f46dea69844c89b4a2534df21ab13 - - default default] Unable to schedule network 435a62b8-42da-4f17-a9bb-abc941e77659: no agents available; will retry on subsequent port and subnet creation events.
2026-06-16 06:20:31.067 8 INFO neutron.db.ovn_revision_numbers_db [None req-de171850-db2b-4916-9cac-10f3abe13173 b1eb3fe741874d12853e37c9bda00dbc e7bed37b1c7c47fda85edc29ae475f97 - - default default] Successfully bumped revision number for resource ba5cdd2b-77ae-40ea-a09a-933942ea7c7f (type: ports) to 1
2026-06-16 06:20:31.078 8 WARNING neutron.plugins.ml2.drivers.ovn.mech_driver.ovsdb.ovn_client [None req-c56521ea-c4e3-4169-8ccc-1520b1b4e551 - - - - - -] No hosting information found for port ff102ba1-f4e8-4396-ac3b-2100a561e4f1: RuntimeError: No hosting information found for port ff102ba1-f4e8-4396-ac3b-2100a561e4f1
2026-06-16 06:20:31.079 8 INFO neutron.plugins.ml2.drivers.ovn.mech_driver.mech_driver [None req-c56521ea-c4e3-4169-8ccc-1520b1b4e551 - - - - - -] OVN reports status up for port: 46730f60-e7b1-4500-97af-5001817507a3
2026-06-16 06:20:31.098 8 INFO neutron.plugins.ml2.plugin [None req-c56521ea-c4e3-4169-8ccc-1520b1b4e551 - - - - - -] Attempt 1 to provision port 46730f60-e7b1-4500-97af-5001817507a3 [pid: 8|app: 0|req: 667/1428] 10.0.0.122 () {34 vars in 665 bytes} [Tue Jun 16 06:20:30 2026] POST /v2.0/ports => generated 955 bytes in 565 msecs (HTTP/1.1 201) 4 headers in 162 bytes (1 switches on core 0) /var/lib/openstack/lib/python3.12/site-packages/pycadf/identifier.py:70: UserWarning: Invalid uuid: neutron. To ensure interoperability, identifiers should be a valid uuid. warnings.warn(('Invalid uuid: %s. To ensure interoperability, '
2026-06-16 06:20:31.184 7 INFO neutron.db.ovn_revision_numbers_db [None req-91f179a0-7ea5-4bc5-bbe0-0a60b1b5ca53 4c9036a6efa64765824ab93f0626dba2 9e1f46dea69844c89b4a2534df21ab13 - - default default] Successfully bumped revision number for resource 3cfa9861-783c-475b-8173-1c45500be131 (type: router_ports) to 1 [pid: 7|app: 0|req: 762/1429] 10.0.0.122 () {34 vars in 783 bytes} [Tue Jun 16 06:20:28 2026] PUT /v2.0/routers/4c86041c-5604-43ed-9c45-956cf9d53d4d/add_router_interface => generated 309 bytes in 2349 msecs (HTTP/1.1 200) 4 headers in 157 bytes (1 switches on core 0) [pid: 8|app: 0|req: 668/1432] 10.0.0.202 () {34 vars in 1108 bytes} [Tue Jun 16 06:20:31 2026] GET /v2.0/networks/4ab29bac-dc89-46ac-80aa-cfcf8e52a094?fields=provider%3Aphysical_network&fields=provider%3Anetwork_type => generated 79 bytes in 230 msecs (HTTP/1.1 200) 4 headers in 156 bytes (1 switches on core 0) [pid: 8|app: 0|req: 669/1433] 10.0.0.122 () {32 vars in 717 bytes} [Tue Jun 16 06:20:31 2026] GET /v2.0/ports/3cfa9861-783c-475b-8173-1c45500be131 => generated 941 bytes in 81 msecs (HTTP/1.1 200) 4 headers in 157 bytes (1 switches on core 0) [pid: 8|app: 0|req: 670/1434] 10.0.0.122 () {32 vars in 717 bytes} [Tue Jun 16 06:20:31 2026] GET /v2.0/ports/3cfa9861-783c-475b-8173-1c45500be131 => generated 941 bytes in 30 msecs (HTTP/1.1 200) 4 headers in 157 bytes (1 switches on core 0) [pid: 8|app: 0|req: 671/1435] 10.0.0.202 () {34 vars in 990 bytes} [Tue Jun 16 06:20:31 2026] GET /v2.0/ports?device_id=0fc1efb2-1f28-42c3-b743-94299a39b0bd => generated 12 bytes in 15 msecs (HTTP/1.1 200) 4 headers in 156 bytes (1 switches on core 0)
2026-06-16 06:20:31.484 7 WARNING neutron.scheduler.dhcp_agent_scheduler [None req-8d0a6fc4-e3df-4d5f-8d17-7937e295b98b b1eb3fe741874d12853e37c9bda00dbc e7bed37b1c7c47fda85edc29ae475f97 - - default default] No more DHCP agents
2026-06-16 06:20:31.486 7 WARNING neutron.api.rpc.agentnotifiers.dhcp_rpc_agent_api [None req-8d0a6fc4-e3df-4d5f-8d17-7937e295b98b b1eb3fe741874d12853e37c9bda00dbc e7bed37b1c7c47fda85edc29ae475f97 - - default default] Unable to schedule network 249f13b0-1822-4b6a-92c3-0eff054c4dbf: no agents available; will retry on subsequent port and subnet creation events.
2026-06-16 06:20:32.365 7 INFO neutron.db.ovn_revision_numbers_db [None req-8d0a6fc4-e3df-4d5f-8d17-7937e295b98b b1eb3fe741874d12853e37c9bda00dbc e7bed37b1c7c47fda85edc29ae475f97 - - default default] Successfully bumped revision number for resource 2fb5b847-d037-4fa0-ab9f-618c89c680a5 (type: floatingips) to 1
2026-06-16 06:20:32.366 7 INFO neutron.db.l3_db [None req-8d0a6fc4-e3df-4d5f-8d17-7937e295b98b b1eb3fe741874d12853e37c9bda00dbc e7bed37b1c7c47fda85edc29ae475f97 - - default default] Floating IP 2fb5b847-d037-4fa0-ab9f-618c89c680a5 associated. External IP: 10.96.250.215, port: ba5cdd2b-77ae-40ea-a09a-933942ea7c7f. [pid: 7|app: 0|req: 765/1436] 10.0.0.122 () {34 vars in 677 bytes} [Tue Jun 16 06:20:31 2026] POST /v2.0/floatingips => generated 842 bytes in 1217 msecs (HTTP/1.1 201) 4 headers in 162 bytes (1 switches on core 0) [pid: 7|app: 0|req: 766/1437] 10.0.0.122 () {32 vars in 717 bytes} [Tue Jun 16 06:20:32 2026] GET /v2.0/ports/3cfa9861-783c-475b-8173-1c45500be131 => generated 941 bytes in 77 msecs (HTTP/1.1 200) 4 headers in 157 bytes (1 switches on core 0) [pid: 7|app: 0|req: 767/1438] 10.0.0.202 () {34 vars in 990 bytes} [Tue Jun 16 06:20:32 2026] GET /v2.0/ports?device_id=0fc1efb2-1f28-42c3-b743-94299a39b0bd => generated 12 bytes in 13 msecs (HTTP/1.1 200) 4 headers in 156 bytes (1 switches on core 0)
2026-06-16 06:20:32.630 8 INFO neutron.db.ovn_revision_numbers_db [None req-b60a2538-b44c-480e-a2c5-a656735fa47f b1eb3fe741874d12853e37c9bda00dbc e7bed37b1c7c47fda85edc29ae475f97 - - default default] Successfully bumped revision number for resource 2fb5b847-d037-4fa0-ab9f-618c89c680a5 (type: floatingips) to 2
2026-06-16 06:20:32.681 8 INFO neutron.db.l3_db [None req-b60a2538-b44c-480e-a2c5-a656735fa47f b1eb3fe741874d12853e37c9bda00dbc e7bed37b1c7c47fda85edc29ae475f97 - - default default] Floating IP 2fb5b847-d037-4fa0-ab9f-618c89c680a5 disassociated. External IP: 10.96.250.215, port: ba5cdd2b-77ae-40ea-a09a-933942ea7c7f. [pid: 8|app: 0|req: 672/1439] 10.0.0.122 () {34 vars in 749 bytes} [Tue Jun 16 06:20:32 2026] PUT /v2.0/floatingips/2fb5b847-d037-4fa0-ab9f-618c89c680a5 => generated 554 bytes in 294 msecs (HTTP/1.1 200) 4 headers in 157 bytes (1 switches on core 0)
2026-06-16 06:20:32.840 7 INFO neutron_taas.services.taas.taas_plugin [None req-d156e3f7-31a1-4524-8344-df1da34755f5 b1eb3fe741874d12853e37c9bda00dbc e7bed37b1c7c47fda85edc29ae475f97 - - default default] TaaS: Handle Delete Port: d9e6fae0-acbc-4068-a32a-372fb787ce05
2026-06-16 06:20:32.843 7 INFO neutron_taas.services.taas.tap_mirror_plugin [None req-d156e3f7-31a1-4524-8344-df1da34755f5 b1eb3fe741874d12853e37c9bda00dbc e7bed37b1c7c47fda85edc29ae475f97 - - default default] Tap Mirror: Handle Delete Port: d9e6fae0-acbc-4068-a32a-372fb787ce05 [pid: 7|app: 0|req: 768/1440] 10.0.0.122 () {32 vars in 732 bytes} [Tue Jun 16 06:20:32 2026] DELETE /v2.0/floatingips/2fb5b847-d037-4fa0-ab9f-618c89c680a5 => generated 0 bytes in 285 msecs (HTTP/1.1 204) 2 headers in 112 bytes (1 switches on core 0)
2026-06-16 06:20:33.246 8 WARNING neutron.scheduler.dhcp_agent_scheduler [None req-e30f0cc6-9063-4d3b-a9c1-6ff516a7c2f8 b1eb3fe741874d12853e37c9bda00dbc e7bed37b1c7c47fda85edc29ae475f97 - - default default] No more DHCP agents
2026-06-16 06:20:33.248 8 WARNING neutron.api.rpc.agentnotifiers.dhcp_rpc_agent_api [None req-e30f0cc6-9063-4d3b-a9c1-6ff516a7c2f8 b1eb3fe741874d12853e37c9bda00dbc e7bed37b1c7c47fda85edc29ae475f97 - - default default] Unable to schedule network 249f13b0-1822-4b6a-92c3-0eff054c4dbf: no agents available; will retry on subsequent port and subnet creation events. [pid: 7|app: 0|req: 769/1441] 10.0.0.122 () {32 vars in 717 bytes} [Tue Jun 16 06:20:33 2026] GET /v2.0/ports/3cfa9861-783c-475b-8173-1c45500be131 => generated 941 bytes in 40 msecs (HTTP/1.1 200) 4 headers in 157 bytes (1 switches on core 0) [pid: 7|app: 0|req: 770/1442] 10.0.0.202 () {34 vars in 990 bytes} [Tue Jun 16 06:20:33 2026] GET /v2.0/ports?device_id=0fc1efb2-1f28-42c3-b743-94299a39b0bd => generated 12 bytes in 24 msecs (HTTP/1.1 200) 4 headers in 156 bytes (1 switches on core 0)
2026-06-16 06:20:34.063 8 INFO neutron.db.ovn_revision_numbers_db [None req-e30f0cc6-9063-4d3b-a9c1-6ff516a7c2f8 b1eb3fe741874d12853e37c9bda00dbc e7bed37b1c7c47fda85edc29ae475f97 - - default default] Successfully bumped revision number for resource b20efdd3-3759-4977-b883-1c5c29268b5f (type: floatingips) to 1
2026-06-16 06:20:34.064 8 INFO neutron.db.l3_db [None req-e30f0cc6-9063-4d3b-a9c1-6ff516a7c2f8 b1eb3fe741874d12853e37c9bda00dbc e7bed37b1c7c47fda85edc29ae475f97 - - default default] Floating IP b20efdd3-3759-4977-b883-1c5c29268b5f associated. External IP: 10.96.250.203, port: de3f90fc-e32e-4aaa-a661-305e2071c22a. [pid: 8|app: 0|req: 673/1443] 10.0.0.122 () {34 vars in 677 bytes} [Tue Jun 16 06:20:33 2026] POST /v2.0/floatingips => generated 842 bytes in 1108 msecs (HTTP/1.1 201) 4 headers in 162 bytes (1 switches on core 0) [pid: 7|app: 0|req: 771/1444] 10.0.0.122 () {32 vars in 729 bytes} [Tue Jun 16 06:20:34 2026] GET /v2.0/floatingips/b20efdd3-3759-4977-b883-1c5c29268b5f => generated 844 bytes in 43 msecs (HTTP/1.1 200) 4 headers in 157 bytes (1 switches on core 0) [pid: 8|app: 0|req: 674/1445] 10.0.0.122 () {32 vars in 655 bytes} [Tue Jun 16 06:20:34 2026] GET /v2.0/floatingips => generated 847 bytes in 102 msecs (HTTP/1.1 200) 4 headers in 157 bytes (1 switches on core 0) [pid: 8|app: 0|req: 675/1446] 10.0.0.122 () {32 vars in 717 bytes} [Tue Jun 16 06:20:34 2026] GET /v2.0/ports/3cfa9861-783c-475b-8173-1c45500be131 => generated 941 bytes in 54 msecs (HTTP/1.1 200) 4 headers in 157 bytes (1 switches on core 0)
2026-06-16 06:20:34.865 7 INFO neutron.db.ovn_revision_numbers_db [None req-0ae6c081-9798-4a21-ad3f-cc9dd2c3d465 b1eb3fe741874d12853e37c9bda00dbc e7bed37b1c7c47fda85edc29ae475f97 - - default default] Successfully bumped revision number for resource b20efdd3-3759-4977-b883-1c5c29268b5f (type: floatingips) to 2
2026-06-16 06:20:34.996 8 INFO neutron.db.ovn_revision_numbers_db [None req-55701962-7216-43e3-bb37-ee5aa87fe88d 7ac4b592882944bdaccaee4e8472a330 31199c5ebe154551849e7e0824e09030 - - default default] Successfully bumped revision number for resource 5180d532-3192-470d-82b7-5fb9baf0eeae (type: security_groups) to 1
2026-06-16 06:20:35.008 8 INFO neutron.db.ovn_revision_numbers_db [None req-55701962-7216-43e3-bb37-ee5aa87fe88d 7ac4b592882944bdaccaee4e8472a330 31199c5ebe154551849e7e0824e09030 - - default default] Successfully bumped revision number for resource 0690305c-5016-4053-bf19-8b9e4d19c15d (type: security_group_rules) to 0
2026-06-16 06:20:35.017 8 INFO neutron.db.ovn_revision_numbers_db [None req-55701962-7216-43e3-bb37-ee5aa87fe88d 7ac4b592882944bdaccaee4e8472a330 31199c5ebe154551849e7e0824e09030 - - default default] Successfully bumped revision number for resource 06ba7d8e-b32a-41b7-86d4-dd93c6927a22 (type: security_group_rules) to 0
2026-06-16 06:20:35.027 7 INFO neutron.db.l3_db [None req-0ae6c081-9798-4a21-ad3f-cc9dd2c3d465 b1eb3fe741874d12853e37c9bda00dbc e7bed37b1c7c47fda85edc29ae475f97 - - default default] Floating IP b20efdd3-3759-4977-b883-1c5c29268b5f associated. External IP: 10.96.250.203, port: de3f90fc-e32e-4aaa-a661-305e2071c22a.
2026-06-16 06:20:35.031 8 INFO neutron.db.ovn_revision_numbers_db [None req-55701962-7216-43e3-bb37-ee5aa87fe88d 7ac4b592882944bdaccaee4e8472a330 31199c5ebe154551849e7e0824e09030 - - default default] Successfully bumped revision number for resource 69432821-1650-42e7-9087-cd6c806aaea1 (type: security_group_rules) to 0
2026-06-16 06:20:35.043 8 INFO neutron.db.ovn_revision_numbers_db [None req-55701962-7216-43e3-bb37-ee5aa87fe88d 7ac4b592882944bdaccaee4e8472a330 31199c5ebe154551849e7e0824e09030 - - default default] Successfully bumped revision number for resource ffa823ea-d954-4c2c-81ef-d30f1b18936e (type: security_group_rules) to 0 [pid: 8|app: 0|req: 676/1447] 10.0.0.122 () {32 vars in 774 bytes} [Tue Jun 16 06:20:34 2026] GET /v2.0/security-groups?tenant_id=dc2c597ec7d64d50b99b490bdc144cd3&name=default => generated 2925 bytes in 446 msecs (HTTP/1.1 200) 4 headers in 158 bytes (1 switches on core 0) [pid: 7|app: 0|req: 772/1448] 10.0.0.122 () {34 vars in 749 bytes} [Tue Jun 16 06:20:34 2026] PUT /v2.0/floatingips/b20efdd3-3759-4977-b883-1c5c29268b5f => generated 844 bytes in 818 msecs (HTTP/1.1 200) 4 headers in 157 bytes (1 switches on core 0) [pid: 8|app: 0|req: 677/1449] 10.0.0.202 () {34 vars in 990 bytes} [Tue Jun 16 06:20:35 2026] GET /v2.0/ports?device_id=0fc1efb2-1f28-42c3-b743-94299a39b0bd => generated 12 bytes in 24 msecs (HTTP/1.1 200) 4 headers in 156 bytes (1 switches on core 0)
2026-06-16 06:20:35.349 8 INFO neutron.db.ovn_revision_numbers_db [None req-ac7612be-03ba-415b-8f6e-cf1d857de618 b1eb3fe741874d12853e37c9bda00dbc e7bed37b1c7c47fda85edc29ae475f97 - - default default] Successfully bumped revision number for resource b20efdd3-3759-4977-b883-1c5c29268b5f (type: floatingips) to 3
2026-06-16 06:20:35.426 8 INFO neutron.db.l3_db [None req-ac7612be-03ba-415b-8f6e-cf1d857de618 b1eb3fe741874d12853e37c9bda00dbc e7bed37b1c7c47fda85edc29ae475f97 - - default default] Floating IP b20efdd3-3759-4977-b883-1c5c29268b5f disassociated. External IP: 10.96.250.203, port: ba5cdd2b-77ae-40ea-a09a-933942ea7c7f. [pid: 7|app: 0|req: 773/1450] 10.0.0.122 () {32 vars in 740 bytes} [Tue Jun 16 06:20:35 2026] DELETE /v2.0/security-groups/5180d532-3192-470d-82b7-5fb9baf0eeae => generated 0 bytes in 361 msecs (HTTP/1.1 204) 2 headers in 112 bytes (1 switches on core 0) [pid: 8|app: 0|req: 678/1451] 10.0.0.122 () {34 vars in 749 bytes} [Tue Jun 16 06:20:35 2026] PUT /v2.0/floatingips/b20efdd3-3759-4977-b883-1c5c29268b5f => generated 554 bytes in 346 msecs (HTTP/1.1 200) 4 headers in 157 bytes (1 switches on core 0)
2026-06-16 06:20:35.565 7 INFO neutron_taas.services.taas.taas_plugin [None req-1d820414-17f6-4343-b530-020b1999f56e b1eb3fe741874d12853e37c9bda00dbc e7bed37b1c7c47fda85edc29ae475f97 - - default default] TaaS: Handle Delete Port: fd4c4406-9407-4477-8e8b-a21e1ec49d6b
2026-06-16 06:20:35.567 7 INFO neutron_taas.services.taas.tap_mirror_plugin [None req-1d820414-17f6-4343-b530-020b1999f56e b1eb3fe741874d12853e37c9bda00dbc e7bed37b1c7c47fda85edc29ae475f97 - - default default] Tap Mirror: Handle Delete Port: fd4c4406-9407-4477-8e8b-a21e1ec49d6b
2026-06-16 06:20:35.718 8 INFO neutron.db.ovn_revision_numbers_db [None req-77a11a92-de24-4b1f-bfc0-1b408032a356 7ac4b592882944bdaccaee4e8472a330 31199c5ebe154551849e7e0824e09030 - - default default] Successfully bumped revision number for resource 225e765d-641a-4a29-a764-1ff91bf22862 (type: security_groups) to 1
