2026-06-30 23:30:43.269 7 INFO neutron.db.ovn_revision_numbers_db [None req-504788b4-071d-4a8a-ad10-0213f1772ba3 7982cd132c7e4830a393f0736b8fda81 0a92a95b2482465bae521b3deb53700d - - default default] Successfully bumped revision number for resource 58b7a981-829b-4b79-81b4-030ad9190dcb (type: ports) to 1 [pid: 7|app: 0|req: 769/1598] 10.0.0.211 () {34 vars in 664 bytes} [Tue Jun 30 23:30:42 2026] POST /v2.0/ports => generated 927 bytes in 449 msecs (HTTP/1.1 201) 4 headers in 162 bytes (1 switches on core 0) [pid: 7|app: 0|req: 770/1599] 199.204.45.77 () {34 vars in 992 bytes} [Tue Jun 30 23:30:43 2026] GET /v2.0/ports?device_id=31abe6f4-72f6-4914-95f4-67d1de4baebc => generated 973 bytes in 44 msecs (HTTP/1.1 200) 4 headers in 157 bytes (1 switches on core 0) [pid: 6|app: 0|req: 830/1600] 10.0.0.211 () {32 vars in 739 bytes} [Tue Jun 30 23:30:43 2026] DELETE /v2.0/security-groups/4fbb0fb9-147a-485d-8e88-2c611d9b7014 => generated 0 bytes in 308 msecs (HTTP/1.1 204) 2 headers in 112 bytes (1 switches on core 0)
2026-06-30 23:30:43.533 7 INFO neutron_taas.services.taas.taas_plugin [None req-9f3fab44-3611-44fd-8f87-2ea3510b4bfc 7982cd132c7e4830a393f0736b8fda81 0a92a95b2482465bae521b3deb53700d - - default default] TaaS: Handle Delete Port: 58b7a981-829b-4b79-81b4-030ad9190dcb
2026-06-30 23:30:43.536 7 INFO neutron_taas.services.taas.tap_mirror_plugin [None req-9f3fab44-3611-44fd-8f87-2ea3510b4bfc 7982cd132c7e4830a393f0736b8fda81 0a92a95b2482465bae521b3deb53700d - - default default] Tap Mirror: Handle Delete Port: 58b7a981-829b-4b79-81b4-030ad9190dcb
2026-06-30 23:30:43.582 6 INFO neutron_taas.services.taas.taas_plugin [req-b27c7fb4-758e-4388-93e6-cb5d33d411e1 req-e04d4ee0-9d6a-48de-8f79-bc3ec8af2253 5ddbb11aff8f48be9f7e85d7ccb5a19c 76b70df676a040f79fce84e8ab9ba0d3 - - default default] TaaS: Handle Delete Port: 05764089-1dd6-4df2-8b02-e2eb55f67729
2026-06-30 23:30:43.586 6 INFO neutron_taas.services.taas.tap_mirror_plugin [req-b27c7fb4-758e-4388-93e6-cb5d33d411e1 req-e04d4ee0-9d6a-48de-8f79-bc3ec8af2253 5ddbb11aff8f48be9f7e85d7ccb5a19c 76b70df676a040f79fce84e8ab9ba0d3 - - default default] Tap Mirror: Handle Delete Port: 05764089-1dd6-4df2-8b02-e2eb55f67729 [pid: 7|app: 0|req: 771/1601] 10.0.0.211 () {32 vars in 719 bytes} [Tue Jun 30 23:30:43 2026] DELETE /v2.0/ports/58b7a981-829b-4b79-81b4-030ad9190dcb => generated 0 bytes in 301 msecs (HTTP/1.1 204) 3 headers in 131 bytes (1 switches on core 0)
2026-06-30 23:30:43.720 7 INFO neutron.pecan_wsgi.hooks.translation [None req-87fba795-c844-4e33-9ac1-daf86b02606e 7982cd132c7e4830a393f0736b8fda81 0a92a95b2482465bae521b3deb53700d - - default default] GET failed (client error): The resource could not be found. [pid: 7|app: 0|req: 772/1602] 10.0.0.211 () {32 vars in 716 bytes} [Tue Jun 30 23:30:43 2026] GET /v2.0/ports/58b7a981-829b-4b79-81b4-030ad9190dcb => generated 132 bytes in 16 msecs (HTTP/1.1 404) 4 headers in 164 bytes (1 switches on core 0) [pid: 6|app: 0|req: 831/1603] 199.204.45.77 () {36 vars in 995 bytes} [Tue Jun 30 23:30:43 2026] DELETE /v2.0/ports/05764089-1dd6-4df2-8b02-e2eb55f67729 => generated 0 bytes in 302 msecs (HTTP/1.1 204) 3 headers in 131 bytes (1 switches on core 0)
2026-06-30 23:30:43.863 7 INFO neutron.services.segments.plugin [-] Segment 7b06d999-6210-4c92-9694-d887b609ee94 resource provider aggregate not found
2026-06-30 23:30:43.868 7 INFO neutron.services.segments.plugin [-] Segment 7b06d999-6210-4c92-9694-d887b609ee94 resource provider aggregate not found
2026-06-30 23:30:43.878 7 INFO neutron.services.segments.plugin [-] Segment 7b06d999-6210-4c92-9694-d887b609ee94 resource provider not found; error: Placement Client Error (4xx): {"errors": [{"status": 404, "title": "Not Found", "detail": "The resource could not be found.\n\n No resource provider with uuid 7b06d999-6210-4c92-9694-d887b609ee94 found for delete ", "request_id": "req-917bb7ef-a7ba-4bb1-84b9-01f113921f24"}]} [pid: 6|app: 0|req: 832/1604] 10.0.0.150 () {34 vars in 989 bytes} [Tue Jun 30 23:30:43 2026] GET /v2.0/ports?device_id=31abe6f4-72f6-4914-95f4-67d1de4baebc => generated 12 bytes in 15 msecs (HTTP/1.1 200) 4 headers in 156 bytes (1 switches on core 0)
2026-06-30 23:30:43.889 7 INFO neutron.services.segments.plugin [-] Segment 7b06d999-6210-4c92-9694-d887b609ee94 resource provider not found; error: Placement Client Error (4xx): {"errors": [{"status": 404, "title": "Not Found", "detail": "The resource could not be found.\n\n No resource provider with uuid 7b06d999-6210-4c92-9694-d887b609ee94 found for delete ", "request_id": "req-589cd94e-4137-4126-bdd8-68a7ca48aa28"}]} [pid: 7|app: 0|req: 773/1605] 10.0.0.211 () {32 vars in 723 bytes} [Tue Jun 30 23:30:43 2026] DELETE /v2.0/subnets/2bd2555f-b498-4114-b7b7-5d1d9d7caea7 => generated 0 bytes in 196 msecs (HTTP/1.1 204) 3 headers in 131 bytes (1 switches on core 0)
2026-06-30 23:30:44.041 6 INFO neutron_taas.services.taas.taas_plugin [None req-edaba47e-6875-46cf-b24f-702596dd966d 7982cd132c7e4830a393f0736b8fda81 0a92a95b2482465bae521b3deb53700d - - default default] TaaS: Handle Delete Port: c48181bf-512b-400d-9c60-83f90da4131e
2026-06-30 23:30:44.043 6 INFO neutron_taas.services.taas.tap_mirror_plugin [None req-edaba47e-6875-46cf-b24f-702596dd966d 7982cd132c7e4830a393f0736b8fda81 0a92a95b2482465bae521b3deb53700d - - default default] Tap Mirror: Handle Delete Port: c48181bf-512b-400d-9c60-83f90da4131e
2026-06-30 23:30:44.316 6 INFO neutron.services.segments.plugin [-] Segment 8196242c-da34-48fb-8d68-4103baf7e3df resource provider aggregate not found
2026-06-30 23:30:44.325 6 INFO neutron.services.segments.plugin [-] Segment 8196242c-da34-48fb-8d68-4103baf7e3df resource provider aggregate not found
2026-06-30 23:30:44.338 6 INFO neutron.services.segments.plugin [-] Segment 8196242c-da34-48fb-8d68-4103baf7e3df resource provider not found; error: Placement Client Error (4xx): {"errors": [{"status": 404, "title": "Not Found", "detail": "The resource could not be found.\n\n No resource provider with uuid 8196242c-da34-48fb-8d68-4103baf7e3df found for delete ", "request_id": "req-52d958d8-1da8-45ce-adef-51fc01edd28f"}]}
2026-06-30 23:30:44.345 6 INFO neutron.services.segments.plugin [-] Segment 8196242c-da34-48fb-8d68-4103baf7e3df resource provider not found; error: Placement Client Error (4xx): {"errors": [{"status": 404, "title": "Not Found", "detail": "The resource could not be found.\n\n No resource provider with uuid 8196242c-da34-48fb-8d68-4103baf7e3df found for delete ", "request_id": "req-16a6122c-7ed7-4e94-b86e-b013b72b5e02"}]} [pid: 6|app: 0|req: 833/1606] 10.0.0.211 () {32 vars in 725 bytes} [Tue Jun 30 23:30:43 2026] DELETE /v2.0/networks/7fc1335b-dc4d-4302-9a0d-7ec3beef2a14 => generated 0 bytes in 456 msecs (HTTP/1.1 204) 3 headers in 131 bytes (1 switches on core 0)
2026-06-30 23:30:44.502 6 INFO neutron.notifiers.nova [-] Nova event matching ['req-baaaf6bb-b2a2-4191-90fc-e3335a9815fc'] response: {'server_uuid': '31abe6f4-72f6-4914-95f4-67d1de4baebc', 'name': 'network-vif-unplugged', 'status': 'completed', 'tag': '05764089-1dd6-4df2-8b02-e2eb55f67729', 'code': 200}
2026-06-30 23:30:44.502 6 INFO neutron.notifiers.nova [-] Nova event matching ['req-baaaf6bb-b2a2-4191-90fc-e3335a9815fc'] response: {'server_uuid': '31abe6f4-72f6-4914-95f4-67d1de4baebc', 'name': 'network-vif-deleted', 'tag': '05764089-1dd6-4df2-8b02-e2eb55f67729', 'status': 'completed', 'code': 200}
2026-06-30 23:30:44.611 7 WARNING neutron.scheduler.dhcp_agent_scheduler [None req-5f905ddb-79b6-4892-ba37-4cd2fa3b46be 7982cd132c7e4830a393f0736b8fda81 0a92a95b2482465bae521b3deb53700d - - default default] No more DHCP agents
2026-06-30 23:30:44.612 7 WARNING neutron.api.rpc.agentnotifiers.dhcp_rpc_agent_api [None req-5f905ddb-79b6-4892-ba37-4cd2fa3b46be 7982cd132c7e4830a393f0736b8fda81 0a92a95b2482465bae521b3deb53700d - - default default] Unable to schedule network b66e3b97-fe0e-44c2-a29f-3409adecaa9b: no agents available; will retry on subsequent port and subnet creation events.
2026-06-30 23:30:44.663 6 INFO neutron.plugins.ml2.drivers.ovn.mech_driver.mech_driver [None req-05559375-4582-446b-aba7-f2325f101151 - - - - - -] OVN reports status down for port: 852e29cb-4026-42e3-b87e-72361d81b80d
2026-06-30 23:30:44.701 7 INFO neutron.db.ovn_revision_numbers_db [None req-5f905ddb-79b6-4892-ba37-4cd2fa3b46be 7982cd132c7e4830a393f0736b8fda81 0a92a95b2482465bae521b3deb53700d - - default default] Successfully bumped revision number for resource 852e29cb-4026-42e3-b87e-72361d81b80d (type: ports) to 1 [pid: 7|app: 0|req: 774/1607] 10.0.0.211 () {34 vars in 664 bytes} [Tue Jun 30 23:30:44 2026] POST /v2.0/ports => generated 779 bytes in 351 msecs (HTTP/1.1 201) 4 headers in 162 bytes (1 switches on core 0)
2026-06-30 23:30:44.940 6 INFO neutron.plugins.ml2.drivers.ovn.mech_driver.mech_driver [None req-05559375-4582-446b-aba7-f2325f101151 - - - - - -] OVN reports status down for port: 852e29cb-4026-42e3-b87e-72361d81b80d /var/lib/openstack/lib/python3.12/site-packages/pycadf/identifier.py:70: UserWarning: Invalid uuid: neutron. To ensure interoperability, identifiers should be a valid uuid. warnings.warn(('Invalid uuid: %s. To ensure interoperability, ' [pid: 7|app: 0|req: 775/1608] 10.0.0.150 () {34 vars in 989 bytes} [Tue Jun 30 23:30:44 2026] GET /v2.0/ports?device_id=31abe6f4-72f6-4914-95f4-67d1de4baebc => generated 12 bytes in 21 msecs (HTTP/1.1 200) 4 headers in 156 bytes (1 switches on core 0)
2026-06-30 23:30:44.991 6 INFO neutron.db.ovn_revision_numbers_db [None req-1652478c-c7af-4e79-8afa-c5fa2c7b4907 7982cd132c7e4830a393f0736b8fda81 0a92a95b2482465bae521b3deb53700d - - default default] Successfully bumped revision number for resource 852e29cb-4026-42e3-b87e-72361d81b80d (type: ports) to 2 [pid: 6|app: 0|req: 834/1609] 10.0.0.211 () {34 vars in 736 bytes} [Tue Jun 30 23:30:44 2026] PUT /v2.0/ports/852e29cb-4026-42e3-b87e-72361d81b80d => generated 752 bytes in 316 msecs (HTTP/1.1 200) 4 headers in 157 bytes (1 switches on core 0) /var/lib/openstack/lib/python3.12/site-packages/pycadf/identifier.py:70: UserWarning: Invalid uuid: neutron. To ensure interoperability, identifiers should be a valid uuid. warnings.warn(('Invalid uuid: %s. To ensure interoperability, '
2026-06-30 23:30:45.177 6 INFO neutron_taas.services.taas.taas_plugin [None req-e2f7219e-121a-4ad9-8650-ae1367184d69 7982cd132c7e4830a393f0736b8fda81 0a92a95b2482465bae521b3deb53700d - - default default] TaaS: Handle Delete Port: 852e29cb-4026-42e3-b87e-72361d81b80d
2026-06-30 23:30:45.181 6 INFO neutron_taas.services.taas.tap_mirror_plugin [None req-e2f7219e-121a-4ad9-8650-ae1367184d69 7982cd132c7e4830a393f0736b8fda81 0a92a95b2482465bae521b3deb53700d - - default default] Tap Mirror: Handle Delete Port: 852e29cb-4026-42e3-b87e-72361d81b80d [pid: 6|app: 0|req: 835/1610] 10.0.0.211 () {32 vars in 719 bytes} [Tue Jun 30 23:30:45 2026] DELETE /v2.0/ports/852e29cb-4026-42e3-b87e-72361d81b80d => generated 0 bytes in 229 msecs (HTTP/1.1 204) 3 headers in 131 bytes (1 switches on core 0)
2026-06-30 23:30:45.381 7 INFO neutron.db.ovn_revision_numbers_db [None req-ac90422b-19d3-496b-8a16-b1077c7d5f55 218a63f50c26408ca14a1a82aaf77297 c39eb924ca0b4d5d9dfffd2d8de93adc - - default default] Successfully bumped revision number for resource d447c8ba-d761-43ef-ab3f-31a7c3ebe599 (type: security_groups) to 1 [pid: 6|app: 0|req: 836/1611] 10.0.0.211 () {32 vars in 642 bytes} [Tue Jun 30 23:30:45 2026] GET /v2.0/ports => generated 1538 bytes in 85 msecs (HTTP/1.1 200) 4 headers in 158 bytes (1 switches on core 0)
2026-06-30 23:30:45.396 7 INFO neutron.db.ovn_revision_numbers_db [None req-ac90422b-19d3-496b-8a16-b1077c7d5f55 218a63f50c26408ca14a1a82aaf77297 c39eb924ca0b4d5d9dfffd2d8de93adc - - default default] Successfully bumped revision number for resource 1d85e65d-a014-419e-be01-4bf525fda029 (type: security_group_rules) to 0
2026-06-30 23:30:45.409 6 INFO neutron.pecan_wsgi.hooks.translation [None req-1ab76bbc-bbcf-4074-b701-58927c5ac5cd 7982cd132c7e4830a393f0736b8fda81 0a92a95b2482465bae521b3deb53700d - - default default] GET failed (client error): The resource could not be found. [pid: 6|app: 0|req: 837/1612] 10.0.0.211 () {32 vars in 716 bytes} [Tue Jun 30 23:30:45 2026] GET /v2.0/ports/852e29cb-4026-42e3-b87e-72361d81b80d => generated 132 bytes in 19 msecs (HTTP/1.1 404) 4 headers in 164 bytes (1 switches on core 0)
2026-06-30 23:30:45.411 7 INFO neutron.db.ovn_revision_numbers_db [None req-ac90422b-19d3-496b-8a16-b1077c7d5f55 218a63f50c26408ca14a1a82aaf77297 c39eb924ca0b4d5d9dfffd2d8de93adc - - default default] Successfully bumped revision number for resource 6b36b2a9-0eda-4cf7-95bf-1d91367dd0d1 (type: security_group_rules) to 0
2026-06-30 23:30:45.427 7 INFO neutron.db.ovn_revision_numbers_db [None req-ac90422b-19d3-496b-8a16-b1077c7d5f55 218a63f50c26408ca14a1a82aaf77297 c39eb924ca0b4d5d9dfffd2d8de93adc - - default default] Successfully bumped revision number for resource acba330e-db07-4021-ad1a-158e38e63968 (type: security_group_rules) to 0
2026-06-30 23:30:45.441 7 INFO neutron.db.ovn_revision_numbers_db [None req-ac90422b-19d3-496b-8a16-b1077c7d5f55 218a63f50c26408ca14a1a82aaf77297 c39eb924ca0b4d5d9dfffd2d8de93adc - - default default] Successfully bumped revision number for resource fabb18c2-7780-4986-9092-393f5ee93930 (type: security_group_rules) to 0 [pid: 6|app: 0|req: 838/1613] 10.0.0.211 () {32 vars in 642 bytes} [Tue Jun 30 23:30:45 2026] GET /v2.0/ports => generated 1538 bytes in 43 msecs (HTTP/1.1 200) 4 headers in 158 bytes (1 switches on core 0) [pid: 6|app: 0|req: 839/1614] 10.0.0.211 () {32 vars in 716 bytes} [Tue Jun 30 23:30:45 2026] GET /v2.0/ports/cc124c02-a6f6-4835-a403-9d9dd57528fd => generated 779 bytes in 29 msecs (HTTP/1.1 200) 4 headers in 157 bytes (1 switches on core 0)
2026-06-30 23:30:45.517 7 INFO neutron.db.segments_db [None req-ac90422b-19d3-496b-8a16-b1077c7d5f55 218a63f50c26408ca14a1a82aaf77297 c39eb924ca0b4d5d9dfffd2d8de93adc - - default default] Added segment 795e9ddc-a3d4-4c0e-bb18-e084d49c20fe of type geneve for network 548301d4-b080-49d7-a4a8-3c4df6b78eef
2026-06-30 23:30:45.520 6 INFO neutron.pecan_wsgi.hooks.translation [None req-b6426300-1eae-48dd-b464-76599c0304fd 7982cd132c7e4830a393f0736b8fda81 0a92a95b2482465bae521b3deb53700d - - default default] DELETE failed (client error): The resource could not be found. [pid: 6|app: 0|req: 840/1615] 10.0.0.211 () {32 vars in 719 bytes} [Tue Jun 30 23:30:45 2026] DELETE /v2.0/ports/58b7a981-829b-4b79-81b4-030ad9190dcb => generated 132 bytes in 17 msecs (HTTP/1.1 404) 4 headers in 164 bytes (1 switches on core 0)
2026-06-30 23:30:45.541 6 INFO neutron.pecan_wsgi.hooks.translation [None req-db25be4a-59fc-4140-a7a7-f2fe7726e03b 7982cd132c7e4830a393f0736b8fda81 0a92a95b2482465bae521b3deb53700d - - default default] DELETE failed (client error): The resource could not be found. [pid: 6|app: 0|req: 841/1616] 10.0.0.211 () {32 vars in 723 bytes} [Tue Jun 30 23:30:45 2026] DELETE /v2.0/subnets/2bd2555f-b498-4114-b7b7-5d1d9d7caea7 => generated 136 bytes in 16 msecs (HTTP/1.1 404) 4 headers in 164 bytes (1 switches on core 0)
2026-06-30 23:30:45.562 6 INFO neutron.pecan_wsgi.hooks.translation [None req-71c6bafa-8a6a-4dbb-87e5-ecf38d38adc7 7982cd132c7e4830a393f0736b8fda81 0a92a95b2482465bae521b3deb53700d - - default default] DELETE failed (client error): The resource could not be found. [pid: 6|app: 0|req: 842/1617] 10.0.0.211 () {32 vars in 723 bytes} [Tue Jun 30 23:30:45 2026] DELETE /v2.0/subnets/e592f749-b02d-490c-97ce-aecf395983b2 => generated 136 bytes in 17 msecs (HTTP/1.1 404) 4 headers in 164 bytes (1 switches on core 0)
2026-06-30 23:30:45.613 7 INFO neutron.db.ovn_revision_numbers_db [None req-ac90422b-19d3-496b-8a16-b1077c7d5f55 218a63f50c26408ca14a1a82aaf77297 c39eb924ca0b4d5d9dfffd2d8de93adc - - default default] Successfully bumped revision number for resource 548301d4-b080-49d7-a4a8-3c4df6b78eef (type: networks) to 1
2026-06-30 23:30:45.696 6 INFO neutron_taas.services.taas.taas_plugin [None req-776bdf36-b509-420a-9cbd-1b4ac85b076d 7982cd132c7e4830a393f0736b8fda81 0a92a95b2482465bae521b3deb53700d - - default default] TaaS: Handle Delete Port: cc124c02-a6f6-4835-a403-9d9dd57528fd
2026-06-30 23:30:45.700 6 INFO neutron_taas.services.taas.tap_mirror_plugin [None req-776bdf36-b509-420a-9cbd-1b4ac85b076d 7982cd132c7e4830a393f0736b8fda81 0a92a95b2482465bae521b3deb53700d - - default default] Tap Mirror: Handle Delete Port: cc124c02-a6f6-4835-a403-9d9dd57528fd
2026-06-30 23:30:45.810 7 WARNING neutron.scheduler.dhcp_agent_scheduler [None req-ac90422b-19d3-496b-8a16-b1077c7d5f55 218a63f50c26408ca14a1a82aaf77297 c39eb924ca0b4d5d9dfffd2d8de93adc - - default default] No more DHCP agents [pid: 6|app: 0|req: 843/1618] 10.0.0.211 () {32 vars in 719 bytes} [Tue Jun 30 23:30:45 2026] DELETE /v2.0/ports/cc124c02-a6f6-4835-a403-9d9dd57528fd => generated 0 bytes in 240 msecs (HTTP/1.1 204) 3 headers in 131 bytes (1 switches on core 0)
2026-06-30 23:30:45.814 7 WARNING neutron.api.rpc.agentnotifiers.dhcp_rpc_agent_api [None req-ac90422b-19d3-496b-8a16-b1077c7d5f55 218a63f50c26408ca14a1a82aaf77297 c39eb924ca0b4d5d9dfffd2d8de93adc - - default default] Unable to schedule network 548301d4-b080-49d7-a4a8-3c4df6b78eef: no agents available; will retry on subsequent port and subnet creation events.
2026-06-30 23:30:45.879 7 INFO neutron.plugins.ml2.drivers.ovn.mech_driver.mech_driver [None req-d9410850-31bc-4a92-a521-5cac264f9ef2 - - - - - -] OVN reports status down for port: 9956f0ea-909b-4834-bfbc-d1708a65143b
2026-06-30 23:30:45.935 7 INFO neutron.db.ovn_revision_numbers_db [None req-ac90422b-19d3-496b-8a16-b1077c7d5f55 218a63f50c26408ca14a1a82aaf77297 c39eb924ca0b4d5d9dfffd2d8de93adc - - default default] Successfully bumped revision number for resource 9956f0ea-909b-4834-bfbc-d1708a65143b (type: ports) to 1
2026-06-30 23:30:45.951 6 INFO neutron_taas.services.taas.taas_plugin [None req-ec62e9a2-72f0-43f8-b27a-ee08582d4bdd 7982cd132c7e4830a393f0736b8fda81 0a92a95b2482465bae521b3deb53700d - - default default] TaaS: Handle Delete Port: f3fb1090-4654-4420-84cb-d1a246ed3d60
2026-06-30 23:30:45.954 6 INFO neutron_taas.services.taas.tap_mirror_plugin [None req-ec62e9a2-72f0-43f8-b27a-ee08582d4bdd 7982cd132c7e4830a393f0736b8fda81 0a92a95b2482465bae521b3deb53700d - - default default] Tap Mirror: Handle Delete Port: f3fb1090-4654-4420-84cb-d1a246ed3d60 [pid: 7|app: 0|req: 776/1619] 10.0.0.211 () {34 vars in 669 bytes} [Tue Jun 30 23:30:45 2026] POST /v2.0/networks => generated 645 bytes in 941 msecs (HTTP/1.1 201) 4 headers in 162 bytes (1 switches on core 0) [pid: 7|app: 0|req: 777/1620] 10.0.0.91 () {28 vars in 589 bytes} [Tue Jun 30 23:30:45 2026] GET /v2.0/floatingips => generated 861 bytes in 91 msecs (HTTP/1.1 200) 4 headers in 157 bytes (1 switches on core 0) [pid: 6|app: 0|req: 844/1621] 10.0.0.211 () {32 vars in 725 bytes} [Tue Jun 30 23:30:45 2026] DELETE /v2.0/networks/b66e3b97-fe0e-44c2-a29f-3409adecaa9b => generated 0 bytes in 330 msecs (HTTP/1.1 204) 3 headers in 131 bytes (1 switches on core 0) [pid: 6|app: 0|req: 845/1622] 10.0.0.150 () {34 vars in 989 bytes} [Tue Jun 30 23:30:46 2026] GET /v2.0/ports?device_id=31abe6f4-72f6-4914-95f4-67d1de4baebc => generated 12 bytes in 16 msecs (HTTP/1.1 200) 4 headers in 156 bytes (1 switches on core 0) [pid: 6|app: 0|req: 846/1623] 10.0.0.91 () {28 vars in 597 bytes} [Tue Jun 30 23:30:46 2026] GET /v2.0/security-groups => generated 40124 bytes in 49 msecs (HTTP/1.1 200) 4 headers in 159 bytes (1 switches on core 0) [pid: 6|app: 0|req: 847/1624] 10.0.0.91 () {28 vars in 581 bytes} [Tue Jun 30 23:30:46 2026] GET /v2.0/routers => generated 2903 bytes in 67 msecs (HTTP/1.1 200) 4 headers in 158 bytes (1 switches on core 0) [pid: 6|app: 0|req: 848/1625] 10.0.0.91 () {28 vars in 622 bytes} [Tue Jun 30 23:30:46 2026] GET /v2.0/agents?binary=ovn-controller => generated 416 bytes in 10 msecs (HTTP/1.1 200) 4 headers in 157 bytes (1 switches on core 0)
2026-06-30 23:30:46.310 7 WARNING neutron.scheduler.dhcp_agent_scheduler [None req-9a267d1a-516b-42df-a651-c9489a92bab1 218a63f50c26408ca14a1a82aaf77297 c39eb924ca0b4d5d9dfffd2d8de93adc - - default default] No more DHCP agents
2026-06-30 23:30:46.312 7 WARNING neutron.api.rpc.agentnotifiers.dhcp_rpc_agent_api [None req-9a267d1a-516b-42df-a651-c9489a92bab1 218a63f50c26408ca14a1a82aaf77297 c39eb924ca0b4d5d9dfffd2d8de93adc - - default default] Unable to schedule network 548301d4-b080-49d7-a4a8-3c4df6b78eef: no agents available; will retry on subsequent port and subnet creation events. [pid: 6|app: 0|req: 849/1626] 10.0.0.91 () {28 vars in 581 bytes} [Tue Jun 30 23:30:46 2026] GET /v2.0/subnets => generated 3346 bytes in 44 msecs (HTTP/1.1 200) 4 headers in 158 bytes (1 switches on core 0)
2026-06-30 23:30:46.369 6 INFO neutron.services.segments.plugin [-] Segment 718ab441-f058-49fd-b5b0-66e14440e9c4 resource provider aggregate not found
2026-06-30 23:30:46.391 6 INFO neutron.services.segments.plugin [-] Segment 718ab441-f058-49fd-b5b0-66e14440e9c4 resource provider aggregate not found
2026-06-30 23:30:46.411 6 INFO neutron.services.segments.plugin [-] Segment 718ab441-f058-49fd-b5b0-66e14440e9c4 resource provider not found; error: Placement Client Error (4xx): {"errors": [{"status": 404, "title": "Not Found", "detail": "The resource could not be found.\n\n No resource provider with uuid 718ab441-f058-49fd-b5b0-66e14440e9c4 found for delete ", "request_id": "req-69de5390-62b2-4cc5-bf0a-79f916576d4d"}]}
2026-06-30 23:30:46.432 6 INFO neutron.plugins.ml2.drivers.ovn.mech_driver.mech_driver [None req-05559375-4582-446b-aba7-f2325f101151 - - - - - -] OVN reports status down for port: 86579599-185c-425d-8383-a81fa492a93a
2026-06-30 23:30:46.438 6 INFO neutron.services.segments.plugin [-] Segment 718ab441-f058-49fd-b5b0-66e14440e9c4 resource provider not found; error: Placement Client Error (4xx): {"errors": [{"status": 404, "title": "Not Found", "detail": "The resource could not be found.\n\n No resource provider with uuid 718ab441-f058-49fd-b5b0-66e14440e9c4 found for delete ", "request_id": "req-e7c2d22e-9eeb-4e54-bdc9-b712856dd88c"}]}
2026-06-30 23:30:46.441 7 INFO neutron.db.ovn_revision_numbers_db [None req-9a267d1a-516b-42df-a651-c9489a92bab1 218a63f50c26408ca14a1a82aaf77297 c39eb924ca0b4d5d9dfffd2d8de93adc - - default default] Successfully bumped revision number for resource 86579599-185c-425d-8383-a81fa492a93a (type: ports) to 1 [pid: 7|app: 0|req: 778/1627] 10.0.0.211 () {34 vars in 664 bytes} [Tue Jun 30 23:30:46 2026] POST /v2.0/ports => generated 774 bytes in 409 msecs (HTTP/1.1 201) 4 headers in 162 bytes (1 switches on core 0) /var/lib/openstack/lib/python3.12/site-packages/pycadf/identifier.py:70: UserWarning: Invalid uuid: neutron. To ensure interoperability, identifiers should be a valid uuid. warnings.warn(('Invalid uuid: %s. To ensure interoperability, ' [pid: 6|app: 0|req: 850/1628] 10.0.0.91 () {28 vars in 577 bytes} [Tue Jun 30 23:30:46 2026] GET /v2.0/ports => generated 18723 bytes in 221 msecs (HTTP/1.1 200) 4 headers in 159 bytes (1 switches on core 0)
2026-06-30 23:30:46.574 7 INFO neutron.db.segments_db [None req-ec6764ec-24bf-491c-aa9a-3e6d6bf7f67c 218a63f50c26408ca14a1a82aaf77297 c39eb924ca0b4d5d9dfffd2d8de93adc - - default default] Added segment 4a8dc3b8-cdda-48f0-a16a-be4700f20ee7 of type geneve for network 26bf6eea-5b8c-4aba-8a42-a1a3612a8647 [pid: 6|app: 0|req: 851/1629] 10.0.0.91 () {28 vars in 579 bytes} [Tue Jun 30 23:30:46 2026] GET /v2.0/agents => generated 1214 bytes in 14 msecs (HTTP/1.1 200) 4 headers in 158 bytes (1 switches on core 0) [pid: 6|app: 0|req: 852/1630] 10.0.0.91 () {28 vars in 617 bytes} [Tue Jun 30 23:30:46 2026] GET /v2.0/network-ip-availabilities => generated 2809 bytes in 14 msecs (HTTP/1.1 200) 4 headers in 158 bytes (1 switches on core 0) [pid: 6|app: 0|req: 853/1631] 10.0.0.91 () {28 vars in 581 bytes} [Tue Jun 30 23:30:46 2026] GET /v2.0/subnets => generated 3346 bytes in 53 msecs (HTTP/1.1 200) 4 headers in 158 bytes (1 switches on core 0)
2026-06-30 23:30:46.690 7 INFO neutron.db.ovn_revision_numbers_db [None req-ec6764ec-24bf-491c-aa9a-3e6d6bf7f67c 218a63f50c26408ca14a1a82aaf77297 c39eb924ca0b4d5d9dfffd2d8de93adc - - default default] Successfully bumped revision number for resource 26bf6eea-5b8c-4aba-8a42-a1a3612a8647 (type: networks) to 1 [pid: 6|app: 0|req: 854/1632] 10.0.0.91 () {28 vars in 589 bytes} [Tue Jun 30 23:30:46 2026] GET /v2.0/subnetpools => generated 19 bytes in 14 msecs (HTTP/1.1 200) 4 headers in 156 bytes (1 switches on core 0) [pid: 6|app: 0|req: 855/1633] 10.0.0.91 () {28 vars in 583 bytes} [Tue Jun 30 23:30:46 2026] GET /v2.0/networks => generated 5878 bytes in 64 msecs (HTTP/1.1 200) 4 headers in 158 bytes (1 switches on core 0)
2026-06-30 23:30:46.856 7 WARNING neutron.scheduler.dhcp_agent_scheduler [None req-ec6764ec-24bf-491c-aa9a-3e6d6bf7f67c 218a63f50c26408ca14a1a82aaf77297 c39eb924ca0b4d5d9dfffd2d8de93adc - - default default] No more DHCP agents
2026-06-30 23:30:46.858 7 WARNING neutron.api.rpc.agentnotifiers.dhcp_rpc_agent_api [None req-ec6764ec-24bf-491c-aa9a-3e6d6bf7f67c 218a63f50c26408ca14a1a82aaf77297 c39eb924ca0b4d5d9dfffd2d8de93adc - - default default] Unable to schedule network 26bf6eea-5b8c-4aba-8a42-a1a3612a8647: no agents available; will retry on subsequent port and subnet creation events. [pid: 6|app: 0|req: 856/1634] 10.0.0.211 () {32 vars in 773 bytes} [Tue Jun 30 23:30:46 2026] GET /v2.0/security-groups?tenant_id=0a92a95b2482465bae521b3deb53700d&name=default => generated 2925 bytes in 111 msecs (HTTP/1.1 200) 4 headers in 158 bytes (1 switches on core 0)
2026-06-30 23:30:46.899 7 INFO neutron.plugins.ml2.drivers.ovn.mech_driver.mech_driver [None req-d9410850-31bc-4a92-a521-5cac264f9ef2 - - - - - -] OVN reports status down for port: 2a83d74f-7336-4a1f-8c9f-3c0c824c837c
2026-06-30 23:30:46.958 7 INFO neutron.db.ovn_revision_numbers_db [None req-ec6764ec-24bf-491c-aa9a-3e6d6bf7f67c 218a63f50c26408ca14a1a82aaf77297 c39eb924ca0b4d5d9dfffd2d8de93adc - - default default] Successfully bumped revision number for resource 2a83d74f-7336-4a1f-8c9f-3c0c824c837c (type: ports) to 1 [pid: 7|app: 0|req: 779/1635] 10.0.0.211 () {34 vars in 669 bytes} [Tue Jun 30 23:30:46 2026] POST /v2.0/networks => generated 631 bytes in 494 msecs (HTTP/1.1 201) 4 headers in 162 bytes (1 switches on core 0) [pid: 6|app: 0|req: 857/1636] 10.0.0.211 () {32 vars in 739 bytes} [Tue Jun 30 23:30:46 2026] DELETE /v2.0/security-groups/f7d10de9-2528-4a1f-b6d6-a7910970549d => generated 0 bytes in 223 msecs (HTTP/1.1 204) 2 headers in 112 bytes (1 switches on core 0)
2026-06-30 23:30:47.198 7 WARNING neutron.scheduler.dhcp_agent_scheduler [None req-354cb729-285c-46e5-8f8c-3a4d91d666b6 218a63f50c26408ca14a1a82aaf77297 c39eb924ca0b4d5d9dfffd2d8de93adc - - default default] No more DHCP agents
2026-06-30 23:30:47.200 7 WARNING neutron.api.rpc.agentnotifiers.dhcp_rpc_agent_api [None req-354cb729-285c-46e5-8f8c-3a4d91d666b6 218a63f50c26408ca14a1a82aaf77297 c39eb924ca0b4d5d9dfffd2d8de93adc - - default default] Unable to schedule network 26bf6eea-5b8c-4aba-8a42-a1a3612a8647: no agents available; will retry on subsequent port and subnet creation events.
2026-06-30 23:30:47.489 6 INFO neutron_taas.services.taas.taas_plugin [None req-72e4b70b-07e6-4c62-81ac-a039e045f2e2 7a57bfe0784945dfa4087ae54e0e252f 378e309d42154c8795f8c4e11ffe384c - - default default] TaaS: Handle Delete Port: 1c680abb-5888-4c48-ace4-983650e41a10
2026-06-30 23:30:47.495 6 INFO neutron_taas.services.taas.tap_mirror_plugin [None req-72e4b70b-07e6-4c62-81ac-a039e045f2e2 7a57bfe0784945dfa4087ae54e0e252f 378e309d42154c8795f8c4e11ffe384c - - default default] Tap Mirror: Handle Delete Port: 1c680abb-5888-4c48-ace4-983650e41a10
2026-06-30 23:30:47.633 7 INFO neutron.db.ovn_revision_numbers_db [None req-b0c4716f-ade5-49b9-8d43-5ed74636f089 - - - - - -] Successfully bumped revision number for resource 2a83d74f-7336-4a1f-8c9f-3c0c824c837c (type: ports) to 2
2026-06-30 23:30:47.667 7 INFO neutron.db.ovn_revision_numbers_db [None req-b0c4716f-ade5-49b9-8d43-5ed74636f089 - - - - - -] Successfully bumped revision number for resource 6fb1d553-9365-460d-93a2-f64b0e936072 (type: subnets) to 0 [pid: 7|app: 0|req: 780/1637] 10.0.0.211 () {34 vars in 668 bytes} [Tue Jun 30 23:30:46 2026] POST /v2.0/subnets => generated 626 bytes in 694 msecs (HTTP/1.1 201) 4 headers in 162 bytes (1 switches on core 0)
2026-06-30 23:30:47.999 7 WARNING neutron.scheduler.dhcp_agent_scheduler [None req-7cf38b2c-6c79-4a26-8d78-cc3d822dbe06 218a63f50c26408ca14a1a82aaf77297 c39eb924ca0b4d5d9dfffd2d8de93adc - - default default] No more DHCP agents
2026-06-30 23:30:48.000 7 WARNING neutron.api.rpc.agentnotifiers.dhcp_rpc_agent_api [None req-7cf38b2c-6c79-4a26-8d78-cc3d822dbe06 218a63f50c26408ca14a1a82aaf77297 c39eb924ca0b4d5d9dfffd2d8de93adc - - default default] Unable to schedule network 26bf6eea-5b8c-4aba-8a42-a1a3612a8647: no agents available; will retry on subsequent port and subnet creation events.
2026-06-30 23:30:48.108 6 INFO neutron.plugins.ml2.drivers.ovn.mech_driver.mech_driver [None req-05559375-4582-446b-aba7-f2325f101151 - - - - - -] OVN reports status down for port: ef863c11-7bb0-4b3f-b95e-b2e758681332
2026-06-30 23:30:48.136 7 INFO neutron.db.ovn_revision_numbers_db [None req-7cf38b2c-6c79-4a26-8d78-cc3d822dbe06 218a63f50c26408ca14a1a82aaf77297 c39eb924ca0b4d5d9dfffd2d8de93adc - - default default] Successfully bumped revision number for resource ef863c11-7bb0-4b3f-b95e-b2e758681332 (type: ports) to 1 [pid: 7|app: 0|req: 781/1638] 10.0.0.211 () {34 vars in 664 bytes} [Tue Jun 30 23:30:47 2026] POST /v2.0/ports => generated 950 bytes in 474 msecs (HTTP/1.1 201) 4 headers in 162 bytes (1 switches on core 0) /var/lib/openstack/lib/python3.12/site-packages/pycadf/identifier.py:70: UserWarning: Invalid uuid: neutron. To ensure interoperability, identifiers should be a valid uuid. warnings.warn(('Invalid uuid: %s. To ensure interoperability, ' [pid: 6|app: 0|req: 858/1639] 10.0.0.211 () {34 vars in 788 bytes} [Tue Jun 30 23:30:47 2026] PUT /v2.0/routers/3930ee7a-479f-45ec-b2ee-419b31f77b4d/remove_router_interface => generated 309 bytes in 1070 msecs (HTTP/1.1 200) 4 headers in 157 bytes (1 switches on core 0) /var/lib/openstack/lib/python3.12/site-packages/pycadf/identifier.py:70: UserWarning: Invalid uuid: neutron. To ensure interoperability, identifiers should be a valid uuid. warnings.warn(('Invalid uuid: %s. To ensure interoperability, '
2026-06-30 23:30:48.372 7 INFO neutron_taas.services.taas.taas_plugin [None req-ddfcd143-c32d-42e1-85a7-5f6512bf3153 218a63f50c26408ca14a1a82aaf77297 c39eb924ca0b4d5d9dfffd2d8de93adc - - default default] TaaS: Handle Delete Port: ef863c11-7bb0-4b3f-b95e-b2e758681332
2026-06-30 23:30:48.376 7 INFO neutron_taas.services.taas.tap_mirror_plugin [None req-ddfcd143-c32d-42e1-85a7-5f6512bf3153 218a63f50c26408ca14a1a82aaf77297 c39eb924ca0b4d5d9dfffd2d8de93adc - - default default] Tap Mirror: Handle Delete Port: ef863c11-7bb0-4b3f-b95e-b2e758681332 [pid: 7|app: 0|req: 782/1640] 10.0.0.211 () {32 vars in 719 bytes} [Tue Jun 30 23:30:48 2026] DELETE /v2.0/ports/ef863c11-7bb0-4b3f-b95e-b2e758681332 => generated 0 bytes in 364 msecs (HTTP/1.1 204) 3 headers in 131 bytes (1 switches on core 0) [pid: 7|app: 0|req: 783/1641] 10.0.0.150 () {34 vars in 989 bytes} [Tue Jun 30 23:30:48 2026] GET /v2.0/ports?device_id=ecbfe0fd-5548-4bfc-86a4-370f2fb9771a => generated 1014 bytes in 67 msecs (HTTP/1.1 200) 4 headers in 158 bytes (1 switches on core 0)
2026-06-30 23:30:48.611 7 INFO neutron.pecan_wsgi.hooks.translation [None req-4d20c108-8316-4aa3-9c59-0b67ffe3c131 218a63f50c26408ca14a1a82aaf77297 c39eb924ca0b4d5d9dfffd2d8de93adc - - default default] DELETE failed (client error): The resource could not be found. [pid: 7|app: 0|req: 784/1642] 10.0.0.211 () {32 vars in 719 bytes} [Tue Jun 30 23:30:48 2026] DELETE /v2.0/ports/ef863c11-7bb0-4b3f-b95e-b2e758681332 => generated 132 bytes in 13 msecs (HTTP/1.1 404) 4 headers in 164 bytes (1 switches on core 0) [pid: 7|app: 0|req: 785/1643] 10.0.0.150 () {34 vars in 1119 bytes} [Tue Jun 30 23:30:48 2026] GET /v2.0/security-groups?id=ef86418b-7dc8-4132-a893-ab8d3e772165&id=a010a12f-5cc0-40a8-8173-d8a56fe329d6&fields=id&fields=name => generated 206 bytes in 25 msecs (HTTP/1.1 200) 4 headers in 157 bytes (1 switches on core 0)
2026-06-30 23:30:48.646 6 INFO neutron_taas.services.taas.taas_plugin [None req-8b6b3021-7029-44ce-89f4-501fad9c557c 7a57bfe0784945dfa4087ae54e0e252f 378e309d42154c8795f8c4e11ffe384c - - default default] TaaS: Handle Delete Port: e508b352-adc1-49dd-9923-d7fb893a2ffc
2026-06-30 23:30:48.650 6 INFO neutron_taas.services.taas.tap_mirror_plugin [None req-8b6b3021-7029-44ce-89f4-501fad9c557c 7a57bfe0784945dfa4087ae54e0e252f 378e309d42154c8795f8c4e11ffe384c - - default default] Tap Mirror: Handle Delete Port: e508b352-adc1-49dd-9923-d7fb893a2ffc
2026-06-30 23:30:48.652 7 INFO neutron.pecan_wsgi.hooks.translation [None req-be814865-e79e-454e-be34-82b3347c32d6 218a63f50c26408ca14a1a82aaf77297 c39eb924ca0b4d5d9dfffd2d8de93adc - - default default] GET failed (client error): The resource could not be found. [pid: 7|app: 0|req: 786/1644] 10.0.0.211 () {32 vars in 716 bytes} [Tue Jun 30 23:30:48 2026] GET /v2.0/ports/ef863c11-7bb0-4b3f-b95e-b2e758681332 => generated 132 bytes in 13 msecs (HTTP/1.1 404) 4 headers in 164 bytes (1 switches on core 0) [pid: 7|app: 0|req: 787/1645] 10.0.0.211 () {32 vars in 735 bytes} [Tue Jun 30 23:30:48 2026] GET /v2.0/ports?device_id=ecbfe0fd-5548-4bfc-86a4-370f2fb9771a => generated 1252 bytes in 252 msecs (HTTP/1.1 200) 4 headers in 158 bytes (1 switches on core 0) [pid: 6|app: 0|req: 859/1646] 10.0.0.211 () {32 vars in 723 bytes} [Tue Jun 30 23:30:48 2026] DELETE /v2.0/routers/3930ee7a-479f-45ec-b2ee-419b31f77b4d => generated 0 bytes in 703 msecs (HTTP/1.1 204) 2 headers in 112 bytes (1 switches on core 0) [pid: 6|app: 0|req: 860/1647] 10.0.0.211 () {32 vars in 857 bytes} [Tue Jun 30 23:30:49 2026] GET /v2.0/floatingips?floating_network_id=1932c591-c8bf-4b7e-9dcb-b3a72567d7c0&port_id=5a4c25fc-3eb1-4462-a91f-5603166bb28d => generated 861 bytes in 66 msecs (HTTP/1.1 200) 4 headers in 157 bytes (1 switches on core 0) [pid: 7|app: 0|req: 788/1648] 10.0.0.211 () {32 vars in 723 bytes} [Tue Jun 30 23:30:48 2026] DELETE /v2.0/subnets/6fb1d553-9365-460d-93a2-f64b0e936072 => generated 0 bytes in 187 msecs (HTTP/1.1 204) 3 headers in 131 bytes (1 switches on core 0)
2026-06-30 23:30:49.238 7 INFO neutron_taas.services.taas.taas_plugin [None req-6d8b2d9a-6817-492f-8006-0bb530cc779f 218a63f50c26408ca14a1a82aaf77297 c39eb924ca0b4d5d9dfffd2d8de93adc - - default default] TaaS: Handle Delete Port: 2a83d74f-7336-4a1f-8c9f-3c0c824c837c [pid: 6|app: 0|req: 861/1649] 10.0.0.211 () {32 vars in 723 bytes} [Tue Jun 30 23:30:49 2026] DELETE /v2.0/subnets/4a5163ce-8b92-4f2e-b89d-977f03bb4c58 => generated 0 bytes in 162 msecs (HTTP/1.1 204) 3 headers in 131 bytes (1 switches on core 0)
2026-06-30 23:30:49.241 7 INFO neutron_taas.services.taas.tap_mirror_plugin [None req-6d8b2d9a-6817-492f-8006-0bb530cc779f 218a63f50c26408ca14a1a82aaf77297 c39eb924ca0b4d5d9dfffd2d8de93adc - - default default] Tap Mirror: Handle Delete Port: 2a83d74f-7336-4a1f-8c9f-3c0c824c837c
2026-06-30 23:30:49.385 6 INFO neutron_taas.services.taas.taas_plugin [None req-35c2b1ff-ca52-4dd2-8839-1cdf91ee9869 7a57bfe0784945dfa4087ae54e0e252f 378e309d42154c8795f8c4e11ffe384c - - default default] TaaS: Handle Delete Port: f3fdbc10-9f23-461d-8d6c-3b912d93729b
2026-06-30 23:30:49.388 6 INFO neutron_taas.services.taas.tap_mirror_plugin [None req-35c2b1ff-ca52-4dd2-8839-1cdf91ee9869 7a57bfe0784945dfa4087ae54e0e252f 378e309d42154c8795f8c4e11ffe384c - - default default] Tap Mirror: Handle Delete Port: f3fdbc10-9f23-461d-8d6c-3b912d93729b
2026-06-30 23:30:49.464 7 INFO neutron.services.segments.plugin [-] Segment 4a8dc3b8-cdda-48f0-a16a-be4700f20ee7 resource provider aggregate not found
2026-06-30 23:30:49.468 7 INFO neutron.services.segments.plugin [-] Segment 4a8dc3b8-cdda-48f0-a16a-be4700f20ee7 resource provider aggregate not found
2026-06-30 23:30:49.488 7 INFO neutron.services.segments.plugin [-] Segment 4a8dc3b8-cdda-48f0-a16a-be4700f20ee7 resource provider not found; error: Placement Client Error (4xx): {"errors": [{"status": 404, "title": "Not Found", "detail": "The resource could not be found.\n\n No resource provider with uuid 4a8dc3b8-cdda-48f0-a16a-be4700f20ee7 found for delete ", "request_id": "req-db94a11c-5baf-4cb5-ace1-cee261572e53"}]}
2026-06-30 23:30:49.501 7 INFO neutron.services.segments.plugin [-] Segment 4a8dc3b8-cdda-48f0-a16a-be4700f20ee7 resource provider not found; error: Placement Client Error (4xx): {"errors": [{"status": 404, "title": "Not Found", "detail": "The resource could not be found.\n\n No resource provider with uuid 4a8dc3b8-cdda-48f0-a16a-be4700f20ee7 found for delete ", "request_id": "req-4ad47e3c-dae5-4c12-86b9-cd7b4b2f9070"}]} [pid: 7|app: 0|req: 789/1650] 10.0.0.211 () {32 vars in 725 bytes} [Tue Jun 30 23:30:49 2026] DELETE /v2.0/networks/26bf6eea-5b8c-4aba-8a42-a1a3612a8647 => generated 0 bytes in 436 msecs (HTTP/1.1 204) 3 headers in 131 bytes (1 switches on core 0)
2026-06-30 23:30:49.582 6 INFO neutron.services.segments.plugin [-] Segment 635679cc-e1cb-4fe8-9186-6905568d77dc resource provider aggregate not found
2026-06-30 23:30:49.588 6 INFO neutron.services.segments.plugin [-] Segment 635679cc-e1cb-4fe8-9186-6905568d77dc resource provider aggregate not found
2026-06-30 23:30:49.604 6 INFO neutron.services.segments.plugin [-] Segment 635679cc-e1cb-4fe8-9186-6905568d77dc resource provider not found; error: Placement Client Error (4xx): {"errors": [{"status": 404, "title": "Not Found", "detail": "The resource could not be found.\n\n No resource provider with uuid 635679cc-e1cb-4fe8-9186-6905568d77dc found for delete ", "request_id": "req-389ca991-424e-47f9-81f3-2622c7c30dd4"}]}
2026-06-30 23:30:49.619 6 INFO neutron.services.segments.plugin [-] Segment 635679cc-e1cb-4fe8-9186-6905568d77dc resource provider not found; error: Placement Client Error (4xx): {"errors": [{"status": 404, "title": "Not Found", "detail": "The resource could not be found.\n\n No resource provider with uuid 635679cc-e1cb-4fe8-9186-6905568d77dc found for delete ", "request_id": "req-4cbda39c-7238-43af-9914-21caa344cc52"}]}
2026-06-30 23:30:49.628 7 INFO neutron.db.segments_db [None req-11885bb9-55b1-43d0-8584-aa684352d290 218a63f50c26408ca14a1a82aaf77297 c39eb924ca0b4d5d9dfffd2d8de93adc - - default default] Added segment f92ce79c-7f0a-4086-82aa-48631ccb0b35 of type geneve for network ffac625a-41e5-4ad2-910a-795ef4173613 [pid: 6|app: 0|req: 862/1651] 10.0.0.211 () {32 vars in 725 bytes} [Tue Jun 30 23:30:49 2026] DELETE /v2.0/networks/e786adf7-26a8-4a0e-b876-fe06fe605942 => generated 0 bytes in 387 msecs (HTTP/1.1 204) 3 headers in 131 bytes (1 switches on core 0)
2026-06-30 23:30:49.710 7 INFO neutron.db.ovn_revision_numbers_db [None req-11885bb9-55b1-43d0-8584-aa684352d290 218a63f50c26408ca14a1a82aaf77297 c39eb924ca0b4d5d9dfffd2d8de93adc - - default default] Successfully bumped revision number for resource ffac625a-41e5-4ad2-910a-795ef4173613 (type: networks) to 1 [pid: 6|app: 0|req: 863/1652] 10.0.0.211 () {32 vars in 773 bytes} [Tue Jun 30 23:30:49 2026] GET /v2.0/security-groups?tenant_id=76b70df676a040f79fce84e8ab9ba0d3&name=default => generated 2925 bytes in 25 msecs (HTTP/1.1 200) 4 headers in 158 bytes (1 switches on core 0)
2026-06-30 23:30:49.848 7 WARNING neutron.scheduler.dhcp_agent_scheduler [None req-11885bb9-55b1-43d0-8584-aa684352d290 218a63f50c26408ca14a1a82aaf77297 c39eb924ca0b4d5d9dfffd2d8de93adc - - default default] No more DHCP agents
2026-06-30 23:30:49.849 7 WARNING neutron.api.rpc.agentnotifiers.dhcp_rpc_agent_api [None req-11885bb9-55b1-43d0-8584-aa684352d290 218a63f50c26408ca14a1a82aaf77297 c39eb924ca0b4d5d9dfffd2d8de93adc - - default default] Unable to schedule network ffac625a-41e5-4ad2-910a-795ef4173613: no agents available; will retry on subsequent port and subnet creation events.
2026-06-30 23:30:49.897 6 INFO neutron.plugins.ml2.drivers.ovn.mech_driver.mech_driver [None req-05559375-4582-446b-aba7-f2325f101151 - - - - - -] OVN reports status down for port: 45ae71d3-d1e2-433c-a5a4-68fdbfdab14d
2026-06-30 23:30:49.926 7 INFO neutron.db.ovn_revision_numbers_db [None req-11885bb9-55b1-43d0-8584-aa684352d290 218a63f50c26408ca14a1a82aaf77297 c39eb924ca0b4d5d9dfffd2d8de93adc - - default default] Successfully bumped revision number for resource 45ae71d3-d1e2-433c-a5a4-68fdbfdab14d (type: ports) to 1 [pid: 7|app: 0|req: 790/1653] 10.0.0.211 () {34 vars in 669 bytes} [Tue Jun 30 23:30:49 2026] POST /v2.0/networks => generated 631 bytes in 409 msecs (HTTP/1.1 201) 4 headers in 162 bytes (1 switches on core 0) [pid: 6|app: 0|req: 864/1654] 10.0.0.211 () {32 vars in 739 bytes} [Tue Jun 30 23:30:49 2026] DELETE /v2.0/security-groups/a5e14a7c-8ed6-46d8-bcaa-1dd01e95baa9 => generated 0 bytes in 252 msecs (HTTP/1.1 204) 2 headers in 112 bytes (1 switches on core 0)
2026-06-30 23:30:50.149 7 WARNING neutron.scheduler.dhcp_agent_scheduler [None req-f62e49a6-28aa-4189-86fe-41838775af76 218a63f50c26408ca14a1a82aaf77297 c39eb924ca0b4d5d9dfffd2d8de93adc - - default default] No more DHCP agents
2026-06-30 23:30:50.151 7 WARNING neutron.api.rpc.agentnotifiers.dhcp_rpc_agent_api [None req-f62e49a6-28aa-4189-86fe-41838775af76 218a63f50c26408ca14a1a82aaf77297 c39eb924ca0b4d5d9dfffd2d8de93adc - - default default] Unable to schedule network ffac625a-41e5-4ad2-910a-795ef4173613: no agents available; will retry on subsequent port and subnet creation events. [pid: 6|app: 0|req: 865/1655] 10.0.0.140 () {34 vars in 989 bytes} [Tue Jun 30 23:30:50 2026] GET /v2.0/ports?device_id=ecbfe0fd-5548-4bfc-86a4-370f2fb9771a => generated 1252 bytes in 224 msecs (HTTP/1.1 200) 4 headers in 158 bytes (1 switches on core 0) [pid: 6|app: 0|req: 866/1656] 10.0.0.140 () {34 vars in 1119 bytes} [Tue Jun 30 23:30:50 2026] GET /v2.0/security-groups?id=ef86418b-7dc8-4132-a893-ab8d3e772165&id=a010a12f-5cc0-40a8-8173-d8a56fe329d6&fields=id&fields=name => generated 206 bytes in 43 msecs (HTTP/1.1 200) 4 headers in 157 bytes (1 switches on core 0)
2026-06-30 23:30:50.652 7 INFO neutron.db.ovn_revision_numbers_db [None req-d8be0cd2-d667-4601-8843-a567db9ba7c8 - - - - - -] Successfully bumped revision number for resource 45ae71d3-d1e2-433c-a5a4-68fdbfdab14d (type: ports) to 2
2026-06-30 23:30:50.692 7 INFO neutron.db.ovn_revision_numbers_db [None req-d8be0cd2-d667-4601-8843-a567db9ba7c8 - - - - - -] Successfully bumped revision number for resource ebf964d9-1a1e-46eb-a091-80a67ae447bf (type: subnets) to 0 [pid: 7|app: 0|req: 791/1657] 10.0.0.211 () {34 vars in 668 bytes} [Tue Jun 30 23:30:49 2026] POST /v2.0/subnets => generated 626 bytes in 743 msecs (HTTP/1.1 201) 4 headers in 162 bytes (1 switches on core 0)
2026-06-30 23:30:50.970 6 WARNING neutron.scheduler.dhcp_agent_scheduler [None req-774d9dfb-3db6-49fd-9672-4d238f2c6f8f 218a63f50c26408ca14a1a82aaf77297 c39eb924ca0b4d5d9dfffd2d8de93adc - - default default] No more DHCP agents
2026-06-30 23:30:50.971 6 WARNING neutron.api.rpc.agentnotifiers.dhcp_rpc_agent_api [None req-774d9dfb-3db6-49fd-9672-4d238f2c6f8f 218a63f50c26408ca14a1a82aaf77297 c39eb924ca0b4d5d9dfffd2d8de93adc - - default default] Unable to schedule network ffac625a-41e5-4ad2-910a-795ef4173613: no agents available; will retry on subsequent port and subnet creation events.
2026-06-30 23:30:51.059 7 INFO neutron.plugins.ml2.drivers.ovn.mech_driver.mech_driver [None req-d9410850-31bc-4a92-a521-5cac264f9ef2 - - - - - -] OVN reports status down for port: f30f98b2-6fd4-4508-9555-212639128ce7
2026-06-30 23:30:51.093 6 INFO neutron.db.ovn_revision_numbers_db [None req-774d9dfb-3db6-49fd-9672-4d238f2c6f8f 218a63f50c26408ca14a1a82aaf77297 c39eb924ca0b4d5d9dfffd2d8de93adc - - default default] Successfully bumped revision number for resource f30f98b2-6fd4-4508-9555-212639128ce7 (type: ports) to 1 [pid: 6|app: 0|req: 867/1658] 10.0.0.211 () {34 vars in 664 bytes} [Tue Jun 30 23:30:50 2026] POST /v2.0/ports => generated 911 bytes in 452 msecs (HTTP/1.1 201) 4 headers in 162 bytes (1 switches on core 0)
2026-06-30 23:30:51.307 7 INFO neutron_taas.services.taas.taas_plugin [None req-bc5ba6e0-3c32-4ff5-9025-074cc44352e9 218a63f50c26408ca14a1a82aaf77297 c39eb924ca0b4d5d9dfffd2d8de93adc - - default default] TaaS: Handle Delete Port: f30f98b2-6fd4-4508-9555-212639128ce7
2026-06-30 23:30:51.312 7 INFO neutron_taas.services.taas.tap_mirror_plugin [None req-bc5ba6e0-3c32-4ff5-9025-074cc44352e9 218a63f50c26408ca14a1a82aaf77297 c39eb924ca0b4d5d9dfffd2d8de93adc - - default default] Tap Mirror: Handle Delete Port: f30f98b2-6fd4-4508-9555-212639128ce7 [pid: 7|app: 0|req: 792/1659] 10.0.0.211 () {32 vars in 719 bytes} [Tue Jun 30 23:30:51 2026] DELETE /v2.0/ports/f30f98b2-6fd4-4508-9555-212639128ce7 => generated 0 bytes in 309 msecs (HTTP/1.1 204) 3 headers in 131 bytes (1 switches on core 0)
2026-06-30 23:30:51.500 6 INFO neutron.pecan_wsgi.hooks.translation [None req-0f76663f-7dba-4c98-a060-9632820f9204 218a63f50c26408ca14a1a82aaf77297 c39eb924ca0b4d5d9dfffd2d8de93adc - - default default] GET failed (client error): The resource could not be found. [pid: 6|app: 0|req: 868/1660] 10.0.0.211 () {32 vars in 716 bytes} [Tue Jun 30 23:30:51 2026] GET /v2.0/ports/f30f98b2-6fd4-4508-9555-212639128ce7 => generated 132 bytes in 18 msecs (HTTP/1.1 404) 4 headers in 164 bytes (1 switches on core 0) [pid: 7|app: 0|req: 793/1661] 10.0.0.211 () {32 vars in 723 bytes} [Tue Jun 30 23:30:51 2026] DELETE /v2.0/subnets/ebf964d9-1a1e-46eb-a091-80a67ae447bf => generated 0 bytes in 184 msecs (HTTP/1.1 204) 3 headers in 131 bytes (1 switches on core 0)
2026-06-30 23:30:51.846 6 INFO neutron_taas.services.taas.taas_plugin [None req-13d12fa8-0e66-4b8d-8342-acaca35ceb88 218a63f50c26408ca14a1a82aaf77297 c39eb924ca0b4d5d9dfffd2d8de93adc - - default default] TaaS: Handle Delete Port: 45ae71d3-d1e2-433c-a5a4-68fdbfdab14d
2026-06-30 23:30:51.849 6 INFO neutron_taas.services.taas.tap_mirror_plugin [None req-13d12fa8-0e66-4b8d-8342-acaca35ceb88 218a63f50c26408ca14a1a82aaf77297 c39eb924ca0b4d5d9dfffd2d8de93adc - - default default] Tap Mirror: Handle Delete Port: 45ae71d3-d1e2-433c-a5a4-68fdbfdab14d
2026-06-30 23:30:52.008 6 INFO neutron.services.segments.plugin [-] Segment f92ce79c-7f0a-4086-82aa-48631ccb0b35 resource provider aggregate not found
2026-06-30 23:30:52.011 6 INFO neutron.services.segments.plugin [-] Segment f92ce79c-7f0a-4086-82aa-48631ccb0b35 resource provider aggregate not found
2026-06-30 23:30:52.024 6 INFO neutron.services.segments.plugin [-] Segment f92ce79c-7f0a-4086-82aa-48631ccb0b35 resource provider not found; error: Placement Client Error (4xx): {"errors": [{"status": 404, "title": "Not Found", "detail": "The resource could not be found.\n\n No resource provider with uuid f92ce79c-7f0a-4086-82aa-48631ccb0b35 found for delete ", "request_id": "req-5ad95260-0ca0-44d0-b1f1-cefa6154b427"}]}
2026-06-30 23:30:52.027 6 INFO neutron.services.segments.plugin [-] Segment f92ce79c-7f0a-4086-82aa-48631ccb0b35 resource provider not found; error: Placement Client Error (4xx): {"errors": [{"status": 404, "title": "Not Found", "detail": "The resource could not be found.\n\n No resource provider with uuid f92ce79c-7f0a-4086-82aa-48631ccb0b35 found for delete ", "request_id": "req-a028e889-6370-4d92-80ff-b21ebf1f4310"}]} [pid: 6|app: 0|req: 869/1662] 10.0.0.211 () {32 vars in 725 bytes} [Tue Jun 30 23:30:51 2026] DELETE /v2.0/networks/ffac625a-41e5-4ad2-910a-795ef4173613 => generated 0 bytes in 353 msecs (HTTP/1.1 204) 3 headers in 131 bytes (1 switches on core 0)
2026-06-30 23:30:52.063 7 INFO neutron.db.ovn_revision_numbers_db [None req-b2fd72b8-2b31-4366-944e-ca9131e6e4dc 7a57bfe0784945dfa4087ae54e0e252f 378e309d42154c8795f8c4e11ffe384c - - default default] Successfully bumped revision number for resource 6c1dbb18-962d-4d9f-aff6-8e82e8ae818f (type: security_groups) to 1
2026-06-30 23:30:52.078 7 INFO neutron.db.ovn_revision_numbers_db [None req-b2fd72b8-2b31-4366-944e-ca9131e6e4dc 7a57bfe0784945dfa4087ae54e0e252f 378e309d42154c8795f8c4e11ffe384c - - default default] Successfully bumped revision number for resource 1d5869ad-b519-47e7-9c09-f78f919af63d (type: security_group_rules) to 0
2026-06-30 23:30:52.088 7 INFO neutron.db.ovn_revision_numbers_db [None req-b2fd72b8-2b31-4366-944e-ca9131e6e4dc 7a57bfe0784945dfa4087ae54e0e252f 378e309d42154c8795f8c4e11ffe384c - - default default] Successfully bumped revision number for resource 46e3e7b3-55d9-4e98-afe7-af62770c0734 (type: security_group_rules) to 0
2026-06-30 23:30:52.099 7 INFO neutron.db.ovn_revision_numbers_db [None req-b2fd72b8-2b31-4366-944e-ca9131e6e4dc 7a57bfe0784945dfa4087ae54e0e252f 378e309d42154c8795f8c4e11ffe384c - - default default] Successfully bumped revision number for resource 82dc6e61-568d-4cdd-9a39-8bf71963f789 (type: security_group_rules) to 0
2026-06-30 23:30:52.111 7 INFO neutron.db.ovn_revision_numbers_db [None req-b2fd72b8-2b31-4366-944e-ca9131e6e4dc 7a57bfe0784945dfa4087ae54e0e252f 378e309d42154c8795f8c4e11ffe384c - - default default] Successfully bumped revision number for resource f750af8b-b8d4-4942-9111-51b217c85e0d (type: security_group_rules) to 0 [pid: 7|app: 0|req: 794/1663] 10.0.0.211 () {32 vars in 773 bytes} [Tue Jun 30 23:30:51 2026] GET /v2.0/security-groups?tenant_id=c23240a2c09244a3993fc040a2f4a0f8&name=default => generated 2925 bytes in 415 msecs (HTTP/1.1 200) 4 headers in 158 bytes (1 switches on core 0)
2026-06-30 23:30:52.265 6 WARNING neutron.scheduler.dhcp_agent_scheduler [None req-59a9f8ad-cbe8-4b77-873f-25abcdcc1c07 218a63f50c26408ca14a1a82aaf77297 c39eb924ca0b4d5d9dfffd2d8de93adc - - default default] No more DHCP agents
