2026-06-30 23:37:23.075 6 INFO neutron.notifiers.nova [-] Nova event matching ['req-897c02de-5971-4a51-89b7-32dc6736b265'] response: {'name': 'network-changed', 'server_uuid': 'c8f986fc-3391-446f-a7ec-5c086e73074e', 'tag': 'db666274-609f-4b71-82db-67ec76855a16', 'status': 'completed', 'code': 200} [pid: 6|app: 0|req: 1796/3491] 10.0.0.150 () {34 vars in 989 bytes} [Tue Jun 30 23:37:23 2026] GET /v2.0/ports?device_id=c8f986fc-3391-446f-a7ec-5c086e73074e => generated 1204 bytes in 77 msecs (HTTP/1.1 200) 4 headers in 158 bytes (1 switches on core 0) [pid: 7|app: 0|req: 1696/3492] 10.0.0.150 () {34 vars in 1039 bytes} [Tue Jun 30 23:37:23 2026] GET /v2.0/security-groups?id=0ec23e0b-4c38-4068-a65e-2ec9142de2f9&fields=id&fields=name => generated 111 bytes in 46 msecs (HTTP/1.1 200) 4 headers in 157 bytes (1 switches on core 0) [pid: 6|app: 0|req: 1797/3493] 199.204.45.77 () {34 vars in 1078 bytes} [Tue Jun 30 23:37:23 2026] GET /v2.0/ports?tenant_id=852be56d06a54d30999d7ff1b3a8a4af&device_id=c8f986fc-3391-446f-a7ec-5c086e73074e => generated 1442 bytes in 40 msecs (HTTP/1.1 200) 4 headers in 158 bytes (1 switches on core 0) [pid: 7|app: 0|req: 1697/3494] 199.204.45.77 () {34 vars in 984 bytes} [Tue Jun 30 23:37:23 2026] GET /v2.0/networks?id=cb513ba9-1519-429e-a14b-36da390a271c => generated 803 bytes in 46 msecs (HTTP/1.1 200) 4 headers in 157 bytes (1 switches on core 0) [pid: 6|app: 0|req: 1798/3495] 199.204.45.77 () {34 vars in 1056 bytes} [Tue Jun 30 23:37:23 2026] GET /v2.0/floatingips?fixed_ip_address=10.2.2.254&port_id=db666274-609f-4b71-82db-67ec76855a16 => generated 19 bytes in 19 msecs (HTTP/1.1 200) 4 headers in 156 bytes (1 switches on core 0) [pid: 7|app: 0|req: 1698/3496] 199.204.45.77 () {34 vars in 1104 bytes} [Tue Jun 30 23:37:23 2026] GET /v2.0/floatingips?fixed_ip_address=fd77%3A1457%3A4cf0%3A26a8%3A%3A2b6&port_id=db666274-609f-4b71-82db-67ec76855a16 => generated 19 bytes in 21 msecs (HTTP/1.1 200) 4 headers in 156 bytes (1 switches on core 0) [pid: 6|app: 0|req: 1799/3497] 199.204.45.77 () {34 vars in 1062 bytes} [Tue Jun 30 23:37:23 2026] GET /v2.0/subnets?id=7b9b0391-45d8-4e0f-b344-b56714e5460a&id=d5dd33e9-3fe4-4593-b1c3-56954e902e08 => generated 1415 bytes in 36 msecs (HTTP/1.1 200) 4 headers in 158 bytes (1 switches on core 0) [pid: 7|app: 0|req: 1699/3498] 199.204.45.77 () {34 vars in 1050 bytes} [Tue Jun 30 23:37:23 2026] GET /v2.0/ports?network_id=cb513ba9-1519-429e-a14b-36da390a271c&device_owner=network%3Adhcp => generated 12 bytes in 27 msecs (HTTP/1.1 200) 4 headers in 156 bytes (1 switches on core 0) [pid: 6|app: 0|req: 1800/3499] 199.204.45.77 () {34 vars in 1050 bytes} [Tue Jun 30 23:37:23 2026] GET /v2.0/ports?network_id=cb513ba9-1519-429e-a14b-36da390a271c&device_owner=network%3Adhcp => generated 12 bytes in 22 msecs (HTTP/1.1 200) 4 headers in 156 bytes (1 switches on core 0) [pid: 7|app: 0|req: 1700/3500] 199.204.45.77 () {34 vars in 1010 bytes} [Tue Jun 30 23:37:23 2026] GET /v2.0/networks/cb513ba9-1519-429e-a14b-36da390a271c?fields=segments => generated 14 bytes in 35 msecs (HTTP/1.1 200) 4 headers in 156 bytes (1 switches on core 0) [pid: 6|app: 0|req: 1801/3501] 199.204.45.77 () {34 vars in 1110 bytes} [Tue Jun 30 23:37:23 2026] GET /v2.0/networks/cb513ba9-1519-429e-a14b-36da390a271c?fields=provider%3Aphysical_network&fields=provider%3Anetwork_type => generated 79 bytes in 60 msecs (HTTP/1.1 200) 4 headers in 156 bytes (1 switches on core 0)
2026-06-30 23:37:24.264 7 INFO neutron.plugins.ml2.drivers.ovn.mech_driver.mech_driver [None req-422d51db-dcaf-426f-87eb-7e8de2208318 - - - - - -] OVN reports status down for port: db666274-609f-4b71-82db-67ec76855a16
2026-06-30 23:37:24.510 7 INFO neutron.db.ovn_revision_numbers_db [None req-422d51db-dcaf-426f-87eb-7e8de2208318 - - - - - -] Successfully bumped revision number for resource db666274-609f-4b71-82db-67ec76855a16 (type: ports) to 6
2026-06-30 23:37:24.997 7 INFO neutron.notifiers.nova [-] Nova event matching ['req-abfb3996-28b8-4f61-81a1-13026dcce3b5'] response: {'server_uuid': 'c8f986fc-3391-446f-a7ec-5c086e73074e', 'name': 'network-vif-unplugged', 'status': 'completed', 'tag': 'db666274-609f-4b71-82db-67ec76855a16', 'code': 200}
2026-06-30 23:37:24.997 7 INFO neutron.notifiers.nova [-] Nova event matching ['req-abfb3996-28b8-4f61-81a1-13026dcce3b5'] response: {'server_uuid': 'c8f986fc-3391-446f-a7ec-5c086e73074e', 'name': 'network-vif-unplugged', 'status': 'completed', 'tag': 'db666274-609f-4b71-82db-67ec76855a16', 'code': 200} /var/lib/openstack/lib/python3.12/site-packages/pycadf/identifier.py:70: UserWarning: Invalid uuid: neutron. To ensure interoperability, identifiers should be a valid uuid. warnings.warn(('Invalid uuid: %s. To ensure interoperability, ' [pid: 7|app: 0|req: 1701/3504] 199.204.45.77 () {34 vars in 992 bytes} [Tue Jun 30 23:37:25 2026] GET /v2.0/ports?device_id=c8f986fc-3391-446f-a7ec-5c086e73074e => generated 1202 bytes in 81 msecs (HTTP/1.1 200) 4 headers in 158 bytes (1 switches on core 0)
2026-06-30 23:37:25.667 6 INFO neutron_taas.services.taas.taas_plugin [req-fa2b8a1d-7a5b-429d-9525-c843706eb1fa req-c56b9a74-c0ba-4667-83b2-3116929b64a5 aa22d23a5dfa43f49f24fa9308a9e611 852be56d06a54d30999d7ff1b3a8a4af - - default default] TaaS: Handle Delete Port: db666274-609f-4b71-82db-67ec76855a16
2026-06-30 23:37:25.670 6 INFO neutron_taas.services.taas.tap_mirror_plugin [req-fa2b8a1d-7a5b-429d-9525-c843706eb1fa req-c56b9a74-c0ba-4667-83b2-3116929b64a5 aa22d23a5dfa43f49f24fa9308a9e611 852be56d06a54d30999d7ff1b3a8a4af - - default default] Tap Mirror: Handle Delete Port: db666274-609f-4b71-82db-67ec76855a16 [pid: 6|app: 0|req: 1804/3505] 199.204.45.77 () {36 vars in 995 bytes} [Tue Jun 30 23:37:25 2026] DELETE /v2.0/ports/db666274-609f-4b71-82db-67ec76855a16 => generated 0 bytes in 298 msecs (HTTP/1.1 204) 3 headers in 131 bytes (1 switches on core 0)
2026-06-30 23:37:25.852 6 INFO neutron.notifiers.nova [-] Nova event matching ['req-9fdc641f-30bb-4d65-baeb-bd411e622d8d'] response: {'server_uuid': 'c8f986fc-3391-446f-a7ec-5c086e73074e', 'name': 'network-vif-deleted', 'tag': 'db666274-609f-4b71-82db-67ec76855a16', 'status': 'completed', 'code': 200} [pid: 7|app: 0|req: 1702/3506] 10.0.0.150 () {34 vars in 989 bytes} [Tue Jun 30 23:37:28 2026] GET /v2.0/ports?device_id=c8f986fc-3391-446f-a7ec-5c086e73074e => generated 12 bytes in 21 msecs (HTTP/1.1 200) 4 headers in 156 bytes (1 switches on core 0)
2026-06-30 23:37:33.648 6 INFO neutron_taas.services.taas.taas_plugin [None req-88ed0c55-fed2-48ad-a8ce-a1224cb98f4e aa22d23a5dfa43f49f24fa9308a9e611 852be56d06a54d30999d7ff1b3a8a4af - - default default] TaaS: Handle Delete Port: 525b9457-a1e4-402c-b1a8-4f30183b6f9c
2026-06-30 23:37:33.650 6 INFO neutron_taas.services.taas.tap_mirror_plugin [None req-88ed0c55-fed2-48ad-a8ce-a1224cb98f4e aa22d23a5dfa43f49f24fa9308a9e611 852be56d06a54d30999d7ff1b3a8a4af - - default default] Tap Mirror: Handle Delete Port: 525b9457-a1e4-402c-b1a8-4f30183b6f9c
2026-06-30 23:37:33.804 6 INFO neutron.db.l3_db [None req-88ed0c55-fed2-48ad-a8ce-a1224cb98f4e aa22d23a5dfa43f49f24fa9308a9e611 852be56d06a54d30999d7ff1b3a8a4af - - default default] Floating IP c2063962-faa2-4a0e-8c99-8fcdedf9c9c8 disassociated (deleted). External IP: 10.96.250.216, port: 278bd275-f1a8-4ee9-876b-c83e14fba22b. [pid: 6|app: 0|req: 1805/3507] 10.0.0.211 () {32 vars in 731 bytes} [Tue Jun 30 23:37:33 2026] DELETE /v2.0/floatingips/c2063962-faa2-4a0e-8c99-8fcdedf9c9c8 => generated 0 bytes in 326 msecs (HTTP/1.1 204) 2 headers in 112 bytes (1 switches on core 0) /var/lib/openstack/lib/python3.12/site-packages/pycadf/identifier.py:70: UserWarning: Invalid uuid: neutron. To ensure interoperability, identifiers should be a valid uuid. warnings.warn(('Invalid uuid: %s. To ensure interoperability, '
2026-06-30 23:37:33.855 7 INFO neutron.api.v2.resource [None req-d6fe14ee-a59d-4c80-895b-7e8da6d65e8c aa22d23a5dfa43f49f24fa9308a9e611 852be56d06a54d30999d7ff1b3a8a4af - - default default] show failed (client error): The resource could not be found. [pid: 7|app: 0|req: 1703/3508] 10.0.0.211 () {32 vars in 728 bytes} [Tue Jun 30 23:37:33 2026] GET /v2.0/floatingips/c2063962-faa2-4a0e-8c99-8fcdedf9c9c8 => generated 144 bytes in 24 msecs (HTTP/1.1 404) 4 headers in 164 bytes (1 switches on core 0)
2026-06-30 23:37:33.861 6 INFO neutron.notifiers.nova [-] Nova event matching ['req-13d30ac7-2ebd-4f15-b5eb-bbe210b45b40'] response: {'name': 'network-changed', 'server_uuid': '348db685-1a0d-4869-bd9b-c213d05c5aa1', 'tag': '278bd275-f1a8-4ee9-876b-c83e14fba22b', 'status': 'completed', 'code': 200} [pid: 6|app: 0|req: 1806/3509] 10.0.0.150 () {34 vars in 989 bytes} [Tue Jun 30 23:37:33 2026] GET /v2.0/ports?device_id=348db685-1a0d-4869-bd9b-c213d05c5aa1 => generated 1200 bytes in 76 msecs (HTTP/1.1 200) 4 headers in 158 bytes (1 switches on core 0) [pid: 7|app: 0|req: 1704/3510] 10.0.0.150 () {34 vars in 1039 bytes} [Tue Jun 30 23:37:34 2026] GET /v2.0/security-groups?id=0ec23e0b-4c38-4068-a65e-2ec9142de2f9&fields=id&fields=name => generated 111 bytes in 33 msecs (HTTP/1.1 200) 4 headers in 157 bytes (1 switches on core 0) [pid: 6|app: 0|req: 1807/3511] 199.204.45.77 () {34 vars in 1078 bytes} [Tue Jun 30 23:37:34 2026] GET /v2.0/ports?tenant_id=852be56d06a54d30999d7ff1b3a8a4af&device_id=348db685-1a0d-4869-bd9b-c213d05c5aa1 => generated 1438 bytes in 30 msecs (HTTP/1.1 200) 4 headers in 158 bytes (1 switches on core 0) [pid: 7|app: 0|req: 1705/3512] 199.204.45.77 () {34 vars in 984 bytes} [Tue Jun 30 23:37:34 2026] GET /v2.0/networks?id=4ff87c76-477c-4da4-a0f1-3328c2ae0df6 => generated 803 bytes in 60 msecs (HTTP/1.1 200) 4 headers in 157 bytes (1 switches on core 0) [pid: 6|app: 0|req: 1808/3513] 199.204.45.77 () {34 vars in 1056 bytes} [Tue Jun 30 23:37:34 2026] GET /v2.0/floatingips?fixed_ip_address=10.2.1.213&port_id=278bd275-f1a8-4ee9-876b-c83e14fba22b => generated 19 bytes in 21 msecs (HTTP/1.1 200) 4 headers in 156 bytes (1 switches on core 0) [pid: 7|app: 0|req: 1706/3514] 199.204.45.77 () {34 vars in 1102 bytes} [Tue Jun 30 23:37:34 2026] GET /v2.0/floatingips?fixed_ip_address=fd7b%3Af9f7%3Afff%3A4eca%3A%3A20f&port_id=278bd275-f1a8-4ee9-876b-c83e14fba22b => generated 19 bytes in 21 msecs (HTTP/1.1 200) 4 headers in 156 bytes (1 switches on core 0) [pid: 6|app: 0|req: 1809/3515] 199.204.45.77 () {34 vars in 1062 bytes} [Tue Jun 30 23:37:34 2026] GET /v2.0/subnets?id=52028517-fd04-4525-a48f-223162c68ff2&id=60e8c69d-e6f0-46a7-a26e-e80cb7ec73ef => generated 1410 bytes in 36 msecs (HTTP/1.1 200) 4 headers in 158 bytes (1 switches on core 0) [pid: 7|app: 0|req: 1707/3516] 199.204.45.77 () {34 vars in 1050 bytes} [Tue Jun 30 23:37:34 2026] GET /v2.0/ports?network_id=4ff87c76-477c-4da4-a0f1-3328c2ae0df6&device_owner=network%3Adhcp => generated 12 bytes in 19 msecs (HTTP/1.1 200) 4 headers in 156 bytes (1 switches on core 0) [pid: 6|app: 0|req: 1810/3517] 199.204.45.77 () {34 vars in 1050 bytes} [Tue Jun 30 23:37:34 2026] GET /v2.0/ports?network_id=4ff87c76-477c-4da4-a0f1-3328c2ae0df6&device_owner=network%3Adhcp => generated 12 bytes in 20 msecs (HTTP/1.1 200) 4 headers in 156 bytes (1 switches on core 0) [pid: 7|app: 0|req: 1708/3518] 199.204.45.77 () {34 vars in 1010 bytes} [Tue Jun 30 23:37:34 2026] GET /v2.0/networks/4ff87c76-477c-4da4-a0f1-3328c2ae0df6?fields=segments => generated 14 bytes in 40 msecs (HTTP/1.1 200) 4 headers in 156 bytes (1 switches on core 0) [pid: 6|app: 0|req: 1811/3519] 199.204.45.77 () {34 vars in 1110 bytes} [Tue Jun 30 23:37:34 2026] GET /v2.0/networks/4ff87c76-477c-4da4-a0f1-3328c2ae0df6?fields=provider%3Aphysical_network&fields=provider%3Anetwork_type => generated 79 bytes in 43 msecs (HTTP/1.1 200) 4 headers in 156 bytes (1 switches on core 0)
2026-06-30 23:37:35.072 7 INFO neutron.plugins.ml2.drivers.ovn.mech_driver.mech_driver [None req-91cc1f2a-a38f-43ff-8eb7-57c2249420ed - - - - - -] OVN reports status down for port: 278bd275-f1a8-4ee9-876b-c83e14fba22b
2026-06-30 23:37:35.194 7 INFO neutron.notifiers.nova [-] Nova event matching ['req-6c609a90-363e-41b8-953e-043e3e229cc8'] response: {'server_uuid': '348db685-1a0d-4869-bd9b-c213d05c5aa1', 'name': 'network-vif-unplugged', 'status': 'completed', 'tag': '278bd275-f1a8-4ee9-876b-c83e14fba22b', 'code': 200}
2026-06-30 23:37:35.316 7 INFO neutron.db.ovn_revision_numbers_db [None req-91cc1f2a-a38f-43ff-8eb7-57c2249420ed - - - - - -] Successfully bumped revision number for resource 278bd275-f1a8-4ee9-876b-c83e14fba22b (type: ports) to 6 /var/lib/openstack/lib/python3.12/site-packages/pycadf/identifier.py:70: UserWarning: Invalid uuid: neutron. To ensure interoperability, identifiers should be a valid uuid. warnings.warn(('Invalid uuid: %s. To ensure interoperability, ' [pid: 7|app: 0|req: 1709/3520] 199.204.45.77 () {34 vars in 992 bytes} [Tue Jun 30 23:37:36 2026] GET /v2.0/ports?device_id=348db685-1a0d-4869-bd9b-c213d05c5aa1 => generated 1198 bytes in 91 msecs (HTTP/1.1 200) 4 headers in 158 bytes (1 switches on core 0)
2026-06-30 23:37:36.475 6 INFO neutron_taas.services.taas.taas_plugin [req-a83ed956-47c3-493c-8b86-83b4be210f46 req-a2e0f8c5-77e7-473e-a4c4-f4d0df93ee1c aa22d23a5dfa43f49f24fa9308a9e611 852be56d06a54d30999d7ff1b3a8a4af - - default default] TaaS: Handle Delete Port: 278bd275-f1a8-4ee9-876b-c83e14fba22b
2026-06-30 23:37:36.478 6 INFO neutron_taas.services.taas.tap_mirror_plugin [req-a83ed956-47c3-493c-8b86-83b4be210f46 req-a2e0f8c5-77e7-473e-a4c4-f4d0df93ee1c aa22d23a5dfa43f49f24fa9308a9e611 852be56d06a54d30999d7ff1b3a8a4af - - default default] Tap Mirror: Handle Delete Port: 278bd275-f1a8-4ee9-876b-c83e14fba22b [pid: 6|app: 0|req: 1812/3521] 199.204.45.77 () {36 vars in 995 bytes} [Tue Jun 30 23:37:36 2026] DELETE /v2.0/ports/278bd275-f1a8-4ee9-876b-c83e14fba22b => generated 0 bytes in 296 msecs (HTTP/1.1 204) 3 headers in 131 bytes (1 switches on core 0)
2026-06-30 23:37:36.657 6 INFO neutron.notifiers.nova [-] Nova event matching ['req-51731c0d-4b16-4f9c-b147-3f446a2e2f79'] response: {'server_uuid': '348db685-1a0d-4869-bd9b-c213d05c5aa1', 'name': 'network-vif-deleted', 'tag': '278bd275-f1a8-4ee9-876b-c83e14fba22b', 'status': 'completed', 'code': 200}
2026-06-30 23:37:37.227 7 INFO neutron.notifiers.nova [-] Nova event matching ['req-19e2cb86-a675-4f92-8fd9-c149f86d3b85'] response: {'server_uuid': '348db685-1a0d-4869-bd9b-c213d05c5aa1', 'name': 'network-vif-unplugged', 'status': 'completed', 'tag': '278bd275-f1a8-4ee9-876b-c83e14fba22b', 'code': 200} [pid: 7|app: 0|req: 1710/3522] 10.0.0.150 () {34 vars in 989 bytes} [Tue Jun 30 23:37:39 2026] GET /v2.0/ports?device_id=348db685-1a0d-4869-bd9b-c213d05c5aa1 => generated 12 bytes in 20 msecs (HTTP/1.1 200) 4 headers in 156 bytes (1 switches on core 0) [pid: 6|app: 0|req: 1814/3525] 10.0.0.211 () {32 vars in 749 bytes} [Tue Jun 30 23:37:44 2026] DELETE /v2.0/security-group-rules/19f806ce-5986-4571-99be-8c7fed24b92f => generated 0 bytes in 155 msecs (HTTP/1.1 204) 2 headers in 112 bytes (1 switches on core 0)
2026-06-30 23:37:44.422 7 INFO neutron.api.v2.resource [None req-95f63a73-76ef-4742-ad75-679a9ee2a22f aa22d23a5dfa43f49f24fa9308a9e611 852be56d06a54d30999d7ff1b3a8a4af - - default default] show failed (client error): The resource could not be found. [pid: 7|app: 0|req: 1712/3526] 10.0.0.211 () {32 vars in 746 bytes} [Tue Jun 30 23:37:44 2026] GET /v2.0/security-group-rules/19f806ce-5986-4571-99be-8c7fed24b92f => generated 155 bytes in 13 msecs (HTTP/1.1 404) 4 headers in 164 bytes (1 switches on core 0) [pid: 6|app: 0|req: 1815/3527] 10.0.0.211 () {32 vars in 749 bytes} [Tue Jun 30 23:37:44 2026] DELETE /v2.0/security-group-rules/476592c3-83fe-4f66-9678-0f0cedae1b35 => generated 0 bytes in 134 msecs (HTTP/1.1 204) 2 headers in 112 bytes (1 switches on core 0)
2026-06-30 23:37:44.576 7 INFO neutron.api.v2.resource [None req-26c3a834-fd5a-4cdd-8d74-1fbc7e130976 aa22d23a5dfa43f49f24fa9308a9e611 852be56d06a54d30999d7ff1b3a8a4af - - default default] show failed (client error): The resource could not be found. [pid: 7|app: 0|req: 1713/3528] 10.0.0.211 () {32 vars in 746 bytes} [Tue Jun 30 23:37:44 2026] GET /v2.0/security-group-rules/476592c3-83fe-4f66-9678-0f0cedae1b35 => generated 155 bytes in 8 msecs (HTTP/1.1 404) 4 headers in 164 bytes (1 switches on core 0) [pid: 6|app: 0|req: 1816/3529] 10.0.0.211 () {32 vars in 749 bytes} [Tue Jun 30 23:37:44 2026] DELETE /v2.0/security-group-rules/26ce95b3-7a30-4f3b-ae3a-0b646a2cc549 => generated 0 bytes in 113 msecs (HTTP/1.1 204) 2 headers in 112 bytes (1 switches on core 0)
2026-06-30 23:37:44.709 7 INFO neutron.api.v2.resource [None req-eeb9563c-69fe-499a-af03-096f980bb723 aa22d23a5dfa43f49f24fa9308a9e611 852be56d06a54d30999d7ff1b3a8a4af - - default default] show failed (client error): The resource could not be found. [pid: 7|app: 0|req: 1714/3530] 10.0.0.211 () {32 vars in 746 bytes} [Tue Jun 30 23:37:44 2026] GET /v2.0/security-group-rules/26ce95b3-7a30-4f3b-ae3a-0b646a2cc549 => generated 155 bytes in 10 msecs (HTTP/1.1 404) 4 headers in 164 bytes (1 switches on core 0) [pid: 6|app: 0|req: 1817/3531] 10.0.0.211 () {32 vars in 749 bytes} [Tue Jun 30 23:37:44 2026] DELETE /v2.0/security-group-rules/cfac6196-d65f-4d1d-8288-41f9e7b2f3b6 => generated 0 bytes in 125 msecs (HTTP/1.1 204) 2 headers in 112 bytes (1 switches on core 0)
2026-06-30 23:37:44.856 7 INFO neutron.api.v2.resource [None req-8708b91f-61b6-41dd-9bd5-04fea627146f aa22d23a5dfa43f49f24fa9308a9e611 852be56d06a54d30999d7ff1b3a8a4af - - default default] show failed (client error): The resource could not be found. [pid: 7|app: 0|req: 1715/3532] 10.0.0.211 () {32 vars in 746 bytes} [Tue Jun 30 23:37:44 2026] GET /v2.0/security-group-rules/cfac6196-d65f-4d1d-8288-41f9e7b2f3b6 => generated 155 bytes in 13 msecs (HTTP/1.1 404) 4 headers in 164 bytes (1 switches on core 0) [pid: 6|app: 0|req: 1818/3533] 10.0.0.211 () {32 vars in 749 bytes} [Tue Jun 30 23:37:44 2026] DELETE /v2.0/security-group-rules/bbf6b403-b1bf-4788-95c4-22b38331f8c7 => generated 0 bytes in 122 msecs (HTTP/1.1 204) 2 headers in 112 bytes (1 switches on core 0)
2026-06-30 23:37:45.000 7 INFO neutron.api.v2.resource [None req-214f7fc5-34f3-4355-bede-24330b76dc5f aa22d23a5dfa43f49f24fa9308a9e611 852be56d06a54d30999d7ff1b3a8a4af - - default default] show failed (client error): The resource could not be found. [pid: 7|app: 0|req: 1716/3534] 10.0.0.211 () {32 vars in 746 bytes} [Tue Jun 30 23:37:44 2026] GET /v2.0/security-group-rules/bbf6b403-b1bf-4788-95c4-22b38331f8c7 => generated 155 bytes in 12 msecs (HTTP/1.1 404) 4 headers in 164 bytes (1 switches on core 0) [pid: 6|app: 0|req: 1819/3535] 10.0.0.211 () {32 vars in 749 bytes} [Tue Jun 30 23:37:45 2026] DELETE /v2.0/security-group-rules/5d59cc6e-e8d8-4755-b635-397b1e19b73e => generated 0 bytes in 112 msecs (HTTP/1.1 204) 2 headers in 112 bytes (1 switches on core 0)
2026-06-30 23:37:45.133 7 INFO neutron.api.v2.resource [None req-4c2f1380-0eb2-43ae-994f-b256103ff970 aa22d23a5dfa43f49f24fa9308a9e611 852be56d06a54d30999d7ff1b3a8a4af - - default default] show failed (client error): The resource could not be found. [pid: 7|app: 0|req: 1717/3536] 10.0.0.211 () {32 vars in 746 bytes} [Tue Jun 30 23:37:45 2026] GET /v2.0/security-group-rules/5d59cc6e-e8d8-4755-b635-397b1e19b73e => generated 155 bytes in 11 msecs (HTTP/1.1 404) 4 headers in 164 bytes (1 switches on core 0) [pid: 6|app: 0|req: 1820/3537] 10.0.0.211 () {32 vars in 749 bytes} [Tue Jun 30 23:37:45 2026] DELETE /v2.0/security-group-rules/23922d23-3f00-41fa-93ec-70989d7f4c84 => generated 0 bytes in 118 msecs (HTTP/1.1 204) 2 headers in 112 bytes (1 switches on core 0)
2026-06-30 23:37:45.270 7 INFO neutron.api.v2.resource [None req-121eff19-35d3-4514-ba01-ae375129f826 aa22d23a5dfa43f49f24fa9308a9e611 852be56d06a54d30999d7ff1b3a8a4af - - default default] show failed (client error): The resource could not be found. [pid: 7|app: 0|req: 1718/3538] 10.0.0.211 () {32 vars in 746 bytes} [Tue Jun 30 23:37:45 2026] GET /v2.0/security-group-rules/23922d23-3f00-41fa-93ec-70989d7f4c84 => generated 155 bytes in 12 msecs (HTTP/1.1 404) 4 headers in 164 bytes (1 switches on core 0) [pid: 6|app: 0|req: 1821/3539] 10.0.0.211 () {32 vars in 749 bytes} [Tue Jun 30 23:37:45 2026] DELETE /v2.0/security-group-rules/506582c7-5829-4dec-9201-73906e206e47 => generated 0 bytes in 127 msecs (HTTP/1.1 204) 2 headers in 112 bytes (1 switches on core 0)
2026-06-30 23:37:45.417 7 INFO neutron.api.v2.resource [None req-4fbf8ab4-d9dc-4d3d-96f7-85ba04ed90cc aa22d23a5dfa43f49f24fa9308a9e611 852be56d06a54d30999d7ff1b3a8a4af - - default default] show failed (client error): The resource could not be found. [pid: 7|app: 0|req: 1719/3540] 10.0.0.211 () {32 vars in 746 bytes} [Tue Jun 30 23:37:45 2026] GET /v2.0/security-group-rules/506582c7-5829-4dec-9201-73906e206e47 => generated 155 bytes in 12 msecs (HTTP/1.1 404) 4 headers in 164 bytes (1 switches on core 0) [pid: 6|app: 0|req: 1822/3541] 10.0.0.211 () {32 vars in 749 bytes} [Tue Jun 30 23:37:45 2026] DELETE /v2.0/security-group-rules/d0175ece-c880-42d6-b73c-c3a115a8aed2 => generated 0 bytes in 113 msecs (HTTP/1.1 204) 2 headers in 112 bytes (1 switches on core 0)
2026-06-30 23:37:45.551 7 INFO neutron.api.v2.resource [None req-c91a8917-bfac-4e0c-890e-2367ee33778d aa22d23a5dfa43f49f24fa9308a9e611 852be56d06a54d30999d7ff1b3a8a4af - - default default] show failed (client error): The resource could not be found. [pid: 7|app: 0|req: 1720/3542] 10.0.0.211 () {32 vars in 746 bytes} [Tue Jun 30 23:37:45 2026] GET /v2.0/security-group-rules/d0175ece-c880-42d6-b73c-c3a115a8aed2 => generated 155 bytes in 10 msecs (HTTP/1.1 404) 4 headers in 164 bytes (1 switches on core 0) [pid: 6|app: 0|req: 1823/3543] 10.0.0.211 () {32 vars in 749 bytes} [Tue Jun 30 23:37:45 2026] DELETE /v2.0/security-group-rules/2f4b8741-ef7b-4612-9b83-2e19bb1288cf => generated 0 bytes in 140 msecs (HTTP/1.1 204) 2 headers in 112 bytes (1 switches on core 0)
2026-06-30 23:37:45.724 7 INFO neutron.api.v2.resource [None req-8ba9af93-b318-4e17-98b0-2f4b575e0fb5 aa22d23a5dfa43f49f24fa9308a9e611 852be56d06a54d30999d7ff1b3a8a4af - - default default] show failed (client error): The resource could not be found. [pid: 7|app: 0|req: 1721/3544] 10.0.0.211 () {32 vars in 746 bytes} [Tue Jun 30 23:37:45 2026] GET /v2.0/security-group-rules/2f4b8741-ef7b-4612-9b83-2e19bb1288cf => generated 155 bytes in 14 msecs (HTTP/1.1 404) 4 headers in 164 bytes (1 switches on core 0) [pid: 6|app: 0|req: 1824/3545] 10.0.0.211 () {32 vars in 749 bytes} [Tue Jun 30 23:37:45 2026] DELETE /v2.0/security-group-rules/0b765491-6d24-42c2-a7c6-4a6b290a092a => generated 0 bytes in 113 msecs (HTTP/1.1 204) 2 headers in 112 bytes (1 switches on core 0)
2026-06-30 23:37:45.855 7 INFO neutron.api.v2.resource [None req-34a2ca84-35aa-4f0b-b0a3-44babfe4d8d4 aa22d23a5dfa43f49f24fa9308a9e611 852be56d06a54d30999d7ff1b3a8a4af - - default default] show failed (client error): The resource could not be found. [pid: 7|app: 0|req: 1722/3546] 10.0.0.211 () {32 vars in 746 bytes} [Tue Jun 30 23:37:45 2026] GET /v2.0/security-group-rules/0b765491-6d24-42c2-a7c6-4a6b290a092a => generated 155 bytes in 10 msecs (HTTP/1.1 404) 4 headers in 164 bytes (1 switches on core 0) [pid: 6|app: 0|req: 1825/3547] 10.0.0.211 () {32 vars in 739 bytes} [Tue Jun 30 23:37:45 2026] DELETE /v2.0/security-groups/0ec23e0b-4c38-4068-a65e-2ec9142de2f9 => generated 0 bytes in 118 msecs (HTTP/1.1 204) 2 headers in 112 bytes (1 switches on core 0)
2026-06-30 23:37:45.993 6 INFO neutron.api.v2.resource [None req-e868f8d9-bb09-400e-ac04-7df6e9984da1 aa22d23a5dfa43f49f24fa9308a9e611 852be56d06a54d30999d7ff1b3a8a4af - - default default] show failed (client error): The resource could not be found. [pid: 6|app: 0|req: 1826/3548] 10.0.0.211 () {32 vars in 736 bytes} [Tue Jun 30 23:37:45 2026] GET /v2.0/security-groups/0ec23e0b-4c38-4068-a65e-2ec9142de2f9 => generated 146 bytes in 11 msecs (HTTP/1.1 404) 4 headers in 164 bytes (1 switches on core 0) [pid: 7|app: 0|req: 1723/3549] 10.0.0.91 () {28 vars in 583 bytes} [Tue Jun 30 23:37:45 2026] GET /v2.0/networks => generated 4544 bytes in 133 msecs (HTTP/1.1 200) 4 headers in 158 bytes (1 switches on core 0) [pid: 6|app: 0|req: 1827/3550] 10.0.0.91 () {28 vars in 581 bytes} [Tue Jun 30 23:37:46 2026] GET /v2.0/routers => generated 966 bytes in 59 msecs (HTTP/1.1 200) 4 headers in 157 bytes (1 switches on core 0) [pid: 6|app: 0|req: 1828/3551] 10.0.0.91 () {28 vars in 622 bytes} [Tue Jun 30 23:37:46 2026] GET /v2.0/agents?binary=ovn-controller => generated 416 bytes in 10 msecs (HTTP/1.1 200) 4 headers in 157 bytes (1 switches on core 0) [pid: 6|app: 0|req: 1829/3552] 10.0.0.91 () {28 vars in 579 bytes} [Tue Jun 30 23:37:46 2026] GET /v2.0/agents => generated 1214 bytes in 9 msecs (HTTP/1.1 200) 4 headers in 158 bytes (1 switches on core 0) [pid: 6|app: 0|req: 1830/3553] 10.0.0.91 () {28 vars in 597 bytes} [Tue Jun 30 23:37:46 2026] GET /v2.0/security-groups => generated 20305 bytes in 33 msecs (HTTP/1.1 200) 4 headers in 159 bytes (1 switches on core 0) [pid: 6|app: 0|req: 1831/3554] 10.0.0.91 () {28 vars in 617 bytes} [Tue Jun 30 23:37:46 2026] GET /v2.0/network-ip-availabilities => generated 3186 bytes in 22 msecs (HTTP/1.1 200) 4 headers in 158 bytes (1 switches on core 0) [pid: 6|app: 0|req: 1832/3555] 10.0.0.91 () {28 vars in 589 bytes} [Tue Jun 30 23:37:46 2026] GET /v2.0/floatingips => generated 19 bytes in 17 msecs (HTTP/1.1 200) 4 headers in 156 bytes (1 switches on core 0) [pid: 6|app: 0|req: 1833/3556] 10.0.0.91 () {28 vars in 581 bytes} [Tue Jun 30 23:37:46 2026] GET /v2.0/subnets => generated 5511 bytes in 41 msecs (HTTP/1.1 200) 4 headers in 158 bytes (1 switches on core 0) [pid: 6|app: 0|req: 1834/3557] 10.0.0.91 () {28 vars in 577 bytes} [Tue Jun 30 23:37:46 2026] GET /v2.0/ports => generated 12560 bytes in 69 msecs (HTTP/1.1 200) 4 headers in 159 bytes (1 switches on core 0)
2026-06-30 23:37:46.322 7 INFO neutron_taas.services.taas.taas_plugin [None req-011133c7-b73f-4130-a1dc-2675aa6ce2a3 aa22d23a5dfa43f49f24fa9308a9e611 852be56d06a54d30999d7ff1b3a8a4af - - default default] TaaS: Handle Delete Port: f39c3918-bcb8-4a4a-a92f-171dd0c3791a
2026-06-30 23:37:46.326 7 INFO neutron_taas.services.taas.tap_mirror_plugin [None req-011133c7-b73f-4130-a1dc-2675aa6ce2a3 aa22d23a5dfa43f49f24fa9308a9e611 852be56d06a54d30999d7ff1b3a8a4af - - default default] Tap Mirror: Handle Delete Port: f39c3918-bcb8-4a4a-a92f-171dd0c3791a [pid: 6|app: 0|req: 1835/3558] 10.0.0.91 () {28 vars in 581 bytes} [Tue Jun 30 23:37:46 2026] GET /v2.0/subnets => generated 5511 bytes in 49 msecs (HTTP/1.1 200) 4 headers in 158 bytes (1 switches on core 0) [pid: 6|app: 0|req: 1836/3559] 10.0.0.91 () {28 vars in 589 bytes} [Tue Jun 30 23:37:46 2026] GET /v2.0/subnetpools => generated 19 bytes in 8 msecs (HTTP/1.1 200) 4 headers in 156 bytes (1 switches on core 0) [pid: 7|app: 0|req: 1724/3560] 10.0.0.211 () {34 vars in 788 bytes} [Tue Jun 30 23:37:46 2026] PUT /v2.0/routers/aa81877c-be35-46d3-ad5c-6c88ab01e11e/remove_router_interface => generated 309 bytes in 778 msecs (HTTP/1.1 200) 4 headers in 157 bytes (1 switches on core 0)
2026-06-30 23:37:46.922 6 INFO neutron.api.v2.resource [None req-2453983a-5ca8-4f9a-ba86-0451f1c1f8a3 aa22d23a5dfa43f49f24fa9308a9e611 852be56d06a54d30999d7ff1b3a8a4af - - default default] remove_router_interface failed (client error): The resource could not be found. [pid: 6|app: 0|req: 1837/3561] 10.0.0.211 () {34 vars in 788 bytes} [Tue Jun 30 23:37:46 2026] PUT /v2.0/routers/aa81877c-be35-46d3-ad5c-6c88ab01e11e/remove_router_interface => generated 198 bytes in 98 msecs (HTTP/1.1 404) 4 headers in 164 bytes (1 switches on core 0) /var/lib/openstack/lib/python3.12/site-packages/pycadf/identifier.py:70: UserWarning: Invalid uuid: neutron. To ensure interoperability, identifiers should be a valid uuid. warnings.warn(('Invalid uuid: %s. To ensure interoperability, '
2026-06-30 23:37:47.158 7 INFO neutron_taas.services.taas.taas_plugin [None req-bd46803f-2f1a-41b1-beaa-523d6465404b aa22d23a5dfa43f49f24fa9308a9e611 852be56d06a54d30999d7ff1b3a8a4af - - default default] TaaS: Handle Delete Port: e8b57fb8-1c65-4591-a7d2-76cae37e0290
2026-06-30 23:37:47.162 7 INFO neutron_taas.services.taas.tap_mirror_plugin [None req-bd46803f-2f1a-41b1-beaa-523d6465404b aa22d23a5dfa43f49f24fa9308a9e611 852be56d06a54d30999d7ff1b3a8a4af - - default default] Tap Mirror: Handle Delete Port: e8b57fb8-1c65-4591-a7d2-76cae37e0290 [pid: 7|app: 0|req: 1725/3562] 10.0.0.211 () {34 vars in 788 bytes} [Tue Jun 30 23:37:46 2026] PUT /v2.0/routers/aa81877c-be35-46d3-ad5c-6c88ab01e11e/remove_router_interface => generated 309 bytes in 746 msecs (HTTP/1.1 200) 4 headers in 157 bytes (1 switches on core 0)
2026-06-30 23:37:47.789 6 INFO neutron.api.v2.resource [None req-e04f5f8f-dca6-406a-828e-372f34f814e3 aa22d23a5dfa43f49f24fa9308a9e611 852be56d06a54d30999d7ff1b3a8a4af - - default default] remove_router_interface failed (client error): The resource could not be found. [pid: 6|app: 0|req: 1838/3563] 10.0.0.211 () {34 vars in 788 bytes} [Tue Jun 30 23:37:47 2026] PUT /v2.0/routers/aa81877c-be35-46d3-ad5c-6c88ab01e11e/remove_router_interface => generated 198 bytes in 113 msecs (HTTP/1.1 404) 4 headers in 164 bytes (1 switches on core 0) /var/lib/openstack/lib/python3.12/site-packages/pycadf/identifier.py:70: UserWarning: Invalid uuid: neutron. To ensure interoperability, identifiers should be a valid uuid. warnings.warn(('Invalid uuid: %s. To ensure interoperability, '
2026-06-30 23:37:48.064 7 INFO neutron_taas.services.taas.taas_plugin [None req-0865b91a-4914-4589-a6e1-449658c43e31 aa22d23a5dfa43f49f24fa9308a9e611 852be56d06a54d30999d7ff1b3a8a4af - - default default] TaaS: Handle Delete Port: ab424951-25de-4809-9574-3dccffa654fc
2026-06-30 23:37:48.068 7 INFO neutron_taas.services.taas.tap_mirror_plugin [None req-0865b91a-4914-4589-a6e1-449658c43e31 aa22d23a5dfa43f49f24fa9308a9e611 852be56d06a54d30999d7ff1b3a8a4af - - default default] Tap Mirror: Handle Delete Port: ab424951-25de-4809-9574-3dccffa654fc [pid: 7|app: 0|req: 1726/3564] 10.0.0.211 () {34 vars in 788 bytes} [Tue Jun 30 23:37:47 2026] PUT /v2.0/routers/aa81877c-be35-46d3-ad5c-6c88ab01e11e/remove_router_interface => generated 309 bytes in 836 msecs (HTTP/1.1 200) 4 headers in 157 bytes (1 switches on core 0)
2026-06-30 23:37:48.728 6 INFO neutron.api.v2.resource [None req-a9d22509-2d16-4351-b4f1-07a36a1f78a6 aa22d23a5dfa43f49f24fa9308a9e611 852be56d06a54d30999d7ff1b3a8a4af - - default default] remove_router_interface failed (client error): The resource could not be found. [pid: 6|app: 0|req: 1839/3565] 10.0.0.211 () {34 vars in 788 bytes} [Tue Jun 30 23:37:48 2026] PUT /v2.0/routers/aa81877c-be35-46d3-ad5c-6c88ab01e11e/remove_router_interface => generated 198 bytes in 97 msecs (HTTP/1.1 404) 4 headers in 164 bytes (1 switches on core 0) /var/lib/openstack/lib/python3.12/site-packages/pycadf/identifier.py:70: UserWarning: Invalid uuid: neutron. To ensure interoperability, identifiers should be a valid uuid. warnings.warn(('Invalid uuid: %s. To ensure interoperability, '
2026-06-30 23:37:49.005 7 INFO neutron_taas.services.taas.taas_plugin [None req-d51a0442-f00f-48c1-a2fb-0c22c89dc61e aa22d23a5dfa43f49f24fa9308a9e611 852be56d06a54d30999d7ff1b3a8a4af - - default default] TaaS: Handle Delete Port: 52887ce1-8012-4371-a39c-4559f543b97a
2026-06-30 23:37:49.009 7 INFO neutron_taas.services.taas.tap_mirror_plugin [None req-d51a0442-f00f-48c1-a2fb-0c22c89dc61e aa22d23a5dfa43f49f24fa9308a9e611 852be56d06a54d30999d7ff1b3a8a4af - - default default] Tap Mirror: Handle Delete Port: 52887ce1-8012-4371-a39c-4559f543b97a [pid: 7|app: 0|req: 1727/3566] 10.0.0.211 () {32 vars in 723 bytes} [Tue Jun 30 23:37:48 2026] DELETE /v2.0/routers/aa81877c-be35-46d3-ad5c-6c88ab01e11e => generated 0 bytes in 686 msecs (HTTP/1.1 204) 2 headers in 112 bytes (1 switches on core 0)
2026-06-30 23:37:49.442 6 INFO neutron.api.v2.resource [None req-5be39618-b461-4e8c-b6b8-6529df1fb811 aa22d23a5dfa43f49f24fa9308a9e611 852be56d06a54d30999d7ff1b3a8a4af - - default default] show failed (client error): The resource could not be found. [pid: 6|app: 0|req: 1840/3567] 10.0.0.211 () {32 vars in 720 bytes} [Tue Jun 30 23:37:49 2026] GET /v2.0/routers/aa81877c-be35-46d3-ad5c-6c88ab01e11e => generated 135 bytes in 18 msecs (HTTP/1.1 404) 4 headers in 164 bytes (1 switches on core 0) [pid: 7|app: 0|req: 1728/3568] 10.0.0.211 () {32 vars in 723 bytes} [Tue Jun 30 23:37:49 2026] DELETE /v2.0/subnets/7b9b0391-45d8-4e0f-b344-b56714e5460a => generated 0 bytes in 140 msecs (HTTP/1.1 204) 3 headers in 131 bytes (1 switches on core 0)
2026-06-30 23:37:49.606 6 INFO neutron.pecan_wsgi.hooks.translation [None req-5bdca512-2f84-4827-b604-900153ad7967 aa22d23a5dfa43f49f24fa9308a9e611 852be56d06a54d30999d7ff1b3a8a4af - - default default] GET failed (client error): The resource could not be found. [pid: 6|app: 0|req: 1841/3569] 10.0.0.211 () {32 vars in 720 bytes} [Tue Jun 30 23:37:49 2026] GET /v2.0/subnets/7b9b0391-45d8-4e0f-b344-b56714e5460a => generated 136 bytes in 15 msecs (HTTP/1.1 404) 4 headers in 164 bytes (1 switches on core 0) [pid: 7|app: 0|req: 1729/3570] 10.0.0.211 () {32 vars in 723 bytes} [Tue Jun 30 23:37:49 2026] DELETE /v2.0/subnets/d5dd33e9-3fe4-4593-b1c3-56954e902e08 => generated 0 bytes in 170 msecs (HTTP/1.1 204) 3 headers in 131 bytes (1 switches on core 0)
2026-06-30 23:37:49.803 6 INFO neutron.pecan_wsgi.hooks.translation [None req-a52d997e-54c6-4241-b274-bed56252cb61 aa22d23a5dfa43f49f24fa9308a9e611 852be56d06a54d30999d7ff1b3a8a4af - - default default] GET failed (client error): The resource could not be found. [pid: 6|app: 0|req: 1842/3571] 10.0.0.211 () {32 vars in 720 bytes} [Tue Jun 30 23:37:49 2026] GET /v2.0/subnets/d5dd33e9-3fe4-4593-b1c3-56954e902e08 => generated 136 bytes in 17 msecs (HTTP/1.1 404) 4 headers in 164 bytes (1 switches on core 0)
2026-06-30 23:37:49.909 7 INFO neutron_taas.services.taas.taas_plugin [None req-56f37164-ee4e-4f67-b1c5-5a4b249d8bc3 aa22d23a5dfa43f49f24fa9308a9e611 852be56d06a54d30999d7ff1b3a8a4af - - default default] TaaS: Handle Delete Port: 5f18fdb2-b819-41ff-9c00-c4a87879c4a7
2026-06-30 23:37:49.912 7 INFO neutron_taas.services.taas.tap_mirror_plugin [None req-56f37164-ee4e-4f67-b1c5-5a4b249d8bc3 aa22d23a5dfa43f49f24fa9308a9e611 852be56d06a54d30999d7ff1b3a8a4af - - default default] Tap Mirror: Handle Delete Port: 5f18fdb2-b819-41ff-9c00-c4a87879c4a7
2026-06-30 23:37:50.084 7 INFO neutron.services.segments.plugin [-] Segment d83f5e2e-d8b9-4e48-9944-a92f2bd654e8 resource provider aggregate not found
2026-06-30 23:37:50.088 7 INFO neutron.services.segments.plugin [-] Segment d83f5e2e-d8b9-4e48-9944-a92f2bd654e8 resource provider aggregate not found
2026-06-30 23:37:50.108 7 INFO neutron.services.segments.plugin [-] Segment d83f5e2e-d8b9-4e48-9944-a92f2bd654e8 resource provider not found; error: Placement Client Error (4xx): {"errors": [{"status": 404, "title": "Not Found", "detail": "The resource could not be found.\n\n No resource provider with uuid d83f5e2e-d8b9-4e48-9944-a92f2bd654e8 found for delete ", "request_id": "req-84003a8d-2857-47bb-ae30-ba73c304ee20"}]}
2026-06-30 23:37:50.108 7 INFO neutron.services.segments.plugin [-] Segment d83f5e2e-d8b9-4e48-9944-a92f2bd654e8 resource provider not found; error: Placement Client Error (4xx): {"errors": [{"status": 404, "title": "Not Found", "detail": "The resource could not be found.\n\n No resource provider with uuid d83f5e2e-d8b9-4e48-9944-a92f2bd654e8 found for delete ", "request_id": "req-81669f4c-73b2-4afe-924b-0fd5ba998628"}]} [pid: 7|app: 0|req: 1730/3572] 10.0.0.211 () {32 vars in 725 bytes} [Tue Jun 30 23:37:49 2026] DELETE /v2.0/networks/cb513ba9-1519-429e-a14b-36da390a271c => generated 0 bytes in 313 msecs (HTTP/1.1 204) 3 headers in 131 bytes (1 switches on core 0)
2026-06-30 23:37:50.143 6 INFO neutron.pecan_wsgi.hooks.translation [None req-b7d6e663-af0f-4549-8df4-a8e1df0b4919 aa22d23a5dfa43f49f24fa9308a9e611 852be56d06a54d30999d7ff1b3a8a4af - - default default] GET failed (client error): The resource could not be found. [pid: 6|app: 0|req: 1843/3573] 10.0.0.211 () {32 vars in 722 bytes} [Tue Jun 30 23:37:50 2026] GET /v2.0/networks/cb513ba9-1519-429e-a14b-36da390a271c => generated 138 bytes in 16 msecs (HTTP/1.1 404) 4 headers in 164 bytes (1 switches on core 0) [pid: 7|app: 0|req: 1731/3574] 10.0.0.211 () {32 vars in 723 bytes} [Tue Jun 30 23:37:50 2026] DELETE /v2.0/subnets/52028517-fd04-4525-a48f-223162c68ff2 => generated 0 bytes in 119 msecs (HTTP/1.1 204) 3 headers in 131 bytes (1 switches on core 0)
2026-06-30 23:37:50.287 6 INFO neutron.pecan_wsgi.hooks.translation [None req-7a9e8c3f-a72e-4b77-953d-f9bfb2257314 aa22d23a5dfa43f49f24fa9308a9e611 852be56d06a54d30999d7ff1b3a8a4af - - default default] GET failed (client error): The resource could not be found. [pid: 6|app: 0|req: 1844/3575] 10.0.0.211 () {32 vars in 720 bytes} [Tue Jun 30 23:37:50 2026] GET /v2.0/subnets/52028517-fd04-4525-a48f-223162c68ff2 => generated 136 bytes in 17 msecs (HTTP/1.1 404) 4 headers in 164 bytes (1 switches on core 0) [pid: 7|app: 0|req: 1732/3576] 10.0.0.211 () {32 vars in 723 bytes} [Tue Jun 30 23:37:50 2026] DELETE /v2.0/subnets/60e8c69d-e6f0-46a7-a26e-e80cb7ec73ef => generated 0 bytes in 200 msecs (HTTP/1.1 204) 3 headers in 131 bytes (1 switches on core 0)
2026-06-30 23:37:50.511 6 INFO neutron.pecan_wsgi.hooks.translation [None req-db9d04f8-ca47-4e07-a355-4bb47bd7f4ce aa22d23a5dfa43f49f24fa9308a9e611 852be56d06a54d30999d7ff1b3a8a4af - - default default] GET failed (client error): The resource could not be found. [pid: 6|app: 0|req: 1845/3577] 10.0.0.211 () {32 vars in 720 bytes} [Tue Jun 30 23:37:50 2026] GET /v2.0/subnets/60e8c69d-e6f0-46a7-a26e-e80cb7ec73ef => generated 136 bytes in 15 msecs (HTTP/1.1 404) 4 headers in 164 bytes (1 switches on core 0)
2026-06-30 23:37:50.623 7 INFO neutron_taas.services.taas.taas_plugin [None req-ee593da2-5b0b-482c-9b69-8a5b14681e01 aa22d23a5dfa43f49f24fa9308a9e611 852be56d06a54d30999d7ff1b3a8a4af - - default default] TaaS: Handle Delete Port: 4cd99520-af82-467c-a4d9-7086c6ba89a1
2026-06-30 23:37:50.627 7 INFO neutron_taas.services.taas.tap_mirror_plugin [None req-ee593da2-5b0b-482c-9b69-8a5b14681e01 aa22d23a5dfa43f49f24fa9308a9e611 852be56d06a54d30999d7ff1b3a8a4af - - default default] Tap Mirror: Handle Delete Port: 4cd99520-af82-467c-a4d9-7086c6ba89a1 [pid: 7|app: 0|req: 1733/3578] 10.0.0.211 () {32 vars in 725 bytes} [Tue Jun 30 23:37:50 2026] DELETE /v2.0/networks/4ff87c76-477c-4da4-a0f1-3328c2ae0df6 => generated 0 bytes in 291 msecs (HTTP/1.1 204) 3 headers in 131 bytes (1 switches on core 0)
2026-06-30 23:37:50.827 6 INFO neutron.pecan_wsgi.hooks.translation [None req-5ba30939-e2c1-48be-9edd-0c560a4be2b6 aa22d23a5dfa43f49f24fa9308a9e611 852be56d06a54d30999d7ff1b3a8a4af - - default default] GET failed (client error): The resource could not be found. [pid: 6|app: 0|req: 1846/3579] 10.0.0.211 () {32 vars in 722 bytes} [Tue Jun 30 23:37:50 2026] GET /v2.0/networks/4ff87c76-477c-4da4-a0f1-3328c2ae0df6 => generated 138 bytes in 17 msecs (HTTP/1.1 404) 4 headers in 164 bytes (1 switches on core 0) [pid: 7|app: 0|req: 1734/3580] 10.0.0.211 () {32 vars in 723 bytes} [Tue Jun 30 23:37:50 2026] DELETE /v2.0/subnets/88c1d967-f3c3-4668-bddc-72152991b13b => generated 0 bytes in 108 msecs (HTTP/1.1 204) 3 headers in 131 bytes (1 switches on core 0)
2026-06-30 23:37:50.961 6 INFO neutron.pecan_wsgi.hooks.translation [None req-e1701384-72c9-47c9-a31a-dcab41d85974 aa22d23a5dfa43f49f24fa9308a9e611 852be56d06a54d30999d7ff1b3a8a4af - - default default] GET failed (client error): The resource could not be found. [pid: 6|app: 0|req: 1847/3581] 10.0.0.211 () {32 vars in 720 bytes} [Tue Jun 30 23:37:50 2026] GET /v2.0/subnets/88c1d967-f3c3-4668-bddc-72152991b13b => generated 136 bytes in 16 msecs (HTTP/1.1 404) 4 headers in 164 bytes (1 switches on core 0) [pid: 7|app: 0|req: 1735/3582] 10.0.0.211 () {32 vars in 723 bytes} [Tue Jun 30 23:37:50 2026] DELETE /v2.0/subnets/77b2bbc3-bb7b-46d7-badc-80bdcb48e436 => generated 0 bytes in 153 msecs (HTTP/1.1 204) 3 headers in 131 bytes (1 switches on core 0)
2026-06-30 23:37:51.139 6 INFO neutron.pecan_wsgi.hooks.translation [None req-212e5c33-95e3-4dfc-970c-69a5f1303d57 aa22d23a5dfa43f49f24fa9308a9e611 852be56d06a54d30999d7ff1b3a8a4af - - default default] GET failed (client error): The resource could not be found. [pid: 6|app: 0|req: 1848/3583] 10.0.0.211 () {32 vars in 720 bytes} [Tue Jun 30 23:37:51 2026] GET /v2.0/subnets/77b2bbc3-bb7b-46d7-badc-80bdcb48e436 => generated 136 bytes in 15 msecs (HTTP/1.1 404) 4 headers in 164 bytes (1 switches on core 0)
2026-06-30 23:37:51.260 7 INFO neutron_taas.services.taas.taas_plugin [None req-44a6f561-923f-4d77-91c5-6a1aaa4c2119 aa22d23a5dfa43f49f24fa9308a9e611 852be56d06a54d30999d7ff1b3a8a4af - - default default] TaaS: Handle Delete Port: f9e8101d-db5c-4ed1-8ef1-344c1595e463
2026-06-30 23:37:51.263 7 INFO neutron_taas.services.taas.tap_mirror_plugin [None req-44a6f561-923f-4d77-91c5-6a1aaa4c2119 aa22d23a5dfa43f49f24fa9308a9e611 852be56d06a54d30999d7ff1b3a8a4af - - default default] Tap Mirror: Handle Delete Port: f9e8101d-db5c-4ed1-8ef1-344c1595e463 [pid: 7|app: 0|req: 1736/3584] 10.0.0.211 () {32 vars in 725 bytes} [Tue Jun 30 23:37:51 2026] DELETE /v2.0/networks/80f9f164-7574-446f-8259-cdc7ce822465 => generated 0 bytes in 362 msecs (HTTP/1.1 204) 3 headers in 131 bytes (1 switches on core 0)
2026-06-30 23:37:51.525 6 INFO neutron.pecan_wsgi.hooks.translation [None req-a31f5dd4-1c79-4033-a09d-06ffaccadc4d aa22d23a5dfa43f49f24fa9308a9e611 852be56d06a54d30999d7ff1b3a8a4af - - default default] GET failed (client error): The resource could not be found. [pid: 6|app: 0|req: 1849/3585] 10.0.0.211 () {32 vars in 722 bytes} [Tue Jun 30 23:37:51 2026] GET /v2.0/networks/80f9f164-7574-446f-8259-cdc7ce822465 => generated 138 bytes in 16 msecs (HTTP/1.1 404) 4 headers in 164 bytes (1 switches on core 0)
2026-06-30 23:37:52.127 7 INFO neutron.services.segments.plugin [-] Segment 19c9876a-4f77-44fb-a55e-3c5825e097e4 resource provider aggregate not found
2026-06-30 23:37:52.133 7 INFO neutron.services.segments.plugin [-] Segment 19c9876a-4f77-44fb-a55e-3c5825e097e4 resource provider aggregate not found
2026-06-30 23:37:52.146 7 INFO neutron.services.segments.plugin [-] Segment 19c9876a-4f77-44fb-a55e-3c5825e097e4 resource provider not found; error: Placement Client Error (4xx): {"errors": [{"status": 404, "title": "Not Found", "detail": "The resource could not be found.\n\n No resource provider with uuid 19c9876a-4f77-44fb-a55e-3c5825e097e4 found for delete ", "request_id": "req-5e4be199-4517-47dd-a8e8-a633ef20c444"}]}
2026-06-30 23:37:52.150 7 INFO neutron.services.segments.plugin [-] Segment 19c9876a-4f77-44fb-a55e-3c5825e097e4 resource provider not found; error: Placement Client Error (4xx): {"errors": [{"status": 404, "title": "Not Found", "detail": "The resource could not be found.\n\n No resource provider with uuid 19c9876a-4f77-44fb-a55e-3c5825e097e4 found for delete ", "request_id": "req-62b8e928-c5b7-4b8f-9cf5-fc1d8ceafd3c"}]}
2026-06-30 23:37:52.163 7 INFO neutron.services.segments.plugin [-] Segment ba759eaa-619d-4804-8cd7-2d306d6aa4e8 resource provider aggregate not found
2026-06-30 23:37:52.166 7 INFO neutron.services.segments.plugin [-] Segment ba759eaa-619d-4804-8cd7-2d306d6aa4e8 resource provider aggregate not found
2026-06-30 23:37:52.182 7 INFO neutron.services.segments.plugin [-] Segment ba759eaa-619d-4804-8cd7-2d306d6aa4e8 resource provider not found; error: Placement Client Error (4xx): {"errors": [{"status": 404, "title": "Not Found", "detail": "The resource could not be found.\n\n No resource provider with uuid ba759eaa-619d-4804-8cd7-2d306d6aa4e8 found for delete ", "request_id": "req-48e0745a-2cbc-4cde-b69f-ac3d1649c8bf"}]}
2026-06-30 23:37:52.185 7 INFO neutron.services.segments.plugin [-] Segment ba759eaa-619d-4804-8cd7-2d306d6aa4e8 resource provider not found; error: Placement Client Error (4xx): {"errors": [{"status": 404, "title": "Not Found", "detail": "The resource could not be found.\n\n No resource provider with uuid ba759eaa-619d-4804-8cd7-2d306d6aa4e8 found for delete ", "request_id": "req-0b151685-9aab-42e0-a3ac-37ba8857b24e"}]}
2026-06-30 23:37:53.543 7 INFO neutron.db.ovn_revision_numbers_db [None req-8b54995d-ee48-4dfe-bfcd-eab109b4305d 7a57bfe0784945dfa4087ae54e0e252f 378e309d42154c8795f8c4e11ffe384c - - default default] Successfully bumped revision number for resource 17898fca-9536-4989-8d86-be996d7693a7 (type: security_groups) to 1
2026-06-30 23:37:53.551 7 INFO neutron.db.ovn_revision_numbers_db [None req-8b54995d-ee48-4dfe-bfcd-eab109b4305d 7a57bfe0784945dfa4087ae54e0e252f 378e309d42154c8795f8c4e11ffe384c - - default default] Successfully bumped revision number for resource 37738f20-1456-46e2-80ef-3bcd0740dfa8 (type: security_group_rules) to 0
2026-06-30 23:37:53.559 7 INFO neutron.db.ovn_revision_numbers_db [None req-8b54995d-ee48-4dfe-bfcd-eab109b4305d 7a57bfe0784945dfa4087ae54e0e252f 378e309d42154c8795f8c4e11ffe384c - - default default] Successfully bumped revision number for resource 9d263691-865b-4c65-a0c4-9fc8768fff3b (type: security_group_rules) to 0
2026-06-30 23:37:53.568 7 INFO neutron.db.ovn_revision_numbers_db [None req-8b54995d-ee48-4dfe-bfcd-eab109b4305d 7a57bfe0784945dfa4087ae54e0e252f 378e309d42154c8795f8c4e11ffe384c - - default default] Successfully bumped revision number for resource a11511fb-0833-4853-b869-2cae1e3d3769 (type: security_group_rules) to 0
2026-06-30 23:37:53.577 7 INFO neutron.db.ovn_revision_numbers_db [None req-8b54995d-ee48-4dfe-bfcd-eab109b4305d 7a57bfe0784945dfa4087ae54e0e252f 378e309d42154c8795f8c4e11ffe384c - - default default] Successfully bumped revision number for resource a91ac795-6fad-43c6-82ac-0f3575f3a938 (type: security_group_rules) to 0 [pid: 7|app: 0|req: 1737/3586] 10.0.0.211 () {32 vars in 773 bytes} [Tue Jun 30 23:37:53 2026] GET /v2.0/security-groups?tenant_id=6ebb76810c854e4ca1ef46301afd6386&name=default => generated 2929 bytes in 312 msecs (HTTP/1.1 200) 4 headers in 158 bytes (1 switches on core 0) [pid: 6|app: 0|req: 1850/3587] 10.0.0.211 () {32 vars in 739 bytes} [Tue Jun 30 23:37:53 2026] DELETE /v2.0/security-groups/17898fca-9536-4989-8d86-be996d7693a7 => generated 0 bytes in 240 msecs (HTTP/1.1 204) 2 headers in 112 bytes (1 switches on core 0)
2026-06-30 23:37:54.072 7 INFO neutron.db.ovn_revision_numbers_db [None req-cfe50753-c9d1-465c-b439-eb4e09d7f10a 7a57bfe0784945dfa4087ae54e0e252f 378e309d42154c8795f8c4e11ffe384c - - default default] Successfully bumped revision number for resource ad7ec004-1635-4eb2-8811-7775ddda66b8 (type: security_groups) to 1
2026-06-30 23:37:54.085 7 INFO neutron.db.ovn_revision_numbers_db [None req-cfe50753-c9d1-465c-b439-eb4e09d7f10a 7a57bfe0784945dfa4087ae54e0e252f 378e309d42154c8795f8c4e11ffe384c - - default default] Successfully bumped revision number for resource 01efa750-0ddd-4d8c-b676-385418a95269 (type: security_group_rules) to 0
2026-06-30 23:37:54.097 7 INFO neutron.db.ovn_revision_numbers_db [None req-cfe50753-c9d1-465c-b439-eb4e09d7f10a 7a57bfe0784945dfa4087ae54e0e252f 378e309d42154c8795f8c4e11ffe384c - - default default] Successfully bumped revision number for resource 09bb509e-3bfd-4863-a334-cea9f884e9d9 (type: security_group_rules) to 0
2026-06-30 23:37:54.108 7 INFO neutron.db.ovn_revision_numbers_db [None req-cfe50753-c9d1-465c-b439-eb4e09d7f10a 7a57bfe0784945dfa4087ae54e0e252f 378e309d42154c8795f8c4e11ffe384c - - default default] Successfully bumped revision number for resource 6402897a-ee63-4509-8bf7-bc981c67884a (type: security_group_rules) to 0
2026-06-30 23:37:54.118 7 INFO neutron.db.ovn_revision_numbers_db [None req-cfe50753-c9d1-465c-b439-eb4e09d7f10a 7a57bfe0784945dfa4087ae54e0e252f 378e309d42154c8795f8c4e11ffe384c - - default default] Successfully bumped revision number for resource 788a4ada-1f5d-4cf9-bb3e-6bb582725c1f (type: security_group_rules) to 0 [pid: 7|app: 0|req: 1738/3588] 10.0.0.211 () {32 vars in 773 bytes} [Tue Jun 30 23:37:53 2026] GET /v2.0/security-groups?tenant_id=4c6c89b248a44307a49f3aac38be3104&name=default => generated 2929 bytes in 218 msecs (HTTP/1.1 200) 4 headers in 158 bytes (1 switches on core 0) [pid: 6|app: 0|req: 1851/3589] 10.0.0.211 () {32 vars in 739 bytes} [Tue Jun 30 23:37:54 2026] DELETE /v2.0/security-groups/ad7ec004-1635-4eb2-8811-7775ddda66b8 => generated 0 bytes in 254 msecs (HTTP/1.1 204) 2 headers in 112 bytes (1 switches on core 0)
2026-06-30 23:37:54.677 7 INFO neutron.db.ovn_revision_numbers_db [None req-e99bc99c-530a-4d39-85f4-c1d3eb90112c 7a57bfe0784945dfa4087ae54e0e252f 378e309d42154c8795f8c4e11ffe384c - - default default] Successfully bumped revision number for resource d586338b-ba37-4c31-9b86-011dd2b8ffdf (type: security_groups) to 1
2026-06-30 23:37:54.686 7 INFO neutron.db.ovn_revision_numbers_db [None req-e99bc99c-530a-4d39-85f4-c1d3eb90112c 7a57bfe0784945dfa4087ae54e0e252f 378e309d42154c8795f8c4e11ffe384c - - default default] Successfully bumped revision number for resource 7cb35abe-251c-454a-9ba2-24f1f9d17e35 (type: security_group_rules) to 0
2026-06-30 23:37:54.697 7 INFO neutron.db.ovn_revision_numbers_db [None req-e99bc99c-530a-4d39-85f4-c1d3eb90112c 7a57bfe0784945dfa4087ae54e0e252f 378e309d42154c8795f8c4e11ffe384c - - default default] Successfully bumped revision number for resource b360525a-f677-4ebb-ae17-b60e191a58dd (type: security_group_rules) to 0
2026-06-30 23:37:54.707 7 INFO neutron.db.ovn_revision_numbers_db [None req-e99bc99c-530a-4d39-85f4-c1d3eb90112c 7a57bfe0784945dfa4087ae54e0e252f 378e309d42154c8795f8c4e11ffe384c - - default default] Successfully bumped revision number for resource b5dbe46c-beaa-47e5-99b1-443cb47f0ee4 (type: security_group_rules) to 0
