Apr 02 04:00:08.514878 np0000162604 devstack@neutron-api.service[102922]: DEBUG ovsdbapp.backend.ovs_idl [None req-92e8b270-3a88-45bd-a810-e66338aa2ceb None None] Created lookup_table index Chassis.name {{(pid=102922) autocreate_indices /opt/stack/data/venv/lib/python3.12/site-packages/ovsdbapp/backend/ovs_idl/__init__.py:87}}
Apr 02 04:00:08.514995 np0000162604 devstack@neutron-api.service[102922]: DEBUG ovsdbapp.backend.ovs_idl [None req-92e8b270-3a88-45bd-a810-e66338aa2ceb None None] Created lookup_table index Port_Binding.logical_port {{(pid=102922) autocreate_indices /opt/stack/data/venv/lib/python3.12/site-packages/ovsdbapp/backend/ovs_idl/__init__.py:87}}
Apr 02 04:00:08.515080 np0000162604 devstack@neutron-api.service[102922]: DEBUG ovsdbapp.backend.ovs_idl [None req-92e8b270-3a88-45bd-a810-e66338aa2ceb None None] Created schema index Chassis_Private.name {{(pid=102922) autocreate_indices /opt/stack/data/venv/lib/python3.12/site-packages/ovsdbapp/backend/ovs_idl/__init__.py:106}}
Apr 02 04:00:08.515169 np0000162604 devstack@neutron-api.service[102922]: DEBUG ovsdbapp.backend.ovs_idl [None req-92e8b270-3a88-45bd-a810-e66338aa2ceb None None] Created schema index Datapath_Binding.tunnel_key {{(pid=102922) autocreate_indices /opt/stack/data/venv/lib/python3.12/site-packages/ovsdbapp/backend/ovs_idl/__init__.py:106}}
Apr 02 04:00:08.517201 np0000162604 devstack@neutron-api.service[102922]: INFO ovsdbapp.backend.ovs_idl.vlog [None req-92e8b270-3a88-45bd-a810-e66338aa2ceb None None] ssl:162.253.55.70:6642: connecting...
Apr 02 04:00:08.518406 np0000162604 devstack@neutron-api.service[102920]: DEBUG neutron.common.ovn.hash_ring_manager [None req-7db92519-c78e-4add-91ab-3d18a63bd65b None None] Allow caching, nodes 4>=4 {{(pid=102920) _wait_startup_before_caching /opt/stack/neutron/neutron/common/ovn/hash_ring_manager.py:65}}
Apr 02 04:00:08.522006 np0000162604 devstack@neutron-api.service[102919]: DEBUG ovsdbapp.backend.ovs_idl [None req-01f002b8-b328-4449-9f72-25933fcc74b6 None None] Created lookup_table index Chassis.name {{(pid=102919) autocreate_indices /opt/stack/data/venv/lib/python3.12/site-packages/ovsdbapp/backend/ovs_idl/__init__.py:87}}
Apr 02 04:00:08.522140 np0000162604 devstack@neutron-api.service[102919]: DEBUG ovsdbapp.backend.ovs_idl [None req-01f002b8-b328-4449-9f72-25933fcc74b6 None None] Created lookup_table index Port_Binding.logical_port {{(pid=102919) autocreate_indices /opt/stack/data/venv/lib/python3.12/site-packages/ovsdbapp/backend/ovs_idl/__init__.py:87}}
Apr 02 04:00:08.522204 np0000162604 devstack@neutron-api.service[102919]: DEBUG ovsdbapp.backend.ovs_idl [None req-01f002b8-b328-4449-9f72-25933fcc74b6 None None] Created schema index Chassis_Private.name {{(pid=102919) autocreate_indices /opt/stack/data/venv/lib/python3.12/site-packages/ovsdbapp/backend/ovs_idl/__init__.py:106}}
Apr 02 04:00:08.522264 np0000162604 devstack@neutron-api.service[102919]: DEBUG ovsdbapp.backend.ovs_idl [None req-01f002b8-b328-4449-9f72-25933fcc74b6 None None] Created schema index Datapath_Binding.tunnel_key {{(pid=102919) autocreate_indices /opt/stack/data/venv/lib/python3.12/site-packages/ovsdbapp/backend/ovs_idl/__init__.py:106}}
Apr 02 04:00:08.522436 np0000162604 devstack@neutron-api.service[102922]: INFO ovsdbapp.backend.ovs_idl.vlog [None req-92e8b270-3a88-45bd-a810-e66338aa2ceb None None] ssl:162.253.55.70:6642: connected
Apr 02 04:00:08.523414 np0000162604 devstack@neutron-api.service[102920]: DEBUG neutron.common.ovn.hash_ring_manager [None req-7db92519-c78e-4add-91ab-3d18a63bd65b None None] Hash Ring loaded. 4 active nodes. 0 offline nodes {{(pid=102920) _load_hash_ring /opt/stack/neutron/neutron/common/ovn/hash_ring_manager.py:102}}
Apr 02 04:00:08.523562 np0000162604 devstack@neutron-api.service[102920]: DEBUG neutron.plugins.ml2.drivers.ovn.mech_driver.ovsdb.ovsdb_monitor [None req-7db92519-c78e-4add-91ab-3d18a63bd65b None None] ChassisAgentWriteEvent : Matched Chassis_Private, create, None None {{(pid=102920) matches /opt/stack/neutron/neutron/plugins/ml2/drivers/ovn/mech_driver/ovsdb/ovsdb_monitor.py:64}}
Apr 02 04:00:08.523787 np0000162604 devstack@neutron-api.service[102920]: DEBUG neutron.plugins.ml2.drivers.ovn.mech_driver.ovsdb.ovsdb_monitor [None req-7db92519-c78e-4add-91ab-3d18a63bd65b None None] ChassisOVNAgentWriteEvent : Matched Chassis_Private, create, None None {{(pid=102920) matches /opt/stack/neutron/neutron/plugins/ml2/drivers/ovn/mech_driver/ovsdb/ovsdb_monitor.py:64}}
Apr 02 04:00:08.524131 np0000162604 devstack@neutron-api.service[102919]: INFO ovsdbapp.backend.ovs_idl.vlog [None req-01f002b8-b328-4449-9f72-25933fcc74b6 None None] ssl:162.253.55.70:6642: connecting...
Apr 02 04:00:08.526108 np0000162604 devstack@neutron-api.service[102920]: INFO neutron.plugins.ml2.drivers.ovn.mech_driver.mech_driver [None req-7db92519-c78e-4add-91ab-3d18a63bd65b None None] WorkerService process has finished the post initialization
Apr 02 04:00:08.527324 np0000162604 devstack@neutron-api.service[102920]: WSGI app 0 (mountpoint='') ready in 7 seconds on interpreter 0x78a82e2a3668 pid: 102920 (default app)
Apr 02 04:00:08.530135 np0000162604 devstack@neutron-api.service[102919]: INFO ovsdbapp.backend.ovs_idl.vlog [None req-01f002b8-b328-4449-9f72-25933fcc74b6 None None] ssl:162.253.55.70:6642: connected
Apr 02 04:00:08.552515 np0000162604 devstack@neutron-api.service[102922]: DEBUG neutron.common.ovn.hash_ring_manager [None req-92e8b270-3a88-45bd-a810-e66338aa2ceb None None] Allow caching, nodes 4>=4 {{(pid=102922) _wait_startup_before_caching /opt/stack/neutron/neutron/common/ovn/hash_ring_manager.py:65}}
Apr 02 04:00:08.556774 np0000162604 devstack@neutron-api.service[102922]: DEBUG neutron.common.ovn.hash_ring_manager [None req-92e8b270-3a88-45bd-a810-e66338aa2ceb None None] Hash Ring loaded. 4 active nodes. 0 offline nodes {{(pid=102922) _load_hash_ring /opt/stack/neutron/neutron/common/ovn/hash_ring_manager.py:102}}
Apr 02 04:00:08.557025 np0000162604 devstack@neutron-api.service[102922]: DEBUG neutron.plugins.ml2.drivers.ovn.mech_driver.ovsdb.ovsdb_monitor [None req-92e8b270-3a88-45bd-a810-e66338aa2ceb None None] Hash Ring: Node 518e4f9d97985dd79bc2e3c276d01387 (host: np0000162604) handling event "create" for row f29e6f6d-9b5c-4f49-8900-9fae90bac0c0 (table: Chassis) {{(pid=102922) notify /opt/stack/neutron/neutron/plugins/ml2/drivers/ovn/mech_driver/ovsdb/ovsdb_monitor.py:912}}
Apr 02 04:00:08.557461 np0000162604 devstack@neutron-api.service[102919]: DEBUG neutron.common.ovn.hash_ring_manager [None req-01f002b8-b328-4449-9f72-25933fcc74b6 None None] Allow caching, nodes 4>=4 {{(pid=102919) _wait_startup_before_caching /opt/stack/neutron/neutron/common/ovn/hash_ring_manager.py:65}}
Apr 02 04:00:08.558427 np0000162604 devstack@neutron-api.service[102922]: DEBUG ovsdbapp.backend.ovs_idl.event [None req-92e8b270-3a88-45bd-a810-e66338aa2ceb None None] Matched CREATE: ChassisBandwidthConfigEvent(events=('create', 'update'), table='Chassis', conditions=None, old_conditions=None), priority=20 to row=Chassis(uuid=f29e6f6d-9b5c-4f49-8900-9fae90bac0c0, encaps=[9580b2f9-83bd-4afe-844a-2ee3ae7949b6], external_ids={}, hostname='np0000162604', name='052be5db-3e91-4557-a2f9-13d68f300c8f', nb_cfg=0, other_config={'ct-commit-nat-v2': 'true', 'ct-commit-to-zone': 'true', 'ct-next-zone': 'true', 'ct-no-masked-label': 'true', 'ct-state-save': 'true', 'datapath-type': 'system', 'fdb-timestamp': 'true', 'iface-types': 'afxdp,afxdp-nonpmd,bareudp,erspan,geneve,gre,gtpu,internal,ip6erspan,ip6gre,lisp,patch,srv6,stt,system,tap,vxlan', 'is-interconn': 'false', 'ls-dpg-column': 'true', 'mac-binding-timestamp': 'true', 'ovn-bridge-mappings': 'public:br-ex', 'ovn-chassis-mac-mappings': '', 'ovn-cms-options': 'enable-chassis-as-gw', 'ovn-ct-lb-related': 'true', 'ovn-enable-lflow-cache': 'true', 'ovn-limit-lflow-cache': '', 'ovn-memlimit-lflow-cache-kb': '', 'ovn-monitor-all': 'false', 'ovn-trim-limit-lflow-cache': '', 'ovn-trim-timeout-ms': '', 'ovn-trim-wmark-perc-lflow-cache': '', 'port-up-notif': 'true'}, transport_zones=[], vtep_logical_switches=[]) old= {{(pid=102922) matches /opt/stack/data/venv/lib/python3.12/site-packages/ovsdbapp/backend/ovs_idl/event.py:55}}
Apr 02 04:00:08.559198 np0000162604 devstack@neutron-api.service[102922]: DEBUG neutron.plugins.ml2.drivers.ovn.mech_driver.ovsdb.ovsdb_monitor [None req-92e8b270-3a88-45bd-a810-e66338aa2ceb None None] ChassisAgentWriteEvent : Matched Chassis_Private, create, None None {{(pid=102922) matches /opt/stack/neutron/neutron/plugins/ml2/drivers/ovn/mech_driver/ovsdb/ovsdb_monitor.py:64}}
Apr 02 04:00:08.559405 np0000162604 devstack@neutron-api.service[102922]: DEBUG neutron.plugins.ml2.drivers.ovn.mech_driver.ovsdb.ovsdb_monitor [None req-92e8b270-3a88-45bd-a810-e66338aa2ceb None None] ChassisOVNAgentWriteEvent : Matched Chassis_Private, create, None None {{(pid=102922) matches /opt/stack/neutron/neutron/plugins/ml2/drivers/ovn/mech_driver/ovsdb/ovsdb_monitor.py:64}}
Apr 02 04:00:08.559763 np0000162604 devstack@neutron-api.service[102922]: DEBUG neutron.plugins.ml2.drivers.ovn.mech_driver.ovsdb.ovsdb_monitor [None req-92e8b270-3a88-45bd-a810-e66338aa2ceb None None] Hash Ring: Node 518e4f9d97985dd79bc2e3c276d01387 (host: np0000162604) handling event "create" for row 5bb62a7e-7a38-4cfb-8992-a3d6c6aa7504 (table: Chassis_Private) {{(pid=102922) notify /opt/stack/neutron/neutron/plugins/ml2/drivers/ovn/mech_driver/ovsdb/ovsdb_monitor.py:912}}
Apr 02 04:00:08.561189 np0000162604 devstack@neutron-api.service[102922]: INFO neutron.plugins.ml2.drivers.ovn.mech_driver.mech_driver [None req-92e8b270-3a88-45bd-a810-e66338aa2ceb None None] WorkerService process has finished the post initialization
Apr 02 04:00:08.561485 np0000162604 devstack@neutron-api.service[102919]: DEBUG neutron.common.ovn.hash_ring_manager [None req-01f002b8-b328-4449-9f72-25933fcc74b6 None None] Hash Ring loaded. 4 active nodes. 0 offline nodes {{(pid=102919) _load_hash_ring /opt/stack/neutron/neutron/common/ovn/hash_ring_manager.py:102}}
Apr 02 04:00:08.561669 np0000162604 devstack@neutron-api.service[102919]: DEBUG neutron.plugins.ml2.drivers.ovn.mech_driver.ovsdb.ovsdb_monitor [None req-01f002b8-b328-4449-9f72-25933fcc74b6 None None] ChassisOVNAgentWriteEvent : Matched Chassis_Private, create, None None {{(pid=102919) matches /opt/stack/neutron/neutron/plugins/ml2/drivers/ovn/mech_driver/ovsdb/ovsdb_monitor.py:64}}
Apr 02 04:00:08.561767 np0000162604 devstack@neutron-api.service[102919]: DEBUG neutron.plugins.ml2.drivers.ovn.mech_driver.ovsdb.ovsdb_monitor [None req-01f002b8-b328-4449-9f72-25933fcc74b6 None None] ChassisAgentWriteEvent : Matched Chassis_Private, create, None None {{(pid=102919) matches /opt/stack/neutron/neutron/plugins/ml2/drivers/ovn/mech_driver/ovsdb/ovsdb_monitor.py:64}}
Apr 02 04:00:08.561850 np0000162604 devstack@neutron-api.service[102922]: INFO neutron.plugins.ml2.drivers.ovn.mech_driver.ovsdb.extensions.qos [-] Starting OVNClientQosExtension
Apr 02 04:00:08.562237 np0000162604 devstack@neutron-api.service[102922]: INFO neutron.plugins.ml2.drivers.ovn.mech_driver.ovsdb.extensions.placement [-] Starting OVNClientPlacementExtension
Apr 02 04:00:08.563999 np0000162604 devstack@neutron-api.service[102919]: INFO neutron.plugins.ml2.drivers.ovn.mech_driver.mech_driver [None req-01f002b8-b328-4449-9f72-25933fcc74b6 None None] WorkerService process has finished the post initialization
Apr 02 04:00:08.564572 np0000162604 devstack@neutron-api.service[102922]: WSGI app 0 (mountpoint='') ready in 7 seconds on interpreter 0x78a82e2a3668 pid: 102922 (default app)
Apr 02 04:00:08.565200 np0000162604 devstack@neutron-api.service[102919]: WSGI app 0 (mountpoint='') ready in 7 seconds on interpreter 0x78a82e2a3668 pid: 102919 (default app)
Apr 02 04:00:10.842428 np0000162604 devstack@neutron-api.service[102919]: DEBUG neutron.plugins.ml2.drivers.ovn.mech_driver.ovsdb.ovsdb_monitor [-] Hash Ring: Node 2e67108989b05717bb87a683ef4bb402 (host: np0000162604) handling event "update" for row 9c778692-e9f0-4704-b1f4-31147ae9006a (table: Connection) {{(pid=102919) notify /opt/stack/neutron/neutron/plugins/ml2/drivers/ovn/mech_driver/ovsdb/ovsdb_monitor.py:912}}
Apr 02 04:00:10.846571 np0000162604 devstack@neutron-api.service[102921]: DEBUG neutron.common.ovn.hash_ring_manager [-] Allow caching, nodes 4>=4 {{(pid=102921) _wait_startup_before_caching /opt/stack/neutron/neutron/common/ovn/hash_ring_manager.py:65}}
Apr 02 04:00:13.904910 np0000162604 devstack@neutron-api.service[102921]: DEBUG neutron.api.wsgi [None req-cbc0e1b6-fc5c-4625-bfea-b5607a59a444 admin admin] Missing Content-Type {{(pid=102921) get_content_type /opt/stack/neutron/neutron/api/wsgi.py:85}}
Apr 02 04:00:13.905637 np0000162604 devstack@neutron-api.service[102921]: DEBUG neutron.api.wsgi [None req-cbc0e1b6-fc5c-4625-bfea-b5607a59a444 admin admin] https://162.253.55.70/networking/v2.0/extensions returned with HTTP 200 {{(pid=102921) __call__ /opt/stack/neutron/neutron/api/wsgi.py:545}}
Apr 02 04:00:13.905637 np0000162604 devstack@neutron-api.service[102921]: [pid: 102921|app: 0|req: 2/2] 162.253.55.70 () {64 vars in 1316 bytes} [Thu Apr 2 04:00:13 2026] GET /networking/v2.0/extensions => generated 15208 bytes in 251 msecs (HTTP/1.1 200) 4 headers in 159 bytes (1 switches on core 0)
Apr 02 04:00:14.300322 np0000162604 devstack@neutron-api.service[102920]: DEBUG neutron.api.v2.base [None req-02c36ebf-c8fe-45d2-b27b-503f6da3a011 admin admin] Request body: {'subnetpool': {'default_prefixlen': 26, 'shared': True, 'is_default': True, 'name': 'shared-default-subnetpool-v4', 'prefixes': ['10.1.0.0/20']}} {{(pid=102920) prepare_request_body /opt/stack/neutron/neutron/api/v2/base.py:729}}
Apr 02 04:00:14.495085 np0000162604 devstack@neutron-api.service[102920]: DEBUG neutron.policy [None req-02c36ebf-c8fe-45d2-b27b-503f6da3a011 admin admin] Loaded default policies from ['neutron'] under neutron.policies entry points {{(pid=102920) register_rules /opt/stack/neutron/neutron/policy.py:65}}
Apr 02 04:00:14.633827 np0000162604 devstack@neutron-api.service[102920]: DEBUG neutron_lib.callbacks.manager [None req-02c36ebf-c8fe-45d2-b27b-503f6da3a011 admin admin] Publish callbacks ['neutron.objects.securitygroup.RbacNeutronDbObjectMixin.validate_rbac_policy_change-3236128336531', 'neutron.objects.address_group.RbacNeutronDbObjectMixin.validate_rbac_policy_change-3236129407937', 'neutron.objects.network.RbacNeutronDbObjectMixin.validate_rbac_policy_change-3236129543413', 'neutron.objects.qos.policy.RbacNeutronDbObjectMixin.validate_rbac_policy_change-3236129546736', 'neutron.objects.subnetpool.RbacNeutronDbObjectMixin.validate_rbac_policy_change-3236129574513', 'neutron.objects.address_scope.RbacNeutronDbObjectMixin.validate_rbac_policy_change-3236129591342', 'neutron.plugins.ml2.plugin.External_net_db_mixin._process_ext_policy_create-15924936', 'neutron.plugins.ml2.plugin.NeutronDbPluginV2.validate_network_rbac_policy_change-15909736'] for rbac-policy (None), before_create {{(pid=102920) _notify_loop /opt/stack/data/venv/lib/python3.12/site-packages/neutron_lib/callbacks/manager.py:184}}
Apr 02 04:00:14.671973 np0000162604 devstack@neutron-api.service[102920]: DEBUG neutron_lib.callbacks.manager [None req-02c36ebf-c8fe-45d2-b27b-503f6da3a011 admin admin] Publish callbacks [] for subnetpool (None), before_response {{(pid=102920) _notify_loop /opt/stack/data/venv/lib/python3.12/site-packages/neutron_lib/callbacks/manager.py:184}}
Apr 02 04:00:14.672434 np0000162604 devstack@neutron-api.service[102920]: [pid: 102920|app: 0|req: 1/3] 162.253.55.70 () {68 vars in 1360 bytes} [Thu Apr 2 04:00:14 2026] POST /networking/v2.0/subnetpools => generated 533 bytes in 478 msecs (HTTP/1.1 201) 4 headers in 162 bytes (1 switches on core 0)
Apr 02 04:00:14.983446 np0000162604 devstack@neutron-api.service[102922]: DEBUG neutron.api.v2.base [None req-79b87ad0-8db3-411f-9c4e-a63f0bbd2f58 admin admin] Request body: {'subnetpool': {'default_prefixlen': 64, 'shared': True, 'is_default': True, 'name': 'shared-default-subnetpool-v6', 'prefixes': ['fd34:aa7d:a88a::/56']}} {{(pid=102922) prepare_request_body /opt/stack/neutron/neutron/api/v2/base.py:729}}
Apr 02 04:00:15.155933 np0000162604 devstack@neutron-api.service[102922]: DEBUG neutron.policy [None req-79b87ad0-8db3-411f-9c4e-a63f0bbd2f58 admin admin] Loaded default policies from ['neutron'] under neutron.policies entry points {{(pid=102922) register_rules /opt/stack/neutron/neutron/policy.py:65}}
Apr 02 04:00:15.299784 np0000162604 devstack@neutron-api.service[102922]: DEBUG neutron_lib.callbacks.manager [None req-79b87ad0-8db3-411f-9c4e-a63f0bbd2f58 admin admin] Publish callbacks ['neutron.objects.securitygroup.RbacNeutronDbObjectMixin.validate_rbac_policy_change-3236129291948', 'neutron.objects.address_group.RbacNeutronDbObjectMixin.validate_rbac_policy_change-3236129247605', 'neutron.objects.network.RbacNeutronDbObjectMixin.validate_rbac_policy_change-3236129266078', 'neutron.objects.qos.policy.RbacNeutronDbObjectMixin.validate_rbac_policy_change-3236129264833', 'neutron.objects.subnetpool.RbacNeutronDbObjectMixin.validate_rbac_policy_change-3236129270172', 'neutron.objects.address_scope.RbacNeutronDbObjectMixin.validate_rbac_policy_change-3236129268674', 'neutron.plugins.ml2.plugin.External_net_db_mixin._process_ext_policy_create-15951719', 'neutron.plugins.ml2.plugin.NeutronDbPluginV2.validate_network_rbac_policy_change-15939079'] for rbac-policy (None), before_create {{(pid=102922) _notify_loop /opt/stack/data/venv/lib/python3.12/site-packages/neutron_lib/callbacks/manager.py:184}}
Apr 02 04:00:15.342794 np0000162604 devstack@neutron-api.service[102922]: DEBUG neutron_lib.callbacks.manager [None req-79b87ad0-8db3-411f-9c4e-a63f0bbd2f58 admin admin] Publish callbacks [] for subnetpool (None), before_response {{(pid=102922) _notify_loop /opt/stack/data/venv/lib/python3.12/site-packages/neutron_lib/callbacks/manager.py:184}}
Apr 02 04:00:15.343423 np0000162604 devstack@neutron-api.service[102922]: [pid: 102922|app: 0|req: 1/4] 162.253.55.70 () {68 vars in 1360 bytes} [Thu Apr 2 04:00:14 2026] POST /networking/v2.0/subnetpools => generated 543 bytes in 467 msecs (HTTP/1.1 201) 4 headers in 162 bytes (1 switches on core 0)
Apr 02 04:00:15.758950 np0000162604 devstack@neutron-api.service[102919]: DEBUG neutron.api.v2.base [None req-8c91efeb-b0a7-42f4-a66f-b5d9011d7df1 admin admin] Request body: {'network': {'admin_state_up': True, 'name': 'private'}} {{(pid=102919) prepare_request_body /opt/stack/neutron/neutron/api/v2/base.py:729}}
Apr 02 04:00:15.785547 np0000162604 devstack@neutron-api.service[102919]: DEBUG neutron.pecan_wsgi.hooks.quota_enforcement [None req-8c91efeb-b0a7-42f4-a66f-b5d9011d7df1 admin admin] Made reservation on behalf of cfd0008999ad4e579f305d75c267c622 for: {'network': 1} {{(pid=102919) before /opt/stack/neutron/neutron/pecan_wsgi/hooks/quota_enforcement.py:66}}
Apr 02 04:00:15.980182 np0000162604 devstack@neutron-api.service[102919]: DEBUG neutron.policy [None req-8c91efeb-b0a7-42f4-a66f-b5d9011d7df1 admin admin] Loaded default policies from ['neutron'] under neutron.policies entry points {{(pid=102919) register_rules /opt/stack/neutron/neutron/policy.py:65}}
Apr 02 04:00:16.091280 np0000162604 devstack@neutron-api.service[102919]: DEBUG neutron_lib.callbacks.manager [None req-8c91efeb-b0a7-42f4-a66f-b5d9011d7df1 admin admin] Publish callbacks ['neutron.plugins.ml2.plugin.SecurityGroupDbMixin._ensure_default_security_group_handler-126419'] for network (None), before_create {{(pid=102919) _notify_loop /opt/stack/data/venv/lib/python3.12/site-packages/neutron_lib/callbacks/manager.py:184}}
Apr 02 04:00:16.109685 np0000162604 devstack@neutron-api.service[102919]: DEBUG neutron_lib.callbacks.manager [None req-8c91efeb-b0a7-42f4-a66f-b5d9011d7df1 admin admin] Publish callbacks [] for security_group (None), before_create {{(pid=102919) _notify_loop /opt/stack/data/venv/lib/python3.12/site-packages/neutron_lib/callbacks/manager.py:184}}
Apr 02 04:00:16.209140 np0000162604 devstack@neutron-api.service[102919]: DEBUG neutron_lib.callbacks.manager [None req-8c91efeb-b0a7-42f4-a66f-b5d9011d7df1 admin admin] Publish callbacks ['neutron.plugins.ml2.drivers.ovn.mech_driver.mech_driver.OVNMechanismDriver._create_security_group_precommit-347185'] for security_group (0df816fb-c26e-4257-bfc8-7e6edce026e4), precommit_create {{(pid=102919) _notify_loop /opt/stack/data/venv/lib/python3.12/site-packages/neutron_lib/callbacks/manager.py:184}}
Apr 02 04:00:16.209140 np0000162604 devstack@neutron-api.service[102919]: DEBUG neutron.db.ovn_revision_numbers_db [None req-8c91efeb-b0a7-42f4-a66f-b5d9011d7df1 admin admin] create_initial_revision uuid=0df816fb-c26e-4257-bfc8-7e6edce026e4, type=security_groups, rev=-1 {{(pid=102919) create_initial_revision /opt/stack/neutron/neutron/db/ovn_revision_numbers_db.py:98}}
Apr 02 04:00:16.211478 np0000162604 devstack@neutron-api.service[102919]: DEBUG neutron.db.ovn_revision_numbers_db [None req-8c91efeb-b0a7-42f4-a66f-b5d9011d7df1 admin admin] create_initial_revision uuid=37930a2f-2d76-48e6-838a-807fa1d4f821, type=security_group_rules, rev=-1 {{(pid=102919) create_initial_revision /opt/stack/neutron/neutron/db/ovn_revision_numbers_db.py:98}}
Apr 02 04:00:16.212525 np0000162604 devstack@neutron-api.service[102919]: DEBUG neutron.db.ovn_revision_numbers_db [None req-8c91efeb-b0a7-42f4-a66f-b5d9011d7df1 admin admin] create_initial_revision uuid=5d0f88e8-fbd2-4552-9322-c7c37d5eae1f, type=security_group_rules, rev=-1 {{(pid=102919) create_initial_revision /opt/stack/neutron/neutron/db/ovn_revision_numbers_db.py:98}}
Apr 02 04:00:16.213549 np0000162604 devstack@neutron-api.service[102919]: DEBUG neutron.db.ovn_revision_numbers_db [None req-8c91efeb-b0a7-42f4-a66f-b5d9011d7df1 admin admin] create_initial_revision uuid=68ae2830-296a-46c5-8b1c-e391286f28a6, type=security_group_rules, rev=-1 {{(pid=102919) create_initial_revision /opt/stack/neutron/neutron/db/ovn_revision_numbers_db.py:98}}
Apr 02 04:00:16.214569 np0000162604 devstack@neutron-api.service[102919]: DEBUG neutron.db.ovn_revision_numbers_db [None req-8c91efeb-b0a7-42f4-a66f-b5d9011d7df1 admin admin] create_initial_revision uuid=cc9037fa-9331-4695-b3b0-182a6f1d117c, type=security_group_rules, rev=-1 {{(pid=102919) create_initial_revision /opt/stack/neutron/neutron/db/ovn_revision_numbers_db.py:98}}
Apr 02 04:00:16.222509 np0000162604 devstack@neutron-api.service[102919]: DEBUG neutron_lib.callbacks.manager [None req-8c91efeb-b0a7-42f4-a66f-b5d9011d7df1 admin admin] Publish callbacks ['neutron.plugins.ml2.drivers.ovn.mech_driver.mech_driver.OVNMechanismDriver._create_security_group-347195', 'neutron.plugins.ml2.ovo_rpc._ObjectChangeHandler.handle_event-2499773'] for security_group (0df816fb-c26e-4257-bfc8-7e6edce026e4), after_create {{(pid=102919) _notify_loop /opt/stack/data/venv/lib/python3.12/site-packages/neutron_lib/callbacks/manager.py:184}}
Apr 02 04:00:16.222928 np0000162604 devstack@neutron-api.service[102919]: INFO neutron.plugins.ml2.drivers.ovn.mech_driver.ovsdb.extensions.qos [None req-8c91efeb-b0a7-42f4-a66f-b5d9011d7df1 admin admin] Starting OVNClientQosExtension
Apr 02 04:00:16.223279 np0000162604 devstack@neutron-api.service[102919]: INFO neutron.plugins.ml2.drivers.ovn.mech_driver.ovsdb.extensions.placement [None req-8c91efeb-b0a7-42f4-a66f-b5d9011d7df1 admin admin] Starting OVNClientPlacementExtension
Apr 02 04:00:16.224872 np0000162604 devstack@neutron-api.service[102919]: DEBUG ovsdbapp.backend.ovs_idl.transaction [-] Running txn n=1 command(idx=0): PgAddCommand(_result=None, name=pg_0df816fb_c26e_4257_bfc8_7e6edce026e4, may_exist=False, columns={'acls': [], 'external_ids': {'neutron:security_group_id': '0df816fb-c26e-4257-bfc8-7e6edce026e4'}}) {{(pid=102919) do_commit /opt/stack/data/venv/lib/python3.12/site-packages/ovsdbapp/backend/ovs_idl/transaction.py:89}}
Apr 02 04:00:16.227056 np0000162604 devstack@neutron-api.service[102919]: DEBUG ovsdbapp.backend.ovs_idl.transaction [-] Running txn n=1 command(idx=1): PgAclAddCommand(_result=None, entity=pg_0df816fb_c26e_4257_bfc8_7e6edce026e4, direction=from-lport, priority=1002, match=inport == @pg_0df816fb_c26e_4257_bfc8_7e6edce026e4 && ip6, action=allow-related, log=False, may_exist=True, severity=[], name=[], meter=[], external_ids={'neutron:security_group_rule_id': '37930a2f-2d76-48e6-838a-807fa1d4f821'}) {{(pid=102919) do_commit /opt/stack/data/venv/lib/python3.12/site-packages/ovsdbapp/backend/ovs_idl/transaction.py:89}}
Apr 02 04:00:16.227648 np0000162604 devstack@neutron-api.service[102919]: DEBUG ovsdbapp.backend.ovs_idl.transaction [-] Running txn n=1 command(idx=2): PgAclAddCommand(_result=None, entity=pg_0df816fb_c26e_4257_bfc8_7e6edce026e4, direction=to-lport, priority=1002, match=outport == @pg_0df816fb_c26e_4257_bfc8_7e6edce026e4 && ip4 && ip4.src == $pg_0df816fb_c26e_4257_bfc8_7e6edce026e4_ip4, action=allow-related, log=False, may_exist=True, severity=[], name=[], meter=[], external_ids={'neutron:security_group_rule_id': '5d0f88e8-fbd2-4552-9322-c7c37d5eae1f'}) {{(pid=102919) do_commit /opt/stack/data/venv/lib/python3.12/site-packages/ovsdbapp/backend/ovs_idl/transaction.py:89}}
Apr 02 04:00:16.228158 np0000162604 devstack@neutron-api.service[102919]: DEBUG ovsdbapp.backend.ovs_idl.transaction [-] Running txn n=1 command(idx=3): PgAclAddCommand(_result=None, entity=pg_0df816fb_c26e_4257_bfc8_7e6edce026e4, direction=from-lport, priority=1002, match=inport == @pg_0df816fb_c26e_4257_bfc8_7e6edce026e4 && ip4, action=allow-related, log=False, may_exist=True, severity=[], name=[], meter=[], external_ids={'neutron:security_group_rule_id': '68ae2830-296a-46c5-8b1c-e391286f28a6'}) {{(pid=102919) do_commit /opt/stack/data/venv/lib/python3.12/site-packages/ovsdbapp/backend/ovs_idl/transaction.py:89}}
Apr 02 04:00:16.228600 np0000162604 devstack@neutron-api.service[102919]: DEBUG ovsdbapp.backend.ovs_idl.transaction [-] Running txn n=1 command(idx=4): PgAclAddCommand(_result=None, entity=pg_0df816fb_c26e_4257_bfc8_7e6edce026e4, direction=to-lport, priority=1002, match=outport == @pg_0df816fb_c26e_4257_bfc8_7e6edce026e4 && ip6 && ip6.src == $pg_0df816fb_c26e_4257_bfc8_7e6edce026e4_ip6, action=allow-related, log=False, may_exist=True, severity=[], name=[], meter=[], external_ids={'neutron:security_group_rule_id': 'cc9037fa-9331-4695-b3b0-182a6f1d117c'}) {{(pid=102919) do_commit /opt/stack/data/venv/lib/python3.12/site-packages/ovsdbapp/backend/ovs_idl/transaction.py:89}}
Apr 02 04:00:16.238419 np0000162604 devstack@neutron-api.service[102920]: DEBUG neutron.plugins.ml2.drivers.ovn.mech_driver.ovsdb.ovsdb_monitor [-] Hash Ring: Node fe094f423ff8520bac722f2f8210afde (host: np0000162604) handling event "create" for row dab05b95-b54b-4bf3-a962-a9ca3e3f86a1 (table: Port_Group) {{(pid=102920) notify /opt/stack/neutron/neutron/plugins/ml2/drivers/ovn/mech_driver/ovsdb/ovsdb_monitor.py:912}}
Apr 02 04:00:16.239350 np0000162604 devstack@neutron-api.service[102921]: DEBUG neutron.plugins.ml2.drivers.ovn.mech_driver.ovsdb.ovsdb_monitor [-] Hash Ring: Node bbacbe97995a5e3aa62e3547770c2f27 (host: np0000162604) handling event "create" for row 60eff462-3ba1-495a-a240-8b46eb755fbc (table: ACL) {{(pid=102921) notify /opt/stack/neutron/neutron/plugins/ml2/drivers/ovn/mech_driver/ovsdb/ovsdb_monitor.py:912}}
Apr 02 04:00:16.239728 np0000162604 devstack@neutron-api.service[102921]: DEBUG neutron.plugins.ml2.drivers.ovn.mech_driver.ovsdb.ovsdb_monitor [-] Hash Ring: Node bbacbe97995a5e3aa62e3547770c2f27 (host: np0000162604) handling event "create" for row dab05b95-b54b-4bf3-a962-a9ca3e3f86a1 (table: Port_Group) {{(pid=102921) notify /opt/stack/neutron/neutron/plugins/ml2/drivers/ovn/mech_driver/ovsdb/ovsdb_monitor.py:912}}
Apr 02 04:00:16.240190 np0000162604 devstack@neutron-api.service[102922]: DEBUG neutron.plugins.ml2.drivers.ovn.mech_driver.ovsdb.ovsdb_monitor [-] Hash Ring: Node 518e4f9d97985dd79bc2e3c276d01387 (host: np0000162604) handling event "create" for row 10acc7da-065f-4228-a6d6-41d47276d240 (table: ACL) {{(pid=102922) notify /opt/stack/neutron/neutron/plugins/ml2/drivers/ovn/mech_driver/ovsdb/ovsdb_monitor.py:912}}
Apr 02 04:00:16.240454 np0000162604 devstack@neutron-api.service[102922]: DEBUG neutron.plugins.ml2.drivers.ovn.mech_driver.ovsdb.ovsdb_monitor [-] Hash Ring: Node 518e4f9d97985dd79bc2e3c276d01387 (host: np0000162604) handling event "create" for row dc3b6388-500a-4a16-a9ff-e88ef00b2177 (table: ACL) {{(pid=102922) notify /opt/stack/neutron/neutron/plugins/ml2/drivers/ovn/mech_driver/ovsdb/ovsdb_monitor.py:912}}
Apr 02 04:00:16.240618 np0000162604 devstack@neutron-api.service[102922]: DEBUG neutron.plugins.ml2.drivers.ovn.mech_driver.ovsdb.ovsdb_monitor [-] Hash Ring: Node 518e4f9d97985dd79bc2e3c276d01387 (host: np0000162604) handling event "create" for row f7cfb48f-1159-4943-966c-9e22cdbfc392 (table: ACL) {{(pid=102922) notify /opt/stack/neutron/neutron/plugins/ml2/drivers/ovn/mech_driver/ovsdb/ovsdb_monitor.py:912}}
Apr 02 04:00:16.263942 np0000162604 devstack@neutron-api.service[102919]: INFO neutron.db.ovn_revision_numbers_db [None req-8c91efeb-b0a7-42f4-a66f-b5d9011d7df1 admin admin] Successfully bumped revision number for resource 0df816fb-c26e-4257-bfc8-7e6edce026e4 (type: security_groups) to 1
Apr 02 04:00:16.281344 np0000162604 devstack@neutron-api.service[102919]: INFO neutron.db.ovn_revision_numbers_db [None req-8c91efeb-b0a7-42f4-a66f-b5d9011d7df1 admin admin] Successfully bumped revision number for resource 37930a2f-2d76-48e6-838a-807fa1d4f821 (type: security_group_rules) to 0
Apr 02 04:00:16.293402 np0000162604 devstack@neutron-api.service[102919]: INFO neutron.db.ovn_revision_numbers_db [None req-8c91efeb-b0a7-42f4-a66f-b5d9011d7df1 admin admin] Successfully bumped revision number for resource 5d0f88e8-fbd2-4552-9322-c7c37d5eae1f (type: security_group_rules) to 0
Apr 02 04:00:16.305852 np0000162604 devstack@neutron-api.service[102919]: INFO neutron.db.ovn_revision_numbers_db [None req-8c91efeb-b0a7-42f4-a66f-b5d9011d7df1 admin admin] Successfully bumped revision number for resource 68ae2830-296a-46c5-8b1c-e391286f28a6 (type: security_group_rules) to 0
Apr 02 04:00:16.319611 np0000162604 devstack@neutron-api.service[102919]: INFO neutron.db.ovn_revision_numbers_db [None req-8c91efeb-b0a7-42f4-a66f-b5d9011d7df1 admin admin] Successfully bumped revision number for resource cc9037fa-9331-4695-b3b0-182a6f1d117c (type: security_group_rules) to 0
Apr 02 04:00:16.344118 np0000162604 devstack@neutron-api.service[102919]: DEBUG neutron.api.rpc.handlers.resources_rpc [None req-8c91efeb-b0a7-42f4-a66f-b5d9011d7df1 admin admin] Pushing event updated for resources: {'SecurityGroup': ['ID=0df816fb-c26e-4257-bfc8-7e6edce026e4,revision_number=1']} {{(pid=102919) push /opt/stack/neutron/neutron/api/rpc/handlers/resources_rpc.py:237}}
Apr 02 04:00:16.352331 np0000162604 devstack@neutron-api.service[102919]: DEBUG ovsdbapp.backend.ovs_idl.transaction [-] Running txn n=1 command(idx=0): CheckLivenessCommand(_result=None) {{(pid=102919) do_commit /opt/stack/data/venv/lib/python3.12/site-packages/ovsdbapp/backend/ovs_idl/transaction.py:89}}
Apr 02 04:00:16.355917 np0000162604 devstack@neutron-api.service[102921]: DEBUG neutron.plugins.ml2.drivers.ovn.mech_driver.ovsdb.ovsdb_monitor [-] Hash Ring: Node bbacbe97995a5e3aa62e3547770c2f27 (host: np0000162604) handling event "update" for row 71235df2-fc42-4214-8077-351d9a307809 (table: NB_Global) {{(pid=102921) notify /opt/stack/neutron/neutron/plugins/ml2/drivers/ovn/mech_driver/ovsdb/ovsdb_monitor.py:912}}
Apr 02 04:00:16.358621 np0000162604 devstack@neutron-api.service[102919]: DEBUG neutron.api.rpc.callbacks.version_manager [None req-8c91efeb-b0a7-42f4-a66f-b5d9011d7df1 admin admin] Tracked resource versions report:
Apr 02 04:00:16.358621 np0000162604 devstack@neutron-api.service[102919]: pushed versions:
Apr 02 04:00:16.358621 np0000162604 devstack@neutron-api.service[102919]: { 'AddressGroup': {'1.2'},
Apr 02 04:00:16.358621 np0000162604 devstack@neutron-api.service[102919]: 'Agent': {'1.1'},
Apr 02 04:00:16.358621 np0000162604 devstack@neutron-api.service[102919]: 'ConntrackHelper': {'1.0'},
Apr 02 04:00:16.358621 np0000162604 devstack@neutron-api.service[102919]: 'LocalIPAssociation': {'1.0'},
Apr 02 04:00:16.358621 np0000162604 devstack@neutron-api.service[102919]: 'Log': {'1.0'},
Apr 02 04:00:16.358621 np0000162604 devstack@neutron-api.service[102919]: 'NDPProxy': {'1.0'},
Apr 02 04:00:16.358621 np0000162604 devstack@neutron-api.service[102919]: 'Network': {'1.2'},
Apr 02 04:00:16.358621 np0000162604 devstack@neutron-api.service[102919]: 'Port': {'1.10'},
Apr 02 04:00:16.358621 np0000162604 devstack@neutron-api.service[102919]: 'PortForwarding': {'1.3'},
Apr 02 04:00:16.358621 np0000162604 devstack@neutron-api.service[102919]: 'QosPolicy': {'1.10'},
Apr 02 04:00:16.358621 np0000162604 devstack@neutron-api.service[102919]: 'SecurityGroup': {'1.6'},
Apr 02 04:00:16.358621 np0000162604 devstack@neutron-api.service[102919]: 'SecurityGroupRule': {'1.3'},
Apr 02 04:00:16.358621 np0000162604 devstack@neutron-api.service[102919]: 'SubPort': {'1.0'},
Apr 02 04:00:16.358621 np0000162604 devstack@neutron-api.service[102919]: 'Subnet': {'1.2'},
Apr 02 04:00:16.358621 np0000162604 devstack@neutron-api.service[102919]: 'Trunk': {'1.1'}}
Apr 02 04:00:16.358621 np0000162604 devstack@neutron-api.service[102919]: consumer versions:
Apr 02 04:00:16.358621 np0000162604 devstack@neutron-api.service[102919]: {}
Apr 02 04:00:16.358621 np0000162604 devstack@neutron-api.service[102919]: {{(pid=102919) report /opt/stack/neutron/neutron/api/rpc/callbacks/version_manager.py:183}}
Apr 02 04:00:16.360721 np0000162604 devstack@neutron-api.service[102921]: DEBUG neutron.plugins.ml2.drivers.ovn.mech_driver.ovsdb.ovsdb_monitor [-] Hash Ring: Node bbacbe97995a5e3aa62e3547770c2f27 (host: np0000162604) handling event "update" for row 71235df2-fc42-4214-8077-351d9a307809 (table: NB_Global) {{(pid=102921) notify /opt/stack/neutron/neutron/plugins/ml2/drivers/ovn/mech_driver/ovsdb/ovsdb_monitor.py:912}}
Apr 02 04:00:16.361400 np0000162604 devstack@neutron-api.service[102922]: DEBUG neutron.plugins.ml2.drivers.ovn.mech_driver.ovsdb.ovsdb_monitor [-] ChassisAgentWriteEvent : Matched Chassis_Private, update, None None {{(pid=102922) matches /opt/stack/neutron/neutron/plugins/ml2/drivers/ovn/mech_driver/ovsdb/ovsdb_monitor.py:64}}
Apr 02 04:00:16.362027 np0000162604 devstack@neutron-api.service[102921]: DEBUG neutron.plugins.ml2.drivers.ovn.mech_driver.ovsdb.ovsdb_monitor [-] ChassisAgentWriteEvent : Matched Chassis_Private, update, None None {{(pid=102921) matches /opt/stack/neutron/neutron/plugins/ml2/drivers/ovn/mech_driver/ovsdb/ovsdb_monitor.py:64}}
Apr 02 04:00:16.362110 np0000162604 devstack@neutron-api.service[102922]: DEBUG neutron.plugins.ml2.drivers.ovn.mech_driver.ovsdb.ovsdb_monitor [-] Hash Ring: Node 518e4f9d97985dd79bc2e3c276d01387 (host: np0000162604) handling event "update" for row 5bb62a7e-7a38-4cfb-8992-a3d6c6aa7504 (table: Chassis_Private) {{(pid=102922) notify /opt/stack/neutron/neutron/plugins/ml2/drivers/ovn/mech_driver/ovsdb/ovsdb_monitor.py:912}}
Apr 02 04:00:16.362169 np0000162604 devstack@neutron-api.service[102920]: DEBUG neutron.plugins.ml2.drivers.ovn.mech_driver.ovsdb.ovsdb_monitor [-] ChassisAgentWriteEvent : Matched Chassis_Private, update, None None {{(pid=102920) matches /opt/stack/neutron/neutron/plugins/ml2/drivers/ovn/mech_driver/ovsdb/ovsdb_monitor.py:64}}
Apr 02 04:00:16.364300 np0000162604 devstack@neutron-api.service[102921]: DEBUG neutron.plugins.ml2.drivers.ovn.mech_driver.ovsdb.ovsdb_monitor [-] Hash Ring: Node bbacbe97995a5e3aa62e3547770c2f27 (host: np0000162604) handling event "update" for row 71235df2-fc42-4214-8077-351d9a307809 (table: NB_Global) {{(pid=102921) notify /opt/stack/neutron/neutron/plugins/ml2/drivers/ovn/mech_driver/ovsdb/ovsdb_monitor.py:912}}
Apr 02 04:00:16.365221 np0000162604 devstack@neutron-api.service[102919]: DEBUG neutron.plugins.ml2.drivers.ovn.mech_driver.ovsdb.ovsdb_monitor [-] ChassisAgentWriteEvent : Matched Chassis_Private, update, None None {{(pid=102919) matches /opt/stack/neutron/neutron/plugins/ml2/drivers/ovn/mech_driver/ovsdb/ovsdb_monitor.py:64}}
Apr 02 04:00:16.365706 np0000162604 devstack@neutron-api.service[102920]: DEBUG neutron.plugins.ml2.drivers.ovn.mech_driver.ovsdb.ovsdb_monitor [-] ChassisOVNAgentWriteEvent : Matched Chassis_Private, update, None None {{(pid=102920) matches /opt/stack/neutron/neutron/plugins/ml2/drivers/ovn/mech_driver/ovsdb/ovsdb_monitor.py:64}}
Apr 02 04:00:16.366499 np0000162604 devstack@neutron-api.service[102922]: DEBUG neutron.plugins.ml2.drivers.ovn.mech_driver.ovsdb.ovsdb_monitor [-] ChassisOVNAgentWriteEvent : Matched Chassis_Private, update, None None {{(pid=102922) matches /opt/stack/neutron/neutron/plugins/ml2/drivers/ovn/mech_driver/ovsdb/ovsdb_monitor.py:64}}
Apr 02 04:00:16.366959 np0000162604 devstack@neutron-api.service[102921]: DEBUG neutron.plugins.ml2.drivers.ovn.mech_driver.ovsdb.ovsdb_monitor [-] Hash Ring: Node bbacbe97995a5e3aa62e3547770c2f27 (host: np0000162604) handling event "update" for row 71235df2-fc42-4214-8077-351d9a307809 (table: NB_Global) {{(pid=102921) notify /opt/stack/neutron/neutron/plugins/ml2/drivers/ovn/mech_driver/ovsdb/ovsdb_monitor.py:912}}
Apr 02 04:00:16.367151 np0000162604 devstack@neutron-api.service[102922]: DEBUG neutron.plugins.ml2.drivers.ovn.mech_driver.ovsdb.ovsdb_monitor [-] Hash Ring: Node 518e4f9d97985dd79bc2e3c276d01387 (host: np0000162604) handling event "update" for row 5bb62a7e-7a38-4cfb-8992-a3d6c6aa7504 (table: Chassis_Private) {{(pid=102922) notify /opt/stack/neutron/neutron/plugins/ml2/drivers/ovn/mech_driver/ovsdb/ovsdb_monitor.py:912}}
Apr 02 04:00:16.367710 np0000162604 devstack@neutron-api.service[102921]: DEBUG neutron.common.ovn.hash_ring_manager [-] Allow caching, nodes 4>=4 {{(pid=102921) _wait_startup_before_caching /opt/stack/neutron/neutron/common/ovn/hash_ring_manager.py:65}}
Apr 02 04:00:16.368055 np0000162604 devstack@neutron-api.service[102921]: DEBUG neutron.plugins.ml2.drivers.ovn.mech_driver.ovsdb.ovsdb_monitor [-] Hash Ring: Node bbacbe97995a5e3aa62e3547770c2f27 (host: np0000162604) handling event "update" for row 5bb62a7e-7a38-4cfb-8992-a3d6c6aa7504 (table: Chassis_Private) {{(pid=102921) notify /opt/stack/neutron/neutron/plugins/ml2/drivers/ovn/mech_driver/ovsdb/ovsdb_monitor.py:912}}
Apr 02 04:00:16.369488 np0000162604 devstack@neutron-api.service[102921]: DEBUG neutron.plugins.ml2.drivers.ovn.mech_driver.ovsdb.ovsdb_monitor [-] ChassisOVNAgentWriteEvent : Matched Chassis_Private, update, None None {{(pid=102921) matches /opt/stack/neutron/neutron/plugins/ml2/drivers/ovn/mech_driver/ovsdb/ovsdb_monitor.py:64}}
Apr 02 04:00:16.370018 np0000162604 devstack@neutron-api.service[102921]: DEBUG neutron.plugins.ml2.drivers.ovn.mech_driver.ovsdb.ovsdb_monitor [-] Hash Ring: Node bbacbe97995a5e3aa62e3547770c2f27 (host: np0000162604) handling event "update" for row 5bb62a7e-7a38-4cfb-8992-a3d6c6aa7504 (table: Chassis_Private) {{(pid=102921) notify /opt/stack/neutron/neutron/plugins/ml2/drivers/ovn/mech_driver/ovsdb/ovsdb_monitor.py:912}}
Apr 02 04:00:16.370507 np0000162604 devstack@neutron-api.service[102919]: DEBUG neutron.plugins.ml2.drivers.ovn.mech_driver.ovsdb.ovsdb_monitor [-] ChassisOVNAgentWriteEvent : Matched Chassis_Private, update, None None {{(pid=102919) matches /opt/stack/neutron/neutron/plugins/ml2/drivers/ovn/mech_driver/ovsdb/ovsdb_monitor.py:64}}
Apr 02 04:00:16.420211 np0000162604 devstack@neutron-api.service[102919]: DEBUG neutron.plugins.ml2.drivers.helpers [None req-8c91efeb-b0a7-42f4-a66f-b5d9011d7df1 admin admin] geneve segment allocate from pool success with {'geneve_vni': 48584} {{(pid=102919) allocate_partially_specified_segment /opt/stack/neutron/neutron/plugins/ml2/drivers/helpers.py:142}}
Apr 02 04:00:16.430695 np0000162604 devstack@neutron-api.service[102919]: DEBUG neutron_lib.callbacks.manager [None req-8c91efeb-b0a7-42f4-a66f-b5d9011d7df1 admin admin] Publish callbacks ['neutron.services.segments.db._add_segment_host_mapping_for_segment-8291475905226', 'neutron.plugins.ml2.plugin.Ml2Plugin._handle_segment_change-917027'] for segment (3865d774-cb39-410d-9d2e-8639b4c8881d), precommit_create {{(pid=102919) _notify_loop /opt/stack/data/venv/lib/python3.12/site-packages/neutron_lib/callbacks/manager.py:184}}
Apr 02 04:00:16.430875 np0000162604 devstack@neutron-api.service[102919]: INFO neutron.db.segments_db [None req-8c91efeb-b0a7-42f4-a66f-b5d9011d7df1 admin admin] Added segment 3865d774-cb39-410d-9d2e-8639b4c8881d of type geneve for network 281bca11-f1be-432d-b5c2-7a9611c5712b
Apr 02 04:00:16.472246 np0000162604 devstack@neutron-api.service[102919]: DEBUG neutron_lib.callbacks.manager [None req-8c91efeb-b0a7-42f4-a66f-b5d9011d7df1 admin admin] Publish callbacks ['neutron.services.auto_allocate.db._ensure_external_network_default_value_callback-8291474144960'] for network (281bca11-f1be-432d-b5c2-7a9611c5712b), precommit_create {{(pid=102919) _notify_loop /opt/stack/data/venv/lib/python3.12/site-packages/neutron_lib/callbacks/manager.py:184}}
Apr 02 04:00:16.488644 np0000162604 devstack@neutron-api.service[102919]: DEBUG neutron.plugins.ml2.drivers.ovn.mech_driver.mech_driver [None req-8c91efeb-b0a7-42f4-a66f-b5d9011d7df1 admin admin] Validating network segment with type geneve, segmentation ID 48584, physical network None {{(pid=102919) _validate_network_segments /opt/stack/neutron/neutron/plugins/ml2/drivers/ovn/mech_driver/mech_driver.py:631}}
Apr 02 04:00:16.488731 np0000162604 devstack@neutron-api.service[102919]: DEBUG neutron.db.ovn_revision_numbers_db [None req-8c91efeb-b0a7-42f4-a66f-b5d9011d7df1 admin admin] create_initial_revision uuid=281bca11-f1be-432d-b5c2-7a9611c5712b, type=networks, rev=-1 {{(pid=102919) create_initial_revision /opt/stack/neutron/neutron/db/ovn_revision_numbers_db.py:98}}
Apr 02 04:00:16.504309 np0000162604 devstack@neutron-api.service[102919]: DEBUG neutron_lib.callbacks.manager [None req-8c91efeb-b0a7-42f4-a66f-b5d9011d7df1 admin admin] Publish callbacks ['neutron.plugins.ml2.ovo_rpc._ObjectChangeHandler.handle_event-2499768'] for network (281bca11-f1be-432d-b5c2-7a9611c5712b), after_create {{(pid=102919) _notify_loop /opt/stack/data/venv/lib/python3.12/site-packages/neutron_lib/callbacks/manager.py:184}}
Apr 02 04:00:16.546603 np0000162604 devstack@neutron-api.service[102919]: DEBUG neutron.api.rpc.handlers.resources_rpc [None req-8c91efeb-b0a7-42f4-a66f-b5d9011d7df1 admin admin] Pushing event updated for resources: {'Network': ['ID=281bca11-f1be-432d-b5c2-7a9611c5712b,revision_number=1']} {{(pid=102919) push /opt/stack/neutron/neutron/api/rpc/handlers/resources_rpc.py:237}}
Apr 02 04:00:16.555386 np0000162604 devstack@neutron-api.service[102919]: DEBUG ovsdbapp.backend.ovs_idl.transaction [-] Running txn n=1 command(idx=0): AddNetworkCommand(_result=None, network_uuid=281bca11-f1be-432d-b5c2-7a9611c5712b, may_exist=True, columns={'external_ids': {'neutron:network_name': 'private', 'neutron:mtu': '1372', 'neutron:revision_number': '1', 'neutron:availability_zone_hints': '', 'neutron:provnet-network-type': 'geneve'}, 'other_config': {'mcast_snoop': 'false', 'mcast_flood_unregistered': 'false', 'vlan-passthru': 'false'}}) {{(pid=102919) do_commit /opt/stack/data/venv/lib/python3.12/site-packages/ovsdbapp/backend/ovs_idl/transaction.py:89}}
Apr 02 04:00:16.556125 np0000162604 devstack@neutron-api.service[102919]: DEBUG neutron.common.ovn.utils [-] OVS persist_uuid supported=True {{(pid=102919) ovs_persist_uuid_supported /opt/stack/neutron/neutron/common/ovn/utils.py:1535}}
Apr 02 04:00:16.560577 np0000162604 devstack@neutron-api.service[102920]: DEBUG neutron.plugins.ml2.drivers.ovn.mech_driver.ovsdb.ovsdb_monitor [-] Hash Ring: Node fe094f423ff8520bac722f2f8210afde (host: np0000162604) handling event "create" for row 281bca11-f1be-432d-b5c2-7a9611c5712b (table: Logical_Switch) {{(pid=102920) notify /opt/stack/neutron/neutron/plugins/ml2/drivers/ovn/mech_driver/ovsdb/ovsdb_monitor.py:912}}
Apr 02 04:00:16.568273 np0000162604 devstack@neutron-api.service[102921]: DEBUG neutron.plugins.ml2.drivers.ovn.mech_driver.ovsdb.ovsdb_monitor [-] Hash Ring: Node bbacbe97995a5e3aa62e3547770c2f27 (host: np0000162604) handling event "create" for row 10330f1c-51db-46f6-a4a4-3d89783941d1 (table: Datapath_Binding) {{(pid=102921) notify /opt/stack/neutron/neutron/plugins/ml2/drivers/ovn/mech_driver/ovsdb/ovsdb_monitor.py:912}}
Apr 02 04:00:16.568605 np0000162604 devstack@neutron-api.service[102922]: DEBUG neutron.plugins.ml2.drivers.ovn.mech_driver.ovsdb.ovsdb_monitor [-] Hash Ring: Node 518e4f9d97985dd79bc2e3c276d01387 (host: np0000162604) handling event "create" for row 10330f1c-51db-46f6-a4a4-3d89783941d1 (table: Datapath_Binding) {{(pid=102922) notify /opt/stack/neutron/neutron/plugins/ml2/drivers/ovn/mech_driver/ovsdb/ovsdb_monitor.py:912}}
Apr 02 04:00:16.596600 np0000162604 devstack@neutron-api.service[102919]: INFO neutron.db.ovn_revision_numbers_db [None req-8c91efeb-b0a7-42f4-a66f-b5d9011d7df1 admin admin] Successfully bumped revision number for resource 281bca11-f1be-432d-b5c2-7a9611c5712b (type: networks) to 1
Apr 02 04:00:16.664722 np0000162604 devstack@neutron-api.service[102919]: DEBUG neutron_lib.callbacks.manager [None req-8c91efeb-b0a7-42f4-a66f-b5d9011d7df1 admin admin] Publish callbacks ['neutron.plugins.ml2.plugin.SecurityGroupDbMixin._ensure_default_security_group_handler-126419'] for port (None), before_create {{(pid=102919) _notify_loop /opt/stack/data/venv/lib/python3.12/site-packages/neutron_lib/callbacks/manager.py:184}}
Apr 02 04:00:16.754072 np0000162604 devstack@neutron-api.service[102919]: DEBUG neutron_lib.callbacks.manager [None req-8c91efeb-b0a7-42f4-a66f-b5d9011d7df1 admin admin] Publish callbacks ['neutron.plugins.ml2.drivers.ovn.mech_driver.mech_driver.OVNMechanismDriver._validate_allowed_address_pairs-347305'] for allowed_address_pair (7db49a8a-85dd-418b-b18e-aa739d29f530), before_create {{(pid=102919) _notify_loop /opt/stack/data/venv/lib/python3.12/site-packages/neutron_lib/callbacks/manager.py:184}}
Apr 02 04:00:16.754575 np0000162604 devstack@neutron-api.service[102919]: DEBUG neutron_lib.callbacks.manager [None req-8c91efeb-b0a7-42f4-a66f-b5d9011d7df1 admin admin] Publish callbacks [] for port (7db49a8a-85dd-418b-b18e-aa739d29f530), precommit_create {{(pid=102919) _notify_loop /opt/stack/data/venv/lib/python3.12/site-packages/neutron_lib/callbacks/manager.py:184}}
Apr 02 04:00:16.754749 np0000162604 devstack@neutron-api.service[102919]: DEBUG neutron.plugins.ml2.drivers.ovn.mech_driver.mech_driver [None req-8c91efeb-b0a7-42f4-a66f-b5d9011d7df1 admin admin] No provisioning block for port 7db49a8a-85dd-418b-b18e-aa739d29f530 since it does not have a host {{(pid=102919) _is_port_provisioning_required /opt/stack/neutron/neutron/plugins/ml2/drivers/ovn/mech_driver/mech_driver.py:884}}
Apr 02 04:00:16.754903 np0000162604 devstack@neutron-api.service[102919]: DEBUG neutron.db.ovn_revision_numbers_db [None req-8c91efeb-b0a7-42f4-a66f-b5d9011d7df1 admin admin] create_initial_revision uuid=7db49a8a-85dd-418b-b18e-aa739d29f530, type=ports, rev=-1 {{(pid=102919) create_initial_revision /opt/stack/neutron/neutron/db/ovn_revision_numbers_db.py:98}}
Apr 02 04:00:17.034173 np0000162604 devstack@neutron-api.service[102919]: DEBUG neutron_lib.callbacks.manager [None req-8c91efeb-b0a7-42f4-a66f-b5d9011d7df1 admin admin] Publish callbacks ['neutron.plugins.ml2.ovo_rpc._ObjectChangeHandler.handle_event-2499759'] for port (7db49a8a-85dd-418b-b18e-aa739d29f530), after_create {{(pid=102919) _notify_loop /opt/stack/data/venv/lib/python3.12/site-packages/neutron_lib/callbacks/manager.py:184}}
Apr 02 04:00:17.088163 np0000162604 devstack@neutron-api.service[102919]: DEBUG neutron.api.rpc.handlers.resources_rpc [None req-8c91efeb-b0a7-42f4-a66f-b5d9011d7df1 admin admin] Pushing event updated for resources: {'Port': ['ID=7db49a8a-85dd-418b-b18e-aa739d29f530,revision_number=1']} {{(pid=102919) push /opt/stack/neutron/neutron/api/rpc/handlers/resources_rpc.py:237}}
Apr 02 04:00:17.163783 np0000162604 devstack@neutron-api.service[102919]: DEBUG ovsdbapp.backend.ovs_idl.transaction [-] Running txn n=1 command(idx=0): AddLSwitchPortCommand(_result=None, lport=7db49a8a-85dd-418b-b18e-aa739d29f530, lswitch=neutron-281bca11-f1be-432d-b5c2-7a9611c5712b, may_exist=True, network_uuid=281bca11-f1be-432d-b5c2-7a9611c5712b, columns={'addresses': ['fa:16:3e:42:8a:d6'], 'external_ids': {'neutron:port_name': '', 'neutron:device_id': 'ovnmeta-281bca11-f1be-432d-b5c2-7a9611c5712b', 'neutron:project_id': 'cfd0008999ad4e579f305d75c267c622', 'neutron:cidrs': '', 'neutron:device_owner': 'network:distributed', 'neutron:subnet_pool_addr_scope4': '', 'neutron:subnet_pool_addr_scope6': '', 'neutron:network_name': 'neutron-281bca11-f1be-432d-b5c2-7a9611c5712b', 'neutron:security_group_ids': '', 'neutron:revision_number': '1', 'neutron:vnic_type': 'normal', 'neutron:port_capabilities': '', 'neutron:mtu': ''}, 'parent_name': [], 'tag': [], 'enabled': True, 'options': {}, 'type': 'localport', 'port_security': [], 'dhcpv4_options': [], 'dhcpv6_options': []}) {{(pid=102919) do_commit /opt/stack/data/venv/lib/python3.12/site-packages/ovsdbapp/backend/ovs_idl/transaction.py:89}}
Apr 02 04:00:17.164718 np0000162604 devstack@neutron-api.service[102919]: DEBUG ovsdbapp.backend.ovs_idl.transaction [-] Running txn n=1 command(idx=1): QoSDelCommand(_result=None, switch=neutron-281bca11-f1be-432d-b5c2-7a9611c5712b, conditions=[('direction', '=', 'to-lport'), ('priority', '=', 2002), ('match', '=', 'outport == "7db49a8a-85dd-418b-b18e-aa739d29f530"')], if_exists=True) {{(pid=102919) do_commit /opt/stack/data/venv/lib/python3.12/site-packages/ovsdbapp/backend/ovs_idl/transaction.py:89}}
