Apr 02 04:00:25.288204 np0000162604 devstack@neutron-api.service[102921]: DEBUG ovsdbapp.backend.ovs_idl.event [None req-1e656124-d6cf-448c-8d28-87a8edfb591f None None] Matched UPDATE: LogicalSwitchPortUpdateLogicalRouterPortEvent(events=('update',), table='Logical_Switch_Port', conditions=None, old_conditions=None), priority=20 to row=Logical_Switch_Port(uuid=c0eb2f8f-a80a-4904-94eb-45a766102761, addresses=['router'], dhcpv4_options=[], dhcpv6_options=[], dynamic_addresses=[], enabled=True, external_ids={'neutron:cidrs': '10.1.0.1/26', 'neutron:device_id': '802a1973-c68c-414e-93b9-6266cb88d94b', 'neutron:device_owner': 'network:router_interface', 'neutron:mtu': '', 'neutron:network_name': 'neutron-281bca11-f1be-432d-b5c2-7a9611c5712b', 'neutron:port_capabilities': '', 'neutron:port_name': '', 'neutron:project_id': 'cfd0008999ad4e579f305d75c267c622', 'neutron:revision_number': '2', 'neutron:security_group_ids': '', 'neutron:subnet_pool_addr_scope4': '', 'neutron:subnet_pool_addr_scope6': '', 'neutron:vnic_type': 'normal'}, ha_chassis_group=[], mirror_rules=[], name='d0607cc7-82d8-4462-b4fc-05f0b09ad513', options={'router-port': 'lrp-d0607cc7-82d8-4462-b4fc-05f0b09ad513'}, parent_name=[], port_security=[], tag=[], tag_request=[], type='router', up=True) old=Logical_Switch_Port(uuid=c0eb2f8f-a80a-4904-94eb-45a766102761, external_ids={'neutron:cidrs': '10.1.0.1/26', 'neutron:device_id': '802a1973-c68c-414e-93b9-6266cb88d94b', 'neutron:device_owner': 'network:router_interface', 'neutron:mtu': '', 'neutron:network_name': 'neutron-281bca11-f1be-432d-b5c2-7a9611c5712b', 'neutron:port_capabilities': '', 'neutron:port_name': '', 'neutron:project_id': 'cfd0008999ad4e579f305d75c267c622', 'neutron:revision_number': '1', 'neutron:security_group_ids': '', 'neutron:subnet_pool_addr_scope4': '', 'neutron:subnet_pool_addr_scope6': '', 'neutron:vnic_type': 'normal'}) {{(pid=102921) matches /opt/stack/data/venv/lib/python3.12/site-packages/ovsdbapp/backend/ovs_idl/event.py:55}}
Apr 02 04:00:25.303908 np0000162604 devstack@neutron-api.service[102919]: DEBUG neutron.pecan_wsgi.hooks.quota_enforcement [None req-179caae5-5e73-4645-b261-502e0262b603 admin admin] Made reservation on behalf of cfd0008999ad4e579f305d75c267c622 for: {'subnet': 1} {{(pid=102919) before /opt/stack/neutron/neutron/pecan_wsgi/hooks/quota_enforcement.py:66}}
Apr 02 04:00:25.306220 np0000162604 devstack@neutron-api.service[102919]: DEBUG neutron_lib.callbacks.manager [None req-179caae5-5e73-4645-b261-502e0262b603 admin admin] Publish callbacks [] for subnet (None), before_create {{(pid=102919) _notify_loop /opt/stack/data/venv/lib/python3.12/site-packages/neutron_lib/callbacks/manager.py:184}}
Apr 02 04:00:25.340529 np0000162604 devstack@neutron-api.service[102921]: INFO neutron.db.ovn_revision_numbers_db [None req-f9b312cc-fccf-46d8-abc0-3e38763d51cc None None] Successfully bumped revision number for resource d0607cc7-82d8-4462-b4fc-05f0b09ad513 (type: ports) to 2
Apr 02 04:00:25.345005 np0000162604 devstack@neutron-api.service[102921]: DEBUG neutron_lib.callbacks.manager [None req-f9b312cc-fccf-46d8-abc0-3e38763d51cc None None] Publish callbacks ['neutron.plugins.ml2.ovo_rpc._ObjectChangeHandler.handle_event-1135202', 'neutron.db.l3_db.L3RpcNotifierMixin._notify_gateway_port_ip_changed-8291475740552', 'neutron.services.ovn_l3.plugin.OVNL3RouterPlugin._port_update-8291475189650'] for port (d0607cc7-82d8-4462-b4fc-05f0b09ad513), after_update {{(pid=102921) _notify_loop /opt/stack/data/venv/lib/python3.12/site-packages/neutron_lib/callbacks/manager.py:184}}
Apr 02 04:00:25.387421 np0000162604 devstack@neutron-api.service[102921]: DEBUG neutron.api.rpc.handlers.resources_rpc [None req-9db71f78-7e9f-4853-a53b-9d2f1b8e3ac1 None None] Pushing event updated for resources: {'Port': ['ID=d0607cc7-82d8-4462-b4fc-05f0b09ad513,revision_number=2']} {{(pid=102921) push /opt/stack/neutron/neutron/api/rpc/handlers/resources_rpc.py:237}}
Apr 02 04:00:25.387563 np0000162604 devstack@neutron-api.service[102919]: DEBUG neutron.db.ovn_revision_numbers_db [None req-179caae5-5e73-4645-b261-502e0262b603 admin admin] create_initial_revision uuid=9a58f420-b214-469b-ad8a-2c338b258839, type=subnets, rev=-1 {{(pid=102919) create_initial_revision /opt/stack/neutron/neutron/db/ovn_revision_numbers_db.py:98}}
Apr 02 04:00:25.395865 np0000162604 devstack@neutron-api.service[102921]: DEBUG neutron.api.rpc.callbacks.version_manager [None req-9db71f78-7e9f-4853-a53b-9d2f1b8e3ac1 None None] Tracked resource versions report:
Apr 02 04:00:25.395865 np0000162604 devstack@neutron-api.service[102921]: pushed versions:
Apr 02 04:00:25.395865 np0000162604 devstack@neutron-api.service[102921]: { 'AddressGroup': {'1.2'},
Apr 02 04:00:25.395865 np0000162604 devstack@neutron-api.service[102921]: 'Agent': {'1.1'},
Apr 02 04:00:25.395865 np0000162604 devstack@neutron-api.service[102921]: 'ConntrackHelper': {'1.0'},
Apr 02 04:00:25.395865 np0000162604 devstack@neutron-api.service[102921]: 'LocalIPAssociation': {'1.0'},
Apr 02 04:00:25.395865 np0000162604 devstack@neutron-api.service[102921]: 'Log': {'1.0'},
Apr 02 04:00:25.395865 np0000162604 devstack@neutron-api.service[102921]: 'NDPProxy': {'1.0'},
Apr 02 04:00:25.395865 np0000162604 devstack@neutron-api.service[102921]: 'Network': {'1.2'},
Apr 02 04:00:25.395865 np0000162604 devstack@neutron-api.service[102921]: 'Port': {'1.10'},
Apr 02 04:00:25.395865 np0000162604 devstack@neutron-api.service[102921]: 'PortForwarding': {'1.3'},
Apr 02 04:00:25.395865 np0000162604 devstack@neutron-api.service[102921]: 'QosPolicy': {'1.10'},
Apr 02 04:00:25.395865 np0000162604 devstack@neutron-api.service[102921]: 'SecurityGroup': {'1.6'},
Apr 02 04:00:25.395865 np0000162604 devstack@neutron-api.service[102921]: 'SecurityGroupRule': {'1.3'},
Apr 02 04:00:25.395865 np0000162604 devstack@neutron-api.service[102921]: 'SubPort': {'1.0'},
Apr 02 04:00:25.395865 np0000162604 devstack@neutron-api.service[102921]: 'Subnet': {'1.2'},
Apr 02 04:00:25.395865 np0000162604 devstack@neutron-api.service[102921]: 'Trunk': {'1.1'}}
Apr 02 04:00:25.395865 np0000162604 devstack@neutron-api.service[102921]: consumer versions:
Apr 02 04:00:25.395865 np0000162604 devstack@neutron-api.service[102921]: { OVN Neutron agent@np0000162604: {},
Apr 02 04:00:25.395865 np0000162604 devstack@neutron-api.service[102921]: OVN Controller Gateway agent@np0000162604: {}}
Apr 02 04:00:25.395865 np0000162604 devstack@neutron-api.service[102921]: {{(pid=102921) report /opt/stack/neutron/neutron/api/rpc/callbacks/version_manager.py:183}}
Apr 02 04:00:25.414808 np0000162604 devstack@neutron-api.service[102920]: DEBUG neutron.plugins.ml2.plugin [None req-58c6eea3-2557-4de7-a056-cac572275c93 None None] Current status of the port d0607cc7-82d8-4462-b4fc-05f0b09ad513 is: ACTIVE; New status is: ACTIVE {{(pid=102920) _update_individual_port_db_status /opt/stack/neutron/neutron/plugins/ml2/plugin.py:2468}}
Apr 02 04:00:25.444660 np0000162604 devstack@neutron-api.service[102919]: DEBUG neutron.objects.ports [None req-179caae5-5e73-4645-b261-502e0262b603 admin admin] Time-cost: Fetching 0 ports in 0 security groups {{(pid=102919) get_objects /opt/stack/neutron/neutron/objects/ports.py:494}}
Apr 02 04:00:25.444806 np0000162604 devstack@neutron-api.service[102919]: DEBUG neutron_lib.callbacks.manager [None req-179caae5-5e73-4645-b261-502e0262b603 admin admin] Publish callbacks ['neutron.plugins.ml2.ovo_rpc._ObjectChangeHandler.handle_event-2499750'] for subnet (9a58f420-b214-469b-ad8a-2c338b258839), after_create {{(pid=102919) _notify_loop /opt/stack/data/venv/lib/python3.12/site-packages/neutron_lib/callbacks/manager.py:184}}
Apr 02 04:00:25.461960 np0000162604 devstack@neutron-api.service[102919]: DEBUG neutron.api.rpc.handlers.resources_rpc [None req-179caae5-5e73-4645-b261-502e0262b603 admin admin] Pushing event updated for resources: {'Subnet': ['ID=9a58f420-b214-469b-ad8a-2c338b258839,revision_number=0']} {{(pid=102919) push /opt/stack/neutron/neutron/api/rpc/handlers/resources_rpc.py:237}}
Apr 02 04:00:25.490428 np0000162604 devstack@neutron-api.service[102919]: INFO neutron.db.ovn_revision_numbers_db [None req-179caae5-5e73-4645-b261-502e0262b603 admin admin] Successfully bumped revision number for resource 9a58f420-b214-469b-ad8a-2c338b258839 (type: subnets) to 0
Apr 02 04:00:25.491768 np0000162604 devstack@neutron-api.service[102919]: DEBUG neutron.pecan_wsgi.hooks.policy_enforcement [None req-179caae5-5e73-4645-b261-502e0262b603 admin admin] Attributes excluded by policy engine: ['standard_attr_id', 'shared', 'network'] {{(pid=102919) _exclude_attributes_by_policy /opt/stack/neutron/neutron/pecan_wsgi/hooks/policy_enforcement.py:258}}
Apr 02 04:00:25.492153 np0000162604 devstack@neutron-api.service[102919]: DEBUG neutron_lib.callbacks.manager [None req-179caae5-5e73-4645-b261-502e0262b603 admin admin] Publish callbacks [] for subnet (None), before_response {{(pid=102919) _notify_loop /opt/stack/data/venv/lib/python3.12/site-packages/neutron_lib/callbacks/manager.py:184}}
Apr 02 04:00:25.504388 np0000162604 devstack@neutron-api.service[102919]: [pid: 102919|app: 0|req: 5/21] 162.253.55.70 () {68 vars in 1348 bytes} [Thu Apr 2 04:00:25 2026] POST /networking/v2.0/subnets => generated 640 bytes in 223 msecs (HTTP/1.1 201) 4 headers in 162 bytes (1 switches on core 0)
Apr 02 04:00:25.869209 np0000162604 devstack@neutron-api.service[102921]: DEBUG neutron.api.wsgi [None req-9155da8e-b59b-405f-b60b-5a5c2f540843 admin admin] Missing Content-Type {{(pid=102921) get_content_type /opt/stack/neutron/neutron/api/wsgi.py:85}}
Apr 02 04:00:25.909238 np0000162604 devstack@neutron-api.service[102921]: [pid: 102921|app: 0|req: 7/22] 162.253.55.70 () {64 vars in 1405 bytes} [Thu Apr 2 04:00:25 2026] GET /networking/v2.0/routers/802a1973-c68c-414e-93b9-6266cb88d94b => generated 599 bytes in 44 msecs (HTTP/1.1 200) 4 headers in 157 bytes (1 switches on core 0)
Apr 02 04:00:25.963615 np0000162604 devstack@neutron-api.service[102920]: DEBUG neutron.pecan_wsgi.hooks.policy_enforcement [None req-f7944865-aced-4c32-bc52-9f3b2b813858 admin admin] Attributes excluded by policy engine: ['standard_attr_id'] {{(pid=102920) _exclude_attributes_by_policy /opt/stack/neutron/neutron/pecan_wsgi/hooks/policy_enforcement.py:258}}
Apr 02 04:00:25.964440 np0000162604 devstack@neutron-api.service[102920]: [pid: 102920|app: 0|req: 6/23] 162.253.55.70 () {64 vars in 1408 bytes} [Thu Apr 2 04:00:25 2026] GET /networking/v2.0/networks/ba17e4b0-d4b8-4f5e-83cc-777964282466 => generated 717 bytes in 40 msecs (HTTP/1.1 200) 4 headers in 157 bytes (1 switches on core 0)
Apr 02 04:00:25.981573 np0000162604 devstack@neutron-api.service[102922]: DEBUG neutron.api.wsgi [None req-f3679e94-a83e-46b0-b3fc-3c3bfa0fb9eb admin admin] Missing Content-Type {{(pid=102922) get_content_type /opt/stack/neutron/neutron/api/wsgi.py:85}}
Apr 02 04:00:25.981810 np0000162604 devstack@neutron-api.service[102922]: DEBUG neutron.api.wsgi [None req-f3679e94-a83e-46b0-b3fc-3c3bfa0fb9eb admin admin] https://162.253.55.70/networking/v2.0/extensions/external-gateway-multihoming returned with HTTP 200 {{(pid=102922) __call__ /opt/stack/neutron/neutron/api/wsgi.py:545}}
Apr 02 04:00:25.982082 np0000162604 devstack@neutron-api.service[102922]: [pid: 102922|app: 0|req: 6/24] 162.253.55.70 () {64 vars in 1390 bytes} [Thu Apr 2 04:00:25 2026] GET /networking/v2.0/extensions/external-gateway-multihoming => generated 227 bytes in 3 msecs (HTTP/1.1 200) 4 headers in 157 bytes (1 switches on core 0)
Apr 02 04:00:26.222323 np0000162604 devstack@neutron-api.service[102919]: DEBUG neutron_lib.callbacks.manager [None req-03473945-d72a-4c88-b1f0-8f439c7c59ff admin admin] Publish callbacks [] for router_gateway (802a1973-c68c-414e-93b9-6266cb88d94b), precommit_update {{(pid=102919) _notify_loop /opt/stack/data/venv/lib/python3.12/site-packages/neutron_lib/callbacks/manager.py:184}}
Apr 02 04:00:26.295436 np0000162604 devstack@neutron-api.service[102919]: DEBUG neutron_lib.callbacks.manager [None req-03473945-d72a-4c88-b1f0-8f439c7c59ff admin admin] Publish callbacks [] for router_gateway (802a1973-c68c-414e-93b9-6266cb88d94b), before_create {{(pid=102919) _notify_loop /opt/stack/data/venv/lib/python3.12/site-packages/neutron_lib/callbacks/manager.py:184}}
Apr 02 04:00:26.322683 np0000162604 devstack@neutron-api.service[102919]: DEBUG neutron_lib.callbacks.manager [None req-03473945-d72a-4c88-b1f0-8f439c7c59ff admin admin] Publish callbacks ['neutron.plugins.ml2.plugin.SecurityGroupDbMixin._ensure_default_security_group_handler-126419'] for port (None), before_create {{(pid=102919) _notify_loop /opt/stack/data/venv/lib/python3.12/site-packages/neutron_lib/callbacks/manager.py:184}}
Apr 02 04:00:26.381880 np0000162604 devstack@neutron-api.service[102919]: DEBUG neutron.db.db_base_plugin_common [None req-03473945-d72a-4c88-b1f0-8f439c7c59ff admin admin] Allocated IP 172.24.5.58 (ba17e4b0-d4b8-4f5e-83cc-777964282466/9a58f420-b214-469b-ad8a-2c338b258839/c5597adc-e9ed-43e1-aa90-fa6b20d56bb2) {{(pid=102919) _store_ip_allocation /opt/stack/neutron/neutron/db/db_base_plugin_common.py:131}}
Apr 02 04:00:26.427185 np0000162604 devstack@neutron-api.service[102919]: DEBUG neutron_lib.callbacks.manager [None req-03473945-d72a-4c88-b1f0-8f439c7c59ff admin admin] Publish callbacks ['neutron.plugins.ml2.drivers.ovn.mech_driver.mech_driver.OVNMechanismDriver._validate_allowed_address_pairs-347305'] for allowed_address_pair (c5597adc-e9ed-43e1-aa90-fa6b20d56bb2), before_create {{(pid=102919) _notify_loop /opt/stack/data/venv/lib/python3.12/site-packages/neutron_lib/callbacks/manager.py:184}}
Apr 02 04:00:26.427686 np0000162604 devstack@neutron-api.service[102919]: DEBUG neutron_lib.callbacks.manager [None req-03473945-d72a-4c88-b1f0-8f439c7c59ff admin admin] Publish callbacks [] for port (c5597adc-e9ed-43e1-aa90-fa6b20d56bb2), precommit_create {{(pid=102919) _notify_loop /opt/stack/data/venv/lib/python3.12/site-packages/neutron_lib/callbacks/manager.py:184}}
Apr 02 04:00:26.427859 np0000162604 devstack@neutron-api.service[102919]: DEBUG neutron.plugins.ml2.drivers.ovn.mech_driver.mech_driver [None req-03473945-d72a-4c88-b1f0-8f439c7c59ff admin admin] No provisioning block for port c5597adc-e9ed-43e1-aa90-fa6b20d56bb2 since it does not have a host {{(pid=102919) _is_port_provisioning_required /opt/stack/neutron/neutron/plugins/ml2/drivers/ovn/mech_driver/mech_driver.py:884}}
Apr 02 04:00:26.427968 np0000162604 devstack@neutron-api.service[102919]: DEBUG neutron.db.ovn_revision_numbers_db [None req-03473945-d72a-4c88-b1f0-8f439c7c59ff admin admin] create_initial_revision uuid=c5597adc-e9ed-43e1-aa90-fa6b20d56bb2, type=ports, rev=-1 {{(pid=102919) create_initial_revision /opt/stack/neutron/neutron/db/ovn_revision_numbers_db.py:98}}
Apr 02 04:00:26.512679 np0000162604 devstack@neutron-api.service[102919]: DEBUG neutron.db.ovn_revision_numbers_db [None req-03473945-d72a-4c88-b1f0-8f439c7c59ff admin admin] create_initial_revision uuid=c5597adc-e9ed-43e1-aa90-fa6b20d56bb2, type=router_ports, rev=-1 {{(pid=102919) create_initial_revision /opt/stack/neutron/neutron/db/ovn_revision_numbers_db.py:98}}
Apr 02 04:00:26.537538 np0000162604 devstack@neutron-api.service[102919]: DEBUG neutron_lib.callbacks.manager [None req-03473945-d72a-4c88-b1f0-8f439c7c59ff admin admin] Publish callbacks ['neutron.plugins.ml2.ovo_rpc._ObjectChangeHandler.handle_event-2499759'] for port (c5597adc-e9ed-43e1-aa90-fa6b20d56bb2), after_create {{(pid=102919) _notify_loop /opt/stack/data/venv/lib/python3.12/site-packages/neutron_lib/callbacks/manager.py:184}}
Apr 02 04:00:26.571430 np0000162604 devstack@neutron-api.service[102919]: DEBUG neutron.api.rpc.handlers.resources_rpc [None req-03473945-d72a-4c88-b1f0-8f439c7c59ff admin admin] Pushing event updated for resources: {'Port': ['ID=c5597adc-e9ed-43e1-aa90-fa6b20d56bb2,revision_number=1']} {{(pid=102919) push /opt/stack/neutron/neutron/api/rpc/handlers/resources_rpc.py:237}}
Apr 02 04:00:26.609511 np0000162604 devstack@neutron-api.service[102919]: DEBUG ovsdbapp.backend.ovs_idl.transaction [None req-ea14e9de-f96d-4ad6-bda0-ca23508212ff None None] Running txn n=1 command(idx=0): AddLSwitchPortCommand(_result=None, lport=c5597adc-e9ed-43e1-aa90-fa6b20d56bb2, lswitch=neutron-ba17e4b0-d4b8-4f5e-83cc-777964282466, may_exist=True, network_uuid=ba17e4b0-d4b8-4f5e-83cc-777964282466, columns={'addresses': ['unknown'], 'external_ids': {'neutron:port_name': '', 'neutron:device_id': '802a1973-c68c-414e-93b9-6266cb88d94b', 'neutron:project_id': '', 'neutron:cidrs': '172.24.5.58/24', 'neutron:device_owner': 'network:router_gateway', 'neutron:subnet_pool_addr_scope4': '', 'neutron:subnet_pool_addr_scope6': '', 'neutron:network_name': 'neutron-ba17e4b0-d4b8-4f5e-83cc-777964282466', 'neutron:security_group_ids': '', 'neutron:revision_number': '1', 'neutron:vnic_type': 'normal', 'neutron:port_capabilities': '', 'neutron:mtu': ''}, 'parent_name': [], 'tag': [], 'enabled': True, 'options': {}, 'type': '', 'port_security': [], 'dhcpv4_options': [], 'dhcpv6_options': []}) {{(pid=102919) do_commit /opt/stack/data/venv/lib/python3.12/site-packages/ovsdbapp/backend/ovs_idl/transaction.py:89}}
Apr 02 04:00:26.610507 np0000162604 devstack@neutron-api.service[102919]: DEBUG ovsdbapp.backend.ovs_idl.transaction [None req-ea14e9de-f96d-4ad6-bda0-ca23508212ff None None] Running txn n=1 command(idx=1): QoSDelCommand(_result=None, switch=neutron-ba17e4b0-d4b8-4f5e-83cc-777964282466, conditions=[('direction', '=', 'to-lport'), ('priority', '=', 2002), ('match', '=', 'outport == "c5597adc-e9ed-43e1-aa90-fa6b20d56bb2"')], if_exists=True) {{(pid=102919) do_commit /opt/stack/data/venv/lib/python3.12/site-packages/ovsdbapp/backend/ovs_idl/transaction.py:89}}
Apr 02 04:00:26.610860 np0000162604 devstack@neutron-api.service[102919]: DEBUG ovsdbapp.backend.ovs_idl.transaction [None req-ea14e9de-f96d-4ad6-bda0-ca23508212ff None None] Running txn n=1 command(idx=2): QoSDelCommand(_result=None, switch=neutron-ba17e4b0-d4b8-4f5e-83cc-777964282466, conditions=[('direction', '=', 'from-lport'), ('priority', '=', 2002), ('match', '=', 'inport == "c5597adc-e9ed-43e1-aa90-fa6b20d56bb2"')], if_exists=True) {{(pid=102919) do_commit /opt/stack/data/venv/lib/python3.12/site-packages/ovsdbapp/backend/ovs_idl/transaction.py:89}}
Apr 02 04:00:26.611297 np0000162604 devstack@neutron-api.service[102919]: DEBUG ovsdbapp.backend.ovs_idl.transaction [None req-ea14e9de-f96d-4ad6-bda0-ca23508212ff None None] Running txn n=1 command(idx=3): UpdateLSwitchPortQosOptionsCommand(_result=None, lport=AddLSwitchPortCommand(_result=03e01cb3-ff0c-4b53-9267-8021f13f61fb, lport=c5597adc-e9ed-43e1-aa90-fa6b20d56bb2, lswitch=neutron-ba17e4b0-d4b8-4f5e-83cc-777964282466, may_exist=True, network_uuid=ba17e4b0-d4b8-4f5e-83cc-777964282466, columns={'addresses': ['unknown'], 'external_ids': {'neutron:port_name': '', 'neutron:device_id': '802a1973-c68c-414e-93b9-6266cb88d94b', 'neutron:project_id': '', 'neutron:cidrs': '172.24.5.58/24', 'neutron:device_owner': 'network:router_gateway', 'neutron:subnet_pool_addr_scope4': '', 'neutron:subnet_pool_addr_scope6': '', 'neutron:network_name': 'neutron-ba17e4b0-d4b8-4f5e-83cc-777964282466', 'neutron:security_group_ids': '', 'neutron:revision_number': '1', 'neutron:vnic_type': 'normal', 'neutron:port_capabilities': '', 'neutron:mtu': ''}, 'parent_name': [], 'enabled': True, 'options': {}, 'type': '', 'port_security': []}), if_exists=True, qos={'qos_max_rate': None, 'qos_burst': None, 'qos_min_rate': None}) {{(pid=102919) do_commit /opt/stack/data/venv/lib/python3.12/site-packages/ovsdbapp/backend/ovs_idl/transaction.py:89}}
Apr 02 04:00:26.663967 np0000162604 devstack@neutron-api.service[102920]: DEBUG neutron.plugins.ml2.drivers.ovn.mech_driver.ovsdb.ovsdb_monitor [None req-b2573b82-6b5d-415c-bfe4-bf695d1476e5 None None] Touching Hash Ring node "fe094f423ff8520bac722f2f8210afde" from IDL notify handler {{(pid=102920) notify /opt/stack/neutron/neutron/plugins/ml2/drivers/ovn/mech_driver/ovsdb/ovsdb_monitor.py:904}}
Apr 02 04:00:26.665410 np0000162604 devstack@neutron-api.service[102921]: DEBUG neutron.plugins.ml2.drivers.ovn.mech_driver.ovsdb.ovsdb_monitor [None req-1e656124-d6cf-448c-8d28-87a8edfb591f None None] Touching Hash Ring node "bbacbe97995a5e3aa62e3547770c2f27" from IDL notify handler {{(pid=102921) notify /opt/stack/neutron/neutron/plugins/ml2/drivers/ovn/mech_driver/ovsdb/ovsdb_monitor.py:904}}
Apr 02 04:00:26.666028 np0000162604 devstack@neutron-api.service[102920]: DEBUG neutron.plugins.ml2.drivers.ovn.mech_driver.ovsdb.ovsdb_monitor [None req-6198e803-8e6b-4cc7-9e44-2eaeef5928ed None None] Touching Hash Ring node "fe094f423ff8520bac722f2f8210afde" from IDL notify handler {{(pid=102920) notify /opt/stack/neutron/neutron/plugins/ml2/drivers/ovn/mech_driver/ovsdb/ovsdb_monitor.py:904}}
Apr 02 04:00:26.667751 np0000162604 devstack@neutron-api.service[102921]: DEBUG neutron.plugins.ml2.drivers.ovn.mech_driver.ovsdb.ovsdb_monitor [None req-54bd9bad-5391-413a-b1da-885143801515 None None] Touching Hash Ring node "bbacbe97995a5e3aa62e3547770c2f27" from IDL notify handler {{(pid=102921) notify /opt/stack/neutron/neutron/plugins/ml2/drivers/ovn/mech_driver/ovsdb/ovsdb_monitor.py:904}}
Apr 02 04:00:26.673082 np0000162604 devstack@neutron-api.service[102921]: DEBUG neutron.plugins.ml2.drivers.ovn.mech_driver.ovsdb.ovsdb_monitor [None req-1e656124-d6cf-448c-8d28-87a8edfb591f None None] Hash Ring: Node bbacbe97995a5e3aa62e3547770c2f27 (host: np0000162604) handling event "create" for row 4a12a79f-db7d-4f78-9404-2ad7d76a2f1c (table: Logical_Switch_Port) {{(pid=102921) notify /opt/stack/neutron/neutron/plugins/ml2/drivers/ovn/mech_driver/ovsdb/ovsdb_monitor.py:912}}
Apr 02 04:00:26.673951 np0000162604 devstack@neutron-api.service[102921]: DEBUG ovsdbapp.backend.ovs_idl.event [None req-1e656124-d6cf-448c-8d28-87a8edfb591f None None] Matched CREATE: LogicalSwitchPortCreateEvent(events=('create',), table='Logical_Switch_Port', conditions=[], old_conditions=None), priority=20 to row=Logical_Switch_Port(uuid=4a12a79f-db7d-4f78-9404-2ad7d76a2f1c, addresses=['unknown'], dhcpv4_options=[], dhcpv6_options=[], dynamic_addresses=[], enabled=True, external_ids={'neutron:cidrs': '172.24.5.58/24', 'neutron:device_id': '802a1973-c68c-414e-93b9-6266cb88d94b', 'neutron:device_owner': 'network:router_gateway', 'neutron:mtu': '', 'neutron:network_name': 'neutron-ba17e4b0-d4b8-4f5e-83cc-777964282466', 'neutron:port_capabilities': '', 'neutron:port_name': '', 'neutron:project_id': '', 'neutron:revision_number': '1', 'neutron:security_group_ids': '', 'neutron:subnet_pool_addr_scope4': '', 'neutron:subnet_pool_addr_scope6': '', 'neutron:vnic_type': 'normal'}, ha_chassis_group=[], mirror_rules=[], name='c5597adc-e9ed-43e1-aa90-fa6b20d56bb2', options={}, parent_name=[], port_security=[], tag=[], tag_request=[], type='', up=[]) old= {{(pid=102921) matches /opt/stack/data/venv/lib/python3.12/site-packages/ovsdbapp/backend/ovs_idl/event.py:55}}
Apr 02 04:00:26.675310 np0000162604 devstack@neutron-api.service[102920]: DEBUG neutron.plugins.ml2.drivers.ovn.mech_driver.ovsdb.ovsdb_monitor [None req-b2573b82-6b5d-415c-bfe4-bf695d1476e5 None None] Hash Ring: Node fe094f423ff8520bac722f2f8210afde (host: np0000162604) handling event "create" for row fdd96afa-0df8-4e60-be63-02c194145f47 (table: Port_Binding) {{(pid=102920) notify /opt/stack/neutron/neutron/plugins/ml2/drivers/ovn/mech_driver/ovsdb/ovsdb_monitor.py:912}}
Apr 02 04:00:26.675887 np0000162604 devstack@neutron-api.service[102921]: DEBUG neutron.plugins.ml2.drivers.ovn.mech_driver.ovsdb.ovsdb_monitor [None req-1e656124-d6cf-448c-8d28-87a8edfb591f None None] Touching Hash Ring node "bbacbe97995a5e3aa62e3547770c2f27" from IDL notify handler {{(pid=102921) notify /opt/stack/neutron/neutron/plugins/ml2/drivers/ovn/mech_driver/ovsdb/ovsdb_monitor.py:904}}
Apr 02 04:00:26.676578 np0000162604 devstack@neutron-api.service[102920]: DEBUG neutron.plugins.ml2.drivers.ovn.mech_driver.ovsdb.ovsdb_monitor [None req-6198e803-8e6b-4cc7-9e44-2eaeef5928ed None None] Hash Ring: Node fe094f423ff8520bac722f2f8210afde (host: np0000162604) handling event "update" for row ba17e4b0-d4b8-4f5e-83cc-777964282466 (table: Logical_Switch) {{(pid=102920) notify /opt/stack/neutron/neutron/plugins/ml2/drivers/ovn/mech_driver/ovsdb/ovsdb_monitor.py:912}}
Apr 02 04:00:26.676836 np0000162604 devstack@neutron-api.service[102921]: DEBUG neutron.plugins.ml2.drivers.ovn.mech_driver.ovsdb.ovsdb_monitor [None req-54bd9bad-5391-413a-b1da-885143801515 None None] Hash Ring: Node bbacbe97995a5e3aa62e3547770c2f27 (host: np0000162604) handling event "create" for row fdd96afa-0df8-4e60-be63-02c194145f47 (table: Port_Binding) {{(pid=102921) notify /opt/stack/neutron/neutron/plugins/ml2/drivers/ovn/mech_driver/ovsdb/ovsdb_monitor.py:912}}
Apr 02 04:00:26.678771 np0000162604 devstack@neutron-api.service[102921]: DEBUG neutron.plugins.ml2.drivers.ovn.mech_driver.ovsdb.ovsdb_monitor [None req-1e656124-d6cf-448c-8d28-87a8edfb591f None None] Hash Ring: Node bbacbe97995a5e3aa62e3547770c2f27 (host: np0000162604) handling event "update" for row 4a12a79f-db7d-4f78-9404-2ad7d76a2f1c (table: Logical_Switch_Port) {{(pid=102921) notify /opt/stack/neutron/neutron/plugins/ml2/drivers/ovn/mech_driver/ovsdb/ovsdb_monitor.py:912}}
Apr 02 04:00:26.688737 np0000162604 devstack@neutron-api.service[102919]: INFO neutron.db.ovn_revision_numbers_db [None req-03473945-d72a-4c88-b1f0-8f439c7c59ff admin admin] Successfully bumped revision number for resource c5597adc-e9ed-43e1-aa90-fa6b20d56bb2 (type: ports) to 1
Apr 02 04:00:26.824135 np0000162604 devstack@neutron-api.service[102919]: DEBUG neutron_lib.callbacks.manager [None req-03473945-d72a-4c88-b1f0-8f439c7c59ff admin admin] Publish callbacks [] for router_gateway (802a1973-c68c-414e-93b9-6266cb88d94b), after_create {{(pid=102919) _notify_loop /opt/stack/data/venv/lib/python3.12/site-packages/neutron_lib/callbacks/manager.py:184}}
Apr 02 04:00:27.215986 np0000162604 devstack@neutron-api.service[102919]: DEBUG neutron_lib.callbacks.manager [None req-03473945-d72a-4c88-b1f0-8f439c7c59ff admin admin] Publish callbacks ['neutron.services.ovn_l3.plugin.ExtraGatewaysDbOnlyMixin._process_bfd_ecmp_update-39531', 'neutron.services.ovn_l3.service_providers.driver_controller.DriverController._update_router_provider-61244'] for router (802a1973-c68c-414e-93b9-6266cb88d94b), precommit_update {{(pid=102919) _notify_loop /opt/stack/data/venv/lib/python3.12/site-packages/neutron_lib/callbacks/manager.py:184}}
Apr 02 04:00:27.219266 np0000162604 devstack@neutron-api.service[102919]: DEBUG neutron_lib.callbacks.manager [None req-03473945-d72a-4c88-b1f0-8f439c7c59ff admin admin] Publish callbacks ['neutron.services.ovn_l3.service_providers.ovn.OvnDriver._process_router_update-122831'] for router (802a1973-c68c-414e-93b9-6266cb88d94b), after_update {{(pid=102919) _notify_loop /opt/stack/data/venv/lib/python3.12/site-packages/neutron_lib/callbacks/manager.py:184}}
Apr 02 04:00:27.683313 np0000162604 devstack@neutron-api.service[102919]: DEBUG ovsdbapp.backend.ovs_idl.transaction [None req-ea14e9de-f96d-4ad6-bda0-ca23508212ff None None] Running txn n=1 command(idx=0): CheckRevisionNumberCommand(_result=None, name=neutron-802a1973-c68c-414e-93b9-6266cb88d94b, resource={'id': '802a1973-c68c-414e-93b9-6266cb88d94b', 'name': 'router1', 'project_id': 'cfd0008999ad4e579f305d75c267c622', 'admin_state_up': True, 'status': 'ACTIVE', 'enable_snat': True, 'external_gateway_info': {'network_id': 'ba17e4b0-d4b8-4f5e-83cc-777964282466', 'external_fixed_ips': [{'subnet_id': '9a58f420-b214-469b-ad8a-2c338b258839', 'ip_address': '172.24.5.58'}], 'enable_snat': True}, 'gw_port_id': 'c5597adc-e9ed-43e1-aa90-fa6b20d56bb2', 'description': '', 'availability_zones': [], 'distributed': False, 'ha': True, 'ha_vr_id': 0, 'availability_zone_hints': [], 'enable_default_route_ecmp': False, 'enable_default_route_bfd': False, 'external_gateways': [{'network_id': 'ba17e4b0-d4b8-4f5e-83cc-777964282466', 'external_fixed_ips': [{'ip_address': '172.24.5.58', 'subnet_id': '9a58f420-b214-469b-ad8a-2c338b258839'}]}], 'routes': [], 'flavor_id': None, 'tags': [], 'created_at': '2026-04-02T04:00:21Z', 'updated_at': '2026-04-02T04:00:26Z', 'revision_number': 3, 'tenant_id': 'cfd0008999ad4e579f305d75c267c622'}, resource_type=routers, if_exists=True) {{(pid=102919) do_commit /opt/stack/data/venv/lib/python3.12/site-packages/ovsdbapp/backend/ovs_idl/transaction.py:89}}
Apr 02 04:00:27.684187 np0000162604 devstack@neutron-api.service[102919]: DEBUG ovsdbapp.backend.ovs_idl.transaction [None req-ea14e9de-f96d-4ad6-bda0-ca23508212ff None None] Running txn n=1 command(idx=1): DeleteLRouterExtGwCommand(_result=None, lrouter=neutron-802a1973-c68c-414e-93b9-6266cb88d94b, if_exists=True, maintain_bfd=True) {{(pid=102919) do_commit /opt/stack/data/venv/lib/python3.12/site-packages/ovsdbapp/backend/ovs_idl/transaction.py:89}}
Apr 02 04:00:27.684557 np0000162604 devstack@neutron-api.service[102919]: DEBUG ovsdbapp.backend.ovs_idl.transaction [None req-ea14e9de-f96d-4ad6-bda0-ca23508212ff None None] Running txn n=1 command(idx=2): DeleteNATRuleInLRouterCommand(_result=None, lrouter=neutron-802a1973-c68c-414e-93b9-6266cb88d94b, type=snat, logical_ip=10.1.0.0/26, external_ip=172.24.5.58, if_exists=True) {{(pid=102919) do_commit /opt/stack/data/venv/lib/python3.12/site-packages/ovsdbapp/backend/ovs_idl/transaction.py:89}}
Apr 02 04:00:27.684868 np0000162604 devstack@neutron-api.service[102919]: DEBUG ovsdbapp.backend.ovs_idl.transaction [None req-ea14e9de-f96d-4ad6-bda0-ca23508212ff None None] Running txn n=1 command(idx=3): DelStaticRoutesCommand(_result=None, lrouter=neutron-802a1973-c68c-414e-93b9-6266cb88d94b, routes=[('0.0.0.0/0', '172.24.5.1')], if_exists=True) {{(pid=102919) do_commit /opt/stack/data/venv/lib/python3.12/site-packages/ovsdbapp/backend/ovs_idl/transaction.py:89}}
Apr 02 04:00:27.685180 np0000162604 devstack@neutron-api.service[102919]: DEBUG ovsdbapp.backend.ovs_idl.transaction [None req-ea14e9de-f96d-4ad6-bda0-ca23508212ff None None] Running txn n=1 command(idx=4): DelLRouterPortCommand(_result=None, name=lrp-c5597adc-e9ed-43e1-aa90-fa6b20d56bb2, lrouter=neutron-802a1973-c68c-414e-93b9-6266cb88d94b, if_exists=True) {{(pid=102919) do_commit /opt/stack/data/venv/lib/python3.12/site-packages/ovsdbapp/backend/ovs_idl/transaction.py:89}}
Apr 02 04:00:27.685472 np0000162604 devstack@neutron-api.service[102919]: DEBUG ovsdbapp.backend.ovs_idl.transaction [None req-ea14e9de-f96d-4ad6-bda0-ca23508212ff None None] Running txn n=1 command(idx=5): AddLRouterPortCommand(_result=None, name=lrp-c5597adc-e9ed-43e1-aa90-fa6b20d56bb2, lrouter=neutron-802a1973-c68c-414e-93b9-6266cb88d94b, may_exist=True, columns={'mac': 'fa:16:3e:aa:ab:f3', 'networks': ['172.24.5.58/24'], 'external_ids': {'neutron:revision_number': '1', 'neutron:subnet_ids': '9a58f420-b214-469b-ad8a-2c338b258839', 'neutron:network_name': 'neutron-ba17e4b0-d4b8-4f5e-83cc-777964282466', 'neutron:is_ext_gw': 'True', 'neutron:router_name': 'neutron-802a1973-c68c-414e-93b9-6266cb88d94b'}, 'options': {'reside-on-redirect-chassis': 'true', 'gateway_mtu': '1372'}}) {{(pid=102919) do_commit /opt/stack/data/venv/lib/python3.12/site-packages/ovsdbapp/backend/ovs_idl/transaction.py:89}}
Apr 02 04:00:27.686259 np0000162604 devstack@neutron-api.service[102919]: DEBUG ovsdbapp.backend.ovs_idl.transaction [None req-ea14e9de-f96d-4ad6-bda0-ca23508212ff None None] Running txn n=1 command(idx=6): ScheduleNewGatewayCommand(_result=None, g_name=lrp-c5597adc-e9ed-43e1-aa90-fa6b20d56bb2, sb_api=, lrouter_name=neutron-802a1973-c68c-414e-93b9-6266cb88d94b, ovn_client=, scheduler=, physnet=public, az_hints=[]) {{(pid=102919) do_commit /opt/stack/data/venv/lib/python3.12/site-packages/ovsdbapp/backend/ovs_idl/transaction.py:89}}
Apr 02 04:00:27.686964 np0000162604 devstack@neutron-api.service[102919]: DEBUG neutron.plugins.ml2.drivers.ovn.mech_driver.ovsdb.ovn_client [None req-ea14e9de-f96d-4ad6-bda0-ca23508212ff None None] Chassis candidates for scheduling gateway router ports for "public" physical network: ['052be5db-3e91-4557-a2f9-13d68f300c8f'] {{(pid=102919) get_candidates_for_scheduling /opt/stack/neutron/neutron/plugins/ml2/drivers/ovn/mech_driver/ovsdb/ovn_client.py:1689}}
Apr 02 04:00:27.687508 np0000162604 devstack@neutron-api.service[102919]: DEBUG neutron.scheduler.l3_ovn_scheduler [None req-ea14e9de-f96d-4ad6-bda0-ca23508212ff None None] Gateway lrp-c5597adc-e9ed-43e1-aa90-fa6b20d56bb2 scheduled on chassis ['052be5db-3e91-4557-a2f9-13d68f300c8f'] {{(pid=102919) _schedule_gateway /opt/stack/neutron/neutron/scheduler/l3_ovn_scheduler.py:88}}
Apr 02 04:00:27.687799 np0000162604 devstack@neutron-api.service[102919]: INFO neutron.plugins.ml2.drivers.ovn.mech_driver.ovsdb.commands [None req-ea14e9de-f96d-4ad6-bda0-ca23508212ff None None] Schedule LRP lrp-c5597adc-e9ed-43e1-aa90-fa6b20d56bb2 on gateway 052be5db-3e91-4557-a2f9-13d68f300c8f with priority 1
Apr 02 04:00:27.687967 np0000162604 devstack@neutron-api.service[102919]: DEBUG ovsdbapp.backend.ovs_idl.transaction [None req-ea14e9de-f96d-4ad6-bda0-ca23508212ff None None] Running txn n=1 command(idx=7): SetLRouterPortInLSwitchPortCommand(_result=None, lswitch_port=c5597adc-e9ed-43e1-aa90-fa6b20d56bb2, lrouter_port=lrp-c5597adc-e9ed-43e1-aa90-fa6b20d56bb2, is_gw_port=True, if_exists=True, lsp_address=router) {{(pid=102919) do_commit /opt/stack/data/venv/lib/python3.12/site-packages/ovsdbapp/backend/ovs_idl/transaction.py:89}}
Apr 02 04:00:27.688296 np0000162604 devstack@neutron-api.service[102919]: DEBUG ovsdbapp.backend.ovs_idl.transaction [None req-ea14e9de-f96d-4ad6-bda0-ca23508212ff None None] Running txn n=1 command(idx=8): AddStaticRouteCommand(_result=None, lrouter=neutron-802a1973-c68c-414e-93b9-6266cb88d94b, maintain_bfd=False, columns={'ip_prefix': '0.0.0.0/0', 'nexthop': '172.24.5.1', 'external_ids': {'neutron:is_ext_gw': 'true', 'neutron:subnet_id': '9a58f420-b214-469b-ad8a-2c338b258839', 'neutron:is_static_route': 'true'}}) {{(pid=102919) do_commit /opt/stack/data/venv/lib/python3.12/site-packages/ovsdbapp/backend/ovs_idl/transaction.py:89}}
Apr 02 04:00:27.688577 np0000162604 devstack@neutron-api.service[102919]: DEBUG ovsdbapp.backend.ovs_idl.transaction [None req-ea14e9de-f96d-4ad6-bda0-ca23508212ff None None] Running txn n=1 command(idx=9): AddNATRuleInLRouterCommand(_result=None, lrouter=neutron-802a1973-c68c-414e-93b9-6266cb88d94b, columns={'type': 'snat', 'logical_ip': '10.1.0.0/26', 'external_ip': '172.24.5.58'}) {{(pid=102919) do_commit /opt/stack/data/venv/lib/python3.12/site-packages/ovsdbapp/backend/ovs_idl/transaction.py:89}}
Apr 02 04:00:27.688840 np0000162604 devstack@neutron-api.service[102919]: DEBUG ovsdbapp.backend.ovs_idl.transaction [None req-ea14e9de-f96d-4ad6-bda0-ca23508212ff None None] Running txn n=1 command(idx=10): UpdateLRouterCommand(_result=None, name=neutron-802a1973-c68c-414e-93b9-6266cb88d94b, columns={'external_ids': {'neutron:router_name': 'router1', 'neutron:revision_number': '3', 'neutron:availability_zone_hints': ''}, 'enabled': True}, if_exists=True) {{(pid=102919) do_commit /opt/stack/data/venv/lib/python3.12/site-packages/ovsdbapp/backend/ovs_idl/transaction.py:89}}
Apr 02 04:00:27.689122 np0000162604 devstack@neutron-api.service[102919]: DEBUG ovsdbapp.backend.ovs_idl.transaction [None req-ea14e9de-f96d-4ad6-bda0-ca23508212ff None None] Running txn n=1 command(idx=11): QoSDelCommand(_result=None, switch=neutron-ba17e4b0-d4b8-4f5e-83cc-777964282466, conditions=[('direction', '=', 'from-lport'), ('priority', '=', 2002), ('match', '=', 'inport == "c5597adc-e9ed-43e1-aa90-fa6b20d56bb2"')], if_exists=True) {{(pid=102919) do_commit /opt/stack/data/venv/lib/python3.12/site-packages/ovsdbapp/backend/ovs_idl/transaction.py:89}}
Apr 02 04:00:27.689337 np0000162604 devstack@neutron-api.service[102919]: DEBUG ovsdbapp.backend.ovs_idl.transaction [None req-ea14e9de-f96d-4ad6-bda0-ca23508212ff None None] Running txn n=1 command(idx=12): QoSDelCommand(_result=None, switch=neutron-ba17e4b0-d4b8-4f5e-83cc-777964282466, conditions=[('direction', '=', 'to-lport'), ('priority', '=', 2002), ('match', '=', 'outport == "c5597adc-e9ed-43e1-aa90-fa6b20d56bb2"')], if_exists=True) {{(pid=102919) do_commit /opt/stack/data/venv/lib/python3.12/site-packages/ovsdbapp/backend/ovs_idl/transaction.py:89}}
Apr 02 04:00:27.739398 np0000162604 devstack@neutron-api.service[102919]: DEBUG neutron.plugins.ml2.drivers.ovn.mech_driver.ovsdb.ovsdb_monitor [None req-ea14e9de-f96d-4ad6-bda0-ca23508212ff None None] Touching Hash Ring node "2e67108989b05717bb87a683ef4bb402" from IDL notify handler {{(pid=102919) notify /opt/stack/neutron/neutron/plugins/ml2/drivers/ovn/mech_driver/ovsdb/ovsdb_monitor.py:904}}
Apr 02 04:00:27.741318 np0000162604 devstack@neutron-api.service[102921]: DEBUG neutron.plugins.ml2.drivers.ovn.mech_driver.ovsdb.ovsdb_monitor [None req-1e656124-d6cf-448c-8d28-87a8edfb591f None None] Touching Hash Ring node "bbacbe97995a5e3aa62e3547770c2f27" from IDL notify handler {{(pid=102921) notify /opt/stack/neutron/neutron/plugins/ml2/drivers/ovn/mech_driver/ovsdb/ovsdb_monitor.py:904}}
Apr 02 04:00:27.750239 np0000162604 devstack@neutron-api.service[102919]: DEBUG neutron.plugins.ml2.drivers.ovn.mech_driver.ovsdb.ovsdb_monitor [None req-ea14e9de-f96d-4ad6-bda0-ca23508212ff None None] Hash Ring: Node 2e67108989b05717bb87a683ef4bb402 (host: np0000162604) handling event "create" for row b29b653e-0f20-4bee-bf02-3e5eadec3c75 (table: Gateway_Chassis) {{(pid=102919) notify /opt/stack/neutron/neutron/plugins/ml2/drivers/ovn/mech_driver/ovsdb/ovsdb_monitor.py:912}}
Apr 02 04:00:27.751637 np0000162604 devstack@neutron-api.service[102920]: DEBUG neutron.plugins.ml2.drivers.ovn.mech_driver.ovsdb.ovsdb_monitor [None req-b2573b82-6b5d-415c-bfe4-bf695d1476e5 None None] Touching Hash Ring node "fe094f423ff8520bac722f2f8210afde" from IDL notify handler {{(pid=102920) notify /opt/stack/neutron/neutron/plugins/ml2/drivers/ovn/mech_driver/ovsdb/ovsdb_monitor.py:904}}
Apr 02 04:00:27.751995 np0000162604 devstack@neutron-api.service[102919]: DEBUG neutron.plugins.ml2.drivers.ovn.mech_driver.ovsdb.ovsdb_monitor [None req-ea14e9de-f96d-4ad6-bda0-ca23508212ff None None] Touching Hash Ring node "2e67108989b05717bb87a683ef4bb402" from IDL notify handler {{(pid=102919) notify /opt/stack/neutron/neutron/plugins/ml2/drivers/ovn/mech_driver/ovsdb/ovsdb_monitor.py:904}}
Apr 02 04:00:27.753058 np0000162604 devstack@neutron-api.service[102921]: DEBUG neutron.plugins.ml2.drivers.ovn.mech_driver.ovsdb.ovsdb_monitor [None req-54bd9bad-5391-413a-b1da-885143801515 None None] Touching Hash Ring node "bbacbe97995a5e3aa62e3547770c2f27" from IDL notify handler {{(pid=102921) notify /opt/stack/neutron/neutron/plugins/ml2/drivers/ovn/mech_driver/ovsdb/ovsdb_monitor.py:904}}
Apr 02 04:00:27.753353 np0000162604 devstack@neutron-api.service[102919]: DEBUG neutron.plugins.ml2.drivers.ovn.mech_driver.ovsdb.ovsdb_monitor [None req-3c808a17-9a9e-4acd-824b-eaf0f0ed01a0 None None] Touching Hash Ring node "2e67108989b05717bb87a683ef4bb402" from IDL notify handler {{(pid=102919) notify /opt/stack/neutron/neutron/plugins/ml2/drivers/ovn/mech_driver/ovsdb/ovsdb_monitor.py:904}}
Apr 02 04:00:27.755736 np0000162604 devstack@neutron-api.service[102919]: DEBUG neutron.plugins.ml2.drivers.ovn.mech_driver.ovsdb.ovsdb_monitor [None req-ea14e9de-f96d-4ad6-bda0-ca23508212ff None None] Hash Ring: Node 2e67108989b05717bb87a683ef4bb402 (host: np0000162604) handling event "update" for row 21a91203-fcde-4353-a32c-4669067e86cc (table: Logical_Router) {{(pid=102919) notify /opt/stack/neutron/neutron/plugins/ml2/drivers/ovn/mech_driver/ovsdb/ovsdb_monitor.py:912}}
Apr 02 04:00:27.757125 np0000162604 devstack@neutron-api.service[102919]: DEBUG neutron.plugins.ml2.drivers.ovn.mech_driver.ovsdb.ovsdb_monitor [None req-ea14e9de-f96d-4ad6-bda0-ca23508212ff None None] Touching Hash Ring node "2e67108989b05717bb87a683ef4bb402" from IDL notify handler {{(pid=102919) notify /opt/stack/neutron/neutron/plugins/ml2/drivers/ovn/mech_driver/ovsdb/ovsdb_monitor.py:904}}
Apr 02 04:00:27.757686 np0000162604 devstack@neutron-api.service[102921]: DEBUG neutron.plugins.ml2.drivers.ovn.mech_driver.ovsdb.ovsdb_monitor [None req-1e656124-d6cf-448c-8d28-87a8edfb591f None None] Hash Ring: Node bbacbe97995a5e3aa62e3547770c2f27 (host: np0000162604) handling event "create" for row b29b653e-0f20-4bee-bf02-3e5eadec3c75 (table: Gateway_Chassis) {{(pid=102921) notify /opt/stack/neutron/neutron/plugins/ml2/drivers/ovn/mech_driver/ovsdb/ovsdb_monitor.py:912}}
Apr 02 04:00:27.758564 np0000162604 devstack@neutron-api.service[102919]: DEBUG neutron.plugins.ml2.drivers.ovn.mech_driver.ovsdb.ovsdb_monitor [None req-ea14e9de-f96d-4ad6-bda0-ca23508212ff None None] Hash Ring: Node 2e67108989b05717bb87a683ef4bb402 (host: np0000162604) handling event "create" for row 804b8cdf-76e2-4749-9d84-650f1f1bfb44 (table: Logical_Router_Port) {{(pid=102919) notify /opt/stack/neutron/neutron/plugins/ml2/drivers/ovn/mech_driver/ovsdb/ovsdb_monitor.py:912}}
Apr 02 04:00:27.758839 np0000162604 devstack@neutron-api.service[102921]: DEBUG neutron.plugins.ml2.drivers.ovn.mech_driver.ovsdb.ovsdb_monitor [None req-1e656124-d6cf-448c-8d28-87a8edfb591f None None] Touching Hash Ring node "bbacbe97995a5e3aa62e3547770c2f27" from IDL notify handler {{(pid=102921) notify /opt/stack/neutron/neutron/plugins/ml2/drivers/ovn/mech_driver/ovsdb/ovsdb_monitor.py:904}}
Apr 02 04:00:27.759901 np0000162604 devstack@neutron-api.service[102921]: DEBUG neutron.plugins.ml2.drivers.ovn.mech_driver.ovsdb.ovsdb_monitor [None req-54bd9bad-5391-413a-b1da-885143801515 None None] Hash Ring: Node bbacbe97995a5e3aa62e3547770c2f27 (host: np0000162604) handling event "create" for row 72f98cf0-6f80-4483-8d53-c698ab9694cf (table: Port_Binding) {{(pid=102921) notify /opt/stack/neutron/neutron/plugins/ml2/drivers/ovn/mech_driver/ovsdb/ovsdb_monitor.py:912}}
Apr 02 04:00:27.760328 np0000162604 devstack@neutron-api.service[102919]: DEBUG ovsdbapp.backend.ovs_idl.event [None req-ea14e9de-f96d-4ad6-bda0-ca23508212ff None None] Matched CREATE: LogicalRouterPortEvent(events=('create', 'delete'), table='Logical_Router_Port', conditions=None, old_conditions=None), priority=20 to row=Logical_Router_Port(uuid=804b8cdf-76e2-4749-9d84-650f1f1bfb44, enabled=[], external_ids={'neutron:is_ext_gw': 'True', 'neutron:network_name': 'neutron-ba17e4b0-d4b8-4f5e-83cc-777964282466', 'neutron:revision_number': '1', 'neutron:router_name': 'neutron-802a1973-c68c-414e-93b9-6266cb88d94b', 'neutron:subnet_ids': '9a58f420-b214-469b-ad8a-2c338b258839'}, gateway_chassis=[b29b653e-0f20-4bee-bf02-3e5eadec3c75], ha_chassis_group=[], ipv6_prefix=[], ipv6_ra_configs={}, mac='fa:16:3e:aa:ab:f3', name='lrp-c5597adc-e9ed-43e1-aa90-fa6b20d56bb2', networks=['172.24.5.58/24'], options={'gateway_mtu': '1372', 'reside-on-redirect-chassis': 'true'}, peer=[], status={}) old= {{(pid=102919) matches /opt/stack/data/venv/lib/python3.12/site-packages/ovsdbapp/backend/ovs_idl/event.py:55}}
Apr 02 04:00:27.761530 np0000162604 devstack@neutron-api.service[102920]: DEBUG neutron.plugins.ml2.drivers.ovn.mech_driver.ovsdb.ovsdb_monitor [None req-b2573b82-6b5d-415c-bfe4-bf695d1476e5 None None] Hash Ring: Node fe094f423ff8520bac722f2f8210afde (host: np0000162604) handling event "update" for row fdd96afa-0df8-4e60-be63-02c194145f47 (table: Port_Binding) {{(pid=102920) notify /opt/stack/neutron/neutron/plugins/ml2/drivers/ovn/mech_driver/ovsdb/ovsdb_monitor.py:912}}
Apr 02 04:00:27.761721 np0000162604 devstack@neutron-api.service[102921]: DEBUG neutron.plugins.ml2.drivers.ovn.mech_driver.ovsdb.ovsdb_monitor [None req-54bd9bad-5391-413a-b1da-885143801515 None None] Touching Hash Ring node "bbacbe97995a5e3aa62e3547770c2f27" from IDL notify handler {{(pid=102921) notify /opt/stack/neutron/neutron/plugins/ml2/drivers/ovn/mech_driver/ovsdb/ovsdb_monitor.py:904}}
Apr 02 04:00:27.763108 np0000162604 devstack@neutron-api.service[102919]: DEBUG neutron.plugins.ml2.drivers.ovn.mech_driver.ovsdb.ovsdb_monitor [None req-ea14e9de-f96d-4ad6-bda0-ca23508212ff None None] Touching Hash Ring node "2e67108989b05717bb87a683ef4bb402" from IDL notify handler {{(pid=102919) notify /opt/stack/neutron/neutron/plugins/ml2/drivers/ovn/mech_driver/ovsdb/ovsdb_monitor.py:904}}
Apr 02 04:00:27.763601 np0000162604 devstack@neutron-api.service[102921]: DEBUG neutron.plugins.ml2.drivers.ovn.mech_driver.ovsdb.ovsdb_monitor [None req-1e656124-d6cf-448c-8d28-87a8edfb591f None None] Hash Ring: Node bbacbe97995a5e3aa62e3547770c2f27 (host: np0000162604) handling event "update" for row 4a12a79f-db7d-4f78-9404-2ad7d76a2f1c (table: Logical_Switch_Port) {{(pid=102921) notify /opt/stack/neutron/neutron/plugins/ml2/drivers/ovn/mech_driver/ovsdb/ovsdb_monitor.py:912}}
Apr 02 04:00:27.765175 np0000162604 devstack@neutron-api.service[102921]: DEBUG neutron.plugins.ml2.drivers.ovn.mech_driver.ovsdb.ovsdb_monitor [None req-54bd9bad-5391-413a-b1da-885143801515 None None] Hash Ring: Node bbacbe97995a5e3aa62e3547770c2f27 (host: np0000162604) handling event "create" for row f9bfb896-1f92-4d14-834b-0d021ee6caf1 (table: Port_Binding) {{(pid=102921) notify /opt/stack/neutron/neutron/plugins/ml2/drivers/ovn/mech_driver/ovsdb/ovsdb_monitor.py:912}}
Apr 02 04:00:27.766532 np0000162604 devstack@neutron-api.service[102921]: DEBUG neutron.plugins.ml2.drivers.ovn.mech_driver.ovsdb.ovsdb_monitor [None req-1e656124-d6cf-448c-8d28-87a8edfb591f None None] Touching Hash Ring node "bbacbe97995a5e3aa62e3547770c2f27" from IDL notify handler {{(pid=102921) notify /opt/stack/neutron/neutron/plugins/ml2/drivers/ovn/mech_driver/ovsdb/ovsdb_monitor.py:904}}
Apr 02 04:00:27.767463 np0000162604 devstack@neutron-api.service[102921]: DEBUG neutron.plugins.ml2.drivers.ovn.mech_driver.ovsdb.ovsdb_monitor [None req-54bd9bad-5391-413a-b1da-885143801515 None None] Touching Hash Ring node "bbacbe97995a5e3aa62e3547770c2f27" from IDL notify handler {{(pid=102921) notify /opt/stack/neutron/neutron/plugins/ml2/drivers/ovn/mech_driver/ovsdb/ovsdb_monitor.py:904}}
Apr 02 04:00:27.767577 np0000162604 devstack@neutron-api.service[102919]: DEBUG neutron.plugins.ml2.drivers.ovn.mech_driver.ovsdb.ovsdb_monitor [None req-3c808a17-9a9e-4acd-824b-eaf0f0ed01a0 None None] Hash Ring: Node 2e67108989b05717bb87a683ef4bb402 (host: np0000162604) handling event "create" for row f9bfb896-1f92-4d14-834b-0d021ee6caf1 (table: Port_Binding) {{(pid=102919) notify /opt/stack/neutron/neutron/plugins/ml2/drivers/ovn/mech_driver/ovsdb/ovsdb_monitor.py:912}}
Apr 02 04:00:27.769497 np0000162604 devstack@neutron-api.service[102919]: DEBUG neutron.plugins.ml2.drivers.ovn.mech_driver.ovsdb.ovsdb_monitor [None req-ea14e9de-f96d-4ad6-bda0-ca23508212ff None None] Hash Ring: Node 2e67108989b05717bb87a683ef4bb402 (host: np0000162604) handling event "create" for row deba2087-777e-43a1-948a-601133afcb78 (table: Logical_Router_Static_Route) {{(pid=102919) notify /opt/stack/neutron/neutron/plugins/ml2/drivers/ovn/mech_driver/ovsdb/ovsdb_monitor.py:912}}
Apr 02 04:00:27.770751 np0000162604 devstack@neutron-api.service[102921]: DEBUG neutron.plugins.ml2.drivers.ovn.mech_driver.ovsdb.ovsdb_monitor [None req-1e656124-d6cf-448c-8d28-87a8edfb591f None None] Hash Ring: Node bbacbe97995a5e3aa62e3547770c2f27 (host: np0000162604) handling event "update" for row 4a12a79f-db7d-4f78-9404-2ad7d76a2f1c (table: Logical_Switch_Port) {{(pid=102921) notify /opt/stack/neutron/neutron/plugins/ml2/drivers/ovn/mech_driver/ovsdb/ovsdb_monitor.py:912}}
Apr 02 04:00:27.770901 np0000162604 devstack@neutron-api.service[102919]: DEBUG neutron.plugins.ml2.drivers.ovn.mech_driver.ovsdb.ovsdb_monitor [None req-ea14e9de-f96d-4ad6-bda0-ca23508212ff None None] Touching Hash Ring node "2e67108989b05717bb87a683ef4bb402" from IDL notify handler {{(pid=102919) notify /opt/stack/neutron/neutron/plugins/ml2/drivers/ovn/mech_driver/ovsdb/ovsdb_monitor.py:904}}
Apr 02 04:00:27.772460 np0000162604 devstack@neutron-api.service[102921]: DEBUG ovsdbapp.backend.ovs_idl.event [None req-1e656124-d6cf-448c-8d28-87a8edfb591f None None] Matched UPDATE: LogicalSwitchPortUpdateUpEvent(events=('update',), table='Logical_Switch_Port', conditions=None, old_conditions=None), priority=20 to row=Logical_Switch_Port(uuid=4a12a79f-db7d-4f78-9404-2ad7d76a2f1c, addresses=['router'], dhcpv4_options=[], dhcpv6_options=[], dynamic_addresses=[], enabled=True, external_ids={'neutron:cidrs': '172.24.5.58/24', 'neutron:device_id': '802a1973-c68c-414e-93b9-6266cb88d94b', 'neutron:device_owner': 'network:router_gateway', 'neutron:mtu': '', 'neutron:network_name': 'neutron-ba17e4b0-d4b8-4f5e-83cc-777964282466', 'neutron:port_capabilities': '', 'neutron:port_name': '', 'neutron:project_id': '', 'neutron:revision_number': '1', 'neutron:security_group_ids': '', 'neutron:subnet_pool_addr_scope4': '', 'neutron:subnet_pool_addr_scope6': '', 'neutron:vnic_type': 'normal'}, ha_chassis_group=[], mirror_rules=[], name='c5597adc-e9ed-43e1-aa90-fa6b20d56bb2', options={'exclude-lb-vips-from-garp': 'true', 'nat-addresses': 'router', 'router-port': 'lrp-c5597adc-e9ed-43e1-aa90-fa6b20d56bb2'}, parent_name=[], port_security=[], tag=[], tag_request=[], type='router', up=True) old=Logical_Switch_Port(uuid=4a12a79f-db7d-4f78-9404-2ad7d76a2f1c, up=False) {{(pid=102921) matches /opt/stack/data/venv/lib/python3.12/site-packages/ovsdbapp/backend/ovs_idl/event.py:55}}
Apr 02 04:00:27.773106 np0000162604 devstack@neutron-api.service[102919]: DEBUG neutron.plugins.ml2.drivers.ovn.mech_driver.ovsdb.ovsdb_monitor [None req-ea14e9de-f96d-4ad6-bda0-ca23508212ff None None] Hash Ring: Node 2e67108989b05717bb87a683ef4bb402 (host: np0000162604) handling event "create" for row 06f00cfa-c54c-4abe-b742-c75edf0f517c (table: NAT) {{(pid=102919) notify /opt/stack/neutron/neutron/plugins/ml2/drivers/ovn/mech_driver/ovsdb/ovsdb_monitor.py:912}}
