Apr 27 12:03:39.611170 np0000170474 devstack@neutron-api.service[104661]: DEBUG neutron_lib.callbacks.manager [None req-8dc67a28-6a39-49af-bbb6-587b8af448be None None] Subscribe: > process before_spawn 55550000, False {{(pid=104661) subscribe /opt/stack/data/venv/lib/python3.12/site-packages/neutron_lib/callbacks/manager.py:52}}
Apr 27 12:03:39.611544 np0000170474 devstack@neutron-api.service[104664]: DEBUG neutron.api.extensions [None req-b62536b4-a674-41f1-907f-7f5572e89cad None None] Ext name="Direction for QoS bandwidth limit rule" alias="qos-bw-limit-direction" description="Allow to configure QoS bandwidth limit rule with specific direction: ingress or egress" updated="2017-04-10T10:00:00-00:00" {{(pid=104664) _check_extension /opt/stack/neutron/neutron/api/extensions.py:415}}
Apr 27 12:03:39.611810 np0000170474 devstack@neutron-api.service[104661]: DEBUG neutron_lib.callbacks.manager [None req-8dc67a28-6a39-49af-bbb6-587b8af448be None None] Subscribe: > process after_init 55550000, True {{(pid=104661) subscribe /opt/stack/data/venv/lib/python3.12/site-packages/neutron_lib/callbacks/manager.py:52}}
Apr 27 12:03:39.612210 np0000170474 devstack@neutron-api.service[104664]: INFO neutron.api.extensions [None req-b62536b4-a674-41f1-907f-7f5572e89cad None None] Extension qos-bw-limit-direction not supported by any of loaded plugins
Apr 27 12:03:39.612774 np0000170474 devstack@neutron-api.service[104661]: DEBUG neutron_lib.callbacks.manager [None req-8dc67a28-6a39-49af-bbb6-587b8af448be None None] Subscribe: > segment after_create 55550000, False {{(pid=104661) subscribe /opt/stack/data/venv/lib/python3.12/site-packages/neutron_lib/callbacks/manager.py:52}}
Apr 27 12:03:39.613224 np0000170474 devstack@neutron-api.service[104664]: DEBUG neutron.api.extensions [None req-b62536b4-a674-41f1-907f-7f5572e89cad None None] Loading extension file: qos_bw_minimum_ingress.py {{(pid=104664) _load_all_extensions_from_path /opt/stack/neutron/neutron/api/extensions.py:449}}
Apr 27 12:03:39.613627 np0000170474 devstack@neutron-api.service[104661]: DEBUG neutron_lib.callbacks.manager [None req-8dc67a28-6a39-49af-bbb6-587b8af448be None None] Subscribe: > segment after_create 55550000, False {{(pid=104661) subscribe /opt/stack/data/venv/lib/python3.12/site-packages/neutron_lib/callbacks/manager.py:52}}
Apr 27 12:03:39.613627 np0000170474 devstack@neutron-api.service[104661]: DEBUG neutron_lib.callbacks.manager [None req-8dc67a28-6a39-49af-bbb6-587b8af448be None None] Subscribe: > segment after_delete 55550000, False {{(pid=104661) subscribe /opt/stack/data/venv/lib/python3.12/site-packages/neutron_lib/callbacks/manager.py:52}}
Apr 27 12:03:39.614089 np0000170474 devstack@neutron-api.service[104664]: DEBUG neutron.api.extensions [None req-b62536b4-a674-41f1-907f-7f5572e89cad None None] Ext name="Ingress direction for QoS minimum bandwidth rule" alias="qos-bw-minimum-ingress" description="Allow to configure QoS minumum bandwidth rule with ingress direction." updated="2018-07-09T10:00:00-00:00" {{(pid=104664) _check_extension /opt/stack/neutron/neutron/api/extensions.py:415}}
Apr 27 12:03:39.614441 np0000170474 devstack@neutron-api.service[104661]: DEBUG neutron_lib.callbacks.manager [None req-8dc67a28-6a39-49af-bbb6-587b8af448be None None] Subscribe: > allowed_address_pair before_create 55550000, False {{(pid=104661) subscribe /opt/stack/data/venv/lib/python3.12/site-packages/neutron_lib/callbacks/manager.py:52}}
Apr 27 12:03:39.614441 np0000170474 devstack@neutron-api.service[104661]: DEBUG neutron_lib.callbacks.manager [None req-8dc67a28-6a39-49af-bbb6-587b8af448be None None] Subscribe: > security_group precommit_create 55550000, False {{(pid=104661) subscribe /opt/stack/data/venv/lib/python3.12/site-packages/neutron_lib/callbacks/manager.py:52}}
Apr 27 12:03:39.614831 np0000170474 devstack@neutron-api.service[104664]: INFO neutron.api.extensions [None req-b62536b4-a674-41f1-907f-7f5572e89cad None None] Extension qos-bw-minimum-ingress not supported by any of loaded plugins
Apr 27 12:03:39.614987 np0000170474 devstack@neutron-api.service[104661]: DEBUG neutron_lib.callbacks.manager [None req-8dc67a28-6a39-49af-bbb6-587b8af448be None None] Subscribe: > security_group after_update 55550000, False {{(pid=104661) subscribe /opt/stack/data/venv/lib/python3.12/site-packages/neutron_lib/callbacks/manager.py:52}}
Apr 27 12:03:39.615106 np0000170474 devstack@neutron-api.service[104664]: DEBUG neutron.api.extensions [None req-b62536b4-a674-41f1-907f-7f5572e89cad None None] Loading extension file: qos_default.py {{(pid=104664) _load_all_extensions_from_path /opt/stack/neutron/neutron/api/extensions.py:449}}
Apr 27 12:03:39.615275 np0000170474 devstack@neutron-api.service[104661]: DEBUG neutron_lib.callbacks.manager [None req-8dc67a28-6a39-49af-bbb6-587b8af448be None None] Subscribe: > security_group after_create 55550000, False {{(pid=104661) subscribe /opt/stack/data/venv/lib/python3.12/site-packages/neutron_lib/callbacks/manager.py:52}}
Apr 27 12:03:39.615275 np0000170474 devstack@neutron-api.service[104661]: DEBUG neutron_lib.callbacks.manager [None req-8dc67a28-6a39-49af-bbb6-587b8af448be None None] Subscribe: > security_group precommit_delete 55550000, False {{(pid=104661) subscribe /opt/stack/data/venv/lib/python3.12/site-packages/neutron_lib/callbacks/manager.py:52}}
Apr 27 12:03:39.615402 np0000170474 devstack@neutron-api.service[104664]: DEBUG neutron.api.extensions [None req-b62536b4-a674-41f1-907f-7f5572e89cad None None] Ext name="QoS default policy" alias="qos-default" description="Expose the QoS default policy per project" updated="2017-041-06T10:00:00-00:00" {{(pid=104664) _check_extension /opt/stack/neutron/neutron/api/extensions.py:415}}
Apr 27 12:03:39.615623 np0000170474 devstack@neutron-api.service[104661]: DEBUG neutron_lib.callbacks.manager [None req-8dc67a28-6a39-49af-bbb6-587b8af448be None None] Subscribe: > security_group after_delete 55550000, False {{(pid=104661) subscribe /opt/stack/data/venv/lib/python3.12/site-packages/neutron_lib/callbacks/manager.py:52}}
Apr 27 12:03:39.615755 np0000170474 devstack@neutron-api.service[104664]: INFO neutron.api.extensions [None req-b62536b4-a674-41f1-907f-7f5572e89cad None None] Extension qos-default not supported by any of loaded plugins
Apr 27 12:03:39.615985 np0000170474 devstack@neutron-api.service[104661]: DEBUG neutron_lib.callbacks.manager [None req-8dc67a28-6a39-49af-bbb6-587b8af448be None None] Subscribe: > security_group_rule precommit_create 55550000, False {{(pid=104661) subscribe /opt/stack/data/venv/lib/python3.12/site-packages/neutron_lib/callbacks/manager.py:52}}
Apr 27 12:03:39.616054 np0000170474 devstack@neutron-api.service[104664]: DEBUG neutron.api.extensions [None req-b62536b4-a674-41f1-907f-7f5572e89cad None None] Loading extension file: qos_fip.py {{(pid=104664) _load_all_extensions_from_path /opt/stack/neutron/neutron/api/extensions.py:449}}
Apr 27 12:03:39.616147 np0000170474 devstack@neutron-api.service[104661]: DEBUG neutron_lib.callbacks.manager [None req-8dc67a28-6a39-49af-bbb6-587b8af448be None None] Subscribe: > security_group_rule after_create 55550000, False {{(pid=104661) subscribe /opt/stack/data/venv/lib/python3.12/site-packages/neutron_lib/callbacks/manager.py:52}}
Apr 27 12:03:39.616147 np0000170474 devstack@neutron-api.service[104661]: DEBUG neutron_lib.callbacks.manager [None req-8dc67a28-6a39-49af-bbb6-587b8af448be None None] Subscribe: > security_group_rule before_delete 55550000, False {{(pid=104661) subscribe /opt/stack/data/venv/lib/python3.12/site-packages/neutron_lib/callbacks/manager.py:52}}
Apr 27 12:03:39.616249 np0000170474 devstack@neutron-api.service[104664]: DEBUG neutron.api.extensions [None req-b62536b4-a674-41f1-907f-7f5572e89cad None None] Ext name="Floating IP QoS" alias="qos-fip" description="The floating IP Quality of Service extension" updated="2017-07-20T00:00:00-00:00" {{(pid=104664) _check_extension /opt/stack/neutron/neutron/api/extensions.py:415}}
Apr 27 12:03:39.616501 np0000170474 devstack@neutron-api.service[104661]: DEBUG neutron_lib.callbacks.manager [None req-8dc67a28-6a39-49af-bbb6-587b8af448be None None] Subscribe: > address_group after_create 55550000, False {{(pid=104661) subscribe /opt/stack/data/venv/lib/python3.12/site-packages/neutron_lib/callbacks/manager.py:52}}
Apr 27 12:03:39.616617 np0000170474 devstack@neutron-api.service[104664]: INFO neutron.api.extensions [None req-b62536b4-a674-41f1-907f-7f5572e89cad None None] Extension qos-fip not supported by any of loaded plugins
Apr 27 12:03:39.616781 np0000170474 devstack@neutron-api.service[104661]: DEBUG neutron_lib.callbacks.manager [None req-8dc67a28-6a39-49af-bbb6-587b8af448be None None] Subscribe: > address_group after_update 55550000, False {{(pid=104661) subscribe /opt/stack/data/venv/lib/python3.12/site-packages/neutron_lib/callbacks/manager.py:52}}
Apr 27 12:03:39.616838 np0000170474 devstack@neutron-api.service[104664]: DEBUG neutron.api.extensions [None req-b62536b4-a674-41f1-907f-7f5572e89cad None None] Loading extension file: qos_fip_network_policy.py {{(pid=104664) _load_all_extensions_from_path /opt/stack/neutron/neutron/api/extensions.py:449}}
Apr 27 12:03:39.616932 np0000170474 devstack@neutron-api.service[104661]: DEBUG neutron_lib.callbacks.manager [None req-8dc67a28-6a39-49af-bbb6-587b8af448be None None] Subscribe: > address_group after_delete 55550000, False {{(pid=104661) subscribe /opt/stack/data/venv/lib/python3.12/site-packages/neutron_lib/callbacks/manager.py:52}}
Apr 27 12:03:39.616997 np0000170474 devstack@neutron-api.service[104664]: DEBUG neutron.api.extensions [None req-b62536b4-a674-41f1-907f-7f5572e89cad None None] Ext name="QoS floating IP network policy ID" alias="qos-fip-network-policy" description="Adds a the QoS network ID to the floating IP definition" updated="2021-11-15T10:00:00-00:00" {{(pid=104664) _check_extension /opt/stack/neutron/neutron/api/extensions.py:415}}
Apr 27 12:03:39.617347 np0000170474 devstack@neutron-api.service[104661]: DEBUG neutron_lib.callbacks.manager [None req-8dc67a28-6a39-49af-bbb6-587b8af448be None None] Subscribe: > qos_plugin after_init 55550000, False {{(pid=104661) subscribe /opt/stack/data/venv/lib/python3.12/site-packages/neutron_lib/callbacks/manager.py:52}}
Apr 27 12:03:39.617559 np0000170474 devstack@neutron-api.service[104664]: INFO neutron.api.extensions [None req-b62536b4-a674-41f1-907f-7f5572e89cad None None] Extension qos-fip-network-policy not supported by any of loaded plugins
Apr 27 12:03:39.617727 np0000170474 devstack@neutron-api.service[104661]: DEBUG neutron_lib.callbacks.manager [None req-8dc67a28-6a39-49af-bbb6-587b8af448be None None] Subscribe: > trunk_plugin after_init 55550000, False {{(pid=104661) subscribe /opt/stack/data/venv/lib/python3.12/site-packages/neutron_lib/callbacks/manager.py:52}}
Apr 27 12:03:39.617827 np0000170474 devstack@neutron-api.service[104664]: DEBUG neutron.api.extensions [None req-b62536b4-a674-41f1-907f-7f5572e89cad None None] Loading extension file: qos_gateway_ip.py {{(pid=104664) _load_all_extensions_from_path /opt/stack/neutron/neutron/api/extensions.py:449}}
Apr 27 12:03:39.617987 np0000170474 devstack@neutron-api.service[104661]: DEBUG neutron_lib.callbacks.manager [None req-8dc67a28-6a39-49af-bbb6-587b8af448be None None] Subscribe: > logging-plugin after_init 55550000, False {{(pid=104661) subscribe /opt/stack/data/venv/lib/python3.12/site-packages/neutron_lib/callbacks/manager.py:52}}
Apr 27 12:03:39.618053 np0000170474 devstack@neutron-api.service[104664]: DEBUG neutron.api.extensions [None req-b62536b4-a674-41f1-907f-7f5572e89cad None None] Ext name="Router gateway IP QoS" alias="qos-gateway-ip" description="The Router gateway IP Quality of Service extension" updated="2018-02-24T00:00:00-00:00" {{(pid=104664) _check_extension /opt/stack/neutron/neutron/api/extensions.py:415}}
Apr 27 12:03:39.618053 np0000170474 devstack@neutron-api.service[104664]: INFO neutron.api.extensions [None req-b62536b4-a674-41f1-907f-7f5572e89cad None None] Extension qos-gateway-ip not supported by any of loaded plugins
Apr 27 12:03:39.618053 np0000170474 devstack@neutron-api.service[104664]: DEBUG neutron.api.extensions [None req-b62536b4-a674-41f1-907f-7f5572e89cad None None] Loading extension file: qos_port_network_policy.py {{(pid=104664) _load_all_extensions_from_path /opt/stack/neutron/neutron/api/extensions.py:449}}
Apr 27 12:03:39.618220 np0000170474 devstack@neutron-api.service[104661]: INFO neutron.services.logapi.drivers.ovn.driver [None req-8dc67a28-6a39-49af-bbb6-587b8af448be None None] OVN logging driver registered
Apr 27 12:03:39.618282 np0000170474 devstack@neutron-api.service[104664]: DEBUG neutron.api.extensions [None req-b62536b4-a674-41f1-907f-7f5572e89cad None None] Ext name="QoS port network policy ID" alias="qos-port-network-policy" description="Adds a the QoS network ID to the port definition" updated="2019-11-01T10:00:00-00:00" {{(pid=104664) _check_extension /opt/stack/neutron/neutron/api/extensions.py:415}}
Apr 27 12:03:39.618282 np0000170474 devstack@neutron-api.service[104664]: INFO neutron.api.extensions [None req-b62536b4-a674-41f1-907f-7f5572e89cad None None] Extension qos-port-network-policy not supported by any of loaded plugins
Apr 27 12:03:39.618282 np0000170474 devstack@neutron-api.service[104664]: DEBUG neutron.api.extensions [None req-b62536b4-a674-41f1-907f-7f5572e89cad None None] Loading extension file: qos_pps_minimum_rule.py {{(pid=104664) _load_all_extensions_from_path /opt/stack/neutron/neutron/api/extensions.py:449}}
Apr 27 12:03:39.618282 np0000170474 devstack@neutron-api.service[104664]: DEBUG neutron.api.extensions [None req-b62536b4-a674-41f1-907f-7f5572e89cad None None] Ext name="QoS minimum packet rate rule" alias="qos-pps-minimum" description="Allow to configure QoS minimum packet rate rule." updated="2021-07-14T10:00:00-00:00" {{(pid=104664) _check_extension /opt/stack/neutron/neutron/api/extensions.py:415}}
Apr 27 12:03:39.618282 np0000170474 devstack@neutron-api.service[104664]: INFO neutron.api.extensions [None req-b62536b4-a674-41f1-907f-7f5572e89cad None None] Extension qos-pps-minimum not supported by any of loaded plugins
Apr 27 12:03:39.618282 np0000170474 devstack@neutron-api.service[104664]: DEBUG neutron.api.extensions [None req-b62536b4-a674-41f1-907f-7f5572e89cad None None] Loading extension file: qos_pps_minimum_rule_alias.py {{(pid=104664) _load_all_extensions_from_path /opt/stack/neutron/neutron/api/extensions.py:449}}
Apr 27 12:03:39.618553 np0000170474 devstack@neutron-api.service[104664]: DEBUG neutron.api.extensions [None req-b62536b4-a674-41f1-907f-7f5572e89cad None None] Ext name="QoS minimum packet rate rule alias" alias="qos-pps-minimum-rule-alias" description="API to enable GET, PUT and DELETE operations on QoS minimum packet rate rule without specifying policy ID" updated="2021-10-22T10:00:00-00:00" {{(pid=104664) _check_extension /opt/stack/neutron/neutron/api/extensions.py:415}}
Apr 27 12:03:39.618553 np0000170474 devstack@neutron-api.service[104664]: INFO neutron.api.extensions [None req-b62536b4-a674-41f1-907f-7f5572e89cad None None] Extension qos-pps-minimum-rule-alias not supported by any of loaded plugins
Apr 27 12:03:39.618553 np0000170474 devstack@neutron-api.service[104664]: DEBUG neutron.api.extensions [None req-b62536b4-a674-41f1-907f-7f5572e89cad None None] Loading extension file: qos_pps_rule.py {{(pid=104664) _load_all_extensions_from_path /opt/stack/neutron/neutron/api/extensions.py:449}}
Apr 27 12:03:39.618675 np0000170474 devstack@neutron-api.service[104661]: DEBUG neutron.plugins.ml2.plugin [None req-8dc67a28-6a39-49af-bbb6-587b8af448be None None] neutron.plugins.ml2.plugin.Ml2Plugin method _start_rpc_notifiers called with arguments () {} {{(pid=104661) wrapper /opt/stack/data/venv/lib/python3.12/site-packages/oslo_log/helpers.py:77}}
Apr 27 12:03:39.618675 np0000170474 devstack@neutron-api.service[104661]: DEBUG neutron_lib.callbacks.manager [None req-8dc67a28-6a39-49af-bbb6-587b8af448be None None] Subscribe: > port after_create 55550000, False {{(pid=104661) subscribe /opt/stack/data/venv/lib/python3.12/site-packages/neutron_lib/callbacks/manager.py:52}}
Apr 27 12:03:39.618880 np0000170474 devstack@neutron-api.service[104664]: DEBUG neutron.api.extensions [None req-b62536b4-a674-41f1-907f-7f5572e89cad None None] Ext name="QoS Rule Type Packet per Second Extension" alias="qos-pps" description="Add QoS Rule Type Packet per Second" updated="2021-05-12T10:00:00-00:00" {{(pid=104664) _check_extension /opt/stack/neutron/neutron/api/extensions.py:415}}
Apr 27 12:03:39.618952 np0000170474 devstack@neutron-api.service[104661]: DEBUG neutron_lib.callbacks.manager [None req-8dc67a28-6a39-49af-bbb6-587b8af448be None None] Subscribe: > port after_update 55550000, False {{(pid=104661) subscribe /opt/stack/data/venv/lib/python3.12/site-packages/neutron_lib/callbacks/manager.py:52}}
Apr 27 12:03:39.619093 np0000170474 devstack@neutron-api.service[104664]: INFO neutron.api.extensions [None req-b62536b4-a674-41f1-907f-7f5572e89cad None None] Extension qos-pps not supported by any of loaded plugins
Apr 27 12:03:39.619161 np0000170474 devstack@neutron-api.service[104661]: DEBUG neutron_lib.callbacks.manager [None req-8dc67a28-6a39-49af-bbb6-587b8af448be None None] Subscribe: > port after_delete 55550000, False {{(pid=104661) subscribe /opt/stack/data/venv/lib/python3.12/site-packages/neutron_lib/callbacks/manager.py:52}}
Apr 27 12:03:39.619248 np0000170474 devstack@neutron-api.service[104664]: DEBUG neutron.api.extensions [None req-b62536b4-a674-41f1-907f-7f5572e89cad None None] Loading extension file: qos_rule_type_details.py {{(pid=104664) _load_all_extensions_from_path /opt/stack/neutron/neutron/api/extensions.py:449}}
Apr 27 12:03:39.619315 np0000170474 devstack@neutron-api.service[104661]: DEBUG neutron_lib.callbacks.manager [None req-8dc67a28-6a39-49af-bbb6-587b8af448be None None] Subscribe: > subnet after_create 55550000, False {{(pid=104661) subscribe /opt/stack/data/venv/lib/python3.12/site-packages/neutron_lib/callbacks/manager.py:52}}
Apr 27 12:03:39.619315 np0000170474 devstack@neutron-api.service[104661]: DEBUG neutron_lib.callbacks.manager [None req-8dc67a28-6a39-49af-bbb6-587b8af448be None None] Subscribe: > subnet after_update 55550000, False {{(pid=104661) subscribe /opt/stack/data/venv/lib/python3.12/site-packages/neutron_lib/callbacks/manager.py:52}}
Apr 27 12:03:39.619493 np0000170474 devstack@neutron-api.service[104664]: DEBUG neutron.api.extensions [None req-b62536b4-a674-41f1-907f-7f5572e89cad None None] Ext name="Details of QoS rule types" alias="qos-rule-type-details" description="Expose details about QoS rule types supported by loaded backend drivers" updated="2017-06-22T10:00:00-00:00" {{(pid=104664) _check_extension /opt/stack/neutron/neutron/api/extensions.py:415}}
Apr 27 12:03:39.619561 np0000170474 devstack@neutron-api.service[104661]: DEBUG neutron_lib.callbacks.manager [None req-8dc67a28-6a39-49af-bbb6-587b8af448be None None] Subscribe: > subnet after_delete 55550000, False {{(pid=104661) subscribe /opt/stack/data/venv/lib/python3.12/site-packages/neutron_lib/callbacks/manager.py:52}}
Apr 27 12:03:39.619561 np0000170474 devstack@neutron-api.service[104661]: DEBUG neutron_lib.callbacks.manager [None req-8dc67a28-6a39-49af-bbb6-587b8af448be None None] Subscribe: > network after_create 55550000, False {{(pid=104661) subscribe /opt/stack/data/venv/lib/python3.12/site-packages/neutron_lib/callbacks/manager.py:52}}
Apr 27 12:03:39.619690 np0000170474 devstack@neutron-api.service[104664]: INFO neutron.api.extensions [None req-b62536b4-a674-41f1-907f-7f5572e89cad None None] Extension qos-rule-type-details not supported by any of loaded plugins
Apr 27 12:03:39.619745 np0000170474 devstack@neutron-api.service[104661]: DEBUG neutron_lib.callbacks.manager [None req-8dc67a28-6a39-49af-bbb6-587b8af448be None None] Subscribe: > network after_update 55550000, False {{(pid=104661) subscribe /opt/stack/data/venv/lib/python3.12/site-packages/neutron_lib/callbacks/manager.py:52}}
Apr 27 12:03:39.619841 np0000170474 devstack@neutron-api.service[104664]: DEBUG neutron.api.extensions [None req-b62536b4-a674-41f1-907f-7f5572e89cad None None] Loading extension file: qos_rule_type_filter.py {{(pid=104664) _load_all_extensions_from_path /opt/stack/neutron/neutron/api/extensions.py:449}}
Apr 27 12:03:39.619953 np0000170474 devstack@neutron-api.service[104661]: DEBUG neutron_lib.callbacks.manager [None req-8dc67a28-6a39-49af-bbb6-587b8af448be None None] Subscribe: > network after_delete 55550000, False {{(pid=104661) subscribe /opt/stack/data/venv/lib/python3.12/site-packages/neutron_lib/callbacks/manager.py:52}}
Apr 27 12:03:39.619953 np0000170474 devstack@neutron-api.service[104661]: DEBUG neutron_lib.callbacks.manager [None req-8dc67a28-6a39-49af-bbb6-587b8af448be None None] Subscribe: > security_group after_create 55550000, False {{(pid=104661) subscribe /opt/stack/data/venv/lib/python3.12/site-packages/neutron_lib/callbacks/manager.py:52}}
Apr 27 12:03:39.619953 np0000170474 devstack@neutron-api.service[104661]: DEBUG neutron_lib.callbacks.manager [None req-8dc67a28-6a39-49af-bbb6-587b8af448be None None] Subscribe: > security_group after_update 55550000, False {{(pid=104661) subscribe /opt/stack/data/venv/lib/python3.12/site-packages/neutron_lib/callbacks/manager.py:52}}
Apr 27 12:03:39.620105 np0000170474 devstack@neutron-api.service[104664]: DEBUG neutron.api.extensions [None req-b62536b4-a674-41f1-907f-7f5572e89cad None None] Ext name="Allow to filter the list of QoS rule types" alias="qos-rule-type-filter" description="Allows to filter the QoS rule type list adding two new flags. "all_rules" prints all implemented QoS rule types."all_supported" prints all supported QoS rule types by the loaded mechanism drivers" updated="2022-02-02T10:00:00-00:00" {{(pid=104664) _check_extension /opt/stack/neutron/neutron/api/extensions.py:415}}
Apr 27 12:03:39.620190 np0000170474 devstack@neutron-api.service[104661]: DEBUG neutron_lib.callbacks.manager [None req-8dc67a28-6a39-49af-bbb6-587b8af448be None None] Subscribe: > security_group after_delete 55550000, False {{(pid=104661) subscribe /opt/stack/data/venv/lib/python3.12/site-packages/neutron_lib/callbacks/manager.py:52}}
Apr 27 12:03:39.620190 np0000170474 devstack@neutron-api.service[104661]: DEBUG neutron_lib.callbacks.manager [None req-8dc67a28-6a39-49af-bbb6-587b8af448be None None] Subscribe: > security_group_rule after_create 55550000, False {{(pid=104661) subscribe /opt/stack/data/venv/lib/python3.12/site-packages/neutron_lib/callbacks/manager.py:52}}
Apr 27 12:03:39.620268 np0000170474 devstack@neutron-api.service[104664]: INFO neutron.api.extensions [None req-b62536b4-a674-41f1-907f-7f5572e89cad None None] Extension qos-rule-type-filter not supported by any of loaded plugins
Apr 27 12:03:39.620321 np0000170474 devstack@neutron-api.service[104661]: DEBUG neutron_lib.callbacks.manager [None req-8dc67a28-6a39-49af-bbb6-587b8af448be None None] Subscribe: > security_group_rule after_update 55550000, False {{(pid=104661) subscribe /opt/stack/data/venv/lib/python3.12/site-packages/neutron_lib/callbacks/manager.py:52}}
Apr 27 12:03:39.620398 np0000170474 devstack@neutron-api.service[104664]: DEBUG neutron.api.extensions [None req-b62536b4-a674-41f1-907f-7f5572e89cad None None] Loading extension file: qos_rules_alias.py {{(pid=104664) _load_all_extensions_from_path /opt/stack/neutron/neutron/api/extensions.py:449}}
Apr 27 12:03:39.620874 np0000170474 devstack@neutron-api.service[104661]: DEBUG neutron_lib.callbacks.manager [None req-8dc67a28-6a39-49af-bbb6-587b8af448be None None] Subscribe: > security_group_rule after_delete 55550000, False {{(pid=104661) subscribe /opt/stack/data/venv/lib/python3.12/site-packages/neutron_lib/callbacks/manager.py:52}}
Apr 27 12:03:39.620874 np0000170474 devstack@neutron-api.service[104661]: DEBUG neutron_lib.callbacks.manager [None req-8dc67a28-6a39-49af-bbb6-587b8af448be None None] Subscribe: > address_group after_create 55550000, False {{(pid=104661) subscribe /opt/stack/data/venv/lib/python3.12/site-packages/neutron_lib/callbacks/manager.py:52}}
Apr 27 12:03:39.621075 np0000170474 devstack@neutron-api.service[104664]: DEBUG neutron.api.extensions [None req-b62536b4-a674-41f1-907f-7f5572e89cad None None] Ext name="Quality of Service rules alias API" alias="qos-rules-alias" description="API to enable GET, PUT and DELETE operations on QoS policy rules without specifying policy ID" updated="2018-10-07T10:00:00-00:00" {{(pid=104664) _check_extension /opt/stack/neutron/neutron/api/extensions.py:415}}
Apr 27 12:03:39.621151 np0000170474 devstack@neutron-api.service[104661]: DEBUG neutron_lib.callbacks.manager [None req-8dc67a28-6a39-49af-bbb6-587b8af448be None None] Subscribe: > address_group after_update 55550000, False {{(pid=104661) subscribe /opt/stack/data/venv/lib/python3.12/site-packages/neutron_lib/callbacks/manager.py:52}}
Apr 27 12:03:39.621151 np0000170474 devstack@neutron-api.service[104661]: DEBUG neutron_lib.callbacks.manager [None req-8dc67a28-6a39-49af-bbb6-587b8af448be None None] Subscribe: > address_group after_delete 55550000, False {{(pid=104661) subscribe /opt/stack/data/venv/lib/python3.12/site-packages/neutron_lib/callbacks/manager.py:52}}
Apr 27 12:03:39.621275 np0000170474 devstack@neutron-api.service[104664]: INFO neutron.api.extensions [None req-b62536b4-a674-41f1-907f-7f5572e89cad None None] Extension qos-rules-alias not supported by any of loaded plugins
Apr 27 12:03:39.621574 np0000170474 devstack@neutron-api.service[104661]: DEBUG neutron.plugins.ml2.ovo_rpc [None req-8dc67a28-6a39-49af-bbb6-587b8af448be None None] ML2 OVO RPC backend initialized. {{(pid=104661) __init__ /opt/stack/neutron/neutron/plugins/ml2/ovo_rpc.py:117}}
Apr 27 12:03:39.621885 np0000170474 devstack@neutron-api.service[104664]: DEBUG neutron.api.extensions [None req-b62536b4-a674-41f1-907f-7f5572e89cad None None] Loading extension file: quota_check_limit.py {{(pid=104664) _load_all_extensions_from_path /opt/stack/neutron/neutron/api/extensions.py:449}}
Apr 27 12:03:39.621885 np0000170474 devstack@neutron-api.service[104664]: DEBUG neutron.api.extensions [None req-b62536b4-a674-41f1-907f-7f5572e89cad None None] Ext name="Quota engine limit check" alias="quota-check-limit" description="Support for checking the resource usage before applying a new quota limit" updated="2021-09-08T16:00:00-00:00" {{(pid=104664) _check_extension /opt/stack/neutron/neutron/api/extensions.py:415}}
Apr 27 12:03:39.621885 np0000170474 devstack@neutron-api.service[104664]: INFO neutron.api.extensions [None req-b62536b4-a674-41f1-907f-7f5572e89cad None None] Loaded extension: quota-check-limit
Apr 27 12:03:39.621885 np0000170474 devstack@neutron-api.service[104664]: DEBUG neutron.api.extensions [None req-b62536b4-a674-41f1-907f-7f5572e89cad None None] Loading extension file: quota_check_limit_default.py {{(pid=104664) _load_all_extensions_from_path /opt/stack/neutron/neutron/api/extensions.py:449}}
Apr 27 12:03:39.622168 np0000170474 devstack@neutron-api.service[104661]: INFO neutron.quota [None req-8dc67a28-6a39-49af-bbb6-587b8af448be None None] Loaded quota_driver: .
Apr 27 12:03:39.622245 np0000170474 devstack@neutron-api.service[104664]: DEBUG neutron.api.extensions [None req-b62536b4-a674-41f1-907f-7f5572e89cad None None] Ext name="Quota engine limit check by default" alias="quota-check-limit-default" description="By default, the Neutron quota engine checks the resource usage before applying a new quota limit" updated="2024-08-21T16:00:00-00:00" {{(pid=104664) _check_extension /opt/stack/neutron/neutron/api/extensions.py:415}}
Apr 27 12:03:39.622282 np0000170474 devstack@neutron-api.service[104661]: INFO neutron.plugins.ml2.plugin [None req-8dc67a28-6a39-49af-bbb6-587b8af448be None None] Modular L2 Plugin initialization complete
Apr 27 12:03:39.622316 np0000170474 devstack@neutron-api.service[104664]: INFO neutron.api.extensions [None req-b62536b4-a674-41f1-907f-7f5572e89cad None None] Loaded extension: quota-check-limit-default
Apr 27 12:03:39.622464 np0000170474 devstack@neutron-api.service[104661]: DEBUG neutron.manager [None req-8dc67a28-6a39-49af-bbb6-587b8af448be None None] Loading services supported by the core plugin {{(pid=104661) _load_services_from_core_plugin /opt/stack/neutron/neutron/manager.py:170}}
Apr 27 12:03:39.622504 np0000170474 devstack@neutron-api.service[104664]: DEBUG neutron.api.extensions [None req-b62536b4-a674-41f1-907f-7f5572e89cad None None] Loading extension file: quotasv2.py {{(pid=104664) _load_all_extensions_from_path /opt/stack/neutron/neutron/api/extensions.py:449}}
Apr 27 12:03:39.622538 np0000170474 devstack@neutron-api.service[104661]: INFO neutron.plugins.ml2.managers [None req-8dc67a28-6a39-49af-bbb6-587b8af448be None None] Got port-security extension from driver 'port_security'
Apr 27 12:03:39.622538 np0000170474 devstack@neutron-api.service[104661]: DEBUG neutron.manager [None req-8dc67a28-6a39-49af-bbb6-587b8af448be None None] Loading service plugins: ['ovn-router', 'auto_allocate', 'tag', 'timestamp', 'network_ip_availability', 'flavors', 'revisions'] {{(pid=104661) _load_service_plugins /opt/stack/neutron/neutron/manager.py:195}}
Apr 27 12:03:39.622538 np0000170474 devstack@neutron-api.service[104661]: INFO neutron.manager [None req-8dc67a28-6a39-49af-bbb6-587b8af448be None None] Loading Plugin: ovn-router
Apr 27 12:03:39.622632 np0000170474 devstack@neutron-api.service[104664]: DEBUG neutron.api.extensions [None req-b62536b4-a674-41f1-907f-7f5572e89cad None None] Ext name="Quota management support" alias="quotas" description="Expose functions for quotas management per project" updated="2012-07-29T10:00:00-00:00" {{(pid=104664) _check_extension /opt/stack/neutron/neutron/api/extensions.py:415}}
Apr 27 12:03:39.622632 np0000170474 devstack@neutron-api.service[104664]: INFO neutron.api.extensions [None req-b62536b4-a674-41f1-907f-7f5572e89cad None None] Loaded extension: quotas
Apr 27 12:03:39.622632 np0000170474 devstack@neutron-api.service[104664]: DEBUG neutron.api.extensions [None req-b62536b4-a674-41f1-907f-7f5572e89cad None None] Loading extension file: quotasv2_detail.py {{(pid=104664) _load_all_extensions_from_path /opt/stack/neutron/neutron/api/extensions.py:449}}
Apr 27 12:03:39.622632 np0000170474 devstack@neutron-api.service[104664]: DEBUG neutron.api.extensions [None req-b62536b4-a674-41f1-907f-7f5572e89cad None None] Ext name="Quota details management support" alias="quota_details" description="Expose functions for quotas usage statistics per project" updated="2017-02-10T10:00:00-00:00" {{(pid=104664) _check_extension /opt/stack/neutron/neutron/api/extensions.py:415}}
Apr 27 12:03:39.622632 np0000170474 devstack@neutron-api.service[104664]: INFO neutron.api.extensions [None req-b62536b4-a674-41f1-907f-7f5572e89cad None None] Loaded extension: quota_details
Apr 27 12:03:39.622632 np0000170474 devstack@neutron-api.service[104664]: DEBUG neutron.api.extensions [None req-b62536b4-a674-41f1-907f-7f5572e89cad None None] Loading extension file: rbac.py {{(pid=104664) _load_all_extensions_from_path /opt/stack/neutron/neutron/api/extensions.py:449}}
Apr 27 12:03:39.623011 np0000170474 devstack@neutron-api.service[104664]: DEBUG neutron.api.extensions [None req-b62536b4-a674-41f1-907f-7f5572e89cad None None] Ext name="RBAC Policies" alias="rbac-policies" description="Allows creation and modification of policies that control project access to resources." updated="2015-06-17T12:15:12-00:00" {{(pid=104664) _check_extension /opt/stack/neutron/neutron/api/extensions.py:415}}
Apr 27 12:03:39.623244 np0000170474 devstack@neutron-api.service[104664]: INFO neutron.api.extensions [None req-b62536b4-a674-41f1-907f-7f5572e89cad None None] Loaded extension: rbac-policies
Apr 27 12:03:39.623360 np0000170474 devstack@neutron-api.service[104664]: DEBUG neutron.api.extensions [None req-b62536b4-a674-41f1-907f-7f5572e89cad None None] Loading extension file: rbac_address_group.py {{(pid=104664) _load_all_extensions_from_path /opt/stack/neutron/neutron/api/extensions.py:449}}
Apr 27 12:03:39.623676 np0000170474 devstack@neutron-api.service[104664]: DEBUG neutron.api.extensions [None req-b62536b4-a674-41f1-907f-7f5572e89cad None None] Ext name="Add address_group type to RBAC" alias="rbac-address-group" description="Add address_group type to network RBAC" updated="2021-01-20T00:00:00-00:00" {{(pid=104664) _check_extension /opt/stack/neutron/neutron/api/extensions.py:415}}
Apr 27 12:03:39.624020 np0000170474 devstack@neutron-api.service[104664]: INFO neutron.api.extensions [None req-b62536b4-a674-41f1-907f-7f5572e89cad None None] Extension rbac-address-group not supported by any of loaded plugins
Apr 27 12:03:39.624155 np0000170474 devstack@neutron-api.service[104664]: DEBUG neutron.api.extensions [None req-b62536b4-a674-41f1-907f-7f5572e89cad None None] Loading extension file: rbac_address_scope.py {{(pid=104664) _load_all_extensions_from_path /opt/stack/neutron/neutron/api/extensions.py:449}}
Apr 27 12:03:39.624469 np0000170474 devstack@neutron-api.service[104664]: DEBUG neutron.api.extensions [None req-b62536b4-a674-41f1-907f-7f5572e89cad None None] Ext name="Add address_scope type to RBAC" alias="rbac-address-scope" description="Add address_scope type to RBAC" updated="2020-02-12T00:00:00-00:00" {{(pid=104664) _check_extension /opt/stack/neutron/neutron/api/extensions.py:415}}
Apr 27 12:03:39.624689 np0000170474 devstack@neutron-api.service[104664]: INFO neutron.api.extensions [None req-b62536b4-a674-41f1-907f-7f5572e89cad None None] Loaded extension: rbac-address-scope
Apr 27 12:03:39.624848 np0000170474 devstack@neutron-api.service[104664]: DEBUG neutron.api.extensions [None req-b62536b4-a674-41f1-907f-7f5572e89cad None None] Loading extension file: rbac_security_groups.py {{(pid=104664) _load_all_extensions_from_path /opt/stack/neutron/neutron/api/extensions.py:449}}
Apr 27 12:03:39.625299 np0000170474 devstack@neutron-api.service[104664]: DEBUG neutron.api.extensions [None req-b62536b4-a674-41f1-907f-7f5572e89cad None None] Ext name="Add security_group type to network RBAC" alias="rbac-security-groups" description="Add security_group type to network RBAC" updated="2019-02-14T00:00:00-00:00" {{(pid=104664) _check_extension /opt/stack/neutron/neutron/api/extensions.py:415}}
Apr 27 12:03:39.625530 np0000170474 devstack@neutron-api.service[104664]: INFO neutron.api.extensions [None req-b62536b4-a674-41f1-907f-7f5572e89cad None None] Loaded extension: rbac-security-groups
Apr 27 12:03:39.625603 np0000170474 devstack@neutron-api.service[104664]: DEBUG neutron.api.extensions [None req-b62536b4-a674-41f1-907f-7f5572e89cad None None] Loading extension file: rbac_subnetpool.py {{(pid=104664) _load_all_extensions_from_path /opt/stack/neutron/neutron/api/extensions.py:449}}
Apr 27 12:03:39.625971 np0000170474 devstack@neutron-api.service[104664]: DEBUG neutron.api.extensions [None req-b62536b4-a674-41f1-907f-7f5572e89cad None None] Ext name="Add subnetpool type to RBAC" alias="rbac-subnetpool" description="Add subnetpool type to RBAC" updated="2020-02-05T00:00:00-00:00" {{(pid=104664) _check_extension /opt/stack/neutron/neutron/api/extensions.py:415}}
Apr 27 12:03:39.626223 np0000170474 devstack@neutron-api.service[104664]: INFO neutron.api.extensions [None req-b62536b4-a674-41f1-907f-7f5572e89cad None None] Extension rbac-subnetpool not supported by any of loaded plugins
Apr 27 12:03:39.626446 np0000170474 devstack@neutron-api.service[104664]: DEBUG neutron.api.extensions [None req-b62536b4-a674-41f1-907f-7f5572e89cad None None] Loading extension file: revisionifmatch.py {{(pid=104664) _load_all_extensions_from_path /opt/stack/neutron/neutron/api/extensions.py:449}}
Apr 27 12:03:39.626780 np0000170474 devstack@neutron-api.service[104664]: DEBUG neutron.api.extensions [None req-b62536b4-a674-41f1-907f-7f5572e89cad None None] Ext name="If-Match constraints based on revision_number" alias="revision-if-match" description="Extension indicating that If-Match based on revision_number is supported." updated="2016-12-11T00:00:00-00:00" {{(pid=104664) _check_extension /opt/stack/neutron/neutron/api/extensions.py:415}}
Apr 27 12:03:39.627074 np0000170474 devstack@neutron-api.service[104664]: INFO neutron.api.extensions [None req-b62536b4-a674-41f1-907f-7f5572e89cad None None] Loaded extension: revision-if-match
Apr 27 12:03:39.627204 np0000170474 devstack@neutron-api.service[104664]: DEBUG neutron.api.extensions [None req-b62536b4-a674-41f1-907f-7f5572e89cad None None] Loading extension file: revisions.py {{(pid=104664) _load_all_extensions_from_path /opt/stack/neutron/neutron/api/extensions.py:449}}
Apr 27 12:03:39.627691 np0000170474 devstack@neutron-api.service[104664]: DEBUG neutron.api.extensions [None req-b62536b4-a674-41f1-907f-7f5572e89cad None None] Ext name="Resource revision numbers" alias="standard-attr-revisions" description="This extension will display the revision number of neutron resources." updated="2016-04-11T10:00:00-00:00" {{(pid=104664) _check_extension /opt/stack/neutron/neutron/api/extensions.py:415}}
Apr 27 12:03:39.627893 np0000170474 devstack@neutron-api.service[104664]: INFO neutron.api.extensions [None req-b62536b4-a674-41f1-907f-7f5572e89cad None None] Loaded extension: standard-attr-revisions
Apr 27 12:03:39.628073 np0000170474 devstack@neutron-api.service[104664]: DEBUG neutron.api.extensions [None req-b62536b4-a674-41f1-907f-7f5572e89cad None None] Loading extension file: router_availability_zone.py {{(pid=104664) _load_all_extensions_from_path /opt/stack/neutron/neutron/api/extensions.py:449}}
Apr 27 12:03:39.628476 np0000170474 devstack@neutron-api.service[104664]: DEBUG neutron.api.extensions [None req-b62536b4-a674-41f1-907f-7f5572e89cad None None] Ext name="Router Availability Zone" alias="router_availability_zone" description="Availability zone support for router." updated="2015-01-01T10:00:00-00:00" {{(pid=104664) _check_extension /opt/stack/neutron/neutron/api/extensions.py:415}}
Apr 27 12:03:39.628797 np0000170474 devstack@neutron-api.service[104664]: INFO neutron.api.extensions [None req-b62536b4-a674-41f1-907f-7f5572e89cad None None] Loaded extension: router_availability_zone
Apr 27 12:03:39.628883 np0000170474 devstack@neutron-api.service[104664]: DEBUG neutron.api.extensions [None req-b62536b4-a674-41f1-907f-7f5572e89cad None None] Loading extension file: router_enable_snat.py {{(pid=104664) _load_all_extensions_from_path /opt/stack/neutron/neutron/api/extensions.py:449}}
Apr 27 12:03:39.629235 np0000170474 devstack@neutron-api.service[104664]: DEBUG neutron.api.extensions [None req-b62536b4-a674-41f1-907f-7f5572e89cad None None] Ext name="Exposes the router "enable_snat" read-only configuration flag" alias="router-enable-snat" description="Exposes the router "enable_snat" read-only configuration flag" updated="2025-09-18T18:00:00-00:00" {{(pid=104664) _check_extension /opt/stack/neutron/neutron/api/extensions.py:415}}
Apr 27 12:03:39.629635 np0000170474 devstack@neutron-api.service[104664]: INFO neutron.api.extensions [None req-b62536b4-a674-41f1-907f-7f5572e89cad None None] Loaded extension: router-enable-snat
Apr 27 12:03:39.629718 np0000170474 devstack@neutron-api.service[104664]: DEBUG neutron.api.extensions [None req-b62536b4-a674-41f1-907f-7f5572e89cad None None] Loading extension file: routerservicetype.py {{(pid=104664) _load_all_extensions_from_path /opt/stack/neutron/neutron/api/extensions.py:449}}
Apr 27 12:03:39.630048 np0000170474 devstack@neutron-api.service[104664]: DEBUG neutron.api.extensions [None req-b62536b4-a674-41f1-907f-7f5572e89cad None None] Ext name="Router Service Type" alias="router-service-type" description="Provides router service type" updated="2013-01-29T00:00:00-00:00" {{(pid=104664) _check_extension /opt/stack/neutron/neutron/api/extensions.py:415}}
Apr 27 12:03:39.630309 np0000170474 devstack@neutron-api.service[104664]: INFO neutron.api.extensions [None req-b62536b4-a674-41f1-907f-7f5572e89cad None None] Extension router-service-type not supported by any of loaded plugins
Apr 27 12:03:39.630489 np0000170474 devstack@neutron-api.service[104664]: DEBUG neutron.api.extensions [None req-b62536b4-a674-41f1-907f-7f5572e89cad None None] Loading extension file: security_groups_default_rules.py {{(pid=104664) _load_all_extensions_from_path /opt/stack/neutron/neutron/api/extensions.py:449}}
Apr 27 12:03:39.631254 np0000170474 devstack@neutron-api.service[104664]: DEBUG neutron.api.extensions [None req-b62536b4-a674-41f1-907f-7f5572e89cad None None] Ext name="Default rules for security groups" alias="security-groups-default-rules" description="Configure set of security group rules used as default rules for every new security group" updated="2022-12-19T10:00:00-00:00" {{(pid=104664) _check_extension /opt/stack/neutron/neutron/api/extensions.py:415}}
Apr 27 12:03:39.631565 np0000170474 devstack@neutron-api.service[104664]: INFO neutron.api.extensions [None req-b62536b4-a674-41f1-907f-7f5572e89cad None None] Loaded extension: security-groups-default-rules
Apr 27 12:03:39.631718 np0000170474 devstack@neutron-api.service[104664]: DEBUG neutron.api.extensions [None req-b62536b4-a674-41f1-907f-7f5572e89cad None None] Loading extension file: security_groups_normalized_cidr.py {{(pid=104664) _load_all_extensions_from_path /opt/stack/neutron/neutron/api/extensions.py:449}}
Apr 27 12:03:39.632109 np0000170474 devstack@neutron-api.service[104664]: DEBUG neutron.api.extensions [None req-b62536b4-a674-41f1-907f-7f5572e89cad None None] Ext name="Normalized CIDR field for security group rules" alias="security-groups-normalized-cidr" description="Add new field with normalized remote_ip_prefix cidr in SG rule" updated="2020-07-28T10:00:00-00:00" {{(pid=104664) _check_extension /opt/stack/neutron/neutron/api/extensions.py:415}}
Apr 27 12:03:39.632457 np0000170474 devstack@neutron-api.service[104664]: INFO neutron.api.extensions [None req-b62536b4-a674-41f1-907f-7f5572e89cad None None] Loaded extension: security-groups-normalized-cidr
Apr 27 12:03:39.632529 np0000170474 devstack@neutron-api.service[104664]: DEBUG neutron.api.extensions [None req-b62536b4-a674-41f1-907f-7f5572e89cad None None] Loading extension file: security_groups_port_filtering.py {{(pid=104664) _load_all_extensions_from_path /opt/stack/neutron/neutron/api/extensions.py:449}}
Apr 27 12:03:39.632863 np0000170474 devstack@neutron-api.service[104664]: DEBUG neutron.api.extensions [None req-b62536b4-a674-41f1-907f-7f5572e89cad None None] Ext name="Port filtering on security groups" alias="port-security-groups-filtering" description="Provides security groups filtering when listing ports" updated="2018-01-09T09:00:00-00:00" {{(pid=104664) _check_extension /opt/stack/neutron/neutron/api/extensions.py:415}}
Apr 27 12:03:39.633095 np0000170474 devstack@neutron-api.service[104664]: INFO neutron.api.extensions [None req-b62536b4-a674-41f1-907f-7f5572e89cad None None] Extension port-security-groups-filtering not supported by any of loaded plugins
Apr 27 12:03:39.633251 np0000170474 devstack@neutron-api.service[104664]: DEBUG neutron.api.extensions [None req-b62536b4-a674-41f1-907f-7f5572e89cad None None] Loading extension file: security_groups_remote_address_group.py {{(pid=104664) _load_all_extensions_from_path /opt/stack/neutron/neutron/api/extensions.py:449}}
Apr 27 12:03:39.633652 np0000170474 devstack@neutron-api.service[104664]: DEBUG neutron.api.extensions [None req-b62536b4-a674-41f1-907f-7f5572e89cad None None] Ext name="Remote address group id field for security group rules" alias="security-groups-remote-address-group" description="Add new field of remote address group id in SG rules" updated="2020-08-25T10:00:00-00:00" {{(pid=104664) _check_extension /opt/stack/neutron/neutron/api/extensions.py:415}}
Apr 27 12:03:39.633908 np0000170474 devstack@neutron-api.service[104664]: INFO neutron.api.extensions [None req-b62536b4-a674-41f1-907f-7f5572e89cad None None] Loaded extension: security-groups-remote-address-group
Apr 27 12:03:39.634041 np0000170474 devstack@neutron-api.service[104664]: DEBUG neutron.api.extensions [None req-b62536b4-a674-41f1-907f-7f5572e89cad None None] Loading extension file: security_groups_rules_belongs_to_default_sg.py {{(pid=104664) _load_all_extensions_from_path /opt/stack/neutron/neutron/api/extensions.py:449}}
Apr 27 12:03:39.634440 np0000170474 devstack@neutron-api.service[104664]: DEBUG neutron.api.extensions [None req-b62536b4-a674-41f1-907f-7f5572e89cad None None] Ext name="Security group rule belongs to the project's default security group" alias="security-groups-rules-belongs-to-default-sg" description="Flag to determine if the security group rule belongs to the project's default security group" updated="2023-05-23T10:00:00-00:00" {{(pid=104664) _check_extension /opt/stack/neutron/neutron/api/extensions.py:415}}
Apr 27 12:03:39.634674 np0000170474 devstack@neutron-api.service[104664]: INFO neutron.api.extensions [None req-b62536b4-a674-41f1-907f-7f5572e89cad None None] Loaded extension: security-groups-rules-belongs-to-default-sg
Apr 27 12:03:39.634824 np0000170474 devstack@neutron-api.service[104664]: DEBUG neutron.api.extensions [None req-b62536b4-a674-41f1-907f-7f5572e89cad None None] Loading extension file: security_groups_shared_filtering.py {{(pid=104664) _load_all_extensions_from_path /opt/stack/neutron/neutron/api/extensions.py:449}}
Apr 27 12:03:39.635179 np0000170474 devstack@neutron-api.service[104664]: DEBUG neutron.api.extensions [None req-b62536b4-a674-41f1-907f-7f5572e89cad None None] Ext name="Security group filtering on the shared field" alias="security-groups-shared-filtering" description="Support filtering security groups on the shared field" updated="2021-10-05T09:00:00-00:00" {{(pid=104664) _check_extension /opt/stack/neutron/neutron/api/extensions.py:415}}
Apr 27 12:03:39.635485 np0000170474 devstack@neutron-api.service[104664]: INFO neutron.api.extensions [None req-b62536b4-a674-41f1-907f-7f5572e89cad None None] Loaded extension: security-groups-shared-filtering
Apr 27 12:03:39.635628 np0000170474 devstack@neutron-api.service[104664]: DEBUG neutron.api.extensions [None req-b62536b4-a674-41f1-907f-7f5572e89cad None None] Loading extension file: securitygroup.py {{(pid=104664) _load_all_extensions_from_path /opt/stack/neutron/neutron/api/extensions.py:449}}
Apr 27 12:03:39.638782 np0000170474 devstack@neutron-api.service[104664]: DEBUG neutron.api.extensions [None req-b62536b4-a674-41f1-907f-7f5572e89cad None None] Ext name="security-group" alias="security-group" description="The security groups extension." updated="2012-10-05T10:00:00-00:00" {{(pid=104664) _check_extension /opt/stack/neutron/neutron/api/extensions.py:415}}
Apr 27 12:03:39.639064 np0000170474 devstack@neutron-api.service[104664]: INFO neutron.api.extensions [None req-b62536b4-a674-41f1-907f-7f5572e89cad None None] Loaded extension: security-group
Apr 27 12:03:39.639179 np0000170474 devstack@neutron-api.service[104664]: DEBUG neutron.api.extensions [None req-b62536b4-a674-41f1-907f-7f5572e89cad None None] Loading extension file: segment.py {{(pid=104664) _load_all_extensions_from_path /opt/stack/neutron/neutron/api/extensions.py:449}}
Apr 27 12:03:39.639260 np0000170474 devstack@neutron-api.service[104661]: DEBUG neutron_lib.callbacks.manager [None req-8dc67a28-6a39-49af-bbb6-587b8af448be None None] Subscribe: > router before_delete 55550000, False {{(pid=104661) subscribe /opt/stack/data/venv/lib/python3.12/site-packages/neutron_lib/callbacks/manager.py:52}}
Apr 27 12:03:39.639459 np0000170474 devstack@neutron-api.service[104661]: DEBUG neutron_lib.callbacks.manager [None req-8dc67a28-6a39-49af-bbb6-587b8af448be None None] Subscribe: port after_update 55550000, False {{(pid=104661) subscribe /opt/stack/data/venv/lib/python3.12/site-packages/neutron_lib/callbacks/manager.py:52}}
Apr 27 12:03:39.639675 np0000170474 devstack@neutron-api.service[104661]: DEBUG neutron_lib.callbacks.manager [None req-8dc67a28-6a39-49af-bbb6-587b8af448be None None] Subscribe: port after_delete 55550000, False {{(pid=104661) subscribe /opt/stack/data/venv/lib/python3.12/site-packages/neutron_lib/callbacks/manager.py:52}}
Apr 27 12:03:39.639732 np0000170474 devstack@neutron-api.service[104664]: DEBUG neutron.api.extensions [None req-b62536b4-a674-41f1-907f-7f5572e89cad None None] Ext name="Segment" alias="segment" description="Segments extension." updated="2016-02-24T17:00:00-00:00" {{(pid=104664) _check_extension /opt/stack/neutron/neutron/api/extensions.py:415}}
Apr 27 12:03:39.639785 np0000170474 devstack@neutron-api.service[104661]: DEBUG neutron_lib.callbacks.manager [None req-8dc67a28-6a39-49af-bbb6-587b8af448be None None] Subscribe: subnet after_update 55550000, False {{(pid=104661) subscribe /opt/stack/data/venv/lib/python3.12/site-packages/neutron_lib/callbacks/manager.py:52}}
Apr 27 12:03:39.639953 np0000170474 devstack@neutron-api.service[104661]: DEBUG neutron_lib.callbacks.manager [None req-8dc67a28-6a39-49af-bbb6-587b8af448be None None] Subscribe: subnetpool_address_scope after_update 55550000, False {{(pid=104661) subscribe /opt/stack/data/venv/lib/python3.12/site-packages/neutron_lib/callbacks/manager.py:52}}
Apr 27 12:03:39.639982 np0000170474 devstack@neutron-api.service[104664]: INFO neutron.api.extensions [None req-b62536b4-a674-41f1-907f-7f5572e89cad None None] Extension segment not supported by any of loaded plugins
Apr 27 12:03:39.640070 np0000170474 devstack@neutron-api.service[104661]: DEBUG neutron_lib.callbacks.manager [None req-8dc67a28-6a39-49af-bbb6-587b8af448be None None] Subscribe: port before_update 55550000, False {{(pid=104661) subscribe /opt/stack/data/venv/lib/python3.12/site-packages/neutron_lib/callbacks/manager.py:52}}
