2026-06-15 20:17:40.645 10 INFO neutron.db.ovn_revision_numbers_db [None req-b9d27bca-08c5-4041-84bb-61b543c62510 5f55fc7ef9514acaabb50906dd2b83da e38efaf1575348c5b2cfa19df40aea0e - - default default] Successfully bumped revision number for resource e3e02464-9b96-4d8a-9073-64506be27669 (type: networks) to 1
2026-06-15 20:17:40.667 9 INFO neutron.db.ovn_revision_numbers_db [None req-86914d21-580b-4721-979e-e4d514223fae - - - - - -] Successfully bumped revision number for resource c577b990-d7e1-43d8-b695-2b402f4fe10e (type: ports) to 2
2026-06-15 20:17:40.731 9 INFO neutron.db.ovn_revision_numbers_db [None req-f1a7a660-4721-40bd-be17-2ecfa20de05f 47b53e8d75ac40f7b6b63c15741ec5ef 107df982e52a4127afbfd6653cb08ed3 - - default default] Successfully bumped revision number for resource c577b990-d7e1-43d8-b695-2b402f4fe10e (type: router_ports) to 2
2026-06-15 20:17:40.733 9 INFO neutron.wsgi [None req-f1a7a660-4721-40bd-be17-2ecfa20de05f 47b53e8d75ac40f7b6b63c15741ec5ef 107df982e52a4127afbfd6653cb08ed3 - - default default] 10.0.0.2 "PUT /v2.0/routers/5a6b6899-3423-4c63-8d3e-ba066beff080/add_router_interface HTTP/1.1" status: 200 len: 503 time: 1.6169212
2026-06-15 20:17:40.778 9 INFO neutron.wsgi [None req-4d1035ea-a4bb-4610-bc8e-210f6205fc2f 47b53e8d75ac40f7b6b63c15741ec5ef 107df982e52a4127afbfd6653cb08ed3 - - default default] 10.0.0.2 "GET /v2.0/ports/c577b990-d7e1-43d8-b695-2b402f4fe10e HTTP/1.1" status: 200 len: 1149 time: 0.0390596
2026-06-15 20:17:40.848 10 WARNING neutron.scheduler.dhcp_agent_scheduler [None req-b9d27bca-08c5-4041-84bb-61b543c62510 5f55fc7ef9514acaabb50906dd2b83da e38efaf1575348c5b2cfa19df40aea0e - - default default] No more DHCP agents
2026-06-15 20:17:40.858 10 WARNING neutron.api.rpc.agentnotifiers.dhcp_rpc_agent_api [None req-b9d27bca-08c5-4041-84bb-61b543c62510 5f55fc7ef9514acaabb50906dd2b83da e38efaf1575348c5b2cfa19df40aea0e - - default default] Unable to schedule network e3e02464-9b96-4d8a-9073-64506be27669: no agents available; will retry on subsequent port and subnet creation events.
2026-06-15 20:17:40.913 10 INFO neutron.wsgi [None req-f8d8113f-78e7-45dd-84ca-a120c75d7132 47b53e8d75ac40f7b6b63c15741ec5ef 107df982e52a4127afbfd6653cb08ed3 - - default default] 10.0.0.2 "GET /v2.0/ports/c577b990-d7e1-43d8-b695-2b402f4fe10e HTTP/1.1" status: 200 len: 1149 time: 0.1286108
2026-06-15 20:17:40.952 10 INFO neutron.db.ovn_revision_numbers_db [None req-b9d27bca-08c5-4041-84bb-61b543c62510 5f55fc7ef9514acaabb50906dd2b83da e38efaf1575348c5b2cfa19df40aea0e - - default default] Successfully bumped revision number for resource 6c3ab6cd-23f5-4222-9bf0-1f4d11f24ba6 (type: ports) to 1
2026-06-15 20:17:40.973 10 INFO neutron.wsgi [None req-b9d27bca-08c5-4041-84bb-61b543c62510 5f55fc7ef9514acaabb50906dd2b83da e38efaf1575348c5b2cfa19df40aea0e - - default default] 10.0.0.2 "POST /v2.0/networks HTTP/1.1" status: 201 len: 844 time: 1.1894774
2026-06-15 20:17:40.982 9 WARNING neutron_lib.context [None req-363b18c7-83f8-49e0-ba29-2fb028b7f1b1 5f55fc7ef9514acaabb50906dd2b83da e38efaf1575348c5b2cfa19df40aea0e - - default default] Method 'is_advsvc' is deprecated since 2023.2 release (neutron-lib 3.8.0) and will be removed once support for the old RBAC API policies will be removed from Neutron. Please use method 'is_service_role' instead.
2026-06-15 20:17:41.570 9 WARNING neutron.scheduler.dhcp_agent_scheduler [None req-363b18c7-83f8-49e0-ba29-2fb028b7f1b1 5f55fc7ef9514acaabb50906dd2b83da e38efaf1575348c5b2cfa19df40aea0e - - default default] No more DHCP agents
2026-06-15 20:17:41.575 9 WARNING neutron.api.rpc.agentnotifiers.dhcp_rpc_agent_api [None req-363b18c7-83f8-49e0-ba29-2fb028b7f1b1 5f55fc7ef9514acaabb50906dd2b83da e38efaf1575348c5b2cfa19df40aea0e - - default default] Unable to schedule network e3e02464-9b96-4d8a-9073-64506be27669: no agents available; will retry on subsequent port and subnet creation events.
2026-06-15 20:17:41.695 9 INFO neutron.db.ovn_revision_numbers_db [None req-363b18c7-83f8-49e0-ba29-2fb028b7f1b1 5f55fc7ef9514acaabb50906dd2b83da e38efaf1575348c5b2cfa19df40aea0e - - default default] Successfully bumped revision number for resource cd9c8389-641c-4d42-9784-4cb6966d79f3 (type: ports) to 1
2026-06-15 20:17:41.715 9 INFO neutron.wsgi [None req-363b18c7-83f8-49e0-ba29-2fb028b7f1b1 5f55fc7ef9514acaabb50906dd2b83da e38efaf1575348c5b2cfa19df40aea0e - - default default] 10.0.0.2 "POST /v2.0/ports HTTP/1.1" status: 201 len: 974 time: 0.7374058
2026-06-15 20:17:41.728 10 WARNING neutron_lib.context [None req-34c4e9c9-6a57-4808-b76d-70935848cc35 5f55fc7ef9514acaabb50906dd2b83da e38efaf1575348c5b2cfa19df40aea0e - - default default] Method 'is_advsvc' is deprecated since 2023.2 release (neutron-lib 3.8.0) and will be removed once support for the old RBAC API policies will be removed from Neutron. Please use method 'is_service_role' instead.
2026-06-15 20:17:41.812 10 INFO neutron.db.segments_db [None req-34c4e9c9-6a57-4808-b76d-70935848cc35 5f55fc7ef9514acaabb50906dd2b83da e38efaf1575348c5b2cfa19df40aea0e - - default default] Added segment aadb9228-4741-4427-970e-56da53414a19 of type geneve for network 68c15e68-9530-4f9b-b19c-bbe31d4ffcb3
2026-06-15 20:17:41.953 9 INFO neutron.wsgi [None req-07d648f4-957e-4c54-9f87-7e2f16658852 47b53e8d75ac40f7b6b63c15741ec5ef 107df982e52a4127afbfd6653cb08ed3 - - default default] 10.0.0.2 "PUT /v2.0/routers/5a6b6899-3423-4c63-8d3e-ba066beff080/remove_router_interface HTTP/1.1" status: 200 len: 503 time: 1.0344079 /var/lib/openstack/lib/python3.10/site-packages/pycadf/identifier.py:71: UserWarning: Invalid uuid: neutron. To ensure interoperability, identifiers should be a valid uuid. warnings.warn(('Invalid uuid: %s. To ensure interoperability, '
2026-06-15 20:17:41.967 10 INFO neutron.db.ovn_revision_numbers_db [None req-34c4e9c9-6a57-4808-b76d-70935848cc35 5f55fc7ef9514acaabb50906dd2b83da e38efaf1575348c5b2cfa19df40aea0e - - default default] Successfully bumped revision number for resource 68c15e68-9530-4f9b-b19c-bbe31d4ffcb3 (type: networks) to 1
2026-06-15 20:17:42.060 9 INFO neutron.wsgi [None req-2e88a1c5-37fe-4604-bb38-deea20fc974a 47b53e8d75ac40f7b6b63c15741ec5ef 107df982e52a4127afbfd6653cb08ed3 - - default default] 10.0.0.2 "GET /v2.0/ports/7559420e-1d14-42f5-af68-9f875762b538 HTTP/1.1" status: 200 len: 1141 time: 0.1015127
2026-06-15 20:17:42.235 10 WARNING neutron.scheduler.dhcp_agent_scheduler [None req-34c4e9c9-6a57-4808-b76d-70935848cc35 5f55fc7ef9514acaabb50906dd2b83da e38efaf1575348c5b2cfa19df40aea0e - - default default] No more DHCP agents
2026-06-15 20:17:42.238 10 WARNING neutron.api.rpc.agentnotifiers.dhcp_rpc_agent_api [None req-34c4e9c9-6a57-4808-b76d-70935848cc35 5f55fc7ef9514acaabb50906dd2b83da e38efaf1575348c5b2cfa19df40aea0e - - default default] Unable to schedule network 68c15e68-9530-4f9b-b19c-bbe31d4ffcb3: no agents available; will retry on subsequent port and subnet creation events.
2026-06-15 20:17:42.350 10 INFO neutron.db.ovn_revision_numbers_db [None req-34c4e9c9-6a57-4808-b76d-70935848cc35 5f55fc7ef9514acaabb50906dd2b83da e38efaf1575348c5b2cfa19df40aea0e - - default default] Successfully bumped revision number for resource 59e2b7a5-8710-47cd-a770-cfbedff48b12 (type: ports) to 1
2026-06-15 20:17:42.401 10 INFO neutron.wsgi [None req-34c4e9c9-6a57-4808-b76d-70935848cc35 5f55fc7ef9514acaabb50906dd2b83da e38efaf1575348c5b2cfa19df40aea0e - - default default] 10.0.0.2 "POST /v2.0/networks HTTP/1.1" status: 201 len: 829 time: 0.6780360
2026-06-15 20:17:42.417 9 WARNING neutron_lib.context [None req-13f0bb2d-2138-4314-a751-dc78f1a51062 5f55fc7ef9514acaabb50906dd2b83da e38efaf1575348c5b2cfa19df40aea0e - - default default] Method 'is_advsvc' is deprecated since 2023.2 release (neutron-lib 3.8.0) and will be removed once support for the old RBAC API policies will be removed from Neutron. Please use method 'is_service_role' instead.
2026-06-15 20:17:42.701 9 WARNING neutron.scheduler.dhcp_agent_scheduler [None req-13f0bb2d-2138-4314-a751-dc78f1a51062 5f55fc7ef9514acaabb50906dd2b83da e38efaf1575348c5b2cfa19df40aea0e - - default default] No more DHCP agents
2026-06-15 20:17:42.704 9 WARNING neutron.api.rpc.agentnotifiers.dhcp_rpc_agent_api [None req-13f0bb2d-2138-4314-a751-dc78f1a51062 5f55fc7ef9514acaabb50906dd2b83da e38efaf1575348c5b2cfa19df40aea0e - - default default] Unable to schedule network 68c15e68-9530-4f9b-b19c-bbe31d4ffcb3: no agents available; will retry on subsequent port and subnet creation events.
2026-06-15 20:17:42.832 10 INFO neutron.wsgi [None req-a8cf9bf8-c215-4545-8b85-f6e7745b835e 47b53e8d75ac40f7b6b63c15741ec5ef 107df982e52a4127afbfd6653cb08ed3 - - default default] 10.0.0.2 "PUT /v2.0/routers/5a6b6899-3423-4c63-8d3e-ba066beff080/remove_router_interface HTTP/1.1" status: 200 len: 503 time: 0.7681971 /var/lib/openstack/lib/python3.10/site-packages/pycadf/identifier.py:71: UserWarning: Invalid uuid: neutron. To ensure interoperability, identifiers should be a valid uuid. warnings.warn(('Invalid uuid: %s. To ensure interoperability, '
2026-06-15 20:17:42.861 10 INFO neutron.wsgi [None req-13d59f04-8d3c-4bcc-b4e1-3b4817139bb2 47b53e8d75ac40f7b6b63c15741ec5ef 107df982e52a4127afbfd6653cb08ed3 - - default default] 10.0.0.2 "GET /v2.0/ports?device_id=5a6b6899-3423-4c63-8d3e-ba066beff080 HTTP/1.1" status: 200 len: 205 time: 0.0251391
2026-06-15 20:17:43.165 10 INFO neutron.wsgi [None req-35b2a9d6-908e-4028-827c-c75a3bf5584f 47b53e8d75ac40f7b6b63c15741ec5ef 107df982e52a4127afbfd6653cb08ed3 - - default default] 10.0.0.2 "DELETE /v2.0/routers/5a6b6899-3423-4c63-8d3e-ba066beff080 HTTP/1.1" status: 204 len: 168 time: 0.2971065
2026-06-15 20:17:43.364 10 INFO neutron.wsgi [None req-b580d7da-3050-40a9-ae9a-a6ed48cec412 47b53e8d75ac40f7b6b63c15741ec5ef 107df982e52a4127afbfd6653cb08ed3 - - default default] 10.0.0.2 "DELETE /v2.0/subnets/338764be-5ee2-4df3-9dcd-36758ef513ad HTTP/1.1" status: 204 len: 168 time: 0.1923862
2026-06-15 20:17:43.381 9 INFO neutron.db.ovn_revision_numbers_db [None req-13f0bb2d-2138-4314-a751-dc78f1a51062 5f55fc7ef9514acaabb50906dd2b83da e38efaf1575348c5b2cfa19df40aea0e - - default default] Successfully bumped revision number for resource 59e2b7a5-8710-47cd-a770-cfbedff48b12 (type: ports) to 2
2026-06-15 20:17:43.420 9 INFO neutron.db.ovn_revision_numbers_db [None req-13f0bb2d-2138-4314-a751-dc78f1a51062 5f55fc7ef9514acaabb50906dd2b83da e38efaf1575348c5b2cfa19df40aea0e - - default default] Successfully bumped revision number for resource f3a6834a-c138-4ecf-a395-b7dcec8bbf8f (type: subnets) to 0
2026-06-15 20:17:43.440 9 INFO neutron.wsgi [None req-13f0bb2d-2138-4314-a751-dc78f1a51062 5f55fc7ef9514acaabb50906dd2b83da e38efaf1575348c5b2cfa19df40aea0e - - default default] 10.0.0.2 "POST /v2.0/subnets HTTP/1.1" status: 201 len: 801 time: 1.0294445
2026-06-15 20:17:43.450 9 WARNING neutron_lib.context [None req-34746f2d-3e19-45ee-ab81-5eeba5c5aefe 5f55fc7ef9514acaabb50906dd2b83da e38efaf1575348c5b2cfa19df40aea0e - - default default] Method 'is_advsvc' is deprecated since 2023.2 release (neutron-lib 3.8.0) and will be removed once support for the old RBAC API policies will be removed from Neutron. Please use method 'is_service_role' instead.
2026-06-15 20:17:43.568 10 INFO neutron.wsgi [None req-b3c523cf-c441-4109-80d3-a324fe1f2df9 47b53e8d75ac40f7b6b63c15741ec5ef 107df982e52a4127afbfd6653cb08ed3 - - default default] 10.0.0.2 "DELETE /v2.0/subnets/0e43c7e8-d298-47c1-bfa2-987c08302545 HTTP/1.1" status: 204 len: 168 time: 0.1970189
2026-06-15 20:17:43.784 9 WARNING neutron.scheduler.dhcp_agent_scheduler [None req-34746f2d-3e19-45ee-ab81-5eeba5c5aefe 5f55fc7ef9514acaabb50906dd2b83da e38efaf1575348c5b2cfa19df40aea0e - - default default] No more DHCP agents
2026-06-15 20:17:43.787 9 WARNING neutron.api.rpc.agentnotifiers.dhcp_rpc_agent_api [None req-34746f2d-3e19-45ee-ab81-5eeba5c5aefe 5f55fc7ef9514acaabb50906dd2b83da e38efaf1575348c5b2cfa19df40aea0e - - default default] Unable to schedule network 68c15e68-9530-4f9b-b19c-bbe31d4ffcb3: no agents available; will retry on subsequent port and subnet creation events.
2026-06-15 20:17:43.920 10 INFO neutron.services.segments.plugin [-] Segment 26e30ea1-def8-4d47-bfa8-49e14b9db4b3 resource provider aggregate not found
2026-06-15 20:17:43.938 10 INFO neutron.services.segments.plugin [-] Segment 26e30ea1-def8-4d47-bfa8-49e14b9db4b3 resource provider aggregate not found
2026-06-15 20:17:43.961 10 INFO neutron.services.segments.plugin [-] Segment 26e30ea1-def8-4d47-bfa8-49e14b9db4b3 resource provider not found; error: Placement Client Error (4xx): {"errors": [{"status": 404, "title": "Not Found", "detail": "The resource could not be found.\n\n No resource provider with uuid 26e30ea1-def8-4d47-bfa8-49e14b9db4b3 found for delete ", "request_id": "req-a8012413-a736-4694-afb7-02461b5ebae9"}]}
2026-06-15 20:17:43.966 9 INFO neutron.db.ovn_revision_numbers_db [None req-34746f2d-3e19-45ee-ab81-5eeba5c5aefe 5f55fc7ef9514acaabb50906dd2b83da e38efaf1575348c5b2cfa19df40aea0e - - default default] Successfully bumped revision number for resource d77fbd3e-0cce-4901-9bc1-d2b57c7cd7e4 (type: ports) to 1
2026-06-15 20:17:43.969 10 INFO neutron.services.segments.plugin [-] Segment 26e30ea1-def8-4d47-bfa8-49e14b9db4b3 resource provider not found; error: Placement Client Error (4xx): {"errors": [{"status": 404, "title": "Not Found", "detail": "The resource could not be found.\n\n No resource provider with uuid 26e30ea1-def8-4d47-bfa8-49e14b9db4b3 found for delete ", "request_id": "req-582cf10d-4017-4156-8f56-436160ac700f"}]}
2026-06-15 20:17:43.991 9 INFO neutron.wsgi [None req-34746f2d-3e19-45ee-ab81-5eeba5c5aefe 5f55fc7ef9514acaabb50906dd2b83da e38efaf1575348c5b2cfa19df40aea0e - - default default] 10.0.0.2 "POST /v2.0/ports HTTP/1.1" status: 201 len: 1153 time: 0.5452158
2026-06-15 20:17:43.995 10 INFO neutron.wsgi [None req-3e34e5b2-937a-4e81-933b-eeaf080c6f3d 47b53e8d75ac40f7b6b63c15741ec5ef 107df982e52a4127afbfd6653cb08ed3 - - default default] 10.0.0.2 "DELETE /v2.0/networks/ac3bd7c4-9da6-490e-b29c-afdab651d5f4 HTTP/1.1" status: 204 len: 168 time: 0.4220283 /var/lib/openstack/lib/python3.10/site-packages/pycadf/identifier.py:71: UserWarning: Invalid uuid: neutron. To ensure interoperability, identifiers should be a valid uuid. warnings.warn(('Invalid uuid: %s. To ensure interoperability, '
2026-06-15 20:17:44.403 10 INFO neutron.wsgi [None req-b9385c37-6f6a-4537-a39e-d7fa343b5188 5f55fc7ef9514acaabb50906dd2b83da e38efaf1575348c5b2cfa19df40aea0e - - default default] 10.0.0.2 "DELETE /v2.0/ports/d77fbd3e-0cce-4901-9bc1-d2b57c7cd7e4 HTTP/1.1" status: 204 len: 168 time: 0.4048505
2026-06-15 20:17:44.414 9 INFO neutron.services.segments.plugin [-] Segment e3455b80-972f-428f-8363-3abb95c1bd73 resource provider aggregate not found
2026-06-15 20:17:44.421 9 INFO neutron.services.segments.plugin [-] Segment e3455b80-972f-428f-8363-3abb95c1bd73 resource provider aggregate not found
2026-06-15 20:17:44.427 10 INFO neutron.pecan_wsgi.hooks.translation [None req-72e412bd-bd6d-47c5-b7f5-04b4e479e6f9 5f55fc7ef9514acaabb50906dd2b83da e38efaf1575348c5b2cfa19df40aea0e - - default default] DELETE failed (client error): The resource could not be found.
2026-06-15 20:17:44.429 10 INFO neutron.wsgi [None req-72e412bd-bd6d-47c5-b7f5-04b4e479e6f9 5f55fc7ef9514acaabb50906dd2b83da e38efaf1575348c5b2cfa19df40aea0e - - default default] 10.0.0.2 "DELETE /v2.0/ports/d77fbd3e-0cce-4901-9bc1-d2b57c7cd7e4 HTTP/1.1" status: 404 len: 333 time: 0.0210712
2026-06-15 20:17:44.432 9 INFO neutron.services.segments.plugin [-] Segment e3455b80-972f-428f-8363-3abb95c1bd73 resource provider not found; error: Placement Client Error (4xx): {"errors": [{"status": 404, "title": "Not Found", "detail": "The resource could not be found.\n\n No resource provider with uuid e3455b80-972f-428f-8363-3abb95c1bd73 found for delete ", "request_id": "req-2c0e2f4a-3d44-4453-86a9-92ad1f950b69"}]}
2026-06-15 20:17:44.445 9 INFO neutron.services.segments.plugin [-] Segment e3455b80-972f-428f-8363-3abb95c1bd73 resource provider not found; error: Placement Client Error (4xx): {"errors": [{"status": 404, "title": "Not Found", "detail": "The resource could not be found.\n\n No resource provider with uuid e3455b80-972f-428f-8363-3abb95c1bd73 found for delete ", "request_id": "req-1759124a-6169-4144-9d1c-9240a584bbc5"}]}
2026-06-15 20:17:44.451 10 INFO neutron.pecan_wsgi.hooks.translation [None req-6651ee6c-1716-4f32-a074-4d97acf6f780 5f55fc7ef9514acaabb50906dd2b83da e38efaf1575348c5b2cfa19df40aea0e - - default default] GET failed (client error): The resource could not be found.
2026-06-15 20:17:44.453 10 INFO neutron.wsgi [None req-6651ee6c-1716-4f32-a074-4d97acf6f780 5f55fc7ef9514acaabb50906dd2b83da e38efaf1575348c5b2cfa19df40aea0e - - default default] 10.0.0.2 "GET /v2.0/ports/d77fbd3e-0cce-4901-9bc1-d2b57c7cd7e4 HTTP/1.1" status: 404 len: 333 time: 0.0199416
2026-06-15 20:17:44.458 9 INFO neutron.wsgi [None req-777f6a03-5d81-4628-a048-f253d38b3122 47b53e8d75ac40f7b6b63c15741ec5ef 107df982e52a4127afbfd6653cb08ed3 - - default default] 10.0.0.2 "DELETE /v2.0/networks/99cb864c-7163-43d0-b798-e59851a06117 HTTP/1.1" status: 204 len: 168 time: 0.4565005
2026-06-15 20:17:44.482 10 WARNING neutron_lib.context [None req-e8a24ef4-ba15-4d70-aa0c-c020d1c36fdb 47b53e8d75ac40f7b6b63c15741ec5ef 107df982e52a4127afbfd6653cb08ed3 - - default default] Method 'is_advsvc' is deprecated since 2023.2 release (neutron-lib 3.8.0) and will be removed once support for the old RBAC API policies will be removed from Neutron. Please use method 'is_service_role' instead.
2026-06-15 20:17:44.588 10 INFO neutron.db.segments_db [None req-e8a24ef4-ba15-4d70-aa0c-c020d1c36fdb 47b53e8d75ac40f7b6b63c15741ec5ef 107df982e52a4127afbfd6653cb08ed3 - - default default] Added segment e7c2b80e-a91e-4ff8-a482-f987d4d6917f of type geneve for network 73bdf98f-623b-4d35-ac03-deea3905c5a1
2026-06-15 20:17:44.654 10 WARNING neutron.plugins.ml2.drivers.ovn.mech_driver.ovsdb.ovn_client [None req-0d1ee76d-1634-4522-9c65-e7b936d81835 - - - - - -] No port found with ID 7559420e-1d14-42f5-af68-9f875762b538: RuntimeError: No port found with ID 7559420e-1d14-42f5-af68-9f875762b538
2026-06-15 20:17:44.814 10 INFO neutron.wsgi [None req-ef178637-3c32-4498-81de-485439fc9bbe 5f55fc7ef9514acaabb50906dd2b83da e38efaf1575348c5b2cfa19df40aea0e - - default default] 10.0.0.2 "DELETE /v2.0/subnets/f3a6834a-c138-4ecf-a395-b7dcec8bbf8f HTTP/1.1" status: 204 len: 168 time: 0.3554499
2026-06-15 20:17:44.824 10 INFO neutron.db.ovn_revision_numbers_db [None req-e8a24ef4-ba15-4d70-aa0c-c020d1c36fdb 47b53e8d75ac40f7b6b63c15741ec5ef 107df982e52a4127afbfd6653cb08ed3 - - default default] Successfully bumped revision number for resource 73bdf98f-623b-4d35-ac03-deea3905c5a1 (type: networks) to 1
2026-06-15 20:17:45.093 10 WARNING neutron.scheduler.dhcp_agent_scheduler [None req-e8a24ef4-ba15-4d70-aa0c-c020d1c36fdb 47b53e8d75ac40f7b6b63c15741ec5ef 107df982e52a4127afbfd6653cb08ed3 - - default default] No more DHCP agents
2026-06-15 20:17:45.095 9 WARNING neutron_lib.context [None req-206b102c-4c04-4138-89bc-8c14be4e47e0 9871d4c43bc84966b4bfa674eadc8392 1e26f27d8d4f45efb13e86136bab773e - - default default] Method 'is_advsvc' is deprecated since 2023.2 release (neutron-lib 3.8.0) and will be removed once support for the old RBAC API policies will be removed from Neutron. Please use method 'is_service_role' instead.
2026-06-15 20:17:45.098 10 WARNING neutron.api.rpc.agentnotifiers.dhcp_rpc_agent_api [None req-e8a24ef4-ba15-4d70-aa0c-c020d1c36fdb 47b53e8d75ac40f7b6b63c15741ec5ef 107df982e52a4127afbfd6653cb08ed3 - - default default] Unable to schedule network 73bdf98f-623b-4d35-ac03-deea3905c5a1: no agents available; will retry on subsequent port and subnet creation events.
2026-06-15 20:17:45.270 9 INFO neutron.db.ovn_revision_numbers_db [None req-206b102c-4c04-4138-89bc-8c14be4e47e0 9871d4c43bc84966b4bfa674eadc8392 1e26f27d8d4f45efb13e86136bab773e - - default default] Successfully bumped revision number for resource 80a064db-586c-4c62-b65c-e70f3fe8007c (type: routers) to 1
2026-06-15 20:17:45.298 9 INFO neutron.wsgi [None req-206b102c-4c04-4138-89bc-8c14be4e47e0 9871d4c43bc84966b4bfa674eadc8392 1e26f27d8d4f45efb13e86136bab773e - - default default] 10.0.0.2 "POST /v2.0/routers HTTP/1.1" status: 201 len: 654 time: 0.3932521
2026-06-15 20:17:45.310 9 WARNING neutron_lib.context [None req-4ebd2275-37cd-4b93-bc16-877297ab18c0 9871d4c43bc84966b4bfa674eadc8392 1e26f27d8d4f45efb13e86136bab773e - - default default] Method 'is_advsvc' is deprecated since 2023.2 release (neutron-lib 3.8.0) and will be removed once support for the old RBAC API policies will be removed from Neutron. Please use method 'is_service_role' instead.
2026-06-15 20:17:45.471 9 INFO neutron.db.ovn_revision_numbers_db [None req-4ebd2275-37cd-4b93-bc16-877297ab18c0 9871d4c43bc84966b4bfa674eadc8392 1e26f27d8d4f45efb13e86136bab773e - - default default] Successfully bumped revision number for resource f1177503-3914-47ab-a7c3-590f35425753 (type: routers) to 1
2026-06-15 20:17:45.483 9 INFO neutron.wsgi [None req-4ebd2275-37cd-4b93-bc16-877297ab18c0 9871d4c43bc84966b4bfa674eadc8392 1e26f27d8d4f45efb13e86136bab773e - - default default] 10.0.0.2 "POST /v2.0/routers HTTP/1.1" status: 201 len: 654 time: 0.1774557
2026-06-15 20:17:45.494 9 WARNING neutron_lib.context [None req-284d8e3e-0812-43d5-b152-c4a1ec33611e 9871d4c43bc84966b4bfa674eadc8392 1e26f27d8d4f45efb13e86136bab773e - - default default] Method 'is_advsvc' is deprecated since 2023.2 release (neutron-lib 3.8.0) and will be removed once support for the old RBAC API policies will be removed from Neutron. Please use method 'is_service_role' instead.
2026-06-15 20:17:45.605 10 INFO neutron.db.ovn_revision_numbers_db [None req-e8a24ef4-ba15-4d70-aa0c-c020d1c36fdb 47b53e8d75ac40f7b6b63c15741ec5ef 107df982e52a4127afbfd6653cb08ed3 - - default default] Successfully bumped revision number for resource f24a0d07-41a1-4c4c-81d3-7f1cc081201e (type: ports) to 1
2026-06-15 20:17:45.657 10 INFO neutron.wsgi [None req-e8a24ef4-ba15-4d70-aa0c-c020d1c36fdb 47b53e8d75ac40f7b6b63c15741ec5ef 107df982e52a4127afbfd6653cb08ed3 - - default default] 10.0.0.2 "POST /v2.0/networks HTTP/1.1" status: 201 len: 832 time: 1.1897295
2026-06-15 20:17:45.672 10 WARNING neutron_lib.context [None req-7635c80a-bf35-48fa-aef7-49b49a64a7cb 47b53e8d75ac40f7b6b63c15741ec5ef 107df982e52a4127afbfd6653cb08ed3 - - default default] Method 'is_advsvc' is deprecated since 2023.2 release (neutron-lib 3.8.0) and will be removed once support for the old RBAC API policies will be removed from Neutron. Please use method 'is_service_role' instead.
2026-06-15 20:17:45.674 9 INFO neutron.db.ovn_revision_numbers_db [None req-284d8e3e-0812-43d5-b152-c4a1ec33611e 9871d4c43bc84966b4bfa674eadc8392 1e26f27d8d4f45efb13e86136bab773e - - default default] Successfully bumped revision number for resource adf19780-aff4-45e8-bef9-941300d5d806 (type: routers) to 1
2026-06-15 20:17:45.690 9 INFO neutron.wsgi [None req-284d8e3e-0812-43d5-b152-c4a1ec33611e 9871d4c43bc84966b4bfa674eadc8392 1e26f27d8d4f45efb13e86136bab773e - - default default] 10.0.0.2 "POST /v2.0/routers HTTP/1.1" status: 201 len: 654 time: 0.2012677
2026-06-15 20:17:45.699 10 INFO neutron.wsgi [None req-d4a06941-c944-487b-b9f3-d516a3b90e87 5f55fc7ef9514acaabb50906dd2b83da e38efaf1575348c5b2cfa19df40aea0e - - default default] 10.0.0.2 "DELETE /v2.0/networks/68c15e68-9530-4f9b-b19c-bbe31d4ffcb3 HTTP/1.1" status: 204 len: 168 time: 0.8804984
2026-06-15 20:17:45.701 9 WARNING neutron_lib.context [None req-a7b7511b-e411-49c9-9b5e-27ed341f044c 9871d4c43bc84966b4bfa674eadc8392 1e26f27d8d4f45efb13e86136bab773e - - default default] Method 'is_advsvc' is deprecated since 2023.2 release (neutron-lib 3.8.0) and will be removed once support for the old RBAC API policies will be removed from Neutron. Please use method 'is_service_role' instead.
2026-06-15 20:17:45.711 9 WARNING neutron_lib.context [None req-38f17090-6575-45f7-8fa0-2db1debd2d2c 5f55fc7ef9514acaabb50906dd2b83da e38efaf1575348c5b2cfa19df40aea0e - - default default] Method 'is_advsvc' is deprecated since 2023.2 release (neutron-lib 3.8.0) and will be removed once support for the old RBAC API policies will be removed from Neutron. Please use method 'is_service_role' instead.
2026-06-15 20:17:45.858 9 INFO neutron.db.segments_db [None req-38f17090-6575-45f7-8fa0-2db1debd2d2c 5f55fc7ef9514acaabb50906dd2b83da e38efaf1575348c5b2cfa19df40aea0e - - default default] Added segment bb8e1890-25b3-45ad-9c0c-7b4ef9221e5a of type geneve for network c06eb07a-ce89-4431-b2f4-23d0f35e4684
2026-06-15 20:17:45.863 9 INFO neutron.db.ovn_revision_numbers_db [None req-a7b7511b-e411-49c9-9b5e-27ed341f044c 9871d4c43bc84966b4bfa674eadc8392 1e26f27d8d4f45efb13e86136bab773e - - default default] Successfully bumped revision number for resource 4eaa4272-cca4-468f-a99a-e2fe05a0c1aa (type: routers) to 1
2026-06-15 20:17:45.886 9 INFO neutron.wsgi [None req-a7b7511b-e411-49c9-9b5e-27ed341f044c 9871d4c43bc84966b4bfa674eadc8392 1e26f27d8d4f45efb13e86136bab773e - - default default] 10.0.0.2 "POST /v2.0/routers HTTP/1.1" status: 201 len: 654 time: 0.1899343
2026-06-15 20:17:45.895 10 WARNING neutron_lib.context [None req-ae32f495-5d83-4285-869c-85572b296ac1 9871d4c43bc84966b4bfa674eadc8392 1e26f27d8d4f45efb13e86136bab773e - - default default] Method 'is_advsvc' is deprecated since 2023.2 release (neutron-lib 3.8.0) and will be removed once support for the old RBAC API policies will be removed from Neutron. Please use method 'is_service_role' instead.
2026-06-15 20:17:45.987 10 INFO neutron.services.segments.plugin [-] Segment aadb9228-4741-4427-970e-56da53414a19 resource provider aggregate not found
2026-06-15 20:17:45.988 9 WARNING neutron.plugins.ml2.drivers.ovn.mech_driver.ovsdb.ovn_client [None req-86914d21-580b-4721-979e-e4d514223fae - - - - - -] No port found with ID c577b990-d7e1-43d8-b695-2b402f4fe10e: RuntimeError: No port found with ID c577b990-d7e1-43d8-b695-2b402f4fe10e
2026-06-15 20:17:45.995 10 INFO neutron.services.segments.plugin [-] Segment aadb9228-4741-4427-970e-56da53414a19 resource provider aggregate not found
2026-06-15 20:17:46.009 10 INFO neutron.services.segments.plugin [-] Segment aadb9228-4741-4427-970e-56da53414a19 resource provider not found; error: Placement Client Error (4xx): {"errors": [{"status": 404, "title": "Not Found", "detail": "The resource could not be found.\n\n No resource provider with uuid aadb9228-4741-4427-970e-56da53414a19 found for delete ", "request_id": "req-f8cacb2a-33d2-4cde-924d-e9de7d975e9e"}]}
2026-06-15 20:17:46.018 9 INFO neutron.db.ovn_revision_numbers_db [None req-38f17090-6575-45f7-8fa0-2db1debd2d2c 5f55fc7ef9514acaabb50906dd2b83da e38efaf1575348c5b2cfa19df40aea0e - - default default] Successfully bumped revision number for resource c06eb07a-ce89-4431-b2f4-23d0f35e4684 (type: networks) to 1
2026-06-15 20:17:46.021 10 INFO neutron.services.segments.plugin [-] Segment aadb9228-4741-4427-970e-56da53414a19 resource provider not found; error: Placement Client Error (4xx): {"errors": [{"status": 404, "title": "Not Found", "detail": "The resource could not be found.\n\n No resource provider with uuid aadb9228-4741-4427-970e-56da53414a19 found for delete ", "request_id": "req-6e1f573e-e4d1-4f12-aa8e-9b5ed1aed15c"}]}
2026-06-15 20:17:46.023 10 WARNING neutron.scheduler.dhcp_agent_scheduler [None req-7635c80a-bf35-48fa-aef7-49b49a64a7cb 47b53e8d75ac40f7b6b63c15741ec5ef 107df982e52a4127afbfd6653cb08ed3 - - default default] No more DHCP agents
2026-06-15 20:17:46.043 10 WARNING neutron.api.rpc.agentnotifiers.dhcp_rpc_agent_api [None req-7635c80a-bf35-48fa-aef7-49b49a64a7cb 47b53e8d75ac40f7b6b63c15741ec5ef 107df982e52a4127afbfd6653cb08ed3 - - default default] Unable to schedule network 73bdf98f-623b-4d35-ac03-deea3905c5a1: no agents available; will retry on subsequent port and subnet creation events.
2026-06-15 20:17:46.117 10 INFO neutron.db.ovn_revision_numbers_db [None req-7635c80a-bf35-48fa-aef7-49b49a64a7cb 47b53e8d75ac40f7b6b63c15741ec5ef 107df982e52a4127afbfd6653cb08ed3 - - default default] Successfully bumped revision number for resource 171b12dd-92cb-4f24-8294-5c54751ce5e0 (type: subnets) to 0
2026-06-15 20:17:46.134 10 INFO neutron.db.ovn_revision_numbers_db [None req-ae32f495-5d83-4285-869c-85572b296ac1 9871d4c43bc84966b4bfa674eadc8392 1e26f27d8d4f45efb13e86136bab773e - - default default] Successfully bumped revision number for resource fa2f06cb-b364-4ef8-ad2c-27ad6806b632 (type: routers) to 1
2026-06-15 20:17:46.139 10 INFO neutron.wsgi [None req-7635c80a-bf35-48fa-aef7-49b49a64a7cb 47b53e8d75ac40f7b6b63c15741ec5ef 107df982e52a4127afbfd6653cb08ed3 - - default default] 10.0.0.2 "POST /v2.0/subnets HTTP/1.1" status: 201 len: 821 time: 0.4734895
2026-06-15 20:17:46.153 10 INFO neutron.wsgi [None req-ae32f495-5d83-4285-869c-85572b296ac1 9871d4c43bc84966b4bfa674eadc8392 1e26f27d8d4f45efb13e86136bab773e - - default default] 10.0.0.2 "POST /v2.0/routers HTTP/1.1" status: 201 len: 654 time: 0.2624691
2026-06-15 20:17:46.159 9 WARNING neutron_lib.context [None req-3eb286ac-8c55-429d-b357-c31ea70f6ea7 47b53e8d75ac40f7b6b63c15741ec5ef 107df982e52a4127afbfd6653cb08ed3 - - default default] Method 'is_advsvc' is deprecated since 2023.2 release (neutron-lib 3.8.0) and will be removed once support for the old RBAC API policies will be removed from Neutron. Please use method 'is_service_role' instead.
2026-06-15 20:17:46.181 10 INFO neutron.wsgi [-] 10.0.0.12 "GET / HTTP/1.1" status: 200 len: 246 time: 0.0018647
2026-06-15 20:17:46.182 10 INFO neutron.wsgi [-] 10.0.0.12 "GET / HTTP/1.1" status: 200 len: 246 time: 0.0009379
2026-06-15 20:17:46.246 10 INFO neutron.wsgi [None req-aa98be86-19d8-491f-8f16-3f88a9970032 9871d4c43bc84966b4bfa674eadc8392 1e26f27d8d4f45efb13e86136bab773e - - default default] 10.0.0.2 "PUT /v2.0/routers/80a064db-586c-4c62-b65c-e70f3fe8007c/tags HTTP/1.1" status: 200 len: 210 time: 0.0807047
2026-06-15 20:17:46.302 9 WARNING neutron.scheduler.dhcp_agent_scheduler [None req-38f17090-6575-45f7-8fa0-2db1debd2d2c 5f55fc7ef9514acaabb50906dd2b83da e38efaf1575348c5b2cfa19df40aea0e - - default default] No more DHCP agents
2026-06-15 20:17:46.308 9 WARNING neutron.api.rpc.agentnotifiers.dhcp_rpc_agent_api [None req-38f17090-6575-45f7-8fa0-2db1debd2d2c 5f55fc7ef9514acaabb50906dd2b83da e38efaf1575348c5b2cfa19df40aea0e - - default default] Unable to schedule network c06eb07a-ce89-4431-b2f4-23d0f35e4684: no agents available; will retry on subsequent port and subnet creation events.
2026-06-15 20:17:46.317 10 INFO neutron.wsgi [None req-fd1e6e98-a7dc-40c5-97be-50d2a4171fc1 9871d4c43bc84966b4bfa674eadc8392 1e26f27d8d4f45efb13e86136bab773e - - default default] 10.0.0.2 "PUT /v2.0/routers/f1177503-3914-47ab-a7c3-590f35425753/tags HTTP/1.1" status: 200 len: 218 time: 0.0644407
2026-06-15 20:17:46.418 10 INFO neutron.wsgi [None req-7c7d9db9-b60e-416d-97b8-45a3a9ba36d7 9871d4c43bc84966b4bfa674eadc8392 1e26f27d8d4f45efb13e86136bab773e - - default default] 10.0.0.2 "PUT /v2.0/routers/adf19780-aff4-45e8-bef9-941300d5d806/tags HTTP/1.1" status: 200 len: 227 time: 0.0880406
2026-06-15 20:17:46.515 10 INFO neutron.wsgi [None req-81d7a5a3-18aa-4347-9411-7116884324bb 9871d4c43bc84966b4bfa674eadc8392 1e26f27d8d4f45efb13e86136bab773e - - default default] 10.0.0.2 "PUT /v2.0/routers/4eaa4272-cca4-468f-a99a-e2fe05a0c1aa/tags HTTP/1.1" status: 200 len: 212 time: 0.0919111
2026-06-15 20:17:46.610 10 INFO neutron.wsgi [None req-fcf04abd-791a-4cdd-81c6-eb3f57867b2a 9871d4c43bc84966b4bfa674eadc8392 1e26f27d8d4f45efb13e86136bab773e - - default default] 10.0.0.2 "GET /v2.0/routers?tags=red HTTP/1.1" status: 200 len: 1601 time: 0.0888975
2026-06-15 20:17:46.669 9 INFO neutron.db.ovn_revision_numbers_db [None req-3eb286ac-8c55-429d-b357-c31ea70f6ea7 47b53e8d75ac40f7b6b63c15741ec5ef 107df982e52a4127afbfd6653cb08ed3 - - default default] Successfully bumped revision number for resource d9098da7-7a8c-40d0-81c4-ce51fd479856 (type: routers) to 1
2026-06-15 20:17:46.690 9 INFO neutron.wsgi [None req-3eb286ac-8c55-429d-b357-c31ea70f6ea7 47b53e8d75ac40f7b6b63c15741ec5ef 107df982e52a4127afbfd6653cb08ed3 - - default default] 10.0.0.2 "POST /v2.0/routers HTTP/1.1" status: 201 len: 691 time: 0.5377972
2026-06-15 20:17:46.696 10 INFO neutron.wsgi [None req-c811b0e3-ee21-4cdb-a847-25dfe69b6601 9871d4c43bc84966b4bfa674eadc8392 1e26f27d8d4f45efb13e86136bab773e - - default default] 10.0.0.2 "GET /v2.0/routers?tags=red%2Cblue HTTP/1.1" status: 200 len: 1144 time: 0.0811572
2026-06-15 20:17:46.700 9 WARNING neutron_lib.context [None req-661d9f3e-ee30-46a9-bed3-eae2928da31f 47b53e8d75ac40f7b6b63c15741ec5ef 107df982e52a4127afbfd6653cb08ed3 - - default default] Method 'is_advsvc' is deprecated since 2023.2 release (neutron-lib 3.8.0) and will be removed once support for the old RBAC API policies will be removed from Neutron. Please use method 'is_service_role' instead.
2026-06-15 20:17:46.704 9 INFO neutron.db.ovn_revision_numbers_db [None req-38f17090-6575-45f7-8fa0-2db1debd2d2c 5f55fc7ef9514acaabb50906dd2b83da e38efaf1575348c5b2cfa19df40aea0e - - default default] Successfully bumped revision number for resource 94cbae2f-0d8b-43d8-9e25-6582891462cb (type: ports) to 1
2026-06-15 20:17:46.743 9 INFO neutron.wsgi [None req-38f17090-6575-45f7-8fa0-2db1debd2d2c 5f55fc7ef9514acaabb50906dd2b83da e38efaf1575348c5b2cfa19df40aea0e - - default default] 10.0.0.2 "POST /v2.0/networks HTTP/1.1" status: 201 len: 830 time: 1.0371785
2026-06-15 20:17:46.759 9 WARNING neutron_lib.context [None req-0eb26095-bda8-4fd4-9d0a-64b8fbebebfc 5f55fc7ef9514acaabb50906dd2b83da e38efaf1575348c5b2cfa19df40aea0e - - default default] Method 'is_advsvc' is deprecated since 2023.2 release (neutron-lib 3.8.0) and will be removed once support for the old RBAC API policies will be removed from Neutron. Please use method 'is_service_role' instead.
2026-06-15 20:17:46.762 10 INFO neutron.wsgi [None req-74d1e91a-f257-4871-ae09-abe0d5eacf62 9871d4c43bc84966b4bfa674eadc8392 1e26f27d8d4f45efb13e86136bab773e - - default default] 10.0.0.2 "GET /v2.0/routers?tags-any=blue HTTP/1.1" status: 200 len: 1144 time: 0.0614936
2026-06-15 20:17:46.834 10 INFO neutron.wsgi [None req-41bf99b0-ffde-4955-a1cd-4427b478680e 9871d4c43bc84966b4bfa674eadc8392 1e26f27d8d4f45efb13e86136bab773e - - default default] 10.0.0.2 "GET /v2.0/routers?tags-any=red%2Cblue HTTP/1.1" status: 200 len: 1601 time: 0.0669987
2026-06-15 20:17:46.912 10 INFO neutron.wsgi [None req-54b52399-e0eb-416a-8cee-fa108893fc2a 9871d4c43bc84966b4bfa674eadc8392 1e26f27d8d4f45efb13e86136bab773e - - default default] 10.0.0.2 "GET /v2.0/routers?not-tags=red HTTP/1.1" status: 200 len: 1116 time: 0.0704048
2026-06-15 20:17:47.012 10 INFO neutron.wsgi [None req-053c3c70-1136-43ea-a308-5990dfbc135d 9871d4c43bc84966b4bfa674eadc8392 1e26f27d8d4f45efb13e86136bab773e - - default default] 10.0.0.2 "GET /v2.0/routers?not-tags=red%2Cblue HTTP/1.1" status: 200 len: 1573 time: 0.0945065
2026-06-15 20:17:47.091 9 WARNING neutron.scheduler.dhcp_agent_scheduler [None req-0eb26095-bda8-4fd4-9d0a-64b8fbebebfc 5f55fc7ef9514acaabb50906dd2b83da e38efaf1575348c5b2cfa19df40aea0e - - default default] No more DHCP agents
2026-06-15 20:17:47.098 9 WARNING neutron.api.rpc.agentnotifiers.dhcp_rpc_agent_api [None req-0eb26095-bda8-4fd4-9d0a-64b8fbebebfc 5f55fc7ef9514acaabb50906dd2b83da e38efaf1575348c5b2cfa19df40aea0e - - default default] Unable to schedule network c06eb07a-ce89-4431-b2f4-23d0f35e4684: no agents available; will retry on subsequent port and subnet creation events.
2026-06-15 20:17:47.122 10 INFO neutron.wsgi [None req-93eb9403-4e26-4281-b87b-76096341e324 9871d4c43bc84966b4bfa674eadc8392 1e26f27d8d4f45efb13e86136bab773e - - default default] 10.0.0.2 "GET /v2.0/routers?not-tags-any=blue HTTP/1.1" status: 200 len: 1573 time: 0.1043825
2026-06-15 20:17:47.178 9 WARNING neutron.scheduler.dhcp_agent_scheduler [None req-661d9f3e-ee30-46a9-bed3-eae2928da31f 47b53e8d75ac40f7b6b63c15741ec5ef 107df982e52a4127afbfd6653cb08ed3 - - default default] No more DHCP agents
2026-06-15 20:17:47.185 9 WARNING neutron.api.rpc.agentnotifiers.dhcp_rpc_agent_api [None req-661d9f3e-ee30-46a9-bed3-eae2928da31f 47b53e8d75ac40f7b6b63c15741ec5ef 107df982e52a4127afbfd6653cb08ed3 - - default default] Unable to schedule network 73bdf98f-623b-4d35-ac03-deea3905c5a1: no agents available; will retry on subsequent port and subnet creation events.
2026-06-15 20:17:47.217 10 INFO neutron.wsgi [None req-9af01592-c0e8-433b-952f-8d4739ede082 9871d4c43bc84966b4bfa674eadc8392 1e26f27d8d4f45efb13e86136bab773e - - default default] 10.0.0.2 "GET /v2.0/routers?not-tags-any=red%2Cblue HTTP/1.1" status: 200 len: 1116 time: 0.0849621
2026-06-15 20:17:47.348 9 INFO neutron.db.ovn_revision_numbers_db [None req-661d9f3e-ee30-46a9-bed3-eae2928da31f 47b53e8d75ac40f7b6b63c15741ec5ef 107df982e52a4127afbfd6653cb08ed3 - - default default] Successfully bumped revision number for resource d48b3dff-d33d-4224-a6c9-d8882944abbf (type: ports) to 1
2026-06-15 20:17:47.376 9 INFO neutron.wsgi [None req-661d9f3e-ee30-46a9-bed3-eae2928da31f 47b53e8d75ac40f7b6b63c15741ec5ef 107df982e52a4127afbfd6653cb08ed3 - - default default] 10.0.0.2 "POST /v2.0/ports HTTP/1.1" status: 201 len: 1163 time: 0.6797264 /var/lib/openstack/lib/python3.10/site-packages/pycadf/identifier.py:71: UserWarning: Invalid uuid: neutron. To ensure interoperability, identifiers should be a valid uuid. warnings.warn(('Invalid uuid: %s. To ensure interoperability, '
2026-06-15 20:17:47.553 10 INFO neutron.wsgi [None req-3808cebc-51d2-4cc3-900d-05b165807b33 9871d4c43bc84966b4bfa674eadc8392 1e26f27d8d4f45efb13e86136bab773e - - default default] 10.0.0.2 "GET /v2.0/routers/80a064db-586c-4c62-b65c-e70f3fe8007c HTTP/1.1" status: 200 len: 660 time: 0.3274655
2026-06-15 20:17:47.646 9 INFO neutron.db.ovn_revision_numbers_db [None req-9b97bfca-4381-4846-9b8d-d9c3420f1b3e c5566c77d8554827b04219e520158dcc ff953eb8fa8744029a526014db8e6272 - - default default] Successfully bumped revision number for resource 220171c5-9839-4c0f-9589-851fc61606cf (type: security_groups) to 1
2026-06-15 20:17:47.674 9 INFO neutron.db.ovn_revision_numbers_db [None req-9b97bfca-4381-4846-9b8d-d9c3420f1b3e c5566c77d8554827b04219e520158dcc ff953eb8fa8744029a526014db8e6272 - - default default] Successfully bumped revision number for resource 37e98e91-41f9-4e95-ba1e-6bbd73aace4f (type: security_group_rules) to 0
2026-06-15 20:17:47.707 9 INFO neutron.db.ovn_revision_numbers_db [None req-9b97bfca-4381-4846-9b8d-d9c3420f1b3e c5566c77d8554827b04219e520158dcc ff953eb8fa8744029a526014db8e6272 - - default default] Successfully bumped revision number for resource 4845d0ce-3709-4a3c-abe2-8242628f8106 (type: security_group_rules) to 0
2026-06-15 20:17:47.752 9 INFO neutron.db.ovn_revision_numbers_db [None req-9b97bfca-4381-4846-9b8d-d9c3420f1b3e c5566c77d8554827b04219e520158dcc ff953eb8fa8744029a526014db8e6272 - - default default] Successfully bumped revision number for resource 4fc899d8-57c7-4e37-a3f4-ca102cc9a4d7 (type: security_group_rules) to 0
2026-06-15 20:17:47.787 9 INFO neutron.db.ovn_revision_numbers_db [None req-9b97bfca-4381-4846-9b8d-d9c3420f1b3e c5566c77d8554827b04219e520158dcc ff953eb8fa8744029a526014db8e6272 - - default default] Successfully bumped revision number for resource d9169b1f-1e53-44c6-b39c-db4de5ca5b1e (type: security_group_rules) to 0
2026-06-15 20:17:47.833 9 INFO neutron.wsgi [None req-9b97bfca-4381-4846-9b8d-d9c3420f1b3e c5566c77d8554827b04219e520158dcc ff953eb8fa8744029a526014db8e6272 - - default default] 10.0.0.2 "GET /v2.0/security-groups?tenant_id=c3334e1741ce408485d6e1bc62e3c757&name=default HTTP/1.1" status: 200 len: 2996 time: 0.5795152
2026-06-15 20:17:47.922 10 INFO neutron.plugins.ml2.drivers.ovn.mech_driver.mech_driver [None req-0d1ee76d-1634-4522-9c65-e7b936d81835 - - - - - -] OVN reports status up for port: d48b3dff-d33d-4224-a6c9-d8882944abbf
2026-06-15 20:17:47.943 9 INFO neutron.db.ovn_revision_numbers_db [None req-0eb26095-bda8-4fd4-9d0a-64b8fbebebfc 5f55fc7ef9514acaabb50906dd2b83da e38efaf1575348c5b2cfa19df40aea0e - - default default] Successfully bumped revision number for resource 94cbae2f-0d8b-43d8-9e25-6582891462cb (type: ports) to 2
2026-06-15 20:17:47.950 10 INFO neutron.plugins.ml2.plugin [None req-0d1ee76d-1634-4522-9c65-e7b936d81835 - - - - - -] Attempt 1 to provision port d48b3dff-d33d-4224-a6c9-d8882944abbf
2026-06-15 20:17:47.963 9 INFO neutron.db.ovn_revision_numbers_db [None req-7a83fc95-f4cf-4711-af07-700c6b26b063 47b53e8d75ac40f7b6b63c15741ec5ef 107df982e52a4127afbfd6653cb08ed3 - - default default] Successfully bumped revision number for resource d48b3dff-d33d-4224-a6c9-d8882944abbf (type: router_ports) to 2
2026-06-15 20:17:47.993 9 INFO neutron.db.ovn_revision_numbers_db [None req-0eb26095-bda8-4fd4-9d0a-64b8fbebebfc 5f55fc7ef9514acaabb50906dd2b83da e38efaf1575348c5b2cfa19df40aea0e - - default default] Successfully bumped revision number for resource d07bce1b-1fd9-4abe-901c-9dc84a91227c (type: subnets) to 0
2026-06-15 20:17:48.018 9 INFO neutron.wsgi [None req-0eb26095-bda8-4fd4-9d0a-64b8fbebebfc 5f55fc7ef9514acaabb50906dd2b83da e38efaf1575348c5b2cfa19df40aea0e - - default default] 10.0.0.2 "POST /v2.0/subnets HTTP/1.1" status: 201 len: 801 time: 1.2633371 /var/lib/openstack/lib/python3.10/site-packages/pycadf/identifier.py:71: UserWarning: Invalid uuid: neutron. To ensure interoperability, identifiers should be a valid uuid. warnings.warn(('Invalid uuid: %s. To ensure interoperability, '
2026-06-15 20:17:48.027 9 WARNING neutron_lib.context [None req-51a88373-5a92-494e-a7c9-c2ff8e759a25 5f55fc7ef9514acaabb50906dd2b83da e38efaf1575348c5b2cfa19df40aea0e - - default default] Method 'is_advsvc' is deprecated since 2023.2 release (neutron-lib 3.8.0) and will be removed once support for the old RBAC API policies will be removed from Neutron. Please use method 'is_service_role' instead.
2026-06-15 20:17:48.099 10 INFO neutron.db.ovn_revision_numbers_db [None req-a20e3b86-6968-4dea-8fee-5c581bc885c9 9871d4c43bc84966b4bfa674eadc8392 1e26f27d8d4f45efb13e86136bab773e - - default default] Successfully bumped revision number for resource 80a064db-586c-4c62-b65c-e70f3fe8007c (type: routers) to 2
2026-06-15 20:17:48.103 10 INFO neutron.wsgi [None req-a20e3b86-6968-4dea-8fee-5c581bc885c9 9871d4c43bc84966b4bfa674eadc8392 1e26f27d8d4f45efb13e86136bab773e - - default default] 10.0.0.2 "PUT /v2.0/routers/80a064db-586c-4c62-b65c-e70f3fe8007c HTTP/1.1" status: 200 len: 660 time: 0.5436203
2026-06-15 20:17:48.143 10 INFO neutron.wsgi [None req-9851d870-43d5-4d5a-bb7d-2eb0cc50460b 9871d4c43bc84966b4bfa674eadc8392 1e26f27d8d4f45efb13e86136bab773e - - default default] 10.0.0.2 "GET /v2.0/ports?device_id=80a064db-586c-4c62-b65c-e70f3fe8007c HTTP/1.1" status: 200 len: 205 time: 0.0347900
2026-06-15 20:17:48.205 9 INFO neutron.db.ovn_revision_numbers_db [None req-7a83fc95-f4cf-4711-af07-700c6b26b063 47b53e8d75ac40f7b6b63c15741ec5ef 107df982e52a4127afbfd6653cb08ed3 - - default default] Successfully bumped revision number for resource d48b3dff-d33d-4224-a6c9-d8882944abbf (type: ports) to 2
2026-06-15 20:17:48.320 10 INFO neutron.wsgi [None req-cf179ba3-9520-4ce8-bb57-645d95fa16b9 c5566c77d8554827b04219e520158dcc ff953eb8fa8744029a526014db8e6272 - - default default] 10.0.0.2 "DELETE /v2.0/security-groups/220171c5-9839-4c0f-9589-851fc61606cf HTTP/1.1" status: 204 len: 168 time: 0.4827259
2026-06-15 20:17:48.418 10 INFO neutron.db.ovn_revision_numbers_db [None req-0d1ee76d-1634-4522-9c65-e7b936d81835 - - - - - -] Successfully bumped revision number for resource d48b3dff-d33d-4224-a6c9-d8882944abbf (type: ports) to 3
2026-06-15 20:17:48.521 10 INFO neutron.db.ovn_revision_numbers_db [None req-0d1ee76d-1634-4522-9c65-e7b936d81835 - - - - - -] Successfully bumped revision number for resource d48b3dff-d33d-4224-a6c9-d8882944abbf (type: router_ports) to 3
2026-06-15 20:17:48.795 9 INFO neutron.wsgi [None req-4a72f7dc-617f-44fd-a93c-f16f9b1a0a5d 9871d4c43bc84966b4bfa674eadc8392 1e26f27d8d4f45efb13e86136bab773e - - default default] 10.0.0.2 "DELETE /v2.0/routers/80a064db-586c-4c62-b65c-e70f3fe8007c HTTP/1.1" status: 204 len: 168 time: 0.6392391 /var/lib/openstack/lib/python3.10/site-packages/pycadf/identifier.py:71: UserWarning: Invalid uuid: neutron. To ensure interoperability, identifiers should be a valid uuid. warnings.warn(('Invalid uuid: %s. To ensure interoperability, '
2026-06-15 20:17:48.864 10 INFO neutron.wsgi [None req-cd5bd247-5e42-428b-837c-4e1a5bde43a0 9871d4c43bc84966b4bfa674eadc8392 1e26f27d8d4f45efb13e86136bab773e - - default default] 10.0.0.2 "GET /v2.0/routers/f1177503-3914-47ab-a7c3-590f35425753 HTTP/1.1" status: 200 len: 668 time: 0.0622475
2026-06-15 20:17:48.873 9 WARNING neutron.scheduler.dhcp_agent_scheduler [None req-51a88373-5a92-494e-a7c9-c2ff8e759a25 5f55fc7ef9514acaabb50906dd2b83da e38efaf1575348c5b2cfa19df40aea0e - - default default] No more DHCP agents
2026-06-15 20:17:48.877 9 WARNING neutron.api.rpc.agentnotifiers.dhcp_rpc_agent_api [None req-51a88373-5a92-494e-a7c9-c2ff8e759a25 5f55fc7ef9514acaabb50906dd2b83da e38efaf1575348c5b2cfa19df40aea0e - - default default] Unable to schedule network c06eb07a-ce89-4431-b2f4-23d0f35e4684: no agents available; will retry on subsequent port and subnet creation events.
2026-06-15 20:17:49.107 9 INFO neutron.db.ovn_revision_numbers_db [None req-51a88373-5a92-494e-a7c9-c2ff8e759a25 5f55fc7ef9514acaabb50906dd2b83da e38efaf1575348c5b2cfa19df40aea0e - - default default] Successfully bumped revision number for resource 02825623-76e5-41a0-b0a8-7174148ebb89 (type: ports) to 1
2026-06-15 20:17:49.140 9 INFO neutron.wsgi [None req-51a88373-5a92-494e-a7c9-c2ff8e759a25 5f55fc7ef9514acaabb50906dd2b83da e38efaf1575348c5b2cfa19df40aea0e - - default default] 10.0.0.2 "POST /v2.0/ports HTTP/1.1" status: 201 len: 1114 time: 1.1174548 /var/lib/openstack/lib/python3.10/site-packages/pycadf/identifier.py:71: UserWarning: Invalid uuid: neutron. To ensure interoperability, identifiers should be a valid uuid. warnings.warn(('Invalid uuid: %s. To ensure interoperability, '
2026-06-15 20:17:49.252 9 INFO neutron.db.ovn_revision_numbers_db [None req-7a83fc95-f4cf-4711-af07-700c6b26b063 47b53e8d75ac40f7b6b63c15741ec5ef 107df982e52a4127afbfd6653cb08ed3 - - default default] Successfully bumped revision number for resource d48b3dff-d33d-4224-a6c9-d8882944abbf (type: ports) to 3
2026-06-15 20:17:49.362 9 WARNING neutron.scheduler.dhcp_agent_scheduler [None req-7a83fc95-f4cf-4711-af07-700c6b26b063 47b53e8d75ac40f7b6b63c15741ec5ef 107df982e52a4127afbfd6653cb08ed3 - - default default] No more DHCP agents
2026-06-15 20:17:49.364 9 WARNING neutron.api.rpc.agentnotifiers.dhcp_rpc_agent_api [None req-7a83fc95-f4cf-4711-af07-700c6b26b063 47b53e8d75ac40f7b6b63c15741ec5ef 107df982e52a4127afbfd6653cb08ed3 - - default default] Unable to schedule network 73bdf98f-623b-4d35-ac03-deea3905c5a1: no agents available; will retry on subsequent port and subnet creation events.
2026-06-15 20:17:49.367 10 INFO neutron.db.ovn_revision_numbers_db [None req-30830225-746a-48b0-8238-4192b273a054 9871d4c43bc84966b4bfa674eadc8392 1e26f27d8d4f45efb13e86136bab773e - - default default] Successfully bumped revision number for resource f1177503-3914-47ab-a7c3-590f35425753 (type: routers) to 2
2026-06-15 20:17:49.372 10 INFO neutron.wsgi [None req-30830225-746a-48b0-8238-4192b273a054 9871d4c43bc84966b4bfa674eadc8392 1e26f27d8d4f45efb13e86136bab773e - - default default] 10.0.0.2 "PUT /v2.0/routers/f1177503-3914-47ab-a7c3-590f35425753 HTTP/1.1" status: 200 len: 668 time: 0.5024140
2026-06-15 20:17:49.399 10 INFO neutron.wsgi [None req-650a41cb-837b-495f-831f-1c19d267f5be 9871d4c43bc84966b4bfa674eadc8392 1e26f27d8d4f45efb13e86136bab773e - - default default] 10.0.0.2 "GET /v2.0/ports?device_id=f1177503-3914-47ab-a7c3-590f35425753 HTTP/1.1" status: 200 len: 205 time: 0.0217013
2026-06-15 20:17:49.504 9 INFO neutron.db.ovn_revision_numbers_db [None req-7a83fc95-f4cf-4711-af07-700c6b26b063 47b53e8d75ac40f7b6b63c15741ec5ef 107df982e52a4127afbfd6653cb08ed3 - - default default] Successfully bumped revision number for resource d48b3dff-d33d-4224-a6c9-d8882944abbf (type: router_ports) to 3
2026-06-15 20:17:49.506 9 INFO neutron.wsgi [None req-7a83fc95-f4cf-4711-af07-700c6b26b063 47b53e8d75ac40f7b6b63c15741ec5ef 107df982e52a4127afbfd6653cb08ed3 - - default default] 10.0.0.2 "PUT /v2.0/routers/d9098da7-7a8c-40d0-81c4-ce51fd479856/add_router_interface HTTP/1.1" status: 200 len: 503 time: 2.1140015
2026-06-15 20:17:49.566 9 INFO neutron.wsgi [None req-529433d1-fdcb-4fac-a1ba-57a59939b585 5f55fc7ef9514acaabb50906dd2b83da e38efaf1575348c5b2cfa19df40aea0e - - default default] 10.0.0.2 "DELETE /v2.0/ports/02825623-76e5-41a0-b0a8-7174148ebb89 HTTP/1.1" status: 204 len: 168 time: 0.4206421
2026-06-15 20:17:49.591 9 INFO neutron.pecan_wsgi.hooks.translation [None req-35ffdb10-d830-4bfc-9a86-f64179481dc2 5f55fc7ef9514acaabb50906dd2b83da e38efaf1575348c5b2cfa19df40aea0e - - default default] GET failed (client error): The resource could not be found.
2026-06-15 20:17:49.593 9 INFO neutron.wsgi [None req-35ffdb10-d830-4bfc-9a86-f64179481dc2 5f55fc7ef9514acaabb50906dd2b83da e38efaf1575348c5b2cfa19df40aea0e - - default default] 10.0.0.2 "GET /v2.0/ports/02825623-76e5-41a0-b0a8-7174148ebb89 HTTP/1.1" status: 404 len: 333 time: 0.0172846
2026-06-15 20:17:49.631 9 INFO neutron.wsgi [None req-62875dfa-eb8e-4199-89b1-623ab744d8bd 47b53e8d75ac40f7b6b63c15741ec5ef 107df982e52a4127afbfd6653cb08ed3 - - default default] 10.0.0.2 "GET /v2.0/ports/d48b3dff-d33d-4224-a6c9-d8882944abbf HTTP/1.1" status: 200 len: 1221 time: 0.1196504
2026-06-15 20:17:49.683 10 INFO neutron.wsgi [None req-7b129567-a234-4d69-ac8b-98461c3405f8 9871d4c43bc84966b4bfa674eadc8392 1e26f27d8d4f45efb13e86136bab773e - - default default] 10.0.0.2 "DELETE /v2.0/routers/f1177503-3914-47ab-a7c3-590f35425753 HTTP/1.1" status: 204 len: 168 time: 0.2736852
