2026-06-15 20:16:00.907 9 INFO neutron.wsgi [req-34ee7463-0233-425f-a357-98fb6c0bd8ef req-0066a952-373c-4a42-9142-345c37825a78 e998b3f8a0ec4c11be1bd2fac2b8cdfd e3e4c5b439b843df911641c597c1e8b2 - - bb44992846d24d4a95418caed5772138 bb44992846d24d4a95418caed5772138] 199.19.213.125 "GET /v2.0/networks/a37dad2f-2538-4aff-9954-c83bf48eb09d?fields=provider%3Aphysical_network&fields=provider%3Anetwork_type HTTP/1.1" status: 200 len: 277 time: 0.1014016
2026-06-15 20:16:01.183 10 INFO neutron.wsgi [-] 10.0.0.12 "GET / HTTP/1.1" status: 200 len: 246 time: 0.0029492
2026-06-15 20:16:01.187 10 INFO neutron.wsgi [-] 10.0.0.12 "GET / HTTP/1.1" status: 200 len: 246 time: 0.0029304
2026-06-15 20:16:02.064 9 INFO neutron.wsgi [req-ee40de80-d643-43e7-9eaa-0d5c2214e4bc req-f4f938dd-0821-4b43-aa64-b3c2fa5a85fe e9bcd111d0df4d6e900e0582749673c5 b28d0cc5cb204c11841c267b4ac0df68 - - default default] 10.0.0.73 "GET /v2.0/ports?device_id=8dcdb472-0a84-4c87-9d3b-593a3378127e HTTP/1.1" status: 200 len: 1172 time: 0.0987408
2026-06-15 20:16:02.128 9 INFO neutron.wsgi [req-ee40de80-d643-43e7-9eaa-0d5c2214e4bc req-deb87ae6-8a8b-4871-a40b-10da99ebafac e9bcd111d0df4d6e900e0582749673c5 b28d0cc5cb204c11841c267b4ac0df68 - - default default] 10.0.0.73 "GET /v2.0/security-groups?id=95145021-f053-45a3-a90f-9f236b70fef5&fields=id&fields=name HTTP/1.1" status: 200 len: 312 time: 0.0563338
2026-06-15 20:16:02.971 9 INFO neutron.wsgi [req-9b1cf0ca-9bd3-4c58-92e7-8470ef305416 req-de71e942-0199-4af3-9d13-d1d896603da7 79c154ca530646a68cfe6d4f6410d2d5 27de3d4c883e41029216191a6307b526 - - default default] 10.0.0.73 "GET /v2.0/security-groups?name=tempest-securitygroup--1402536793&fields=id&tenant_id=27de3d4c883e41029216191a6307b526 HTTP/1.1" status: 200 len: 267 time: 0.0525374
2026-06-15 20:16:03.068 9 INFO neutron.wsgi [req-9b1cf0ca-9bd3-4c58-92e7-8470ef305416 req-d45b6f52-d4a7-4dc6-82a9-5798df87d9fd 79c154ca530646a68cfe6d4f6410d2d5 27de3d4c883e41029216191a6307b526 - - default default] 10.0.0.73 "GET /v2.0/networks?id=d12338ac-6c42-4eef-be57-a584d9732002 HTTP/1.1" status: 200 len: 879 time: 0.0915101
2026-06-15 20:16:03.094 9 INFO neutron.wsgi [req-9b1cf0ca-9bd3-4c58-92e7-8470ef305416 req-0e2f67ac-e664-42b3-bcff-ac2c17015a5f 79c154ca530646a68cfe6d4f6410d2d5 27de3d4c883e41029216191a6307b526 - - default default] 10.0.0.73 "GET /v2.0/quotas/27de3d4c883e41029216191a6307b526 HTTP/1.1" status: 200 len: 386 time: 0.0178521
2026-06-15 20:16:03.199 9 INFO neutron.wsgi [req-9b1cf0ca-9bd3-4c58-92e7-8470ef305416 req-049f1a10-af1e-4293-80bb-7ccdaf9002cd 79c154ca530646a68cfe6d4f6410d2d5 27de3d4c883e41029216191a6307b526 - - default default] 10.0.0.73 "GET /v2.0/ports?tenant_id=27de3d4c883e41029216191a6307b526&fields=id HTTP/1.1" status: 200 len: 302 time: 0.1007164
2026-06-15 20:16:03.247 9 INFO neutron.wsgi [req-bb4b412b-4c6a-46cc-814e-bf4a2a95d038 req-bcdb884f-7043-46e2-8dae-c80473fe0ceb e9bcd111d0df4d6e900e0582749673c5 b28d0cc5cb204c11841c267b4ac0df68 - - default default] 10.0.0.73 "GET /v2.0/ports?device_id=8dcdb472-0a84-4c87-9d3b-593a3378127e HTTP/1.1" status: 200 len: 1172 time: 0.0471048
2026-06-15 20:16:03.291 9 INFO neutron.wsgi [req-9b1cf0ca-9bd3-4c58-92e7-8470ef305416 req-7283c3b7-ac29-41d7-a8ba-4a1b7eca2222 e998b3f8a0ec4c11be1bd2fac2b8cdfd e3e4c5b439b843df911641c597c1e8b2 - - bb44992846d24d4a95418caed5772138 bb44992846d24d4a95418caed5772138] 10.0.0.73 "GET /v2.0/networks/d12338ac-6c42-4eef-be57-a584d9732002?fields=segments HTTP/1.1" status: 200 len: 212 time: 0.0755835
2026-06-15 20:16:03.293 9 INFO neutron.wsgi [req-bb4b412b-4c6a-46cc-814e-bf4a2a95d038 req-ab297288-c826-46bb-ab6c-6627ae7b55be e9bcd111d0df4d6e900e0582749673c5 b28d0cc5cb204c11841c267b4ac0df68 - - default default] 10.0.0.73 "GET /v2.0/security-groups?id=95145021-f053-45a3-a90f-9f236b70fef5&fields=id&fields=name HTTP/1.1" status: 200 len: 312 time: 0.0390868
2026-06-15 20:16:03.376 9 INFO neutron.wsgi [req-9b1cf0ca-9bd3-4c58-92e7-8470ef305416 req-f92cb899-4a73-402d-ac1e-99a5a9ddaacb e998b3f8a0ec4c11be1bd2fac2b8cdfd e3e4c5b439b843df911641c597c1e8b2 - - bb44992846d24d4a95418caed5772138 bb44992846d24d4a95418caed5772138] 10.0.0.73 "GET /v2.0/networks/d12338ac-6c42-4eef-be57-a584d9732002?fields=provider%3Aphysical_network&fields=provider%3Anetwork_type HTTP/1.1" status: 200 len: 277 time: 0.0773056
2026-06-15 20:16:03.650 9 INFO neutron.wsgi [req-c4d7953a-7f1a-437c-9497-b7d531a1241f req-220135b1-527d-4e44-8e9a-140e14526a9c 79c154ca530646a68cfe6d4f6410d2d5 27de3d4c883e41029216191a6307b526 - - default default] 10.0.0.73 "GET /v2.0/ports?device_id=5c4dcd97-25fe-4545-b3ef-7db976e44008 HTTP/1.1" status: 200 len: 210 time: 0.0213704
2026-06-15 20:16:04.091 9 INFO neutron.wsgi [req-22875337-84ea-4983-b1a3-5acdcbdf87ff req-fd9d6b62-4d21-4aeb-a781-8a1ef1856310 6c1689caac834da48aa0c7eb3cac4af2 2927c6cbecb044cb957d8480d39e1d83 - - default default] 10.0.0.73 "GET /v2.0/ports?device_id=c298dbf2-ff14-4ae5-809f-0145437a7beb HTTP/1.1" status: 200 len: 1170 time: 0.1002104
2026-06-15 20:16:04.196 9 INFO neutron.wsgi [req-b1496ab2-2107-4315-bb53-8ab15287264d req-67e2844e-85ff-43ce-88d6-7dace627dd66 6c1689caac834da48aa0c7eb3cac4af2 2927c6cbecb044cb957d8480d39e1d83 - - default default] 10.0.0.73 "GET /v2.0/ports/885c2029-ff01-4f45-b0b4-fb6989d1f763 HTTP/1.1" status: 200 len: 1167 time: 0.0501051
2026-06-15 20:16:04.399 10 INFO neutron.wsgi [req-4ac80250-01e8-40cc-97ca-8a9f91eb547d req-21e13d17-0843-46e7-99c6-031071d904f2 6c1689caac834da48aa0c7eb3cac4af2 2927c6cbecb044cb957d8480d39e1d83 - - default default] 199.19.213.125 "GET /v2.0/subnets?network_id=9e834ef6-617a-437a-a8fa-44d2abe47e8a HTTP/1.1" status: 200 len: 859 time: 0.0529342
2026-06-15 20:16:04.425 9 INFO neutron.wsgi [req-23fe9d7f-7bf7-42b0-9f7d-999355092918 req-c7e279ca-e6fe-45eb-910c-de7b6723e8b7 e9bcd111d0df4d6e900e0582749673c5 b28d0cc5cb204c11841c267b4ac0df68 - - default default] 10.0.0.73 "GET /v2.0/ports?device_id=8dcdb472-0a84-4c87-9d3b-593a3378127e HTTP/1.1" status: 200 len: 1172 time: 0.0594985
2026-06-15 20:16:04.447 9 INFO neutron.wsgi [req-9b1cf0ca-9bd3-4c58-92e7-8470ef305416 req-e4df2c09-49fa-4631-abb5-d76a54ef7aeb 79c154ca530646a68cfe6d4f6410d2d5 27de3d4c883e41029216191a6307b526 - - default default] 199.19.213.125 "GET /v2.0/networks?id=d12338ac-6c42-4eef-be57-a584d9732002 HTTP/1.1" status: 200 len: 879 time: 0.1215172
2026-06-15 20:16:04.483 9 INFO neutron.wsgi [req-23fe9d7f-7bf7-42b0-9f7d-999355092918 req-ff92b55d-d27f-4b54-98d8-c68414922170 e9bcd111d0df4d6e900e0582749673c5 b28d0cc5cb204c11841c267b4ac0df68 - - default default] 10.0.0.73 "GET /v2.0/security-groups?id=95145021-f053-45a3-a90f-9f236b70fef5&fields=id&fields=name HTTP/1.1" status: 200 len: 312 time: 0.0523314
2026-06-15 20:16:04.512 9 INFO neutron.wsgi [req-9b1cf0ca-9bd3-4c58-92e7-8470ef305416 req-c33cca7f-74a1-4b6f-83d2-08d571032441 79c154ca530646a68cfe6d4f6410d2d5 27de3d4c883e41029216191a6307b526 - - default default] 199.19.213.125 "GET /v2.0/security-groups?fields=id&fields=name&tenant_id=27de3d4c883e41029216191a6307b526 HTTP/1.1" status: 200 len: 380 time: 0.0475845
2026-06-15 20:16:04.516 10 INFO neutron.wsgi [req-4ac80250-01e8-40cc-97ca-8a9f91eb547d req-c654e612-9f1a-42e8-89af-f757f4712eda 6c1689caac834da48aa0c7eb3cac4af2 2927c6cbecb044cb957d8480d39e1d83 - - default default] 199.19.213.125 "GET /v2.0/ports?device_id=c298dbf2-ff14-4ae5-809f-0145437a7beb&device_owner=compute%3Anova&network_id=9e834ef6-617a-437a-a8fa-44d2abe47e8a HTTP/1.1" status: 200 len: 1170 time: 0.1111252
2026-06-15 20:16:04.527 9 WARNING neutron_lib.context [req-9b1cf0ca-9bd3-4c58-92e7-8470ef305416 req-56c09c20-8145-4b07-8a23-8a672f029610 79c154ca530646a68cfe6d4f6410d2d5 27de3d4c883e41029216191a6307b526 - - default default] Method 'is_advsvc' is deprecated since 2023.2 release (neutron-lib 3.8.0) and will be removed once support for the old RBAC API policies will be removed from Neutron. Please use method 'is_service_role' instead.
2026-06-15 20:16:04.763 9 INFO neutron.wsgi [req-653de9b2-8ebd-4cfc-91d4-cd47431a98f9 req-d36e7d1d-b54a-4f1a-84fd-cb057721c994 79c154ca530646a68cfe6d4f6410d2d5 27de3d4c883e41029216191a6307b526 - - default default] 10.0.0.73 "GET /v2.0/ports?device_id=5c4dcd97-25fe-4545-b3ef-7db976e44008 HTTP/1.1" status: 200 len: 210 time: 0.0225298
2026-06-15 20:16:04.898 9 WARNING neutron.scheduler.dhcp_agent_scheduler [req-9b1cf0ca-9bd3-4c58-92e7-8470ef305416 req-56c09c20-8145-4b07-8a23-8a672f029610 79c154ca530646a68cfe6d4f6410d2d5 27de3d4c883e41029216191a6307b526 - - default default] No more DHCP agents
2026-06-15 20:16:04.901 9 WARNING neutron.api.rpc.agentnotifiers.dhcp_rpc_agent_api [req-9b1cf0ca-9bd3-4c58-92e7-8470ef305416 req-56c09c20-8145-4b07-8a23-8a672f029610 79c154ca530646a68cfe6d4f6410d2d5 27de3d4c883e41029216191a6307b526 - - default default] Unable to schedule network d12338ac-6c42-4eef-be57-a584d9732002: no agents available; will retry on subsequent port and subnet creation events.
2026-06-15 20:16:05.079 9 INFO neutron.db.ovn_revision_numbers_db [req-9b1cf0ca-9bd3-4c58-92e7-8470ef305416 req-56c09c20-8145-4b07-8a23-8a672f029610 79c154ca530646a68cfe6d4f6410d2d5 27de3d4c883e41029216191a6307b526 - - default default] Successfully bumped revision number for resource a18048f9-41a2-4da4-9f70-2f5e68f6b87c (type: ports) to 1
2026-06-15 20:16:05.091 10 INFO neutron.db.ovn_revision_numbers_db [req-4ac80250-01e8-40cc-97ca-8a9f91eb547d req-18186b3b-aaa4-4e4e-8890-8421ae8e3410 6c1689caac834da48aa0c7eb3cac4af2 2927c6cbecb044cb957d8480d39e1d83 - - default default] Successfully bumped revision number for resource 885c2029-ff01-4f45-b0b4-fb6989d1f763 (type: ports) to 5
2026-06-15 20:16:05.105 10 INFO neutron.wsgi [req-4ac80250-01e8-40cc-97ca-8a9f91eb547d req-18186b3b-aaa4-4e4e-8890-8421ae8e3410 6c1689caac834da48aa0c7eb3cac4af2 2927c6cbecb044cb957d8480d39e1d83 - - default default] 199.19.213.125 "PUT /v2.0/ports/885c2029-ff01-4f45-b0b4-fb6989d1f763 HTTP/1.1" status: 200 len: 1345 time: 0.5820060
2026-06-15 20:16:05.109 9 INFO neutron.wsgi [req-9b1cf0ca-9bd3-4c58-92e7-8470ef305416 req-56c09c20-8145-4b07-8a23-8a672f029610 79c154ca530646a68cfe6d4f6410d2d5 27de3d4c883e41029216191a6307b526 - - default default] 199.19.213.125 "POST /v2.0/ports HTTP/1.1" status: 201 len: 1162 time: 0.5874491 /var/lib/openstack/lib/python3.10/site-packages/pycadf/identifier.py:71: UserWarning: Invalid uuid: neutron. To ensure interoperability, identifiers should be a valid uuid. warnings.warn(('Invalid uuid: %s. To ensure interoperability, ' /var/lib/openstack/lib/python3.10/site-packages/pycadf/identifier.py:71: UserWarning: Invalid uuid: neutron. To ensure interoperability, identifiers should be a valid uuid. warnings.warn(('Invalid uuid: %s. To ensure interoperability, '
2026-06-15 20:16:05.147 10 INFO neutron.notifiers.nova [-] Nova event matching ['req-5c797501-c8a2-4151-b8e8-45fda1ecab4b'] response: {'name': 'network-changed', 'server_uuid': 'c298dbf2-ff14-4ae5-809f-0145437a7beb', 'tag': '885c2029-ff01-4f45-b0b4-fb6989d1f763', 'status': 'completed', 'code': 200}
2026-06-15 20:16:05.190 10 INFO neutron.wsgi [req-4ac80250-01e8-40cc-97ca-8a9f91eb547d req-50eddd8f-9129-4334-9cb0-8bd936771885 e998b3f8a0ec4c11be1bd2fac2b8cdfd e3e4c5b439b843df911641c597c1e8b2 - - bb44992846d24d4a95418caed5772138 bb44992846d24d4a95418caed5772138] 199.19.213.125 "GET /v2.0/ports?tenant_id=2927c6cbecb044cb957d8480d39e1d83&device_id=c298dbf2-ff14-4ae5-809f-0145437a7beb HTTP/1.1" status: 200 len: 1586 time: 0.0566702
2026-06-15 20:16:05.256 10 INFO neutron.wsgi [req-4ac80250-01e8-40cc-97ca-8a9f91eb547d req-a2d9e44d-aa5d-4fd0-9ef2-8291f71d9751 e998b3f8a0ec4c11be1bd2fac2b8cdfd e3e4c5b439b843df911641c597c1e8b2 - - bb44992846d24d4a95418caed5772138 bb44992846d24d4a95418caed5772138] 199.19.213.125 "GET /v2.0/networks?id=9e834ef6-617a-437a-a8fa-44d2abe47e8a HTTP/1.1" status: 200 len: 981 time: 0.0605223
2026-06-15 20:16:05.309 10 INFO neutron.wsgi [req-4ac80250-01e8-40cc-97ca-8a9f91eb547d req-d016ddbc-7df7-4c91-a192-edf690cc9d95 e998b3f8a0ec4c11be1bd2fac2b8cdfd e3e4c5b439b843df911641c597c1e8b2 - - bb44992846d24d4a95418caed5772138 bb44992846d24d4a95418caed5772138] 199.19.213.125 "GET /v2.0/floatingips?fixed_ip_address=10.100.0.4&port_id=885c2029-ff01-4f45-b0b4-fb6989d1f763 HTTP/1.1" status: 200 len: 1059 time: 0.0471017
2026-06-15 20:16:05.338 10 INFO neutron.wsgi [req-4ac80250-01e8-40cc-97ca-8a9f91eb547d req-4da4f498-6bb0-4aab-a0d9-15488e176e21 e998b3f8a0ec4c11be1bd2fac2b8cdfd e3e4c5b439b843df911641c597c1e8b2 - - bb44992846d24d4a95418caed5772138 bb44992846d24d4a95418caed5772138] 199.19.213.125 "GET /v2.0/floatingips?fixed_ip_address=10.100.0.5&port_id=885c2029-ff01-4f45-b0b4-fb6989d1f763 HTTP/1.1" status: 200 len: 217 time: 0.0234327
2026-06-15 20:16:05.373 9 WARNING neutron.plugins.ml2.drivers.ovn.mech_driver.ovsdb.ovn_client [None req-86914d21-580b-4721-979e-e4d514223fae - - - - - -] No hosting information found for port 0b632756-4d71-4fe5-b52a-245450e87ed6: RuntimeError: No hosting information found for port 0b632756-4d71-4fe5-b52a-245450e87ed6
2026-06-15 20:16:05.373 9 INFO neutron.plugins.ml2.drivers.ovn.mech_driver.mech_driver [None req-86914d21-580b-4721-979e-e4d514223fae - - - - - -] OVN reports status up for port: 2b10a4e7-c7be-4814-9755-3d7a2f867354
2026-06-15 20:16:05.379 10 INFO neutron.wsgi [req-4ac80250-01e8-40cc-97ca-8a9f91eb547d req-530fbc19-568d-499b-a3a2-e7d633012e86 e998b3f8a0ec4c11be1bd2fac2b8cdfd e3e4c5b439b843df911641c597c1e8b2 - - bb44992846d24d4a95418caed5772138 bb44992846d24d4a95418caed5772138] 199.19.213.125 "GET /v2.0/subnets?id=d009f9b7-ddcb-412d-bae4-f73bb68e8bf5 HTTP/1.1" status: 200 len: 877 time: 0.0329189
2026-06-15 20:16:05.396 9 INFO neutron.wsgi [req-d91958a1-eb07-4826-bab1-370f57d06b44 req-637303a0-f1d1-488d-8ac9-b5d86de4687a a5941e16486d4b6981487e68120b8733 bc59fcc85e454d66b60ec169de79259b - - default default] 10.0.0.73 "GET /v2.0/ports?device_id=8394ffd5-18f4-4b5b-807f-f9e48bd50ed2 HTTP/1.1" status: 200 len: 1174 time: 0.1452556
2026-06-15 20:16:05.398 9 INFO neutron.plugins.ml2.plugin [None req-86914d21-580b-4721-979e-e4d514223fae - - - - - -] Attempt 1 to provision port 2b10a4e7-c7be-4814-9755-3d7a2f867354
2026-06-15 20:16:05.407 10 INFO neutron.wsgi [req-4ac80250-01e8-40cc-97ca-8a9f91eb547d req-81ab0bfb-bde7-469b-a7d2-848ac4a81650 e998b3f8a0ec4c11be1bd2fac2b8cdfd e3e4c5b439b843df911641c597c1e8b2 - - bb44992846d24d4a95418caed5772138 bb44992846d24d4a95418caed5772138] 199.19.213.125 "GET /v2.0/ports?network_id=9e834ef6-617a-437a-a8fa-44d2abe47e8a&device_owner=network%3Adhcp HTTP/1.1" status: 200 len: 210 time: 0.0203307
2026-06-15 20:16:05.469 10 INFO neutron.wsgi [req-4ac80250-01e8-40cc-97ca-8a9f91eb547d req-2938936d-e8bf-478c-b39a-8f47fd6a334f e998b3f8a0ec4c11be1bd2fac2b8cdfd e3e4c5b439b843df911641c597c1e8b2 - - bb44992846d24d4a95418caed5772138 bb44992846d24d4a95418caed5772138] 199.19.213.125 "GET /v2.0/networks/9e834ef6-617a-437a-a8fa-44d2abe47e8a?fields=segments HTTP/1.1" status: 200 len: 212 time: 0.0521934
2026-06-15 20:16:05.473 9 INFO neutron.wsgi [req-d91958a1-eb07-4826-bab1-370f57d06b44 req-bd42d4e6-276f-4542-ae3e-a7569928a3b9 a5941e16486d4b6981487e68120b8733 bc59fcc85e454d66b60ec169de79259b - - default default] 10.0.0.73 "GET /v2.0/security-groups?id=9a9503b3-61ac-428e-a1b8-e6699a1cc02f&fields=id&fields=name HTTP/1.1" status: 200 len: 313 time: 0.0596340
2026-06-15 20:16:05.557 10 INFO neutron.wsgi [req-4ac80250-01e8-40cc-97ca-8a9f91eb547d req-75581446-5622-4cfa-82c3-b69220d7e75b e998b3f8a0ec4c11be1bd2fac2b8cdfd e3e4c5b439b843df911641c597c1e8b2 - - bb44992846d24d4a95418caed5772138 bb44992846d24d4a95418caed5772138] 199.19.213.125 "GET /v2.0/networks/9e834ef6-617a-437a-a8fa-44d2abe47e8a?fields=provider%3Aphysical_network&fields=provider%3Anetwork_type HTTP/1.1" status: 200 len: 277 time: 0.0822659 /var/lib/openstack/lib/python3.10/site-packages/pycadf/identifier.py:71: UserWarning: Invalid uuid: neutron. To ensure interoperability, identifiers should be a valid uuid. warnings.warn(('Invalid uuid: %s. To ensure interoperability, '
2026-06-15 20:16:05.624 9 INFO neutron.wsgi [req-63a2d518-ca82-4070-a157-d2c4c400d402 req-ee8b9b18-3f9f-4c8c-891f-2011fa487f6f a5941e16486d4b6981487e68120b8733 bc59fcc85e454d66b60ec169de79259b - - default default] 10.0.0.73 "GET /v2.0/ports?device_id=8394ffd5-18f4-4b5b-807f-f9e48bd50ed2 HTTP/1.1" status: 200 len: 1174 time: 0.0837085
2026-06-15 20:16:05.643 9 INFO neutron.wsgi [req-42011bb6-afcd-4866-bb62-0862a6119581 req-0ed7205a-b6e3-43b7-8912-8e42ba831b6d e9bcd111d0df4d6e900e0582749673c5 b28d0cc5cb204c11841c267b4ac0df68 - - default default] 10.0.0.73 "GET /v2.0/ports?device_id=8dcdb472-0a84-4c87-9d3b-593a3378127e HTTP/1.1" status: 200 len: 1172 time: 0.0849946
2026-06-15 20:16:05.646 10 INFO neutron.wsgi [req-91a6d8aa-0159-4adf-9eb0-7f8f9482a19f req-f3dfb668-8a14-4045-8e68-dade5cfffcc3 e998b3f8a0ec4c11be1bd2fac2b8cdfd e3e4c5b439b843df911641c597c1e8b2 - - bb44992846d24d4a95418caed5772138 bb44992846d24d4a95418caed5772138] 199.19.213.125 "GET /v2.0/ports?tenant_id=2927c6cbecb044cb957d8480d39e1d83&device_id=c298dbf2-ff14-4ae5-809f-0145437a7beb HTTP/1.1" status: 200 len: 1586 time: 0.0389616
2026-06-15 20:16:05.708 10 INFO neutron.wsgi [req-91a6d8aa-0159-4adf-9eb0-7f8f9482a19f req-6fc05ab6-2afe-4164-9623-dff31d315571 e998b3f8a0ec4c11be1bd2fac2b8cdfd e3e4c5b439b843df911641c597c1e8b2 - - bb44992846d24d4a95418caed5772138 bb44992846d24d4a95418caed5772138] 199.19.213.125 "GET /v2.0/networks?id=9e834ef6-617a-437a-a8fa-44d2abe47e8a HTTP/1.1" status: 200 len: 981 time: 0.0565479
2026-06-15 20:16:05.722 9 INFO neutron.wsgi [req-42011bb6-afcd-4866-bb62-0862a6119581 req-28dfa867-cad4-4d3d-96cf-43c4718dc766 e9bcd111d0df4d6e900e0582749673c5 b28d0cc5cb204c11841c267b4ac0df68 - - default default] 10.0.0.73 "GET /v2.0/security-groups?id=95145021-f053-45a3-a90f-9f236b70fef5&fields=id&fields=name HTTP/1.1" status: 200 len: 312 time: 0.0739095
2026-06-15 20:16:05.728 9 INFO neutron.wsgi [req-63a2d518-ca82-4070-a157-d2c4c400d402 req-df714207-d7af-4e7a-9115-d28f3cb048fc a5941e16486d4b6981487e68120b8733 bc59fcc85e454d66b60ec169de79259b - - default default] 10.0.0.73 "GET /v2.0/security-groups?id=9a9503b3-61ac-428e-a1b8-e6699a1cc02f&fields=id&fields=name HTTP/1.1" status: 200 len: 313 time: 0.0973012
2026-06-15 20:16:05.756 10 INFO neutron.wsgi [req-91a6d8aa-0159-4adf-9eb0-7f8f9482a19f req-4895ff80-0abf-4253-9e01-e3cb14fc3c82 e998b3f8a0ec4c11be1bd2fac2b8cdfd e3e4c5b439b843df911641c597c1e8b2 - - bb44992846d24d4a95418caed5772138 bb44992846d24d4a95418caed5772138] 199.19.213.125 "GET /v2.0/floatingips?fixed_ip_address=10.100.0.4&port_id=885c2029-ff01-4f45-b0b4-fb6989d1f763 HTTP/1.1" status: 200 len: 1059 time: 0.0420287
2026-06-15 20:16:05.761 9 INFO neutron.notifiers.nova [-] Nova event matching ['req-d1aa379e-5269-4c2c-8085-bbf0c394ec2a'] response: {'server_uuid': '8dcdb472-0a84-4c87-9d3b-593a3378127e', 'name': 'network-vif-plugged', 'status': 'completed', 'tag': '2b10a4e7-c7be-4814-9755-3d7a2f867354', 'code': 200}
2026-06-15 20:16:05.790 10 INFO neutron.wsgi [req-91a6d8aa-0159-4adf-9eb0-7f8f9482a19f req-666d152c-5c47-4e3e-809e-dd825aa95f76 e998b3f8a0ec4c11be1bd2fac2b8cdfd e3e4c5b439b843df911641c597c1e8b2 - - bb44992846d24d4a95418caed5772138 bb44992846d24d4a95418caed5772138] 199.19.213.125 "GET /v2.0/floatingips?fixed_ip_address=10.100.0.5&port_id=885c2029-ff01-4f45-b0b4-fb6989d1f763 HTTP/1.1" status: 200 len: 217 time: 0.0232885
2026-06-15 20:16:05.834 10 INFO neutron.wsgi [req-91a6d8aa-0159-4adf-9eb0-7f8f9482a19f req-ea5056ee-b462-4d1c-90bf-36ae68a25e09 e998b3f8a0ec4c11be1bd2fac2b8cdfd e3e4c5b439b843df911641c597c1e8b2 - - bb44992846d24d4a95418caed5772138 bb44992846d24d4a95418caed5772138] 199.19.213.125 "GET /v2.0/subnets?id=d009f9b7-ddcb-412d-bae4-f73bb68e8bf5 HTTP/1.1" status: 200 len: 877 time: 0.0371654
2026-06-15 20:16:05.865 10 INFO neutron.wsgi [req-91a6d8aa-0159-4adf-9eb0-7f8f9482a19f req-86c90577-6fca-4769-9b12-ea7186d15135 e998b3f8a0ec4c11be1bd2fac2b8cdfd e3e4c5b439b843df911641c597c1e8b2 - - bb44992846d24d4a95418caed5772138 bb44992846d24d4a95418caed5772138] 199.19.213.125 "GET /v2.0/ports?network_id=9e834ef6-617a-437a-a8fa-44d2abe47e8a&device_owner=network%3Adhcp HTTP/1.1" status: 200 len: 210 time: 0.0230136
2026-06-15 20:16:05.873 9 INFO neutron.db.ovn_revision_numbers_db [req-9b1cf0ca-9bd3-4c58-92e7-8470ef305416 req-b69ba937-7e7d-4aa3-b301-1d33bbfcd194 e998b3f8a0ec4c11be1bd2fac2b8cdfd e3e4c5b439b843df911641c597c1e8b2 - - bb44992846d24d4a95418caed5772138 bb44992846d24d4a95418caed5772138] Successfully bumped revision number for resource a18048f9-41a2-4da4-9f70-2f5e68f6b87c (type: ports) to 2
2026-06-15 20:16:05.888 9 INFO neutron.wsgi [req-8b2c4164-c913-4e0a-bafb-d1a80a30103f req-fd3b6e9d-4007-4c1e-b6d0-c6fbd7b2fe9d 79c154ca530646a68cfe6d4f6410d2d5 27de3d4c883e41029216191a6307b526 - - default default] 10.0.0.73 "GET /v2.0/ports?device_id=5c4dcd97-25fe-4545-b3ef-7db976e44008 HTTP/1.1" status: 200 len: 1172 time: 0.0637064
2026-06-15 20:16:05.932 10 INFO neutron.wsgi [req-91a6d8aa-0159-4adf-9eb0-7f8f9482a19f req-e7d497ec-5f0a-4e9a-9fce-dd5232257784 e998b3f8a0ec4c11be1bd2fac2b8cdfd e3e4c5b439b843df911641c597c1e8b2 - - bb44992846d24d4a95418caed5772138 bb44992846d24d4a95418caed5772138] 199.19.213.125 "GET /v2.0/networks/9e834ef6-617a-437a-a8fa-44d2abe47e8a?fields=segments HTTP/1.1" status: 200 len: 212 time: 0.0609770
2026-06-15 20:16:05.973 9 INFO neutron.wsgi [req-8b2c4164-c913-4e0a-bafb-d1a80a30103f req-32274827-2f22-41c8-87fa-28f0188d2e09 79c154ca530646a68cfe6d4f6410d2d5 27de3d4c883e41029216191a6307b526 - - default default] 10.0.0.73 "GET /v2.0/security-groups?id=1ccfe5d8-3d0c-41d0-87da-cee28206713f&fields=id&fields=name HTTP/1.1" status: 200 len: 313 time: 0.0776091
2026-06-15 20:16:05.977 9 INFO neutron.db.ovn_revision_numbers_db [None req-86914d21-580b-4721-979e-e4d514223fae - - - - - -] Successfully bumped revision number for resource 2b10a4e7-c7be-4814-9755-3d7a2f867354 (type: ports) to 4
2026-06-15 20:16:06.042 10 INFO neutron.wsgi [req-91a6d8aa-0159-4adf-9eb0-7f8f9482a19f req-be61b3c6-0342-48af-ba24-ae358e2344f3 e998b3f8a0ec4c11be1bd2fac2b8cdfd e3e4c5b439b843df911641c597c1e8b2 - - bb44992846d24d4a95418caed5772138 bb44992846d24d4a95418caed5772138] 199.19.213.125 "GET /v2.0/networks/9e834ef6-617a-437a-a8fa-44d2abe47e8a?fields=provider%3Aphysical_network&fields=provider%3Anetwork_type HTTP/1.1" status: 200 len: 277 time: 0.1045310 /var/lib/openstack/lib/python3.10/site-packages/pycadf/identifier.py:71: UserWarning: Invalid uuid: neutron. To ensure interoperability, identifiers should be a valid uuid. warnings.warn(('Invalid uuid: %s. To ensure interoperability, '
2026-06-15 20:16:06.270 9 INFO neutron.wsgi [req-3364cfbf-8d10-431b-b149-7697a6f471c0 req-c5907eb8-8987-4039-89f6-aa7a38e415d4 a5941e16486d4b6981487e68120b8733 bc59fcc85e454d66b60ec169de79259b - - default default] 10.0.0.73 "GET /v2.0/ports?device_id=8394ffd5-18f4-4b5b-807f-f9e48bd50ed2 HTTP/1.1" status: 200 len: 1174 time: 0.0554752
2026-06-15 20:16:06.272 9 INFO neutron.db.ovn_revision_numbers_db [req-9b1cf0ca-9bd3-4c58-92e7-8470ef305416 req-b69ba937-7e7d-4aa3-b301-1d33bbfcd194 e998b3f8a0ec4c11be1bd2fac2b8cdfd e3e4c5b439b843df911641c597c1e8b2 - - bb44992846d24d4a95418caed5772138 bb44992846d24d4a95418caed5772138] Successfully bumped revision number for resource a18048f9-41a2-4da4-9f70-2f5e68f6b87c (type: ports) to 2
2026-06-15 20:16:06.325 10 INFO neutron.wsgi [req-4a3b27be-b8fb-4871-ac25-0b0f82a14ce1 req-807ad3d0-49d7-4d17-a8b8-de0120d2f843 e998b3f8a0ec4c11be1bd2fac2b8cdfd e3e4c5b439b843df911641c597c1e8b2 - - bb44992846d24d4a95418caed5772138 bb44992846d24d4a95418caed5772138] 199.19.213.125 "GET /v2.0/ports?tenant_id=bc59fcc85e454d66b60ec169de79259b&device_id=8394ffd5-18f4-4b5b-807f-f9e48bd50ed2 HTTP/1.1" status: 200 len: 1413 time: 0.0570900
2026-06-15 20:16:06.327 9 INFO neutron.wsgi [req-9b1cf0ca-9bd3-4c58-92e7-8470ef305416 req-b69ba937-7e7d-4aa3-b301-1d33bbfcd194 e998b3f8a0ec4c11be1bd2fac2b8cdfd e3e4c5b439b843df911641c597c1e8b2 - - bb44992846d24d4a95418caed5772138 bb44992846d24d4a95418caed5772138] 199.19.213.125 "PUT /v2.0/ports/a18048f9-41a2-4da4-9f70-2f5e68f6b87c HTTP/1.1" status: 200 len: 1380 time: 1.2102189
2026-06-15 20:16:06.335 9 INFO neutron.wsgi [req-3364cfbf-8d10-431b-b149-7697a6f471c0 req-83a4df08-8f3b-412b-9341-df37769fc700 a5941e16486d4b6981487e68120b8733 bc59fcc85e454d66b60ec169de79259b - - default default] 10.0.0.73 "GET /v2.0/security-groups?id=9a9503b3-61ac-428e-a1b8-e6699a1cc02f&fields=id&fields=name HTTP/1.1" status: 200 len: 313 time: 0.0588052
2026-06-15 20:16:06.396 10 INFO neutron.wsgi [req-4a3b27be-b8fb-4871-ac25-0b0f82a14ce1 req-e8f76c73-ce99-4d93-86eb-0bef6437ae02 e998b3f8a0ec4c11be1bd2fac2b8cdfd e3e4c5b439b843df911641c597c1e8b2 - - bb44992846d24d4a95418caed5772138 bb44992846d24d4a95418caed5772138] 199.19.213.125 "GET /v2.0/networks?id=715b32ec-1101-43f3-a7ed-0e7b3e25efea HTTP/1.1" status: 200 len: 973 time: 0.0608265
2026-06-15 20:16:06.417 9 INFO neutron.wsgi [req-9b1cf0ca-9bd3-4c58-92e7-8470ef305416 req-fb9f11f3-e026-4fd2-8287-3e36e7df8f34 e998b3f8a0ec4c11be1bd2fac2b8cdfd e3e4c5b439b843df911641c597c1e8b2 - - bb44992846d24d4a95418caed5772138 bb44992846d24d4a95418caed5772138] 199.19.213.125 "GET /v2.0/ports?tenant_id=27de3d4c883e41029216191a6307b526&device_id=5c4dcd97-25fe-4545-b3ef-7db976e44008 HTTP/1.1" status: 200 len: 1411 time: 0.0469477
2026-06-15 20:16:06.441 10 INFO neutron.wsgi [req-4a3b27be-b8fb-4871-ac25-0b0f82a14ce1 req-d77b9e04-e8d4-45ef-8cb3-e2766d8e4dea e998b3f8a0ec4c11be1bd2fac2b8cdfd e3e4c5b439b843df911641c597c1e8b2 - - bb44992846d24d4a95418caed5772138 bb44992846d24d4a95418caed5772138] 199.19.213.125 "GET /v2.0/floatingips?fixed_ip_address=10.100.0.10&port_id=573ad599-6ed5-4564-be5f-80fcf5a12bc8 HTTP/1.1" status: 200 len: 1060 time: 0.0364759
2026-06-15 20:16:06.445 9 INFO neutron.wsgi [req-9b1cf0ca-9bd3-4c58-92e7-8470ef305416 req-f096179a-e55e-4b87-b491-dd66007bb444 e998b3f8a0ec4c11be1bd2fac2b8cdfd e3e4c5b439b843df911641c597c1e8b2 - - bb44992846d24d4a95418caed5772138 bb44992846d24d4a95418caed5772138] 199.19.213.125 "GET /v2.0/floatingips?fixed_ip_address=10.100.0.14&port_id=a18048f9-41a2-4da4-9f70-2f5e68f6b87c HTTP/1.1" status: 200 len: 217 time: 0.0226338
2026-06-15 20:16:06.487 10 INFO neutron.wsgi [req-4a3b27be-b8fb-4871-ac25-0b0f82a14ce1 req-86ecc595-3875-4213-9031-c47a5393032b e998b3f8a0ec4c11be1bd2fac2b8cdfd e3e4c5b439b843df911641c597c1e8b2 - - bb44992846d24d4a95418caed5772138 bb44992846d24d4a95418caed5772138] 199.19.213.125 "GET /v2.0/subnets?id=94687c42-f7ad-47b0-a13b-318b4bcc3e75 HTTP/1.1" status: 200 len: 868 time: 0.0340686
2026-06-15 20:16:06.507 9 INFO neutron.wsgi [req-9b1cf0ca-9bd3-4c58-92e7-8470ef305416 req-5499ae20-8c91-4960-adcf-4cc0dfefecd9 e998b3f8a0ec4c11be1bd2fac2b8cdfd e3e4c5b439b843df911641c597c1e8b2 - - bb44992846d24d4a95418caed5772138 bb44992846d24d4a95418caed5772138] 199.19.213.125 "GET /v2.0/subnets?id=e80932bf-8aa3-478c-aab6-9d278135dc1e HTTP/1.1" status: 200 len: 873 time: 0.0544057
2026-06-15 20:16:06.517 10 INFO neutron.wsgi [req-4a3b27be-b8fb-4871-ac25-0b0f82a14ce1 req-83359027-9e9d-4217-b26e-68c9f5e16d9a e998b3f8a0ec4c11be1bd2fac2b8cdfd e3e4c5b439b843df911641c597c1e8b2 - - bb44992846d24d4a95418caed5772138 bb44992846d24d4a95418caed5772138] 199.19.213.125 "GET /v2.0/ports?network_id=715b32ec-1101-43f3-a7ed-0e7b3e25efea&device_owner=network%3Adhcp HTTP/1.1" status: 200 len: 210 time: 0.0230117
2026-06-15 20:16:06.535 9 INFO neutron.wsgi [req-9b1cf0ca-9bd3-4c58-92e7-8470ef305416 req-e70856cc-d5a7-4649-bbc0-44d6d245363c e998b3f8a0ec4c11be1bd2fac2b8cdfd e3e4c5b439b843df911641c597c1e8b2 - - bb44992846d24d4a95418caed5772138 bb44992846d24d4a95418caed5772138] 199.19.213.125 "GET /v2.0/ports?network_id=d12338ac-6c42-4eef-be57-a584d9732002&device_owner=network%3Adhcp HTTP/1.1" status: 200 len: 210 time: 0.0195756
2026-06-15 20:16:06.544 9 INFO neutron.wsgi [req-69b7925e-acfd-48b1-9931-6ce98e794b53 req-a871030b-6c28-476c-b21a-345a4b619638 6c1689caac834da48aa0c7eb3cac4af2 2927c6cbecb044cb957d8480d39e1d83 - - default default] 10.0.0.73 "GET /v2.0/ports?device_id=c298dbf2-ff14-4ae5-809f-0145437a7beb HTTP/1.1" status: 200 len: 1348 time: 0.0582659
2026-06-15 20:16:06.581 10 INFO neutron.wsgi [req-4a3b27be-b8fb-4871-ac25-0b0f82a14ce1 req-8a3ab13d-18f3-45ee-ab7c-f947a113003a e998b3f8a0ec4c11be1bd2fac2b8cdfd e3e4c5b439b843df911641c597c1e8b2 - - bb44992846d24d4a95418caed5772138 bb44992846d24d4a95418caed5772138] 199.19.213.125 "GET /v2.0/networks/715b32ec-1101-43f3-a7ed-0e7b3e25efea?fields=segments HTTP/1.1" status: 200 len: 212 time: 0.0592299
2026-06-15 20:16:06.607 9 INFO neutron.wsgi [req-69b7925e-acfd-48b1-9931-6ce98e794b53 req-ba6a899d-5483-4fb6-a154-68ff20a2b9de 6c1689caac834da48aa0c7eb3cac4af2 2927c6cbecb044cb957d8480d39e1d83 - - default default] 10.0.0.73 "GET /v2.0/security-groups?id=9bc766c7-999f-4093-97e4-148f0051b102&fields=id&fields=name HTTP/1.1" status: 200 len: 313 time: 0.0518916
2026-06-15 20:16:06.616 9 INFO neutron.wsgi [req-9b1cf0ca-9bd3-4c58-92e7-8470ef305416 req-27f28903-5558-47c9-8bb2-2efa9c9221ca e998b3f8a0ec4c11be1bd2fac2b8cdfd e3e4c5b439b843df911641c597c1e8b2 - - bb44992846d24d4a95418caed5772138 bb44992846d24d4a95418caed5772138] 199.19.213.125 "GET /v2.0/networks/d12338ac-6c42-4eef-be57-a584d9732002?fields=segments HTTP/1.1" status: 200 len: 212 time: 0.0718374
2026-06-15 20:16:06.659 10 INFO neutron.wsgi [req-4a3b27be-b8fb-4871-ac25-0b0f82a14ce1 req-05fbc84f-749e-424a-b871-c17fec38e44a e998b3f8a0ec4c11be1bd2fac2b8cdfd e3e4c5b439b843df911641c597c1e8b2 - - bb44992846d24d4a95418caed5772138 bb44992846d24d4a95418caed5772138] 199.19.213.125 "GET /v2.0/networks/715b32ec-1101-43f3-a7ed-0e7b3e25efea?fields=provider%3Aphysical_network&fields=provider%3Anetwork_type HTTP/1.1" status: 200 len: 277 time: 0.0704634
2026-06-15 20:16:06.687 9 INFO neutron.wsgi [req-9b1cf0ca-9bd3-4c58-92e7-8470ef305416 req-79c1ac2e-c4d1-4743-8cb3-5733f74d8b93 e998b3f8a0ec4c11be1bd2fac2b8cdfd e3e4c5b439b843df911641c597c1e8b2 - - bb44992846d24d4a95418caed5772138 bb44992846d24d4a95418caed5772138] 199.19.213.125 "GET /v2.0/networks/d12338ac-6c42-4eef-be57-a584d9732002?fields=provider%3Aphysical_network&fields=provider%3Anetwork_type HTTP/1.1" status: 200 len: 277 time: 0.0619917
2026-06-15 20:16:06.825 9 INFO neutron.wsgi [req-eb37110f-a9b1-441d-bd43-6c943f9aab88 req-31f2dfd1-c9fd-4ec6-af97-f016d0c5780e 6c1689caac834da48aa0c7eb3cac4af2 2927c6cbecb044cb957d8480d39e1d83 - - default default] 199.19.213.125 "GET /v2.0/ports?device_id=c298dbf2-ff14-4ae5-809f-0145437a7beb&device_owner=compute%3Anova&fixed_ips=ip_address%3D10.100.0.5 HTTP/1.1" status: 200 len: 1348 time: 0.0725489
2026-06-15 20:16:06.845 9 INFO neutron.wsgi [req-48741681-cfe5-4f66-8337-261a50345f6e req-639d26e0-f012-4c3a-bd1d-25f0e4e9663f e9bcd111d0df4d6e900e0582749673c5 b28d0cc5cb204c11841c267b4ac0df68 - - default default] 10.0.0.73 "GET /v2.0/ports?device_id=8dcdb472-0a84-4c87-9d3b-593a3378127e HTTP/1.1" status: 200 len: 1174 time: 0.0552289
2026-06-15 20:16:06.904 9 INFO neutron.wsgi [req-48741681-cfe5-4f66-8337-261a50345f6e req-795fb0fe-8e49-4087-afdf-4465464ba9af e9bcd111d0df4d6e900e0582749673c5 b28d0cc5cb204c11841c267b4ac0df68 - - default default] 10.0.0.73 "GET /v2.0/security-groups?id=95145021-f053-45a3-a90f-9f236b70fef5&fields=id&fields=name HTTP/1.1" status: 200 len: 312 time: 0.0500736
2026-06-15 20:16:06.986 10 INFO neutron.plugins.ml2.drivers.ovn.mech_driver.mech_driver [None req-0d1ee76d-1634-4522-9c65-e7b936d81835 - - - - - -] OVN reports status down for port: 573ad599-6ed5-4564-be5f-80fcf5a12bc8
2026-06-15 20:16:07.319 9 INFO neutron.wsgi [req-6ff0abb0-bccd-42ff-ae4f-696b41a1bd33 req-9603d778-1c14-46ab-8095-f71f20cc93e6 79c154ca530646a68cfe6d4f6410d2d5 27de3d4c883e41029216191a6307b526 - - default default] 10.0.0.73 "GET /v2.0/ports?device_id=5c4dcd97-25fe-4545-b3ef-7db976e44008 HTTP/1.1" status: 200 len: 1172 time: 0.0723948
2026-06-15 20:16:07.343 10 INFO neutron.db.ovn_revision_numbers_db [None req-0d1ee76d-1634-4522-9c65-e7b936d81835 - - - - - -] Successfully bumped revision number for resource 573ad599-6ed5-4564-be5f-80fcf5a12bc8 (type: ports) to 5
2026-06-15 20:16:07.423 9 INFO neutron.wsgi [req-6ff0abb0-bccd-42ff-ae4f-696b41a1bd33 req-21295a7e-d643-4e2d-8f2f-efeb6c7548d8 79c154ca530646a68cfe6d4f6410d2d5 27de3d4c883e41029216191a6307b526 - - default default] 10.0.0.73 "GET /v2.0/security-groups?id=1ccfe5d8-3d0c-41d0-87da-cee28206713f&fields=id&fields=name HTTP/1.1" status: 200 len: 313 time: 0.0901375
2026-06-15 20:16:07.437 9 INFO neutron.wsgi [req-6b95aac1-158c-4802-bb7a-68337020f2da req-183d413b-0779-41fd-90cf-b26da3b804d7 e9bcd111d0df4d6e900e0582749673c5 b28d0cc5cb204c11841c267b4ac0df68 - - default default] 10.0.0.73 "GET /v2.0/ports?device_id=8dcdb472-0a84-4c87-9d3b-593a3378127e HTTP/1.1" status: 200 len: 1174 time: 0.1889777 /var/lib/openstack/lib/python3.10/site-packages/pycadf/identifier.py:71: UserWarning: Invalid uuid: neutron. To ensure interoperability, identifiers should be a valid uuid. warnings.warn(('Invalid uuid: %s. To ensure interoperability, '
2026-06-15 20:16:07.477 10 INFO neutron.notifiers.nova [-] Nova event matching ['req-d474fc08-8db2-4c3a-9998-5b6d8b9648c7'] response: {'server_uuid': '8394ffd5-18f4-4b5b-807f-f9e48bd50ed2', 'name': 'network-vif-unplugged', 'status': 'completed', 'tag': '573ad599-6ed5-4564-be5f-80fcf5a12bc8', 'code': 200}
2026-06-15 20:16:07.549 9 INFO neutron.wsgi [req-7c4a064e-bdd9-41cd-94e0-8bbdbbf306f0 req-f500e1fb-8c55-4971-9758-fb278422ce0c a5941e16486d4b6981487e68120b8733 bc59fcc85e454d66b60ec169de79259b - - default default] 10.0.0.73 "GET /v2.0/ports?device_id=8394ffd5-18f4-4b5b-807f-f9e48bd50ed2 HTTP/1.1" status: 200 len: 1172 time: 0.0485940
2026-06-15 20:16:07.633 10 INFO neutron.plugins.ml2.drivers.ovn.mech_driver.mech_driver [None req-0d1ee76d-1634-4522-9c65-e7b936d81835 - - - - - -] OVN reports status up for port: 573ad599-6ed5-4564-be5f-80fcf5a12bc8
2026-06-15 20:16:07.655 10 INFO neutron.plugins.ml2.plugin [None req-0d1ee76d-1634-4522-9c65-e7b936d81835 - - - - - -] Attempt 1 to provision port 573ad599-6ed5-4564-be5f-80fcf5a12bc8
2026-06-15 20:16:07.665 9 INFO neutron.wsgi [req-7c4a064e-bdd9-41cd-94e0-8bbdbbf306f0 req-6a9cb6b0-2edd-4fb5-8a16-ea706072430a a5941e16486d4b6981487e68120b8733 bc59fcc85e454d66b60ec169de79259b - - default default] 10.0.0.73 "GET /v2.0/security-groups?id=9a9503b3-61ac-428e-a1b8-e6699a1cc02f&fields=id&fields=name HTTP/1.1" status: 200 len: 313 time: 0.1009324
2026-06-15 20:16:07.743 10 INFO neutron.db.l3_db [None req-792552fa-c196-4e77-8cb3-ae9b6e1179ab e9bcd111d0df4d6e900e0582749673c5 b28d0cc5cb204c11841c267b4ac0df68 - - default default] Floating IP 01223c3f-684c-47f6-9583-6181d6350577 associated. External IP: 10.96.250.217, port: 2b10a4e7-c7be-4814-9755-3d7a2f867354.
2026-06-15 20:16:07.820 9 INFO neutron.notifiers.nova [-] Nova event matching ['req-a5398d1c-37b1-48f7-b548-bb57eff367d2'] response: {'server_uuid': '8dcdb472-0a84-4c87-9d3b-593a3378127e', 'name': 'network-vif-plugged', 'status': 'completed', 'tag': '2b10a4e7-c7be-4814-9755-3d7a2f867354', 'code': 200}
2026-06-15 20:16:07.820 9 INFO neutron.notifiers.nova [-] Nova event matching ['req-a5398d1c-37b1-48f7-b548-bb57eff367d2'] response: {'name': 'network-changed', 'server_uuid': '5c4dcd97-25fe-4545-b3ef-7db976e44008', 'tag': 'a18048f9-41a2-4da4-9f70-2f5e68f6b87c', 'status': 'completed', 'code': 200}
2026-06-15 20:16:07.877 9 INFO neutron.db.ovn_revision_numbers_db [req-eb37110f-a9b1-441d-bd43-6c943f9aab88 req-531c3965-ebeb-42f9-b213-a833f7845751 6c1689caac834da48aa0c7eb3cac4af2 2927c6cbecb044cb957d8480d39e1d83 - - default default] Successfully bumped revision number for resource 885c2029-ff01-4f45-b0b4-fb6989d1f763 (type: ports) to 6
2026-06-15 20:16:07.896 9 INFO neutron.wsgi [req-eb37110f-a9b1-441d-bd43-6c943f9aab88 req-531c3965-ebeb-42f9-b213-a833f7845751 6c1689caac834da48aa0c7eb3cac4af2 2927c6cbecb044cb957d8480d39e1d83 - - default default] 199.19.213.125 "PUT /v2.0/ports/885c2029-ff01-4f45-b0b4-fb6989d1f763 HTTP/1.1" status: 200 len: 1167 time: 1.0658627 /var/lib/openstack/lib/python3.10/site-packages/pycadf/identifier.py:71: UserWarning: Invalid uuid: neutron. To ensure interoperability, identifiers should be a valid uuid. warnings.warn(('Invalid uuid: %s. To ensure interoperability, '
2026-06-15 20:16:07.949 10 INFO neutron.wsgi [req-35e75cbb-ea34-4acb-ba33-c65f18fb9f77 req-7fe713b0-43f3-44c8-b6ba-b34e0ff001a5 e998b3f8a0ec4c11be1bd2fac2b8cdfd e3e4c5b439b843df911641c597c1e8b2 - - bb44992846d24d4a95418caed5772138 bb44992846d24d4a95418caed5772138] 199.19.213.125 "GET /v2.0/ports?tenant_id=27de3d4c883e41029216191a6307b526&device_id=5c4dcd97-25fe-4545-b3ef-7db976e44008 HTTP/1.1" status: 200 len: 1411 time: 0.1062136
2026-06-15 20:16:07.961 9 INFO neutron.wsgi [req-eb37110f-a9b1-441d-bd43-6c943f9aab88 req-7a9c7fed-3915-4164-84ad-2d6fc2c3623a e998b3f8a0ec4c11be1bd2fac2b8cdfd e3e4c5b439b843df911641c597c1e8b2 - - bb44992846d24d4a95418caed5772138 bb44992846d24d4a95418caed5772138] 199.19.213.125 "GET /v2.0/ports?tenant_id=2927c6cbecb044cb957d8480d39e1d83&device_id=c298dbf2-ff14-4ae5-809f-0145437a7beb HTTP/1.1" status: 200 len: 1409 time: 0.0406556
2026-06-15 20:16:08.084 10 INFO neutron.wsgi [req-35e75cbb-ea34-4acb-ba33-c65f18fb9f77 req-3ff4621b-4f58-4b77-855b-dcca09e301f6 e998b3f8a0ec4c11be1bd2fac2b8cdfd e3e4c5b439b843df911641c597c1e8b2 - - bb44992846d24d4a95418caed5772138 bb44992846d24d4a95418caed5772138] 199.19.213.125 "GET /v2.0/networks?id=d12338ac-6c42-4eef-be57-a584d9732002 HTTP/1.1" status: 200 len: 978 time: 0.1149137
2026-06-15 20:16:08.109 9 INFO neutron.wsgi [req-eb37110f-a9b1-441d-bd43-6c943f9aab88 req-e6432f08-a97c-4f53-ada2-2e3ed6ce0210 e998b3f8a0ec4c11be1bd2fac2b8cdfd e3e4c5b439b843df911641c597c1e8b2 - - bb44992846d24d4a95418caed5772138 bb44992846d24d4a95418caed5772138] 199.19.213.125 "GET /v2.0/networks?id=9e834ef6-617a-437a-a8fa-44d2abe47e8a HTTP/1.1" status: 200 len: 981 time: 0.1381156 /var/lib/openstack/lib/python3.10/site-packages/pycadf/identifier.py:71: UserWarning: Invalid uuid: neutron. To ensure interoperability, identifiers should be a valid uuid. warnings.warn(('Invalid uuid: %s. To ensure interoperability, '
2026-06-15 20:16:08.214 9 INFO neutron.wsgi [req-eb37110f-a9b1-441d-bd43-6c943f9aab88 req-763c1757-8ca4-40cb-b3e3-73a60bcf9204 e998b3f8a0ec4c11be1bd2fac2b8cdfd e3e4c5b439b843df911641c597c1e8b2 - - bb44992846d24d4a95418caed5772138 bb44992846d24d4a95418caed5772138] 199.19.213.125 "GET /v2.0/floatingips?fixed_ip_address=10.100.0.4&port_id=885c2029-ff01-4f45-b0b4-fb6989d1f763 HTTP/1.1" status: 200 len: 1059 time: 0.0799282
2026-06-15 20:16:08.263 9 INFO neutron.wsgi [req-eb37110f-a9b1-441d-bd43-6c943f9aab88 req-3d739315-92cd-4989-aa04-629d5ea90e5d e998b3f8a0ec4c11be1bd2fac2b8cdfd e3e4c5b439b843df911641c597c1e8b2 - - bb44992846d24d4a95418caed5772138 bb44992846d24d4a95418caed5772138] 199.19.213.125 "GET /v2.0/subnets?id=d009f9b7-ddcb-412d-bae4-f73bb68e8bf5 HTTP/1.1" status: 200 len: 877 time: 0.0412025
2026-06-15 20:16:08.298 9 INFO neutron.wsgi [req-eb37110f-a9b1-441d-bd43-6c943f9aab88 req-a5847851-3aef-4cad-8e30-26ede7cb5e5c e998b3f8a0ec4c11be1bd2fac2b8cdfd e3e4c5b439b843df911641c597c1e8b2 - - bb44992846d24d4a95418caed5772138 bb44992846d24d4a95418caed5772138] 199.19.213.125 "GET /v2.0/ports?network_id=9e834ef6-617a-437a-a8fa-44d2abe47e8a&device_owner=network%3Adhcp HTTP/1.1" status: 200 len: 210 time: 0.0244124
2026-06-15 20:16:08.374 10 INFO neutron.wsgi [req-35e75cbb-ea34-4acb-ba33-c65f18fb9f77 req-f97f934a-973f-40c3-a5fc-97a41c70b0e0 e998b3f8a0ec4c11be1bd2fac2b8cdfd e3e4c5b439b843df911641c597c1e8b2 - - bb44992846d24d4a95418caed5772138 bb44992846d24d4a95418caed5772138] 199.19.213.125 "GET /v2.0/floatingips?fixed_ip_address=10.100.0.14&port_id=a18048f9-41a2-4da4-9f70-2f5e68f6b87c HTTP/1.1" status: 200 len: 217 time: 0.2811377
2026-06-15 20:16:08.398 9 INFO neutron.wsgi [req-eb37110f-a9b1-441d-bd43-6c943f9aab88 req-a7f87ee9-1e88-4d6a-b69b-74124dfb7de0 e998b3f8a0ec4c11be1bd2fac2b8cdfd e3e4c5b439b843df911641c597c1e8b2 - - bb44992846d24d4a95418caed5772138 bb44992846d24d4a95418caed5772138] 199.19.213.125 "GET /v2.0/networks/9e834ef6-617a-437a-a8fa-44d2abe47e8a?fields=segments HTTP/1.1" status: 200 len: 212 time: 0.0903432
2026-06-15 20:16:08.402 10 INFO neutron.db.ovn_revision_numbers_db [None req-792552fa-c196-4e77-8cb3-ae9b6e1179ab e9bcd111d0df4d6e900e0582749673c5 b28d0cc5cb204c11841c267b4ac0df68 - - default default] Successfully bumped revision number for resource 01223c3f-684c-47f6-9583-6181d6350577 (type: floatingips) to 1
2026-06-15 20:16:08.456 10 INFO neutron.wsgi [req-35e75cbb-ea34-4acb-ba33-c65f18fb9f77 req-65326614-cb56-405d-8fa7-712c3861e062 e998b3f8a0ec4c11be1bd2fac2b8cdfd e3e4c5b439b843df911641c597c1e8b2 - - bb44992846d24d4a95418caed5772138 bb44992846d24d4a95418caed5772138] 199.19.213.125 "GET /v2.0/subnets?id=e80932bf-8aa3-478c-aab6-9d278135dc1e HTTP/1.1" status: 200 len: 873 time: 0.0648680
2026-06-15 20:16:08.483 10 INFO neutron.db.ovn_revision_numbers_db [None req-0d1ee76d-1634-4522-9c65-e7b936d81835 - - - - - -] Successfully bumped revision number for resource 573ad599-6ed5-4564-be5f-80fcf5a12bc8 (type: ports) to 6
2026-06-15 20:16:08.485 9 INFO neutron.wsgi [req-eb37110f-a9b1-441d-bd43-6c943f9aab88 req-dc30090a-1e55-45b9-b809-ea96ddb15a87 e998b3f8a0ec4c11be1bd2fac2b8cdfd e3e4c5b439b843df911641c597c1e8b2 - - bb44992846d24d4a95418caed5772138 bb44992846d24d4a95418caed5772138] 199.19.213.125 "GET /v2.0/networks/9e834ef6-617a-437a-a8fa-44d2abe47e8a?fields=provider%3Aphysical_network&fields=provider%3Anetwork_type HTTP/1.1" status: 200 len: 277 time: 0.0820365
2026-06-15 20:16:08.496 10 INFO neutron.wsgi [req-35e75cbb-ea34-4acb-ba33-c65f18fb9f77 req-988779a1-1fe2-4f90-93d8-6a9ed4a66231 e998b3f8a0ec4c11be1bd2fac2b8cdfd e3e4c5b439b843df911641c597c1e8b2 - - bb44992846d24d4a95418caed5772138 bb44992846d24d4a95418caed5772138] 199.19.213.125 "GET /v2.0/ports?network_id=d12338ac-6c42-4eef-be57-a584d9732002&device_owner=network%3Adhcp HTTP/1.1" status: 200 len: 210 time: 0.0325975
2026-06-15 20:16:08.596 10 INFO neutron.plugins.ml2.drivers.ovn.mech_driver.mech_driver [None req-0d1ee76d-1634-4522-9c65-e7b936d81835 - - - - - -] OVN reports status up for port: a18048f9-41a2-4da4-9f70-2f5e68f6b87c
2026-06-15 20:16:08.608 9 INFO neutron.wsgi [req-d7ee7ad2-7076-4e46-aa64-6bd5e6bfe4d9 req-33d8e35c-6381-4227-83d1-d8373bc8d866 79c154ca530646a68cfe6d4f6410d2d5 27de3d4c883e41029216191a6307b526 - - default default] 10.0.0.73 "GET /v2.0/ports?device_id=5c4dcd97-25fe-4545-b3ef-7db976e44008 HTTP/1.1" status: 200 len: 1172 time: 0.1051834
2026-06-15 20:16:08.623 10 INFO neutron.plugins.ml2.plugin [None req-0d1ee76d-1634-4522-9c65-e7b936d81835 - - - - - -] Attempt 1 to provision port a18048f9-41a2-4da4-9f70-2f5e68f6b87c
2026-06-15 20:16:08.627 10 INFO neutron.db.ovn_revision_numbers_db [None req-792552fa-c196-4e77-8cb3-ae9b6e1179ab e9bcd111d0df4d6e900e0582749673c5 b28d0cc5cb204c11841c267b4ac0df68 - - default default] Successfully bumped revision number for resource 01223c3f-684c-47f6-9583-6181d6350577 (type: floatingips) to 2
2026-06-15 20:16:08.673 9 INFO neutron.wsgi [req-d7ee7ad2-7076-4e46-aa64-6bd5e6bfe4d9 req-6eed1ab6-a043-413c-ab22-aad11f8af396 79c154ca530646a68cfe6d4f6410d2d5 27de3d4c883e41029216191a6307b526 - - default default] 10.0.0.73 "GET /v2.0/security-groups?id=1ccfe5d8-3d0c-41d0-87da-cee28206713f&fields=id&fields=name HTTP/1.1" status: 200 len: 313 time: 0.0551412
2026-06-15 20:16:08.682 10 INFO neutron.wsgi [None req-792552fa-c196-4e77-8cb3-ae9b6e1179ab e9bcd111d0df4d6e900e0582749673c5 b28d0cc5cb204c11841c267b4ac0df68 - - default default] 10.0.0.2 "PUT /v2.0/floatingips/01223c3f-684c-47f6-9583-6181d6350577 HTTP/1.1" status: 200 len: 1050 time: 1.2333858
2026-06-15 20:16:08.686 10 INFO neutron.wsgi [req-35e75cbb-ea34-4acb-ba33-c65f18fb9f77 req-f4fba4c9-82e1-4e83-91fa-8c20eea3906d e998b3f8a0ec4c11be1bd2fac2b8cdfd e3e4c5b439b843df911641c597c1e8b2 - - bb44992846d24d4a95418caed5772138 bb44992846d24d4a95418caed5772138] 199.19.213.125 "GET /v2.0/networks/d12338ac-6c42-4eef-be57-a584d9732002?fields=segments HTTP/1.1" status: 200 len: 212 time: 0.1813829 /var/lib/openstack/lib/python3.10/site-packages/pycadf/identifier.py:71: UserWarning: Invalid uuid: neutron. To ensure interoperability, identifiers should be a valid uuid. warnings.warn(('Invalid uuid: %s. To ensure interoperability, '
2026-06-15 20:16:08.783 9 INFO neutron.wsgi [req-cf3642e4-7fe7-4e49-9b2d-62e1ef0adaa6 req-68ea5aeb-c614-47cb-8226-b3dde4d18de3 e9bcd111d0df4d6e900e0582749673c5 b28d0cc5cb204c11841c267b4ac0df68 - - default default] 10.0.0.73 "GET /v2.0/ports?device_id=8dcdb472-0a84-4c87-9d3b-593a3378127e HTTP/1.1" status: 200 len: 1174 time: 0.0530338
2026-06-15 20:16:08.785 10 INFO neutron.wsgi [req-35e75cbb-ea34-4acb-ba33-c65f18fb9f77 req-6a318df5-2c9f-48a1-8449-1673e3b173db e998b3f8a0ec4c11be1bd2fac2b8cdfd e3e4c5b439b843df911641c597c1e8b2 - - bb44992846d24d4a95418caed5772138 bb44992846d24d4a95418caed5772138] 199.19.213.125 "GET /v2.0/networks/d12338ac-6c42-4eef-be57-a584d9732002?fields=provider%3Aphysical_network&fields=provider%3Anetwork_type HTTP/1.1" status: 200 len: 277 time: 0.0918980
2026-06-15 20:16:08.787 9 INFO neutron.wsgi [req-d75cad8d-75cd-4b47-acbf-cdac6ebd49fb req-2b3d1726-6f7e-41e3-bbcc-31af7111cf5c a5941e16486d4b6981487e68120b8733 bc59fcc85e454d66b60ec169de79259b - - default default] 10.0.0.73 "GET /v2.0/ports?device_id=8394ffd5-18f4-4b5b-807f-f9e48bd50ed2 HTTP/1.1" status: 200 len: 1174 time: 0.0548353
2026-06-15 20:16:08.845 9 INFO neutron.wsgi [req-d75cad8d-75cd-4b47-acbf-cdac6ebd49fb req-4995c6b8-4b76-4f8a-b059-5b2e161bb777 a5941e16486d4b6981487e68120b8733 bc59fcc85e454d66b60ec169de79259b - - default default] 10.0.0.73 "GET /v2.0/security-groups?id=9a9503b3-61ac-428e-a1b8-e6699a1cc02f&fields=id&fields=name HTTP/1.1" status: 200 len: 313 time: 0.0503769
2026-06-15 20:16:08.847 9 INFO neutron.wsgi [req-cf3642e4-7fe7-4e49-9b2d-62e1ef0adaa6 req-ea6477d3-f017-4c09-a4f5-f2ac13742f78 e9bcd111d0df4d6e900e0582749673c5 b28d0cc5cb204c11841c267b4ac0df68 - - default default] 10.0.0.73 "GET /v2.0/security-groups?id=95145021-f053-45a3-a90f-9f236b70fef5&fields=id&fields=name HTTP/1.1" status: 200 len: 312 time: 0.0541599
2026-06-15 20:16:09.040 10 INFO neutron.db.ovn_revision_numbers_db [None req-0d1ee76d-1634-4522-9c65-e7b936d81835 - - - - - -] Successfully bumped revision number for resource a18048f9-41a2-4da4-9f70-2f5e68f6b87c (type: ports) to 4
2026-06-15 20:16:09.145 9 INFO neutron.plugins.ml2.drivers.ovn.mech_driver.mech_driver [None req-86914d21-580b-4721-979e-e4d514223fae - - - - - -] OVN reports status down for port: 885c2029-ff01-4f45-b0b4-fb6989d1f763
2026-06-15 20:16:09.230 9 INFO neutron.wsgi [req-1b022889-5846-4fb4-801f-98dc4c0bb79e req-eaed6326-9203-4ab4-82d8-3cdced9986ca 6c1689caac834da48aa0c7eb3cac4af2 2927c6cbecb044cb957d8480d39e1d83 - - default default] 10.0.0.73 "GET /v2.0/ports?device_id=c298dbf2-ff14-4ae5-809f-0145437a7beb HTTP/1.1" status: 200 len: 1170 time: 0.1499369
2026-06-15 20:16:09.286 9 INFO neutron.wsgi [req-f843b450-03ad-43fb-be01-81c18f36f846 req-de7258be-2ee9-4837-9c81-acb358e6706d e9bcd111d0df4d6e900e0582749673c5 b28d0cc5cb204c11841c267b4ac0df68 - - default default] 10.0.0.73 "GET /v2.0/ports?device_id=8dcdb472-0a84-4c87-9d3b-593a3378127e HTTP/1.1" status: 200 len: 1174 time: 0.0628994
2026-06-15 20:16:09.337 9 INFO neutron.wsgi [req-1b022889-5846-4fb4-801f-98dc4c0bb79e req-db28e92b-35e8-4402-9f7c-5b7bea23ab19 6c1689caac834da48aa0c7eb3cac4af2 2927c6cbecb044cb957d8480d39e1d83 - - default default] 10.0.0.73 "GET /v2.0/security-groups?id=9bc766c7-999f-4093-97e4-148f0051b102&fields=id&fields=name HTTP/1.1" status: 200 len: 313 time: 0.0991399
2026-06-15 20:16:09.367 9 INFO neutron.wsgi [req-f843b450-03ad-43fb-be01-81c18f36f846 req-a32ba6f5-7013-4b41-95eb-e0bf854380a2 e9bcd111d0df4d6e900e0582749673c5 b28d0cc5cb204c11841c267b4ac0df68 - - default default] 10.0.0.73 "GET /v2.0/security-groups?id=95145021-f053-45a3-a90f-9f236b70fef5&fields=id&fields=name HTTP/1.1" status: 200 len: 312 time: 0.0685246 /var/lib/openstack/lib/python3.10/site-packages/pycadf/identifier.py:71: UserWarning: Invalid uuid: neutron. To ensure interoperability, identifiers should be a valid uuid. warnings.warn(('Invalid uuid: %s. To ensure interoperability, '
2026-06-15 20:16:09.509 10 INFO neutron.wsgi [req-b85ee44e-24f3-4f6b-92c4-d27530dca324 req-7d8904e7-e999-4206-90dc-9bd22a8a43d8 6c1689caac834da48aa0c7eb3cac4af2 2927c6cbecb044cb957d8480d39e1d83 - - default default] 199.19.213.125 "GET /v2.0/ports?device_id=c298dbf2-ff14-4ae5-809f-0145437a7beb HTTP/1.1" status: 200 len: 1168 time: 0.0534115
2026-06-15 20:16:09.531 10 INFO neutron.notifiers.nova [-] Nova event matching ['req-2bc46593-0ace-45bd-b348-7da27ccc384c'] response: {'server_uuid': '8394ffd5-18f4-4b5b-807f-f9e48bd50ed2', 'name': 'network-vif-plugged', 'status': 'completed', 'tag': '573ad599-6ed5-4564-be5f-80fcf5a12bc8', 'code': 200}
2026-06-15 20:16:09.531 10 INFO neutron.notifiers.nova [-] Nova event matching ['req-2bc46593-0ace-45bd-b348-7da27ccc384c'] response: {'server_uuid': '8394ffd5-18f4-4b5b-807f-f9e48bd50ed2', 'name': 'network-vif-plugged', 'status': 'completed', 'tag': '573ad599-6ed5-4564-be5f-80fcf5a12bc8', 'code': 200}
2026-06-15 20:16:09.531 10 INFO neutron.notifiers.nova [-] Nova event matching ['req-2bc46593-0ace-45bd-b348-7da27ccc384c'] response: {'server_uuid': '8394ffd5-18f4-4b5b-807f-f9e48bd50ed2', 'name': 'network-vif-plugged', 'status': 'completed', 'tag': '573ad599-6ed5-4564-be5f-80fcf5a12bc8', 'code': 200}
2026-06-15 20:16:09.531 10 INFO neutron.notifiers.nova [-] Nova event matching ['req-2bc46593-0ace-45bd-b348-7da27ccc384c'] response: {'name': 'network-changed', 'server_uuid': '8dcdb472-0a84-4c87-9d3b-593a3378127e', 'tag': '2b10a4e7-c7be-4814-9755-3d7a2f867354', 'status': 'completed', 'code': 200}
2026-06-15 20:16:09.532 10 INFO neutron.notifiers.nova [-] Nova event matching ['req-2bc46593-0ace-45bd-b348-7da27ccc384c'] response: {'server_uuid': '5c4dcd97-25fe-4545-b3ef-7db976e44008', 'name': 'network-vif-plugged', 'status': 'completed', 'tag': 'a18048f9-41a2-4da4-9f70-2f5e68f6b87c', 'code': 200}
