2026-06-15 20:18:33.816 9 INFO neutron.wsgi [None req-ebac0214-bf1b-415c-b221-200e8d6f9d4e 13d82598400049f58bd3b1564ab8627f e93b787fad1f44f5bca8d1de4d40aa6a - - default default] 10.0.0.2 "DELETE /v2.0/subnets/e70c6d66-9cc8-4065-9d48-0fcc03d6e3e8 HTTP/1.1" status: 404 len: 337 time: 0.0224059
2026-06-15 20:18:33.822 10 WARNING neutron.scheduler.dhcp_agent_scheduler [req-3796ae2d-50d5-4a40-b72b-e5a374cf8684 req-a1f782db-37d8-471a-a63d-c5ec2f3e9af5 96d87f18fa0c4733bb13a58f273117e0 f5267e4c1aa8464f9a82a73eb19c9817 - - default default] No more DHCP agents
2026-06-15 20:18:33.830 10 WARNING neutron.api.rpc.agentnotifiers.dhcp_rpc_agent_api [req-3796ae2d-50d5-4a40-b72b-e5a374cf8684 req-a1f782db-37d8-471a-a63d-c5ec2f3e9af5 96d87f18fa0c4733bb13a58f273117e0 f5267e4c1aa8464f9a82a73eb19c9817 - - default default] Unable to schedule network bead4ea3-d349-40a0-8f54-1da3a4e57863: no agents available; will retry on subsequent port and subnet creation events.
2026-06-15 20:18:33.845 9 INFO neutron.wsgi [None req-feb6b807-bd31-449c-9861-28283ba833d4 13d82598400049f58bd3b1564ab8627f e93b787fad1f44f5bca8d1de4d40aa6a - - default default] 10.0.0.2 "GET /v2.0/ports?device_id=f444d751-8230-40fb-a514-1ce157cb04b1 HTTP/1.1" status: 200 len: 205 time: 0.0240030
2026-06-15 20:18:33.899 9 INFO neutron.api.v2.resource [None req-eb1893f8-c768-4ac2-8092-cc3de57a2dee 13d82598400049f58bd3b1564ab8627f e93b787fad1f44f5bca8d1de4d40aa6a - - default default] delete failed (client error): The resource could not be found.
2026-06-15 20:18:33.900 9 INFO neutron.wsgi [None req-eb1893f8-c768-4ac2-8092-cc3de57a2dee 13d82598400049f58bd3b1564ab8627f e93b787fad1f44f5bca8d1de4d40aa6a - - default default] 10.0.0.2 "DELETE /v2.0/routers/f444d751-8230-40fb-a514-1ce157cb04b1 HTTP/1.1" status: 404 len: 336 time: 0.0480211
2026-06-15 20:18:33.944 9 INFO neutron.pecan_wsgi.hooks.translation [None req-f05fa8b4-0913-4b0d-a62d-61953b383f30 13d82598400049f58bd3b1564ab8627f e93b787fad1f44f5bca8d1de4d40aa6a - - default default] DELETE failed (client error): The resource could not be found.
2026-06-15 20:18:33.947 9 INFO neutron.wsgi [None req-f05fa8b4-0913-4b0d-a62d-61953b383f30 13d82598400049f58bd3b1564ab8627f e93b787fad1f44f5bca8d1de4d40aa6a - - default default] 10.0.0.2 "DELETE /v2.0/subnets/a9015b46-2c68-48b9-89d9-e0fb2595867e HTTP/1.1" status: 404 len: 337 time: 0.0395973 /var/lib/openstack/lib/python3.10/site-packages/pycadf/identifier.py:71: UserWarning: Invalid uuid: neutron. To ensure interoperability, identifiers should be a valid uuid. warnings.warn(('Invalid uuid: %s. To ensure interoperability, '
2026-06-15 20:18:33.967 9 INFO neutron.wsgi [req-d91afe46-cc42-4a2d-9403-6eabc8df877a req-6502ad53-aa0b-4e32-a645-a972cfdc78f3 96d87f18fa0c4733bb13a58f273117e0 f5267e4c1aa8464f9a82a73eb19c9817 - - default default] 10.0.0.73 "GET /v2.0/ports?device_id=32fca840-fe05-4a52-b25e-e351b8937aa4 HTTP/1.1" status: 200 len: 1160 time: 0.0705135
2026-06-15 20:18:33.990 10 INFO neutron.db.ovn_revision_numbers_db [None req-f6525793-d66f-48d0-84f8-dde9947c73e5 c5566c77d8554827b04219e520158dcc ff953eb8fa8744029a526014db8e6272 - - default default] Successfully bumped revision number for resource daf6ac1d-a7a6-49e0-b06e-8645b130d7e3 (type: security_groups) to 1
2026-06-15 20:18:33.992 10 INFO neutron.wsgi [None req-3bac4e19-bb01-478c-9a8f-1ed5c1d916c1 13d82598400049f58bd3b1564ab8627f e93b787fad1f44f5bca8d1de4d40aa6a - - default default] 10.0.0.2 "GET /v2.0/ports?device_id=8a7dfb9c-c01c-4091-8e09-32f518b981d6 HTTP/1.1" status: 200 len: 205 time: 0.0384901
2026-06-15 20:18:34.016 9 INFO neutron.wsgi [req-d91afe46-cc42-4a2d-9403-6eabc8df877a req-c4aa65d4-a9c4-4ac9-a2d2-681760370f51 96d87f18fa0c4733bb13a58f273117e0 f5267e4c1aa8464f9a82a73eb19c9817 - - default default] 10.0.0.73 "GET /v2.0/security-groups?id=ad70717b-f8dd-4512-a6bb-5d26ed4f6719&fields=id&fields=name HTTP/1.1" status: 200 len: 286 time: 0.0414710
2026-06-15 20:18:34.027 10 INFO neutron.api.v2.resource [None req-40c643bb-7fa9-4ec9-a5cd-8a344c08a3eb 13d82598400049f58bd3b1564ab8627f e93b787fad1f44f5bca8d1de4d40aa6a - - default default] delete failed (client error): The resource could not be found.
2026-06-15 20:18:34.030 10 INFO neutron.wsgi [None req-40c643bb-7fa9-4ec9-a5cd-8a344c08a3eb 13d82598400049f58bd3b1564ab8627f e93b787fad1f44f5bca8d1de4d40aa6a - - default default] 10.0.0.2 "DELETE /v2.0/routers/8a7dfb9c-c01c-4091-8e09-32f518b981d6 HTTP/1.1" status: 404 len: 336 time: 0.0314982
2026-06-15 20:18:34.059 9 INFO neutron.pecan_wsgi.hooks.translation [None req-7427272b-7bc6-4abf-bdad-c2a00a489167 13d82598400049f58bd3b1564ab8627f e93b787fad1f44f5bca8d1de4d40aa6a - - default default] DELETE failed (client error): The resource could not be found.
2026-06-15 20:18:34.062 9 INFO neutron.wsgi [None req-7427272b-7bc6-4abf-bdad-c2a00a489167 13d82598400049f58bd3b1564ab8627f e93b787fad1f44f5bca8d1de4d40aa6a - - default default] 10.0.0.2 "DELETE /v2.0/subnets/13793612-1d0b-44a3-8763-bc75f12f46cd HTTP/1.1" status: 404 len: 337 time: 0.0265284
2026-06-15 20:18:34.085 10 INFO neutron.db.ovn_revision_numbers_db [None req-f6525793-d66f-48d0-84f8-dde9947c73e5 c5566c77d8554827b04219e520158dcc ff953eb8fa8744029a526014db8e6272 - - default default] Successfully bumped revision number for resource 3619bfca-1b21-48bd-9304-da5e6c9f72b7 (type: security_group_rules) to 0
2026-06-15 20:18:34.101 10 INFO neutron.db.ovn_revision_numbers_db [req-3796ae2d-50d5-4a40-b72b-e5a374cf8684 req-a1f782db-37d8-471a-a63d-c5ec2f3e9af5 96d87f18fa0c4733bb13a58f273117e0 f5267e4c1aa8464f9a82a73eb19c9817 - - default default] Successfully bumped revision number for resource f7cc9211-2874-4b47-a9b4-5ab59eb4711f (type: ports) to 1
2026-06-15 20:18:34.109 9 INFO neutron.pecan_wsgi.hooks.translation [None req-0b997e51-7f06-4eb2-9cb1-cfd5a2263600 13d82598400049f58bd3b1564ab8627f e93b787fad1f44f5bca8d1de4d40aa6a - - default default] DELETE failed (client error): The resource could not be found.
2026-06-15 20:18:34.112 9 INFO neutron.wsgi [None req-0b997e51-7f06-4eb2-9cb1-cfd5a2263600 13d82598400049f58bd3b1564ab8627f e93b787fad1f44f5bca8d1de4d40aa6a - - default default] 10.0.0.2 "DELETE /v2.0/subnets/163a3aaf-8b66-485b-8064-83e043ed4761 HTTP/1.1" status: 404 len: 337 time: 0.0261154
2026-06-15 20:18:34.203 10 INFO neutron.db.ovn_revision_numbers_db [None req-f6525793-d66f-48d0-84f8-dde9947c73e5 c5566c77d8554827b04219e520158dcc ff953eb8fa8744029a526014db8e6272 - - default default] Successfully bumped revision number for resource 6cf01617-0629-44b6-93ee-a74ee76e8ea3 (type: security_group_rules) to 0
2026-06-15 20:18:34.212 10 INFO neutron.wsgi [req-3796ae2d-50d5-4a40-b72b-e5a374cf8684 req-a1f782db-37d8-471a-a63d-c5ec2f3e9af5 96d87f18fa0c4733bb13a58f273117e0 f5267e4c1aa8464f9a82a73eb19c9817 - - default default] 199.19.213.125 "POST /v2.0/ports HTTP/1.1" status: 201 len: 1162 time: 1.5377076
2026-06-15 20:18:34.295 10 INFO neutron.db.ovn_revision_numbers_db [None req-f6525793-d66f-48d0-84f8-dde9947c73e5 c5566c77d8554827b04219e520158dcc ff953eb8fa8744029a526014db8e6272 - - default default] Successfully bumped revision number for resource c2ff6c71-f778-4a3b-b5cc-0cc1066e4702 (type: security_group_rules) to 0
2026-06-15 20:18:34.461 10 INFO neutron.db.ovn_revision_numbers_db [None req-f6525793-d66f-48d0-84f8-dde9947c73e5 c5566c77d8554827b04219e520158dcc ff953eb8fa8744029a526014db8e6272 - - default default] Successfully bumped revision number for resource debd4649-aa0c-43c4-ac17-c4f704db76d6 (type: security_group_rules) to 0
2026-06-15 20:18:34.499 10 INFO neutron.wsgi [None req-f6525793-d66f-48d0-84f8-dde9947c73e5 c5566c77d8554827b04219e520158dcc ff953eb8fa8744029a526014db8e6272 - - default default] 10.0.0.2 "GET /v2.0/security-groups?tenant_id=5b3cad21cfb94c0f881dbcfb92d499fc&name=default HTTP/1.1" status: 200 len: 2996 time: 0.8450408
2026-06-15 20:18:35.002 10 INFO neutron.db.ovn_revision_numbers_db [req-3796ae2d-50d5-4a40-b72b-e5a374cf8684 req-8b5dd635-f16d-4e01-927b-3ae0f0afc609 e998b3f8a0ec4c11be1bd2fac2b8cdfd e3e4c5b439b843df911641c597c1e8b2 - - bb44992846d24d4a95418caed5772138 bb44992846d24d4a95418caed5772138] Successfully bumped revision number for resource f7cc9211-2874-4b47-a9b4-5ab59eb4711f (type: ports) to 2
2026-06-15 20:18:35.136 9 INFO neutron.wsgi [req-72f56b50-019e-4ca4-adbb-1d4cf3ecc2b0 req-6440fde2-a282-494d-a094-3500bcd4ae18 96d87f18fa0c4733bb13a58f273117e0 f5267e4c1aa8464f9a82a73eb19c9817 - - default default] 10.0.0.73 "GET /v2.0/ports?device_id=32fca840-fe05-4a52-b25e-e351b8937aa4 HTTP/1.1" status: 200 len: 1172 time: 0.0524988
2026-06-15 20:18:35.183 9 INFO neutron.wsgi [req-72f56b50-019e-4ca4-adbb-1d4cf3ecc2b0 req-712becd7-3314-4299-9b4a-debe73bb30a3 96d87f18fa0c4733bb13a58f273117e0 f5267e4c1aa8464f9a82a73eb19c9817 - - default default] 10.0.0.73 "GET /v2.0/security-groups?id=ad70717b-f8dd-4512-a6bb-5d26ed4f6719&fields=id&fields=name HTTP/1.1" status: 200 len: 286 time: 0.0409753 /var/lib/openstack/lib/python3.10/site-packages/pycadf/identifier.py:71: UserWarning: Invalid uuid: neutron. To ensure interoperability, identifiers should be a valid uuid. warnings.warn(('Invalid uuid: %s. To ensure interoperability, '
2026-06-15 20:18:35.342 10 INFO neutron.wsgi [None req-1d4ed2ef-0403-44aa-b987-ee2ad9594034 c5566c77d8554827b04219e520158dcc ff953eb8fa8744029a526014db8e6272 - - default default] 10.0.0.2 "GET /v2.0/security-groups?tenant_id=e93b787fad1f44f5bca8d1de4d40aa6a&name=default HTTP/1.1" status: 200 len: 2996 time: 0.2369337
2026-06-15 20:18:35.653 10 INFO neutron.wsgi [None req-3c14fd57-c334-4793-92ed-4e0bbe49592c c5566c77d8554827b04219e520158dcc ff953eb8fa8744029a526014db8e6272 - - default default] 10.0.0.2 "DELETE /v2.0/security-groups/daf6ac1d-a7a6-49e0-b06e-8645b130d7e3 HTTP/1.1" status: 204 len: 168 time: 1.1481843
2026-06-15 20:18:35.831 10 INFO neutron.db.ovn_revision_numbers_db [req-3796ae2d-50d5-4a40-b72b-e5a374cf8684 req-8b5dd635-f16d-4e01-927b-3ae0f0afc609 e998b3f8a0ec4c11be1bd2fac2b8cdfd e3e4c5b439b843df911641c597c1e8b2 - - bb44992846d24d4a95418caed5772138 bb44992846d24d4a95418caed5772138] Successfully bumped revision number for resource f7cc9211-2874-4b47-a9b4-5ab59eb4711f (type: ports) to 2
2026-06-15 20:18:35.852 10 INFO neutron.wsgi [req-3796ae2d-50d5-4a40-b72b-e5a374cf8684 req-8b5dd635-f16d-4e01-927b-3ae0f0afc609 e998b3f8a0ec4c11be1bd2fac2b8cdfd e3e4c5b439b843df911641c597c1e8b2 - - bb44992846d24d4a95418caed5772138 bb44992846d24d4a95418caed5772138] 199.19.213.125 "PUT /v2.0/ports/f7cc9211-2874-4b47-a9b4-5ab59eb4711f HTTP/1.1" status: 200 len: 1380 time: 1.6317520
2026-06-15 20:18:35.907 10 INFO neutron.notifiers.nova [-] Nova event matching ['req-884af4b4-f2db-4e7c-9c45-3a8a9def8ca1'] response: {'name': 'network-changed', 'server_uuid': '32fca840-fe05-4a52-b25e-e351b8937aa4', 'tag': 'f7cc9211-2874-4b47-a9b4-5ab59eb4711f', 'status': 'completed', 'code': 200}
2026-06-15 20:18:35.933 10 INFO neutron.wsgi [None req-6a84940a-f87b-4cd1-bc13-a851a671511a c5566c77d8554827b04219e520158dcc ff953eb8fa8744029a526014db8e6272 - - default default] 10.0.0.2 "DELETE /v2.0/security-groups/fba5bba6-776b-4375-9c67-af72a8c6688f HTTP/1.1" status: 204 len: 168 time: 0.5875473 /var/lib/openstack/lib/python3.10/site-packages/pycadf/identifier.py:71: UserWarning: Invalid uuid: neutron. To ensure interoperability, identifiers should be a valid uuid. warnings.warn(('Invalid uuid: %s. To ensure interoperability, '
2026-06-15 20:18:36.011 10 INFO neutron.wsgi [req-eab5fe02-8f08-4a43-9de6-42a3a14fa4d6 req-060a68fa-0cd1-45cb-b7b8-367fb4a3b4f8 e998b3f8a0ec4c11be1bd2fac2b8cdfd e3e4c5b439b843df911641c597c1e8b2 - - bb44992846d24d4a95418caed5772138 bb44992846d24d4a95418caed5772138] 199.19.213.125 "GET /v2.0/ports?tenant_id=f5267e4c1aa8464f9a82a73eb19c9817&device_id=32fca840-fe05-4a52-b25e-e351b8937aa4 HTTP/1.1" status: 200 len: 1411 time: 0.0687683
2026-06-15 20:18:36.164 10 INFO neutron.wsgi [req-eab5fe02-8f08-4a43-9de6-42a3a14fa4d6 req-ba84b25c-d46b-44eb-9be2-2010981f496e e998b3f8a0ec4c11be1bd2fac2b8cdfd e3e4c5b439b843df911641c597c1e8b2 - - bb44992846d24d4a95418caed5772138 bb44992846d24d4a95418caed5772138] 199.19.213.125 "GET /v2.0/networks?tenant_id=f5267e4c1aa8464f9a82a73eb19c9817&shared=False HTTP/1.1" status: 200 len: 971 time: 0.1459680
2026-06-15 20:18:36.351 10 INFO neutron.wsgi [req-eab5fe02-8f08-4a43-9de6-42a3a14fa4d6 req-0750c480-3aec-4de0-8baa-47b62320cc77 e998b3f8a0ec4c11be1bd2fac2b8cdfd e3e4c5b439b843df911641c597c1e8b2 - - bb44992846d24d4a95418caed5772138 bb44992846d24d4a95418caed5772138] 199.19.213.125 "GET /v2.0/networks?shared=True HTTP/1.1" status: 200 len: 952 time: 0.1793401
2026-06-15 20:18:36.379 9 INFO neutron.wsgi [req-e63779be-a30d-4593-96d4-097abe97eb45 req-4944f336-abda-4f80-aaad-ade74bdb6536 96d87f18fa0c4733bb13a58f273117e0 f5267e4c1aa8464f9a82a73eb19c9817 - - default default] 10.0.0.73 "GET /v2.0/ports?device_id=32fca840-fe05-4a52-b25e-e351b8937aa4 HTTP/1.1" status: 200 len: 1172 time: 0.1290145
2026-06-15 20:18:36.428 9 INFO neutron.wsgi [req-e63779be-a30d-4593-96d4-097abe97eb45 req-aaf85c85-5bb0-4353-8a24-09a1b5637531 96d87f18fa0c4733bb13a58f273117e0 f5267e4c1aa8464f9a82a73eb19c9817 - - default default] 10.0.0.73 "GET /v2.0/security-groups?id=ad70717b-f8dd-4512-a6bb-5d26ed4f6719&fields=id&fields=name HTTP/1.1" status: 200 len: 286 time: 0.0422237
2026-06-15 20:18:36.435 10 INFO neutron.wsgi [req-3796ae2d-50d5-4a40-b72b-e5a374cf8684 req-a8a4a601-50b3-4375-b5de-2d26130ce3ec e998b3f8a0ec4c11be1bd2fac2b8cdfd e3e4c5b439b843df911641c597c1e8b2 - - bb44992846d24d4a95418caed5772138 bb44992846d24d4a95418caed5772138] 199.19.213.125 "GET /v2.0/ports?tenant_id=f5267e4c1aa8464f9a82a73eb19c9817&device_id=32fca840-fe05-4a52-b25e-e351b8937aa4 HTTP/1.1" status: 200 len: 1411 time: 0.0479493
2026-06-15 20:18:36.468 9 INFO neutron.db.ovn_revision_numbers_db [None req-fb7f5629-73df-4ce9-b65f-f5c1061f65ab c5566c77d8554827b04219e520158dcc ff953eb8fa8744029a526014db8e6272 - - default default] Successfully bumped revision number for resource b78e4b4a-cbc0-4493-9feb-8597e72234d9 (type: security_groups) to 1
2026-06-15 20:18:36.486 10 INFO neutron.wsgi [req-3796ae2d-50d5-4a40-b72b-e5a374cf8684 req-a9d43f47-2e5c-49bf-bfb6-4342471450df e998b3f8a0ec4c11be1bd2fac2b8cdfd e3e4c5b439b843df911641c597c1e8b2 - - bb44992846d24d4a95418caed5772138 bb44992846d24d4a95418caed5772138] 199.19.213.125 "GET /v2.0/floatingips?fixed_ip_address=10.100.0.14&port_id=f7cc9211-2874-4b47-a9b4-5ab59eb4711f HTTP/1.1" status: 200 len: 217 time: 0.0342410
2026-06-15 20:18:36.522 10 INFO neutron.wsgi [req-3796ae2d-50d5-4a40-b72b-e5a374cf8684 req-99565029-f6eb-4081-bf1e-ca73215f7b0a e998b3f8a0ec4c11be1bd2fac2b8cdfd e3e4c5b439b843df911641c597c1e8b2 - - bb44992846d24d4a95418caed5772138 bb44992846d24d4a95418caed5772138] 199.19.213.125 "GET /v2.0/subnets?id=07bb63c4-5d88-4ed5-9b6f-30c3381fb912 HTTP/1.1" status: 200 len: 866 time: 0.0299761
2026-06-15 20:18:36.552 10 INFO neutron.wsgi [req-3796ae2d-50d5-4a40-b72b-e5a374cf8684 req-0ef43d90-bf85-442a-b306-fb854742465b e998b3f8a0ec4c11be1bd2fac2b8cdfd e3e4c5b439b843df911641c597c1e8b2 - - bb44992846d24d4a95418caed5772138 bb44992846d24d4a95418caed5772138] 199.19.213.125 "GET /v2.0/ports?network_id=bead4ea3-d349-40a0-8f54-1da3a4e57863&device_owner=network%3Adhcp HTTP/1.1" status: 200 len: 210 time: 0.0235796
2026-06-15 20:18:36.611 9 INFO neutron.db.ovn_revision_numbers_db [None req-fb7f5629-73df-4ce9-b65f-f5c1061f65ab c5566c77d8554827b04219e520158dcc ff953eb8fa8744029a526014db8e6272 - - default default] Successfully bumped revision number for resource 3b03e897-d7c8-4a68-bdbe-5d39ea95088b (type: security_group_rules) to 0
2026-06-15 20:18:36.621 10 INFO neutron.wsgi [req-3796ae2d-50d5-4a40-b72b-e5a374cf8684 req-341120c8-cce2-4b36-a033-2ae519345de3 e998b3f8a0ec4c11be1bd2fac2b8cdfd e3e4c5b439b843df911641c597c1e8b2 - - bb44992846d24d4a95418caed5772138 bb44992846d24d4a95418caed5772138] 199.19.213.125 "GET /v2.0/networks/bead4ea3-d349-40a0-8f54-1da3a4e57863?fields=segments HTTP/1.1" status: 200 len: 212 time: 0.0607841
2026-06-15 20:18:36.639 9 INFO neutron.db.ovn_revision_numbers_db [None req-fb7f5629-73df-4ce9-b65f-f5c1061f65ab c5566c77d8554827b04219e520158dcc ff953eb8fa8744029a526014db8e6272 - - default default] Successfully bumped revision number for resource 6f3ddea7-c370-4564-b9be-da62cb622c5e (type: security_group_rules) to 0
2026-06-15 20:18:36.652 10 WARNING neutron.plugins.ml2.drivers.ovn.mech_driver.ovsdb.ovn_client [None req-0d1ee76d-1634-4522-9c65-e7b936d81835 - - - - - -] No port found with ID 406edce1-9a9e-4cfb-8aa8-9b770ddecec6: RuntimeError: No port found with ID 406edce1-9a9e-4cfb-8aa8-9b770ddecec6
2026-06-15 20:18:36.682 9 INFO neutron.db.ovn_revision_numbers_db [None req-fb7f5629-73df-4ce9-b65f-f5c1061f65ab c5566c77d8554827b04219e520158dcc ff953eb8fa8744029a526014db8e6272 - - default default] Successfully bumped revision number for resource 8162983b-efc1-480b-b7b8-7c803939e02e (type: security_group_rules) to 0
2026-06-15 20:18:36.686 10 INFO neutron.wsgi [req-3796ae2d-50d5-4a40-b72b-e5a374cf8684 req-7c35f370-568b-4368-a274-798f5890b8fc e998b3f8a0ec4c11be1bd2fac2b8cdfd e3e4c5b439b843df911641c597c1e8b2 - - bb44992846d24d4a95418caed5772138 bb44992846d24d4a95418caed5772138] 199.19.213.125 "GET /v2.0/networks/bead4ea3-d349-40a0-8f54-1da3a4e57863?fields=provider%3Aphysical_network&fields=provider%3Anetwork_type HTTP/1.1" status: 200 len: 277 time: 0.0584280
2026-06-15 20:18:36.753 9 INFO neutron.db.ovn_revision_numbers_db [None req-fb7f5629-73df-4ce9-b65f-f5c1061f65ab c5566c77d8554827b04219e520158dcc ff953eb8fa8744029a526014db8e6272 - - default default] Successfully bumped revision number for resource e8e27e84-6ea4-4281-bf6f-18897d7fa756 (type: security_group_rules) to 0
2026-06-15 20:18:36.778 9 INFO neutron.wsgi [None req-fb7f5629-73df-4ce9-b65f-f5c1061f65ab c5566c77d8554827b04219e520158dcc ff953eb8fa8744029a526014db8e6272 - - default default] 10.0.0.2 "GET /v2.0/security-groups?tenant_id=c4d71bf8c2204edb8b5cb3937874a45c&name=default HTTP/1.1" status: 200 len: 2996 time: 0.7000837
2026-06-15 20:18:36.953 10 INFO neutron.plugins.ml2.drivers.ovn.mech_driver.mech_driver [None req-0d1ee76d-1634-4522-9c65-e7b936d81835 - - - - - -] OVN reports status up for port: f7cc9211-2874-4b47-a9b4-5ab59eb4711f
2026-06-15 20:18:37.040 10 WARNING neutron_lib.context [None req-3ad3a977-a7d0-411e-923e-f511bd3f69b1 636cdffa09314659bcabe0a39ec840e6 f80c9b07434b437eb5f5c183ad77c0ce - - default default] Method 'is_advsvc' is deprecated since 2023.2 release (neutron-lib 3.8.0) and will be removed once support for the old RBAC API policies will be removed from Neutron. Please use method 'is_service_role' instead.
2026-06-15 20:18:37.151 10 INFO neutron.plugins.ml2.plugin [None req-0d1ee76d-1634-4522-9c65-e7b936d81835 - - - - - -] Attempt 1 to provision port f7cc9211-2874-4b47-a9b4-5ab59eb4711f
2026-06-15 20:18:37.551 9 INFO neutron.wsgi [req-7cf8ba2e-1b08-40a8-927e-8bd959780338 req-50311b25-9fde-440c-b4d1-effa2a332a88 96d87f18fa0c4733bb13a58f273117e0 f5267e4c1aa8464f9a82a73eb19c9817 - - default default] 10.0.0.73 "GET /v2.0/ports?device_id=32fca840-fe05-4a52-b25e-e351b8937aa4 HTTP/1.1" status: 200 len: 1174 time: 0.0597401
2026-06-15 20:18:37.600 9 INFO neutron.wsgi [req-7cf8ba2e-1b08-40a8-927e-8bd959780338 req-3024ce5c-51df-4210-8fc7-ec16f2cd4400 96d87f18fa0c4733bb13a58f273117e0 f5267e4c1aa8464f9a82a73eb19c9817 - - default default] 10.0.0.73 "GET /v2.0/security-groups?id=ad70717b-f8dd-4512-a6bb-5d26ed4f6719&fields=id&fields=name HTTP/1.1" status: 200 len: 286 time: 0.0455570
2026-06-15 20:18:37.612 10 INFO neutron.wsgi [None req-ac7b7413-a16b-4721-a757-88f20b35935f c5566c77d8554827b04219e520158dcc ff953eb8fa8744029a526014db8e6272 - - default default] 10.0.0.2 "DELETE /v2.0/security-groups/b78e4b4a-cbc0-4493-9feb-8597e72234d9 HTTP/1.1" status: 204 len: 168 time: 0.8280320
2026-06-15 20:18:37.816 10 INFO neutron.db.ovn_revision_numbers_db [None req-0d1ee76d-1634-4522-9c65-e7b936d81835 - - - - - -] Successfully bumped revision number for resource f7cc9211-2874-4b47-a9b4-5ab59eb4711f (type: ports) to 4
2026-06-15 20:18:37.818 10 INFO neutron.db.ovn_revision_numbers_db [None req-3ad3a977-a7d0-411e-923e-f511bd3f69b1 636cdffa09314659bcabe0a39ec840e6 f80c9b07434b437eb5f5c183ad77c0ce - - default default] Successfully bumped revision number for resource 61d12555-a7ae-4854-be72-9d9e71a8f0f8 (type: security_groups) to 1
2026-06-15 20:18:37.894 10 INFO neutron.db.ovn_revision_numbers_db [None req-3ad3a977-a7d0-411e-923e-f511bd3f69b1 636cdffa09314659bcabe0a39ec840e6 f80c9b07434b437eb5f5c183ad77c0ce - - default default] Successfully bumped revision number for resource 0f304550-2c96-4f0b-8fee-7b281d6b5a74 (type: security_group_rules) to 0
2026-06-15 20:18:37.942 10 INFO neutron.notifiers.nova [-] Nova event matching ['req-569b3aed-1529-4c62-8e02-e5e1c543f68d'] response: {'server_uuid': '32fca840-fe05-4a52-b25e-e351b8937aa4', 'name': 'network-vif-plugged', 'status': 'completed', 'tag': 'f7cc9211-2874-4b47-a9b4-5ab59eb4711f', 'code': 200}
2026-06-15 20:18:37.942 10 INFO neutron.notifiers.nova [-] Nova event matching ['req-569b3aed-1529-4c62-8e02-e5e1c543f68d'] response: {'server_uuid': '32fca840-fe05-4a52-b25e-e351b8937aa4', 'name': 'network-vif-plugged', 'status': 'completed', 'tag': 'f7cc9211-2874-4b47-a9b4-5ab59eb4711f', 'code': 200}
2026-06-15 20:18:38.169 10 INFO neutron.db.ovn_revision_numbers_db [None req-3ad3a977-a7d0-411e-923e-f511bd3f69b1 636cdffa09314659bcabe0a39ec840e6 f80c9b07434b437eb5f5c183ad77c0ce - - default default] Successfully bumped revision number for resource 6d739b30-063a-4386-9689-487f0777fce5 (type: security_group_rules) to 0
2026-06-15 20:18:38.284 10 INFO neutron.db.ovn_revision_numbers_db [None req-3ad3a977-a7d0-411e-923e-f511bd3f69b1 636cdffa09314659bcabe0a39ec840e6 f80c9b07434b437eb5f5c183ad77c0ce - - default default] Successfully bumped revision number for resource acd5beec-341b-4462-a86f-c803367c4e17 (type: security_group_rules) to 0
2026-06-15 20:18:38.333 10 INFO neutron.db.ovn_revision_numbers_db [None req-3ad3a977-a7d0-411e-923e-f511bd3f69b1 636cdffa09314659bcabe0a39ec840e6 f80c9b07434b437eb5f5c183ad77c0ce - - default default] Successfully bumped revision number for resource be1f4f03-c4b6-48f0-9995-0e93a20eb7ca (type: security_group_rules) to 0
2026-06-15 20:18:38.643 10 INFO neutron.db.ovn_revision_numbers_db [None req-3ad3a977-a7d0-411e-923e-f511bd3f69b1 636cdffa09314659bcabe0a39ec840e6 f80c9b07434b437eb5f5c183ad77c0ce - - default default] Successfully bumped revision number for resource 4002ff05-46e0-4e18-aaeb-8fc77532bfa7 (type: security_groups) to 1
2026-06-15 20:18:38.771 9 INFO neutron.wsgi [req-5354c361-1178-4744-8a32-e4a2e72bfbde req-8173aa11-dd24-4ce0-916e-fa823f9be5eb 96d87f18fa0c4733bb13a58f273117e0 f5267e4c1aa8464f9a82a73eb19c9817 - - default default] 10.0.0.73 "GET /v2.0/ports?device_id=32fca840-fe05-4a52-b25e-e351b8937aa4 HTTP/1.1" status: 200 len: 1174 time: 0.0628283
2026-06-15 20:18:38.830 9 INFO neutron.wsgi [req-5354c361-1178-4744-8a32-e4a2e72bfbde req-fad461c9-036a-4cab-ab6e-4028f3a59762 96d87f18fa0c4733bb13a58f273117e0 f5267e4c1aa8464f9a82a73eb19c9817 - - default default] 10.0.0.73 "GET /v2.0/security-groups?id=ad70717b-f8dd-4512-a6bb-5d26ed4f6719&fields=id&fields=name HTTP/1.1" status: 200 len: 286 time: 0.0546689
2026-06-15 20:18:38.853 10 INFO neutron.db.ovn_revision_numbers_db [None req-3ad3a977-a7d0-411e-923e-f511bd3f69b1 636cdffa09314659bcabe0a39ec840e6 f80c9b07434b437eb5f5c183ad77c0ce - - default default] Successfully bumped revision number for resource 4717f856-47a7-4c1a-bb0b-8ca2595e8688 (type: security_group_rules) to 0 /var/lib/openstack/lib/python3.10/site-packages/pycadf/identifier.py:71: UserWarning: Invalid uuid: neutron. To ensure interoperability, identifiers should be a valid uuid. warnings.warn(('Invalid uuid: %s. To ensure interoperability, '
2026-06-15 20:18:38.921 10 INFO neutron.wsgi [None req-759a634c-9c14-4ca3-9359-a2ae1f93d1ba c5566c77d8554827b04219e520158dcc ff953eb8fa8744029a526014db8e6272 - - default default] 10.0.0.1 "GET /v2.0/floatingips HTTP/1.1" status: 200 len: 193 time: 0.1571054
2026-06-15 20:18:38.922 10 INFO neutron.db.ovn_revision_numbers_db [None req-3ad3a977-a7d0-411e-923e-f511bd3f69b1 636cdffa09314659bcabe0a39ec840e6 f80c9b07434b437eb5f5c183ad77c0ce - - default default] Successfully bumped revision number for resource f9bb348b-9623-4791-bbb7-e835ec4437e8 (type: security_group_rules) to 0
2026-06-15 20:18:38.953 10 INFO neutron.wsgi [None req-b5b759fd-009c-4a54-9b9f-83934ebda2c4 c5566c77d8554827b04219e520158dcc ff953eb8fa8744029a526014db8e6272 - - default default] 10.0.0.1 "GET /v2.0/network-ip-availabilities HTTP/1.1" status: 200 len: 1752 time: 0.0280380
2026-06-15 20:18:38.969 10 INFO neutron.wsgi [None req-3ad3a977-a7d0-411e-923e-f511bd3f69b1 636cdffa09314659bcabe0a39ec840e6 f80c9b07434b437eb5f5c183ad77c0ce - - default default] 10.0.0.2 "POST /v2.0/security-groups HTTP/1.1" status: 201 len: 1737 time: 2.1575570
2026-06-15 20:18:39.025 10 INFO neutron.wsgi [None req-a47b83a9-44f1-479f-beab-661cfd8f1c1c c5566c77d8554827b04219e520158dcc ff953eb8fa8744029a526014db8e6272 - - default default] 10.0.0.1 "GET /v2.0/subnets HTTP/1.1" status: 200 len: 2091 time: 0.0695267
2026-06-15 20:18:39.045 10 INFO neutron.wsgi [None req-75bc7622-1fd8-4689-9311-819cc5e2dae5 c5566c77d8554827b04219e520158dcc ff953eb8fa8744029a526014db8e6272 - - default default] 10.0.0.1 "GET /v2.0/subnetpools HTTP/1.1" status: 200 len: 193 time: 0.0166614
2026-06-15 20:18:39.058 10 INFO neutron.wsgi [None req-a673e21a-eb78-456b-af9a-440361ca60e9 636cdffa09314659bcabe0a39ec840e6 f80c9b07434b437eb5f5c183ad77c0ce - - default default] 10.0.0.2 "PUT /v2.0/security-groups/4002ff05-46e0-4e18-aaeb-8fc77532bfa7/tags HTTP/1.1" status: 200 len: 218 time: 0.0799303
2026-06-15 20:18:39.099 10 INFO neutron.wsgi [None req-2b393c2a-c224-4e35-a79b-61909b42c6a8 c5566c77d8554827b04219e520158dcc ff953eb8fa8744029a526014db8e6272 - - default default] 10.0.0.1 "GET /v2.0/subnets HTTP/1.1" status: 200 len: 2091 time: 0.0530386
2026-06-15 20:18:39.109 9 INFO neutron.wsgi [None req-92e3d614-744e-4dac-98a6-fc90660689e4 636cdffa09314659bcabe0a39ec840e6 f80c9b07434b437eb5f5c183ad77c0ce - - default default] 10.0.0.2 "GET /v2.0/security-groups/4002ff05-46e0-4e18-aaeb-8fc77532bfa7/tags HTTP/1.1" status: 200 len: 218 time: 0.0439141
2026-06-15 20:18:39.118 10 INFO neutron.wsgi [None req-0b35b0b0-1088-4701-bcee-fe256e7ee468 c5566c77d8554827b04219e520158dcc ff953eb8fa8744029a526014db8e6272 - - default default] 10.0.0.1 "GET /v2.0/agents HTTP/1.1" status: 200 len: 997 time: 0.0172732
2026-06-15 20:18:39.227 10 INFO neutron.wsgi [None req-2182be30-000a-4894-b7fd-6b24242b3647 636cdffa09314659bcabe0a39ec840e6 f80c9b07434b437eb5f5c183ad77c0ce - - default default] 10.0.0.2 "PUT /v2.0/security-groups/4002ff05-46e0-4e18-aaeb-8fc77532bfa7/tags/green HTTP/1.1" status: 201 len: 201 time: 0.1082759
2026-06-15 20:18:39.264 9 INFO neutron.wsgi [None req-a1535597-4baa-4238-9c4e-476503661b06 636cdffa09314659bcabe0a39ec840e6 f80c9b07434b437eb5f5c183ad77c0ce - - default default] 10.0.0.2 "GET /v2.0/security-groups/4002ff05-46e0-4e18-aaeb-8fc77532bfa7/tags HTTP/1.1" status: 200 len: 227 time: 0.0290959
2026-06-15 20:18:39.268 10 INFO neutron.wsgi [None req-419f4b1d-221c-41a5-8763-57f4cf17e989 c5566c77d8554827b04219e520158dcc ff953eb8fa8744029a526014db8e6272 - - default default] 10.0.0.1 "GET /v2.0/networks HTTP/1.1" status: 200 len: 3107 time: 0.1477165
2026-06-15 20:18:39.323 10 INFO neutron.wsgi [None req-6e632794-c46a-4cd2-b813-616e97d9de26 636cdffa09314659bcabe0a39ec840e6 f80c9b07434b437eb5f5c183ad77c0ce - - default default] 10.0.0.2 "PUT /v2.0/security-groups/4002ff05-46e0-4e18-aaeb-8fc77532bfa7/tags/red HTTP/1.1" status: 201 len: 201 time: 0.0447035
2026-06-15 20:18:39.370 9 INFO neutron.wsgi [None req-163fdfec-e5e4-4a63-9493-17788e4113c7 636cdffa09314659bcabe0a39ec840e6 f80c9b07434b437eb5f5c183ad77c0ce - - default default] 10.0.0.2 "GET /v2.0/security-groups/4002ff05-46e0-4e18-aaeb-8fc77532bfa7/tags HTTP/1.1" status: 200 len: 227 time: 0.0392244
2026-06-15 20:18:39.380 10 INFO neutron.wsgi [None req-7f99814d-92f5-43e0-b1d1-635f7c11c58d c5566c77d8554827b04219e520158dcc ff953eb8fa8744029a526014db8e6272 - - default default] 10.0.0.1 "GET /v2.0/security-groups HTTP/1.1" status: 200 len: 23904 time: 0.1091516
2026-06-15 20:18:39.425 9 INFO neutron.wsgi [None req-727073ef-46b3-40ce-b1bc-a40761baa5ad 636cdffa09314659bcabe0a39ec840e6 f80c9b07434b437eb5f5c183ad77c0ce - - default default] 10.0.0.2 "PUT /v2.0/security-groups/4002ff05-46e0-4e18-aaeb-8fc77532bfa7/tags/black.or.white HTTP/1.1" status: 201 len: 201 time: 0.0464544
2026-06-15 20:18:39.466 9 INFO neutron.wsgi [None req-06acd12e-a458-44a2-b9bb-610953ec6e90 636cdffa09314659bcabe0a39ec840e6 f80c9b07434b437eb5f5c183ad77c0ce - - default default] 10.0.0.2 "GET /v2.0/security-groups/4002ff05-46e0-4e18-aaeb-8fc77532bfa7/tags HTTP/1.1" status: 200 len: 245 time: 0.0366359
2026-06-15 20:18:39.484 10 INFO neutron.wsgi [None req-d87dce89-43ab-4d43-8e8d-23162c0b7f26 c5566c77d8554827b04219e520158dcc ff953eb8fa8744029a526014db8e6272 - - default default] 10.0.0.1 "GET /v2.0/ports HTTP/1.1" status: 200 len: 9778 time: 0.0966876
2026-06-15 20:18:39.521 10 INFO neutron.plugins.ml2.drivers.ovn.mech_driver.mech_driver [None req-0d1ee76d-1634-4522-9c65-e7b936d81835 - - - - - -] OVN reports status down for port: f7cc9211-2874-4b47-a9b4-5ab59eb4711f
2026-06-15 20:18:39.551 9 INFO neutron.wsgi [req-fc08887f-5115-4908-af54-65bc03f1e26f req-c2f54f33-547f-486d-aed4-997d9c1151b3 96d87f18fa0c4733bb13a58f273117e0 f5267e4c1aa8464f9a82a73eb19c9817 - - default default] 10.0.0.73 "GET /v2.0/ports?device_id=32fca840-fe05-4a52-b25e-e351b8937aa4 HTTP/1.1" status: 200 len: 1174 time: 0.0832474
2026-06-15 20:18:39.590 9 INFO neutron.wsgi [None req-68ebef6c-cf96-4340-af99-74c9fa484a11 636cdffa09314659bcabe0a39ec840e6 f80c9b07434b437eb5f5c183ad77c0ce - - default default] 10.0.0.2 "PUT /v2.0/security-groups/4002ff05-46e0-4e18-aaeb-8fc77532bfa7/tags HTTP/1.1" status: 200 len: 230 time: 0.1191669
2026-06-15 20:18:39.627 10 INFO neutron.wsgi [None req-89e125c5-9f9a-4f43-8118-3bf49980041c c5566c77d8554827b04219e520158dcc ff953eb8fa8744029a526014db8e6272 - - default default] 10.0.0.1 "GET /v2.0/routers HTTP/1.1" status: 200 len: 859 time: 0.1359453
2026-06-15 20:18:39.641 9 INFO neutron.wsgi [req-fc08887f-5115-4908-af54-65bc03f1e26f req-a44c9371-a048-4c22-a781-17a870dbbee2 96d87f18fa0c4733bb13a58f273117e0 f5267e4c1aa8464f9a82a73eb19c9817 - - default default] 10.0.0.73 "GET /v2.0/security-groups?id=ad70717b-f8dd-4512-a6bb-5d26ed4f6719&fields=id&fields=name HTTP/1.1" status: 200 len: 286 time: 0.0694194
2026-06-15 20:18:39.655 10 INFO neutron.wsgi [None req-cdc97b7a-d588-4a68-ab3d-6d4019000d47 c5566c77d8554827b04219e520158dcc ff953eb8fa8744029a526014db8e6272 - - default default] 10.0.0.1 "GET /v2.0/agents?binary=ovn-controller HTTP/1.1" status: 200 len: 591 time: 0.0265181
2026-06-15 20:18:39.657 10 INFO neutron.wsgi [None req-e92743bc-2efd-4dee-a4dc-18dd4aadcdfa 636cdffa09314659bcabe0a39ec840e6 f80c9b07434b437eb5f5c183ad77c0ce - - default default] 10.0.0.2 "GET /v2.0/security-groups/4002ff05-46e0-4e18-aaeb-8fc77532bfa7/tags HTTP/1.1" status: 200 len: 230 time: 0.0579591
2026-06-15 20:18:39.700 10 INFO neutron.wsgi [None req-dcda950f-81b3-4c8b-a981-213af907d0d2 636cdffa09314659bcabe0a39ec840e6 f80c9b07434b437eb5f5c183ad77c0ce - - default default] 10.0.0.2 "GET /v2.0/security-groups/4002ff05-46e0-4e18-aaeb-8fc77532bfa7/tags/red HTTP/1.1" status: 204 len: 168 time: 0.0381114
2026-06-15 20:18:39.737 9 INFO neutron.api.v2.resource [None req-61473972-f211-47dd-b902-34ceee8a41a1 636cdffa09314659bcabe0a39ec840e6 f80c9b07434b437eb5f5c183ad77c0ce - - default default] show failed (client error): The resource could not be found.
2026-06-15 20:18:39.738 9 INFO neutron.wsgi [None req-61473972-f211-47dd-b902-34ceee8a41a1 636cdffa09314659bcabe0a39ec840e6 f80c9b07434b437eb5f5c183ad77c0ce - - default default] 10.0.0.2 "GET /v2.0/security-groups/4002ff05-46e0-4e18-aaeb-8fc77532bfa7/tags/green HTTP/1.1" status: 404 len: 299 time: 0.0328796
2026-06-15 20:18:39.804 9 INFO neutron.wsgi [None req-451ce666-ea26-45c7-a7ce-4aa1c7068d89 636cdffa09314659bcabe0a39ec840e6 f80c9b07434b437eb5f5c183ad77c0ce - - default default] 10.0.0.2 "DELETE /v2.0/security-groups/4002ff05-46e0-4e18-aaeb-8fc77532bfa7/tags/red HTTP/1.1" status: 204 len: 168 time: 0.0599804
2026-06-15 20:18:39.841 9 INFO neutron.wsgi [None req-76ba68e8-a695-42fa-9d31-443d92874f7c 636cdffa09314659bcabe0a39ec840e6 f80c9b07434b437eb5f5c183ad77c0ce - - default default] 10.0.0.2 "GET /v2.0/security-groups/4002ff05-46e0-4e18-aaeb-8fc77532bfa7/tags HTTP/1.1" status: 200 len: 223 time: 0.0313060
2026-06-15 20:18:39.877 9 INFO neutron.api.v2.resource [None req-a776e828-5af4-4c9b-b139-d759f54a0ccb 636cdffa09314659bcabe0a39ec840e6 f80c9b07434b437eb5f5c183ad77c0ce - - default default] delete failed (client error): The resource could not be found.
2026-06-15 20:18:39.879 9 INFO neutron.wsgi [None req-a776e828-5af4-4c9b-b139-d759f54a0ccb 636cdffa09314659bcabe0a39ec840e6 f80c9b07434b437eb5f5c183ad77c0ce - - default default] 10.0.0.2 "DELETE /v2.0/security-groups/4002ff05-46e0-4e18-aaeb-8fc77532bfa7/tags/green HTTP/1.1" status: 404 len: 299 time: 0.0304449
2026-06-15 20:18:39.923 9 INFO neutron.wsgi [None req-9ade53d3-c495-41b7-a96e-8cbddd48d55e 636cdffa09314659bcabe0a39ec840e6 f80c9b07434b437eb5f5c183ad77c0ce - - default default] 10.0.0.2 "DELETE /v2.0/security-groups/4002ff05-46e0-4e18-aaeb-8fc77532bfa7/tags HTTP/1.1" status: 204 len: 168 time: 0.0391886
2026-06-15 20:18:39.958 9 INFO neutron.wsgi [None req-67f5c2a9-d374-481a-a686-3facb7402809 636cdffa09314659bcabe0a39ec840e6 f80c9b07434b437eb5f5c183ad77c0ce - - default default] 10.0.0.2 "GET /v2.0/security-groups/4002ff05-46e0-4e18-aaeb-8fc77532bfa7/tags HTTP/1.1" status: 200 len: 205 time: 0.0302250
2026-06-15 20:18:40.117 9 INFO neutron.wsgi [None req-3f9bc132-c0d3-47f7-8f42-cc3c37bf0add 636cdffa09314659bcabe0a39ec840e6 f80c9b07434b437eb5f5c183ad77c0ce - - default default] 10.0.0.2 "DELETE /v2.0/security-groups/4002ff05-46e0-4e18-aaeb-8fc77532bfa7 HTTP/1.1" status: 204 len: 168 time: 0.1526504
2026-06-15 20:18:40.227 10 INFO neutron.notifiers.nova [-] Nova event matching ['req-81110e43-2ca8-4500-b3e7-d8199f7711cc'] response: {'server_uuid': '32fca840-fe05-4a52-b25e-e351b8937aa4', 'name': 'network-vif-unplugged', 'status': 'completed', 'tag': 'f7cc9211-2874-4b47-a9b4-5ab59eb4711f', 'code': 200}
2026-06-15 20:18:40.232 10 INFO neutron.wsgi [req-55305598-582f-49ff-8e04-cff87378734b req-242b8db1-4614-49f2-8b88-84c17ce719bf 96d87f18fa0c4733bb13a58f273117e0 f5267e4c1aa8464f9a82a73eb19c9817 - - default default] 199.19.213.125 "GET /v2.0/ports?device_id=32fca840-fe05-4a52-b25e-e351b8937aa4 HTTP/1.1" status: 200 len: 1172 time: 0.4098105
2026-06-15 20:18:40.396 10 INFO neutron.db.ovn_revision_numbers_db [None req-0d1ee76d-1634-4522-9c65-e7b936d81835 - - - - - -] Successfully bumped revision number for resource f7cc9211-2874-4b47-a9b4-5ab59eb4711f (type: ports) to 5
2026-06-15 20:18:40.547 10 INFO neutron.wsgi [req-55305598-582f-49ff-8e04-cff87378734b req-adb835b6-d978-40f8-bd50-b8557f4ea501 96d87f18fa0c4733bb13a58f273117e0 f5267e4c1aa8464f9a82a73eb19c9817 - - default default] 199.19.213.125 "DELETE /v2.0/ports/f7cc9211-2874-4b47-a9b4-5ab59eb4711f HTTP/1.1" status: 204 len: 173 time: 0.3086097
2026-06-15 20:18:40.763 9 INFO neutron.wsgi [req-3d6a5173-ed2d-48c2-b6dc-0fefbe5b7e5a req-2b86f9dd-835d-4c87-9bf9-440e9105e80f 96d87f18fa0c4733bb13a58f273117e0 f5267e4c1aa8464f9a82a73eb19c9817 - - default default] 10.0.0.73 "GET /v2.0/ports?device_id=32fca840-fe05-4a52-b25e-e351b8937aa4 HTTP/1.1" status: 200 len: 210 time: 0.0251145
2026-06-15 20:18:40.790 9 INFO neutron.db.ovn_revision_numbers_db [None req-fa2cf164-c666-4358-9679-1ef6a19849a8 c5566c77d8554827b04219e520158dcc ff953eb8fa8744029a526014db8e6272 - - default default] Successfully bumped revision number for resource 70e816d0-9a0f-4aee-9024-c25786a37fca (type: security_groups) to 1
2026-06-15 20:18:40.812 9 INFO neutron.db.ovn_revision_numbers_db [None req-fa2cf164-c666-4358-9679-1ef6a19849a8 c5566c77d8554827b04219e520158dcc ff953eb8fa8744029a526014db8e6272 - - default default] Successfully bumped revision number for resource 01896851-9d8a-4009-9533-339bbc91e133 (type: security_group_rules) to 0
2026-06-15 20:18:40.836 9 INFO neutron.db.ovn_revision_numbers_db [None req-fa2cf164-c666-4358-9679-1ef6a19849a8 c5566c77d8554827b04219e520158dcc ff953eb8fa8744029a526014db8e6272 - - default default] Successfully bumped revision number for resource 23db71cc-e1e0-47f7-8c2c-5dffe8502f07 (type: security_group_rules) to 0
2026-06-15 20:18:40.850 9 INFO neutron.db.ovn_revision_numbers_db [None req-fa2cf164-c666-4358-9679-1ef6a19849a8 c5566c77d8554827b04219e520158dcc ff953eb8fa8744029a526014db8e6272 - - default default] Successfully bumped revision number for resource 51e97655-9a6e-4582-867d-5d51a0c4c844 (type: security_group_rules) to 0
2026-06-15 20:18:40.867 9 INFO neutron.db.ovn_revision_numbers_db [None req-fa2cf164-c666-4358-9679-1ef6a19849a8 c5566c77d8554827b04219e520158dcc ff953eb8fa8744029a526014db8e6272 - - default default] Successfully bumped revision number for resource 8f178a0b-66ed-4f36-977b-6ec966639f7a (type: security_group_rules) to 0
2026-06-15 20:18:40.893 9 INFO neutron.wsgi [None req-fa2cf164-c666-4358-9679-1ef6a19849a8 c5566c77d8554827b04219e520158dcc ff953eb8fa8744029a526014db8e6272 - - default default] 10.0.0.2 "GET /v2.0/security-groups?tenant_id=8b1d3323950a4aac9076c9aa92b3b84b&name=default HTTP/1.1" status: 200 len: 2996 time: 0.3967011
2026-06-15 20:18:41.157 9 INFO neutron.wsgi [None req-a3d2269e-b5ec-4537-a354-d2b6e886b66a c5566c77d8554827b04219e520158dcc ff953eb8fa8744029a526014db8e6272 - - default default] 10.0.0.2 "DELETE /v2.0/security-groups/70e816d0-9a0f-4aee-9024-c25786a37fca HTTP/1.1" status: 204 len: 168 time: 0.2591903
2026-06-15 20:18:41.423 9 INFO neutron.db.ovn_revision_numbers_db [None req-a06e2788-b286-47ee-8cd6-c9e1f9ed2571 c5566c77d8554827b04219e520158dcc ff953eb8fa8744029a526014db8e6272 - - default default] Successfully bumped revision number for resource 15e254d6-228c-4a4c-8491-78e010d3d55d (type: security_groups) to 1
2026-06-15 20:18:41.438 9 INFO neutron.db.ovn_revision_numbers_db [None req-a06e2788-b286-47ee-8cd6-c9e1f9ed2571 c5566c77d8554827b04219e520158dcc ff953eb8fa8744029a526014db8e6272 - - default default] Successfully bumped revision number for resource 0d75e97d-664e-4f4a-86fe-b5ae6cdd2d6a (type: security_group_rules) to 0
2026-06-15 20:18:41.453 9 INFO neutron.db.ovn_revision_numbers_db [None req-a06e2788-b286-47ee-8cd6-c9e1f9ed2571 c5566c77d8554827b04219e520158dcc ff953eb8fa8744029a526014db8e6272 - - default default] Successfully bumped revision number for resource 63de2fa7-6bc4-4d5d-b0f6-2eab0f881790 (type: security_group_rules) to 0
2026-06-15 20:18:41.467 9 INFO neutron.db.ovn_revision_numbers_db [None req-a06e2788-b286-47ee-8cd6-c9e1f9ed2571 c5566c77d8554827b04219e520158dcc ff953eb8fa8744029a526014db8e6272 - - default default] Successfully bumped revision number for resource 84d6180b-3c8a-4d41-98b8-59b2d1cdf7a6 (type: security_group_rules) to 0
2026-06-15 20:18:41.479 9 INFO neutron.db.ovn_revision_numbers_db [None req-a06e2788-b286-47ee-8cd6-c9e1f9ed2571 c5566c77d8554827b04219e520158dcc ff953eb8fa8744029a526014db8e6272 - - default default] Successfully bumped revision number for resource decdfd7b-5350-4db3-9a4f-54708ede687e (type: security_group_rules) to 0
2026-06-15 20:18:41.505 9 INFO neutron.wsgi [None req-a06e2788-b286-47ee-8cd6-c9e1f9ed2571 c5566c77d8554827b04219e520158dcc ff953eb8fa8744029a526014db8e6272 - - default default] 10.0.0.2 "GET /v2.0/security-groups?tenant_id=720bbdbaa99d4997acaee547633aba0a&name=default HTTP/1.1" status: 200 len: 2996 time: 0.4194806
2026-06-15 20:18:41.708 9 INFO neutron.wsgi [None req-e999d72c-ddd7-4893-b783-b7e761bd1864 c5566c77d8554827b04219e520158dcc ff953eb8fa8744029a526014db8e6272 - - default default] 10.0.0.2 "DELETE /v2.0/security-groups/15e254d6-228c-4a4c-8491-78e010d3d55d HTTP/1.1" status: 204 len: 168 time: 0.1979408
2026-06-15 20:18:41.873 9 INFO neutron.wsgi [None req-8b0147d2-a28b-4e44-92a0-92eab659d629 c5566c77d8554827b04219e520158dcc ff953eb8fa8744029a526014db8e6272 - - default default] 10.0.0.2 "GET /v2.0/security-groups?tenant_id=f80c9b07434b437eb5f5c183ad77c0ce&name=default HTTP/1.1" status: 200 len: 2996 time: 0.0650220
2026-06-15 20:18:42.116 9 WARNING neutron_lib.context [None req-710ca9a1-a3be-4298-a1b2-f0d0c0a1e566 31e463616cc14b93b67cfa5fafe0de60 b18832d987724fb785f30a7065275ffa - - default default] Method 'is_advsvc' is deprecated since 2023.2 release (neutron-lib 3.8.0) and will be removed once support for the old RBAC API policies will be removed from Neutron. Please use method 'is_service_role' instead.
2026-06-15 20:18:42.141 9 INFO neutron.wsgi [None req-ec52f649-3978-44b9-a5f0-613085787ccf c5566c77d8554827b04219e520158dcc ff953eb8fa8744029a526014db8e6272 - - default default] 10.0.0.2 "DELETE /v2.0/security-groups/61d12555-a7ae-4854-be72-9d9e71a8f0f8 HTTP/1.1" status: 204 len: 168 time: 0.2611125
2026-06-15 20:18:42.275 10 INFO neutron.notifiers.nova [-] Nova event matching ['req-8535709b-2530-486c-9755-71ae2860e84a'] response: {'server_uuid': '32fca840-fe05-4a52-b25e-e351b8937aa4', 'name': 'network-vif-plugged', 'status': 'completed', 'tag': 'f7cc9211-2874-4b47-a9b4-5ab59eb4711f', 'code': 200}
2026-06-15 20:18:42.276 10 INFO neutron.notifiers.nova [-] Nova event matching ['req-8535709b-2530-486c-9755-71ae2860e84a'] response: {'server_uuid': '32fca840-fe05-4a52-b25e-e351b8937aa4', 'name': 'network-vif-deleted', 'tag': 'f7cc9211-2874-4b47-a9b4-5ab59eb4711f', 'status': 'completed', 'code': 200}
2026-06-15 20:18:42.354 15 INFO neutron.plugins.ml2.drivers.ovn.mech_driver.ovsdb.maintenance [None req-da4c5ec3-ab00-4cfe-8774-3d7ca7521906 - - - - - -] Maintenance task: Synchronization finished (took 1.83 seconds)
2026-06-15 20:18:42.457 9 WARNING neutron.scheduler.dhcp_agent_scheduler [None req-710ca9a1-a3be-4298-a1b2-f0d0c0a1e566 31e463616cc14b93b67cfa5fafe0de60 b18832d987724fb785f30a7065275ffa - - default default] No more DHCP agents
2026-06-15 20:18:42.460 9 WARNING neutron.api.rpc.agentnotifiers.dhcp_rpc_agent_api [None req-710ca9a1-a3be-4298-a1b2-f0d0c0a1e566 31e463616cc14b93b67cfa5fafe0de60 b18832d987724fb785f30a7065275ffa - - default default] Unable to schedule network 1cc0b5b3-87bb-4949-a24d-83860ff0d0aa: no agents available; will retry on subsequent port and subnet creation events.
2026-06-15 20:18:42.833 9 INFO neutron.db.ovn_revision_numbers_db [None req-710ca9a1-a3be-4298-a1b2-f0d0c0a1e566 31e463616cc14b93b67cfa5fafe0de60 b18832d987724fb785f30a7065275ffa - - default default] Successfully bumped revision number for resource 2b02a0b2-f587-4220-8ecd-b78a41314929 (type: floatingips) to 0
2026-06-15 20:18:42.854 9 INFO neutron.wsgi [None req-710ca9a1-a3be-4298-a1b2-f0d0c0a1e566 31e463616cc14b93b67cfa5fafe0de60 b18832d987724fb785f30a7065275ffa - - default default] 10.0.0.2 "POST /v2.0/floatingips HTTP/1.1" status: 201 len: 751 time: 0.9779623 /var/lib/openstack/lib/python3.10/site-packages/pycadf/identifier.py:71: UserWarning: Invalid uuid: neutron. To ensure interoperability, identifiers should be a valid uuid. warnings.warn(('Invalid uuid: %s. To ensure interoperability, '
2026-06-15 20:18:42.924 10 INFO neutron.wsgi [None req-2403c7d4-59e4-4605-b6d3-d917707c3c33 31e463616cc14b93b67cfa5fafe0de60 b18832d987724fb785f30a7065275ffa - - default default] 10.0.0.2 "PUT /v2.0/floatingips/2b02a0b2-f587-4220-8ecd-b78a41314929/tags HTTP/1.1" status: 200 len: 218 time: 0.0613952
2026-06-15 20:18:42.969 10 INFO neutron.wsgi [None req-1ea4182e-113f-49dc-a085-5eaaefdecb01 31e463616cc14b93b67cfa5fafe0de60 b18832d987724fb785f30a7065275ffa - - default default] 10.0.0.2 "GET /v2.0/floatingips/2b02a0b2-f587-4220-8ecd-b78a41314929/tags HTTP/1.1" status: 200 len: 218 time: 0.0397353
2026-06-15 20:18:43.031 10 INFO neutron.wsgi [None req-63ab680e-c585-4973-bbdf-37ec312ae62d 31e463616cc14b93b67cfa5fafe0de60 b18832d987724fb785f30a7065275ffa - - default default] 10.0.0.2 "PUT /v2.0/floatingips/2b02a0b2-f587-4220-8ecd-b78a41314929/tags/green HTTP/1.1" status: 201 len: 201 time: 0.0567296
2026-06-15 20:18:43.066 10 INFO neutron.wsgi [None req-38a3529d-f30c-4f3c-92f5-d2cff5fa64c1 31e463616cc14b93b67cfa5fafe0de60 b18832d987724fb785f30a7065275ffa - - default default] 10.0.0.2 "GET /v2.0/floatingips/2b02a0b2-f587-4220-8ecd-b78a41314929/tags HTTP/1.1" status: 200 len: 227 time: 0.0312178
2026-06-15 20:18:43.365 9 INFO neutron.wsgi [None req-163eebaa-c481-4f78-ba36-b70efa5c78b4 31e463616cc14b93b67cfa5fafe0de60 b18832d987724fb785f30a7065275ffa - - default default] 10.0.0.2 "PUT /v2.0/floatingips/2b02a0b2-f587-4220-8ecd-b78a41314929/tags/red HTTP/1.1" status: 201 len: 201 time: 0.2912140
2026-06-15 20:18:43.409 9 INFO neutron.wsgi [None req-226c04ec-eed1-4358-9e51-a1100fa665fc 31e463616cc14b93b67cfa5fafe0de60 b18832d987724fb785f30a7065275ffa - - default default] 10.0.0.2 "GET /v2.0/floatingips/2b02a0b2-f587-4220-8ecd-b78a41314929/tags HTTP/1.1" status: 200 len: 227 time: 0.0381193
2026-06-15 20:18:43.478 9 INFO neutron.wsgi [None req-eb4c4974-462f-489c-b2b9-e40d17721373 31e463616cc14b93b67cfa5fafe0de60 b18832d987724fb785f30a7065275ffa - - default default] 10.0.0.2 "PUT /v2.0/floatingips/2b02a0b2-f587-4220-8ecd-b78a41314929/tags/black.or.white HTTP/1.1" status: 201 len: 201 time: 0.0638418
2026-06-15 20:18:43.532 9 INFO neutron.wsgi [None req-cb40e3b9-99ae-4c2f-b0fd-ff9ebd85e45a 31e463616cc14b93b67cfa5fafe0de60 b18832d987724fb785f30a7065275ffa - - default default] 10.0.0.2 "GET /v2.0/floatingips/2b02a0b2-f587-4220-8ecd-b78a41314929/tags HTTP/1.1" status: 200 len: 245 time: 0.0482006
2026-06-15 20:18:43.596 9 INFO neutron.wsgi [None req-3b0535a4-b94c-41f3-8f17-e23ed28c7def 31e463616cc14b93b67cfa5fafe0de60 b18832d987724fb785f30a7065275ffa - - default default] 10.0.0.2 "PUT /v2.0/floatingips/2b02a0b2-f587-4220-8ecd-b78a41314929/tags HTTP/1.1" status: 200 len: 230 time: 0.0587478
2026-06-15 20:18:43.644 10 INFO neutron.wsgi [None req-7d33c493-e85c-4f1b-ae9b-fd7c35fe524a 31e463616cc14b93b67cfa5fafe0de60 b18832d987724fb785f30a7065275ffa - - default default] 10.0.0.2 "GET /v2.0/floatingips/2b02a0b2-f587-4220-8ecd-b78a41314929/tags HTTP/1.1" status: 200 len: 230 time: 0.0441318
2026-06-15 20:18:43.679 9 INFO neutron.wsgi [None req-94ac5ea5-3f38-4f51-bb43-e0b8fbed2619 31e463616cc14b93b67cfa5fafe0de60 b18832d987724fb785f30a7065275ffa - - default default] 10.0.0.2 "GET /v2.0/floatingips/2b02a0b2-f587-4220-8ecd-b78a41314929/tags/red HTTP/1.1" status: 204 len: 168 time: 0.0309052
2026-06-15 20:18:43.722 9 INFO neutron.api.v2.resource [None req-fb71c797-aa0f-435b-82de-10c5b8f1be88 31e463616cc14b93b67cfa5fafe0de60 b18832d987724fb785f30a7065275ffa - - default default] show failed (client error): The resource could not be found.
2026-06-15 20:18:43.723 9 INFO neutron.wsgi [None req-fb71c797-aa0f-435b-82de-10c5b8f1be88 31e463616cc14b93b67cfa5fafe0de60 b18832d987724fb785f30a7065275ffa - - default default] 10.0.0.2 "GET /v2.0/floatingips/2b02a0b2-f587-4220-8ecd-b78a41314929/tags/green HTTP/1.1" status: 404 len: 299 time: 0.0399928
2026-06-15 20:18:43.781 10 INFO neutron.wsgi [None req-3bfac81a-fa84-472d-89b7-70154ac45294 31e463616cc14b93b67cfa5fafe0de60 b18832d987724fb785f30a7065275ffa - - default default] 10.0.0.2 "DELETE /v2.0/floatingips/2b02a0b2-f587-4220-8ecd-b78a41314929/tags/red HTTP/1.1" status: 204 len: 168 time: 0.0534441
2026-06-15 20:18:43.820 10 INFO neutron.wsgi [None req-360b74aa-a487-4470-bcc5-069753ada945 31e463616cc14b93b67cfa5fafe0de60 b18832d987724fb785f30a7065275ffa - - default default] 10.0.0.2 "GET /v2.0/floatingips/2b02a0b2-f587-4220-8ecd-b78a41314929/tags HTTP/1.1" status: 200 len: 223 time: 0.0335166
2026-06-15 20:18:43.866 10 INFO neutron.api.v2.resource [None req-79760054-2add-4a27-924f-e92e14b864e2 31e463616cc14b93b67cfa5fafe0de60 b18832d987724fb785f30a7065275ffa - - default default] delete failed (client error): The resource could not be found.
2026-06-15 20:18:43.868 10 INFO neutron.wsgi [None req-79760054-2add-4a27-924f-e92e14b864e2 31e463616cc14b93b67cfa5fafe0de60 b18832d987724fb785f30a7065275ffa - - default default] 10.0.0.2 "DELETE /v2.0/floatingips/2b02a0b2-f587-4220-8ecd-b78a41314929/tags/green HTTP/1.1" status: 404 len: 299 time: 0.0405614
2026-06-15 20:18:43.927 10 INFO neutron.wsgi [None req-d9348847-f43e-4da3-b696-f42303b026c8 31e463616cc14b93b67cfa5fafe0de60 b18832d987724fb785f30a7065275ffa - - default default] 10.0.0.2 "DELETE /v2.0/floatingips/2b02a0b2-f587-4220-8ecd-b78a41314929/tags HTTP/1.1" status: 204 len: 168 time: 0.0521352
2026-06-15 20:18:43.969 10 INFO neutron.wsgi [None req-bbead64a-424b-4154-96ea-836e39e0f5a8 31e463616cc14b93b67cfa5fafe0de60 b18832d987724fb785f30a7065275ffa - - default default] 10.0.0.2 "GET /v2.0/floatingips/2b02a0b2-f587-4220-8ecd-b78a41314929/tags HTTP/1.1" status: 200 len: 205 time: 0.0371690
2026-06-15 20:18:44.379 10 INFO neutron.wsgi [None req-e790b94a-cd30-49d4-bbf0-45951033ed1f 31e463616cc14b93b67cfa5fafe0de60 b18832d987724fb785f30a7065275ffa - - default default] 10.0.0.2 "DELETE /v2.0/floatingips/2b02a0b2-f587-4220-8ecd-b78a41314929 HTTP/1.1" status: 204 len: 168 time: 0.4041984
2026-06-15 20:18:44.414 9 INFO neutron.wsgi [None req-94fae5b4-ba31-4de1-b223-af90eb4e10e9 c5566c77d8554827b04219e520158dcc ff953eb8fa8744029a526014db8e6272 - - default default] 10.0.0.2 "PUT /v2.0/routers/3a7688c9-faf4-406d-aea8-87e716a21a59/remove_router_interface HTTP/1.1" status: 200 len: 503 time: 1.3784866 /var/lib/openstack/lib/python3.10/site-packages/pycadf/identifier.py:71: UserWarning: Invalid uuid: neutron. To ensure interoperability, identifiers should be a valid uuid. warnings.warn(('Invalid uuid: %s. To ensure interoperability, '
