2026-06-15 20:19:33.854 10 INFO neutron.wsgi [req-bbe70dcc-4edb-4acf-b233-da507cfccae6 req-5d1ec2a7-b354-4dec-ae6f-b4a69ac6877c e998b3f8a0ec4c11be1bd2fac2b8cdfd e3e4c5b439b843df911641c597c1e8b2 - - bb44992846d24d4a95418caed5772138 bb44992846d24d4a95418caed5772138] 199.19.213.125 "GET /v2.0/ports?tenant_id=6b5d873f9e834230b46c3bd273e3b181&device_id=fc302ddb-915e-4c5f-b114-a0bd8be9b1bb HTTP/1.1" status: 200 len: 1409 time: 0.0483704
2026-06-15 20:19:33.907 10 INFO neutron.wsgi [None req-fdeded2e-d043-40de-a86c-68ab6aa3c7db c5566c77d8554827b04219e520158dcc ff953eb8fa8744029a526014db8e6272 - - default default] 10.0.0.2 "DELETE /v2.0/security-groups/74ec2cc7-5401-48f3-a50d-1343e782132e HTTP/1.1" status: 204 len: 168 time: 0.3436511
2026-06-15 20:19:33.944 10 INFO neutron.wsgi [req-bbe70dcc-4edb-4acf-b233-da507cfccae6 req-8f375d69-83eb-4bfa-a9a3-69981ab6cc81 e998b3f8a0ec4c11be1bd2fac2b8cdfd e3e4c5b439b843df911641c597c1e8b2 - - bb44992846d24d4a95418caed5772138 bb44992846d24d4a95418caed5772138] 199.19.213.125 "GET /v2.0/networks?id=3fb31601-c2e2-4b31-8ec1-82780a2edeb6 HTTP/1.1" status: 200 len: 957 time: 0.0830109
2026-06-15 20:19:34.013 10 INFO neutron.wsgi [req-bbe70dcc-4edb-4acf-b233-da507cfccae6 req-9749d76b-b530-4724-bac3-c22044870256 e998b3f8a0ec4c11be1bd2fac2b8cdfd e3e4c5b439b843df911641c597c1e8b2 - - bb44992846d24d4a95418caed5772138 bb44992846d24d4a95418caed5772138] 199.19.213.125 "GET /v2.0/floatingips?fixed_ip_address=10.100.0.5&port_id=96ecc037-589e-4f6a-9e47-1ba61e7a8617 HTTP/1.1" status: 200 len: 1059 time: 0.0630198
2026-06-15 20:19:34.052 10 INFO neutron.wsgi [req-bbe70dcc-4edb-4acf-b233-da507cfccae6 req-cbb885d5-683b-4f8d-8bcf-658e19350e28 e998b3f8a0ec4c11be1bd2fac2b8cdfd e3e4c5b439b843df911641c597c1e8b2 - - bb44992846d24d4a95418caed5772138 bb44992846d24d4a95418caed5772138] 199.19.213.125 "GET /v2.0/subnets?id=b1e5c86d-28ca-4c31-8ec2-bbc44131186b HTTP/1.1" status: 200 len: 852 time: 0.0337775
2026-06-15 20:19:34.078 10 INFO neutron.wsgi [req-bbe70dcc-4edb-4acf-b233-da507cfccae6 req-ec08cdcb-6ab3-4854-92f2-46da6516979e e998b3f8a0ec4c11be1bd2fac2b8cdfd e3e4c5b439b843df911641c597c1e8b2 - - bb44992846d24d4a95418caed5772138 bb44992846d24d4a95418caed5772138] 199.19.213.125 "GET /v2.0/ports?network_id=3fb31601-c2e2-4b31-8ec1-82780a2edeb6&device_owner=network%3Adhcp HTTP/1.1" status: 200 len: 210 time: 0.0208719
2026-06-15 20:19:34.088 9 WARNING neutron.scheduler.dhcp_agent_scheduler [req-6148078c-4db0-4ba5-8d74-5402cea61a6e req-7f6a9369-05cf-443a-bf01-7ebfc9bab83a 58e82c4bd08f4f43a103750a403e5ed4 4ad658d67ccc45de83b43f7cd5a00482 - - default default] No more DHCP agents
2026-06-15 20:19:34.092 9 WARNING neutron.api.rpc.agentnotifiers.dhcp_rpc_agent_api [req-6148078c-4db0-4ba5-8d74-5402cea61a6e req-7f6a9369-05cf-443a-bf01-7ebfc9bab83a 58e82c4bd08f4f43a103750a403e5ed4 4ad658d67ccc45de83b43f7cd5a00482 - - default default] Unable to schedule network 4923c1b7-9335-46e3-90e6-779edea009f4: no agents available; will retry on subsequent port and subnet creation events.
2026-06-15 20:19:34.171 10 INFO neutron.wsgi [req-bbe70dcc-4edb-4acf-b233-da507cfccae6 req-a986a2fd-2d2e-4531-bd5f-fe3871a89506 e998b3f8a0ec4c11be1bd2fac2b8cdfd e3e4c5b439b843df911641c597c1e8b2 - - bb44992846d24d4a95418caed5772138 bb44992846d24d4a95418caed5772138] 199.19.213.125 "GET /v2.0/networks/3fb31601-c2e2-4b31-8ec1-82780a2edeb6?fields=segments HTTP/1.1" status: 200 len: 212 time: 0.0877016
2026-06-15 20:19:34.249 10 INFO neutron.wsgi [req-bbe70dcc-4edb-4acf-b233-da507cfccae6 req-66d38181-81d4-4c98-9474-91fdc8bc1494 e998b3f8a0ec4c11be1bd2fac2b8cdfd e3e4c5b439b843df911641c597c1e8b2 - - bb44992846d24d4a95418caed5772138 bb44992846d24d4a95418caed5772138] 199.19.213.125 "GET /v2.0/networks/3fb31601-c2e2-4b31-8ec1-82780a2edeb6?fields=provider%3Aphysical_network&fields=provider%3Anetwork_type HTTP/1.1" status: 200 len: 277 time: 0.0719142
2026-06-15 20:19:34.340 9 INFO neutron.db.ovn_revision_numbers_db [req-6148078c-4db0-4ba5-8d74-5402cea61a6e req-7f6a9369-05cf-443a-bf01-7ebfc9bab83a 58e82c4bd08f4f43a103750a403e5ed4 4ad658d67ccc45de83b43f7cd5a00482 - - default default] Successfully bumped revision number for resource 7b0ec385-b82a-4321-a3d5-434c07d22975 (type: ports) to 1
2026-06-15 20:19:34.370 9 INFO neutron.wsgi [req-6148078c-4db0-4ba5-8d74-5402cea61a6e req-7f6a9369-05cf-443a-bf01-7ebfc9bab83a 58e82c4bd08f4f43a103750a403e5ed4 4ad658d67ccc45de83b43f7cd5a00482 - - default default] 199.19.213.125 "POST /v2.0/ports HTTP/1.1" status: 201 len: 1388 time: 0.7003906 /var/lib/openstack/lib/python3.10/site-packages/pycadf/identifier.py:71: UserWarning: Invalid uuid: neutron. To ensure interoperability, identifiers should be a valid uuid. warnings.warn(('Invalid uuid: %s. To ensure interoperability, '
2026-06-15 20:19:34.800 9 INFO neutron.db.ovn_revision_numbers_db [req-6148078c-4db0-4ba5-8d74-5402cea61a6e req-432faead-f89b-4ad6-a326-15684c1fb1f2 e998b3f8a0ec4c11be1bd2fac2b8cdfd e3e4c5b439b843df911641c597c1e8b2 - - bb44992846d24d4a95418caed5772138 bb44992846d24d4a95418caed5772138] Successfully bumped revision number for resource 7b0ec385-b82a-4321-a3d5-434c07d22975 (type: ports) to 2
2026-06-15 20:19:35.018 9 INFO neutron.db.ovn_revision_numbers_db [req-6148078c-4db0-4ba5-8d74-5402cea61a6e req-432faead-f89b-4ad6-a326-15684c1fb1f2 e998b3f8a0ec4c11be1bd2fac2b8cdfd e3e4c5b439b843df911641c597c1e8b2 - - bb44992846d24d4a95418caed5772138 bb44992846d24d4a95418caed5772138] Successfully bumped revision number for resource 7b0ec385-b82a-4321-a3d5-434c07d22975 (type: ports) to 2
2026-06-15 20:19:35.035 9 INFO neutron.wsgi [req-6148078c-4db0-4ba5-8d74-5402cea61a6e req-432faead-f89b-4ad6-a326-15684c1fb1f2 e998b3f8a0ec4c11be1bd2fac2b8cdfd e3e4c5b439b843df911641c597c1e8b2 - - bb44992846d24d4a95418caed5772138 bb44992846d24d4a95418caed5772138] 199.19.213.125 "PUT /v2.0/ports/7b0ec385-b82a-4321-a3d5-434c07d22975 HTTP/1.1" status: 200 len: 1605 time: 0.6557779 /var/lib/openstack/lib/python3.10/site-packages/pycadf/identifier.py:71: UserWarning: Invalid uuid: neutron. To ensure interoperability, identifiers should be a valid uuid. warnings.warn(('Invalid uuid: %s. To ensure interoperability, '
2026-06-15 20:19:35.092 9 INFO neutron.notifiers.nova [-] Nova event matching ['req-6c715e6b-9e69-4edc-a086-50876ef36817'] response: {'name': 'network-changed', 'server_uuid': 'e02889d0-0e94-4250-84cd-b947d870e8cb', 'tag': '7b0ec385-b82a-4321-a3d5-434c07d22975', 'status': 'completed', 'code': 200}
2026-06-15 20:19:35.153 9 INFO neutron.wsgi [req-6148078c-4db0-4ba5-8d74-5402cea61a6e req-1e91218a-fa46-4e04-929a-705f8e77ba03 e998b3f8a0ec4c11be1bd2fac2b8cdfd e3e4c5b439b843df911641c597c1e8b2 - - bb44992846d24d4a95418caed5772138 bb44992846d24d4a95418caed5772138] 199.19.213.125 "GET /v2.0/ports?tenant_id=4ad658d67ccc45de83b43f7cd5a00482&device_id=e02889d0-0e94-4250-84cd-b947d870e8cb HTTP/1.1" status: 200 len: 1636 time: 0.0820003
2026-06-15 20:19:35.192 9 INFO neutron.wsgi [req-6148078c-4db0-4ba5-8d74-5402cea61a6e req-d41d156c-6803-41cc-938e-ceefd9d61ba5 e998b3f8a0ec4c11be1bd2fac2b8cdfd e3e4c5b439b843df911641c597c1e8b2 - - bb44992846d24d4a95418caed5772138 bb44992846d24d4a95418caed5772138] 199.19.213.125 "GET /v2.0/floatingips?fixed_ip_address=10.2.2.114&port_id=7b0ec385-b82a-4321-a3d5-434c07d22975 HTTP/1.1" status: 200 len: 217 time: 0.0341744
2026-06-15 20:19:35.225 9 INFO neutron.wsgi [req-6148078c-4db0-4ba5-8d74-5402cea61a6e req-e576dcc1-712c-4355-90b9-ab1e43baef3a e998b3f8a0ec4c11be1bd2fac2b8cdfd e3e4c5b439b843df911641c597c1e8b2 - - bb44992846d24d4a95418caed5772138 bb44992846d24d4a95418caed5772138] 199.19.213.125 "GET /v2.0/floatingips?fixed_ip_address=fd77%3A1457%3A4cf0%3A26a8%3A%3A25&port_id=7b0ec385-b82a-4321-a3d5-434c07d22975 HTTP/1.1" status: 200 len: 217 time: 0.0243959
2026-06-15 20:19:35.277 9 INFO neutron.wsgi [req-6148078c-4db0-4ba5-8d74-5402cea61a6e req-62a524a9-f9bb-436b-abe6-470d4a772855 e998b3f8a0ec4c11be1bd2fac2b8cdfd e3e4c5b439b843df911641c597c1e8b2 - - bb44992846d24d4a95418caed5772138 bb44992846d24d4a95418caed5772138] 199.19.213.125 "GET /v2.0/subnets?id=04b570c0-074e-46f2-89f7-f33e52345c63&id=50f19fbe-7719-4170-bcd3-7c33d5d057b8 HTTP/1.1" status: 200 len: 1564 time: 0.0478637
2026-06-15 20:19:35.307 9 INFO neutron.wsgi [req-6148078c-4db0-4ba5-8d74-5402cea61a6e req-e95249d3-bca5-4c04-b804-585259423e2c e998b3f8a0ec4c11be1bd2fac2b8cdfd e3e4c5b439b843df911641c597c1e8b2 - - bb44992846d24d4a95418caed5772138 bb44992846d24d4a95418caed5772138] 199.19.213.125 "GET /v2.0/ports?network_id=4923c1b7-9335-46e3-90e6-779edea009f4&device_owner=network%3Adhcp HTTP/1.1" status: 200 len: 210 time: 0.0222569
2026-06-15 20:19:35.335 9 INFO neutron.wsgi [req-6148078c-4db0-4ba5-8d74-5402cea61a6e req-ff60077c-3501-40a2-8c98-5914be9dab14 e998b3f8a0ec4c11be1bd2fac2b8cdfd e3e4c5b439b843df911641c597c1e8b2 - - bb44992846d24d4a95418caed5772138 bb44992846d24d4a95418caed5772138] 199.19.213.125 "GET /v2.0/ports?network_id=4923c1b7-9335-46e3-90e6-779edea009f4&device_owner=network%3Adhcp HTTP/1.1" status: 200 len: 210 time: 0.0217862
2026-06-15 20:19:35.408 9 INFO neutron.wsgi [req-6148078c-4db0-4ba5-8d74-5402cea61a6e req-5552e907-dcf2-477a-9948-47cd62d64474 e998b3f8a0ec4c11be1bd2fac2b8cdfd e3e4c5b439b843df911641c597c1e8b2 - - bb44992846d24d4a95418caed5772138 bb44992846d24d4a95418caed5772138] 199.19.213.125 "GET /v2.0/networks/4923c1b7-9335-46e3-90e6-779edea009f4?fields=segments HTTP/1.1" status: 200 len: 212 time: 0.0646865
2026-06-15 20:19:35.476 9 INFO neutron.wsgi [req-6148078c-4db0-4ba5-8d74-5402cea61a6e req-3d983d53-0d83-4013-b124-f94d1757cacc e998b3f8a0ec4c11be1bd2fac2b8cdfd e3e4c5b439b843df911641c597c1e8b2 - - bb44992846d24d4a95418caed5772138 bb44992846d24d4a95418caed5772138] 199.19.213.125 "GET /v2.0/networks/4923c1b7-9335-46e3-90e6-779edea009f4?fields=provider%3Aphysical_network&fields=provider%3Anetwork_type HTTP/1.1" status: 200 len: 277 time: 0.0609567
2026-06-15 20:19:35.567 9 INFO neutron.wsgi [req-94fbd6d4-9f99-43cd-b26d-a08e8680467f req-b4331aa1-a7c1-4213-a757-a8cf37346792 e998b3f8a0ec4c11be1bd2fac2b8cdfd e3e4c5b439b843df911641c597c1e8b2 - - bb44992846d24d4a95418caed5772138 bb44992846d24d4a95418caed5772138] 199.19.213.125 "GET /v2.0/ports?tenant_id=4ad658d67ccc45de83b43f7cd5a00482&device_id=e02889d0-0e94-4250-84cd-b947d870e8cb HTTP/1.1" status: 200 len: 1636 time: 0.0528812
2026-06-15 20:19:35.646 9 INFO neutron.wsgi [req-94fbd6d4-9f99-43cd-b26d-a08e8680467f req-99085077-20a7-49f6-bc8e-66889c099d28 e998b3f8a0ec4c11be1bd2fac2b8cdfd e3e4c5b439b843df911641c597c1e8b2 - - bb44992846d24d4a95418caed5772138 bb44992846d24d4a95418caed5772138] 199.19.213.125 "GET /v2.0/networks?id=4923c1b7-9335-46e3-90e6-779edea009f4 HTTP/1.1" status: 200 len: 1003 time: 0.0721812
2026-06-15 20:19:35.696 9 INFO neutron.wsgi [req-94fbd6d4-9f99-43cd-b26d-a08e8680467f req-2acf670c-5b0f-477b-8ab9-7ac7d1ba6b46 e998b3f8a0ec4c11be1bd2fac2b8cdfd e3e4c5b439b843df911641c597c1e8b2 - - bb44992846d24d4a95418caed5772138 bb44992846d24d4a95418caed5772138] 199.19.213.125 "GET /v2.0/floatingips?fixed_ip_address=10.2.2.114&port_id=7b0ec385-b82a-4321-a3d5-434c07d22975 HTTP/1.1" status: 200 len: 217 time: 0.0367572
2026-06-15 20:19:35.701 10 INFO neutron.plugins.ml2.drivers.ovn.mech_driver.mech_driver [None req-0d1ee76d-1634-4522-9c65-e7b936d81835 - - - - - -] OVN reports status up for port: 7b0ec385-b82a-4321-a3d5-434c07d22975
2026-06-15 20:19:35.720 10 INFO neutron.plugins.ml2.plugin [None req-0d1ee76d-1634-4522-9c65-e7b936d81835 - - - - - -] Attempt 1 to provision port 7b0ec385-b82a-4321-a3d5-434c07d22975
2026-06-15 20:19:35.725 9 INFO neutron.wsgi [req-94fbd6d4-9f99-43cd-b26d-a08e8680467f req-6a98d30a-da3e-417a-9ae5-f33581074d56 e998b3f8a0ec4c11be1bd2fac2b8cdfd e3e4c5b439b843df911641c597c1e8b2 - - bb44992846d24d4a95418caed5772138 bb44992846d24d4a95418caed5772138] 199.19.213.125 "GET /v2.0/floatingips?fixed_ip_address=fd77%3A1457%3A4cf0%3A26a8%3A%3A25&port_id=7b0ec385-b82a-4321-a3d5-434c07d22975 HTTP/1.1" status: 200 len: 217 time: 0.0239568
2026-06-15 20:19:35.774 9 INFO neutron.wsgi [req-94fbd6d4-9f99-43cd-b26d-a08e8680467f req-f316524b-e9ca-40f7-9bcb-0c870867cd38 e998b3f8a0ec4c11be1bd2fac2b8cdfd e3e4c5b439b843df911641c597c1e8b2 - - bb44992846d24d4a95418caed5772138 bb44992846d24d4a95418caed5772138] 199.19.213.125 "GET /v2.0/subnets?id=04b570c0-074e-46f2-89f7-f33e52345c63&id=50f19fbe-7719-4170-bcd3-7c33d5d057b8 HTTP/1.1" status: 200 len: 1564 time: 0.0409546
2026-06-15 20:19:35.808 9 INFO neutron.wsgi [req-94fbd6d4-9f99-43cd-b26d-a08e8680467f req-c192a778-a016-49a2-8028-25ee42bb2e7b e998b3f8a0ec4c11be1bd2fac2b8cdfd e3e4c5b439b843df911641c597c1e8b2 - - bb44992846d24d4a95418caed5772138 bb44992846d24d4a95418caed5772138] 199.19.213.125 "GET /v2.0/ports?network_id=4923c1b7-9335-46e3-90e6-779edea009f4&device_owner=network%3Adhcp HTTP/1.1" status: 200 len: 210 time: 0.0279226
2026-06-15 20:19:35.835 9 INFO neutron.wsgi [req-94fbd6d4-9f99-43cd-b26d-a08e8680467f req-7a01a03b-96c8-4263-b5c1-c52ef21753b7 e998b3f8a0ec4c11be1bd2fac2b8cdfd e3e4c5b439b843df911641c597c1e8b2 - - bb44992846d24d4a95418caed5772138 bb44992846d24d4a95418caed5772138] 199.19.213.125 "GET /v2.0/ports?network_id=4923c1b7-9335-46e3-90e6-779edea009f4&device_owner=network%3Adhcp HTTP/1.1" status: 200 len: 210 time: 0.0233228
2026-06-15 20:19:35.867 10 INFO neutron.notifiers.nova [-] Nova event matching ['req-478ed991-d7a1-4e29-a5e2-ac7fdd44810e'] response: {'server_uuid': 'e02889d0-0e94-4250-84cd-b947d870e8cb', 'name': 'network-vif-plugged', 'status': 'completed', 'tag': '7b0ec385-b82a-4321-a3d5-434c07d22975', 'code': 200}
2026-06-15 20:19:35.929 9 INFO neutron.wsgi [req-94fbd6d4-9f99-43cd-b26d-a08e8680467f req-3d85e724-e9ac-4b14-a845-abd261592712 e998b3f8a0ec4c11be1bd2fac2b8cdfd e3e4c5b439b843df911641c597c1e8b2 - - bb44992846d24d4a95418caed5772138 bb44992846d24d4a95418caed5772138] 199.19.213.125 "GET /v2.0/networks/4923c1b7-9335-46e3-90e6-779edea009f4?fields=segments HTTP/1.1" status: 200 len: 212 time: 0.0878236
2026-06-15 20:19:36.023 9 INFO neutron.wsgi [req-94fbd6d4-9f99-43cd-b26d-a08e8680467f req-fb4bd559-490f-4831-8112-02636ca1a056 e998b3f8a0ec4c11be1bd2fac2b8cdfd e3e4c5b439b843df911641c597c1e8b2 - - bb44992846d24d4a95418caed5772138 bb44992846d24d4a95418caed5772138] 199.19.213.125 "GET /v2.0/networks/4923c1b7-9335-46e3-90e6-779edea009f4?fields=provider%3Aphysical_network&fields=provider%3Anetwork_type HTTP/1.1" status: 200 len: 277 time: 0.0887804
2026-06-15 20:19:36.073 10 INFO neutron.db.ovn_revision_numbers_db [None req-0d1ee76d-1634-4522-9c65-e7b936d81835 - - - - - -] Successfully bumped revision number for resource 7b0ec385-b82a-4321-a3d5-434c07d22975 (type: ports) to 4
2026-06-15 20:19:37.640 9 WARNING neutron_lib.context [None req-5d8bad16-edb6-4a48-ba3b-6f022750692c 3fec7735dcb84c99aeb25d3c8b82e2cb d3345819a4954cbd8d1308b63047c505 - - default default] Method 'is_advsvc' is deprecated since 2023.2 release (neutron-lib 3.8.0) and will be removed once support for the old RBAC API policies will be removed from Neutron. Please use method 'is_service_role' instead.
2026-06-15 20:19:37.749 9 INFO neutron.wsgi [req-ea3d010d-adaa-42ae-8c4a-f6298b877b6a req-ba2a49ea-c05a-42a8-a85a-6d9d56ef5e21 58e82c4bd08f4f43a103750a403e5ed4 4ad658d67ccc45de83b43f7cd5a00482 - - default default] 10.0.0.73 "GET /v2.0/ports?device_id=e02889d0-0e94-4250-84cd-b947d870e8cb HTTP/1.1" status: 200 len: 1400 time: 0.1055288
2026-06-15 20:19:37.800 9 INFO neutron.wsgi [req-ea3d010d-adaa-42ae-8c4a-f6298b877b6a req-248bec3e-3a9a-4443-9914-747b092a3a7f 58e82c4bd08f4f43a103750a403e5ed4 4ad658d67ccc45de83b43f7cd5a00482 - - default default] 10.0.0.73 "GET /v2.0/security-groups?id=344a4cb3-c605-4ada-8d48-d6da0a326833&fields=id&fields=name HTTP/1.1" status: 200 len: 311 time: 0.0452030
2026-06-15 20:19:37.816 9 INFO neutron.db.ovn_revision_numbers_db [None req-5d8bad16-edb6-4a48-ba3b-6f022750692c 3fec7735dcb84c99aeb25d3c8b82e2cb d3345819a4954cbd8d1308b63047c505 - - default default] Successfully bumped revision number for resource c58c31db-5195-476c-93d9-f45527afc837 (type: security_groups) to 1
2026-06-15 20:19:37.831 9 INFO neutron.db.ovn_revision_numbers_db [None req-5d8bad16-edb6-4a48-ba3b-6f022750692c 3fec7735dcb84c99aeb25d3c8b82e2cb d3345819a4954cbd8d1308b63047c505 - - default default] Successfully bumped revision number for resource 02831057-6e70-4994-85d8-07ce4f8802d7 (type: security_group_rules) to 0 /var/lib/openstack/lib/python3.10/site-packages/pycadf/identifier.py:71: UserWarning: Invalid uuid: neutron. To ensure interoperability, identifiers should be a valid uuid. warnings.warn(('Invalid uuid: %s. To ensure interoperability, '
2026-06-15 20:19:37.852 9 INFO neutron.db.ovn_revision_numbers_db [None req-5d8bad16-edb6-4a48-ba3b-6f022750692c 3fec7735dcb84c99aeb25d3c8b82e2cb d3345819a4954cbd8d1308b63047c505 - - default default] Successfully bumped revision number for resource 8ee47da1-bceb-4d12-b243-d42ffb340090 (type: security_group_rules) to 0
2026-06-15 20:19:37.876 9 INFO neutron.db.ovn_revision_numbers_db [None req-5d8bad16-edb6-4a48-ba3b-6f022750692c 3fec7735dcb84c99aeb25d3c8b82e2cb d3345819a4954cbd8d1308b63047c505 - - default default] Successfully bumped revision number for resource be01c796-42e3-4681-a653-d5dddd91fa10 (type: security_group_rules) to 0
2026-06-15 20:19:37.904 9 INFO neutron.db.ovn_revision_numbers_db [None req-5d8bad16-edb6-4a48-ba3b-6f022750692c 3fec7735dcb84c99aeb25d3c8b82e2cb d3345819a4954cbd8d1308b63047c505 - - default default] Successfully bumped revision number for resource e2e5232a-ffa9-4890-94f9-0dfe61fcaa83 (type: security_group_rules) to 0
2026-06-15 20:19:37.907 10 INFO neutron.notifiers.nova [-] Nova event matching ['req-81963e0d-febc-4d46-a7c9-22357fb780cd'] response: {'server_uuid': 'e02889d0-0e94-4250-84cd-b947d870e8cb', 'name': 'network-vif-plugged', 'status': 'completed', 'tag': '7b0ec385-b82a-4321-a3d5-434c07d22975', 'code': 200}
2026-06-15 20:19:37.953 10 INFO neutron.wsgi [None req-30709171-3d4d-40ba-8e42-7187fdcbac25 58e82c4bd08f4f43a103750a403e5ed4 4ad658d67ccc45de83b43f7cd5a00482 - - default default] 10.0.0.2 "GET /v2.0/ports?network_id=4923c1b7-9335-46e3-90e6-779edea009f4&mac_address=fa%3A16%3A3e%3Ac8%3A8a%3Ac9 HTTP/1.1" status: 200 len: 1395 time: 0.1118708
2026-06-15 20:19:37.961 9 INFO neutron.db.segments_db [None req-5d8bad16-edb6-4a48-ba3b-6f022750692c 3fec7735dcb84c99aeb25d3c8b82e2cb d3345819a4954cbd8d1308b63047c505 - - default default] Added segment 6dd5e2be-f628-443a-9f50-1f6306a46e6c of type geneve for network 91527242-1615-44cb-9d78-1868a8cc29bd
2026-06-15 20:19:37.962 10 WARNING neutron_lib.context [None req-2f5665bb-d7b3-4dde-95dc-4b100280b34d 58e82c4bd08f4f43a103750a403e5ed4 4ad658d67ccc45de83b43f7cd5a00482 - - default default] Method 'is_advsvc' is deprecated since 2023.2 release (neutron-lib 3.8.0) and will be removed once support for the old RBAC API policies will be removed from Neutron. Please use method 'is_service_role' instead.
2026-06-15 20:19:38.147 9 INFO neutron.db.ovn_revision_numbers_db [None req-5d8bad16-edb6-4a48-ba3b-6f022750692c 3fec7735dcb84c99aeb25d3c8b82e2cb d3345819a4954cbd8d1308b63047c505 - - default default] Successfully bumped revision number for resource 91527242-1615-44cb-9d78-1868a8cc29bd (type: networks) to 1
2026-06-15 20:19:38.274 10 WARNING neutron.scheduler.dhcp_agent_scheduler [None req-2f5665bb-d7b3-4dde-95dc-4b100280b34d 58e82c4bd08f4f43a103750a403e5ed4 4ad658d67ccc45de83b43f7cd5a00482 - - default default] No more DHCP agents
2026-06-15 20:19:38.278 10 WARNING neutron.api.rpc.agentnotifiers.dhcp_rpc_agent_api [None req-2f5665bb-d7b3-4dde-95dc-4b100280b34d 58e82c4bd08f4f43a103750a403e5ed4 4ad658d67ccc45de83b43f7cd5a00482 - - default default] Unable to schedule network 1cc0b5b3-87bb-4949-a24d-83860ff0d0aa: no agents available; will retry on subsequent port and subnet creation events.
2026-06-15 20:19:38.354 9 WARNING neutron.scheduler.dhcp_agent_scheduler [None req-5d8bad16-edb6-4a48-ba3b-6f022750692c 3fec7735dcb84c99aeb25d3c8b82e2cb d3345819a4954cbd8d1308b63047c505 - - default default] No more DHCP agents
2026-06-15 20:19:38.356 9 WARNING neutron.api.rpc.agentnotifiers.dhcp_rpc_agent_api [None req-5d8bad16-edb6-4a48-ba3b-6f022750692c 3fec7735dcb84c99aeb25d3c8b82e2cb d3345819a4954cbd8d1308b63047c505 - - default default] Unable to schedule network 91527242-1615-44cb-9d78-1868a8cc29bd: no agents available; will retry on subsequent port and subnet creation events.
2026-06-15 20:19:38.440 9 INFO neutron.db.ovn_revision_numbers_db [None req-5d8bad16-edb6-4a48-ba3b-6f022750692c 3fec7735dcb84c99aeb25d3c8b82e2cb d3345819a4954cbd8d1308b63047c505 - - default default] Successfully bumped revision number for resource 1ffd8d22-2820-4189-b496-ae1ae87a94eb (type: ports) to 1
2026-06-15 20:19:38.463 9 INFO neutron.wsgi [None req-5d8bad16-edb6-4a48-ba3b-6f022750692c 3fec7735dcb84c99aeb25d3c8b82e2cb d3345819a4954cbd8d1308b63047c505 - - default default] 10.0.0.2 "POST /v2.0/networks HTTP/1.1" status: 201 len: 829 time: 1.0439577
2026-06-15 20:19:38.473 9 WARNING neutron_lib.context [None req-0f9e1ecc-a2b2-4181-82bf-5c42fa57ca00 3fec7735dcb84c99aeb25d3c8b82e2cb d3345819a4954cbd8d1308b63047c505 - - default default] Method 'is_advsvc' is deprecated since 2023.2 release (neutron-lib 3.8.0) and will be removed once support for the old RBAC API policies will be removed from Neutron. Please use method 'is_service_role' instead.
2026-06-15 20:19:38.720 9 WARNING neutron.scheduler.dhcp_agent_scheduler [None req-0f9e1ecc-a2b2-4181-82bf-5c42fa57ca00 3fec7735dcb84c99aeb25d3c8b82e2cb d3345819a4954cbd8d1308b63047c505 - - default default] No more DHCP agents
2026-06-15 20:19:38.723 9 WARNING neutron.api.rpc.agentnotifiers.dhcp_rpc_agent_api [None req-0f9e1ecc-a2b2-4181-82bf-5c42fa57ca00 3fec7735dcb84c99aeb25d3c8b82e2cb d3345819a4954cbd8d1308b63047c505 - - default default] Unable to schedule network 91527242-1615-44cb-9d78-1868a8cc29bd: no agents available; will retry on subsequent port and subnet creation events.
2026-06-15 20:19:38.772 10 INFO neutron.wsgi [None req-19f710f8-c581-422e-895c-892fb0aaf88e c5566c77d8554827b04219e520158dcc ff953eb8fa8744029a526014db8e6272 - - default default] 10.0.0.1 "GET /v2.0/subnets HTTP/1.1" status: 200 len: 6133 time: 0.1461310
2026-06-15 20:19:38.794 9 INFO neutron.db.ovn_revision_numbers_db [None req-0f9e1ecc-a2b2-4181-82bf-5c42fa57ca00 3fec7735dcb84c99aeb25d3c8b82e2cb d3345819a4954cbd8d1308b63047c505 - - default default] Successfully bumped revision number for resource 5b6a8331-bb5f-4298-a29b-9b478182bbf5 (type: ports) to 1
2026-06-15 20:19:38.813 9 INFO neutron.wsgi [None req-0f9e1ecc-a2b2-4181-82bf-5c42fa57ca00 3fec7735dcb84c99aeb25d3c8b82e2cb d3345819a4954cbd8d1308b63047c505 - - default default] 10.0.0.2 "POST /v2.0/ports HTTP/1.1" status: 201 len: 942 time: 0.3453629 /var/lib/openstack/lib/python3.10/site-packages/pycadf/identifier.py:71: UserWarning: Invalid uuid: neutron. To ensure interoperability, identifiers should be a valid uuid. warnings.warn(('Invalid uuid: %s. To ensure interoperability, '
2026-06-15 20:19:38.825 10 INFO neutron.db.l3_db [None req-2f5665bb-d7b3-4dde-95dc-4b100280b34d 58e82c4bd08f4f43a103750a403e5ed4 4ad658d67ccc45de83b43f7cd5a00482 - - default default] Floating IP 26f32d4e-a8de-4229-8d1c-4fca54ec87e7 associated. External IP: 10.96.250.203, port: 7b0ec385-b82a-4321-a3d5-434c07d22975.
2026-06-15 20:19:38.825 9 WARNING neutron_lib.context [None req-e6d816e5-2400-4743-b335-8af7424daefe 3fec7735dcb84c99aeb25d3c8b82e2cb d3345819a4954cbd8d1308b63047c505 - - default default] Method 'is_advsvc' is deprecated since 2023.2 release (neutron-lib 3.8.0) and will be removed once support for the old RBAC API policies will be removed from Neutron. Please use method 'is_service_role' instead.
2026-06-15 20:19:38.932 10 INFO neutron.wsgi [None req-45ea5aec-ab73-4bd8-9f6c-604cb0f3dac1 c5566c77d8554827b04219e520158dcc ff953eb8fa8744029a526014db8e6272 - - default default] 10.0.0.1 "GET /v2.0/routers HTTP/1.1" status: 200 len: 1522 time: 0.1519506
2026-06-15 20:19:38.944 10 INFO neutron.wsgi [None req-e6fb29d1-667e-467b-8a7c-b79a1e6be06d c5566c77d8554827b04219e520158dcc ff953eb8fa8744029a526014db8e6272 - - default default] 10.0.0.1 "GET /v2.0/agents?binary=ovn-controller HTTP/1.1" status: 200 len: 591 time: 0.0109212
2026-06-15 20:19:38.967 10 INFO neutron.wsgi [None req-463c9406-51d5-49e2-b7de-3edd246b3f73 c5566c77d8554827b04219e520158dcc ff953eb8fa8744029a526014db8e6272 - - default default] 10.0.0.1 "GET /v2.0/agents HTTP/1.1" status: 200 len: 997 time: 0.0159693
2026-06-15 20:19:39.035 9 INFO neutron.wsgi [None req-e6d816e5-2400-4743-b335-8af7424daefe 3fec7735dcb84c99aeb25d3c8b82e2cb d3345819a4954cbd8d1308b63047c505 - - default default] 10.0.0.2 "POST /v2.0/trunks HTTP/1.1" status: 201 len: 608 time: 0.2134719
2026-06-15 20:19:39.071 9 INFO neutron.wsgi [None req-54b6dbbe-cc4e-46c0-b37e-b5b8420c30da 3fec7735dcb84c99aeb25d3c8b82e2cb d3345819a4954cbd8d1308b63047c505 - - default default] 10.0.0.2 "PUT /v2.0/trunks/9a1cdc22-b290-484e-a1d3-fee83bc8dd90/tags HTTP/1.1" status: 200 len: 218 time: 0.0310376
2026-06-15 20:19:39.100 9 INFO neutron.wsgi [None req-13308fdf-c61e-4882-b696-2348702e8d9a 3fec7735dcb84c99aeb25d3c8b82e2cb d3345819a4954cbd8d1308b63047c505 - - default default] 10.0.0.2 "GET /v2.0/trunks/9a1cdc22-b290-484e-a1d3-fee83bc8dd90/tags HTTP/1.1" status: 200 len: 218 time: 0.0228362
2026-06-15 20:19:39.143 9 INFO neutron.wsgi [None req-6394cbb8-2810-4f2f-ad90-f21c4f660b9e 3fec7735dcb84c99aeb25d3c8b82e2cb d3345819a4954cbd8d1308b63047c505 - - default default] 10.0.0.2 "PUT /v2.0/trunks/9a1cdc22-b290-484e-a1d3-fee83bc8dd90/tags/green HTTP/1.1" status: 201 len: 201 time: 0.0383866
2026-06-15 20:19:39.177 9 INFO neutron.wsgi [None req-5a39f42a-4c30-4797-a104-0be49206086b 3fec7735dcb84c99aeb25d3c8b82e2cb d3345819a4954cbd8d1308b63047c505 - - default default] 10.0.0.2 "GET /v2.0/trunks/9a1cdc22-b290-484e-a1d3-fee83bc8dd90/tags HTTP/1.1" status: 200 len: 227 time: 0.0264642
2026-06-15 20:19:39.208 9 INFO neutron.wsgi [None req-bea6e5e2-317f-4f3a-976d-68576e884124 3fec7735dcb84c99aeb25d3c8b82e2cb d3345819a4954cbd8d1308b63047c505 - - default default] 10.0.0.2 "PUT /v2.0/trunks/9a1cdc22-b290-484e-a1d3-fee83bc8dd90/tags/red HTTP/1.1" status: 201 len: 201 time: 0.0242214
2026-06-15 20:19:39.239 9 INFO neutron.wsgi [None req-8f748928-4f3b-4f01-ba1e-cb7dee357f70 3fec7735dcb84c99aeb25d3c8b82e2cb d3345819a4954cbd8d1308b63047c505 - - default default] 10.0.0.2 "GET /v2.0/trunks/9a1cdc22-b290-484e-a1d3-fee83bc8dd90/tags HTTP/1.1" status: 200 len: 227 time: 0.0212049
2026-06-15 20:19:39.254 10 INFO neutron.wsgi [None req-133cb19d-0237-4053-8e31-04761f7859f3 c5566c77d8554827b04219e520158dcc ff953eb8fa8744029a526014db8e6272 - - default default] 10.0.0.1 "GET /v2.0/network-ip-availabilities HTTP/1.1" status: 200 len: 4071 time: 0.2838595
2026-06-15 20:19:39.274 9 INFO neutron.wsgi [None req-5e7d263d-f1a3-464a-b5f3-d441f4192151 3fec7735dcb84c99aeb25d3c8b82e2cb d3345819a4954cbd8d1308b63047c505 - - default default] 10.0.0.2 "PUT /v2.0/trunks/9a1cdc22-b290-484e-a1d3-fee83bc8dd90/tags/black.or.white HTTP/1.1" status: 201 len: 201 time: 0.0271549
2026-06-15 20:19:39.295 9 INFO neutron.wsgi [None req-615383d9-447d-49a5-99d4-9d6e68e12dc9 3fec7735dcb84c99aeb25d3c8b82e2cb d3345819a4954cbd8d1308b63047c505 - - default default] 10.0.0.2 "GET /v2.0/trunks/9a1cdc22-b290-484e-a1d3-fee83bc8dd90/tags HTTP/1.1" status: 200 len: 245 time: 0.0157537
2026-06-15 20:19:39.311 10 INFO neutron.wsgi [None req-8024a511-40ef-4f67-8828-a81c7998a3b9 c5566c77d8554827b04219e520158dcc ff953eb8fa8744029a526014db8e6272 - - default default] 10.0.0.1 "GET /v2.0/subnets HTTP/1.1" status: 200 len: 6133 time: 0.0551591
2026-06-15 20:19:39.322 9 INFO neutron.wsgi [None req-3264be66-968d-4986-be39-91bd278b6b8c 3fec7735dcb84c99aeb25d3c8b82e2cb d3345819a4954cbd8d1308b63047c505 - - default default] 10.0.0.2 "PUT /v2.0/trunks/9a1cdc22-b290-484e-a1d3-fee83bc8dd90/tags HTTP/1.1" status: 200 len: 230 time: 0.0233269
2026-06-15 20:19:39.327 10 INFO neutron.wsgi [None req-00f52774-fbdc-46bf-8cb9-e08e3d98c8fe c5566c77d8554827b04219e520158dcc ff953eb8fa8744029a526014db8e6272 - - default default] 10.0.0.1 "GET /v2.0/subnetpools HTTP/1.1" status: 200 len: 193 time: 0.0131464
2026-06-15 20:19:39.349 9 INFO neutron.wsgi [None req-c789d9c2-dc61-41f6-9eeb-6f62efbb9319 3fec7735dcb84c99aeb25d3c8b82e2cb d3345819a4954cbd8d1308b63047c505 - - default default] 10.0.0.2 "GET /v2.0/trunks/9a1cdc22-b290-484e-a1d3-fee83bc8dd90/tags HTTP/1.1" status: 200 len: 230 time: 0.0175588
2026-06-15 20:19:39.368 9 INFO neutron.wsgi [None req-16b48fbd-40fb-42af-93b6-f4c21daf4f97 3fec7735dcb84c99aeb25d3c8b82e2cb d3345819a4954cbd8d1308b63047c505 - - default default] 10.0.0.2 "GET /v2.0/trunks/9a1cdc22-b290-484e-a1d3-fee83bc8dd90/tags/red HTTP/1.1" status: 204 len: 168 time: 0.0140376
2026-06-15 20:19:39.387 9 INFO neutron.api.v2.resource [None req-778f9468-ab7b-4b56-bb17-84e24cf05cc9 3fec7735dcb84c99aeb25d3c8b82e2cb d3345819a4954cbd8d1308b63047c505 - - default default] show failed (client error): The resource could not be found.
2026-06-15 20:19:39.389 9 INFO neutron.wsgi [None req-778f9468-ab7b-4b56-bb17-84e24cf05cc9 3fec7735dcb84c99aeb25d3c8b82e2cb d3345819a4954cbd8d1308b63047c505 - - default default] 10.0.0.2 "GET /v2.0/trunks/9a1cdc22-b290-484e-a1d3-fee83bc8dd90/tags/green HTTP/1.1" status: 404 len: 299 time: 0.0162487
2026-06-15 20:19:39.423 9 INFO neutron.wsgi [None req-501f2e72-9fad-4b19-9f24-14819c4c5b64 3fec7735dcb84c99aeb25d3c8b82e2cb d3345819a4954cbd8d1308b63047c505 - - default default] 10.0.0.2 "DELETE /v2.0/trunks/9a1cdc22-b290-484e-a1d3-fee83bc8dd90/tags/red HTTP/1.1" status: 204 len: 168 time: 0.0278876
2026-06-15 20:19:39.425 10 INFO neutron.wsgi [None req-fd2612d6-ecc4-42c9-88a4-380fbb2830f8 c5566c77d8554827b04219e520158dcc ff953eb8fa8744029a526014db8e6272 - - default default] 10.0.0.1 "GET /v2.0/floatingips HTTP/1.1" status: 200 len: 2720 time: 0.0960903 /var/lib/openstack/lib/python3.10/site-packages/pycadf/identifier.py:71: UserWarning: Invalid uuid: neutron. To ensure interoperability, identifiers should be a valid uuid. warnings.warn(('Invalid uuid: %s. To ensure interoperability, '
2026-06-15 20:19:39.456 9 INFO neutron.wsgi [None req-ead99d66-4b46-4e12-986b-356e72347026 3fec7735dcb84c99aeb25d3c8b82e2cb d3345819a4954cbd8d1308b63047c505 - - default default] 10.0.0.2 "GET /v2.0/trunks/9a1cdc22-b290-484e-a1d3-fee83bc8dd90/tags HTTP/1.1" status: 200 len: 223 time: 0.0265753
2026-06-15 20:19:39.486 9 INFO neutron.api.v2.resource [None req-a0c59219-3bea-461d-a5f1-88856d7edb65 3fec7735dcb84c99aeb25d3c8b82e2cb d3345819a4954cbd8d1308b63047c505 - - default default] delete failed (client error): The resource could not be found.
2026-06-15 20:19:39.487 9 INFO neutron.wsgi [None req-a0c59219-3bea-461d-a5f1-88856d7edb65 3fec7735dcb84c99aeb25d3c8b82e2cb d3345819a4954cbd8d1308b63047c505 - - default default] 10.0.0.2 "DELETE /v2.0/trunks/9a1cdc22-b290-484e-a1d3-fee83bc8dd90/tags/green HTTP/1.1" status: 404 len: 299 time: 0.0228145
2026-06-15 20:19:39.506 10 INFO neutron.db.ovn_revision_numbers_db [None req-2f5665bb-d7b3-4dde-95dc-4b100280b34d 58e82c4bd08f4f43a103750a403e5ed4 4ad658d67ccc45de83b43f7cd5a00482 - - default default] Successfully bumped revision number for resource 26f32d4e-a8de-4229-8d1c-4fca54ec87e7 (type: floatingips) to 0
2026-06-15 20:19:39.528 9 INFO neutron.wsgi [None req-61243dc6-74fa-46f9-95d1-7db36110c8bd 3fec7735dcb84c99aeb25d3c8b82e2cb d3345819a4954cbd8d1308b63047c505 - - default default] 10.0.0.2 "DELETE /v2.0/trunks/9a1cdc22-b290-484e-a1d3-fee83bc8dd90/tags HTTP/1.1" status: 204 len: 168 time: 0.0367706
2026-06-15 20:19:39.559 9 INFO neutron.wsgi [None req-e615a48c-3215-4aaa-8fbd-4a7388bb48d1 3fec7735dcb84c99aeb25d3c8b82e2cb d3345819a4954cbd8d1308b63047c505 - - default default] 10.0.0.2 "GET /v2.0/trunks/9a1cdc22-b290-484e-a1d3-fee83bc8dd90/tags HTTP/1.1" status: 200 len: 205 time: 0.0258899
2026-06-15 20:19:39.565 10 INFO neutron.wsgi [None req-3a328070-e17a-4e44-8046-7c5bed6ac75c c5566c77d8554827b04219e520158dcc ff953eb8fa8744029a526014db8e6272 - - default default] 10.0.0.1 "GET /v2.0/ports HTTP/1.1" status: 200 len: 26016 time: 0.1368103
2026-06-15 20:19:39.618 10 INFO neutron.wsgi [None req-9d942545-6f6e-4ebe-9854-6a6e727d2636 3fec7735dcb84c99aeb25d3c8b82e2cb d3345819a4954cbd8d1308b63047c505 - - default default] 10.0.0.2 "GET /v2.0/trunks/9a1cdc22-b290-484e-a1d3-fee83bc8dd90 HTTP/1.1" status: 200 len: 603 time: 0.0495639
2026-06-15 20:19:39.701 10 INFO neutron.wsgi [None req-25aae7c7-3dfe-41f3-b0e2-a0e72e2049d3 c5566c77d8554827b04219e520158dcc ff953eb8fa8744029a526014db8e6272 - - default default] 10.0.0.1 "GET /v2.0/security-groups HTTP/1.1" status: 200 len: 43284 time: 0.1152763
2026-06-15 20:19:39.730 9 INFO neutron.wsgi [None req-5765b0e3-5bb7-4230-82ac-b729ea3a5369 3fec7735dcb84c99aeb25d3c8b82e2cb d3345819a4954cbd8d1308b63047c505 - - default default] 10.0.0.2 "GET /v2.0/ports/5b6a8331-bb5f-4298-a29b-9b478182bbf5 HTTP/1.1" status: 200 len: 1020 time: 0.1064684
2026-06-15 20:19:39.789 10 INFO neutron.db.ovn_revision_numbers_db [None req-2f5665bb-d7b3-4dde-95dc-4b100280b34d 58e82c4bd08f4f43a103750a403e5ed4 4ad658d67ccc45de83b43f7cd5a00482 - - default default] Successfully bumped revision number for resource 26f32d4e-a8de-4229-8d1c-4fca54ec87e7 (type: floatingips) to 1
2026-06-15 20:19:39.813 9 INFO neutron.wsgi [None req-83a02c3a-1ae8-4001-8436-ca9a712df498 3fec7735dcb84c99aeb25d3c8b82e2cb d3345819a4954cbd8d1308b63047c505 - - default default] 10.0.0.2 "DELETE /v2.0/trunks/9a1cdc22-b290-484e-a1d3-fee83bc8dd90 HTTP/1.1" status: 204 len: 168 time: 0.0765789
2026-06-15 20:19:39.829 10 INFO neutron.wsgi [None req-5bdacfb8-d751-4d48-b683-816b10ffa0b8 c5566c77d8554827b04219e520158dcc ff953eb8fa8744029a526014db8e6272 - - default default] 10.0.0.1 "GET /v2.0/networks HTTP/1.1" status: 200 len: 6166 time: 0.1059775
2026-06-15 20:19:39.854 10 INFO neutron.wsgi [None req-2f5665bb-d7b3-4dde-95dc-4b100280b34d 58e82c4bd08f4f43a103750a403e5ed4 4ad658d67ccc45de83b43f7cd5a00482 - - default default] 10.0.0.2 "POST /v2.0/floatingips HTTP/1.1" status: 201 len: 1054 time: 1.8974087
2026-06-15 20:19:39.950 10 INFO neutron.notifiers.nova [-] Nova event matching ['req-0a6297e3-e443-4937-a5cb-f3bca724b6a2'] response: {'name': 'network-changed', 'server_uuid': 'e02889d0-0e94-4250-84cd-b947d870e8cb', 'tag': '7b0ec385-b82a-4321-a3d5-434c07d22975', 'status': 'completed', 'code': 200}
2026-06-15 20:19:40.030 9 INFO neutron.wsgi [req-ce9da698-f250-4b90-ab22-8b5fff02cfef req-2872ba34-178a-4abd-acd5-5e9b800ccbba e998b3f8a0ec4c11be1bd2fac2b8cdfd e3e4c5b439b843df911641c597c1e8b2 - - bb44992846d24d4a95418caed5772138 bb44992846d24d4a95418caed5772138] 199.19.213.125 "GET /v2.0/ports?tenant_id=4ad658d67ccc45de83b43f7cd5a00482&device_id=e02889d0-0e94-4250-84cd-b947d870e8cb HTTP/1.1" status: 200 len: 1638 time: 0.0617738
2026-06-15 20:19:40.129 9 INFO neutron.wsgi [req-ce9da698-f250-4b90-ab22-8b5fff02cfef req-13742196-17e7-4569-b5fb-4d8774adf63e e998b3f8a0ec4c11be1bd2fac2b8cdfd e3e4c5b439b843df911641c597c1e8b2 - - bb44992846d24d4a95418caed5772138 bb44992846d24d4a95418caed5772138] 199.19.213.125 "GET /v2.0/networks?id=4923c1b7-9335-46e3-90e6-779edea009f4 HTTP/1.1" status: 200 len: 1003 time: 0.0938463
2026-06-15 20:19:40.187 9 INFO neutron.wsgi [None req-44870135-187f-42ec-968d-d4bcc98b4969 3fec7735dcb84c99aeb25d3c8b82e2cb d3345819a4954cbd8d1308b63047c505 - - default default] 10.0.0.2 "DELETE /v2.0/ports/5b6a8331-bb5f-4298-a29b-9b478182bbf5 HTTP/1.1" status: 204 len: 168 time: 0.3691237
2026-06-15 20:19:40.232 9 INFO neutron.wsgi [req-ce9da698-f250-4b90-ab22-8b5fff02cfef req-69b351bc-1fa6-4f12-aca1-5e75b4941f87 e998b3f8a0ec4c11be1bd2fac2b8cdfd e3e4c5b439b843df911641c597c1e8b2 - - bb44992846d24d4a95418caed5772138 bb44992846d24d4a95418caed5772138] 199.19.213.125 "GET /v2.0/floatingips?fixed_ip_address=10.2.2.114&port_id=7b0ec385-b82a-4321-a3d5-434c07d22975 HTTP/1.1" status: 200 len: 1059 time: 0.0932736
2026-06-15 20:19:40.564 9 INFO neutron.wsgi [req-ce9da698-f250-4b90-ab22-8b5fff02cfef req-079ec97c-1b25-477b-b911-82f55bbc2944 e998b3f8a0ec4c11be1bd2fac2b8cdfd e3e4c5b439b843df911641c597c1e8b2 - - bb44992846d24d4a95418caed5772138 bb44992846d24d4a95418caed5772138] 199.19.213.125 "GET /v2.0/floatingips?fixed_ip_address=fd77%3A1457%3A4cf0%3A26a8%3A%3A25&port_id=7b0ec385-b82a-4321-a3d5-434c07d22975 HTTP/1.1" status: 200 len: 217 time: 0.3237836
2026-06-15 20:19:40.612 9 INFO neutron.wsgi [req-ce9da698-f250-4b90-ab22-8b5fff02cfef req-49f96a3a-415d-4258-92d0-ac6c5f6be7f9 e998b3f8a0ec4c11be1bd2fac2b8cdfd e3e4c5b439b843df911641c597c1e8b2 - - bb44992846d24d4a95418caed5772138 bb44992846d24d4a95418caed5772138] 199.19.213.125 "GET /v2.0/subnets?id=04b570c0-074e-46f2-89f7-f33e52345c63&id=50f19fbe-7719-4170-bcd3-7c33d5d057b8 HTTP/1.1" status: 200 len: 1564 time: 0.0431857
2026-06-15 20:19:40.642 9 INFO neutron.wsgi [req-ce9da698-f250-4b90-ab22-8b5fff02cfef req-58ee5b09-1103-4167-8ecf-a0fb756867e4 e998b3f8a0ec4c11be1bd2fac2b8cdfd e3e4c5b439b843df911641c597c1e8b2 - - bb44992846d24d4a95418caed5772138 bb44992846d24d4a95418caed5772138] 199.19.213.125 "GET /v2.0/ports?network_id=4923c1b7-9335-46e3-90e6-779edea009f4&device_owner=network%3Adhcp HTTP/1.1" status: 200 len: 210 time: 0.0229318
2026-06-15 20:19:40.674 9 INFO neutron.wsgi [req-ce9da698-f250-4b90-ab22-8b5fff02cfef req-f837334e-06d7-4c30-ad97-df8b34c46ce4 e998b3f8a0ec4c11be1bd2fac2b8cdfd e3e4c5b439b843df911641c597c1e8b2 - - bb44992846d24d4a95418caed5772138 bb44992846d24d4a95418caed5772138] 199.19.213.125 "GET /v2.0/ports?network_id=4923c1b7-9335-46e3-90e6-779edea009f4&device_owner=network%3Adhcp HTTP/1.1" status: 200 len: 210 time: 0.0202250
2026-06-15 20:19:40.758 9 INFO neutron.wsgi [req-ce9da698-f250-4b90-ab22-8b5fff02cfef req-a20fc4a0-453b-439f-9bb8-48e02453d96b e998b3f8a0ec4c11be1bd2fac2b8cdfd e3e4c5b439b843df911641c597c1e8b2 - - bb44992846d24d4a95418caed5772138 bb44992846d24d4a95418caed5772138] 199.19.213.125 "GET /v2.0/networks/4923c1b7-9335-46e3-90e6-779edea009f4?fields=segments HTTP/1.1" status: 200 len: 212 time: 0.0781946
2026-06-15 20:19:40.840 9 INFO neutron.wsgi [req-ce9da698-f250-4b90-ab22-8b5fff02cfef req-387f0240-2469-4132-8071-af67a898128d e998b3f8a0ec4c11be1bd2fac2b8cdfd e3e4c5b439b843df911641c597c1e8b2 - - bb44992846d24d4a95418caed5772138 bb44992846d24d4a95418caed5772138] 199.19.213.125 "GET /v2.0/networks/4923c1b7-9335-46e3-90e6-779edea009f4?fields=provider%3Aphysical_network&fields=provider%3Anetwork_type HTTP/1.1" status: 200 len: 277 time: 0.0749509
2026-06-15 20:19:40.965 9 INFO neutron.services.segments.plugin [-] Segment 6dd5e2be-f628-443a-9f50-1f6306a46e6c resource provider aggregate not found
2026-06-15 20:19:40.972 9 INFO neutron.services.segments.plugin [-] Segment 6dd5e2be-f628-443a-9f50-1f6306a46e6c resource provider aggregate not found
2026-06-15 20:19:41.008 9 INFO neutron.services.segments.plugin [-] Segment 6dd5e2be-f628-443a-9f50-1f6306a46e6c resource provider not found; error: Placement Client Error (4xx): {"errors": [{"status": 404, "title": "Not Found", "detail": "The resource could not be found.\n\n No resource provider with uuid 6dd5e2be-f628-443a-9f50-1f6306a46e6c found for delete ", "request_id": "req-6028b019-ac6f-4f16-ae44-640cfaebc4f0"}]}
2026-06-15 20:19:41.012 9 INFO neutron.services.segments.plugin [-] Segment 6dd5e2be-f628-443a-9f50-1f6306a46e6c resource provider not found; error: Placement Client Error (4xx): {"errors": [{"status": 404, "title": "Not Found", "detail": "The resource could not be found.\n\n No resource provider with uuid 6dd5e2be-f628-443a-9f50-1f6306a46e6c found for delete ", "request_id": "req-7209d3a6-f660-4d21-a393-df0bf26eaebf"}]}
2026-06-15 20:19:41.033 9 INFO neutron.wsgi [None req-1a34dd7e-d6e1-4fa3-9cc3-4fe7543c5f5e 3fec7735dcb84c99aeb25d3c8b82e2cb d3345819a4954cbd8d1308b63047c505 - - default default] 10.0.0.2 "DELETE /v2.0/networks/91527242-1615-44cb-9d78-1868a8cc29bd HTTP/1.1" status: 204 len: 168 time: 0.8416281
2026-06-15 20:19:41.516 9 INFO neutron.wsgi [req-18fd6007-f640-4833-8e41-b11119ddc457 req-e6c3b7c9-314f-4994-b850-f3f18184bd81 e998b3f8a0ec4c11be1bd2fac2b8cdfd e3e4c5b439b843df911641c597c1e8b2 - - bb44992846d24d4a95418caed5772138 bb44992846d24d4a95418caed5772138] 10.0.0.15 "GET /v2.0/ports?device_id=1be6170b-c4e1-442e-9b95-bbeb5d945c4d HTTP/1.1" status: 200 len: 1638 time: 0.0388710
2026-06-15 20:19:41.565 9 INFO neutron.wsgi [req-18fd6007-f640-4833-8e41-b11119ddc457 req-2bdabd00-6324-4baa-a585-6c99b582e687 e998b3f8a0ec4c11be1bd2fac2b8cdfd e3e4c5b439b843df911641c597c1e8b2 - - bb44992846d24d4a95418caed5772138 bb44992846d24d4a95418caed5772138] 10.0.0.15 "GET /v2.0/security-groups?id=344a4cb3-c605-4ada-8d48-d6da0a326833&fields=id&fields=name HTTP/1.1" status: 200 len: 311 time: 0.0420730
2026-06-15 20:19:41.886 10 INFO neutron.wsgi [None req-4739a8ab-91b2-4b57-9ccc-624a030320e6 c5566c77d8554827b04219e520158dcc ff953eb8fa8744029a526014db8e6272 - - default default] 10.0.0.2 "GET /v2.0/security-groups?tenant_id=d3345819a4954cbd8d1308b63047c505&name=default HTTP/1.1" status: 200 len: 3000 time: 0.1667156
2026-06-15 20:19:42.149 10 INFO neutron.wsgi [None req-b3e96bce-6f9a-491c-b5ed-1d2ea0ece8af c5566c77d8554827b04219e520158dcc ff953eb8fa8744029a526014db8e6272 - - default default] 10.0.0.2 "DELETE /v2.0/security-groups/c58c31db-5195-476c-93d9-f45527afc837 HTTP/1.1" status: 204 len: 168 time: 0.2564452
2026-06-15 20:19:42.390 9 INFO neutron.db.ovn_revision_numbers_db [None req-5bb63063-2854-4a16-8c5a-5872df8132f5 c5566c77d8554827b04219e520158dcc ff953eb8fa8744029a526014db8e6272 - - default default] Successfully bumped revision number for resource d5e7a695-b0b6-4b07-8373-107ffe9763fb (type: security_groups) to 1
2026-06-15 20:19:42.407 9 INFO neutron.db.ovn_revision_numbers_db [None req-5bb63063-2854-4a16-8c5a-5872df8132f5 c5566c77d8554827b04219e520158dcc ff953eb8fa8744029a526014db8e6272 - - default default] Successfully bumped revision number for resource 0d71744b-5617-4921-8e16-e18eddbca8fe (type: security_group_rules) to 0
2026-06-15 20:19:42.422 9 INFO neutron.db.ovn_revision_numbers_db [None req-5bb63063-2854-4a16-8c5a-5872df8132f5 c5566c77d8554827b04219e520158dcc ff953eb8fa8744029a526014db8e6272 - - default default] Successfully bumped revision number for resource 2ad9967e-0b21-4fff-9e02-a21489a10b8a (type: security_group_rules) to 0
2026-06-15 20:19:42.445 9 INFO neutron.db.ovn_revision_numbers_db [None req-5bb63063-2854-4a16-8c5a-5872df8132f5 c5566c77d8554827b04219e520158dcc ff953eb8fa8744029a526014db8e6272 - - default default] Successfully bumped revision number for resource 364e5192-4cdd-4482-9318-19db53b60aa2 (type: security_group_rules) to 0
2026-06-15 20:19:42.460 9 INFO neutron.db.ovn_revision_numbers_db [None req-5bb63063-2854-4a16-8c5a-5872df8132f5 c5566c77d8554827b04219e520158dcc ff953eb8fa8744029a526014db8e6272 - - default default] Successfully bumped revision number for resource 8b96d706-c0a3-4cd9-a645-6e48a16cd37a (type: security_group_rules) to 0
2026-06-15 20:19:42.487 9 INFO neutron.wsgi [None req-5bb63063-2854-4a16-8c5a-5872df8132f5 c5566c77d8554827b04219e520158dcc ff953eb8fa8744029a526014db8e6272 - - default default] 10.0.0.2 "GET /v2.0/security-groups?tenant_id=44e0d971234e463dad2e8351c457d68a&name=default HTTP/1.1" status: 200 len: 3000 time: 0.2108803
2026-06-15 20:19:42.703 9 INFO neutron.wsgi [None req-a32b897e-e955-4463-85cc-609906d9f0a7 c5566c77d8554827b04219e520158dcc ff953eb8fa8744029a526014db8e6272 - - default default] 10.0.0.2 "DELETE /v2.0/security-groups/d5e7a695-b0b6-4b07-8373-107ffe9763fb HTTP/1.1" status: 204 len: 168 time: 0.2116885
2026-06-15 20:19:43.881 9 INFO neutron.wsgi [req-698e52ba-8484-4c28-8260-65e04e816ce0 req-abc1d96c-3f34-487a-9979-35506d16fa6e e998b3f8a0ec4c11be1bd2fac2b8cdfd e3e4c5b439b843df911641c597c1e8b2 - - bb44992846d24d4a95418caed5772138 bb44992846d24d4a95418caed5772138] 10.0.0.15 "GET /v2.0/ports?device_id=fc302ddb-915e-4c5f-b114-a0bd8be9b1bb HTTP/1.1" status: 200 len: 1409 time: 0.0352609
2026-06-15 20:19:43.920 9 INFO neutron.wsgi [req-698e52ba-8484-4c28-8260-65e04e816ce0 req-09623020-eebc-480f-bbaa-87eb3e6a59c6 e998b3f8a0ec4c11be1bd2fac2b8cdfd e3e4c5b439b843df911641c597c1e8b2 - - bb44992846d24d4a95418caed5772138 bb44992846d24d4a95418caed5772138] 10.0.0.15 "GET /v2.0/security-groups?id=c8a1515f-a98f-4fcb-a25f-abf6530e251a&fields=id&fields=name HTTP/1.1" status: 200 len: 312 time: 0.0319715
2026-06-15 20:19:46.182 10 INFO neutron.wsgi [-] 10.0.0.12 "GET / HTTP/1.1" status: 200 len: 246 time: 0.0018077
2026-06-15 20:19:46.182 9 INFO neutron.wsgi [-] 10.0.0.12 "GET / HTTP/1.1" status: 200 len: 246 time: 0.0018783
2026-06-15 20:19:46.615 9 INFO neutron.db.ovn_revision_numbers_db [None req-863afd44-cd72-4cde-9a62-2d3efca4fae7 c5566c77d8554827b04219e520158dcc ff953eb8fa8744029a526014db8e6272 - - default default] Successfully bumped revision number for resource 9c6e53cb-408c-4590-83de-c0af8d515001 (type: security_groups) to 1
2026-06-15 20:19:46.647 9 INFO neutron.db.ovn_revision_numbers_db [None req-863afd44-cd72-4cde-9a62-2d3efca4fae7 c5566c77d8554827b04219e520158dcc ff953eb8fa8744029a526014db8e6272 - - default default] Successfully bumped revision number for resource 5b7ed055-d42d-4ce0-a190-e96eb67947e2 (type: security_group_rules) to 0
2026-06-15 20:19:46.667 9 INFO neutron.db.ovn_revision_numbers_db [None req-863afd44-cd72-4cde-9a62-2d3efca4fae7 c5566c77d8554827b04219e520158dcc ff953eb8fa8744029a526014db8e6272 - - default default] Successfully bumped revision number for resource a350e32a-736b-479f-a86e-3b5829ece3bf (type: security_group_rules) to 0
2026-06-15 20:19:46.696 9 INFO neutron.db.ovn_revision_numbers_db [None req-863afd44-cd72-4cde-9a62-2d3efca4fae7 c5566c77d8554827b04219e520158dcc ff953eb8fa8744029a526014db8e6272 - - default default] Successfully bumped revision number for resource ab3f06e7-909a-47d2-ac49-d454ac23878d (type: security_group_rules) to 0
2026-06-15 20:19:46.727 10 INFO neutron.plugins.ml2.drivers.ovn.mech_driver.mech_driver [None req-0d1ee76d-1634-4522-9c65-e7b936d81835 - - - - - -] OVN reports status down for port: 96ecc037-589e-4f6a-9e47-1ba61e7a8617
2026-06-15 20:19:46.750 9 INFO neutron.db.ovn_revision_numbers_db [None req-863afd44-cd72-4cde-9a62-2d3efca4fae7 c5566c77d8554827b04219e520158dcc ff953eb8fa8744029a526014db8e6272 - - default default] Successfully bumped revision number for resource ec776410-3156-498a-9b0f-1490150dce4d (type: security_group_rules) to 0
2026-06-15 20:19:46.788 9 INFO neutron.wsgi [None req-863afd44-cd72-4cde-9a62-2d3efca4fae7 c5566c77d8554827b04219e520158dcc ff953eb8fa8744029a526014db8e6272 - - default default] 10.0.0.2 "GET /v2.0/security-groups?tenant_id=fa83cc50c97b4dfdb810ef05e2e8db03&name=default HTTP/1.1" status: 200 len: 3000 time: 0.4771292
2026-06-15 20:19:46.856 9 INFO neutron.wsgi [req-b6f525b0-80e9-48b1-a120-ab2ff308eaf5 req-59f29442-13d5-4d8b-a358-2d68d96c3f1f c38ef6e7e0794437a12b8d3a7d8e1187 6b5d873f9e834230b46c3bd273e3b181 - - default default] 10.0.0.73 "GET /v2.0/ports?device_id=fc302ddb-915e-4c5f-b114-a0bd8be9b1bb HTTP/1.1" status: 200 len: 1170 time: 0.1543560
2026-06-15 20:19:46.924 9 INFO neutron.wsgi [req-b6f525b0-80e9-48b1-a120-ab2ff308eaf5 req-ecf3a24b-7bad-4d38-9051-3456e5c4d637 c38ef6e7e0794437a12b8d3a7d8e1187 6b5d873f9e834230b46c3bd273e3b181 - - default default] 10.0.0.73 "GET /v2.0/security-groups?id=c8a1515f-a98f-4fcb-a25f-abf6530e251a&fields=id&fields=name HTTP/1.1" status: 200 len: 312 time: 0.0627127
2026-06-15 20:19:46.952 10 INFO neutron.notifiers.nova [-] Nova event matching ['req-17b921a7-d66b-4f3c-88d3-c0e8efcafbf3'] response: {'server_uuid': 'fc302ddb-915e-4c5f-b114-a0bd8be9b1bb', 'name': 'network-vif-unplugged', 'status': 'completed', 'tag': '96ecc037-589e-4f6a-9e47-1ba61e7a8617', 'code': 200}
2026-06-15 20:19:47.069 9 INFO neutron.wsgi [req-b76ff194-26cc-469a-8ab7-b95005914be8 req-e3c54343-acda-4c5d-8ebe-a5764af17a58 c38ef6e7e0794437a12b8d3a7d8e1187 6b5d873f9e834230b46c3bd273e3b181 - - default default] 199.19.213.125 "GET /v2.0/ports?device_id=fc302ddb-915e-4c5f-b114-a0bd8be9b1bb HTTP/1.1" status: 200 len: 1168 time: 0.0425541
2026-06-15 20:19:47.142 9 INFO neutron.wsgi [None req-d2665ddc-e5de-4b98-aadb-7780eae3f9d2 c5566c77d8554827b04219e520158dcc ff953eb8fa8744029a526014db8e6272 - - default default] 10.0.0.2 "DELETE /v2.0/security-groups/9c6e53cb-408c-4590-83de-c0af8d515001 HTTP/1.1" status: 204 len: 168 time: 0.3422475
2026-06-15 20:19:47.187 10 INFO neutron.db.ovn_revision_numbers_db [None req-0d1ee76d-1634-4522-9c65-e7b936d81835 - - - - - -] Successfully bumped revision number for resource 96ecc037-589e-4f6a-9e47-1ba61e7a8617 (type: ports) to 5
2026-06-15 20:19:47.214 10 INFO neutron.plugins.ml2.drivers.ovn.mech_driver.mech_driver [None req-0d1ee76d-1634-4522-9c65-e7b936d81835 - - - - - -] OVN reports status up for port: 96ecc037-589e-4f6a-9e47-1ba61e7a8617
2026-06-15 20:19:47.242 10 INFO neutron.plugins.ml2.plugin [None req-0d1ee76d-1634-4522-9c65-e7b936d81835 - - - - - -] Attempt 1 to provision port 96ecc037-589e-4f6a-9e47-1ba61e7a8617
2026-06-15 20:19:47.542 9 INFO neutron.db.ovn_revision_numbers_db [None req-c6804012-8854-45b2-9645-35a61b30b007 c5566c77d8554827b04219e520158dcc ff953eb8fa8744029a526014db8e6272 - - default default] Successfully bumped revision number for resource cf26658b-c64e-4193-a003-40874eaa535c (type: security_groups) to 1
2026-06-15 20:19:47.560 9 INFO neutron.db.l3_db [req-b76ff194-26cc-469a-8ab7-b95005914be8 req-05ccf8a8-f622-4b84-9579-eaaa286b08f4 c38ef6e7e0794437a12b8d3a7d8e1187 6b5d873f9e834230b46c3bd273e3b181 - - default default] Floating IP 31fa549c-f074-43d0-8296-fa6f01433f0f disassociated. External IP: 10.96.250.202, port: 96ecc037-589e-4f6a-9e47-1ba61e7a8617.
2026-06-15 20:19:47.585 10 INFO neutron.db.ovn_revision_numbers_db [None req-0d1ee76d-1634-4522-9c65-e7b936d81835 - - - - - -] Successfully bumped revision number for resource 96ecc037-589e-4f6a-9e47-1ba61e7a8617 (type: ports) to 6
