2026-06-15 20:19:03.557 10 INFO neutron.wsgi [None req-b12f70af-c159-419a-a8b4-740888b7582c 58e82c4bd08f4f43a103750a403e5ed4 4ad658d67ccc45de83b43f7cd5a00482 - - default default] 10.0.0.2 "POST /v2.0/networks HTTP/1.1" status: 201 len: 839 time: 1.0178912
2026-06-15 20:19:03.567 10 WARNING neutron_lib.context [None req-76a21dfd-5b03-40fe-afa6-c7b5eec33ece 58e82c4bd08f4f43a103750a403e5ed4 4ad658d67ccc45de83b43f7cd5a00482 - - default default] Method 'is_advsvc' is deprecated since 2023.2 release (neutron-lib 3.8.0) and will be removed once support for the old RBAC API policies will be removed from Neutron. Please use method 'is_service_role' instead.
2026-06-15 20:19:03.649 9 INFO neutron.db.ovn_revision_numbers_db [None req-490cb04e-f3b8-4112-94c3-8b46daff2a6b c38ef6e7e0794437a12b8d3a7d8e1187 6b5d873f9e834230b46c3bd273e3b181 - - default default] Successfully bumped revision number for resource 0327ec1b-6983-4d9c-a32a-537f2a32a22c (type: security_group_rules) to 0
2026-06-15 20:19:03.683 9 INFO neutron.wsgi [None req-490cb04e-f3b8-4112-94c3-8b46daff2a6b c38ef6e7e0794437a12b8d3a7d8e1187 6b5d873f9e834230b46c3bd273e3b181 - - default default] 10.0.0.2 "POST /v2.0/security-group-rules HTTP/1.1" status: 201 len: 769 time: 0.1971250
2026-06-15 20:19:03.691 9 WARNING neutron_lib.context [None req-aec57006-a6ca-4b46-a4b5-a0754db1ce3e c38ef6e7e0794437a12b8d3a7d8e1187 6b5d873f9e834230b46c3bd273e3b181 - - default default] Method 'is_advsvc' is deprecated since 2023.2 release (neutron-lib 3.8.0) and will be removed once support for the old RBAC API policies will be removed from Neutron. Please use method 'is_service_role' instead.
2026-06-15 20:19:03.696 10 INFO neutron.db.ovn_revision_numbers_db [None req-3f4fe4ea-61f7-494b-baba-64b9201b4d3e c5566c77d8554827b04219e520158dcc ff953eb8fa8744029a526014db8e6272 - - default default] Successfully bumped revision number for resource 55e7aebc-a6ff-4c31-9050-045071c7f821 (type: security_groups) to 1
2026-06-15 20:19:03.725 10 INFO neutron.db.ovn_revision_numbers_db [None req-3f4fe4ea-61f7-494b-baba-64b9201b4d3e c5566c77d8554827b04219e520158dcc ff953eb8fa8744029a526014db8e6272 - - default default] Successfully bumped revision number for resource 30eb8e5c-5b26-420e-b585-aca3b5734be0 (type: security_group_rules) to 0
2026-06-15 20:19:03.744 10 INFO neutron.db.ovn_revision_numbers_db [None req-3f4fe4ea-61f7-494b-baba-64b9201b4d3e c5566c77d8554827b04219e520158dcc ff953eb8fa8744029a526014db8e6272 - - default default] Successfully bumped revision number for resource 3b11616e-a336-46ca-96cb-b7e36f5b5ddb (type: security_group_rules) to 0
2026-06-15 20:19:03.769 10 INFO neutron.db.ovn_revision_numbers_db [None req-3f4fe4ea-61f7-494b-baba-64b9201b4d3e c5566c77d8554827b04219e520158dcc ff953eb8fa8744029a526014db8e6272 - - default default] Successfully bumped revision number for resource 70a48e66-2c97-400a-a771-952cf75a12b0 (type: security_group_rules) to 0
2026-06-15 20:19:03.803 10 INFO neutron.db.ovn_revision_numbers_db [None req-3f4fe4ea-61f7-494b-baba-64b9201b4d3e c5566c77d8554827b04219e520158dcc ff953eb8fa8744029a526014db8e6272 - - default default] Successfully bumped revision number for resource 8733efd7-1d58-488b-8d8d-20cdac53470a (type: security_group_rules) to 0
2026-06-15 20:19:03.805 9 INFO neutron.db.ovn_revision_numbers_db [None req-aec57006-a6ca-4b46-a4b5-a0754db1ce3e c38ef6e7e0794437a12b8d3a7d8e1187 6b5d873f9e834230b46c3bd273e3b181 - - default default] Successfully bumped revision number for resource a1b4bbfb-bc7c-484f-9319-2bd7ce58b3d5 (type: security_group_rules) to 0
2026-06-15 20:19:03.833 10 INFO neutron.wsgi [None req-3f4fe4ea-61f7-494b-baba-64b9201b4d3e c5566c77d8554827b04219e520158dcc ff953eb8fa8744029a526014db8e6272 - - default default] 10.0.0.2 "GET /v2.0/security-groups?tenant_id=83dbefe8dc8e437e84b2d7289bf41950&name=default HTTP/1.1" status: 200 len: 2996 time: 0.2905498
2026-06-15 20:19:03.834 9 INFO neutron.wsgi [None req-aec57006-a6ca-4b46-a4b5-a0754db1ce3e c38ef6e7e0794437a12b8d3a7d8e1187 6b5d873f9e834230b46c3bd273e3b181 - - default default] 10.0.0.2 "POST /v2.0/security-group-rules HTTP/1.1" status: 201 len: 768 time: 0.1476989
2026-06-15 20:19:03.845 9 WARNING neutron_lib.context [None req-77ecb320-1fa5-489e-b64a-384afdfce713 c38ef6e7e0794437a12b8d3a7d8e1187 6b5d873f9e834230b46c3bd273e3b181 - - default default] Method 'is_advsvc' is deprecated since 2023.2 release (neutron-lib 3.8.0) and will be removed once support for the old RBAC API policies will be removed from Neutron. Please use method 'is_service_role' instead.
2026-06-15 20:19:03.859 10 WARNING neutron.scheduler.dhcp_agent_scheduler [None req-76a21dfd-5b03-40fe-afa6-c7b5eec33ece 58e82c4bd08f4f43a103750a403e5ed4 4ad658d67ccc45de83b43f7cd5a00482 - - default default] No more DHCP agents
2026-06-15 20:19:03.861 10 WARNING neutron.api.rpc.agentnotifiers.dhcp_rpc_agent_api [None req-76a21dfd-5b03-40fe-afa6-c7b5eec33ece 58e82c4bd08f4f43a103750a403e5ed4 4ad658d67ccc45de83b43f7cd5a00482 - - default default] Unable to schedule network 4ce9c48e-b84b-450b-bb00-108701855a1e: no agents available; will retry on subsequent port and subnet creation events.
2026-06-15 20:19:03.904 9 INFO neutron.db.securitygroups_db [None req-77ecb320-1fa5-489e-b64a-384afdfce713 c38ef6e7e0794437a12b8d3a7d8e1187 6b5d873f9e834230b46c3bd273e3b181 - - default default] Project 6b5d873f9e834230b46c3bd273e3b181 added a security group rule with legacy IPv6 ICMP protocol name icmp, ipv6-icmp should be used instead. It was automatically converted.
2026-06-15 20:19:04.032 9 INFO neutron.db.ovn_revision_numbers_db [None req-77ecb320-1fa5-489e-b64a-384afdfce713 c38ef6e7e0794437a12b8d3a7d8e1187 6b5d873f9e834230b46c3bd273e3b181 - - default default] Successfully bumped revision number for resource 56e621a0-afb8-4006-9b98-961059bcde56 (type: security_group_rules) to 0
2026-06-15 20:19:04.076 9 INFO neutron.wsgi [None req-77ecb320-1fa5-489e-b64a-384afdfce713 c38ef6e7e0794437a12b8d3a7d8e1187 6b5d873f9e834230b46c3bd273e3b181 - - default default] 10.0.0.2 "POST /v2.0/security-group-rules HTTP/1.1" status: 201 len: 774 time: 0.2356374
2026-06-15 20:19:04.088 9 WARNING neutron_lib.context [None req-5ea58d08-6304-4f48-9d6a-2bc11faf16e7 c38ef6e7e0794437a12b8d3a7d8e1187 6b5d873f9e834230b46c3bd273e3b181 - - default default] Method 'is_advsvc' is deprecated since 2023.2 release (neutron-lib 3.8.0) and will be removed once support for the old RBAC API policies will be removed from Neutron. Please use method 'is_service_role' instead.
2026-06-15 20:19:04.108 9 INFO neutron.wsgi [None req-fd5009db-29f2-4d70-9da9-2b60cfaae426 c5566c77d8554827b04219e520158dcc ff953eb8fa8744029a526014db8e6272 - - default default] 10.0.0.2 "DELETE /v2.0/security-groups/55e7aebc-a6ff-4c31-9050-045071c7f821 HTTP/1.1" status: 204 len: 168 time: 0.2681496
2026-06-15 20:19:04.154 9 INFO neutron.db.securitygroups_db [None req-5ea58d08-6304-4f48-9d6a-2bc11faf16e7 c38ef6e7e0794437a12b8d3a7d8e1187 6b5d873f9e834230b46c3bd273e3b181 - - default default] Project 6b5d873f9e834230b46c3bd273e3b181 added a security group rule with legacy IPv6 ICMP protocol name icmp, ipv6-icmp should be used instead. It was automatically converted.
2026-06-15 20:19:04.300 9 INFO neutron.db.ovn_revision_numbers_db [None req-5ea58d08-6304-4f48-9d6a-2bc11faf16e7 c38ef6e7e0794437a12b8d3a7d8e1187 6b5d873f9e834230b46c3bd273e3b181 - - default default] Successfully bumped revision number for resource 7a3bd2a9-6d49-461e-ae20-9094b238fe35 (type: security_group_rules) to 0
2026-06-15 20:19:04.333 9 INFO neutron.wsgi [None req-5ea58d08-6304-4f48-9d6a-2bc11faf16e7 c38ef6e7e0794437a12b8d3a7d8e1187 6b5d873f9e834230b46c3bd273e3b181 - - default default] 10.0.0.2 "POST /v2.0/security-group-rules HTTP/1.1" status: 201 len: 773 time: 0.2496045
2026-06-15 20:19:04.421 10 INFO neutron.db.ovn_revision_numbers_db [None req-76a21dfd-5b03-40fe-afa6-c7b5eec33ece 58e82c4bd08f4f43a103750a403e5ed4 4ad658d67ccc45de83b43f7cd5a00482 - - default default] Successfully bumped revision number for resource f0e9fd74-af1e-4687-907c-4a84e6eba417 (type: ports) to 2
2026-06-15 20:19:04.474 10 INFO neutron.db.ovn_revision_numbers_db [None req-76a21dfd-5b03-40fe-afa6-c7b5eec33ece 58e82c4bd08f4f43a103750a403e5ed4 4ad658d67ccc45de83b43f7cd5a00482 - - default default] Successfully bumped revision number for resource be9b3ddd-572f-433d-919c-5f24361699f9 (type: subnets) to 0
2026-06-15 20:19:04.499 10 INFO neutron.wsgi [None req-76a21dfd-5b03-40fe-afa6-c7b5eec33ece 58e82c4bd08f4f43a103750a403e5ed4 4ad658d67ccc45de83b43f7cd5a00482 - - default default] 10.0.0.2 "POST /v2.0/subnets HTTP/1.1" status: 201 len: 832 time: 0.9367781
2026-06-15 20:19:04.728 10 INFO neutron.wsgi [None req-faadadf4-c814-4bfc-a64e-cef334e089bc d7f1671750a54779b21e60f54383b35a dd8423681e4d44c18f714ad67bfdeb4a - - default default] 10.0.0.2 "GET /v2.0/subnetpools?name=shared-default-subnetpool-v6 HTTP/1.1" status: 200 len: 212 time: 0.2237339
2026-06-15 20:19:04.738 10 WARNING neutron_lib.context [None req-57c5ed96-eb23-4989-b4ae-b6fa92965d36 58e82c4bd08f4f43a103750a403e5ed4 4ad658d67ccc45de83b43f7cd5a00482 - - default default] Method 'is_advsvc' is deprecated since 2023.2 release (neutron-lib 3.8.0) and will be removed once support for the old RBAC API policies will be removed from Neutron. Please use method 'is_service_role' instead.
2026-06-15 20:19:05.067 10 WARNING neutron.scheduler.dhcp_agent_scheduler [None req-57c5ed96-eb23-4989-b4ae-b6fa92965d36 58e82c4bd08f4f43a103750a403e5ed4 4ad658d67ccc45de83b43f7cd5a00482 - - default default] No more DHCP agents
2026-06-15 20:19:05.079 10 WARNING neutron.api.rpc.agentnotifiers.dhcp_rpc_agent_api [None req-57c5ed96-eb23-4989-b4ae-b6fa92965d36 58e82c4bd08f4f43a103750a403e5ed4 4ad658d67ccc45de83b43f7cd5a00482 - - default default] Unable to schedule network 4ce9c48e-b84b-450b-bb00-108701855a1e: no agents available; will retry on subsequent port and subnet creation events.
2026-06-15 20:19:05.136 10 INFO neutron.db.ovn_revision_numbers_db [None req-57c5ed96-eb23-4989-b4ae-b6fa92965d36 58e82c4bd08f4f43a103750a403e5ed4 4ad658d67ccc45de83b43f7cd5a00482 - - default default] Successfully bumped revision number for resource b90eea90-87b5-4790-946e-f34563464b5f (type: subnets) to 0
2026-06-15 20:19:05.164 10 INFO neutron.wsgi [None req-57c5ed96-eb23-4989-b4ae-b6fa92965d36 58e82c4bd08f4f43a103750a403e5ed4 4ad658d67ccc45de83b43f7cd5a00482 - - default default] 10.0.0.2 "POST /v2.0/subnets HTTP/1.1" status: 201 len: 907 time: 0.4316781
2026-06-15 20:19:05.176 10 WARNING neutron_lib.context [None req-55c5ed5f-c143-422a-85f9-20ea0e667f6b 58e82c4bd08f4f43a103750a403e5ed4 4ad658d67ccc45de83b43f7cd5a00482 - - default default] Method 'is_advsvc' is deprecated since 2023.2 release (neutron-lib 3.8.0) and will be removed once support for the old RBAC API policies will be removed from Neutron. Please use method 'is_service_role' instead.
2026-06-15 20:19:05.270 10 INFO neutron.db.segments_db [None req-55c5ed5f-c143-422a-85f9-20ea0e667f6b 58e82c4bd08f4f43a103750a403e5ed4 4ad658d67ccc45de83b43f7cd5a00482 - - default default] Added segment dfb659a9-510d-4f76-8168-6af039fabe53 of type geneve for network 477637c0-fac6-4343-b997-1d080d8d80c0
2026-06-15 20:19:05.374 9 INFO neutron.wsgi [None req-20ad0a61-7a9c-433c-8435-493877166a93 c38ef6e7e0794437a12b8d3a7d8e1187 6b5d873f9e834230b46c3bd273e3b181 - - default default] 10.0.0.2 "GET /v2.0/networks HTTP/1.1" status: 200 len: 1492 time: 0.6337552
2026-06-15 20:19:05.498 10 INFO neutron.db.ovn_revision_numbers_db [None req-55c5ed5f-c143-422a-85f9-20ea0e667f6b 58e82c4bd08f4f43a103750a403e5ed4 4ad658d67ccc45de83b43f7cd5a00482 - - default default] Successfully bumped revision number for resource 477637c0-fac6-4343-b997-1d080d8d80c0 (type: networks) to 1
2026-06-15 20:19:05.509 9 INFO neutron.wsgi [req-547c868f-04f3-4ed5-b390-e71171f6b80a req-ee095b88-f972-4bc7-82af-ddd864a1826f c38ef6e7e0794437a12b8d3a7d8e1187 6b5d873f9e834230b46c3bd273e3b181 - - default default] 10.0.0.73 "GET /v2.0/security-groups?name=tempest-secgroup-smoke-142979792&fields=id&tenant_id=6b5d873f9e834230b46c3bd273e3b181 HTTP/1.1" status: 200 len: 267 time: 0.0467699
2026-06-15 20:19:05.604 9 INFO neutron.wsgi [req-547c868f-04f3-4ed5-b390-e71171f6b80a req-20acc5fc-ce89-48e1-b78c-0cfe1dcaa9a7 c38ef6e7e0794437a12b8d3a7d8e1187 6b5d873f9e834230b46c3bd273e3b181 - - default default] 10.0.0.73 "GET /v2.0/networks?id=3fb31601-c2e2-4b31-8ec1-82780a2edeb6 HTTP/1.1" status: 200 len: 859 time: 0.0868800
2026-06-15 20:19:05.615 9 INFO neutron.wsgi [req-547c868f-04f3-4ed5-b390-e71171f6b80a req-9713be9d-d4df-446e-8845-e001916751e7 c38ef6e7e0794437a12b8d3a7d8e1187 6b5d873f9e834230b46c3bd273e3b181 - - default default] 10.0.0.73 "GET /v2.0/quotas/6b5d873f9e834230b46c3bd273e3b181 HTTP/1.1" status: 200 len: 386 time: 0.0089331
2026-06-15 20:19:05.713 10 WARNING neutron.scheduler.dhcp_agent_scheduler [None req-55c5ed5f-c143-422a-85f9-20ea0e667f6b 58e82c4bd08f4f43a103750a403e5ed4 4ad658d67ccc45de83b43f7cd5a00482 - - default default] No more DHCP agents
2026-06-15 20:19:05.715 10 WARNING neutron.api.rpc.agentnotifiers.dhcp_rpc_agent_api [None req-55c5ed5f-c143-422a-85f9-20ea0e667f6b 58e82c4bd08f4f43a103750a403e5ed4 4ad658d67ccc45de83b43f7cd5a00482 - - default default] Unable to schedule network 477637c0-fac6-4343-b997-1d080d8d80c0: no agents available; will retry on subsequent port and subnet creation events.
2026-06-15 20:19:05.755 9 INFO neutron.wsgi [req-547c868f-04f3-4ed5-b390-e71171f6b80a req-fe6edb93-69da-417c-b17a-df9f265a9851 c38ef6e7e0794437a12b8d3a7d8e1187 6b5d873f9e834230b46c3bd273e3b181 - - default default] 10.0.0.73 "GET /v2.0/ports?tenant_id=6b5d873f9e834230b46c3bd273e3b181&fields=id HTTP/1.1" status: 200 len: 302 time: 0.1357901
2026-06-15 20:19:05.825 10 INFO neutron.db.ovn_revision_numbers_db [None req-55c5ed5f-c143-422a-85f9-20ea0e667f6b 58e82c4bd08f4f43a103750a403e5ed4 4ad658d67ccc45de83b43f7cd5a00482 - - default default] Successfully bumped revision number for resource 6b075736-2366-4f05-95ee-697979498f67 (type: ports) to 1
2026-06-15 20:19:05.838 9 INFO neutron.wsgi [req-547c868f-04f3-4ed5-b390-e71171f6b80a req-c6375592-4dac-47c2-bd58-da72e972f10a e998b3f8a0ec4c11be1bd2fac2b8cdfd e3e4c5b439b843df911641c597c1e8b2 - - bb44992846d24d4a95418caed5772138 bb44992846d24d4a95418caed5772138] 10.0.0.73 "GET /v2.0/networks/3fb31601-c2e2-4b31-8ec1-82780a2edeb6?fields=segments HTTP/1.1" status: 200 len: 212 time: 0.0601430
2026-06-15 20:19:05.851 10 INFO neutron.wsgi [None req-55c5ed5f-c143-422a-85f9-20ea0e667f6b 58e82c4bd08f4f43a103750a403e5ed4 4ad658d67ccc45de83b43f7cd5a00482 - - default default] 10.0.0.2 "POST /v2.0/networks HTTP/1.1" status: 201 len: 836 time: 0.6803765
2026-06-15 20:19:05.862 10 WARNING neutron_lib.context [None req-c4fae489-6944-4889-9bbd-29886435c448 58e82c4bd08f4f43a103750a403e5ed4 4ad658d67ccc45de83b43f7cd5a00482 - - default default] Method 'is_advsvc' is deprecated since 2023.2 release (neutron-lib 3.8.0) and will be removed once support for the old RBAC API policies will be removed from Neutron. Please use method 'is_service_role' instead.
2026-06-15 20:19:05.924 9 INFO neutron.wsgi [req-547c868f-04f3-4ed5-b390-e71171f6b80a req-311c7a57-ad2e-4c62-8e0e-4886908743c6 e998b3f8a0ec4c11be1bd2fac2b8cdfd e3e4c5b439b843df911641c597c1e8b2 - - bb44992846d24d4a95418caed5772138 bb44992846d24d4a95418caed5772138] 10.0.0.73 "GET /v2.0/networks/3fb31601-c2e2-4b31-8ec1-82780a2edeb6?fields=provider%3Aphysical_network&fields=provider%3Anetwork_type HTTP/1.1" status: 200 len: 277 time: 0.0764263
2026-06-15 20:19:06.006 9 WARNING neutron_lib.context [None req-df5d8aee-58f7-48e8-bf95-334b6191f07f 9ca5affeb36e41778dd363863de143f2 4fdec2f832124ee5a0db8eda9fc3a639 - - default default] Method 'is_advsvc' is deprecated since 2023.2 release (neutron-lib 3.8.0) and will be removed once support for the old RBAC API policies will be removed from Neutron. Please use method 'is_service_role' instead.
2026-06-15 20:19:06.096 9 INFO neutron.wsgi [req-d6bb70d1-d428-42d8-9974-64c2f57c14ab req-f77ffa1f-e143-462c-9fc1-3eee52a1998c c38ef6e7e0794437a12b8d3a7d8e1187 6b5d873f9e834230b46c3bd273e3b181 - - default default] 10.0.0.73 "GET /v2.0/ports?device_id=13fdc9cb-a2a5-40cc-a5d0-2407407c54e0 HTTP/1.1" status: 200 len: 210 time: 0.0350499
2026-06-15 20:19:06.225 9 INFO neutron.db.ovn_revision_numbers_db [None req-df5d8aee-58f7-48e8-bf95-334b6191f07f 9ca5affeb36e41778dd363863de143f2 4fdec2f832124ee5a0db8eda9fc3a639 - - default default] Successfully bumped revision number for resource 58f707cf-0bdd-4e63-88af-afdd7ee5c413 (type: security_groups) to 1
2026-06-15 20:19:06.256 9 INFO neutron.db.ovn_revision_numbers_db [None req-df5d8aee-58f7-48e8-bf95-334b6191f07f 9ca5affeb36e41778dd363863de143f2 4fdec2f832124ee5a0db8eda9fc3a639 - - default default] Successfully bumped revision number for resource 11dd1686-18c9-4844-84b2-29282a2f8909 (type: security_group_rules) to 0
2026-06-15 20:19:06.265 10 WARNING neutron.scheduler.dhcp_agent_scheduler [None req-c4fae489-6944-4889-9bbd-29886435c448 58e82c4bd08f4f43a103750a403e5ed4 4ad658d67ccc45de83b43f7cd5a00482 - - default default] No more DHCP agents
2026-06-15 20:19:06.270 10 WARNING neutron.api.rpc.agentnotifiers.dhcp_rpc_agent_api [None req-c4fae489-6944-4889-9bbd-29886435c448 58e82c4bd08f4f43a103750a403e5ed4 4ad658d67ccc45de83b43f7cd5a00482 - - default default] Unable to schedule network 477637c0-fac6-4343-b997-1d080d8d80c0: no agents available; will retry on subsequent port and subnet creation events.
2026-06-15 20:19:06.277 9 INFO neutron.db.ovn_revision_numbers_db [None req-df5d8aee-58f7-48e8-bf95-334b6191f07f 9ca5affeb36e41778dd363863de143f2 4fdec2f832124ee5a0db8eda9fc3a639 - - default default] Successfully bumped revision number for resource 15df6128-0cfc-4b95-9811-42ee3ea51a13 (type: security_group_rules) to 0
2026-06-15 20:19:06.292 9 INFO neutron.db.ovn_revision_numbers_db [None req-df5d8aee-58f7-48e8-bf95-334b6191f07f 9ca5affeb36e41778dd363863de143f2 4fdec2f832124ee5a0db8eda9fc3a639 - - default default] Successfully bumped revision number for resource 2a795ba3-e093-4131-a70f-d74336d91212 (type: security_group_rules) to 0
2026-06-15 20:19:06.306 9 INFO neutron.db.ovn_revision_numbers_db [None req-df5d8aee-58f7-48e8-bf95-334b6191f07f 9ca5affeb36e41778dd363863de143f2 4fdec2f832124ee5a0db8eda9fc3a639 - - default default] Successfully bumped revision number for resource c0cfb327-29b7-409a-b4ec-d17f6033e94c (type: security_group_rules) to 0
2026-06-15 20:19:06.364 9 INFO neutron.db.segments_db [None req-df5d8aee-58f7-48e8-bf95-334b6191f07f 9ca5affeb36e41778dd363863de143f2 4fdec2f832124ee5a0db8eda9fc3a639 - - default default] Added segment 6f296e0c-51a9-4af7-83d8-a3d1dc817188 of type geneve for network 62c26da7-370c-4507-8f4f-81c63458a58c
2026-06-15 20:19:06.538 9 WARNING neutron.plugins.ml2.drivers.ovn.mech_driver.ovsdb.ovn_client [None req-86914d21-580b-4721-979e-e4d514223fae - - - - - -] No hosting information found for port d58a12d4-8964-4757-91a3-68be4051c6e4: RuntimeError: No hosting information found for port d58a12d4-8964-4757-91a3-68be4051c6e4
2026-06-15 20:19:06.563 9 INFO neutron.db.ovn_revision_numbers_db [None req-df5d8aee-58f7-48e8-bf95-334b6191f07f 9ca5affeb36e41778dd363863de143f2 4fdec2f832124ee5a0db8eda9fc3a639 - - default default] Successfully bumped revision number for resource 62c26da7-370c-4507-8f4f-81c63458a58c (type: networks) to 1
2026-06-15 20:19:06.821 9 WARNING neutron.scheduler.dhcp_agent_scheduler [None req-df5d8aee-58f7-48e8-bf95-334b6191f07f 9ca5affeb36e41778dd363863de143f2 4fdec2f832124ee5a0db8eda9fc3a639 - - default default] No more DHCP agents
2026-06-15 20:19:06.822 9 WARNING neutron.api.rpc.agentnotifiers.dhcp_rpc_agent_api [None req-df5d8aee-58f7-48e8-bf95-334b6191f07f 9ca5affeb36e41778dd363863de143f2 4fdec2f832124ee5a0db8eda9fc3a639 - - default default] Unable to schedule network 62c26da7-370c-4507-8f4f-81c63458a58c: no agents available; will retry on subsequent port and subnet creation events.
2026-06-15 20:19:06.916 9 INFO neutron.db.ovn_revision_numbers_db [None req-df5d8aee-58f7-48e8-bf95-334b6191f07f 9ca5affeb36e41778dd363863de143f2 4fdec2f832124ee5a0db8eda9fc3a639 - - default default] Successfully bumped revision number for resource f6890821-903c-4a21-9919-73aa5f5f4ffc (type: ports) to 1
2026-06-15 20:19:06.931 10 INFO neutron.wsgi [req-547c868f-04f3-4ed5-b390-e71171f6b80a req-de05551f-5c76-4321-95b6-8a96ca1c6a40 c38ef6e7e0794437a12b8d3a7d8e1187 6b5d873f9e834230b46c3bd273e3b181 - - default default] 199.19.213.125 "GET /v2.0/networks?id=3fb31601-c2e2-4b31-8ec1-82780a2edeb6 HTTP/1.1" status: 200 len: 859 time: 0.1047754
2026-06-15 20:19:06.947 9 INFO neutron.wsgi [None req-df5d8aee-58f7-48e8-bf95-334b6191f07f 9ca5affeb36e41778dd363863de143f2 4fdec2f832124ee5a0db8eda9fc3a639 - - default default] 10.0.0.2 "POST /v2.0/networks HTTP/1.1" status: 201 len: 831 time: 1.2234139
2026-06-15 20:19:06.959 9 WARNING neutron_lib.context [None req-228aa1c9-5a95-4e43-b203-67d55249ee10 9ca5affeb36e41778dd363863de143f2 4fdec2f832124ee5a0db8eda9fc3a639 - - default default] Method 'is_advsvc' is deprecated since 2023.2 release (neutron-lib 3.8.0) and will be removed once support for the old RBAC API policies will be removed from Neutron. Please use method 'is_service_role' instead.
2026-06-15 20:19:07.005 10 INFO neutron.wsgi [req-547c868f-04f3-4ed5-b390-e71171f6b80a req-9c848dec-9c31-44b6-8a8b-54e283cc951f c38ef6e7e0794437a12b8d3a7d8e1187 6b5d873f9e834230b46c3bd273e3b181 - - default default] 199.19.213.125 "GET /v2.0/security-groups?fields=id&fields=name&tenant_id=6b5d873f9e834230b46c3bd273e3b181 HTTP/1.1" status: 200 len: 379 time: 0.0692711
2026-06-15 20:19:07.009 10 INFO neutron.db.ovn_revision_numbers_db [None req-c4fae489-6944-4889-9bbd-29886435c448 58e82c4bd08f4f43a103750a403e5ed4 4ad658d67ccc45de83b43f7cd5a00482 - - default default] Successfully bumped revision number for resource 6b075736-2366-4f05-95ee-697979498f67 (type: ports) to 2
2026-06-15 20:19:07.019 10 WARNING neutron_lib.context [req-547c868f-04f3-4ed5-b390-e71171f6b80a req-cd2c4f9e-0fc3-4468-ab1b-774615f7c7e3 c38ef6e7e0794437a12b8d3a7d8e1187 6b5d873f9e834230b46c3bd273e3b181 - - default default] Method 'is_advsvc' is deprecated since 2023.2 release (neutron-lib 3.8.0) and will be removed once support for the old RBAC API policies will be removed from Neutron. Please use method 'is_service_role' instead.
2026-06-15 20:19:07.060 9 INFO neutron.db.segments_db [None req-228aa1c9-5a95-4e43-b203-67d55249ee10 9ca5affeb36e41778dd363863de143f2 4fdec2f832124ee5a0db8eda9fc3a639 - - default default] Added segment 59d57730-c744-4194-b2ee-447722afb05c of type geneve for network 069a3bb0-d5ce-4c5f-a5f4-d9f8f537690f
2026-06-15 20:19:07.084 10 INFO neutron.db.ovn_revision_numbers_db [None req-c4fae489-6944-4889-9bbd-29886435c448 58e82c4bd08f4f43a103750a403e5ed4 4ad658d67ccc45de83b43f7cd5a00482 - - default default] Successfully bumped revision number for resource 9f49872e-f551-4cd7-8839-678de4c4b43f (type: subnets) to 0
2026-06-15 20:19:07.107 10 INFO neutron.wsgi [None req-c4fae489-6944-4889-9bbd-29886435c448 58e82c4bd08f4f43a103750a403e5ed4 4ad658d67ccc45de83b43f7cd5a00482 - - default default] 10.0.0.2 "POST /v2.0/subnets HTTP/1.1" status: 201 len: 830 time: 1.2506242
2026-06-15 20:19:07.122 10 WARNING neutron_lib.context [None req-42aedbb3-0712-4339-9357-43bd22ed3550 58e82c4bd08f4f43a103750a403e5ed4 4ad658d67ccc45de83b43f7cd5a00482 - - default default] Method 'is_advsvc' is deprecated since 2023.2 release (neutron-lib 3.8.0) and will be removed once support for the old RBAC API policies will be removed from Neutron. Please use method 'is_service_role' instead.
2026-06-15 20:19:07.229 9 INFO neutron.wsgi [req-2b4a1838-f9fc-4488-be22-b65092709b19 req-67d0a278-4df5-4911-960e-de3c198c6bc7 c38ef6e7e0794437a12b8d3a7d8e1187 6b5d873f9e834230b46c3bd273e3b181 - - default default] 10.0.0.73 "GET /v2.0/ports?device_id=13fdc9cb-a2a5-40cc-a5d0-2407407c54e0 HTTP/1.1" status: 200 len: 210 time: 0.0357547
2026-06-15 20:19:07.241 9 INFO neutron.db.ovn_revision_numbers_db [None req-228aa1c9-5a95-4e43-b203-67d55249ee10 9ca5affeb36e41778dd363863de143f2 4fdec2f832124ee5a0db8eda9fc3a639 - - default default] Successfully bumped revision number for resource 069a3bb0-d5ce-4c5f-a5f4-d9f8f537690f (type: networks) to 1
2026-06-15 20:19:07.429 9 WARNING neutron.scheduler.dhcp_agent_scheduler [None req-228aa1c9-5a95-4e43-b203-67d55249ee10 9ca5affeb36e41778dd363863de143f2 4fdec2f832124ee5a0db8eda9fc3a639 - - default default] No more DHCP agents
2026-06-15 20:19:07.431 9 WARNING neutron.api.rpc.agentnotifiers.dhcp_rpc_agent_api [None req-228aa1c9-5a95-4e43-b203-67d55249ee10 9ca5affeb36e41778dd363863de143f2 4fdec2f832124ee5a0db8eda9fc3a639 - - default default] Unable to schedule network 069a3bb0-d5ce-4c5f-a5f4-d9f8f537690f: no agents available; will retry on subsequent port and subnet creation events.
2026-06-15 20:19:07.437 10 WARNING neutron.scheduler.dhcp_agent_scheduler [req-547c868f-04f3-4ed5-b390-e71171f6b80a req-cd2c4f9e-0fc3-4468-ab1b-774615f7c7e3 c38ef6e7e0794437a12b8d3a7d8e1187 6b5d873f9e834230b46c3bd273e3b181 - - default default] No more DHCP agents
2026-06-15 20:19:07.441 10 WARNING neutron.api.rpc.agentnotifiers.dhcp_rpc_agent_api [req-547c868f-04f3-4ed5-b390-e71171f6b80a req-cd2c4f9e-0fc3-4468-ab1b-774615f7c7e3 c38ef6e7e0794437a12b8d3a7d8e1187 6b5d873f9e834230b46c3bd273e3b181 - - default default] Unable to schedule network 3fb31601-c2e2-4b31-8ec1-82780a2edeb6: no agents available; will retry on subsequent port and subnet creation events.
2026-06-15 20:19:07.471 10 WARNING neutron.scheduler.dhcp_agent_scheduler [None req-42aedbb3-0712-4339-9357-43bd22ed3550 58e82c4bd08f4f43a103750a403e5ed4 4ad658d67ccc45de83b43f7cd5a00482 - - default default] No more DHCP agents
2026-06-15 20:19:07.475 10 WARNING neutron.api.rpc.agentnotifiers.dhcp_rpc_agent_api [None req-42aedbb3-0712-4339-9357-43bd22ed3550 58e82c4bd08f4f43a103750a403e5ed4 4ad658d67ccc45de83b43f7cd5a00482 - - default default] Unable to schedule network 477637c0-fac6-4343-b997-1d080d8d80c0: no agents available; will retry on subsequent port and subnet creation events.
2026-06-15 20:19:07.519 10 INFO neutron.db.ovn_revision_numbers_db [None req-42aedbb3-0712-4339-9357-43bd22ed3550 58e82c4bd08f4f43a103750a403e5ed4 4ad658d67ccc45de83b43f7cd5a00482 - - default default] Successfully bumped revision number for resource 962d8f71-80d6-4e9b-84ce-75e4db672b1a (type: subnets) to 0
2026-06-15 20:19:07.524 9 INFO neutron.db.ovn_revision_numbers_db [None req-228aa1c9-5a95-4e43-b203-67d55249ee10 9ca5affeb36e41778dd363863de143f2 4fdec2f832124ee5a0db8eda9fc3a639 - - default default] Successfully bumped revision number for resource 8ff07f34-1dc8-466e-ad92-135d6a017980 (type: ports) to 1
2026-06-15 20:19:07.542 10 INFO neutron.wsgi [None req-42aedbb3-0712-4339-9357-43bd22ed3550 58e82c4bd08f4f43a103750a403e5ed4 4ad658d67ccc45de83b43f7cd5a00482 - - default default] 10.0.0.2 "POST /v2.0/subnets HTTP/1.1" status: 201 len: 900 time: 0.4261260 /var/lib/openstack/lib/python3.10/site-packages/pycadf/identifier.py:71: UserWarning: Invalid uuid: neutron. To ensure interoperability, identifiers should be a valid uuid. warnings.warn(('Invalid uuid: %s. To ensure interoperability, '
2026-06-15 20:19:07.551 9 INFO neutron.wsgi [None req-228aa1c9-5a95-4e43-b203-67d55249ee10 9ca5affeb36e41778dd363863de143f2 4fdec2f832124ee5a0db8eda9fc3a639 - - default default] 10.0.0.2 "POST /v2.0/networks HTTP/1.1" status: 201 len: 831 time: 0.5984368
2026-06-15 20:19:07.553 10 WARNING neutron_lib.context [None req-7f08a188-c355-43cd-bf6c-cd7b7afe7b5f 58e82c4bd08f4f43a103750a403e5ed4 4ad658d67ccc45de83b43f7cd5a00482 - - default default] Method 'is_advsvc' is deprecated since 2023.2 release (neutron-lib 3.8.0) and will be removed once support for the old RBAC API policies will be removed from Neutron. Please use method 'is_service_role' instead.
2026-06-15 20:19:07.608 9 INFO neutron.wsgi [None req-882c47ff-adc7-409a-9263-86cba1ed0d11 9ca5affeb36e41778dd363863de143f2 4fdec2f832124ee5a0db8eda9fc3a639 - - default default] 10.0.0.2 "PUT /v2.0/networks/62c26da7-370c-4507-8f4f-81c63458a58c/tags HTTP/1.1" status: 200 len: 218 time: 0.0528834
2026-06-15 20:19:07.659 9 INFO neutron.wsgi [None req-7b20e472-b1c7-4289-93b9-4e8ac9cd99a2 9ca5affeb36e41778dd363863de143f2 4fdec2f832124ee5a0db8eda9fc3a639 - - default default] 10.0.0.2 "GET /v2.0/networks/62c26da7-370c-4507-8f4f-81c63458a58c/tags HTTP/1.1" status: 200 len: 218 time: 0.0461900
2026-06-15 20:19:07.665 10 INFO neutron.db.segments_db [None req-7f08a188-c355-43cd-bf6c-cd7b7afe7b5f 58e82c4bd08f4f43a103750a403e5ed4 4ad658d67ccc45de83b43f7cd5a00482 - - default default] Added segment 3cbf951e-b107-4d1a-b5b5-1c9e85c240ca of type geneve for network 4923c1b7-9335-46e3-90e6-779edea009f4
2026-06-15 20:19:07.677 10 INFO neutron.db.ovn_revision_numbers_db [req-547c868f-04f3-4ed5-b390-e71171f6b80a req-cd2c4f9e-0fc3-4468-ab1b-774615f7c7e3 c38ef6e7e0794437a12b8d3a7d8e1187 6b5d873f9e834230b46c3bd273e3b181 - - default default] Successfully bumped revision number for resource 128d3f85-19d7-4ec1-8c21-7ff747e3962a (type: ports) to 1
2026-06-15 20:19:07.711 10 INFO neutron.wsgi [req-547c868f-04f3-4ed5-b390-e71171f6b80a req-cd2c4f9e-0fc3-4468-ab1b-774615f7c7e3 c38ef6e7e0794437a12b8d3a7d8e1187 6b5d873f9e834230b46c3bd273e3b181 - - default default] 199.19.213.125 "POST /v2.0/ports HTTP/1.1" status: 201 len: 1162 time: 0.6978016
2026-06-15 20:19:07.721 9 INFO neutron.wsgi [None req-4803af31-faab-4d60-9e2c-07f697858dec 9ca5affeb36e41778dd363863de143f2 4fdec2f832124ee5a0db8eda9fc3a639 - - default default] 10.0.0.2 "PUT /v2.0/networks/069a3bb0-d5ce-4c5f-a5f4-d9f8f537690f/tags HTTP/1.1" status: 200 len: 210 time: 0.0583727
2026-06-15 20:19:07.770 9 INFO neutron.wsgi [None req-f4e0144f-2afb-49dd-ac64-c3e47b770a42 9ca5affeb36e41778dd363863de143f2 4fdec2f832124ee5a0db8eda9fc3a639 - - default default] 10.0.0.2 "GET /v2.0/networks/069a3bb0-d5ce-4c5f-a5f4-d9f8f537690f/tags HTTP/1.1" status: 200 len: 210 time: 0.0435445
2026-06-15 20:19:07.840 9 INFO neutron.wsgi [None req-c169ddfb-110e-4865-af05-66c680054cb4 9ca5affeb36e41778dd363863de143f2 4fdec2f832124ee5a0db8eda9fc3a639 - - default default] 10.0.0.2 "PUT /v2.0/networks/069a3bb0-d5ce-4c5f-a5f4-d9f8f537690f/tags HTTP/1.1" status: 200 len: 205 time: 0.0657783
2026-06-15 20:19:07.861 10 INFO neutron.db.ovn_revision_numbers_db [None req-7f08a188-c355-43cd-bf6c-cd7b7afe7b5f 58e82c4bd08f4f43a103750a403e5ed4 4ad658d67ccc45de83b43f7cd5a00482 - - default default] Successfully bumped revision number for resource 4923c1b7-9335-46e3-90e6-779edea009f4 (type: networks) to 1
2026-06-15 20:19:08.220 10 INFO neutron.wsgi [None req-15a8ed3a-3ed7-4c86-9960-f470d4557ebb 9ca5affeb36e41778dd363863de143f2 4fdec2f832124ee5a0db8eda9fc3a639 - - default default] 10.0.0.2 "GET /v2.0/networks/069a3bb0-d5ce-4c5f-a5f4-d9f8f537690f/tags HTTP/1.1" status: 200 len: 205 time: 0.3643813
2026-06-15 20:19:08.273 9 INFO neutron.wsgi [None req-a4aeefc0-b24c-4cf5-bec8-6e440c07b05c 9ca5affeb36e41778dd363863de143f2 4fdec2f832124ee5a0db8eda9fc3a639 - - default default] 10.0.0.2 "GET /v2.0/networks/62c26da7-370c-4507-8f4f-81c63458a58c/tags HTTP/1.1" status: 200 len: 218 time: 0.0478759
2026-06-15 20:19:08.364 9 INFO neutron.wsgi [req-6ed93962-9c0f-43f8-a043-8ab3ee06a6bb req-551f681b-d02d-4342-94d7-cbb65bed31af c38ef6e7e0794437a12b8d3a7d8e1187 6b5d873f9e834230b46c3bd273e3b181 - - default default] 10.0.0.73 "GET /v2.0/ports?device_id=13fdc9cb-a2a5-40cc-a5d0-2407407c54e0 HTTP/1.1" status: 200 len: 1160 time: 0.0586398
2026-06-15 20:19:08.432 9 INFO neutron.wsgi [req-6ed93962-9c0f-43f8-a043-8ab3ee06a6bb req-d5603697-b5c5-483c-b702-226edb942fd7 c38ef6e7e0794437a12b8d3a7d8e1187 6b5d873f9e834230b46c3bd273e3b181 - - default default] 10.0.0.73 "GET /v2.0/security-groups?id=84948263-f719-4130-bd2c-9b69fdeca915&fields=id&fields=name HTTP/1.1" status: 200 len: 312 time: 0.0600729
2026-06-15 20:19:08.443 10 WARNING neutron.scheduler.dhcp_agent_scheduler [None req-7f08a188-c355-43cd-bf6c-cd7b7afe7b5f 58e82c4bd08f4f43a103750a403e5ed4 4ad658d67ccc45de83b43f7cd5a00482 - - default default] No more DHCP agents
2026-06-15 20:19:08.447 10 WARNING neutron.api.rpc.agentnotifiers.dhcp_rpc_agent_api [None req-7f08a188-c355-43cd-bf6c-cd7b7afe7b5f 58e82c4bd08f4f43a103750a403e5ed4 4ad658d67ccc45de83b43f7cd5a00482 - - default default] Unable to schedule network 4923c1b7-9335-46e3-90e6-779edea009f4: no agents available; will retry on subsequent port and subnet creation events.
2026-06-15 20:19:08.574 10 INFO neutron.db.ovn_revision_numbers_db [None req-7f08a188-c355-43cd-bf6c-cd7b7afe7b5f 58e82c4bd08f4f43a103750a403e5ed4 4ad658d67ccc45de83b43f7cd5a00482 - - default default] Successfully bumped revision number for resource 4cee3b6c-8b38-4fa6-94ae-30c556e67f70 (type: ports) to 1
2026-06-15 20:19:08.598 10 INFO neutron.wsgi [None req-7f08a188-c355-43cd-bf6c-cd7b7afe7b5f 58e82c4bd08f4f43a103750a403e5ed4 4ad658d67ccc45de83b43f7cd5a00482 - - default default] 10.0.0.2 "POST /v2.0/networks HTTP/1.1" status: 201 len: 837 time: 1.0506778 /var/lib/openstack/lib/python3.10/site-packages/pycadf/identifier.py:71: UserWarning: Invalid uuid: neutron. To ensure interoperability, identifiers should be a valid uuid. warnings.warn(('Invalid uuid: %s. To ensure interoperability, '
2026-06-15 20:19:08.610 10 WARNING neutron_lib.context [None req-72b4b0e9-80d6-4817-8724-f107f226a979 58e82c4bd08f4f43a103750a403e5ed4 4ad658d67ccc45de83b43f7cd5a00482 - - default default] Method 'is_advsvc' is deprecated since 2023.2 release (neutron-lib 3.8.0) and will be removed once support for the old RBAC API policies will be removed from Neutron. Please use method 'is_service_role' instead.
2026-06-15 20:19:08.662 10 INFO neutron.db.ovn_revision_numbers_db [req-547c868f-04f3-4ed5-b390-e71171f6b80a req-635f3f0d-b1a2-43c2-b50e-c4efcc8f8d28 e998b3f8a0ec4c11be1bd2fac2b8cdfd e3e4c5b439b843df911641c597c1e8b2 - - bb44992846d24d4a95418caed5772138 bb44992846d24d4a95418caed5772138] Successfully bumped revision number for resource 128d3f85-19d7-4ec1-8c21-7ff747e3962a (type: ports) to 2
2026-06-15 20:19:08.724 9 INFO neutron.services.segments.plugin [-] Segment 6f296e0c-51a9-4af7-83d8-a3d1dc817188 resource provider aggregate not found
2026-06-15 20:19:08.728 9 INFO neutron.services.segments.plugin [-] Segment 6f296e0c-51a9-4af7-83d8-a3d1dc817188 resource provider aggregate not found
2026-06-15 20:19:08.743 9 INFO neutron.services.segments.plugin [-] Segment 6f296e0c-51a9-4af7-83d8-a3d1dc817188 resource provider not found; error: Placement Client Error (4xx): {"errors": [{"status": 404, "title": "Not Found", "detail": "The resource could not be found.\n\n No resource provider with uuid 6f296e0c-51a9-4af7-83d8-a3d1dc817188 found for delete ", "request_id": "req-f2405f04-e6e5-4026-a5c4-6c6a83f240ea"}]}
2026-06-15 20:19:08.745 9 INFO neutron.services.segments.plugin [-] Segment 6f296e0c-51a9-4af7-83d8-a3d1dc817188 resource provider not found; error: Placement Client Error (4xx): {"errors": [{"status": 404, "title": "Not Found", "detail": "The resource could not be found.\n\n No resource provider with uuid 6f296e0c-51a9-4af7-83d8-a3d1dc817188 found for delete ", "request_id": "req-7925f456-8df0-431d-80e5-4119be07dfd0"}]}
2026-06-15 20:19:08.768 9 INFO neutron.wsgi [None req-169b91dd-7f8f-43e0-a079-019157d0c61e 9ca5affeb36e41778dd363863de143f2 4fdec2f832124ee5a0db8eda9fc3a639 - - default default] 10.0.0.2 "DELETE /v2.0/networks/62c26da7-370c-4507-8f4f-81c63458a58c HTTP/1.1" status: 204 len: 168 time: 0.4738169
2026-06-15 20:19:08.963 9 WARNING neutron_lib.context [None req-ab37fa0c-b645-4a81-b02e-b0f4298c62ca 1eeb012c2097469eaf62764e6b9d5799 8e41b2d957be479eb86c4559de9ca798 - - default default] Method 'is_advsvc' is deprecated since 2023.2 release (neutron-lib 3.8.0) and will be removed once support for the old RBAC API policies will be removed from Neutron. Please use method 'is_service_role' instead.
2026-06-15 20:19:08.991 10 WARNING neutron.scheduler.dhcp_agent_scheduler [None req-72b4b0e9-80d6-4817-8724-f107f226a979 58e82c4bd08f4f43a103750a403e5ed4 4ad658d67ccc45de83b43f7cd5a00482 - - default default] No more DHCP agents
2026-06-15 20:19:08.998 10 WARNING neutron.api.rpc.agentnotifiers.dhcp_rpc_agent_api [None req-72b4b0e9-80d6-4817-8724-f107f226a979 58e82c4bd08f4f43a103750a403e5ed4 4ad658d67ccc45de83b43f7cd5a00482 - - default default] Unable to schedule network 4923c1b7-9335-46e3-90e6-779edea009f4: no agents available; will retry on subsequent port and subnet creation events.
2026-06-15 20:19:09.039 10 INFO neutron.db.ovn_revision_numbers_db [req-547c868f-04f3-4ed5-b390-e71171f6b80a req-635f3f0d-b1a2-43c2-b50e-c4efcc8f8d28 e998b3f8a0ec4c11be1bd2fac2b8cdfd e3e4c5b439b843df911641c597c1e8b2 - - bb44992846d24d4a95418caed5772138 bb44992846d24d4a95418caed5772138] Successfully bumped revision number for resource 128d3f85-19d7-4ec1-8c21-7ff747e3962a (type: ports) to 2
2026-06-15 20:19:09.078 9 INFO neutron.db.ovn_revision_numbers_db [None req-ab37fa0c-b645-4a81-b02e-b0f4298c62ca 1eeb012c2097469eaf62764e6b9d5799 8e41b2d957be479eb86c4559de9ca798 - - default default] Successfully bumped revision number for resource f3a1bc5f-665b-4af1-ab51-22d7d48a03ab (type: security_groups) to 1
2026-06-15 20:19:09.088 10 INFO neutron.wsgi [req-547c868f-04f3-4ed5-b390-e71171f6b80a req-635f3f0d-b1a2-43c2-b50e-c4efcc8f8d28 e998b3f8a0ec4c11be1bd2fac2b8cdfd e3e4c5b439b843df911641c597c1e8b2 - - bb44992846d24d4a95418caed5772138 bb44992846d24d4a95418caed5772138] 199.19.213.125 "PUT /v2.0/ports/128d3f85-19d7-4ec1-8c21-7ff747e3962a HTTP/1.1" status: 200 len: 1380 time: 1.3675628
2026-06-15 20:19:09.097 9 INFO neutron.db.ovn_revision_numbers_db [None req-ab37fa0c-b645-4a81-b02e-b0f4298c62ca 1eeb012c2097469eaf62764e6b9d5799 8e41b2d957be479eb86c4559de9ca798 - - default default] Successfully bumped revision number for resource 5164a01f-2fdb-45b8-a00c-1454fd37642a (type: security_group_rules) to 0
2026-06-15 20:19:09.116 9 INFO neutron.db.ovn_revision_numbers_db [None req-ab37fa0c-b645-4a81-b02e-b0f4298c62ca 1eeb012c2097469eaf62764e6b9d5799 8e41b2d957be479eb86c4559de9ca798 - - default default] Successfully bumped revision number for resource 7094e3c0-f8e2-4526-875c-f800cf827b12 (type: security_group_rules) to 0
2026-06-15 20:19:09.136 9 INFO neutron.db.ovn_revision_numbers_db [None req-ab37fa0c-b645-4a81-b02e-b0f4298c62ca 1eeb012c2097469eaf62764e6b9d5799 8e41b2d957be479eb86c4559de9ca798 - - default default] Successfully bumped revision number for resource cffdb53d-8555-4e4a-b8fc-6f0906c57574 (type: security_group_rules) to 0 /var/lib/openstack/lib/python3.10/site-packages/pycadf/identifier.py:71: UserWarning: Invalid uuid: neutron. To ensure interoperability, identifiers should be a valid uuid. warnings.warn(('Invalid uuid: %s. To ensure interoperability, '
2026-06-15 20:19:09.158 9 INFO neutron.db.ovn_revision_numbers_db [None req-ab37fa0c-b645-4a81-b02e-b0f4298c62ca 1eeb012c2097469eaf62764e6b9d5799 8e41b2d957be479eb86c4559de9ca798 - - default default] Successfully bumped revision number for resource fc37aac7-3ce8-4a56-a53c-0c195fc0c2a2 (type: security_group_rules) to 0
2026-06-15 20:19:09.163 10 INFO neutron.notifiers.nova [-] Nova event matching ['req-679e7598-c046-4859-91ad-f6dbc295514f'] response: {'name': 'network-changed', 'server_uuid': '13fdc9cb-a2a5-40cc-a5d0-2407407c54e0', 'tag': '128d3f85-19d7-4ec1-8c21-7ff747e3962a', 'status': 'completed', 'code': 200}
2026-06-15 20:19:09.199 10 INFO neutron.wsgi [req-547c868f-04f3-4ed5-b390-e71171f6b80a req-3492cccf-86e9-45b4-8940-3a636eb694f7 e998b3f8a0ec4c11be1bd2fac2b8cdfd e3e4c5b439b843df911641c597c1e8b2 - - bb44992846d24d4a95418caed5772138 bb44992846d24d4a95418caed5772138] 199.19.213.125 "GET /v2.0/ports?tenant_id=6b5d873f9e834230b46c3bd273e3b181&device_id=13fdc9cb-a2a5-40cc-a5d0-2407407c54e0 HTTP/1.1" status: 200 len: 1411 time: 0.0701947
2026-06-15 20:19:09.235 10 INFO neutron.wsgi [req-547c868f-04f3-4ed5-b390-e71171f6b80a req-e8f69e81-f4b6-484f-ae19-c80ab3152554 e998b3f8a0ec4c11be1bd2fac2b8cdfd e3e4c5b439b843df911641c597c1e8b2 - - bb44992846d24d4a95418caed5772138 bb44992846d24d4a95418caed5772138] 199.19.213.125 "GET /v2.0/floatingips?fixed_ip_address=10.100.0.11&port_id=128d3f85-19d7-4ec1-8c21-7ff747e3962a HTTP/1.1" status: 200 len: 217 time: 0.0262339
2026-06-15 20:19:09.261 9 INFO neutron.db.ovn_revision_numbers_db [None req-ab37fa0c-b645-4a81-b02e-b0f4298c62ca 1eeb012c2097469eaf62764e6b9d5799 8e41b2d957be479eb86c4559de9ca798 - - default default] Successfully bumped revision number for resource 713de02a-03a4-4d2e-b7a4-df12f9a81282 (type: security_groups) to 1
2026-06-15 20:19:09.276 9 INFO neutron.db.ovn_revision_numbers_db [None req-ab37fa0c-b645-4a81-b02e-b0f4298c62ca 1eeb012c2097469eaf62764e6b9d5799 8e41b2d957be479eb86c4559de9ca798 - - default default] Successfully bumped revision number for resource 45a41e40-5636-4226-92aa-85dc815c3252 (type: security_group_rules) to 0
2026-06-15 20:19:09.292 9 INFO neutron.db.ovn_revision_numbers_db [None req-ab37fa0c-b645-4a81-b02e-b0f4298c62ca 1eeb012c2097469eaf62764e6b9d5799 8e41b2d957be479eb86c4559de9ca798 - - default default] Successfully bumped revision number for resource acd9df04-e82c-4ed5-b058-54a629659ec3 (type: security_group_rules) to 0
2026-06-15 20:19:09.296 10 INFO neutron.wsgi [req-547c868f-04f3-4ed5-b390-e71171f6b80a req-e01d2297-7d99-41a0-a9b5-dde3f8ad5bf5 e998b3f8a0ec4c11be1bd2fac2b8cdfd e3e4c5b439b843df911641c597c1e8b2 - - bb44992846d24d4a95418caed5772138 bb44992846d24d4a95418caed5772138] 199.19.213.125 "GET /v2.0/subnets?id=b1e5c86d-28ca-4c31-8ec2-bbc44131186b HTTP/1.1" status: 200 len: 852 time: 0.0533302
2026-06-15 20:19:09.314 9 INFO neutron.wsgi [None req-ab37fa0c-b645-4a81-b02e-b0f4298c62ca 1eeb012c2097469eaf62764e6b9d5799 8e41b2d957be479eb86c4559de9ca798 - - default default] 10.0.0.2 "POST /v2.0/security-groups HTTP/1.1" status: 201 len: 1737 time: 0.5172596
2026-06-15 20:19:09.331 10 INFO neutron.wsgi [req-547c868f-04f3-4ed5-b390-e71171f6b80a req-b19792a9-6d73-4873-84cc-b709d3657ced e998b3f8a0ec4c11be1bd2fac2b8cdfd e3e4c5b439b843df911641c597c1e8b2 - - bb44992846d24d4a95418caed5772138 bb44992846d24d4a95418caed5772138] 199.19.213.125 "GET /v2.0/ports?network_id=3fb31601-c2e2-4b31-8ec1-82780a2edeb6&device_owner=network%3Adhcp HTTP/1.1" status: 200 len: 210 time: 0.0268052
2026-06-15 20:19:09.334 9 WARNING neutron_lib.context [None req-1a88e7a3-fc7e-4b56-8bbb-ed6b091b864a 1eeb012c2097469eaf62764e6b9d5799 8e41b2d957be479eb86c4559de9ca798 - - default default] Method 'is_advsvc' is deprecated since 2023.2 release (neutron-lib 3.8.0) and will be removed once support for the old RBAC API policies will be removed from Neutron. Please use method 'is_service_role' instead.
2026-06-15 20:19:09.440 10 INFO neutron.wsgi [req-547c868f-04f3-4ed5-b390-e71171f6b80a req-a7c0d68e-7fa9-4369-87b2-8301c3f88911 e998b3f8a0ec4c11be1bd2fac2b8cdfd e3e4c5b439b843df911641c597c1e8b2 - - bb44992846d24d4a95418caed5772138 bb44992846d24d4a95418caed5772138] 199.19.213.125 "GET /v2.0/networks/3fb31601-c2e2-4b31-8ec1-82780a2edeb6?fields=segments HTTP/1.1" status: 200 len: 212 time: 0.0962920
2026-06-15 20:19:09.454 9 INFO neutron.db.ovn_revision_numbers_db [None req-1a88e7a3-fc7e-4b56-8bbb-ed6b091b864a 1eeb012c2097469eaf62764e6b9d5799 8e41b2d957be479eb86c4559de9ca798 - - default default] Successfully bumped revision number for resource bce83a93-d3d6-4898-adbd-648a0b3122ae (type: security_groups) to 1
2026-06-15 20:19:09.470 9 INFO neutron.db.ovn_revision_numbers_db [None req-1a88e7a3-fc7e-4b56-8bbb-ed6b091b864a 1eeb012c2097469eaf62764e6b9d5799 8e41b2d957be479eb86c4559de9ca798 - - default default] Successfully bumped revision number for resource 6a660224-c9a1-4ad1-beba-47b773ab6b0c (type: security_group_rules) to 0
2026-06-15 20:19:09.474 10 INFO neutron.services.segments.plugin [-] Segment 59d57730-c744-4194-b2ee-447722afb05c resource provider aggregate not found
2026-06-15 20:19:09.480 10 INFO neutron.services.segments.plugin [-] Segment 59d57730-c744-4194-b2ee-447722afb05c resource provider aggregate not found
2026-06-15 20:19:09.485 9 INFO neutron.db.ovn_revision_numbers_db [None req-1a88e7a3-fc7e-4b56-8bbb-ed6b091b864a 1eeb012c2097469eaf62764e6b9d5799 8e41b2d957be479eb86c4559de9ca798 - - default default] Successfully bumped revision number for resource bdaf17ac-fbe9-4bfd-b724-2c9c0ce01fc2 (type: security_group_rules) to 0
2026-06-15 20:19:09.497 10 INFO neutron.services.segments.plugin [-] Segment 59d57730-c744-4194-b2ee-447722afb05c resource provider not found; error: Placement Client Error (4xx): {"errors": [{"status": 404, "title": "Not Found", "detail": "The resource could not be found.\n\n No resource provider with uuid 59d57730-c744-4194-b2ee-447722afb05c found for delete ", "request_id": "req-2ffb65c1-eb20-4138-aa94-c6d4240ed88a"}]}
2026-06-15 20:19:09.506 9 INFO neutron.wsgi [None req-1a88e7a3-fc7e-4b56-8bbb-ed6b091b864a 1eeb012c2097469eaf62764e6b9d5799 8e41b2d957be479eb86c4559de9ca798 - - default default] 10.0.0.2 "POST /v2.0/security-groups HTTP/1.1" status: 201 len: 1737 time: 0.1789896
2026-06-15 20:19:09.507 10 INFO neutron.services.segments.plugin [-] Segment 59d57730-c744-4194-b2ee-447722afb05c resource provider not found; error: Placement Client Error (4xx): {"errors": [{"status": 404, "title": "Not Found", "detail": "The resource could not be found.\n\n No resource provider with uuid 59d57730-c744-4194-b2ee-447722afb05c found for delete ", "request_id": "req-72ca278a-f3c0-4d24-808d-6a27f8b2ea39"}]}
2026-06-15 20:19:09.514 9 WARNING neutron_lib.context [None req-5cc37547-bf3e-428e-b2fb-bcb952a8f7bf 1eeb012c2097469eaf62764e6b9d5799 8e41b2d957be479eb86c4559de9ca798 - - default default] Method 'is_advsvc' is deprecated since 2023.2 release (neutron-lib 3.8.0) and will be removed once support for the old RBAC API policies will be removed from Neutron. Please use method 'is_service_role' instead.
2026-06-15 20:19:09.550 10 INFO neutron.wsgi [None req-97415935-885e-4fd2-a50d-dbb8a96db364 9ca5affeb36e41778dd363863de143f2 4fdec2f832124ee5a0db8eda9fc3a639 - - default default] 10.0.0.2 "DELETE /v2.0/networks/069a3bb0-d5ce-4c5f-a5f4-d9f8f537690f HTTP/1.1" status: 204 len: 168 time: 0.7753370
2026-06-15 20:19:09.552 9 INFO neutron.wsgi [req-68f152ff-a5e8-4403-8679-5d9f90bd9a41 req-62ac7ebe-7de3-45ee-8a20-e58508e7f392 c38ef6e7e0794437a12b8d3a7d8e1187 6b5d873f9e834230b46c3bd273e3b181 - - default default] 10.0.0.73 "GET /v2.0/ports?device_id=13fdc9cb-a2a5-40cc-a5d0-2407407c54e0 HTTP/1.1" status: 200 len: 1172 time: 0.0414820
2026-06-15 20:19:09.570 10 INFO neutron.wsgi [req-547c868f-04f3-4ed5-b390-e71171f6b80a req-d8115cd9-53cc-4533-a8ac-cd702975fafc e998b3f8a0ec4c11be1bd2fac2b8cdfd e3e4c5b439b843df911641c597c1e8b2 - - bb44992846d24d4a95418caed5772138 bb44992846d24d4a95418caed5772138] 199.19.213.125 "GET /v2.0/networks/3fb31601-c2e2-4b31-8ec1-82780a2edeb6?fields=provider%3Aphysical_network&fields=provider%3Anetwork_type HTTP/1.1" status: 200 len: 277 time: 0.1167865
2026-06-15 20:19:09.600 9 INFO neutron.wsgi [req-68f152ff-a5e8-4403-8679-5d9f90bd9a41 req-77c703a5-3917-4a28-89f4-a2f4c837ad34 c38ef6e7e0794437a12b8d3a7d8e1187 6b5d873f9e834230b46c3bd273e3b181 - - default default] 10.0.0.73 "GET /v2.0/security-groups?id=84948263-f719-4130-bd2c-9b69fdeca915&fields=id&fields=name HTTP/1.1" status: 200 len: 312 time: 0.0399287
2026-06-15 20:19:09.654 10 INFO neutron.wsgi [req-d4462a83-f1a6-433d-9f95-6ab2bf63ac9c req-7d008460-5e0c-48e8-a045-f52cb76ebd21 e998b3f8a0ec4c11be1bd2fac2b8cdfd e3e4c5b439b843df911641c597c1e8b2 - - bb44992846d24d4a95418caed5772138 bb44992846d24d4a95418caed5772138] 199.19.213.125 "GET /v2.0/ports?tenant_id=6b5d873f9e834230b46c3bd273e3b181&device_id=13fdc9cb-a2a5-40cc-a5d0-2407407c54e0 HTTP/1.1" status: 200 len: 1411 time: 0.0384285
2026-06-15 20:19:09.690 9 INFO neutron.db.ovn_revision_numbers_db [None req-5cc37547-bf3e-428e-b2fb-bcb952a8f7bf 1eeb012c2097469eaf62764e6b9d5799 8e41b2d957be479eb86c4559de9ca798 - - default default] Successfully bumped revision number for resource 0899875d-fc79-46de-98c8-48a4ff8fabc3 (type: security_groups) to 1
2026-06-15 20:19:09.706 9 INFO neutron.db.ovn_revision_numbers_db [None req-5cc37547-bf3e-428e-b2fb-bcb952a8f7bf 1eeb012c2097469eaf62764e6b9d5799 8e41b2d957be479eb86c4559de9ca798 - - default default] Successfully bumped revision number for resource 31dde12a-46f0-45ce-b769-61bbf660118d (type: security_group_rules) to 0
2026-06-15 20:19:09.722 9 INFO neutron.db.ovn_revision_numbers_db [None req-5cc37547-bf3e-428e-b2fb-bcb952a8f7bf 1eeb012c2097469eaf62764e6b9d5799 8e41b2d957be479eb86c4559de9ca798 - - default default] Successfully bumped revision number for resource 845e9ee2-6129-4c1c-a89f-a5075d97a6dd (type: security_group_rules) to 0
2026-06-15 20:19:09.743 9 INFO neutron.wsgi [None req-5cc37547-bf3e-428e-b2fb-bcb952a8f7bf 1eeb012c2097469eaf62764e6b9d5799 8e41b2d957be479eb86c4559de9ca798 - - default default] 10.0.0.2 "POST /v2.0/security-groups HTTP/1.1" status: 201 len: 1737 time: 0.2319093
2026-06-15 20:19:09.765 10 WARNING neutron_lib.context [None req-057003fe-847d-4148-8422-498b3be46d26 1eeb012c2097469eaf62764e6b9d5799 8e41b2d957be479eb86c4559de9ca798 - - default default] Method 'is_advsvc' is deprecated since 2023.2 release (neutron-lib 3.8.0) and will be removed once support for the old RBAC API policies will be removed from Neutron. Please use method 'is_service_role' instead.
2026-06-15 20:19:09.775 10 INFO neutron.wsgi [req-d4462a83-f1a6-433d-9f95-6ab2bf63ac9c req-c0303744-804d-4de7-b13f-7cffd8cb28c3 e998b3f8a0ec4c11be1bd2fac2b8cdfd e3e4c5b439b843df911641c597c1e8b2 - - bb44992846d24d4a95418caed5772138 bb44992846d24d4a95418caed5772138] 199.19.213.125 "GET /v2.0/networks?id=3fb31601-c2e2-4b31-8ec1-82780a2edeb6 HTTP/1.1" status: 200 len: 957 time: 0.1152313
2026-06-15 20:19:09.801 9 INFO neutron.plugins.ml2.drivers.ovn.mech_driver.mech_driver [None req-86914d21-580b-4721-979e-e4d514223fae - - - - - -] OVN reports status up for port: 128d3f85-19d7-4ec1-8c21-7ff747e3962a
