2026-06-15 20:17:02.579 9 INFO neutron.db.ovn_revision_numbers_db [None req-a915beac-29b9-455f-8045-398ecab20d1b c5566c77d8554827b04219e520158dcc ff953eb8fa8744029a526014db8e6272 - - default default] Successfully bumped revision number for resource 2cdf2c30-4b50-4202-aa0f-cbd404b1aece (type: security_group_rules) to 0
2026-06-15 20:17:02.589 9 INFO neutron.wsgi [None req-3d009f43-d2be-4600-86c8-84510600b2d7 9d309a4017134b1185278a4ca24447a4 9b1625a9ffad47feb3312c09843701e8 - - default default] 10.0.0.2 "GET /v2.0/extensions/empty-string-filtering HTTP/1.1" status: 200 len: 413 time: 0.0070534
2026-06-15 20:17:02.601 9 INFO neutron.db.ovn_revision_numbers_db [None req-a915beac-29b9-455f-8045-398ecab20d1b c5566c77d8554827b04219e520158dcc ff953eb8fa8744029a526014db8e6272 - - default default] Successfully bumped revision number for resource 881c5a95-bb4c-4a23-abce-8fbda21ac775 (type: security_group_rules) to 0
2026-06-15 20:17:02.602 10 INFO neutron.wsgi [None req-b16c2f38-22eb-42c8-9637-15b605a03004 9d309a4017134b1185278a4ca24447a4 9b1625a9ffad47feb3312c09843701e8 - - default default] 10.0.0.2 "GET /v2.0/extensions/external-net HTTP/1.1" status: 200 len: 394 time: 0.0074048
2026-06-15 20:17:02.620 9 INFO neutron.wsgi [None req-5ed8a06b-6b36-4254-98cd-9c64370e0ed1 9d309a4017134b1185278a4ca24447a4 9b1625a9ffad47feb3312c09843701e8 - - default default] 10.0.0.2 "GET /v2.0/extensions/extra_dhcp_opt HTTP/1.1" status: 200 len: 498 time: 0.0138328
2026-06-15 20:17:02.632 9 INFO neutron.wsgi [None req-a915beac-29b9-455f-8045-398ecab20d1b c5566c77d8554827b04219e520158dcc ff953eb8fa8744029a526014db8e6272 - - default default] 10.0.0.2 "GET /v2.0/security-groups?tenant_id=970268be13ce41428f5058947fbbdcad&name=default HTTP/1.1" status: 200 len: 2996 time: 0.4247503
2026-06-15 20:17:02.635 10 INFO neutron.wsgi [None req-d2739180-e298-4d86-af69-68a7037bc0c7 9d309a4017134b1185278a4ca24447a4 9b1625a9ffad47feb3312c09843701e8 - - default default] 10.0.0.2 "GET /v2.0/extensions/extraroute HTTP/1.1" status: 200 len: 375 time: 0.0088754
2026-06-15 20:17:02.644 10 INFO neutron.wsgi [None req-aa63b609-bcc6-4b16-b1ef-7df59ada2546 9d309a4017134b1185278a4ca24447a4 9b1625a9ffad47feb3312c09843701e8 - - default default] 10.0.0.2 "GET /v2.0/extensions/filter-validation HTTP/1.1" status: 200 len: 392 time: 0.0051172
2026-06-15 20:17:02.653 10 INFO neutron.wsgi [None req-30a7a78c-54b3-4fbb-87a8-b6bf016a04f9 9d309a4017134b1185278a4ca24447a4 9b1625a9ffad47feb3312c09843701e8 - - default default] 10.0.0.2 "GET /v2.0/extensions/floating-ip-port-forwarding-detail HTTP/1.1" status: 200 len: 465 time: 0.0045409
2026-06-15 20:17:02.661 10 INFO neutron.wsgi [None req-7385a20f-b025-4e25-90c2-870396d1573f 9d309a4017134b1185278a4ca24447a4 9b1625a9ffad47feb3312c09843701e8 - - default default] 10.0.0.2 "GET /v2.0/extensions/fip-port-details HTTP/1.1" status: 200 len: 406 time: 0.0038626
2026-06-15 20:17:02.671 10 INFO neutron.wsgi [None req-16535949-9864-4b9c-b721-e8360345c58e 9d309a4017134b1185278a4ca24447a4 9b1625a9ffad47feb3312c09843701e8 - - default default] 10.0.0.2 "GET /v2.0/extensions/flavors HTTP/1.1" status: 200 len: 387 time: 0.0073805
2026-06-15 20:17:02.684 9 INFO neutron.wsgi [None req-2d351966-ada5-447a-9155-c0575910b893 9d309a4017134b1185278a4ca24447a4 9b1625a9ffad47feb3312c09843701e8 - - default default] 10.0.0.2 "GET /v2.0/extensions/floatingip-pools HTTP/1.1" status: 200 len: 382 time: 0.0072179
2026-06-15 20:17:02.693 9 INFO neutron.wsgi [None req-e96c4596-4388-4b01-8e43-49dd2d99ea87 9d309a4017134b1185278a4ca24447a4 9b1625a9ffad47feb3312c09843701e8 - - default default] 10.0.0.2 "GET /v2.0/extensions/ip_allocation HTTP/1.1" status: 200 len: 356 time: 0.0037565
2026-06-15 20:17:02.704 10 INFO neutron.wsgi [None req-c639e25d-4fd2-46b0-b37e-2b1a92959115 9d309a4017134b1185278a4ca24447a4 9b1625a9ffad47feb3312c09843701e8 - - default default] 10.0.0.2 "GET /v2.0/extensions/l2_adjacency HTTP/1.1" status: 200 len: 372 time: 0.0076742
2026-06-15 20:17:02.715 9 INFO neutron.wsgi [None req-a8bc4a02-a0be-47a8-ab3b-fd758a8c3288 9d309a4017134b1185278a4ca24447a4 9b1625a9ffad47feb3312c09843701e8 - - default default] 10.0.0.2 "GET /v2.0/extensions/router HTTP/1.1" status: 200 len: 450 time: 0.0050554
2026-06-15 20:17:02.724 10 INFO neutron.wsgi [None req-c5f2d7c7-c1e5-481a-a4ed-01ce8d8ff85b 9d309a4017134b1185278a4ca24447a4 9b1625a9ffad47feb3312c09843701e8 - - default default] 10.0.0.2 "GET /v2.0/extensions/ext-gw-mode HTTP/1.1" status: 200 len: 462 time: 0.0050182
2026-06-15 20:17:02.735 10 INFO neutron.wsgi [None req-92002dc7-d582-4de4-8cd7-65165c4ae8bb 2993199be93e4c32ad83c641c263bc9a 86c32f7d412346c9b6172f507e1ff47d - - default default] 10.0.0.2 "DELETE /v2.0/security-group-rules/9ce8b350-4aab-421f-af40-34b321ed7ed3 HTTP/1.1" status: 204 len: 168 time: 0.1914291
2026-06-15 20:17:02.741 9 INFO neutron.wsgi [None req-9d082dd2-5edc-4d9f-8863-19c733ed728e 9d309a4017134b1185278a4ca24447a4 9b1625a9ffad47feb3312c09843701e8 - - default default] 10.0.0.2 "GET /v2.0/extensions/logging HTTP/1.1" status: 200 len: 407 time: 0.0071373
2026-06-15 20:17:02.754 9 INFO neutron.wsgi [None req-b667dfa0-4e2b-4bb7-b73e-fb0b0533c17c 9d309a4017134b1185278a4ca24447a4 9b1625a9ffad47feb3312c09843701e8 - - default default] 10.0.0.2 "GET /v2.0/extensions/multi-provider HTTP/1.1" status: 200 len: 406 time: 0.0072827
2026-06-15 20:17:02.765 9 INFO neutron.wsgi [None req-d3e746ff-2eed-4c66-bbd4-3ddefffe5114 9d309a4017134b1185278a4ca24447a4 9b1625a9ffad47feb3312c09843701e8 - - default default] 10.0.0.2 "GET /v2.0/extensions/net-mtu HTTP/1.1" status: 200 len: 370 time: 0.0041728
2026-06-15 20:17:02.775 9 INFO neutron.wsgi [None req-db0c5d85-56f6-4e99-8db4-5be56711b272 9d309a4017134b1185278a4ca24447a4 9b1625a9ffad47feb3312c09843701e8 - - default default] 10.0.0.2 "GET /v2.0/extensions/net-mtu-writable HTTP/1.1" status: 200 len: 401 time: 0.0038915
2026-06-15 20:17:02.788 10 INFO neutron.wsgi [None req-35a10a5e-bd4c-4826-b306-4da2236f7514 2993199be93e4c32ad83c641c263bc9a 86c32f7d412346c9b6172f507e1ff47d - - default default] 10.0.0.2 "GET /v2.0/security-group-rules HTTP/1.1" status: 200 len: 3567 time: 0.0470285
2026-06-15 20:17:02.794 10 INFO neutron.wsgi [None req-5365f90c-36d6-4c07-a645-9b49c4b448c1 9d309a4017134b1185278a4ca24447a4 9b1625a9ffad47feb3312c09843701e8 - - default default] 10.0.0.2 "GET /v2.0/extensions/network_availability_zone HTTP/1.1" status: 200 len: 394 time: 0.0139694
2026-06-15 20:17:02.804 10 INFO neutron.wsgi [None req-aedfc8ff-a515-4052-84ca-0d241f8e7ef8 9d309a4017134b1185278a4ca24447a4 9b1625a9ffad47feb3312c09843701e8 - - default default] 10.0.0.2 "GET /v2.0/extensions/network-ip-availability HTTP/1.1" status: 200 len: 410 time: 0.0039070
2026-06-15 20:17:02.814 10 INFO neutron.wsgi [None req-f69c4fcf-9177-48e5-bc7a-816c467fc7c0 9d309a4017134b1185278a4ca24447a4 9b1625a9ffad47feb3312c09843701e8 - - default default] 10.0.0.2 "GET /v2.0/extensions/pagination HTTP/1.1" status: 200 len: 386 time: 0.0050952
2026-06-15 20:17:02.825 10 INFO neutron.wsgi [None req-02c292e9-53d2-4f9b-99d5-c3107844ec6a 9d309a4017134b1185278a4ca24447a4 9b1625a9ffad47feb3312c09843701e8 - - default default] 10.0.0.2 "GET /v2.0/extensions/port-device-profile HTTP/1.1" status: 200 len: 383 time: 0.0067890
2026-06-15 20:17:02.833 9 INFO neutron.wsgi [None req-341173f2-5031-4371-8632-575bb476bb77 9d309a4017134b1185278a4ca24447a4 9b1625a9ffad47feb3312c09843701e8 - - default default] 10.0.0.2 "GET /v2.0/extensions/port-mac-address-regenerate HTTP/1.1" status: 200 len: 403 time: 0.0036571
2026-06-15 20:17:02.846 10 INFO neutron.wsgi [None req-4cb12389-0987-4024-87f9-86ea04801149 9d309a4017134b1185278a4ca24447a4 9b1625a9ffad47feb3312c09843701e8 - - default default] 10.0.0.2 "GET /v2.0/extensions/port-numa-affinity-policy HTTP/1.1" status: 200 len: 392 time: 0.0064380
2026-06-15 20:17:02.855 10 INFO neutron.wsgi [None req-3e48e931-f083-4d4a-a5a6-823b1fdfe1ea 9d309a4017134b1185278a4ca24447a4 9b1625a9ffad47feb3312c09843701e8 - - default default] 10.0.0.2 "GET /v2.0/extensions/port-resource-request HTTP/1.1" status: 200 len: 379 time: 0.0054064
2026-06-15 20:17:02.869 10 INFO neutron.wsgi [None req-8fb9458a-1314-4864-b796-b21bd14cdf27 9d309a4017134b1185278a4ca24447a4 9b1625a9ffad47feb3312c09843701e8 - - default default] 10.0.0.2 "GET /v2.0/extensions/port-resource-request-groups HTTP/1.1" status: 200 len: 465 time: 0.0049369
2026-06-15 20:17:02.881 10 INFO neutron.wsgi [None req-f9ec5a15-7f1b-40eb-9b28-c150b0064734 9d309a4017134b1185278a4ca24447a4 9b1625a9ffad47feb3312c09843701e8 - - default default] 10.0.0.2 "GET /v2.0/extensions/binding HTTP/1.1" status: 200 len: 387 time: 0.0063167
2026-06-15 20:17:02.896 10 INFO neutron.wsgi [None req-f3bac750-d22c-4600-8960-fa3765ed6643 9d309a4017134b1185278a4ca24447a4 9b1625a9ffad47feb3312c09843701e8 - - default default] 10.0.0.2 "GET /v2.0/extensions/binding-extended HTTP/1.1" status: 200 len: 406 time: 0.0070422
2026-06-15 20:17:02.904 10 INFO neutron.wsgi [None req-0481420d-c085-4632-b4d1-82d45bee6e9f 9d309a4017134b1185278a4ca24447a4 9b1625a9ffad47feb3312c09843701e8 - - default default] 10.0.0.2 "GET /v2.0/extensions/port-security HTTP/1.1" status: 200 len: 354 time: 0.0046549
2026-06-15 20:17:02.909 9 INFO neutron.wsgi [None req-2bc9806f-c53b-4fe1-b43f-601d6c1b3850 c5566c77d8554827b04219e520158dcc ff953eb8fa8744029a526014db8e6272 - - default default] 10.0.0.2 "DELETE /v2.0/security-groups/b122dac1-1529-48ce-b671-d43d4f47e4e8 HTTP/1.1" status: 204 len: 168 time: 0.2728939
2026-06-15 20:17:02.914 10 INFO neutron.wsgi [None req-de0c1838-75ed-4f04-b51a-7bc0a23266a7 9d309a4017134b1185278a4ca24447a4 9b1625a9ffad47feb3312c09843701e8 - - default default] 10.0.0.2 "GET /v2.0/extensions/project-id HTTP/1.1" status: 200 len: 398 time: 0.0043948
2026-06-15 20:17:02.921 9 INFO neutron.wsgi [None req-329419a9-9add-4b3b-9512-269ce70d4868 9d309a4017134b1185278a4ca24447a4 9b1625a9ffad47feb3312c09843701e8 - - default default] 10.0.0.2 "GET /v2.0/extensions/provider HTTP/1.1" status: 200 len: 385 time: 0.0038614
2026-06-15 20:17:02.932 9 INFO neutron.wsgi [None req-55f36fa6-bac9-420e-bfd2-5826d98ca30e 9d309a4017134b1185278a4ca24447a4 9b1625a9ffad47feb3312c09843701e8 - - default default] 10.0.0.2 "GET /v2.0/extensions/qos HTTP/1.1" status: 200 len: 360 time: 0.0059323
2026-06-15 20:17:02.942 9 INFO neutron.wsgi [None req-c27efdb2-4c39-4230-afe2-6164f3c67772 9d309a4017134b1185278a4ca24447a4 9b1625a9ffad47feb3312c09843701e8 - - default default] 10.0.0.2 "GET /v2.0/extensions/qos-bw-limit-direction HTTP/1.1" status: 200 len: 452 time: 0.0056906
2026-06-15 20:17:02.963 9 INFO neutron.wsgi [None req-3febfe86-c310-40a9-9117-ae4ebaf45506 9d309a4017134b1185278a4ca24447a4 9b1625a9ffad47feb3312c09843701e8 - - default default] 10.0.0.2 "GET /v2.0/extensions/qos-bw-minimum-ingress HTTP/1.1" status: 200 len: 445 time: 0.0084012
2026-06-15 20:17:02.973 9 INFO neutron.wsgi [None req-55e6f625-93f5-47ac-a9fd-f341fac4bf11 9d309a4017134b1185278a4ca24447a4 9b1625a9ffad47feb3312c09843701e8 - - default default] 10.0.0.2 "GET /v2.0/extensions/qos-default HTTP/1.1" status: 200 len: 377 time: 0.0050530
2026-06-15 20:17:02.985 10 INFO neutron.wsgi [None req-c25850c3-d4ea-4ca7-bdc6-8bcb2ce2c720 9d309a4017134b1185278a4ca24447a4 9b1625a9ffad47feb3312c09843701e8 - - default default] 10.0.0.2 "GET /v2.0/extensions/qos-fip HTTP/1.1" status: 200 len: 372 time: 0.0050192
2026-06-15 20:17:02.991 9 INFO neutron.wsgi [None req-81334b4a-823f-4ba9-a1f2-3010d5373bbc 2993199be93e4c32ad83c641c263bc9a 86c32f7d412346c9b6172f507e1ff47d - - default default] 10.0.0.2 "DELETE /v2.0/security-groups/e65e07d8-5c6a-4ddc-b2ad-ad1b172e878c HTTP/1.1" status: 204 len: 168 time: 0.1963599
2026-06-15 20:17:02.998 9 INFO neutron.wsgi [None req-12ebb4ca-9ae2-48d8-a91f-98ceef573eb0 9d309a4017134b1185278a4ca24447a4 9b1625a9ffad47feb3312c09843701e8 - - default default] 10.0.0.2 "GET /v2.0/extensions/qos-gateway-ip HTTP/1.1" status: 200 len: 391 time: 0.0046189
2026-06-15 20:17:03.006 9 INFO neutron.wsgi [None req-d0c5c882-f4de-4891-8808-781c93bf0c38 9d309a4017134b1185278a4ca24447a4 9b1625a9ffad47feb3312c09843701e8 - - default default] 10.0.0.2 "GET /v2.0/extensions/qos-port-network-policy HTTP/1.1" status: 200 len: 403 time: 0.0051913
2026-06-15 20:17:03.014 9 INFO neutron.wsgi [None req-884d7b1b-9cc8-4694-8c8d-142f8debc1b4 9d309a4017134b1185278a4ca24447a4 9b1625a9ffad47feb3312c09843701e8 - - default default] 10.0.0.2 "GET /v2.0/extensions/qos-pps-minimum HTTP/1.1" status: 200 len: 397 time: 0.0039725
2026-06-15 20:17:03.024 9 INFO neutron.wsgi [None req-8d0b361f-5f8d-41a2-8ad5-7d8b93db23d5 9d309a4017134b1185278a4ca24447a4 9b1625a9ffad47feb3312c09843701e8 - - default default] 10.0.0.2 "GET /v2.0/extensions/qos-pps-minimum-rule-alias HTTP/1.1" status: 200 len: 471 time: 0.0055027
2026-06-15 20:17:03.044 9 INFO neutron.wsgi [None req-51b1f7d1-203a-428d-94e8-5efe7f2f736c 9d309a4017134b1185278a4ca24447a4 9b1625a9ffad47feb3312c09843701e8 - - default default] 10.0.0.2 "GET /v2.0/extensions/qos-pps HTTP/1.1" status: 200 len: 389 time: 0.0115008
2026-06-15 20:17:03.054 10 INFO neutron.wsgi [None req-82f2003d-69e6-4ebc-a7fe-ee4f30984121 2993199be93e4c32ad83c641c263bc9a 86c32f7d412346c9b6172f507e1ff47d - - default default] 10.0.0.2 "GET /v2.0/security-groups HTTP/1.1" status: 200 len: 2996 time: 0.0574586
2026-06-15 20:17:03.056 9 INFO neutron.wsgi [None req-e5b8ea76-ee09-4bc3-b1dc-a680314c6e60 9d309a4017134b1185278a4ca24447a4 9b1625a9ffad47feb3312c09843701e8 - - default default] 10.0.0.2 "GET /v2.0/extensions/qos-rule-type-details HTTP/1.1" status: 200 len: 423 time: 0.0056283
2026-06-15 20:17:03.067 9 INFO neutron.wsgi [None req-9b7ae570-0321-4b97-9b7e-5c366f87a73f 9d309a4017134b1185278a4ca24447a4 9b1625a9ffad47feb3312c09843701e8 - - default default] 10.0.0.2 "GET /v2.0/extensions/qos-rule-type-filter HTTP/1.1" status: 200 len: 567 time: 0.0053871
2026-06-15 20:17:03.077 9 INFO neutron.wsgi [None req-df66b76d-5af4-4514-a1f0-8ce68dee2de4 9d309a4017134b1185278a4ca24447a4 9b1625a9ffad47feb3312c09843701e8 - - default default] 10.0.0.2 "GET /v2.0/extensions/qos-rules-alias HTTP/1.1" status: 200 len: 448 time: 0.0057869
2026-06-15 20:17:03.089 10 INFO neutron.wsgi [None req-149616e1-3e7c-4ed7-a9cd-961d29aba976 9d309a4017134b1185278a4ca24447a4 9b1625a9ffad47feb3312c09843701e8 - - default default] 10.0.0.2 "GET /v2.0/extensions/quota-check-limit HTTP/1.1" status: 200 len: 420 time: 0.0084813
2026-06-15 20:17:03.099 10 INFO neutron.wsgi [None req-c7c2eecb-1052-4327-9f7f-858f676e6ab2 9d309a4017134b1185278a4ca24447a4 9b1625a9ffad47feb3312c09843701e8 - - default default] 10.0.0.2 "GET /v2.0/extensions/quotas HTTP/1.1" status: 200 len: 386 time: 0.0045545
2026-06-15 20:17:03.112 9 INFO neutron.wsgi [None req-7c387b46-95be-4f5a-b55a-052f0a7bc1fb 9d309a4017134b1185278a4ca24447a4 9b1625a9ffad47feb3312c09843701e8 - - default default] 10.0.0.2 "GET /v2.0/extensions/quota_details HTTP/1.1" status: 200 len: 407 time: 0.0062063
2026-06-15 20:17:03.120 10 INFO neutron.wsgi [None req-df156f12-cade-4207-945d-184ba74c1772 2993199be93e4c32ad83c641c263bc9a 86c32f7d412346c9b6172f507e1ff47d - - default default] 10.0.0.2 "GET /v2.0/security-groups HTTP/1.1" status: 200 len: 2996 time: 0.0577991
2026-06-15 20:17:03.122 9 INFO neutron.wsgi [None req-f896f2fa-3796-4789-978c-264562faad47 9d309a4017134b1185278a4ca24447a4 9b1625a9ffad47feb3312c09843701e8 - - default default] 10.0.0.2 "GET /v2.0/extensions/rbac-policies HTTP/1.1" status: 200 len: 417 time: 0.0067060
2026-06-15 20:17:03.141 10 INFO neutron.wsgi [None req-bf92b84b-b1c7-4c20-ac45-2f75562dd6dd 9d309a4017134b1185278a4ca24447a4 9b1625a9ffad47feb3312c09843701e8 - - default default] 10.0.0.2 "GET /v2.0/extensions/rbac-address-scope HTTP/1.1" status: 200 len: 384 time: 0.0079167
2026-06-15 20:17:03.152 9 INFO neutron.wsgi [None req-db099816-89b1-4949-93ad-4108bb451658 9d309a4017134b1185278a4ca24447a4 9b1625a9ffad47feb3312c09843701e8 - - default default] 10.0.0.2 "GET /v2.0/extensions/rbac-security-groups HTTP/1.1" status: 200 len: 404 time: 0.0063667
2026-06-15 20:17:03.163 10 INFO neutron.wsgi [None req-9133dc59-9f59-47b2-9a5e-e7acb48b4296 9d309a4017134b1185278a4ca24447a4 9b1625a9ffad47feb3312c09843701e8 - - default default] 10.0.0.2 "GET /v2.0/extensions/revision-if-match HTTP/1.1" status: 200 len: 441 time: 0.0066662
2026-06-15 20:17:03.175 9 INFO neutron.wsgi [None req-66e2927d-a737-4f85-bf8a-496c2501d8c2 9d309a4017134b1185278a4ca24447a4 9b1625a9ffad47feb3312c09843701e8 - - default default] 10.0.0.2 "GET /v2.0/extensions/standard-attr-revisions HTTP/1.1" status: 200 len: 423 time: 0.0071380
2026-06-15 20:17:03.185 9 INFO neutron.wsgi [None req-8445f1b9-99b8-4baa-90a1-3a650a980903 9d309a4017134b1185278a4ca24447a4 9b1625a9ffad47feb3312c09843701e8 - - default default] 10.0.0.2 "GET /v2.0/extensions/router_availability_zone HTTP/1.1" status: 200 len: 391 time: 0.0046399
2026-06-15 20:17:03.195 9 INFO neutron.wsgi [None req-29afa060-3316-4fa4-b381-bba8653d950f 9d309a4017134b1185278a4ca24447a4 9b1625a9ffad47feb3312c09843701e8 - - default default] 10.0.0.2 "GET /v2.0/extensions/security-groups-default-rules HTTP/1.1" status: 200 len: 456 time: 0.0053573
2026-06-15 20:17:03.203 9 INFO neutron.wsgi [None req-87ce19ec-ad7f-4918-a121-132be800e557 9d309a4017134b1185278a4ca24447a4 9b1625a9ffad47feb3312c09843701e8 - - default default] 10.0.0.2 "GET /v2.0/extensions/security-groups-normalized-cidr HTTP/1.1" status: 200 len: 445 time: 0.0036254
2026-06-15 20:17:03.211 9 INFO neutron.wsgi [None req-f1938106-3de2-44da-9292-ba2530ae2af0 9d309a4017134b1185278a4ca24447a4 9b1625a9ffad47feb3312c09843701e8 - - default default] 10.0.0.2 "GET /v2.0/extensions/security-groups-remote-address-group HTTP/1.1" status: 200 len: 448 time: 0.0047901
2026-06-15 20:17:03.221 9 INFO neutron.wsgi [None req-bc82a568-be55-400b-9dc2-f9c1f50b774a 9d309a4017134b1185278a4ca24447a4 9b1625a9ffad47feb3312c09843701e8 - - default default] 10.0.0.2 "GET /v2.0/extensions/security-groups-shared-filtering HTTP/1.1" status: 200 len: 435 time: 0.0052741
2026-06-15 20:17:03.230 10 INFO neutron.wsgi [None req-4dc1916e-cb91-4736-94da-623896b60f76 9d309a4017134b1185278a4ca24447a4 9b1625a9ffad47feb3312c09843701e8 - - default default] 10.0.0.2 "GET /v2.0/extensions/security-group HTTP/1.1" status: 200 len: 364 time: 0.0056925
2026-06-15 20:17:03.241 9 INFO neutron.wsgi [None req-db802cd0-f34c-426c-a264-457f8111c4e2 9d309a4017134b1185278a4ca24447a4 9b1625a9ffad47feb3312c09843701e8 - - default default] 10.0.0.2 "GET /v2.0/extensions/segment HTTP/1.1" status: 200 len: 339 time: 0.0064743
2026-06-15 20:17:03.248 9 INFO neutron.wsgi [None req-3ff165e0-f8cb-49fb-9b28-77f936f08ea4 9d309a4017134b1185278a4ca24447a4 9b1625a9ffad47feb3312c09843701e8 - - default default] 10.0.0.2 "GET /v2.0/extensions/segments-peer-subnet-host-routes HTTP/1.1" status: 200 len: 427 time: 0.0032053
2026-06-15 20:17:03.257 9 INFO neutron.wsgi [None req-f2c1733b-bce9-4c9f-aade-12a005e0357c 9d309a4017134b1185278a4ca24447a4 9b1625a9ffad47feb3312c09843701e8 - - default default] 10.0.0.2 "GET /v2.0/extensions/service-type HTTP/1.1" status: 200 len: 415 time: 0.0048542
2026-06-15 20:17:03.265 9 INFO neutron.wsgi [None req-4be129c3-9eb2-44e1-9bd7-30b9c90faf1f 9d309a4017134b1185278a4ca24447a4 9b1625a9ffad47feb3312c09843701e8 - - default default] 10.0.0.2 "GET /v2.0/extensions/sorting HTTP/1.1" status: 200 len: 377 time: 0.0044258
2026-06-15 20:17:03.273 9 INFO neutron.wsgi [None req-ae39aaab-3289-43a8-87f6-c71b0bd6369c 9d309a4017134b1185278a4ca24447a4 9b1625a9ffad47feb3312c09843701e8 - - default default] 10.0.0.2 "GET /v2.0/extensions/standard-attr-segment HTTP/1.1" status: 200 len: 406 time: 0.0043740
2026-06-15 20:17:03.282 9 INFO neutron.wsgi [None req-1019b41c-a4de-40ee-bb40-a00f1d62223f 9d309a4017134b1185278a4ca24447a4 9b1625a9ffad47feb3312c09843701e8 - - default default] 10.0.0.2 "GET /v2.0/extensions/standard-attr-description HTTP/1.1" status: 200 len: 408 time: 0.0043187
2026-06-15 20:17:03.291 9 INFO neutron.wsgi [None req-ee30f885-c777-44eb-bd35-e34614596446 9d309a4017134b1185278a4ca24447a4 9b1625a9ffad47feb3312c09843701e8 - - default default] 10.0.0.2 "GET /v2.0/extensions/stateful-security-group HTTP/1.1" status: 200 len: 402 time: 0.0052426
2026-06-15 20:17:03.301 9 INFO neutron.wsgi [None req-b6adf8c1-3d03-4aeb-a442-b7234a381592 9d309a4017134b1185278a4ca24447a4 9b1625a9ffad47feb3312c09843701e8 - - default default] 10.0.0.2 "GET /v2.0/extensions/subnet-dns-publish-fixed-ip HTTP/1.1" status: 200 len: 421 time: 0.0053420
2026-06-15 20:17:03.311 9 INFO neutron.wsgi [None req-47e8ecd7-20a4-42d7-be50-58f334bdf3e8 9d309a4017134b1185278a4ca24447a4 9b1625a9ffad47feb3312c09843701e8 - - default default] 10.0.0.2 "GET /v2.0/extensions/subnet-segmentid-writable HTTP/1.1" status: 200 len: 421 time: 0.0055041
2026-06-15 20:17:03.320 9 INFO neutron.wsgi [None req-fd179bb4-4f25-4c5c-9859-7898d0d61530 9d309a4017134b1185278a4ca24447a4 9b1625a9ffad47feb3312c09843701e8 - - default default] 10.0.0.2 "GET /v2.0/extensions/subnet-service-types HTTP/1.1" status: 200 len: 400 time: 0.0046337
2026-06-15 20:17:03.329 9 INFO neutron.wsgi [None req-49cc52b4-2e5a-4a5a-9924-5f5ffcc343d4 9d309a4017134b1185278a4ca24447a4 9b1625a9ffad47feb3312c09843701e8 - - default default] 10.0.0.2 "GET /v2.0/extensions/subnet_allocation HTTP/1.1" status: 200 len: 388 time: 0.0047200
2026-06-15 20:17:03.341 9 INFO neutron.wsgi [None req-a84ffd0f-3d83-4501-a88c-01436384545e 9d309a4017134b1185278a4ca24447a4 9b1625a9ffad47feb3312c09843701e8 - - default default] 10.0.0.2 "GET /v2.0/extensions/subnetpool-prefix-ops HTTP/1.1" status: 200 len: 418 time: 0.0042329
2026-06-15 20:17:03.349 9 INFO neutron.wsgi [None req-7dc9df7b-b8b5-4597-b2f6-2101e46fc161 9d309a4017134b1185278a4ca24447a4 9b1625a9ffad47feb3312c09843701e8 - - default default] 10.0.0.2 "GET /v2.0/extensions/standard-attr-tag HTTP/1.1" status: 200 len: 537 time: 0.0036795
2026-06-15 20:17:03.359 9 INFO neutron.wsgi [None req-b57ff422-a3ec-4ea9-a446-a46f5a617bb4 9d309a4017134b1185278a4ca24447a4 9b1625a9ffad47feb3312c09843701e8 - - default default] 10.0.0.2 "GET /v2.0/extensions/standard-attr-timestamp HTTP/1.1" status: 200 len: 449 time: 0.0049508
2026-06-15 20:17:03.377 9 INFO neutron.wsgi [None req-c9831838-8598-4dd6-abb0-f43cd2192b1e 9d309a4017134b1185278a4ca24447a4 9b1625a9ffad47feb3312c09843701e8 - - default default] 10.0.0.2 "GET /v2.0/extensions/trunk HTTP/1.1" status: 200 len: 358 time: 0.0063214
2026-06-15 20:17:03.387 9 INFO neutron.wsgi [None req-6cb48428-8669-4da8-a947-c22fefdeb7e1 9d309a4017134b1185278a4ca24447a4 9b1625a9ffad47feb3312c09843701e8 - - default default] 10.0.0.2 "GET /v2.0/extensions/trunk-details HTTP/1.1" status: 200 len: 362 time: 0.0042982
2026-06-15 20:17:03.561 9 INFO neutron.db.ovn_revision_numbers_db [None req-edc45f4d-a75a-4614-9145-6543d7401446 c5566c77d8554827b04219e520158dcc ff953eb8fa8744029a526014db8e6272 - - default default] Successfully bumped revision number for resource 9c5c4986-f9b4-4654-99dd-98e36fd46e24 (type: security_groups) to 1
2026-06-15 20:17:03.573 9 INFO neutron.db.ovn_revision_numbers_db [None req-edc45f4d-a75a-4614-9145-6543d7401446 c5566c77d8554827b04219e520158dcc ff953eb8fa8744029a526014db8e6272 - - default default] Successfully bumped revision number for resource 67d1c7d7-11ab-4de3-b4c7-939b5a9d5fe0 (type: security_group_rules) to 0
2026-06-15 20:17:03.587 9 INFO neutron.db.ovn_revision_numbers_db [None req-edc45f4d-a75a-4614-9145-6543d7401446 c5566c77d8554827b04219e520158dcc ff953eb8fa8744029a526014db8e6272 - - default default] Successfully bumped revision number for resource 9c151a76-f79e-4950-a49b-591b0d2ee897 (type: security_group_rules) to 0
2026-06-15 20:17:03.605 9 INFO neutron.db.ovn_revision_numbers_db [None req-edc45f4d-a75a-4614-9145-6543d7401446 c5566c77d8554827b04219e520158dcc ff953eb8fa8744029a526014db8e6272 - - default default] Successfully bumped revision number for resource dac87901-84f2-4e57-a7a2-82e52225f429 (type: security_group_rules) to 0
2026-06-15 20:17:03.621 9 INFO neutron.db.ovn_revision_numbers_db [None req-edc45f4d-a75a-4614-9145-6543d7401446 c5566c77d8554827b04219e520158dcc ff953eb8fa8744029a526014db8e6272 - - default default] Successfully bumped revision number for resource fd8e7fd9-0199-4451-9851-933d1042b9ad (type: security_group_rules) to 0
2026-06-15 20:17:03.645 9 INFO neutron.wsgi [None req-edc45f4d-a75a-4614-9145-6543d7401446 c5566c77d8554827b04219e520158dcc ff953eb8fa8744029a526014db8e6272 - - default default] 10.0.0.2 "GET /v2.0/security-groups?tenant_id=bc17e668198d4bbf9bb2eaa578942925&name=default HTTP/1.1" status: 200 len: 2996 time: 0.3211989
2026-06-15 20:17:03.891 10 INFO neutron.wsgi [None req-0d74b8ad-d46e-4206-9951-4acd91d7e628 c5566c77d8554827b04219e520158dcc ff953eb8fa8744029a526014db8e6272 - - default default] 10.0.0.2 "GET /v2.0/security-groups?tenant_id=86c32f7d412346c9b6172f507e1ff47d&name=default HTTP/1.1" status: 200 len: 2996 time: 0.1815157
2026-06-15 20:17:03.897 9 INFO neutron.wsgi [None req-59543640-ac65-4eb3-ac91-10b26a174610 c5566c77d8554827b04219e520158dcc ff953eb8fa8744029a526014db8e6272 - - default default] 10.0.0.2 "DELETE /v2.0/security-groups/9c5c4986-f9b4-4654-99dd-98e36fd46e24 HTTP/1.1" status: 204 len: 168 time: 0.2455716
2026-06-15 20:17:04.051 10 INFO neutron.db.ovn_revision_numbers_db [None req-a8231550-6458-4916-8ad4-93703d6ec582 c5566c77d8554827b04219e520158dcc ff953eb8fa8744029a526014db8e6272 - - default default] Successfully bumped revision number for resource c4302c97-589f-45cc-ac29-ebdec7aaf079 (type: security_groups) to 1
2026-06-15 20:17:04.067 10 INFO neutron.db.ovn_revision_numbers_db [None req-a8231550-6458-4916-8ad4-93703d6ec582 c5566c77d8554827b04219e520158dcc ff953eb8fa8744029a526014db8e6272 - - default default] Successfully bumped revision number for resource 3599cff1-629c-442e-b0f8-f5b60383d206 (type: security_group_rules) to 0
2026-06-15 20:17:04.082 10 INFO neutron.db.ovn_revision_numbers_db [None req-a8231550-6458-4916-8ad4-93703d6ec582 c5566c77d8554827b04219e520158dcc ff953eb8fa8744029a526014db8e6272 - - default default] Successfully bumped revision number for resource 5e90d156-f8c9-4251-8019-4837979a5c65 (type: security_group_rules) to 0
2026-06-15 20:17:04.100 10 INFO neutron.db.ovn_revision_numbers_db [None req-a8231550-6458-4916-8ad4-93703d6ec582 c5566c77d8554827b04219e520158dcc ff953eb8fa8744029a526014db8e6272 - - default default] Successfully bumped revision number for resource d49a5f01-3477-4955-82e5-c34e3c1d8608 (type: security_group_rules) to 0
2026-06-15 20:17:04.115 10 INFO neutron.db.ovn_revision_numbers_db [None req-a8231550-6458-4916-8ad4-93703d6ec582 c5566c77d8554827b04219e520158dcc ff953eb8fa8744029a526014db8e6272 - - default default] Successfully bumped revision number for resource ea1df272-4943-4092-af9f-2c43c4c67d5e (type: security_group_rules) to 0
2026-06-15 20:17:04.144 10 INFO neutron.wsgi [None req-a8231550-6458-4916-8ad4-93703d6ec582 c5566c77d8554827b04219e520158dcc ff953eb8fa8744029a526014db8e6272 - - default default] 10.0.0.2 "GET /v2.0/security-groups?tenant_id=9b1625a9ffad47feb3312c09843701e8&name=default HTTP/1.1" status: 200 len: 2996 time: 0.2899201
2026-06-15 20:17:04.156 10 INFO neutron.wsgi [None req-2ea2342c-e9cc-4ce6-9f49-15c55c9ba840 c5566c77d8554827b04219e520158dcc ff953eb8fa8744029a526014db8e6272 - - default default] 10.0.0.2 "DELETE /v2.0/security-groups/3fc83b84-0d7f-465b-9d36-a4759c48c021 HTTP/1.1" status: 204 len: 168 time: 0.2607133
2026-06-15 20:17:04.372 9 INFO neutron.wsgi [None req-169e9f92-6760-4240-878d-4928269142ee c5566c77d8554827b04219e520158dcc ff953eb8fa8744029a526014db8e6272 - - default default] 10.0.0.2 "DELETE /v2.0/security-groups/c4302c97-589f-45cc-ac29-ebdec7aaf079 HTTP/1.1" status: 204 len: 168 time: 0.2204981
2026-06-15 20:17:04.961 9 WARNING neutron_lib.context [None req-f4e3bd0b-f45e-4c5b-967d-45582a06c614 7c9824afc02d4d12ad19f4c438a937cb bddb1eabb9794ebd8ff7da66296ae4cc - - default default] Method 'is_advsvc' is deprecated since 2023.2 release (neutron-lib 3.8.0) and will be removed once support for the old RBAC API policies will be removed from Neutron. Please use method 'is_service_role' instead.
2026-06-15 20:17:05.092 9 INFO neutron.db.ovn_revision_numbers_db [None req-f4e3bd0b-f45e-4c5b-967d-45582a06c614 7c9824afc02d4d12ad19f4c438a937cb bddb1eabb9794ebd8ff7da66296ae4cc - - default default] Successfully bumped revision number for resource cfff7360-b183-4bdf-b178-1c99773565fa (type: security_groups) to 1
2026-06-15 20:17:05.110 9 INFO neutron.db.ovn_revision_numbers_db [None req-f4e3bd0b-f45e-4c5b-967d-45582a06c614 7c9824afc02d4d12ad19f4c438a937cb bddb1eabb9794ebd8ff7da66296ae4cc - - default default] Successfully bumped revision number for resource 11794e53-cf9f-45a8-b7af-442704b694a0 (type: security_group_rules) to 0
2026-06-15 20:17:05.135 9 INFO neutron.db.ovn_revision_numbers_db [None req-f4e3bd0b-f45e-4c5b-967d-45582a06c614 7c9824afc02d4d12ad19f4c438a937cb bddb1eabb9794ebd8ff7da66296ae4cc - - default default] Successfully bumped revision number for resource 125948a5-2730-4d3a-accb-2b1b7d19f26f (type: security_group_rules) to 0
2026-06-15 20:17:05.154 9 INFO neutron.db.ovn_revision_numbers_db [None req-f4e3bd0b-f45e-4c5b-967d-45582a06c614 7c9824afc02d4d12ad19f4c438a937cb bddb1eabb9794ebd8ff7da66296ae4cc - - default default] Successfully bumped revision number for resource 857c2308-ba0e-4361-a6dc-73e35a2dd91f (type: security_group_rules) to 0
2026-06-15 20:17:05.170 9 INFO neutron.db.ovn_revision_numbers_db [None req-f4e3bd0b-f45e-4c5b-967d-45582a06c614 7c9824afc02d4d12ad19f4c438a937cb bddb1eabb9794ebd8ff7da66296ae4cc - - default default] Successfully bumped revision number for resource 8a89f01c-9ad6-4f20-b01b-6aea2c413c85 (type: security_group_rules) to 0
2026-06-15 20:17:05.221 9 INFO neutron.db.segments_db [None req-f4e3bd0b-f45e-4c5b-967d-45582a06c614 7c9824afc02d4d12ad19f4c438a937cb bddb1eabb9794ebd8ff7da66296ae4cc - - default default] Added segment 6c230192-6a87-4531-a006-3614bf95afe7 of type geneve for network b95d7451-2b1d-40c4-a124-858315c1b5a8
2026-06-15 20:17:05.425 9 INFO neutron.db.ovn_revision_numbers_db [None req-f4e3bd0b-f45e-4c5b-967d-45582a06c614 7c9824afc02d4d12ad19f4c438a937cb bddb1eabb9794ebd8ff7da66296ae4cc - - default default] Successfully bumped revision number for resource b95d7451-2b1d-40c4-a124-858315c1b5a8 (type: networks) to 1
2026-06-15 20:17:05.612 9 WARNING neutron.scheduler.dhcp_agent_scheduler [None req-f4e3bd0b-f45e-4c5b-967d-45582a06c614 7c9824afc02d4d12ad19f4c438a937cb bddb1eabb9794ebd8ff7da66296ae4cc - - default default] No more DHCP agents
2026-06-15 20:17:05.613 9 WARNING neutron.api.rpc.agentnotifiers.dhcp_rpc_agent_api [None req-f4e3bd0b-f45e-4c5b-967d-45582a06c614 7c9824afc02d4d12ad19f4c438a937cb bddb1eabb9794ebd8ff7da66296ae4cc - - default default] Unable to schedule network b95d7451-2b1d-40c4-a124-858315c1b5a8: no agents available; will retry on subsequent port and subnet creation events.
2026-06-15 20:17:05.688 9 INFO neutron.db.ovn_revision_numbers_db [None req-f4e3bd0b-f45e-4c5b-967d-45582a06c614 7c9824afc02d4d12ad19f4c438a937cb bddb1eabb9794ebd8ff7da66296ae4cc - - default default] Successfully bumped revision number for resource e0e778c5-6374-4afb-b8df-0ba82a26bf92 (type: ports) to 1
2026-06-15 20:17:05.716 9 INFO neutron.wsgi [None req-f4e3bd0b-f45e-4c5b-967d-45582a06c614 7c9824afc02d4d12ad19f4c438a937cb bddb1eabb9794ebd8ff7da66296ae4cc - - default default] 10.0.0.2 "POST /v2.0/networks HTTP/1.1" status: 201 len: 849 time: 0.9403832
2026-06-15 20:17:05.724 9 WARNING neutron_lib.context [None req-8a1acd39-31ef-454a-9f65-1cdae77776da 7c9824afc02d4d12ad19f4c438a937cb bddb1eabb9794ebd8ff7da66296ae4cc - - default default] Method 'is_advsvc' is deprecated since 2023.2 release (neutron-lib 3.8.0) and will be removed once support for the old RBAC API policies will be removed from Neutron. Please use method 'is_service_role' instead.
2026-06-15 20:17:05.945 9 WARNING neutron.scheduler.dhcp_agent_scheduler [None req-8a1acd39-31ef-454a-9f65-1cdae77776da 7c9824afc02d4d12ad19f4c438a937cb bddb1eabb9794ebd8ff7da66296ae4cc - - default default] No more DHCP agents
2026-06-15 20:17:05.948 9 WARNING neutron.api.rpc.agentnotifiers.dhcp_rpc_agent_api [None req-8a1acd39-31ef-454a-9f65-1cdae77776da 7c9824afc02d4d12ad19f4c438a937cb bddb1eabb9794ebd8ff7da66296ae4cc - - default default] Unable to schedule network b95d7451-2b1d-40c4-a124-858315c1b5a8: no agents available; will retry on subsequent port and subnet creation events.
2026-06-15 20:17:05.973 9 INFO neutron.db.ovn_revision_numbers_db [None req-8a1acd39-31ef-454a-9f65-1cdae77776da 7c9824afc02d4d12ad19f4c438a937cb bddb1eabb9794ebd8ff7da66296ae4cc - - default default] Successfully bumped revision number for resource 103823cd-cc15-4173-a1ed-fb812651eeb9 (type: subnets) to 0
2026-06-15 20:17:05.990 9 INFO neutron.wsgi [None req-8a1acd39-31ef-454a-9f65-1cdae77776da 7c9824afc02d4d12ad19f4c438a937cb bddb1eabb9794ebd8ff7da66296ae4cc - - default default] 10.0.0.2 "POST /v2.0/subnets HTTP/1.1" status: 201 len: 802 time: 0.2692602
2026-06-15 20:17:06.000 9 WARNING neutron_lib.context [None req-3365e3fe-2b02-457f-8700-94e6b3de6329 7c9824afc02d4d12ad19f4c438a937cb bddb1eabb9794ebd8ff7da66296ae4cc - - default default] Method 'is_advsvc' is deprecated since 2023.2 release (neutron-lib 3.8.0) and will be removed once support for the old RBAC API policies will be removed from Neutron. Please use method 'is_service_role' instead.
2026-06-15 20:17:06.206 10 WARNING neutron_lib.context [None req-8b1f8021-e8a5-4b12-b084-ab05d358557a ee7c7f276d8f41988a67d65c81837feb 85ff7f4e6f7c4a6cbf523ad1062b1e5c - - default default] Method 'is_advsvc' is deprecated since 2023.2 release (neutron-lib 3.8.0) and will be removed once support for the old RBAC API policies will be removed from Neutron. Please use method 'is_service_role' instead.
2026-06-15 20:17:06.217 10 WARNING neutron_lib.context [None req-085a2eac-2400-4ead-b21a-7cae9b35fc81 c5cee8486bdf46fcb1c5a0ca0b8265b0 cf0892f27aee4b4f8d57065c499f7e28 - - default default] Method 'is_advsvc' is deprecated since 2023.2 release (neutron-lib 3.8.0) and will be removed once support for the old RBAC API policies will be removed from Neutron. Please use method 'is_service_role' instead.
2026-06-15 20:17:06.217 10 WARNING neutron_lib.context [None req-085a2eac-2400-4ead-b21a-7cae9b35fc81 c5cee8486bdf46fcb1c5a0ca0b8265b0 cf0892f27aee4b4f8d57065c499f7e28 - - default default] Method 'is_advsvc' is deprecated since 2023.2 release (neutron-lib 3.8.0) and will be removed once support for the old RBAC API policies will be removed from Neutron. Please use method 'is_service_role' instead.
2026-06-15 20:17:06.293 10 INFO neutron.wsgi [None req-8b1f8021-e8a5-4b12-b084-ab05d358557a ee7c7f276d8f41988a67d65c81837feb 85ff7f4e6f7c4a6cbf523ad1062b1e5c - - default default] 10.0.0.2 "POST /v2.0/subnetpools HTTP/1.1" status: 201 len: 747 time: 0.2966316
2026-06-15 20:17:06.326 10 INFO neutron.wsgi [None req-e0cb6e1b-56e0-4b09-85c3-c6918bccdec2 ee7c7f276d8f41988a67d65c81837feb 85ff7f4e6f7c4a6cbf523ad1062b1e5c - - default default] 10.0.0.2 "GET /v2.0/subnetpools/c3d9e35f-bad1-4418-a613-424326d01eb3 HTTP/1.1" status: 200 len: 742 time: 0.0287387
2026-06-15 20:17:06.397 10 INFO neutron.db.ovn_revision_numbers_db [None req-085a2eac-2400-4ead-b21a-7cae9b35fc81 c5cee8486bdf46fcb1c5a0ca0b8265b0 cf0892f27aee4b4f8d57065c499f7e28 - - default default] Successfully bumped revision number for resource 2cefc813-6c58-420e-95ff-5500273e3a20 (type: security_groups) to 1
2026-06-15 20:17:06.417 10 INFO neutron.wsgi [None req-25754bf4-c8b9-4a47-afc8-6e00138fcaa0 ee7c7f276d8f41988a67d65c81837feb 85ff7f4e6f7c4a6cbf523ad1062b1e5c - - default default] 10.0.0.2 "PUT /v2.0/subnetpools/c3d9e35f-bad1-4418-a613-424326d01eb3 HTTP/1.1" status: 200 len: 695 time: 0.0870023
2026-06-15 20:17:06.419 10 INFO neutron.db.ovn_revision_numbers_db [None req-085a2eac-2400-4ead-b21a-7cae9b35fc81 c5cee8486bdf46fcb1c5a0ca0b8265b0 cf0892f27aee4b4f8d57065c499f7e28 - - default default] Successfully bumped revision number for resource 07a0cdd3-ac19-474d-ab74-c652084b7f93 (type: security_group_rules) to 0
2026-06-15 20:17:06.439 10 INFO neutron.db.ovn_revision_numbers_db [None req-085a2eac-2400-4ead-b21a-7cae9b35fc81 c5cee8486bdf46fcb1c5a0ca0b8265b0 cf0892f27aee4b4f8d57065c499f7e28 - - default default] Successfully bumped revision number for resource 4f9e5138-1ea5-4335-9b88-77beceb91546 (type: security_group_rules) to 0
2026-06-15 20:17:06.461 10 INFO neutron.db.ovn_revision_numbers_db [None req-085a2eac-2400-4ead-b21a-7cae9b35fc81 c5cee8486bdf46fcb1c5a0ca0b8265b0 cf0892f27aee4b4f8d57065c499f7e28 - - default default] Successfully bumped revision number for resource da90d3a0-ac10-4d61-b184-3b2e8f18267c (type: security_group_rules) to 0
2026-06-15 20:17:06.477 10 INFO neutron.db.ovn_revision_numbers_db [None req-085a2eac-2400-4ead-b21a-7cae9b35fc81 c5cee8486bdf46fcb1c5a0ca0b8265b0 cf0892f27aee4b4f8d57065c499f7e28 - - default default] Successfully bumped revision number for resource f705b895-af7b-4c25-b292-caf4c6af2540 (type: security_group_rules) to 0
2026-06-15 20:17:06.483 10 INFO neutron.wsgi [None req-53ae4120-f153-46b9-a490-4e0ac739b1cd ee7c7f276d8f41988a67d65c81837feb 85ff7f4e6f7c4a6cbf523ad1062b1e5c - - default default] 10.0.0.2 "DELETE /v2.0/subnetpools/c3d9e35f-bad1-4418-a613-424326d01eb3 HTTP/1.1" status: 204 len: 168 time: 0.0600452
2026-06-15 20:17:06.500 9 INFO neutron.api.v2.resource [None req-f04764c2-5f31-4d2d-a195-b883896c1018 ee7c7f276d8f41988a67d65c81837feb 85ff7f4e6f7c4a6cbf523ad1062b1e5c - - default default] show failed (client error): The resource could not be found.
2026-06-15 20:17:06.501 9 INFO neutron.wsgi [None req-f04764c2-5f31-4d2d-a195-b883896c1018 ee7c7f276d8f41988a67d65c81837feb 85ff7f4e6f7c4a6cbf523ad1062b1e5c - - default default] 10.0.0.2 "GET /v2.0/subnetpools/c3d9e35f-bad1-4418-a613-424326d01eb3 HTTP/1.1" status: 404 len: 346 time: 0.0131361
2026-06-15 20:17:06.513 9 INFO neutron.api.v2.resource [None req-0e2f856e-65ef-4e2d-95e9-15e6c46afb42 ee7c7f276d8f41988a67d65c81837feb 85ff7f4e6f7c4a6cbf523ad1062b1e5c - - default default] delete failed (client error): The resource could not be found.
2026-06-15 20:17:06.514 9 INFO neutron.wsgi [None req-0e2f856e-65ef-4e2d-95e9-15e6c46afb42 ee7c7f276d8f41988a67d65c81837feb 85ff7f4e6f7c4a6cbf523ad1062b1e5c - - default default] 10.0.0.2 "DELETE /v2.0/subnetpools/c3d9e35f-bad1-4418-a613-424326d01eb3 HTTP/1.1" status: 404 len: 346 time: 0.0086598
2026-06-15 20:17:06.550 10 INFO neutron.db.segments_db [None req-085a2eac-2400-4ead-b21a-7cae9b35fc81 c5cee8486bdf46fcb1c5a0ca0b8265b0 cf0892f27aee4b4f8d57065c499f7e28 - - default default] Added segment 480ff80e-7a46-41bd-a9f9-aeef69d877a4 of type geneve for network 579130fd-624b-4919-8e5a-2cec4b0bb82e
2026-06-15 20:17:06.677 10 INFO neutron.db.segments_db [None req-085a2eac-2400-4ead-b21a-7cae9b35fc81 c5cee8486bdf46fcb1c5a0ca0b8265b0 cf0892f27aee4b4f8d57065c499f7e28 - - default default] Added segment cc1b5ef3-7d7c-48c3-8b20-957bed5c0dcf of type geneve for network 7c01fae6-37e3-41c4-8ebf-43aaa37efa86
2026-06-15 20:17:06.756 9 WARNING neutron.scheduler.dhcp_agent_scheduler [None req-3365e3fe-2b02-457f-8700-94e6b3de6329 7c9824afc02d4d12ad19f4c438a937cb bddb1eabb9794ebd8ff7da66296ae4cc - - default default] No more DHCP agents
2026-06-15 20:17:06.759 9 WARNING neutron.api.rpc.agentnotifiers.dhcp_rpc_agent_api [None req-3365e3fe-2b02-457f-8700-94e6b3de6329 7c9824afc02d4d12ad19f4c438a937cb bddb1eabb9794ebd8ff7da66296ae4cc - - default default] Unable to schedule network 1cc0b5b3-87bb-4949-a24d-83860ff0d0aa: no agents available; will retry on subsequent port and subnet creation events.
2026-06-15 20:17:06.854 10 INFO neutron.db.ovn_revision_numbers_db [None req-085a2eac-2400-4ead-b21a-7cae9b35fc81 c5cee8486bdf46fcb1c5a0ca0b8265b0 cf0892f27aee4b4f8d57065c499f7e28 - - default default] Successfully bumped revision number for resource 579130fd-624b-4919-8e5a-2cec4b0bb82e (type: networks) to 1
2026-06-15 20:17:06.951 9 INFO neutron.db.ovn_revision_numbers_db [None req-3365e3fe-2b02-457f-8700-94e6b3de6329 7c9824afc02d4d12ad19f4c438a937cb bddb1eabb9794ebd8ff7da66296ae4cc - - default default] Successfully bumped revision number for resource c3877e90-3c45-45b4-9aa0-db2896998d8b (type: ports) to 1
2026-06-15 20:17:07.069 10 WARNING neutron.scheduler.dhcp_agent_scheduler [None req-085a2eac-2400-4ead-b21a-7cae9b35fc81 c5cee8486bdf46fcb1c5a0ca0b8265b0 cf0892f27aee4b4f8d57065c499f7e28 - - default default] No more DHCP agents
2026-06-15 20:17:07.082 10 WARNING neutron.api.rpc.agentnotifiers.dhcp_rpc_agent_api [None req-085a2eac-2400-4ead-b21a-7cae9b35fc81 c5cee8486bdf46fcb1c5a0ca0b8265b0 cf0892f27aee4b4f8d57065c499f7e28 - - default default] Unable to schedule network 579130fd-624b-4919-8e5a-2cec4b0bb82e: no agents available; will retry on subsequent port and subnet creation events.
2026-06-15 20:17:07.189 10 INFO neutron.db.ovn_revision_numbers_db [None req-085a2eac-2400-4ead-b21a-7cae9b35fc81 c5cee8486bdf46fcb1c5a0ca0b8265b0 cf0892f27aee4b4f8d57065c499f7e28 - - default default] Successfully bumped revision number for resource 99954eb1-0cac-45a2-ae95-c6c5235d470c (type: ports) to 1
2026-06-15 20:17:07.290 10 INFO neutron.db.ovn_revision_numbers_db [None req-085a2eac-2400-4ead-b21a-7cae9b35fc81 c5cee8486bdf46fcb1c5a0ca0b8265b0 cf0892f27aee4b4f8d57065c499f7e28 - - default default] Successfully bumped revision number for resource 7c01fae6-37e3-41c4-8ebf-43aaa37efa86 (type: networks) to 1
2026-06-15 20:17:07.396 9 INFO neutron.db.ovn_revision_numbers_db [None req-b18061fd-63eb-426c-8fc1-10bcd08b581a c5566c77d8554827b04219e520158dcc ff953eb8fa8744029a526014db8e6272 - - default default] Successfully bumped revision number for resource 82b94b03-dcb9-452e-bd34-f2cebe3630a0 (type: security_groups) to 1
2026-06-15 20:17:07.422 9 INFO neutron.db.ovn_revision_numbers_db [None req-b18061fd-63eb-426c-8fc1-10bcd08b581a c5566c77d8554827b04219e520158dcc ff953eb8fa8744029a526014db8e6272 - - default default] Successfully bumped revision number for resource 2223a4e9-aa4e-45f0-9a85-ddf77d589a90 (type: security_group_rules) to 0
2026-06-15 20:17:07.439 9 INFO neutron.db.ovn_revision_numbers_db [None req-b18061fd-63eb-426c-8fc1-10bcd08b581a c5566c77d8554827b04219e520158dcc ff953eb8fa8744029a526014db8e6272 - - default default] Successfully bumped revision number for resource 25a18429-15cf-4c19-b8f1-82b67d470af0 (type: security_group_rules) to 0
2026-06-15 20:17:07.461 9 INFO neutron.db.ovn_revision_numbers_db [None req-b18061fd-63eb-426c-8fc1-10bcd08b581a c5566c77d8554827b04219e520158dcc ff953eb8fa8744029a526014db8e6272 - - default default] Successfully bumped revision number for resource ae6748cc-a054-4930-ac95-d6f0cf088eda (type: security_group_rules) to 0
2026-06-15 20:17:07.481 9 INFO neutron.db.ovn_revision_numbers_db [None req-b18061fd-63eb-426c-8fc1-10bcd08b581a c5566c77d8554827b04219e520158dcc ff953eb8fa8744029a526014db8e6272 - - default default] Successfully bumped revision number for resource fee147bb-910d-49ef-96f3-3ef901d2bc43 (type: security_group_rules) to 0
2026-06-15 20:17:07.515 10 WARNING neutron.scheduler.dhcp_agent_scheduler [None req-085a2eac-2400-4ead-b21a-7cae9b35fc81 c5cee8486bdf46fcb1c5a0ca0b8265b0 cf0892f27aee4b4f8d57065c499f7e28 - - default default] No more DHCP agents
2026-06-15 20:17:07.516 10 WARNING neutron.api.rpc.agentnotifiers.dhcp_rpc_agent_api [None req-085a2eac-2400-4ead-b21a-7cae9b35fc81 c5cee8486bdf46fcb1c5a0ca0b8265b0 cf0892f27aee4b4f8d57065c499f7e28 - - default default] Unable to schedule network 7c01fae6-37e3-41c4-8ebf-43aaa37efa86: no agents available; will retry on subsequent port and subnet creation events.
2026-06-15 20:17:07.522 9 INFO neutron.wsgi [None req-b18061fd-63eb-426c-8fc1-10bcd08b581a c5566c77d8554827b04219e520158dcc ff953eb8fa8744029a526014db8e6272 - - default default] 10.0.0.2 "GET /v2.0/security-groups?tenant_id=85ff7f4e6f7c4a6cbf523ad1062b1e5c&name=default HTTP/1.1" status: 200 len: 2996 time: 0.5193560
2026-06-15 20:17:07.625 10 INFO neutron.db.ovn_revision_numbers_db [None req-085a2eac-2400-4ead-b21a-7cae9b35fc81 c5cee8486bdf46fcb1c5a0ca0b8265b0 cf0892f27aee4b4f8d57065c499f7e28 - - default default] Successfully bumped revision number for resource ad75015c-165f-47f3-a62f-3dac50853fb5 (type: ports) to 1
2026-06-15 20:17:07.654 10 INFO neutron.wsgi [None req-085a2eac-2400-4ead-b21a-7cae9b35fc81 c5cee8486bdf46fcb1c5a0ca0b8265b0 cf0892f27aee4b4f8d57065c499f7e28 - - default default] 10.0.0.2 "POST /v2.0/networks HTTP/1.1" status: 201 len: 1444 time: 1.5108738
2026-06-15 20:17:07.669 9 INFO neutron.plugins.ml2.drivers.ovn.mech_driver.mech_driver [None req-86914d21-580b-4721-979e-e4d514223fae - - - - - -] OVN reports status up for port: c3877e90-3c45-45b4-9aa0-db2896998d8b
2026-06-15 20:17:07.686 9 INFO neutron.plugins.ml2.plugin [None req-86914d21-580b-4721-979e-e4d514223fae - - - - - -] Attempt 1 to provision port c3877e90-3c45-45b4-9aa0-db2896998d8b
2026-06-15 20:17:07.709 9 INFO neutron.db.ovn_revision_numbers_db [None req-3365e3fe-2b02-457f-8700-94e6b3de6329 7c9824afc02d4d12ad19f4c438a937cb bddb1eabb9794ebd8ff7da66296ae4cc - - default default] Successfully bumped revision number for resource c3877e90-3c45-45b4-9aa0-db2896998d8b (type: router_ports) to 1
2026-06-15 20:17:07.749 10 INFO neutron.wsgi [None req-6b2b702b-34dc-46ad-8a2e-043064472b05 c5cee8486bdf46fcb1c5a0ca0b8265b0 cf0892f27aee4b4f8d57065c499f7e28 - - default default] 10.0.0.2 "GET /v2.0/networks HTTP/1.1" status: 200 len: 2050 time: 0.0894260
2026-06-15 20:17:07.785 9 INFO neutron.db.ovn_revision_numbers_db [None req-3365e3fe-2b02-457f-8700-94e6b3de6329 7c9824afc02d4d12ad19f4c438a937cb bddb1eabb9794ebd8ff7da66296ae4cc - - default default] Successfully bumped revision number for resource c3fa31c6-6d29-4f81-9ebc-4e6f6b8c0f24 (type: routers) to 2
2026-06-15 20:17:07.802 9 INFO neutron.wsgi [None req-3365e3fe-2b02-457f-8700-94e6b3de6329 7c9824afc02d4d12ad19f4c438a937cb bddb1eabb9794ebd8ff7da66296ae4cc - - default default] 10.0.0.2 "POST /v2.0/routers HTTP/1.1" status: 201 len: 874 time: 1.8082905
2026-06-15 20:17:07.860 10 INFO neutron.wsgi [None req-44e6141d-1a65-4554-8d30-014106a09aba c5566c77d8554827b04219e520158dcc ff953eb8fa8744029a526014db8e6272 - - default default] 10.0.0.2 "DELETE /v2.0/security-groups/82b94b03-dcb9-452e-bd34-f2cebe3630a0 HTTP/1.1" status: 204 len: 168 time: 0.3322670
2026-06-15 20:17:08.140 10 INFO neutron.services.segments.plugin [-] Segment 480ff80e-7a46-41bd-a9f9-aeef69d877a4 resource provider aggregate not found
2026-06-15 20:17:08.146 10 INFO neutron.services.segments.plugin [-] Segment 480ff80e-7a46-41bd-a9f9-aeef69d877a4 resource provider aggregate not found
2026-06-15 20:17:08.163 10 INFO neutron.services.segments.plugin [-] Segment 480ff80e-7a46-41bd-a9f9-aeef69d877a4 resource provider not found; error: Placement Client Error (4xx): {"errors": [{"status": 404, "title": "Not Found", "detail": "The resource could not be found.\n\n No resource provider with uuid 480ff80e-7a46-41bd-a9f9-aeef69d877a4 found for delete ", "request_id": "req-627ec57f-f08a-4d51-a129-de1378216e63"}]}
2026-06-15 20:17:08.165 10 INFO neutron.services.segments.plugin [-] Segment 480ff80e-7a46-41bd-a9f9-aeef69d877a4 resource provider not found; error: Placement Client Error (4xx): {"errors": [{"status": 404, "title": "Not Found", "detail": "The resource could not be found.\n\n No resource provider with uuid 480ff80e-7a46-41bd-a9f9-aeef69d877a4 found for delete ", "request_id": "req-a7496f32-86e5-4543-8b2a-3bb0b68cf15f"}]}
2026-06-15 20:17:08.196 10 INFO neutron.wsgi [None req-b2b5e02b-fda4-41f2-80c8-5cb2299273bc c5cee8486bdf46fcb1c5a0ca0b8265b0 cf0892f27aee4b4f8d57065c499f7e28 - - default default] 10.0.0.2 "DELETE /v2.0/networks/579130fd-624b-4919-8e5a-2cec4b0bb82e HTTP/1.1" status: 204 len: 168 time: 0.4416485
2026-06-15 20:17:08.468 10 WARNING neutron_lib.context [None req-ed90c267-411c-44ed-b755-8f0b86979393 6f174c3658b64397ae6e637ceea30c21 2c760baefdd6490bb49a900f73dfce85 - - default default] Method 'is_advsvc' is deprecated since 2023.2 release (neutron-lib 3.8.0) and will be removed once support for the old RBAC API policies will be removed from Neutron. Please use method 'is_service_role' instead.
2026-06-15 20:17:08.471 9 WARNING neutron.scheduler.dhcp_agent_scheduler [None req-d9d123a5-f434-4daf-8754-c52f3c1328a9 7c9824afc02d4d12ad19f4c438a937cb bddb1eabb9794ebd8ff7da66296ae4cc - - default default] No more DHCP agents
2026-06-15 20:17:08.475 9 WARNING neutron.api.rpc.agentnotifiers.dhcp_rpc_agent_api [None req-d9d123a5-f434-4daf-8754-c52f3c1328a9 7c9824afc02d4d12ad19f4c438a937cb bddb1eabb9794ebd8ff7da66296ae4cc - - default default] Unable to schedule network b95d7451-2b1d-40c4-a124-858315c1b5a8: no agents available; will retry on subsequent port and subnet creation events.
2026-06-15 20:17:08.664 9 INFO neutron.services.segments.plugin [-] Segment cc1b5ef3-7d7c-48c3-8b20-957bed5c0dcf resource provider aggregate not found
2026-06-15 20:17:08.670 9 INFO neutron.services.segments.plugin [-] Segment cc1b5ef3-7d7c-48c3-8b20-957bed5c0dcf resource provider aggregate not found
2026-06-15 20:17:08.681 9 INFO neutron.services.segments.plugin [-] Segment cc1b5ef3-7d7c-48c3-8b20-957bed5c0dcf resource provider not found; error: Placement Client Error (4xx): {"errors": [{"status": 404, "title": "Not Found", "detail": "The resource could not be found.\n\n No resource provider with uuid cc1b5ef3-7d7c-48c3-8b20-957bed5c0dcf found for delete ", "request_id": "req-c412b024-e309-4dc7-bb02-57c75f8b2d9b"}]}
