2026-06-15 20:21:22.350 9 INFO neutron.db.ovn_revision_numbers_db [req-0c463251-c014-478c-9626-629863df4928 req-8300a615-91d4-425f-8b3f-c570845ba610 e998b3f8a0ec4c11be1bd2fac2b8cdfd e3e4c5b439b843df911641c597c1e8b2 - - bb44992846d24d4a95418caed5772138 bb44992846d24d4a95418caed5772138] Successfully bumped revision number for resource 089f9e67-fe82-4600-8cd2-d4431de434f4 (type: ports) to 2
2026-06-15 20:21:22.370 9 INFO neutron.wsgi [req-0c463251-c014-478c-9626-629863df4928 req-8300a615-91d4-425f-8b3f-c570845ba610 e998b3f8a0ec4c11be1bd2fac2b8cdfd e3e4c5b439b843df911641c597c1e8b2 - - bb44992846d24d4a95418caed5772138 bb44992846d24d4a95418caed5772138] 199.19.213.125 "PUT /v2.0/ports/089f9e67-fe82-4600-8cd2-d4431de434f4 HTTP/1.1" status: 200 len: 1605 time: 0.7027643
2026-06-15 20:21:22.403 9 INFO neutron.notifiers.nova [-] Nova event matching ['req-9260611f-e93c-46a4-b0e1-ebaf3df8c68b'] response: {'name': 'network-changed', 'server_uuid': '8a105b46-18cb-485e-94a9-1bbc6fc818bd', 'tag': '089f9e67-fe82-4600-8cd2-d4431de434f4', 'status': 'completed', 'code': 200} /var/lib/openstack/lib/python3.10/site-packages/pycadf/identifier.py:71: UserWarning: Invalid uuid: neutron. To ensure interoperability, identifiers should be a valid uuid. warnings.warn(('Invalid uuid: %s. To ensure interoperability, '
2026-06-15 20:21:22.459 9 INFO neutron.wsgi [req-0c463251-c014-478c-9626-629863df4928 req-178b6d7e-8621-4303-a666-23fd344eedab e998b3f8a0ec4c11be1bd2fac2b8cdfd e3e4c5b439b843df911641c597c1e8b2 - - bb44992846d24d4a95418caed5772138 bb44992846d24d4a95418caed5772138] 199.19.213.125 "GET /v2.0/ports?tenant_id=ff953eb8fa8744029a526014db8e6272&device_id=8a105b46-18cb-485e-94a9-1bbc6fc818bd HTTP/1.1" status: 200 len: 4148 time: 0.0482256
2026-06-15 20:21:22.492 9 INFO neutron.wsgi [req-0c463251-c014-478c-9626-629863df4928 req-db325e03-2879-47f3-be46-8efb423b7e03 e998b3f8a0ec4c11be1bd2fac2b8cdfd e3e4c5b439b843df911641c597c1e8b2 - - bb44992846d24d4a95418caed5772138 bb44992846d24d4a95418caed5772138] 199.19.213.125 "GET /v2.0/floatingips?fixed_ip_address=172.24.0.186&port_id=42e633ca-7def-4042-b58c-5272b981fc52 HTTP/1.1" status: 200 len: 217 time: 0.0256064
2026-06-15 20:21:22.536 9 INFO neutron.wsgi [req-0c463251-c014-478c-9626-629863df4928 req-d75d9597-468e-479e-b1d6-642cf1a517df e998b3f8a0ec4c11be1bd2fac2b8cdfd e3e4c5b439b843df911641c597c1e8b2 - - bb44992846d24d4a95418caed5772138 bb44992846d24d4a95418caed5772138] 199.19.213.125 "GET /v2.0/subnets?id=26a6112b-e31e-4743-9edb-0888e1ef287c HTTP/1.1" status: 200 len: 829 time: 0.0387650
2026-06-15 20:21:22.566 9 INFO neutron.wsgi [req-0c463251-c014-478c-9626-629863df4928 req-f348bc1f-961d-49b0-b712-ff211f242bca e998b3f8a0ec4c11be1bd2fac2b8cdfd e3e4c5b439b843df911641c597c1e8b2 - - bb44992846d24d4a95418caed5772138 bb44992846d24d4a95418caed5772138] 199.19.213.125 "GET /v2.0/ports?network_id=ec4f6176-5271-4ac3-be59-35bfbad4a778&device_owner=network%3Adhcp HTTP/1.1" status: 200 len: 210 time: 0.0206020
2026-06-15 20:21:22.636 9 INFO neutron.wsgi [req-0c463251-c014-478c-9626-629863df4928 req-5dfa7c1c-184a-4ed3-b53a-7c08ae76d1e4 e998b3f8a0ec4c11be1bd2fac2b8cdfd e3e4c5b439b843df911641c597c1e8b2 - - bb44992846d24d4a95418caed5772138 bb44992846d24d4a95418caed5772138] 199.19.213.125 "GET /v2.0/networks/ec4f6176-5271-4ac3-be59-35bfbad4a778?fields=segments HTTP/1.1" status: 200 len: 212 time: 0.0630078
2026-06-15 20:21:22.710 9 INFO neutron.wsgi [req-0c463251-c014-478c-9626-629863df4928 req-7c769aa0-ba4c-4d81-8725-fb96f22dcf9b e998b3f8a0ec4c11be1bd2fac2b8cdfd e3e4c5b439b843df911641c597c1e8b2 - - bb44992846d24d4a95418caed5772138 bb44992846d24d4a95418caed5772138] 199.19.213.125 "GET /v2.0/networks/ec4f6176-5271-4ac3-be59-35bfbad4a778?fields=provider%3Aphysical_network&fields=provider%3Anetwork_type HTTP/1.1" status: 200 len: 277 time: 0.0684323
2026-06-15 20:21:22.741 9 INFO neutron.wsgi [req-0c463251-c014-478c-9626-629863df4928 req-ec9d11d2-41e6-43f6-bf53-8f0862e39c60 e998b3f8a0ec4c11be1bd2fac2b8cdfd e3e4c5b439b843df911641c597c1e8b2 - - bb44992846d24d4a95418caed5772138 bb44992846d24d4a95418caed5772138] 199.19.213.125 "GET /v2.0/floatingips?fixed_ip_address=10.1.1.15&port_id=87886def-de1a-4785-9a8b-dc677ad6ebf6 HTTP/1.1" status: 200 len: 217 time: 0.0249307
2026-06-15 20:21:22.781 9 INFO neutron.wsgi [req-0c463251-c014-478c-9626-629863df4928 req-0a5550f5-e53d-4881-975a-556b912e9562 e998b3f8a0ec4c11be1bd2fac2b8cdfd e3e4c5b439b843df911641c597c1e8b2 - - bb44992846d24d4a95418caed5772138 bb44992846d24d4a95418caed5772138] 199.19.213.125 "GET /v2.0/subnets?id=be9b3ddd-572f-433d-919c-5f24361699f9 HTTP/1.1" status: 200 len: 853 time: 0.0327842
2026-06-15 20:21:22.807 9 INFO neutron.wsgi [req-0c463251-c014-478c-9626-629863df4928 req-6754cd5a-77bc-4a15-a62e-7d357e464f75 e998b3f8a0ec4c11be1bd2fac2b8cdfd e3e4c5b439b843df911641c597c1e8b2 - - bb44992846d24d4a95418caed5772138 bb44992846d24d4a95418caed5772138] 199.19.213.125 "GET /v2.0/ports?network_id=4ce9c48e-b84b-450b-bb00-108701855a1e&device_owner=network%3Adhcp HTTP/1.1" status: 200 len: 210 time: 0.0212612
2026-06-15 20:21:22.885 9 INFO neutron.wsgi [req-0c463251-c014-478c-9626-629863df4928 req-546d9cd8-c78e-46da-8b3b-3129525b1a72 e998b3f8a0ec4c11be1bd2fac2b8cdfd e3e4c5b439b843df911641c597c1e8b2 - - bb44992846d24d4a95418caed5772138 bb44992846d24d4a95418caed5772138] 199.19.213.125 "GET /v2.0/networks/4ce9c48e-b84b-450b-bb00-108701855a1e?fields=segments HTTP/1.1" status: 200 len: 212 time: 0.0719016
2026-06-15 20:21:22.957 9 INFO neutron.wsgi [req-0c463251-c014-478c-9626-629863df4928 req-471c0c09-2da1-49b8-b53b-f7e86168599e e998b3f8a0ec4c11be1bd2fac2b8cdfd e3e4c5b439b843df911641c597c1e8b2 - - bb44992846d24d4a95418caed5772138 bb44992846d24d4a95418caed5772138] 199.19.213.125 "GET /v2.0/networks/4ce9c48e-b84b-450b-bb00-108701855a1e?fields=provider%3Aphysical_network&fields=provider%3Anetwork_type HTTP/1.1" status: 200 len: 277 time: 0.0661676
2026-06-15 20:21:22.991 9 INFO neutron.wsgi [req-0c463251-c014-478c-9626-629863df4928 req-297e84bc-0ebb-44d7-b4c8-7a007ab298c7 e998b3f8a0ec4c11be1bd2fac2b8cdfd e3e4c5b439b843df911641c597c1e8b2 - - bb44992846d24d4a95418caed5772138 bb44992846d24d4a95418caed5772138] 199.19.213.125 "GET /v2.0/floatingips?fixed_ip_address=10.2.1.206&port_id=089f9e67-fe82-4600-8cd2-d4431de434f4 HTTP/1.1" status: 200 len: 217 time: 0.0289764
2026-06-15 20:21:23.029 9 INFO neutron.wsgi [req-0c463251-c014-478c-9626-629863df4928 req-ea9f4bc0-e67c-4826-836c-76206ec68e5a e998b3f8a0ec4c11be1bd2fac2b8cdfd e3e4c5b439b843df911641c597c1e8b2 - - bb44992846d24d4a95418caed5772138 bb44992846d24d4a95418caed5772138] 199.19.213.125 "GET /v2.0/floatingips?fixed_ip_address=fd7b%3Af9f7%3Afff%3A4eca%3A%3A13e&port_id=089f9e67-fe82-4600-8cd2-d4431de434f4 HTTP/1.1" status: 200 len: 217 time: 0.0321743
2026-06-15 20:21:23.076 9 INFO neutron.wsgi [req-0c463251-c014-478c-9626-629863df4928 req-1c611a49-05cb-4f2a-a802-73438aeea6be e998b3f8a0ec4c11be1bd2fac2b8cdfd e3e4c5b439b843df911641c597c1e8b2 - - bb44992846d24d4a95418caed5772138 bb44992846d24d4a95418caed5772138] 199.19.213.125 "GET /v2.0/subnets?id=962d8f71-80d6-4e9b-84ce-75e4db672b1a&id=9f49872e-f551-4cd7-8839-678de4c4b43f HTTP/1.1" status: 200 len: 1561 time: 0.0393424
2026-06-15 20:21:23.112 9 INFO neutron.wsgi [req-0c463251-c014-478c-9626-629863df4928 req-4007e856-5a5c-4cca-9134-a6c9cd724868 e998b3f8a0ec4c11be1bd2fac2b8cdfd e3e4c5b439b843df911641c597c1e8b2 - - bb44992846d24d4a95418caed5772138 bb44992846d24d4a95418caed5772138] 199.19.213.125 "GET /v2.0/ports?network_id=477637c0-fac6-4343-b997-1d080d8d80c0&device_owner=network%3Adhcp HTTP/1.1" status: 200 len: 210 time: 0.0273907
2026-06-15 20:21:23.145 9 INFO neutron.wsgi [req-0c463251-c014-478c-9626-629863df4928 req-d8950db1-6fa4-4a95-bf46-8c217d646752 e998b3f8a0ec4c11be1bd2fac2b8cdfd e3e4c5b439b843df911641c597c1e8b2 - - bb44992846d24d4a95418caed5772138 bb44992846d24d4a95418caed5772138] 199.19.213.125 "GET /v2.0/ports?network_id=477637c0-fac6-4343-b997-1d080d8d80c0&device_owner=network%3Adhcp HTTP/1.1" status: 200 len: 210 time: 0.0261061
2026-06-15 20:21:23.234 9 INFO neutron.wsgi [req-0c463251-c014-478c-9626-629863df4928 req-5c943e64-bcbf-4be4-b2e8-e571524badf8 e998b3f8a0ec4c11be1bd2fac2b8cdfd e3e4c5b439b843df911641c597c1e8b2 - - bb44992846d24d4a95418caed5772138 bb44992846d24d4a95418caed5772138] 199.19.213.125 "GET /v2.0/networks/477637c0-fac6-4343-b997-1d080d8d80c0?fields=segments HTTP/1.1" status: 200 len: 212 time: 0.0823095
2026-06-15 20:21:23.312 9 INFO neutron.wsgi [req-0c463251-c014-478c-9626-629863df4928 req-281f9b7a-a789-4eab-abfe-bedfdab64f25 e998b3f8a0ec4c11be1bd2fac2b8cdfd e3e4c5b439b843df911641c597c1e8b2 - - bb44992846d24d4a95418caed5772138 bb44992846d24d4a95418caed5772138] 199.19.213.125 "GET /v2.0/networks/477637c0-fac6-4343-b997-1d080d8d80c0?fields=provider%3Aphysical_network&fields=provider%3Anetwork_type HTTP/1.1" status: 200 len: 277 time: 0.0704443
2026-06-15 20:21:23.419 9 INFO neutron.wsgi [req-d570ef33-479f-4484-8ab7-9dd2629f1003 req-a9df090d-b658-4a91-9341-2bf3b7787c7d e998b3f8a0ec4c11be1bd2fac2b8cdfd e3e4c5b439b843df911641c597c1e8b2 - - bb44992846d24d4a95418caed5772138 bb44992846d24d4a95418caed5772138] 199.19.213.125 "GET /v2.0/ports?tenant_id=ff953eb8fa8744029a526014db8e6272&device_id=8a105b46-18cb-485e-94a9-1bbc6fc818bd HTTP/1.1" status: 200 len: 4148 time: 0.0631559
2026-06-15 20:21:23.420 10 INFO neutron.plugins.ml2.drivers.ovn.mech_driver.mech_driver [None req-0d1ee76d-1634-4522-9c65-e7b936d81835 - - - - - -] OVN reports status up for port: 089f9e67-fe82-4600-8cd2-d4431de434f4
2026-06-15 20:21:23.436 10 INFO neutron.plugins.ml2.plugin [None req-0d1ee76d-1634-4522-9c65-e7b936d81835 - - - - - -] Attempt 1 to provision port 089f9e67-fe82-4600-8cd2-d4431de434f4
2026-06-15 20:21:23.510 9 INFO neutron.wsgi [req-d570ef33-479f-4484-8ab7-9dd2629f1003 req-222fb74f-dbc5-4bd6-b89b-d09880d443e0 e998b3f8a0ec4c11be1bd2fac2b8cdfd e3e4c5b439b843df911641c597c1e8b2 - - bb44992846d24d4a95418caed5772138 bb44992846d24d4a95418caed5772138] 199.19.213.125 "GET /v2.0/networks?id=477637c0-fac6-4343-b997-1d080d8d80c0 HTTP/1.1" status: 200 len: 1002 time: 0.0860217
2026-06-15 20:21:23.558 9 INFO neutron.wsgi [req-d570ef33-479f-4484-8ab7-9dd2629f1003 req-c09937b7-b9c9-4593-8f70-da03f3b7d54b e998b3f8a0ec4c11be1bd2fac2b8cdfd e3e4c5b439b843df911641c597c1e8b2 - - bb44992846d24d4a95418caed5772138 bb44992846d24d4a95418caed5772138] 199.19.213.125 "GET /v2.0/floatingips?fixed_ip_address=10.2.1.206&port_id=089f9e67-fe82-4600-8cd2-d4431de434f4 HTTP/1.1" status: 200 len: 217 time: 0.0374615
2026-06-15 20:21:23.580 10 INFO neutron.notifiers.nova [-] Nova event matching ['req-500ad701-032a-4680-ac02-8ddbcc686226'] response: {'server_uuid': '8a105b46-18cb-485e-94a9-1bbc6fc818bd', 'name': 'network-vif-plugged', 'status': 'completed', 'tag': '089f9e67-fe82-4600-8cd2-d4431de434f4', 'code': 200}
2026-06-15 20:21:23.606 9 INFO neutron.wsgi [req-d570ef33-479f-4484-8ab7-9dd2629f1003 req-5ee5929d-5d18-4131-928d-02a88f4003bd e998b3f8a0ec4c11be1bd2fac2b8cdfd e3e4c5b439b843df911641c597c1e8b2 - - bb44992846d24d4a95418caed5772138 bb44992846d24d4a95418caed5772138] 199.19.213.125 "GET /v2.0/floatingips?fixed_ip_address=fd7b%3Af9f7%3Afff%3A4eca%3A%3A13e&port_id=089f9e67-fe82-4600-8cd2-d4431de434f4 HTTP/1.1" status: 200 len: 217 time: 0.0418453
2026-06-15 20:21:23.642 9 INFO neutron.wsgi [req-0c463251-c014-478c-9626-629863df4928 req-e69eb904-4e07-4eb1-8a5f-a4a0be71cec2 c5566c77d8554827b04219e520158dcc ff953eb8fa8744029a526014db8e6272 - - default default] 10.0.0.73 "GET /v2.0/ports/089f9e67-fe82-4600-8cd2-d4431de434f4 HTTP/1.1" status: 200 len: 1635 time: 0.0663853
2026-06-15 20:21:23.672 9 INFO neutron.wsgi [req-d570ef33-479f-4484-8ab7-9dd2629f1003 req-dfc1dd27-6c94-41db-b96a-ce8907ebd92a e998b3f8a0ec4c11be1bd2fac2b8cdfd e3e4c5b439b843df911641c597c1e8b2 - - bb44992846d24d4a95418caed5772138 bb44992846d24d4a95418caed5772138] 199.19.213.125 "GET /v2.0/subnets?id=962d8f71-80d6-4e9b-84ce-75e4db672b1a&id=9f49872e-f551-4cd7-8839-678de4c4b43f HTTP/1.1" status: 200 len: 1561 time: 0.0591621
2026-06-15 20:21:23.718 9 INFO neutron.wsgi [req-d570ef33-479f-4484-8ab7-9dd2629f1003 req-d4036b56-9dd0-422f-8170-eaad36f1eaf5 e998b3f8a0ec4c11be1bd2fac2b8cdfd e3e4c5b439b843df911641c597c1e8b2 - - bb44992846d24d4a95418caed5772138 bb44992846d24d4a95418caed5772138] 199.19.213.125 "GET /v2.0/ports?network_id=477637c0-fac6-4343-b997-1d080d8d80c0&device_owner=network%3Adhcp HTTP/1.1" status: 200 len: 210 time: 0.0341475
2026-06-15 20:21:23.730 9 INFO neutron.wsgi [None req-9a85efc5-6c99-4e90-ac8f-59739595e6c7 c5566c77d8554827b04219e520158dcc ff953eb8fa8744029a526014db8e6272 - - default default] 199.19.213.125 "GET /v2.0/ports/089f9e67-fe82-4600-8cd2-d4431de434f4 HTTP/1.1" status: 200 len: 1635 time: 0.0780067
2026-06-15 20:21:23.762 9 INFO neutron.wsgi [req-d570ef33-479f-4484-8ab7-9dd2629f1003 req-9e942a32-56b7-49a4-a46f-7725bd49aa35 e998b3f8a0ec4c11be1bd2fac2b8cdfd e3e4c5b439b843df911641c597c1e8b2 - - bb44992846d24d4a95418caed5772138 bb44992846d24d4a95418caed5772138] 199.19.213.125 "GET /v2.0/ports?network_id=477637c0-fac6-4343-b997-1d080d8d80c0&device_owner=network%3Adhcp HTTP/1.1" status: 200 len: 210 time: 0.0305183
2026-06-15 20:21:23.770 10 INFO neutron.db.ovn_revision_numbers_db [None req-0d1ee76d-1634-4522-9c65-e7b936d81835 - - - - - -] Successfully bumped revision number for resource 089f9e67-fe82-4600-8cd2-d4431de434f4 (type: ports) to 4
2026-06-15 20:21:23.799 9 INFO neutron.wsgi [None req-9777270c-a80b-4687-a154-280604ab71c5 c5566c77d8554827b04219e520158dcc ff953eb8fa8744029a526014db8e6272 - - default default] 199.19.213.125 "GET /v2.0/ports/089f9e67-fe82-4600-8cd2-d4431de434f4 HTTP/1.1" status: 200 len: 1635 time: 0.0575824
2026-06-15 20:21:23.861 9 INFO neutron.wsgi [req-d570ef33-479f-4484-8ab7-9dd2629f1003 req-ce6729c2-fc32-4b04-b7c3-f01010e598ad e998b3f8a0ec4c11be1bd2fac2b8cdfd e3e4c5b439b843df911641c597c1e8b2 - - bb44992846d24d4a95418caed5772138 bb44992846d24d4a95418caed5772138] 199.19.213.125 "GET /v2.0/networks/477637c0-fac6-4343-b997-1d080d8d80c0?fields=segments HTTP/1.1" status: 200 len: 212 time: 0.0897279
2026-06-15 20:21:23.946 9 INFO neutron.wsgi [req-d570ef33-479f-4484-8ab7-9dd2629f1003 req-2d4bcc34-8bec-41e0-a6b0-2e89b4a65e4f e998b3f8a0ec4c11be1bd2fac2b8cdfd e3e4c5b439b843df911641c597c1e8b2 - - bb44992846d24d4a95418caed5772138 bb44992846d24d4a95418caed5772138] 199.19.213.125 "GET /v2.0/networks/477637c0-fac6-4343-b997-1d080d8d80c0?fields=provider%3Aphysical_network&fields=provider%3Anetwork_type HTTP/1.1" status: 200 len: 277 time: 0.0765483
2026-06-15 20:21:24.322 9 INFO neutron.db.ovn_revision_numbers_db [None req-6cde7837-6d98-4544-8f5f-c4e75e06fec6 c5566c77d8554827b04219e520158dcc ff953eb8fa8744029a526014db8e6272 - - default default] Successfully bumped revision number for resource 089f9e67-fe82-4600-8cd2-d4431de434f4 (type: ports) to 5
2026-06-15 20:21:24.335 9 INFO neutron.wsgi [None req-6cde7837-6d98-4544-8f5f-c4e75e06fec6 c5566c77d8554827b04219e520158dcc ff953eb8fa8744029a526014db8e6272 - - default default] 199.19.213.125 "PUT /v2.0/ports/089f9e67-fe82-4600-8cd2-d4431de434f4 HTTP/1.1" status: 200 len: 1378 time: 0.5270042 /var/lib/openstack/lib/python3.10/site-packages/pycadf/identifier.py:71: UserWarning: Invalid uuid: neutron. To ensure interoperability, identifiers should be a valid uuid. warnings.warn(('Invalid uuid: %s. To ensure interoperability, '
2026-06-15 20:21:24.397 9 INFO neutron.wsgi [None req-9f69747c-70ee-49a9-b3a3-2078bf6468f6 c5566c77d8554827b04219e520158dcc ff953eb8fa8744029a526014db8e6272 - - default default] 199.19.213.125 "GET /v2.0/networks/477637c0-fac6-4343-b997-1d080d8d80c0 HTTP/1.1" status: 200 len: 999 time: 0.0557654
2026-06-15 20:21:24.450 9 INFO neutron.wsgi [None req-1d9f2984-78f2-4e5b-b0a8-edfa4d5f8e0b c5566c77d8554827b04219e520158dcc ff953eb8fa8744029a526014db8e6272 - - default default] 199.19.213.125 "GET /v2.0/subnets/9f49872e-f551-4cd7-8839-678de4c4b43f HTTP/1.1" status: 200 len: 848 time: 0.0459170
2026-06-15 20:21:24.451 9 INFO neutron.notifiers.nova [-] Nova event matching ['req-b57e137a-88cb-47e4-bf2b-f0575f194b5a'] response: {'name': 'network-changed', 'server_uuid': '8a105b46-18cb-485e-94a9-1bbc6fc818bd', 'tag': '089f9e67-fe82-4600-8cd2-d4431de434f4', 'status': 'completed', 'code': 200}
2026-06-15 20:21:24.523 9 INFO neutron.wsgi [req-4dedfb12-7f80-40e9-b822-faefdef2e67f req-2975df4c-dbda-4aed-9554-f7421be5fbf6 e998b3f8a0ec4c11be1bd2fac2b8cdfd e3e4c5b439b843df911641c597c1e8b2 - - bb44992846d24d4a95418caed5772138 bb44992846d24d4a95418caed5772138] 199.19.213.125 "GET /v2.0/ports?tenant_id=ff953eb8fa8744029a526014db8e6272&device_id=8a105b46-18cb-485e-94a9-1bbc6fc818bd HTTP/1.1" status: 200 len: 3921 time: 0.0524590
2026-06-15 20:21:24.559 9 INFO neutron.wsgi [None req-502767f5-4029-4f09-a525-044491372482 c5566c77d8554827b04219e520158dcc ff953eb8fa8744029a526014db8e6272 - - default default] 199.19.213.125 "GET /v2.0/extensions/security-group HTTP/1.1" status: 200 len: 369 time: 0.0055916
2026-06-15 20:21:24.573 9 INFO neutron.wsgi [None req-e50ff023-b0b8-474c-ab7f-9457b93d1d7a c5566c77d8554827b04219e520158dcc ff953eb8fa8744029a526014db8e6272 - - default default] 199.19.213.125 "GET /v2.0/extensions/dns-integration HTTP/1.1" status: 200 len: 371 time: 0.0056846
2026-06-15 20:21:24.584 9 INFO neutron.wsgi [None req-8169efb9-3203-4d0d-9416-98568f1764a7 c5566c77d8554827b04219e520158dcc ff953eb8fa8744029a526014db8e6272 - - default default] 199.19.213.125 "GET /v2.0/extensions/qos HTTP/1.1" status: 200 len: 365 time: 0.0052812
2026-06-15 20:21:24.593 9 INFO neutron.wsgi [None req-9093daed-2b05-4fcd-bba5-2bcda97f85cb c5566c77d8554827b04219e520158dcc ff953eb8fa8744029a526014db8e6272 - - default default] 199.19.213.125 "GET /v2.0/extensions/allowed-address-pairs HTTP/1.1" status: 200 len: 383 time: 0.0037394
2026-06-15 20:21:24.883 9 INFO neutron.wsgi [req-4dedfb12-7f80-40e9-b822-faefdef2e67f req-e47e8770-71e6-4b7f-9cb4-8e28496cc436 e998b3f8a0ec4c11be1bd2fac2b8cdfd e3e4c5b439b843df911641c597c1e8b2 - - bb44992846d24d4a95418caed5772138 bb44992846d24d4a95418caed5772138] 199.19.213.125 "GET /v2.0/networks?id=477637c0-fac6-4343-b997-1d080d8d80c0 HTTP/1.1" status: 200 len: 1002 time: 0.3528843
2026-06-15 20:21:24.892 9 INFO neutron.wsgi [None req-43d4a618-6ee3-45a6-9b6e-a9049090e473 c5566c77d8554827b04219e520158dcc ff953eb8fa8744029a526014db8e6272 - - default default] 199.19.213.125 "GET /v2.0/subnets/be9b3ddd-572f-433d-919c-5f24361699f9 HTTP/1.1" status: 200 len: 850 time: 0.2933998
2026-06-15 20:21:24.916 9 INFO neutron.wsgi [req-4dedfb12-7f80-40e9-b822-faefdef2e67f req-0643d3b4-17d2-4e56-a817-24b699f16f37 e998b3f8a0ec4c11be1bd2fac2b8cdfd e3e4c5b439b843df911641c597c1e8b2 - - bb44992846d24d4a95418caed5772138 bb44992846d24d4a95418caed5772138] 199.19.213.125 "GET /v2.0/floatingips?fixed_ip_address=10.2.1.206&port_id=089f9e67-fe82-4600-8cd2-d4431de434f4 HTTP/1.1" status: 200 len: 217 time: 0.0229833
2026-06-15 20:21:24.954 9 INFO neutron.wsgi [None req-f99a5813-f56c-4b53-a6e4-7dd854515efa c5566c77d8554827b04219e520158dcc ff953eb8fa8744029a526014db8e6272 - - default default] 199.19.213.125 "GET /v2.0/ports/91aba8f0-99d3-4390-89b8-d6fe40473da4 HTTP/1.1" status: 200 len: 1336 time: 0.0443780
2026-06-15 20:21:24.965 9 INFO neutron.wsgi [req-4dedfb12-7f80-40e9-b822-faefdef2e67f req-756879d9-7da8-4bb9-a666-4d7435a9bc15 e998b3f8a0ec4c11be1bd2fac2b8cdfd e3e4c5b439b843df911641c597c1e8b2 - - bb44992846d24d4a95418caed5772138 bb44992846d24d4a95418caed5772138] 199.19.213.125 "GET /v2.0/subnets?id=9f49872e-f551-4cd7-8839-678de4c4b43f HTTP/1.1" status: 200 len: 851 time: 0.0391955
2026-06-15 20:21:25.014 9 INFO neutron.wsgi [req-4dedfb12-7f80-40e9-b822-faefdef2e67f req-bf4a3dda-50db-4099-b706-59bde992ab5d e998b3f8a0ec4c11be1bd2fac2b8cdfd e3e4c5b439b843df911641c597c1e8b2 - - bb44992846d24d4a95418caed5772138 bb44992846d24d4a95418caed5772138] 199.19.213.125 "GET /v2.0/ports?network_id=477637c0-fac6-4343-b997-1d080d8d80c0&device_owner=network%3Adhcp HTTP/1.1" status: 200 len: 210 time: 0.0424910
2026-06-15 20:21:25.031 9 INFO neutron.wsgi [None req-54b5488f-1e89-41da-8157-053c39010bf6 c5566c77d8554827b04219e520158dcc ff953eb8fa8744029a526014db8e6272 - - default default] 199.19.213.125 "GET /v2.0/ports/87886def-de1a-4785-9a8b-dc677ad6ebf6 HTTP/1.1" status: 200 len: 1514 time: 0.0701146
2026-06-15 20:21:25.122 9 INFO neutron.wsgi [None req-c8b5ca6e-2207-475f-8e15-64e102617216 c5566c77d8554827b04219e520158dcc ff953eb8fa8744029a526014db8e6272 - - default default] 199.19.213.125 "GET /v2.0/subnets/be9b3ddd-572f-433d-919c-5f24361699f9 HTTP/1.1" status: 200 len: 850 time: 0.0817072
2026-06-15 20:21:25.165 9 INFO neutron.wsgi [req-4dedfb12-7f80-40e9-b822-faefdef2e67f req-e3a3dcfe-0f9a-4686-b7e5-7a9b333a2f3c e998b3f8a0ec4c11be1bd2fac2b8cdfd e3e4c5b439b843df911641c597c1e8b2 - - bb44992846d24d4a95418caed5772138 bb44992846d24d4a95418caed5772138] 199.19.213.125 "GET /v2.0/networks/477637c0-fac6-4343-b997-1d080d8d80c0?fields=segments HTTP/1.1" status: 200 len: 212 time: 0.1430266
2026-06-15 20:21:25.248 9 INFO neutron.wsgi [None req-ed237240-d567-42e8-816a-51023346be6e c5566c77d8554827b04219e520158dcc ff953eb8fa8744029a526014db8e6272 - - default default] 199.19.213.125 "GET /v2.0/networks/4ce9c48e-b84b-450b-bb00-108701855a1e HTTP/1.1" status: 200 len: 1001 time: 0.1202438
2026-06-15 20:21:25.289 9 INFO neutron.wsgi [req-4dedfb12-7f80-40e9-b822-faefdef2e67f req-27c2d2fc-1a08-494f-9c5a-1df256aec13e e998b3f8a0ec4c11be1bd2fac2b8cdfd e3e4c5b439b843df911641c597c1e8b2 - - bb44992846d24d4a95418caed5772138 bb44992846d24d4a95418caed5772138] 199.19.213.125 "GET /v2.0/networks/477637c0-fac6-4343-b997-1d080d8d80c0?fields=provider%3Aphysical_network&fields=provider%3Anetwork_type HTTP/1.1" status: 200 len: 277 time: 0.1100719
2026-06-15 20:21:25.306 9 INFO neutron.wsgi [None req-512572d1-164a-4f93-b30c-a6f7852c48b4 c5566c77d8554827b04219e520158dcc ff953eb8fa8744029a526014db8e6272 - - default default] 199.19.213.125 "GET /v2.0/ports/91aba8f0-99d3-4390-89b8-d6fe40473da4 HTTP/1.1" status: 200 len: 1336 time: 0.0435886
2026-06-15 20:21:25.354 9 INFO neutron.wsgi [None req-f6a45202-5e5f-433b-a790-5f31cab7d571 c5566c77d8554827b04219e520158dcc ff953eb8fa8744029a526014db8e6272 - - default default] 199.19.213.125 "GET /v2.0/subnets/be9b3ddd-572f-433d-919c-5f24361699f9 HTTP/1.1" status: 200 len: 850 time: 0.0401020
2026-06-15 20:21:25.637 10 INFO neutron.notifiers.nova [-] Nova event matching ['req-8ac4d636-2865-4523-a9c6-6b7a8e30628d'] response: {'server_uuid': '8a105b46-18cb-485e-94a9-1bbc6fc818bd', 'name': 'network-vif-plugged', 'status': 'completed', 'tag': '089f9e67-fe82-4600-8cd2-d4431de434f4', 'code': 200}
2026-06-15 20:21:31.182 10 INFO neutron.wsgi [-] 10.0.0.12 "GET / HTTP/1.1" status: 200 len: 246 time: 0.0023615
2026-06-15 20:21:31.183 9 INFO neutron.wsgi [-] 10.0.0.12 "GET / HTTP/1.1" status: 200 len: 246 time: 0.0037630 /var/lib/openstack/lib/python3.10/site-packages/pycadf/identifier.py:71: UserWarning: Invalid uuid: neutron. To ensure interoperability, identifiers should be a valid uuid. warnings.warn(('Invalid uuid: %s. To ensure interoperability, '
2026-06-15 20:21:34.191 10 INFO neutron.wsgi [None req-ee16b824-4a44-4b42-b944-1372f6b8300a c5566c77d8554827b04219e520158dcc ff953eb8fa8744029a526014db8e6272 - - default default] 10.0.0.204 "GET /v2.0/extensions/security-group HTTP/1.1" status: 200 len: 369 time: 0.0109732
2026-06-15 20:21:34.206 10 INFO neutron.wsgi [None req-2b5e3be5-82f5-4b78-9b3c-d511c77448cc c5566c77d8554827b04219e520158dcc ff953eb8fa8744029a526014db8e6272 - - default default] 10.0.0.204 "GET /v2.0/extensions/dns-integration HTTP/1.1" status: 200 len: 371 time: 0.0079873
2026-06-15 20:21:34.219 10 INFO neutron.wsgi [None req-1b777065-8f02-47a2-ba64-adb0db02c7bb c5566c77d8554827b04219e520158dcc ff953eb8fa8744029a526014db8e6272 - - default default] 10.0.0.204 "GET /v2.0/extensions/qos HTTP/1.1" status: 200 len: 365 time: 0.0053763
2026-06-15 20:21:34.233 10 INFO neutron.wsgi [None req-e57b9f2e-91ed-4869-b987-cc4cd5539042 c5566c77d8554827b04219e520158dcc ff953eb8fa8744029a526014db8e6272 - - default default] 10.0.0.204 "GET /v2.0/extensions/allowed-address-pairs HTTP/1.1" status: 200 len: 383 time: 0.0049424
2026-06-15 20:21:34.566 9 INFO neutron.wsgi [-] 10.0.0.204 "GET / HTTP/1.1" status: 200 len: 284 time: 0.0018668
2026-06-15 20:21:34.623 9 INFO neutron.wsgi [None req-d6cf8ec3-58fc-4412-b4cc-ebd8e7a994d0 58e82c4bd08f4f43a103750a403e5ed4 4ad658d67ccc45de83b43f7cd5a00482 - - default default] 10.0.0.204 "GET /v2.0/subnets/50f19fbe-7719-4170-bcd3-7c33d5d057b8 HTTP/1.1" status: 200 len: 829 time: 0.0396516
2026-06-15 20:21:35.501 9 INFO neutron.wsgi [None req-4dac95bd-e515-4807-aa92-5b2ef238464d c5566c77d8554827b04219e520158dcc ff953eb8fa8744029a526014db8e6272 - - default default] 199.19.213.125 "GET /v2.0/extensions/security-group HTTP/1.1" status: 200 len: 369 time: 0.0070219
2026-06-15 20:21:35.517 9 INFO neutron.wsgi [None req-30710797-1c8e-4fab-a265-c318c3eb9e9d c5566c77d8554827b04219e520158dcc ff953eb8fa8744029a526014db8e6272 - - default default] 199.19.213.125 "GET /v2.0/extensions/dns-integration HTTP/1.1" status: 200 len: 371 time: 0.0082242
2026-06-15 20:21:35.528 9 INFO neutron.wsgi [None req-822a0671-a88b-452d-8ecd-357c9f984042 c5566c77d8554827b04219e520158dcc ff953eb8fa8744029a526014db8e6272 - - default default] 199.19.213.125 "GET /v2.0/extensions/qos HTTP/1.1" status: 200 len: 365 time: 0.0054173
2026-06-15 20:21:35.538 9 INFO neutron.wsgi [None req-f7bf0682-778a-4e71-a98a-60c94e7df435 c5566c77d8554827b04219e520158dcc ff953eb8fa8744029a526014db8e6272 - - default default] 199.19.213.125 "GET /v2.0/extensions/allowed-address-pairs HTTP/1.1" status: 200 len: 383 time: 0.0051291
2026-06-15 20:21:35.577 9 INFO neutron.wsgi [None req-fd5a298a-a6ff-4e94-80d8-8a8f37166178 c5566c77d8554827b04219e520158dcc ff953eb8fa8744029a526014db8e6272 - - default default] 199.19.213.125 "GET /v2.0/subnets/9f49872e-f551-4cd7-8839-678de4c4b43f HTTP/1.1" status: 200 len: 848 time: 0.0350268
2026-06-15 20:21:35.612 9 INFO neutron.wsgi [None req-dccc5202-b87d-4362-92d9-32505204a728 c5566c77d8554827b04219e520158dcc ff953eb8fa8744029a526014db8e6272 - - default default] 199.19.213.125 "GET /v2.0/subnets/50f19fbe-7719-4170-bcd3-7c33d5d057b8 HTTP/1.1" status: 200 len: 847 time: 0.0289741
2026-06-15 20:21:35.664 9 INFO neutron.wsgi [None req-f5eeeae6-5bbc-4b77-a7a9-8469e1fd3dd5 c5566c77d8554827b04219e520158dcc ff953eb8fa8744029a526014db8e6272 - - default default] 199.19.213.125 "GET /v2.0/ports?device_id=8a105b46-18cb-485e-94a9-1bbc6fc818bd HTTP/1.1" status: 200 len: 3921 time: 0.0447924
2026-06-15 20:21:35.828 9 INFO neutron.wsgi [None req-a27b4547-1252-4a7e-ae03-62f7a07c8cdb c5566c77d8554827b04219e520158dcc ff953eb8fa8744029a526014db8e6272 - - default default] 199.19.213.125 "GET /v2.0/extensions/security-group HTTP/1.1" status: 200 len: 369 time: 0.0078747
2026-06-15 20:21:35.840 9 INFO neutron.wsgi [None req-a2f49640-2af6-4904-86c7-7f44279a494d c5566c77d8554827b04219e520158dcc ff953eb8fa8744029a526014db8e6272 - - default default] 199.19.213.125 "GET /v2.0/extensions/dns-integration HTTP/1.1" status: 200 len: 371 time: 0.0050552
2026-06-15 20:21:35.849 9 INFO neutron.wsgi [None req-8190635f-f715-485c-bea1-9bdd95ed5760 c5566c77d8554827b04219e520158dcc ff953eb8fa8744029a526014db8e6272 - - default default] 199.19.213.125 "GET /v2.0/extensions/qos HTTP/1.1" status: 200 len: 365 time: 0.0053778
2026-06-15 20:21:35.859 9 INFO neutron.wsgi [None req-279550fe-5a0e-4b4e-8d39-28e098f7055d c5566c77d8554827b04219e520158dcc ff953eb8fa8744029a526014db8e6272 - - default default] 199.19.213.125 "GET /v2.0/extensions/allowed-address-pairs HTTP/1.1" status: 200 len: 383 time: 0.0050900
2026-06-15 20:21:36.039 9 INFO neutron.wsgi [req-ec689482-b78c-4449-941a-c72b65649dea req-8b9ae238-eb03-4d07-ad52-5d709366d92d e998b3f8a0ec4c11be1bd2fac2b8cdfd e3e4c5b439b843df911641c597c1e8b2 - - bb44992846d24d4a95418caed5772138 bb44992846d24d4a95418caed5772138] 199.19.213.125 "GET /v2.0/networks/4923c1b7-9335-46e3-90e6-779edea009f4?fields=segments HTTP/1.1" status: 200 len: 212 time: 0.0688963
2026-06-15 20:21:36.135 9 INFO neutron.wsgi [req-ec689482-b78c-4449-941a-c72b65649dea req-96b144c3-170d-4cfe-8cbc-703b8e26727a e998b3f8a0ec4c11be1bd2fac2b8cdfd e3e4c5b439b843df911641c597c1e8b2 - - bb44992846d24d4a95418caed5772138 bb44992846d24d4a95418caed5772138] 199.19.213.125 "GET /v2.0/networks/4923c1b7-9335-46e3-90e6-779edea009f4?fields=provider%3Aphysical_network&fields=provider%3Anetwork_type HTTP/1.1" status: 200 len: 277 time: 0.0882063
2026-06-15 20:21:36.267 9 INFO neutron.wsgi [req-ec689482-b78c-4449-941a-c72b65649dea req-bbc68674-bc36-47e1-9177-bb8941055f6f c5566c77d8554827b04219e520158dcc ff953eb8fa8744029a526014db8e6272 - - default default] 199.19.213.125 "GET /v2.0/networks?id=4923c1b7-9335-46e3-90e6-779edea009f4 HTTP/1.1" status: 200 len: 1003 time: 0.1104648
2026-06-15 20:21:36.563 9 WARNING neutron.scheduler.dhcp_agent_scheduler [req-ec689482-b78c-4449-941a-c72b65649dea req-3032d248-207d-4add-9dde-7752cdbda287 c5566c77d8554827b04219e520158dcc ff953eb8fa8744029a526014db8e6272 - - default default] No more DHCP agents
2026-06-15 20:21:36.567 9 WARNING neutron.api.rpc.agentnotifiers.dhcp_rpc_agent_api [req-ec689482-b78c-4449-941a-c72b65649dea req-3032d248-207d-4add-9dde-7752cdbda287 c5566c77d8554827b04219e520158dcc ff953eb8fa8744029a526014db8e6272 - - default default] Unable to schedule network 4923c1b7-9335-46e3-90e6-779edea009f4: no agents available; will retry on subsequent port and subnet creation events.
2026-06-15 20:21:36.795 9 INFO neutron.db.ovn_revision_numbers_db [req-ec689482-b78c-4449-941a-c72b65649dea req-3032d248-207d-4add-9dde-7752cdbda287 c5566c77d8554827b04219e520158dcc ff953eb8fa8744029a526014db8e6272 - - default default] Successfully bumped revision number for resource 0b01ec10-ab05-423e-9219-21e3594d6dd4 (type: ports) to 1
2026-06-15 20:21:36.840 9 INFO neutron.wsgi [req-ec689482-b78c-4449-941a-c72b65649dea req-3032d248-207d-4add-9dde-7752cdbda287 c5566c77d8554827b04219e520158dcc ff953eb8fa8744029a526014db8e6272 - - default default] 199.19.213.125 "POST /v2.0/ports HTTP/1.1" status: 201 len: 1508 time: 0.5656202 /var/lib/openstack/lib/python3.10/site-packages/pycadf/identifier.py:71: UserWarning: Invalid uuid: neutron. To ensure interoperability, identifiers should be a valid uuid. warnings.warn(('Invalid uuid: %s. To ensure interoperability, '
2026-06-15 20:21:37.358 9 INFO neutron.db.ovn_revision_numbers_db [req-ec689482-b78c-4449-941a-c72b65649dea req-8910f235-c40c-4ccf-ae49-9fafc312e415 e998b3f8a0ec4c11be1bd2fac2b8cdfd e3e4c5b439b843df911641c597c1e8b2 - - bb44992846d24d4a95418caed5772138 bb44992846d24d4a95418caed5772138] Successfully bumped revision number for resource 0b01ec10-ab05-423e-9219-21e3594d6dd4 (type: ports) to 2
2026-06-15 20:21:37.636 9 INFO neutron.db.ovn_revision_numbers_db [req-ec689482-b78c-4449-941a-c72b65649dea req-8910f235-c40c-4ccf-ae49-9fafc312e415 e998b3f8a0ec4c11be1bd2fac2b8cdfd e3e4c5b439b843df911641c597c1e8b2 - - bb44992846d24d4a95418caed5772138 bb44992846d24d4a95418caed5772138] Successfully bumped revision number for resource 0b01ec10-ab05-423e-9219-21e3594d6dd4 (type: ports) to 2
2026-06-15 20:21:37.658 9 INFO neutron.wsgi [req-ec689482-b78c-4449-941a-c72b65649dea req-8910f235-c40c-4ccf-ae49-9fafc312e415 e998b3f8a0ec4c11be1bd2fac2b8cdfd e3e4c5b439b843df911641c597c1e8b2 - - bb44992846d24d4a95418caed5772138 bb44992846d24d4a95418caed5772138] 199.19.213.125 "PUT /v2.0/ports/0b01ec10-ab05-423e-9219-21e3594d6dd4 HTTP/1.1" status: 200 len: 1605 time: 0.8121500
2026-06-15 20:21:37.720 9 INFO neutron.notifiers.nova [-] Nova event matching ['req-fb6409b8-747e-431b-a549-63bd0fe3d2e9'] response: {'name': 'network-changed', 'server_uuid': '8a105b46-18cb-485e-94a9-1bbc6fc818bd', 'tag': '0b01ec10-ab05-423e-9219-21e3594d6dd4', 'status': 'completed', 'code': 200} /var/lib/openstack/lib/python3.10/site-packages/pycadf/identifier.py:71: UserWarning: Invalid uuid: neutron. To ensure interoperability, identifiers should be a valid uuid. warnings.warn(('Invalid uuid: %s. To ensure interoperability, '
2026-06-15 20:21:37.782 9 INFO neutron.wsgi [req-ec689482-b78c-4449-941a-c72b65649dea req-f4dc2c5a-11af-4380-a97c-03d5866b25ba e998b3f8a0ec4c11be1bd2fac2b8cdfd e3e4c5b439b843df911641c597c1e8b2 - - bb44992846d24d4a95418caed5772138 bb44992846d24d4a95418caed5772138] 199.19.213.125 "GET /v2.0/ports?tenant_id=ff953eb8fa8744029a526014db8e6272&device_id=8a105b46-18cb-485e-94a9-1bbc6fc818bd HTTP/1.1" status: 200 len: 5346 time: 0.0568540
2026-06-15 20:21:37.827 9 INFO neutron.wsgi [req-ec689482-b78c-4449-941a-c72b65649dea req-edcd1353-8fd0-40b5-9989-d2616b40d69f e998b3f8a0ec4c11be1bd2fac2b8cdfd e3e4c5b439b843df911641c597c1e8b2 - - bb44992846d24d4a95418caed5772138 bb44992846d24d4a95418caed5772138] 199.19.213.125 "GET /v2.0/floatingips?fixed_ip_address=172.24.0.186&port_id=42e633ca-7def-4042-b58c-5272b981fc52 HTTP/1.1" status: 200 len: 217 time: 0.0337534
2026-06-15 20:21:37.871 9 INFO neutron.wsgi [req-ec689482-b78c-4449-941a-c72b65649dea req-aa8c8986-f18b-4a8b-ac46-0605517fcc82 e998b3f8a0ec4c11be1bd2fac2b8cdfd e3e4c5b439b843df911641c597c1e8b2 - - bb44992846d24d4a95418caed5772138 bb44992846d24d4a95418caed5772138] 199.19.213.125 "GET /v2.0/subnets?id=26a6112b-e31e-4743-9edb-0888e1ef287c HTTP/1.1" status: 200 len: 829 time: 0.0379548
2026-06-15 20:21:37.904 9 INFO neutron.wsgi [req-ec689482-b78c-4449-941a-c72b65649dea req-0f5641a0-9c2f-46c4-bd33-777bc717ee99 e998b3f8a0ec4c11be1bd2fac2b8cdfd e3e4c5b439b843df911641c597c1e8b2 - - bb44992846d24d4a95418caed5772138 bb44992846d24d4a95418caed5772138] 199.19.213.125 "GET /v2.0/ports?network_id=ec4f6176-5271-4ac3-be59-35bfbad4a778&device_owner=network%3Adhcp HTTP/1.1" status: 200 len: 210 time: 0.0271416
2026-06-15 20:21:37.974 9 INFO neutron.wsgi [req-ec689482-b78c-4449-941a-c72b65649dea req-ff5aefde-8bc8-49ce-af78-9d35b4decf6c e998b3f8a0ec4c11be1bd2fac2b8cdfd e3e4c5b439b843df911641c597c1e8b2 - - bb44992846d24d4a95418caed5772138 bb44992846d24d4a95418caed5772138] 199.19.213.125 "GET /v2.0/networks/ec4f6176-5271-4ac3-be59-35bfbad4a778?fields=segments HTTP/1.1" status: 200 len: 212 time: 0.0634511
2026-06-15 20:21:38.054 9 INFO neutron.wsgi [req-ec689482-b78c-4449-941a-c72b65649dea req-47c515a8-668e-48a8-9527-7939c2459455 e998b3f8a0ec4c11be1bd2fac2b8cdfd e3e4c5b439b843df911641c597c1e8b2 - - bb44992846d24d4a95418caed5772138 bb44992846d24d4a95418caed5772138] 199.19.213.125 "GET /v2.0/networks/ec4f6176-5271-4ac3-be59-35bfbad4a778?fields=provider%3Aphysical_network&fields=provider%3Anetwork_type HTTP/1.1" status: 200 len: 277 time: 0.0725560
2026-06-15 20:21:38.083 9 INFO neutron.wsgi [req-ec689482-b78c-4449-941a-c72b65649dea req-3b8b8e6b-3271-4cfe-9543-aef5f6a61506 e998b3f8a0ec4c11be1bd2fac2b8cdfd e3e4c5b439b843df911641c597c1e8b2 - - bb44992846d24d4a95418caed5772138 bb44992846d24d4a95418caed5772138] 199.19.213.125 "GET /v2.0/floatingips?fixed_ip_address=10.1.1.15&port_id=87886def-de1a-4785-9a8b-dc677ad6ebf6 HTTP/1.1" status: 200 len: 217 time: 0.0236344
2026-06-15 20:21:38.138 9 INFO neutron.wsgi [req-ec689482-b78c-4449-941a-c72b65649dea req-746d9896-716c-4b66-87d2-9b95d3b188d1 e998b3f8a0ec4c11be1bd2fac2b8cdfd e3e4c5b439b843df911641c597c1e8b2 - - bb44992846d24d4a95418caed5772138 bb44992846d24d4a95418caed5772138] 199.19.213.125 "GET /v2.0/subnets?id=be9b3ddd-572f-433d-919c-5f24361699f9 HTTP/1.1" status: 200 len: 853 time: 0.0441318
2026-06-15 20:21:38.171 9 INFO neutron.wsgi [req-ec689482-b78c-4449-941a-c72b65649dea req-ffc8928c-8dc8-4103-bd4f-13d878fd2298 e998b3f8a0ec4c11be1bd2fac2b8cdfd e3e4c5b439b843df911641c597c1e8b2 - - bb44992846d24d4a95418caed5772138 bb44992846d24d4a95418caed5772138] 199.19.213.125 "GET /v2.0/ports?network_id=4ce9c48e-b84b-450b-bb00-108701855a1e&device_owner=network%3Adhcp HTTP/1.1" status: 200 len: 210 time: 0.0252149
2026-06-15 20:21:38.261 9 INFO neutron.wsgi [req-ec689482-b78c-4449-941a-c72b65649dea req-6fb3cef8-2150-4dc8-aa97-7de27c2a5a05 e998b3f8a0ec4c11be1bd2fac2b8cdfd e3e4c5b439b843df911641c597c1e8b2 - - bb44992846d24d4a95418caed5772138 bb44992846d24d4a95418caed5772138] 199.19.213.125 "GET /v2.0/networks/4ce9c48e-b84b-450b-bb00-108701855a1e?fields=segments HTTP/1.1" status: 200 len: 212 time: 0.0797551
2026-06-15 20:21:38.332 9 INFO neutron.wsgi [req-ec689482-b78c-4449-941a-c72b65649dea req-915846ca-feec-4e70-bcc2-0cb3b68d3c91 e998b3f8a0ec4c11be1bd2fac2b8cdfd e3e4c5b439b843df911641c597c1e8b2 - - bb44992846d24d4a95418caed5772138 bb44992846d24d4a95418caed5772138] 199.19.213.125 "GET /v2.0/networks/4ce9c48e-b84b-450b-bb00-108701855a1e?fields=provider%3Aphysical_network&fields=provider%3Anetwork_type HTTP/1.1" status: 200 len: 277 time: 0.0651810
2026-06-15 20:21:38.364 9 INFO neutron.wsgi [req-ec689482-b78c-4449-941a-c72b65649dea req-81ec0d74-cb30-4c25-9b86-ec5ff43941aa e998b3f8a0ec4c11be1bd2fac2b8cdfd e3e4c5b439b843df911641c597c1e8b2 - - bb44992846d24d4a95418caed5772138 bb44992846d24d4a95418caed5772138] 199.19.213.125 "GET /v2.0/floatingips?fixed_ip_address=10.2.1.206&port_id=089f9e67-fe82-4600-8cd2-d4431de434f4 HTTP/1.1" status: 200 len: 217 time: 0.0250845
2026-06-15 20:21:38.404 9 INFO neutron.wsgi [req-ec689482-b78c-4449-941a-c72b65649dea req-0edaba0d-babe-467f-bbcc-4fbe6b85dac2 e998b3f8a0ec4c11be1bd2fac2b8cdfd e3e4c5b439b843df911641c597c1e8b2 - - bb44992846d24d4a95418caed5772138 bb44992846d24d4a95418caed5772138] 199.19.213.125 "GET /v2.0/subnets?id=9f49872e-f551-4cd7-8839-678de4c4b43f HTTP/1.1" status: 200 len: 851 time: 0.0347359
2026-06-15 20:21:38.434 9 INFO neutron.wsgi [req-ec689482-b78c-4449-941a-c72b65649dea req-27439949-4616-465b-b780-8f782d802e32 e998b3f8a0ec4c11be1bd2fac2b8cdfd e3e4c5b439b843df911641c597c1e8b2 - - bb44992846d24d4a95418caed5772138 bb44992846d24d4a95418caed5772138] 199.19.213.125 "GET /v2.0/ports?network_id=477637c0-fac6-4343-b997-1d080d8d80c0&device_owner=network%3Adhcp HTTP/1.1" status: 200 len: 210 time: 0.0200799
2026-06-15 20:21:38.515 9 INFO neutron.wsgi [req-ec689482-b78c-4449-941a-c72b65649dea req-1a216c46-0a08-4af3-8b01-a86b92a607bb e998b3f8a0ec4c11be1bd2fac2b8cdfd e3e4c5b439b843df911641c597c1e8b2 - - bb44992846d24d4a95418caed5772138 bb44992846d24d4a95418caed5772138] 199.19.213.125 "GET /v2.0/networks/477637c0-fac6-4343-b997-1d080d8d80c0?fields=segments HTTP/1.1" status: 200 len: 212 time: 0.0681140
2026-06-15 20:21:38.581 9 INFO neutron.wsgi [req-ec689482-b78c-4449-941a-c72b65649dea req-3ab24864-bb16-4d52-9b2f-6558fa350997 e998b3f8a0ec4c11be1bd2fac2b8cdfd e3e4c5b439b843df911641c597c1e8b2 - - bb44992846d24d4a95418caed5772138 bb44992846d24d4a95418caed5772138] 199.19.213.125 "GET /v2.0/networks/477637c0-fac6-4343-b997-1d080d8d80c0?fields=provider%3Aphysical_network&fields=provider%3Anetwork_type HTTP/1.1" status: 200 len: 277 time: 0.0583038
2026-06-15 20:21:38.618 9 INFO neutron.wsgi [req-ec689482-b78c-4449-941a-c72b65649dea req-4a8a1447-2ee3-4304-937b-f9af47612757 e998b3f8a0ec4c11be1bd2fac2b8cdfd e3e4c5b439b843df911641c597c1e8b2 - - bb44992846d24d4a95418caed5772138 bb44992846d24d4a95418caed5772138] 199.19.213.125 "GET /v2.0/floatingips?fixed_ip_address=10.2.2.238&port_id=0b01ec10-ab05-423e-9219-21e3594d6dd4 HTTP/1.1" status: 200 len: 217 time: 0.0277128
2026-06-15 20:21:38.654 9 INFO neutron.wsgi [req-ec689482-b78c-4449-941a-c72b65649dea req-2c4bbd05-b28a-4c85-aebb-3672dc7dcbf3 e998b3f8a0ec4c11be1bd2fac2b8cdfd e3e4c5b439b843df911641c597c1e8b2 - - bb44992846d24d4a95418caed5772138 bb44992846d24d4a95418caed5772138] 199.19.213.125 "GET /v2.0/floatingips?fixed_ip_address=fd77%3A1457%3A4cf0%3A26a8%3A%3A62&port_id=0b01ec10-ab05-423e-9219-21e3594d6dd4 HTTP/1.1" status: 200 len: 217 time: 0.0293596
2026-06-15 20:21:38.673 10 INFO neutron.wsgi [None req-03dbaaea-b0fe-4876-acc3-888e393461c7 c5566c77d8554827b04219e520158dcc ff953eb8fa8744029a526014db8e6272 - - default default] 10.0.0.1 "GET /v2.0/network-ip-availabilities HTTP/1.1" status: 200 len: 3360 time: 0.0764585
2026-06-15 20:21:38.700 9 INFO neutron.wsgi [req-ec689482-b78c-4449-941a-c72b65649dea req-5a641493-ab13-496f-baae-011546858d7c e998b3f8a0ec4c11be1bd2fac2b8cdfd e3e4c5b439b843df911641c597c1e8b2 - - bb44992846d24d4a95418caed5772138 bb44992846d24d4a95418caed5772138] 199.19.213.125 "GET /v2.0/subnets?id=04b570c0-074e-46f2-89f7-f33e52345c63&id=50f19fbe-7719-4170-bcd3-7c33d5d057b8 HTTP/1.1" status: 200 len: 1564 time: 0.0385957
2026-06-15 20:21:38.731 9 INFO neutron.wsgi [req-ec689482-b78c-4449-941a-c72b65649dea req-b7bf063c-a2b6-4eb2-b71e-7b6f7732e3d6 e998b3f8a0ec4c11be1bd2fac2b8cdfd e3e4c5b439b843df911641c597c1e8b2 - - bb44992846d24d4a95418caed5772138 bb44992846d24d4a95418caed5772138] 199.19.213.125 "GET /v2.0/ports?network_id=4923c1b7-9335-46e3-90e6-779edea009f4&device_owner=network%3Adhcp HTTP/1.1" status: 200 len: 210 time: 0.0223927
2026-06-15 20:21:38.757 9 INFO neutron.wsgi [req-ec689482-b78c-4449-941a-c72b65649dea req-bcb8abb2-446e-4d14-b80c-8fbf93a3540e e998b3f8a0ec4c11be1bd2fac2b8cdfd e3e4c5b439b843df911641c597c1e8b2 - - bb44992846d24d4a95418caed5772138 bb44992846d24d4a95418caed5772138] 199.19.213.125 "GET /v2.0/ports?network_id=4923c1b7-9335-46e3-90e6-779edea009f4&device_owner=network%3Adhcp HTTP/1.1" status: 200 len: 210 time: 0.0205047
2026-06-15 20:21:38.772 10 INFO neutron.wsgi [None req-ea6338dc-6160-4b39-a73f-b6797fc0f0a8 c5566c77d8554827b04219e520158dcc ff953eb8fa8744029a526014db8e6272 - - default default] 10.0.0.1 "GET /v2.0/security-groups HTTP/1.1" status: 200 len: 30248 time: 0.0972662
2026-06-15 20:21:38.834 10 INFO neutron.wsgi [None req-5fba1ef9-acd8-472f-80e7-ee3685bf5cf4 c5566c77d8554827b04219e520158dcc ff953eb8fa8744029a526014db8e6272 - - default default] 10.0.0.1 "GET /v2.0/subnets HTTP/1.1" status: 200 len: 5493 time: 0.0516632
2026-06-15 20:21:38.835 9 INFO neutron.wsgi [req-ec689482-b78c-4449-941a-c72b65649dea req-f74ae8fc-dc44-4cc8-8092-d073485915fb e998b3f8a0ec4c11be1bd2fac2b8cdfd e3e4c5b439b843df911641c597c1e8b2 - - bb44992846d24d4a95418caed5772138 bb44992846d24d4a95418caed5772138] 199.19.213.125 "GET /v2.0/networks/4923c1b7-9335-46e3-90e6-779edea009f4?fields=segments HTTP/1.1" status: 200 len: 212 time: 0.0715375
2026-06-15 20:21:38.853 10 INFO neutron.wsgi [None req-1ea289bf-f248-4ba2-98bc-1167dd139aaa c5566c77d8554827b04219e520158dcc ff953eb8fa8744029a526014db8e6272 - - default default] 10.0.0.1 "GET /v2.0/subnetpools HTTP/1.1" status: 200 len: 193 time: 0.0129697
2026-06-15 20:21:38.903 10 INFO neutron.wsgi [None req-48cdb998-8e6c-4a11-961e-ab2b04947b13 c5566c77d8554827b04219e520158dcc ff953eb8fa8744029a526014db8e6272 - - default default] 10.0.0.1 "GET /v2.0/floatingips HTTP/1.1" status: 200 len: 2765 time: 0.0499084
2026-06-15 20:21:38.910 9 INFO neutron.wsgi [req-ec689482-b78c-4449-941a-c72b65649dea req-a1881c62-13e8-4a32-a0d5-a8d2d530e365 e998b3f8a0ec4c11be1bd2fac2b8cdfd e3e4c5b439b843df911641c597c1e8b2 - - bb44992846d24d4a95418caed5772138 bb44992846d24d4a95418caed5772138] 199.19.213.125 "GET /v2.0/networks/4923c1b7-9335-46e3-90e6-779edea009f4?fields=provider%3Aphysical_network&fields=provider%3Anetwork_type HTTP/1.1" status: 200 len: 277 time: 0.0650601
2026-06-15 20:21:38.981 10 INFO neutron.wsgi [None req-1d49a07b-59c8-427b-a6d6-47e88e75df8b c5566c77d8554827b04219e520158dcc ff953eb8fa8744029a526014db8e6272 - - default default] 10.0.0.1 "GET /v2.0/networks HTTP/1.1" status: 200 len: 4719 time: 0.0757232
2026-06-15 20:21:39.034 10 INFO neutron.wsgi [None req-fe191dde-baea-4b87-a189-7e4009b6ba05 c5566c77d8554827b04219e520158dcc ff953eb8fa8744029a526014db8e6272 - - default default] 10.0.0.1 "GET /v2.0/subnets HTTP/1.1" status: 200 len: 5493 time: 0.0494130
2026-06-15 20:21:39.073 10 INFO neutron.wsgi [None req-6f260096-fba3-4336-ad16-f0a31a1df56e c5566c77d8554827b04219e520158dcc ff953eb8fa8744029a526014db8e6272 - - default default] 10.0.0.1 "GET /v2.0/agents HTTP/1.1" status: 200 len: 997 time: 0.0361669
2026-06-15 20:21:39.078 9 INFO neutron.plugins.ml2.drivers.ovn.mech_driver.mech_driver [None req-86914d21-580b-4721-979e-e4d514223fae - - - - - -] OVN reports status up for port: 0b01ec10-ab05-423e-9219-21e3594d6dd4
2026-06-15 20:21:39.092 9 INFO neutron.wsgi [req-17b59356-a5d7-47a8-b07d-0decf9fb2c10 req-fecf6e5f-d4f7-44a8-b7fc-b7c1439919aa e998b3f8a0ec4c11be1bd2fac2b8cdfd e3e4c5b439b843df911641c597c1e8b2 - - bb44992846d24d4a95418caed5772138 bb44992846d24d4a95418caed5772138] 199.19.213.125 "GET /v2.0/ports?tenant_id=ff953eb8fa8744029a526014db8e6272&device_id=8a105b46-18cb-485e-94a9-1bbc6fc818bd HTTP/1.1" status: 200 len: 5346 time: 0.0770202
2026-06-15 20:21:39.134 9 INFO neutron.plugins.ml2.plugin [None req-86914d21-580b-4721-979e-e4d514223fae - - - - - -] Attempt 1 to provision port 0b01ec10-ab05-423e-9219-21e3594d6dd4
2026-06-15 20:21:39.220 9 INFO neutron.wsgi [req-17b59356-a5d7-47a8-b07d-0decf9fb2c10 req-6452a60a-90ab-44c3-af46-fcd43cf06e7c e998b3f8a0ec4c11be1bd2fac2b8cdfd e3e4c5b439b843df911641c597c1e8b2 - - bb44992846d24d4a95418caed5772138 bb44992846d24d4a95418caed5772138] 199.19.213.125 "GET /v2.0/networks?id=4923c1b7-9335-46e3-90e6-779edea009f4 HTTP/1.1" status: 200 len: 1003 time: 0.1214812
2026-06-15 20:21:39.232 10 INFO neutron.wsgi [None req-4d5f09a3-8754-4fbf-901e-8e913b559669 c5566c77d8554827b04219e520158dcc ff953eb8fa8744029a526014db8e6272 - - default default] 10.0.0.1 "GET /v2.0/ports HTTP/1.1" status: 200 len: 24840 time: 0.1561472
2026-06-15 20:21:39.267 9 INFO neutron.wsgi [req-17b59356-a5d7-47a8-b07d-0decf9fb2c10 req-eb838d03-6b16-4112-833f-b097e4140909 e998b3f8a0ec4c11be1bd2fac2b8cdfd e3e4c5b439b843df911641c597c1e8b2 - - bb44992846d24d4a95418caed5772138 bb44992846d24d4a95418caed5772138] 199.19.213.125 "GET /v2.0/floatingips?fixed_ip_address=10.2.2.238&port_id=0b01ec10-ab05-423e-9219-21e3594d6dd4 HTTP/1.1" status: 200 len: 217 time: 0.0372190
2026-06-15 20:21:39.296 9 INFO neutron.wsgi [req-17b59356-a5d7-47a8-b07d-0decf9fb2c10 req-713306f7-bcd9-4b8d-890b-be1678bb200b e998b3f8a0ec4c11be1bd2fac2b8cdfd e3e4c5b439b843df911641c597c1e8b2 - - bb44992846d24d4a95418caed5772138 bb44992846d24d4a95418caed5772138] 199.19.213.125 "GET /v2.0/floatingips?fixed_ip_address=fd77%3A1457%3A4cf0%3A26a8%3A%3A62&port_id=0b01ec10-ab05-423e-9219-21e3594d6dd4 HTTP/1.1" status: 200 len: 217 time: 0.0234883
2026-06-15 20:21:39.337 9 INFO neutron.wsgi [req-17b59356-a5d7-47a8-b07d-0decf9fb2c10 req-f1d6107d-37c9-482b-9ae1-cb7dca6dec78 e998b3f8a0ec4c11be1bd2fac2b8cdfd e3e4c5b439b843df911641c597c1e8b2 - - bb44992846d24d4a95418caed5772138 bb44992846d24d4a95418caed5772138] 199.19.213.125 "GET /v2.0/subnets?id=04b570c0-074e-46f2-89f7-f33e52345c63&id=50f19fbe-7719-4170-bcd3-7c33d5d057b8 HTTP/1.1" status: 200 len: 1564 time: 0.0361979
2026-06-15 20:21:39.341 10 INFO neutron.wsgi [None req-ce87ce05-c25a-4a09-8995-60ae06b132df c5566c77d8554827b04219e520158dcc ff953eb8fa8744029a526014db8e6272 - - default default] 10.0.0.1 "GET /v2.0/routers HTTP/1.1" status: 200 len: 850 time: 0.0956323
2026-06-15 20:21:39.355 10 INFO neutron.wsgi [None req-4e961778-5ff6-4d16-bd12-87b617cf3948 c5566c77d8554827b04219e520158dcc ff953eb8fa8744029a526014db8e6272 - - default default] 10.0.0.1 "GET /v2.0/agents?binary=ovn-controller HTTP/1.1" status: 200 len: 591 time: 0.0125439
2026-06-15 20:21:39.385 9 INFO neutron.wsgi [req-17b59356-a5d7-47a8-b07d-0decf9fb2c10 req-39003704-477a-4322-9994-e0aa0b851cee e998b3f8a0ec4c11be1bd2fac2b8cdfd e3e4c5b439b843df911641c597c1e8b2 - - bb44992846d24d4a95418caed5772138 bb44992846d24d4a95418caed5772138] 199.19.213.125 "GET /v2.0/ports?network_id=4923c1b7-9335-46e3-90e6-779edea009f4&device_owner=network%3Adhcp HTTP/1.1" status: 200 len: 210 time: 0.0364192
2026-06-15 20:21:39.395 9 INFO neutron.wsgi [req-ec689482-b78c-4449-941a-c72b65649dea req-008d1f8b-09f6-40b3-8583-8ee6958f04c9 c5566c77d8554827b04219e520158dcc ff953eb8fa8744029a526014db8e6272 - - default default] 10.0.0.73 "GET /v2.0/ports/0b01ec10-ab05-423e-9219-21e3594d6dd4 HTTP/1.1" status: 200 len: 1635 time: 0.0626473
2026-06-15 20:21:39.425 9 INFO neutron.wsgi [req-17b59356-a5d7-47a8-b07d-0decf9fb2c10 req-733b14c3-fbe5-498b-8f62-e6ede3116567 e998b3f8a0ec4c11be1bd2fac2b8cdfd e3e4c5b439b843df911641c597c1e8b2 - - bb44992846d24d4a95418caed5772138 bb44992846d24d4a95418caed5772138] 199.19.213.125 "GET /v2.0/ports?network_id=4923c1b7-9335-46e3-90e6-779edea009f4&device_owner=network%3Adhcp HTTP/1.1" status: 200 len: 210 time: 0.0346124
2026-06-15 20:21:39.479 9 INFO neutron.wsgi [None req-3af20135-ae1d-44ba-9a7e-070c9a2d161a c5566c77d8554827b04219e520158dcc ff953eb8fa8744029a526014db8e6272 - - default default] 199.19.213.125 "GET /v2.0/ports/0b01ec10-ab05-423e-9219-21e3594d6dd4 HTTP/1.1" status: 200 len: 1635 time: 0.0637829
2026-06-15 20:21:39.523 9 INFO neutron.wsgi [req-17b59356-a5d7-47a8-b07d-0decf9fb2c10 req-02956003-0b32-4b1d-a04f-8f0e3cef4f30 e998b3f8a0ec4c11be1bd2fac2b8cdfd e3e4c5b439b843df911641c597c1e8b2 - - bb44992846d24d4a95418caed5772138 bb44992846d24d4a95418caed5772138] 199.19.213.125 "GET /v2.0/networks/4923c1b7-9335-46e3-90e6-779edea009f4?fields=segments HTTP/1.1" status: 200 len: 212 time: 0.0876849
2026-06-15 20:21:39.547 9 INFO neutron.wsgi [None req-681154b4-3a67-44d1-94fe-3efe910b40a6 c5566c77d8554827b04219e520158dcc ff953eb8fa8744029a526014db8e6272 - - default default] 199.19.213.125 "GET /v2.0/ports/0b01ec10-ab05-423e-9219-21e3594d6dd4 HTTP/1.1" status: 200 len: 1635 time: 0.0519993
2026-06-15 20:21:39.635 9 INFO neutron.wsgi [req-17b59356-a5d7-47a8-b07d-0decf9fb2c10 req-a86346a4-1d8b-4054-b1ad-532272427176 e998b3f8a0ec4c11be1bd2fac2b8cdfd e3e4c5b439b843df911641c597c1e8b2 - - bb44992846d24d4a95418caed5772138 bb44992846d24d4a95418caed5772138] 199.19.213.125 "GET /v2.0/networks/4923c1b7-9335-46e3-90e6-779edea009f4?fields=provider%3Aphysical_network&fields=provider%3Anetwork_type HTTP/1.1" status: 200 len: 277 time: 0.1040781
2026-06-15 20:21:39.705 9 INFO neutron.db.ovn_revision_numbers_db [None req-86914d21-580b-4721-979e-e4d514223fae - - - - - -] Successfully bumped revision number for resource 0b01ec10-ab05-423e-9219-21e3594d6dd4 (type: ports) to 4
