2026-06-15 20:18:22.773 9 INFO neutron.db.ovn_revision_numbers_db [None req-3aece912-9a84-4bac-aa63-bae3aac9f32c 13d82598400049f58bd3b1564ab8627f e93b787fad1f44f5bca8d1de4d40aa6a - - default default] Successfully bumped revision number for resource fdffd2c2-64d3-4661-909b-b910799503a7 (type: routers) to 1
2026-06-15 20:18:22.793 9 INFO neutron.wsgi [None req-3aece912-9a84-4bac-aa63-bae3aac9f32c 13d82598400049f58bd3b1564ab8627f e93b787fad1f44f5bca8d1de4d40aa6a - - default default] 10.0.0.2 "POST /v2.0/routers HTTP/1.1" status: 201 len: 687 time: 0.5116203
2026-06-15 20:18:22.854 9 INFO neutron.wsgi [None req-ed7b9459-a47f-4960-94b6-24c1ecb531fc 70fb7ae717a1478f9afda080eb181fa8 fc689b802419437f8590367d69d909b5 - - default default] 10.0.0.2 "GET /v2.0/ports/5b0bfb9e-a1a2-4ddd-96a7-7fd7c9754dcc HTTP/1.1" status: 200 len: 1020 time: 0.4347854
2026-06-15 20:18:22.986 10 INFO neutron.wsgi [None req-904bf5b9-1681-4eea-9307-8482c1ccf939 70fb7ae717a1478f9afda080eb181fa8 fc689b802419437f8590367d69d909b5 - - default default] 10.0.0.2 "DELETE /v2.0/trunks/832ed491-e4bb-4bcd-96f2-e56096b6c22e HTTP/1.1" status: 204 len: 168 time: 0.1242075
2026-06-15 20:18:23.016 9 INFO neutron.wsgi [None req-5c19b39c-78e6-4959-98d4-f89093ca65f4 70fb7ae717a1478f9afda080eb181fa8 fc689b802419437f8590367d69d909b5 - - default default] 10.0.0.2 "GET /v2.0/trunks/dd11790d-419c-49f5-ba4c-e67f18a46073 HTTP/1.1" status: 200 len: 625 time: 0.0258451
2026-06-15 20:18:23.140 9 INFO neutron.wsgi [None req-6da17518-02c1-416e-9ffe-c29b51850a4f 70fb7ae717a1478f9afda080eb181fa8 fc689b802419437f8590367d69d909b5 - - default default] 10.0.0.2 "GET /v2.0/ports/151616d6-3eaa-4dff-be07-16d2fb31b53e HTTP/1.1" status: 200 len: 1020 time: 0.1169531
2026-06-15 20:18:23.241 10 INFO neutron.plugins.ml2.drivers.ovn.mech_driver.mech_driver [None req-0d1ee76d-1634-4522-9c65-e7b936d81835 - - - - - -] OVN reports status up for port: f4989823-3a1e-4879-8890-c2edb2fae6f2
2026-06-15 20:18:23.264 10 INFO neutron.plugins.ml2.drivers.ovn.mech_driver.ovsdb.ovsdb_monitor [None req-da02740d-43ae-4f2c-85f1-61dfc3a9e9b6 - - - - - -] Router 3a7688c9-faf4-406d-aea8-87e716a21a59 is bound to host instance
2026-06-15 20:18:23.275 9 WARNING neutron.scheduler.dhcp_agent_scheduler [None req-862e72ec-3b51-4dec-a951-d47e95660a59 13d82598400049f58bd3b1564ab8627f e93b787fad1f44f5bca8d1de4d40aa6a - - default default] No more DHCP agents
2026-06-15 20:18:23.281 9 WARNING neutron.api.rpc.agentnotifiers.dhcp_rpc_agent_api [None req-862e72ec-3b51-4dec-a951-d47e95660a59 13d82598400049f58bd3b1564ab8627f e93b787fad1f44f5bca8d1de4d40aa6a - - default default] Unable to schedule network abf84240-81be-4061-ae02-61de820578c4: no agents available; will retry on subsequent port and subnet creation events.
2026-06-15 20:18:23.287 10 INFO neutron.plugins.ml2.plugin [None req-0d1ee76d-1634-4522-9c65-e7b936d81835 - - - - - -] Attempt 1 to provision port f4989823-3a1e-4879-8890-c2edb2fae6f2
2026-06-15 20:18:23.324 10 INFO neutron.wsgi [None req-769f99d1-4454-43d1-bbaa-865bef87a696 70fb7ae717a1478f9afda080eb181fa8 fc689b802419437f8590367d69d909b5 - - default default] 10.0.0.2 "DELETE /v2.0/trunks/dd11790d-419c-49f5-ba4c-e67f18a46073 HTTP/1.1" status: 204 len: 168 time: 0.1773288
2026-06-15 20:18:23.324 10 INFO neutron.db.ovn_revision_numbers_db [None req-2323a785-6914-46b3-99d8-c5a1632cfd9a c5566c77d8554827b04219e520158dcc ff953eb8fa8744029a526014db8e6272 - - default default] Successfully bumped revision number for resource f4989823-3a1e-4879-8890-c2edb2fae6f2 (type: router_ports) to 1
2026-06-15 20:18:23.357 9 INFO neutron.wsgi [None req-0ce99e15-7637-4d25-a4a8-de2f562d230c 70fb7ae717a1478f9afda080eb181fa8 fc689b802419437f8590367d69d909b5 - - default default] 10.0.0.2 "GET /v2.0/trunks/91538948-d7c1-4891-aa9c-b1520b221dff HTTP/1.1" status: 200 len: 610 time: 0.0281997
2026-06-15 20:18:23.471 10 INFO neutron.db.ovn_revision_numbers_db [None req-2323a785-6914-46b3-99d8-c5a1632cfd9a c5566c77d8554827b04219e520158dcc ff953eb8fa8744029a526014db8e6272 - - default default] Successfully bumped revision number for resource 3a7688c9-faf4-406d-aea8-87e716a21a59 (type: routers) to 2
2026-06-15 20:18:23.493 9 INFO neutron.wsgi [None req-22ea3cbe-9df2-47c8-98fa-96e43c5b7117 70fb7ae717a1478f9afda080eb181fa8 fc689b802419437f8590367d69d909b5 - - default default] 10.0.0.2 "GET /v2.0/ports/38c21af9-91c5-4f4b-9667-66311ec36d85 HTTP/1.1" status: 200 len: 1020 time: 0.1250331
2026-06-15 20:18:23.495 10 INFO neutron.wsgi [None req-2323a785-6914-46b3-99d8-c5a1632cfd9a c5566c77d8554827b04219e520158dcc ff953eb8fa8744029a526014db8e6272 - - default default] 10.0.0.2 "POST /v2.0/routers HTTP/1.1" status: 201 len: 874 time: 2.0173464
2026-06-15 20:18:23.587 9 INFO neutron.db.ovn_revision_numbers_db [None req-862e72ec-3b51-4dec-a951-d47e95660a59 13d82598400049f58bd3b1564ab8627f e93b787fad1f44f5bca8d1de4d40aa6a - - default default] Successfully bumped revision number for resource 9c80f83a-eb24-43e0-ac96-3456edb25af0 (type: ports) to 1
2026-06-15 20:18:23.690 9 INFO neutron.wsgi [None req-08f77fe8-aa26-4823-a7c2-19b2fc869580 70fb7ae717a1478f9afda080eb181fa8 fc689b802419437f8590367d69d909b5 - - default default] 10.0.0.2 "DELETE /v2.0/trunks/91538948-d7c1-4891-aa9c-b1520b221dff HTTP/1.1" status: 204 len: 168 time: 0.1886969
2026-06-15 20:18:23.733 9 INFO neutron.wsgi [None req-db4793bc-db7e-4324-b8d3-84489327782c 70fb7ae717a1478f9afda080eb181fa8 fc689b802419437f8590367d69d909b5 - - default default] 10.0.0.2 "GET /v2.0/trunks/7606e9cf-d741-4543-a3b3-f5564292e8a6 HTTP/1.1" status: 200 len: 603 time: 0.0364690
2026-06-15 20:18:23.901 9 INFO neutron.wsgi [None req-8b77fecd-a4a9-4552-8c38-feddf4519368 70fb7ae717a1478f9afda080eb181fa8 fc689b802419437f8590367d69d909b5 - - default default] 10.0.0.2 "GET /v2.0/ports/07b4d890-949d-488b-b74f-d9f5a1c79b95 HTTP/1.1" status: 200 len: 1020 time: 0.1627851
2026-06-15 20:18:23.929 10 INFO neutron.db.ovn_revision_numbers_db [None req-da02740d-43ae-4f2c-85f1-61dfc3a9e9b6 - - - - - -] Successfully bumped revision number for resource f4989823-3a1e-4879-8890-c2edb2fae6f2 (type: ports) to 1
2026-06-15 20:18:24.021 10 INFO neutron.wsgi [None req-a86c897e-1803-413c-9c6b-6afe80193375 70fb7ae717a1478f9afda080eb181fa8 fc689b802419437f8590367d69d909b5 - - default default] 10.0.0.2 "DELETE /v2.0/trunks/7606e9cf-d741-4543-a3b3-f5564292e8a6 HTTP/1.1" status: 204 len: 168 time: 0.1157007
2026-06-15 20:18:24.111 9 INFO neutron.plugins.ml2.drivers.ovn.mech_driver.mech_driver [None req-86914d21-580b-4721-979e-e4d514223fae - - - - - -] OVN reports status up for port: 9c80f83a-eb24-43e0-ac96-3456edb25af0
2026-06-15 20:18:24.141 9 INFO neutron.plugins.ml2.plugin [None req-86914d21-580b-4721-979e-e4d514223fae - - - - - -] Attempt 1 to provision port 9c80f83a-eb24-43e0-ac96-3456edb25af0
2026-06-15 20:18:24.164 9 INFO neutron.db.ovn_revision_numbers_db [None req-862e72ec-3b51-4dec-a951-d47e95660a59 13d82598400049f58bd3b1564ab8627f e93b787fad1f44f5bca8d1de4d40aa6a - - default default] Successfully bumped revision number for resource 9c80f83a-eb24-43e0-ac96-3456edb25af0 (type: router_ports) to 1
2026-06-15 20:18:24.308 10 INFO neutron.db.ovn_revision_numbers_db [None req-da02740d-43ae-4f2c-85f1-61dfc3a9e9b6 - - - - - -] Successfully bumped revision number for resource f4989823-3a1e-4879-8890-c2edb2fae6f2 (type: router_ports) to 3
2026-06-15 20:18:24.316 9 WARNING neutron.scheduler.dhcp_agent_scheduler [None req-8bf2dda8-4c52-4bff-8650-bbe5e11a0bc1 c5566c77d8554827b04219e520158dcc ff953eb8fa8744029a526014db8e6272 - - default default] No more DHCP agents
2026-06-15 20:18:24.323 9 WARNING neutron.api.rpc.agentnotifiers.dhcp_rpc_agent_api [None req-8bf2dda8-4c52-4bff-8650-bbe5e11a0bc1 c5566c77d8554827b04219e520158dcc ff953eb8fa8744029a526014db8e6272 - - default default] Unable to schedule network bead4ea3-d349-40a0-8f54-1da3a4e57863: no agents available; will retry on subsequent port and subnet creation events.
2026-06-15 20:18:24.413 10 INFO neutron.wsgi [None req-477a6169-25fc-48a8-a59e-8a27ae1d8c86 70fb7ae717a1478f9afda080eb181fa8 fc689b802419437f8590367d69d909b5 - - default default] 10.0.0.2 "DELETE /v2.0/ports/b6565422-f8b7-4841-bc63-e5ac04fa4cb4 HTTP/1.1" status: 204 len: 168 time: 0.3854718
2026-06-15 20:18:24.517 10 INFO neutron.db.ovn_revision_numbers_db [None req-da02740d-43ae-4f2c-85f1-61dfc3a9e9b6 - - - - - -] Successfully bumped revision number for resource f4989823-3a1e-4879-8890-c2edb2fae6f2 (type: ports) to 2
2026-06-15 20:18:24.581 9 INFO neutron.db.ovn_revision_numbers_db [None req-862e72ec-3b51-4dec-a951-d47e95660a59 13d82598400049f58bd3b1564ab8627f e93b787fad1f44f5bca8d1de4d40aa6a - - default default] Successfully bumped revision number for resource 9c80f83a-eb24-43e0-ac96-3456edb25af0 (type: ports) to 1
2026-06-15 20:18:24.719 9 INFO neutron.db.ovn_revision_numbers_db [None req-8bf2dda8-4c52-4bff-8650-bbe5e11a0bc1 c5566c77d8554827b04219e520158dcc ff953eb8fa8744029a526014db8e6272 - - default default] Successfully bumped revision number for resource 4fab5d8c-c614-475e-a91d-0aca8490fb6b (type: ports) to 1
2026-06-15 20:18:24.776 10 INFO neutron.db.ovn_revision_numbers_db [None req-da02740d-43ae-4f2c-85f1-61dfc3a9e9b6 - - - - - -] Successfully bumped revision number for resource f4989823-3a1e-4879-8890-c2edb2fae6f2 (type: ports) to 4
2026-06-15 20:18:24.930 10 INFO neutron.db.ovn_revision_numbers_db [None req-da02740d-43ae-4f2c-85f1-61dfc3a9e9b6 - - - - - -] Successfully bumped revision number for resource f4989823-3a1e-4879-8890-c2edb2fae6f2 (type: router_ports) to 4
2026-06-15 20:18:25.019 10 WARNING neutron_lib.context [None req-b19846f4-da56-486b-a195-0b5a6a9be780 dc5ba982b1114b83bef1a5300782fa09 e90c5bc91196436db4093e8b4d8c628b - - default default] Method 'is_advsvc' is deprecated since 2023.2 release (neutron-lib 3.8.0) and will be removed once support for the old RBAC API policies will be removed from Neutron. Please use method 'is_service_role' instead.
2026-06-15 20:18:25.051 9 WARNING neutron.scheduler.dhcp_agent_scheduler [None req-862e72ec-3b51-4dec-a951-d47e95660a59 13d82598400049f58bd3b1564ab8627f e93b787fad1f44f5bca8d1de4d40aa6a - - default default] No more DHCP agents
2026-06-15 20:18:25.055 9 WARNING neutron.api.rpc.agentnotifiers.dhcp_rpc_agent_api [None req-862e72ec-3b51-4dec-a951-d47e95660a59 13d82598400049f58bd3b1564ab8627f e93b787fad1f44f5bca8d1de4d40aa6a - - default default] Unable to schedule network abf84240-81be-4061-ae02-61de820578c4: no agents available; will retry on subsequent port and subnet creation events.
2026-06-15 20:18:25.133 9 INFO neutron.db.ovn_revision_numbers_db [None req-86914d21-580b-4721-979e-e4d514223fae - - - - - -] Successfully bumped revision number for resource 9c80f83a-eb24-43e0-ac96-3456edb25af0 (type: ports) to 2
2026-06-15 20:18:25.312 9 INFO neutron.db.ovn_revision_numbers_db [None req-86914d21-580b-4721-979e-e4d514223fae - - - - - -] Successfully bumped revision number for resource 9c80f83a-eb24-43e0-ac96-3456edb25af0 (type: router_ports) to 2
2026-06-15 20:18:25.334 9 INFO neutron.wsgi [None req-802ac86a-aacc-4fd7-acc7-6a2efdbf9776 70fb7ae717a1478f9afda080eb181fa8 fc689b802419437f8590367d69d909b5 - - default default] 10.0.0.2 "DELETE /v2.0/ports/5b0bfb9e-a1a2-4ddd-96a7-7fd7c9754dcc HTTP/1.1" status: 204 len: 168 time: 0.9129677
2026-06-15 20:18:25.360 9 INFO neutron.db.ovn_revision_numbers_db [None req-862e72ec-3b51-4dec-a951-d47e95660a59 13d82598400049f58bd3b1564ab8627f e93b787fad1f44f5bca8d1de4d40aa6a - - default default] Successfully bumped revision number for resource 9c80f83a-eb24-43e0-ac96-3456edb25af0 (type: router_ports) to 2
2026-06-15 20:18:25.362 9 INFO neutron.wsgi [None req-862e72ec-3b51-4dec-a951-d47e95660a59 13d82598400049f58bd3b1564ab8627f e93b787fad1f44f5bca8d1de4d40aa6a - - default default] 10.0.0.2 "PUT /v2.0/routers/fdffd2c2-64d3-4661-909b-b910799503a7/add_router_interface HTTP/1.1" status: 200 len: 503 time: 2.5631714
2026-06-15 20:18:25.412 10 INFO neutron.db.ovn_revision_numbers_db [None req-b19846f4-da56-486b-a195-0b5a6a9be780 dc5ba982b1114b83bef1a5300782fa09 e90c5bc91196436db4093e8b4d8c628b - - default default] Successfully bumped revision number for resource a54582d8-e26e-43c0-b76b-49e2906f8f33 (type: routers) to 1
2026-06-15 20:18:25.443 10 INFO neutron.wsgi [None req-b19846f4-da56-486b-a195-0b5a6a9be780 dc5ba982b1114b83bef1a5300782fa09 e90c5bc91196436db4093e8b4d8c628b - - default default] 10.0.0.2 "POST /v2.0/routers HTTP/1.1" status: 201 len: 654 time: 0.6186152
2026-06-15 20:18:25.504 9 INFO neutron.wsgi [None req-6af153ae-f08c-453d-9291-e833eb935440 13d82598400049f58bd3b1564ab8627f e93b787fad1f44f5bca8d1de4d40aa6a - - default default] 10.0.0.2 "GET /v2.0/ports/9c80f83a-eb24-43e0-ac96-3456edb25af0 HTTP/1.1" status: 200 len: 1137 time: 0.1368248
2026-06-15 20:18:25.548 10 INFO neutron.wsgi [None req-a7ebd185-5ffa-49f4-9fa3-c23e13d0c4b5 dc5ba982b1114b83bef1a5300782fa09 e90c5bc91196436db4093e8b4d8c628b - - default default] 10.0.0.2 "PUT /v2.0/routers/a54582d8-e26e-43c0-b76b-49e2906f8f33/tags HTTP/1.1" status: 200 len: 218 time: 0.0836561
2026-06-15 20:18:25.550 9 INFO neutron.wsgi [None req-4bdbc18c-c994-4375-8491-e2580c2079ae 13d82598400049f58bd3b1564ab8627f e93b787fad1f44f5bca8d1de4d40aa6a - - default default] 10.0.0.2 "GET /v2.0/ports/9c80f83a-eb24-43e0-ac96-3456edb25af0 HTTP/1.1" status: 200 len: 1137 time: 0.0374491
2026-06-15 20:18:25.608 9 INFO neutron.wsgi [None req-fabd8503-feaa-468a-bc8e-6505b6ba2c98 dc5ba982b1114b83bef1a5300782fa09 e90c5bc91196436db4093e8b4d8c628b - - default default] 10.0.0.2 "GET /v2.0/routers/a54582d8-e26e-43c0-b76b-49e2906f8f33/tags HTTP/1.1" status: 200 len: 218 time: 0.0538080
2026-06-15 20:18:25.689 9 INFO neutron.wsgi [None req-d41c053b-9753-4d36-9e52-b5db2be37219 dc5ba982b1114b83bef1a5300782fa09 e90c5bc91196436db4093e8b4d8c628b - - default default] 10.0.0.2 "PUT /v2.0/routers/a54582d8-e26e-43c0-b76b-49e2906f8f33/tags/green HTTP/1.1" status: 201 len: 201 time: 0.0765176
2026-06-15 20:18:25.723 10 INFO neutron.wsgi [None req-6d193efa-5322-41e0-8c8b-c0953044825a 70fb7ae717a1478f9afda080eb181fa8 fc689b802419437f8590367d69d909b5 - - default default] 10.0.0.2 "DELETE /v2.0/ports/151616d6-3eaa-4dff-be07-16d2fb31b53e HTTP/1.1" status: 204 len: 168 time: 0.3848112
2026-06-15 20:18:25.757 10 INFO neutron.plugins.ml2.drivers.ovn.mech_driver.mech_driver [None req-0d1ee76d-1634-4522-9c65-e7b936d81835 - - - - - -] OVN reports status up for port: 4fab5d8c-c614-475e-a91d-0aca8490fb6b
2026-06-15 20:18:25.773 10 INFO neutron.plugins.ml2.plugin [None req-0d1ee76d-1634-4522-9c65-e7b936d81835 - - - - - -] Attempt 1 to provision port 4fab5d8c-c614-475e-a91d-0aca8490fb6b
2026-06-15 20:18:25.781 9 INFO neutron.wsgi [None req-d152f6db-f621-4502-9150-1c7ccdf81087 dc5ba982b1114b83bef1a5300782fa09 e90c5bc91196436db4093e8b4d8c628b - - default default] 10.0.0.2 "GET /v2.0/routers/a54582d8-e26e-43c0-b76b-49e2906f8f33/tags HTTP/1.1" status: 200 len: 227 time: 0.0866933
2026-06-15 20:18:25.817 9 INFO neutron.db.ovn_revision_numbers_db [None req-8bf2dda8-4c52-4bff-8650-bbe5e11a0bc1 c5566c77d8554827b04219e520158dcc ff953eb8fa8744029a526014db8e6272 - - default default] Successfully bumped revision number for resource 4fab5d8c-c614-475e-a91d-0aca8490fb6b (type: router_ports) to 1
2026-06-15 20:18:25.862 9 INFO neutron.wsgi [None req-378db020-ff8b-4cd7-aaad-305cf2f00e6b dc5ba982b1114b83bef1a5300782fa09 e90c5bc91196436db4093e8b4d8c628b - - default default] 10.0.0.2 "PUT /v2.0/routers/a54582d8-e26e-43c0-b76b-49e2906f8f33/tags/red HTTP/1.1" status: 201 len: 201 time: 0.0764487
2026-06-15 20:18:25.934 9 INFO neutron.wsgi [None req-0683fb1c-52b0-4d6e-b13d-f7cf19610d9f dc5ba982b1114b83bef1a5300782fa09 e90c5bc91196436db4093e8b4d8c628b - - default default] 10.0.0.2 "GET /v2.0/routers/a54582d8-e26e-43c0-b76b-49e2906f8f33/tags HTTP/1.1" status: 200 len: 227 time: 0.0643823
2026-06-15 20:18:26.020 9 INFO neutron.wsgi [None req-47cd7e90-71fa-46cf-bc96-7c35bb689e0d dc5ba982b1114b83bef1a5300782fa09 e90c5bc91196436db4093e8b4d8c628b - - default default] 10.0.0.2 "PUT /v2.0/routers/a54582d8-e26e-43c0-b76b-49e2906f8f33/tags/black.or.white HTTP/1.1" status: 201 len: 201 time: 0.0802939
2026-06-15 20:18:26.086 9 INFO neutron.wsgi [None req-93ebb1cd-041d-49bd-968b-b0bcda8cacd7 dc5ba982b1114b83bef1a5300782fa09 e90c5bc91196436db4093e8b4d8c628b - - default default] 10.0.0.2 "GET /v2.0/routers/a54582d8-e26e-43c0-b76b-49e2906f8f33/tags HTTP/1.1" status: 200 len: 245 time: 0.0588689
2026-06-15 20:18:26.123 9 INFO neutron.db.ovn_revision_numbers_db [None req-8bf2dda8-4c52-4bff-8650-bbe5e11a0bc1 c5566c77d8554827b04219e520158dcc ff953eb8fa8744029a526014db8e6272 - - default default] Successfully bumped revision number for resource 4fab5d8c-c614-475e-a91d-0aca8490fb6b (type: ports) to 1
2026-06-15 20:18:26.177 9 INFO neutron.wsgi [None req-a73b8e47-6302-4ab4-8e91-37579ad91971 dc5ba982b1114b83bef1a5300782fa09 e90c5bc91196436db4093e8b4d8c628b - - default default] 10.0.0.2 "PUT /v2.0/routers/a54582d8-e26e-43c0-b76b-49e2906f8f33/tags HTTP/1.1" status: 200 len: 230 time: 0.0846753
2026-06-15 20:18:26.199 10 INFO neutron.wsgi [None req-33207c9b-67fd-466f-a642-1be90a210dd5 70fb7ae717a1478f9afda080eb181fa8 fc689b802419437f8590367d69d909b5 - - default default] 10.0.0.2 "DELETE /v2.0/ports/38c21af9-91c5-4f4b-9667-66311ec36d85 HTTP/1.1" status: 204 len: 168 time: 0.4706953
2026-06-15 20:18:26.235 9 INFO neutron.wsgi [None req-33726f6a-2bae-461f-bdda-2f98f0a7300d dc5ba982b1114b83bef1a5300782fa09 e90c5bc91196436db4093e8b4d8c628b - - default default] 10.0.0.2 "GET /v2.0/routers/a54582d8-e26e-43c0-b76b-49e2906f8f33/tags HTTP/1.1" status: 200 len: 230 time: 0.0540929
2026-06-15 20:18:26.249 9 WARNING neutron.scheduler.dhcp_agent_scheduler [None req-8bf2dda8-4c52-4bff-8650-bbe5e11a0bc1 c5566c77d8554827b04219e520158dcc ff953eb8fa8744029a526014db8e6272 - - default default] No more DHCP agents
2026-06-15 20:18:26.251 9 WARNING neutron.api.rpc.agentnotifiers.dhcp_rpc_agent_api [None req-8bf2dda8-4c52-4bff-8650-bbe5e11a0bc1 c5566c77d8554827b04219e520158dcc ff953eb8fa8744029a526014db8e6272 - - default default] Unable to schedule network bead4ea3-d349-40a0-8f54-1da3a4e57863: no agents available; will retry on subsequent port and subnet creation events.
2026-06-15 20:18:26.347 9 INFO neutron.wsgi [None req-8747a4a9-6aeb-4c66-a50e-0d7d55525917 dc5ba982b1114b83bef1a5300782fa09 e90c5bc91196436db4093e8b4d8c628b - - default default] 10.0.0.2 "GET /v2.0/routers/a54582d8-e26e-43c0-b76b-49e2906f8f33/tags/red HTTP/1.1" status: 204 len: 168 time: 0.1049743
2026-06-15 20:18:26.412 9 INFO neutron.api.v2.resource [None req-7b003cb5-ab58-4383-8c63-53e866e081c4 dc5ba982b1114b83bef1a5300782fa09 e90c5bc91196436db4093e8b4d8c628b - - default default] show failed (client error): The resource could not be found.
2026-06-15 20:18:26.413 9 INFO neutron.wsgi [None req-7b003cb5-ab58-4383-8c63-53e866e081c4 dc5ba982b1114b83bef1a5300782fa09 e90c5bc91196436db4093e8b4d8c628b - - default default] 10.0.0.2 "GET /v2.0/routers/a54582d8-e26e-43c0-b76b-49e2906f8f33/tags/green HTTP/1.1" status: 404 len: 299 time: 0.0606165
2026-06-15 20:18:26.419 10 INFO neutron.db.ovn_revision_numbers_db [None req-0d1ee76d-1634-4522-9c65-e7b936d81835 - - - - - -] Successfully bumped revision number for resource 4fab5d8c-c614-475e-a91d-0aca8490fb6b (type: ports) to 2
2026-06-15 20:18:26.493 9 INFO neutron.wsgi [None req-7798a9de-6778-4ef8-a9b5-dc120d22023e dc5ba982b1114b83bef1a5300782fa09 e90c5bc91196436db4093e8b4d8c628b - - default default] 10.0.0.2 "DELETE /v2.0/routers/a54582d8-e26e-43c0-b76b-49e2906f8f33/tags/red HTTP/1.1" status: 204 len: 168 time: 0.0751164
2026-06-15 20:18:26.563 9 INFO neutron.wsgi [None req-0c83bb10-313c-44d7-a64e-f19fab66de23 dc5ba982b1114b83bef1a5300782fa09 e90c5bc91196436db4093e8b4d8c628b - - default default] 10.0.0.2 "GET /v2.0/routers/a54582d8-e26e-43c0-b76b-49e2906f8f33/tags HTTP/1.1" status: 200 len: 223 time: 0.0660460
2026-06-15 20:18:26.588 10 INFO neutron.db.ovn_revision_numbers_db [None req-0d1ee76d-1634-4522-9c65-e7b936d81835 - - - - - -] Successfully bumped revision number for resource 4fab5d8c-c614-475e-a91d-0aca8490fb6b (type: router_ports) to 2
2026-06-15 20:18:26.681 9 INFO neutron.api.v2.resource [None req-fa70f0b4-6676-4aa1-a522-bbb3e74db701 dc5ba982b1114b83bef1a5300782fa09 e90c5bc91196436db4093e8b4d8c628b - - default default] delete failed (client error): The resource could not be found.
2026-06-15 20:18:26.683 9 INFO neutron.wsgi [None req-fa70f0b4-6676-4aa1-a522-bbb3e74db701 dc5ba982b1114b83bef1a5300782fa09 e90c5bc91196436db4093e8b4d8c628b - - default default] 10.0.0.2 "DELETE /v2.0/routers/a54582d8-e26e-43c0-b76b-49e2906f8f33/tags/green HTTP/1.1" status: 404 len: 299 time: 0.1136773
2026-06-15 20:18:26.691 10 INFO neutron.wsgi [None req-72ce44c9-7152-486d-959c-523849508a19 70fb7ae717a1478f9afda080eb181fa8 fc689b802419437f8590367d69d909b5 - - default default] 10.0.0.2 "DELETE /v2.0/ports/07b4d890-949d-488b-b74f-d9f5a1c79b95 HTTP/1.1" status: 204 len: 168 time: 0.4871714
2026-06-15 20:18:26.854 10 INFO neutron.wsgi [None req-fdd3d348-5688-404c-ac6d-978f73762ef5 dc5ba982b1114b83bef1a5300782fa09 e90c5bc91196436db4093e8b4d8c628b - - default default] 10.0.0.2 "DELETE /v2.0/routers/a54582d8-e26e-43c0-b76b-49e2906f8f33/tags HTTP/1.1" status: 204 len: 168 time: 0.1597159
2026-06-15 20:18:26.859 10 INFO neutron.wsgi [None req-77552ad0-1a62-4f18-ab15-dea076ddbf9d 13d82598400049f58bd3b1564ab8627f e93b787fad1f44f5bca8d1de4d40aa6a - - default default] 10.0.0.2 "PUT /v2.0/routers/fdffd2c2-64d3-4661-909b-b910799503a7/remove_router_interface HTTP/1.1" status: 200 len: 503 time: 1.3036084 /var/lib/openstack/lib/python3.10/site-packages/pycadf/identifier.py:71: UserWarning: Invalid uuid: neutron. To ensure interoperability, identifiers should be a valid uuid. warnings.warn(('Invalid uuid: %s. To ensure interoperability, '
2026-06-15 20:18:26.895 10 INFO neutron.wsgi [None req-e98ae5e4-d742-49a9-82db-4711330535c9 13d82598400049f58bd3b1564ab8627f e93b787fad1f44f5bca8d1de4d40aa6a - - default default] 10.0.0.2 "GET /v2.0/ports?device_id=fdffd2c2-64d3-4661-909b-b910799503a7 HTTP/1.1" status: 200 len: 205 time: 0.0228336
2026-06-15 20:18:27.195 10 INFO neutron.wsgi [None req-015a7814-8f31-4f7a-bb80-3a1b8465a00a dc5ba982b1114b83bef1a5300782fa09 e90c5bc91196436db4093e8b4d8c628b - - default default] 10.0.0.2 "GET /v2.0/routers/a54582d8-e26e-43c0-b76b-49e2906f8f33/tags HTTP/1.1" status: 200 len: 205 time: 0.3347976
2026-06-15 20:18:27.255 9 INFO neutron.wsgi [None req-3706da00-01fe-4369-8778-893b172d95cc dc5ba982b1114b83bef1a5300782fa09 e90c5bc91196436db4093e8b4d8c628b - - default default] 10.0.0.2 "GET /v2.0/routers/a54582d8-e26e-43c0-b76b-49e2906f8f33 HTTP/1.1" status: 200 len: 655 time: 0.0536892
2026-06-15 20:18:27.268 9 INFO neutron.db.ovn_revision_numbers_db [None req-8bf2dda8-4c52-4bff-8650-bbe5e11a0bc1 c5566c77d8554827b04219e520158dcc ff953eb8fa8744029a526014db8e6272 - - default default] Successfully bumped revision number for resource 4fab5d8c-c614-475e-a91d-0aca8490fb6b (type: router_ports) to 2
2026-06-15 20:18:27.270 9 INFO neutron.wsgi [None req-8bf2dda8-4c52-4bff-8650-bbe5e11a0bc1 c5566c77d8554827b04219e520158dcc ff953eb8fa8744029a526014db8e6272 - - default default] 10.0.0.2 "PUT /v2.0/routers/3a7688c9-faf4-406d-aea8-87e716a21a59/add_router_interface HTTP/1.1" status: 200 len: 503 time: 3.7701607
2026-06-15 20:18:27.478 10 INFO neutron.wsgi [None req-ae2c2d75-da67-4e3d-8324-832db49faaa1 13d82598400049f58bd3b1564ab8627f e93b787fad1f44f5bca8d1de4d40aa6a - - default default] 10.0.0.2 "DELETE /v2.0/routers/fdffd2c2-64d3-4661-909b-b910799503a7 HTTP/1.1" status: 204 len: 168 time: 0.5699015
2026-06-15 20:18:27.597 10 INFO neutron.services.segments.plugin [-] Segment e1c5eb7d-6478-4c76-a002-302f53d8a071 resource provider aggregate not found
2026-06-15 20:18:27.605 10 INFO neutron.services.segments.plugin [-] Segment e1c5eb7d-6478-4c76-a002-302f53d8a071 resource provider aggregate not found
2026-06-15 20:18:27.633 10 INFO neutron.services.segments.plugin [-] Segment e1c5eb7d-6478-4c76-a002-302f53d8a071 resource provider not found; error: Placement Client Error (4xx): {"errors": [{"status": 404, "title": "Not Found", "detail": "The resource could not be found.\n\n No resource provider with uuid e1c5eb7d-6478-4c76-a002-302f53d8a071 found for delete ", "request_id": "req-6d9cdac2-2ee7-4cfb-8ed8-6f247cfaff3f"}]}
2026-06-15 20:18:27.636 10 INFO neutron.services.segments.plugin [-] Segment e1c5eb7d-6478-4c76-a002-302f53d8a071 resource provider not found; error: Placement Client Error (4xx): {"errors": [{"status": 404, "title": "Not Found", "detail": "The resource could not be found.\n\n No resource provider with uuid e1c5eb7d-6478-4c76-a002-302f53d8a071 found for delete ", "request_id": "req-6d567f70-c662-4d58-b239-1bacfacfbfc0"}]}
2026-06-15 20:18:27.664 10 INFO neutron.wsgi [None req-2f13abee-7a92-48d1-9bd4-ed67a0db9e67 70fb7ae717a1478f9afda080eb181fa8 fc689b802419437f8590367d69d909b5 - - default default] 10.0.0.2 "DELETE /v2.0/networks/72dd2925-af42-4943-ac2e-2bd4185178a9 HTTP/1.1" status: 204 len: 168 time: 0.9632514
2026-06-15 20:18:27.789 9 INFO neutron.db.ovn_revision_numbers_db [None req-139e5e64-60ca-4959-b23b-ed69b89ead4b dc5ba982b1114b83bef1a5300782fa09 e90c5bc91196436db4093e8b4d8c628b - - default default] Successfully bumped revision number for resource a54582d8-e26e-43c0-b76b-49e2906f8f33 (type: routers) to 7
2026-06-15 20:18:27.794 9 INFO neutron.wsgi [None req-139e5e64-60ca-4959-b23b-ed69b89ead4b dc5ba982b1114b83bef1a5300782fa09 e90c5bc91196436db4093e8b4d8c628b - - default default] 10.0.0.2 "PUT /v2.0/routers/a54582d8-e26e-43c0-b76b-49e2906f8f33 HTTP/1.1" status: 200 len: 655 time: 0.5325391
2026-06-15 20:18:27.820 9 INFO neutron.wsgi [None req-38096fc1-9d01-4ef8-bbd3-894ae59483a4 dc5ba982b1114b83bef1a5300782fa09 e90c5bc91196436db4093e8b4d8c628b - - default default] 10.0.0.2 "GET /v2.0/ports?device_id=a54582d8-e26e-43c0-b76b-49e2906f8f33 HTTP/1.1" status: 200 len: 205 time: 0.0204246
2026-06-15 20:18:27.906 9 INFO neutron.wsgi [None req-8290672a-ac24-4246-8453-190417669ab4 13d82598400049f58bd3b1564ab8627f e93b787fad1f44f5bca8d1de4d40aa6a - - default default] 10.0.0.2 "DELETE /v2.0/subnets/e70c6d66-9cc8-4065-9d48-0fcc03d6e3e8 HTTP/1.1" status: 204 len: 168 time: 0.4219382
2026-06-15 20:18:28.185 10 INFO neutron.wsgi [None req-ea39f6bc-38b3-4f14-b365-0aa77104ed21 70fb7ae717a1478f9afda080eb181fa8 fc689b802419437f8590367d69d909b5 - - default default] 10.0.0.2 "DELETE /v2.0/networks/271886a3-4168-446e-aa8a-fb8e8db9e2d9 HTTP/1.1" status: 204 len: 168 time: 0.5157135
2026-06-15 20:18:28.350 9 INFO neutron.wsgi [None req-3d9d268a-5728-4a64-bc13-4119c37689a2 dc5ba982b1114b83bef1a5300782fa09 e90c5bc91196436db4093e8b4d8c628b - - default default] 10.0.0.2 "DELETE /v2.0/routers/a54582d8-e26e-43c0-b76b-49e2906f8f33 HTTP/1.1" status: 204 len: 168 time: 0.5250845
2026-06-15 20:18:28.441 10 INFO neutron.wsgi [None req-4cf37fd1-a331-4cba-8e3c-ec59fd5ce936 13d82598400049f58bd3b1564ab8627f e93b787fad1f44f5bca8d1de4d40aa6a - - default default] 10.0.0.2 "DELETE /v2.0/networks/abf84240-81be-4061-ae02-61de820578c4 HTTP/1.1" status: 204 len: 168 time: 0.5299010
2026-06-15 20:18:28.454 9 WARNING neutron_lib.context [None req-b21a4c58-2b0c-4ba7-b69c-444d56408edb 13d82598400049f58bd3b1564ab8627f e93b787fad1f44f5bca8d1de4d40aa6a - - default default] Method 'is_advsvc' is deprecated since 2023.2 release (neutron-lib 3.8.0) and will be removed once support for the old RBAC API policies will be removed from Neutron. Please use method 'is_service_role' instead.
2026-06-15 20:18:28.721 9 INFO neutron.services.segments.plugin [-] Segment 14d1025c-5a3f-4cb8-ae0b-85578b9208b8 resource provider aggregate not found
2026-06-15 20:18:28.740 9 INFO neutron.services.segments.plugin [-] Segment 14d1025c-5a3f-4cb8-ae0b-85578b9208b8 resource provider aggregate not found
2026-06-15 20:18:28.745 9 INFO neutron.services.segments.plugin [-] Segment 14d1025c-5a3f-4cb8-ae0b-85578b9208b8 resource provider not found; error: Placement Client Error (4xx): {"errors": [{"status": 404, "title": "Not Found", "detail": "The resource could not be found.\n\n No resource provider with uuid 14d1025c-5a3f-4cb8-ae0b-85578b9208b8 found for delete ", "request_id": "req-ad5b210f-d9df-44ad-b6d9-d6941ad56836"}]}
2026-06-15 20:18:28.759 9 INFO neutron.services.segments.plugin [-] Segment 14d1025c-5a3f-4cb8-ae0b-85578b9208b8 resource provider not found; error: Placement Client Error (4xx): {"errors": [{"status": 404, "title": "Not Found", "detail": "The resource could not be found.\n\n No resource provider with uuid 14d1025c-5a3f-4cb8-ae0b-85578b9208b8 found for delete ", "request_id": "req-480e0675-c10b-4034-8061-566ec4d794c4"}]}
2026-06-15 20:18:28.829 9 INFO neutron.wsgi [None req-874e1ae1-579c-4ddd-b581-4a6fa285a425 70fb7ae717a1478f9afda080eb181fa8 fc689b802419437f8590367d69d909b5 - - default default] 10.0.0.2 "DELETE /v2.0/networks/6c3af925-b640-4096-a06c-03b5a434e035 HTTP/1.1" status: 204 len: 168 time: 0.6336412
2026-06-15 20:18:29.026 9 WARNING neutron.scheduler.dhcp_agent_scheduler [None req-b21a4c58-2b0c-4ba7-b69c-444d56408edb 13d82598400049f58bd3b1564ab8627f e93b787fad1f44f5bca8d1de4d40aa6a - - default default] No more DHCP agents
2026-06-15 20:18:29.030 9 WARNING neutron.api.rpc.agentnotifiers.dhcp_rpc_agent_api [None req-b21a4c58-2b0c-4ba7-b69c-444d56408edb 13d82598400049f58bd3b1564ab8627f e93b787fad1f44f5bca8d1de4d40aa6a - - default default] Unable to schedule network 1cc0b5b3-87bb-4949-a24d-83860ff0d0aa: no agents available; will retry on subsequent port and subnet creation events.
2026-06-15 20:18:29.233 9 INFO neutron.db.ovn_revision_numbers_db [None req-b21a4c58-2b0c-4ba7-b69c-444d56408edb 13d82598400049f58bd3b1564ab8627f e93b787fad1f44f5bca8d1de4d40aa6a - - default default] Successfully bumped revision number for resource 406edce1-9a9e-4cfb-8aa8-9b770ddecec6 (type: ports) to 1
2026-06-15 20:18:29.260 10 INFO neutron.wsgi [None req-2a7e7152-3054-4ca6-8a1c-8611a5a9da55 70fb7ae717a1478f9afda080eb181fa8 fc689b802419437f8590367d69d909b5 - - default default] 10.0.0.2 "DELETE /v2.0/networks/fb7071c8-07dd-4510-b137-71470571b8c3 HTTP/1.1" status: 204 len: 168 time: 0.4267471
2026-06-15 20:18:29.477 9 INFO neutron.db.ovn_revision_numbers_db [None req-eed901c4-1e57-44ca-b898-18f2914de147 c5566c77d8554827b04219e520158dcc ff953eb8fa8744029a526014db8e6272 - - default default] Successfully bumped revision number for resource 99834f98-dc87-42e9-98d1-9c95fa6adae2 (type: security_groups) to 1
2026-06-15 20:18:29.528 9 INFO neutron.db.ovn_revision_numbers_db [None req-eed901c4-1e57-44ca-b898-18f2914de147 c5566c77d8554827b04219e520158dcc ff953eb8fa8744029a526014db8e6272 - - default default] Successfully bumped revision number for resource 2cad64b9-2956-491e-a89a-fc0e7fcdde3d (type: security_group_rules) to 0
2026-06-15 20:18:29.593 9 INFO neutron.db.ovn_revision_numbers_db [None req-eed901c4-1e57-44ca-b898-18f2914de147 c5566c77d8554827b04219e520158dcc ff953eb8fa8744029a526014db8e6272 - - default default] Successfully bumped revision number for resource 7feb5ead-ed4e-4136-b3c3-ca63b723b25c (type: security_group_rules) to 0
2026-06-15 20:18:29.627 9 INFO neutron.db.ovn_revision_numbers_db [None req-eed901c4-1e57-44ca-b898-18f2914de147 c5566c77d8554827b04219e520158dcc ff953eb8fa8744029a526014db8e6272 - - default default] Successfully bumped revision number for resource f46585e9-707d-4509-9c59-0306fe786816 (type: security_group_rules) to 0
2026-06-15 20:18:29.653 10 INFO neutron.services.segments.plugin [-] Segment baf61140-fbee-41ec-a36d-e76b9b2c21d1 resource provider aggregate not found
2026-06-15 20:18:29.661 10 INFO neutron.services.segments.plugin [-] Segment baf61140-fbee-41ec-a36d-e76b9b2c21d1 resource provider aggregate not found
2026-06-15 20:18:29.678 10 INFO neutron.services.segments.plugin [-] Segment baf61140-fbee-41ec-a36d-e76b9b2c21d1 resource provider not found; error: Placement Client Error (4xx): {"errors": [{"status": 404, "title": "Not Found", "detail": "The resource could not be found.\n\n No resource provider with uuid baf61140-fbee-41ec-a36d-e76b9b2c21d1 found for delete ", "request_id": "req-a20c6dca-8948-4141-9e7a-60fef4aaeb73"}]}
2026-06-15 20:18:29.695 10 INFO neutron.services.segments.plugin [-] Segment d81d9819-06c3-47e7-a01e-321029e2fa4b resource provider aggregate not found
2026-06-15 20:18:29.717 10 INFO neutron.services.segments.plugin [-] Segment d81d9819-06c3-47e7-a01e-321029e2fa4b resource provider not found; error: Placement Client Error (4xx): {"errors": [{"status": 404, "title": "Not Found", "detail": "The resource could not be found.\n\n No resource provider with uuid d81d9819-06c3-47e7-a01e-321029e2fa4b found for delete ", "request_id": "req-4a37c30b-b590-4194-b37a-c9611378b329"}]}
2026-06-15 20:18:29.735 10 INFO neutron.services.segments.plugin [-] Segment baf61140-fbee-41ec-a36d-e76b9b2c21d1 resource provider not found; error: Placement Client Error (4xx): {"errors": [{"status": 404, "title": "Not Found", "detail": "The resource could not be found.\n\n No resource provider with uuid baf61140-fbee-41ec-a36d-e76b9b2c21d1 found for delete ", "request_id": "req-1a8ec393-e150-403f-b413-c7861a874512"}]}
2026-06-15 20:18:29.742 10 INFO neutron.services.segments.plugin [-] Segment 46bc97e1-e191-48b1-97ec-1679f4fe7ac4 resource provider aggregate not found
2026-06-15 20:18:29.759 10 INFO neutron.services.segments.plugin [-] Segment d81d9819-06c3-47e7-a01e-321029e2fa4b resource provider aggregate not found
2026-06-15 20:18:29.767 10 INFO neutron.services.segments.plugin [-] Segment 46bc97e1-e191-48b1-97ec-1679f4fe7ac4 resource provider not found; error: Placement Client Error (4xx): {"errors": [{"status": 404, "title": "Not Found", "detail": "The resource could not be found.\n\n No resource provider with uuid 46bc97e1-e191-48b1-97ec-1679f4fe7ac4 found for delete ", "request_id": "req-6f7f38b4-7556-48ec-a29b-f479f625f7fc"}]}
2026-06-15 20:18:29.778 10 INFO neutron.services.segments.plugin [-] Segment d81d9819-06c3-47e7-a01e-321029e2fa4b resource provider not found; error: Placement Client Error (4xx): {"errors": [{"status": 404, "title": "Not Found", "detail": "The resource could not be found.\n\n No resource provider with uuid d81d9819-06c3-47e7-a01e-321029e2fa4b found for delete ", "request_id": "req-1b937196-3f1c-4a96-99c5-11887753f933"}]}
2026-06-15 20:18:29.798 10 INFO neutron.services.segments.plugin [-] Segment 46bc97e1-e191-48b1-97ec-1679f4fe7ac4 resource provider aggregate not found
2026-06-15 20:18:29.818 10 INFO neutron.services.segments.plugin [-] Segment 46bc97e1-e191-48b1-97ec-1679f4fe7ac4 resource provider not found; error: Placement Client Error (4xx): {"errors": [{"status": 404, "title": "Not Found", "detail": "The resource could not be found.\n\n No resource provider with uuid 46bc97e1-e191-48b1-97ec-1679f4fe7ac4 found for delete ", "request_id": "req-2cac0a00-4ee5-4b2e-b9de-f6265ed30ad7"}]}
2026-06-15 20:18:29.925 9 INFO neutron.db.ovn_revision_numbers_db [None req-eed901c4-1e57-44ca-b898-18f2914de147 c5566c77d8554827b04219e520158dcc ff953eb8fa8744029a526014db8e6272 - - default default] Successfully bumped revision number for resource f913616a-e018-49f9-a328-ec3c07b0ca23 (type: security_group_rules) to 0
2026-06-15 20:18:29.990 9 INFO neutron.wsgi [None req-eed901c4-1e57-44ca-b898-18f2914de147 c5566c77d8554827b04219e520158dcc ff953eb8fa8744029a526014db8e6272 - - default default] 10.0.0.2 "GET /v2.0/security-groups?tenant_id=e90c5bc91196436db4093e8b4d8c628b&name=default HTTP/1.1" status: 200 len: 2996 time: 0.9220567
2026-06-15 20:18:30.020 9 INFO neutron.wsgi [req-3796ae2d-50d5-4a40-b72b-e5a374cf8684 req-1e9dea85-f805-4c9a-bad3-b6bf24d2cbe8 96d87f18fa0c4733bb13a58f273117e0 f5267e4c1aa8464f9a82a73eb19c9817 - - default default] 10.0.0.73 "GET /v2.0/networks?id=bead4ea3-d349-40a0-8f54-1da3a4e57863 HTTP/1.1" status: 200 len: 872 time: 0.3709905
2026-06-15 20:18:30.062 9 INFO neutron.wsgi [req-3796ae2d-50d5-4a40-b72b-e5a374cf8684 req-6a5a3616-2428-407b-97aa-6ba26045dd3e 96d87f18fa0c4733bb13a58f273117e0 f5267e4c1aa8464f9a82a73eb19c9817 - - default default] 10.0.0.73 "GET /v2.0/quotas/f5267e4c1aa8464f9a82a73eb19c9817 HTTP/1.1" status: 200 len: 386 time: 0.0298076
2026-06-15 20:18:30.239 9 INFO neutron.wsgi [req-3796ae2d-50d5-4a40-b72b-e5a374cf8684 req-644383f6-1da6-436c-90f6-c55ab2a41240 96d87f18fa0c4733bb13a58f273117e0 f5267e4c1aa8464f9a82a73eb19c9817 - - default default] 10.0.0.73 "GET /v2.0/ports?tenant_id=f5267e4c1aa8464f9a82a73eb19c9817&fields=id HTTP/1.1" status: 200 len: 302 time: 0.1679177
2026-06-15 20:18:30.251 9 WARNING neutron.plugins.ml2.drivers.ovn.mech_driver.ovsdb.ovn_client [None req-86914d21-580b-4721-979e-e4d514223fae - - - - - -] No port found with ID 9c80f83a-eb24-43e0-ac96-3456edb25af0: RuntimeError: No port found with ID 9c80f83a-eb24-43e0-ac96-3456edb25af0
2026-06-15 20:18:30.326 10 INFO neutron.wsgi [None req-a578b748-e08d-4435-a49a-7bee39e5549c c5566c77d8554827b04219e520158dcc ff953eb8fa8744029a526014db8e6272 - - default default] 10.0.0.2 "DELETE /v2.0/security-groups/99834f98-dc87-42e9-98d1-9c95fa6adae2 HTTP/1.1" status: 204 len: 168 time: 0.3300450
2026-06-15 20:18:30.365 9 INFO neutron.wsgi [req-3796ae2d-50d5-4a40-b72b-e5a374cf8684 req-306a9f64-fc19-4aac-b1b7-b83dea88b1cd e998b3f8a0ec4c11be1bd2fac2b8cdfd e3e4c5b439b843df911641c597c1e8b2 - - bb44992846d24d4a95418caed5772138 bb44992846d24d4a95418caed5772138] 10.0.0.73 "GET /v2.0/networks/bead4ea3-d349-40a0-8f54-1da3a4e57863?fields=segments HTTP/1.1" status: 200 len: 212 time: 0.1135483
2026-06-15 20:18:30.440 9 INFO neutron.wsgi [req-3796ae2d-50d5-4a40-b72b-e5a374cf8684 req-5f7b3782-2197-471a-8378-593466def782 e998b3f8a0ec4c11be1bd2fac2b8cdfd e3e4c5b439b843df911641c597c1e8b2 - - bb44992846d24d4a95418caed5772138 bb44992846d24d4a95418caed5772138] 10.0.0.73 "GET /v2.0/networks/bead4ea3-d349-40a0-8f54-1da3a4e57863?fields=provider%3Aphysical_network&fields=provider%3Anetwork_type HTTP/1.1" status: 200 len: 277 time: 0.0649674
2026-06-15 20:18:30.501 9 INFO neutron.wsgi [None req-d073ab52-249f-40f7-83f8-d4567027d22c 70fb7ae717a1478f9afda080eb181fa8 fc689b802419437f8590367d69d909b5 - - default default] 10.0.0.2 "DELETE /v2.0/networks/5a22017b-ad4d-418b-85e3-f9b77a1f1b1f HTTP/1.1" status: 204 len: 168 time: 1.2349710
2026-06-15 20:18:30.525 9 INFO neutron.db.ovn_revision_numbers_db [None req-b21a4c58-2b0c-4ba7-b69c-444d56408edb 13d82598400049f58bd3b1564ab8627f e93b787fad1f44f5bca8d1de4d40aa6a - - default default] Successfully bumped revision number for resource 406edce1-9a9e-4cfb-8aa8-9b770ddecec6 (type: router_ports) to 1
2026-06-15 20:18:30.612 9 INFO neutron.wsgi [req-4657ebec-9fd5-4faf-b093-b3406e9f3bc0 req-802e1d26-d31d-4d20-9cd5-840cc47097d9 96d87f18fa0c4733bb13a58f273117e0 f5267e4c1aa8464f9a82a73eb19c9817 - - default default] 10.0.0.73 "GET /v2.0/ports?device_id=32fca840-fe05-4a52-b25e-e351b8937aa4 HTTP/1.1" status: 200 len: 210 time: 0.0254018
2026-06-15 20:18:30.687 9 INFO neutron.db.ovn_revision_numbers_db [None req-b21a4c58-2b0c-4ba7-b69c-444d56408edb 13d82598400049f58bd3b1564ab8627f e93b787fad1f44f5bca8d1de4d40aa6a - - default default] Successfully bumped revision number for resource 276fb95a-fc3d-45d2-bc72-98c874b7948e (type: routers) to 2
2026-06-15 20:18:30.758 9 INFO neutron.wsgi [None req-b21a4c58-2b0c-4ba7-b69c-444d56408edb 13d82598400049f58bd3b1564ab8627f e93b787fad1f44f5bca8d1de4d40aa6a - - default default] 10.0.0.2 "POST /v2.0/routers HTTP/1.1" status: 201 len: 868 time: 2.3112547
2026-06-15 20:18:30.771 9 INFO neutron.services.segments.plugin [-] Segment b389eb1b-e828-4c86-ad3d-35f12e0bdc4c resource provider aggregate not found
2026-06-15 20:18:30.793 9 INFO neutron.services.segments.plugin [-] Segment b389eb1b-e828-4c86-ad3d-35f12e0bdc4c resource provider aggregate not found
2026-06-15 20:18:30.801 9 INFO neutron.db.ovn_revision_numbers_db [None req-d534e999-a4a3-4c85-bcdb-9b0ec6121a61 c5566c77d8554827b04219e520158dcc ff953eb8fa8744029a526014db8e6272 - - default default] Successfully bumped revision number for resource acca022e-7c8e-4491-adf0-143b59138af7 (type: security_groups) to 1
2026-06-15 20:18:30.805 9 INFO neutron.services.segments.plugin [-] Segment b389eb1b-e828-4c86-ad3d-35f12e0bdc4c resource provider not found; error: Placement Client Error (4xx): {"errors": [{"status": 404, "title": "Not Found", "detail": "The resource could not be found.\n\n No resource provider with uuid b389eb1b-e828-4c86-ad3d-35f12e0bdc4c found for delete ", "request_id": "req-d534ffbd-e8cb-4f7e-8943-d5e30094f559"}]}
2026-06-15 20:18:30.813 9 INFO neutron.services.segments.plugin [-] Segment b389eb1b-e828-4c86-ad3d-35f12e0bdc4c resource provider not found; error: Placement Client Error (4xx): {"errors": [{"status": 404, "title": "Not Found", "detail": "The resource could not be found.\n\n No resource provider with uuid b389eb1b-e828-4c86-ad3d-35f12e0bdc4c found for delete ", "request_id": "req-53f39ced-e4e7-419f-a2d6-3d0ee557f18c"}]}
2026-06-15 20:18:30.852 10 INFO neutron.wsgi [None req-6e276b56-b12b-440b-bdd5-1392a436f499 13d82598400049f58bd3b1564ab8627f e93b787fad1f44f5bca8d1de4d40aa6a - - default default] 10.0.0.2 "GET /v2.0/routers/276fb95a-fc3d-45d2-bc72-98c874b7948e HTTP/1.1" status: 200 len: 869 time: 0.0875309
2026-06-15 20:18:30.901 9 INFO neutron.db.ovn_revision_numbers_db [None req-d534e999-a4a3-4c85-bcdb-9b0ec6121a61 c5566c77d8554827b04219e520158dcc ff953eb8fa8744029a526014db8e6272 - - default default] Successfully bumped revision number for resource 25cebe7a-ffd4-4e3c-bd3c-e0827b7169ca (type: security_group_rules) to 0
2026-06-15 20:18:30.944 10 INFO neutron.wsgi [None req-0ad1deb6-a05a-4dd2-848e-157e2a9e0d94 13d82598400049f58bd3b1564ab8627f e93b787fad1f44f5bca8d1de4d40aa6a - - default default] 10.0.0.2 "GET /v2.0/routers HTTP/1.1" status: 200 len: 872 time: 0.0862460
2026-06-15 20:18:30.954 9 INFO neutron.db.ovn_revision_numbers_db [None req-d534e999-a4a3-4c85-bcdb-9b0ec6121a61 c5566c77d8554827b04219e520158dcc ff953eb8fa8744029a526014db8e6272 - - default default] Successfully bumped revision number for resource 9d551495-9dfa-475d-aadb-1aebdad21723 (type: security_group_rules) to 0
2026-06-15 20:18:31.133 9 INFO neutron.db.ovn_revision_numbers_db [None req-d534e999-a4a3-4c85-bcdb-9b0ec6121a61 c5566c77d8554827b04219e520158dcc ff953eb8fa8744029a526014db8e6272 - - default default] Successfully bumped revision number for resource c7367e1d-c0eb-479e-8966-b30558304600 (type: security_group_rules) to 0
2026-06-15 20:18:31.167 9 INFO neutron.db.ovn_revision_numbers_db [None req-d534e999-a4a3-4c85-bcdb-9b0ec6121a61 c5566c77d8554827b04219e520158dcc ff953eb8fa8744029a526014db8e6272 - - default default] Successfully bumped revision number for resource f2064182-b641-41fc-a302-e293842680b9 (type: security_group_rules) to 0
2026-06-15 20:18:31.183 10 INFO neutron.wsgi [-] 10.0.0.12 "GET / HTTP/1.1" status: 200 len: 246 time: 0.0024898
2026-06-15 20:18:31.186 10 INFO neutron.wsgi [-] 10.0.0.12 "GET / HTTP/1.1" status: 200 len: 246 time: 0.0018086
2026-06-15 20:18:31.201 9 INFO neutron.wsgi [None req-d534e999-a4a3-4c85-bcdb-9b0ec6121a61 c5566c77d8554827b04219e520158dcc ff953eb8fa8744029a526014db8e6272 - - default default] 10.0.0.2 "GET /v2.0/security-groups?tenant_id=36f264c23c7b41698921079cb5cae195&name=default HTTP/1.1" status: 200 len: 2996 time: 0.6816504
2026-06-15 20:18:31.621 10 INFO neutron.db.ovn_revision_numbers_db [None req-1285979f-06b7-4913-86e0-806ea15a547f 13d82598400049f58bd3b1564ab8627f e93b787fad1f44f5bca8d1de4d40aa6a - - default default] Successfully bumped revision number for resource 276fb95a-fc3d-45d2-bc72-98c874b7948e (type: routers) to 3
2026-06-15 20:18:31.628 10 INFO neutron.wsgi [None req-1285979f-06b7-4913-86e0-806ea15a547f 13d82598400049f58bd3b1564ab8627f e93b787fad1f44f5bca8d1de4d40aa6a - - default default] 10.0.0.2 "PUT /v2.0/routers/276fb95a-fc3d-45d2-bc72-98c874b7948e HTTP/1.1" status: 200 len: 876 time: 0.6786056
2026-06-15 20:18:31.716 9 INFO neutron.wsgi [req-12e135db-3e29-4eeb-8697-4a8c8406f3b3 req-048002bf-0ea5-489e-a034-d51e4a7994fb 96d87f18fa0c4733bb13a58f273117e0 f5267e4c1aa8464f9a82a73eb19c9817 - - default default] 10.0.0.73 "GET /v2.0/ports?device_id=32fca840-fe05-4a52-b25e-e351b8937aa4 HTTP/1.1" status: 200 len: 210 time: 0.0233011
2026-06-15 20:18:31.722 9 INFO neutron.wsgi [None req-4049b065-7a89-4dcb-8102-6cccfb59054e c5566c77d8554827b04219e520158dcc ff953eb8fa8744029a526014db8e6272 - - default default] 10.0.0.2 "DELETE /v2.0/security-groups/acca022e-7c8e-4491-adf0-143b59138af7 HTTP/1.1" status: 204 len: 168 time: 0.5143573
2026-06-15 20:18:31.757 9 INFO neutron.wsgi [None req-8b5a7910-6440-44c2-8196-78576ae00e57 13d82598400049f58bd3b1564ab8627f e93b787fad1f44f5bca8d1de4d40aa6a - - default default] 10.0.0.2 "GET /v2.0/routers/276fb95a-fc3d-45d2-bc72-98c874b7948e HTTP/1.1" status: 200 len: 876 time: 0.1250749
2026-06-15 20:18:31.782 9 INFO neutron.wsgi [None req-49bfbc2c-40b0-486a-888d-6b724874e085 13d82598400049f58bd3b1564ab8627f e93b787fad1f44f5bca8d1de4d40aa6a - - default default] 10.0.0.2 "GET /v2.0/ports?device_id=276fb95a-fc3d-45d2-bc72-98c874b7948e HTTP/1.1" status: 200 len: 205 time: 0.0198672
2026-06-15 20:18:31.836 10 WARNING neutron.plugins.ml2.drivers.ovn.mech_driver.ovsdb.ovn_client [None req-0d1ee76d-1634-4522-9c65-e7b936d81835 - - - - - -] No hosting information found for port 4fab5d8c-c614-475e-a91d-0aca8490fb6b: RuntimeError: No hosting information found for port 4fab5d8c-c614-475e-a91d-0aca8490fb6b
2026-06-15 20:18:31.836 10 INFO neutron.plugins.ml2.drivers.ovn.mech_driver.mech_driver [None req-0d1ee76d-1634-4522-9c65-e7b936d81835 - - - - - -] OVN reports status up for port: 406edce1-9a9e-4cfb-8aa8-9b770ddecec6
2026-06-15 20:18:31.844 10 INFO neutron.plugins.ml2.plugin [None req-0d1ee76d-1634-4522-9c65-e7b936d81835 - - - - - -] Attempt 1 to provision port 406edce1-9a9e-4cfb-8aa8-9b770ddecec6
2026-06-15 20:18:32.670 10 INFO neutron.wsgi [req-3796ae2d-50d5-4a40-b72b-e5a374cf8684 req-0e9cb7de-ce45-423d-8ad4-e3a396e57932 96d87f18fa0c4733bb13a58f273117e0 f5267e4c1aa8464f9a82a73eb19c9817 - - default default] 199.19.213.125 "GET /v2.0/networks?id=bead4ea3-d349-40a0-8f54-1da3a4e57863 HTTP/1.1" status: 200 len: 872 time: 0.1599412
2026-06-15 20:18:32.681 10 WARNING neutron_lib.context [req-3796ae2d-50d5-4a40-b72b-e5a374cf8684 req-a1f782db-37d8-471a-a63d-c5ec2f3e9af5 96d87f18fa0c4733bb13a58f273117e0 f5267e4c1aa8464f9a82a73eb19c9817 - - default default] Method 'is_advsvc' is deprecated since 2023.2 release (neutron-lib 3.8.0) and will be removed once support for the old RBAC API policies will be removed from Neutron. Please use method 'is_service_role' instead.
2026-06-15 20:18:32.683 9 INFO neutron.wsgi [None req-31ae3430-c2cc-42e1-a258-031aa283ccaf c5566c77d8554827b04219e520158dcc ff953eb8fa8744029a526014db8e6272 - - default default] 10.0.0.2 "GET /v2.0/security-groups?tenant_id=fc689b802419437f8590367d69d909b5&name=default HTTP/1.1" status: 200 len: 2996 time: 0.4212286
2026-06-15 20:18:32.826 9 INFO neutron.wsgi [req-2bb83636-345b-4c0d-910a-600b5dbc753f req-4626a2f3-2a3b-4219-92cd-343aeade1205 96d87f18fa0c4733bb13a58f273117e0 f5267e4c1aa8464f9a82a73eb19c9817 - - default default] 10.0.0.73 "GET /v2.0/ports?device_id=32fca840-fe05-4a52-b25e-e351b8937aa4 HTTP/1.1" status: 200 len: 210 time: 0.0284033
2026-06-15 20:18:33.387 9 INFO neutron.wsgi [None req-5668d3ce-d6ec-4eb4-a443-645e8f0784fc c5566c77d8554827b04219e520158dcc ff953eb8fa8744029a526014db8e6272 - - default default] 10.0.0.2 "DELETE /v2.0/security-groups/aee63cf3-917b-433a-90ae-bc6cc4db9e5e HTTP/1.1" status: 204 len: 168 time: 0.6983285
2026-06-15 20:18:33.624 9 INFO neutron.wsgi [None req-e2c49ddc-4f70-49b2-bd69-dc0175d92fe5 13d82598400049f58bd3b1564ab8627f e93b787fad1f44f5bca8d1de4d40aa6a - - default default] 10.0.0.2 "DELETE /v2.0/routers/276fb95a-fc3d-45d2-bc72-98c874b7948e HTTP/1.1" status: 204 len: 168 time: 1.8367782
2026-06-15 20:18:33.665 9 INFO neutron.wsgi [None req-dbba1e7f-4c8a-4f22-bf5d-3ff0bda17851 13d82598400049f58bd3b1564ab8627f e93b787fad1f44f5bca8d1de4d40aa6a - - default default] 10.0.0.2 "GET /v2.0/ports?device_id=276fb95a-fc3d-45d2-bc72-98c874b7948e HTTP/1.1" status: 200 len: 205 time: 0.0318918
2026-06-15 20:18:33.707 9 INFO neutron.api.v2.resource [None req-ac684916-ffdf-4973-bff0-fb8fb64cf954 13d82598400049f58bd3b1564ab8627f e93b787fad1f44f5bca8d1de4d40aa6a - - default default] delete failed (client error): The resource could not be found.
2026-06-15 20:18:33.709 9 INFO neutron.wsgi [None req-ac684916-ffdf-4973-bff0-fb8fb64cf954 13d82598400049f58bd3b1564ab8627f e93b787fad1f44f5bca8d1de4d40aa6a - - default default] 10.0.0.2 "DELETE /v2.0/routers/276fb95a-fc3d-45d2-bc72-98c874b7948e HTTP/1.1" status: 404 len: 336 time: 0.0380445
2026-06-15 20:18:33.765 9 INFO neutron.wsgi [None req-41c3ac5e-d9ef-4284-8197-cc57f64743ea 13d82598400049f58bd3b1564ab8627f e93b787fad1f44f5bca8d1de4d40aa6a - - default default] 10.0.0.2 "GET /v2.0/ports?device_id=fdffd2c2-64d3-4661-909b-b910799503a7 HTTP/1.1" status: 200 len: 205 time: 0.0201621
2026-06-15 20:18:33.789 9 INFO neutron.api.v2.resource [None req-3ed069b7-39e1-44b2-93bd-db2c68ae1d85 13d82598400049f58bd3b1564ab8627f e93b787fad1f44f5bca8d1de4d40aa6a - - default default] delete failed (client error): The resource could not be found.
2026-06-15 20:18:33.790 9 INFO neutron.wsgi [None req-3ed069b7-39e1-44b2-93bd-db2c68ae1d85 13d82598400049f58bd3b1564ab8627f e93b787fad1f44f5bca8d1de4d40aa6a - - default default] 10.0.0.2 "DELETE /v2.0/routers/fdffd2c2-64d3-4661-909b-b910799503a7 HTTP/1.1" status: 404 len: 336 time: 0.0213063
2026-06-15 20:18:33.814 9 INFO neutron.pecan_wsgi.hooks.translation [None req-ebac0214-bf1b-415c-b221-200e8d6f9d4e 13d82598400049f58bd3b1564ab8627f e93b787fad1f44f5bca8d1de4d40aa6a - - default default] DELETE failed (client error): The resource could not be found.
