2026-06-15 20:20:06.611 9 INFO neutron.wsgi [req-6aaa5e3b-b748-4bb1-a8b9-068ed3a9c248 req-e38d3ffb-d129-4464-b7ac-d3898f1eacff c5566c77d8554827b04219e520158dcc ff953eb8fa8744029a526014db8e6272 - - default default] 10.0.0.73 "GET /v2.0/ports?device_id=8a105b46-18cb-485e-94a9-1bbc6fc818bd HTTP/1.1" status: 200 len: 210 time: 0.0333593
2026-06-15 20:20:06.727 10 WARNING neutron.scheduler.dhcp_agent_scheduler [None req-e330e174-74f7-4838-8ca5-4b6ccb53f27e c5566c77d8554827b04219e520158dcc ff953eb8fa8744029a526014db8e6272 - - default default] No more DHCP agents
2026-06-15 20:20:06.733 10 WARNING neutron.api.rpc.agentnotifiers.dhcp_rpc_agent_api [None req-e330e174-74f7-4838-8ca5-4b6ccb53f27e c5566c77d8554827b04219e520158dcc ff953eb8fa8744029a526014db8e6272 - - default default] Unable to schedule network 0d4174e8-289f-4288-95f3-be1dbcb2a6db: no agents available; will retry on subsequent port and subnet creation events.
2026-06-15 20:20:06.831 10 INFO neutron.db.ovn_revision_numbers_db [None req-e330e174-74f7-4838-8ca5-4b6ccb53f27e c5566c77d8554827b04219e520158dcc ff953eb8fa8744029a526014db8e6272 - - default default] Successfully bumped revision number for resource 93c4a8e9-9341-44c1-bfae-d262ca417e1d (type: ports) to 1
2026-06-15 20:20:06.860 10 INFO neutron.wsgi [None req-e330e174-74f7-4838-8ca5-4b6ccb53f27e c5566c77d8554827b04219e520158dcc ff953eb8fa8744029a526014db8e6272 - - default default] 10.0.0.2 "POST /v2.0/networks HTTP/1.1" status: 201 len: 943 time: 0.8760555
2026-06-15 20:20:07.043 10 WARNING neutron.scheduler.dhcp_agent_scheduler [None req-f40a1164-0104-40d8-b3d6-7ab47be11a04 c5566c77d8554827b04219e520158dcc ff953eb8fa8744029a526014db8e6272 - - default default] No more DHCP agents
2026-06-15 20:20:07.046 10 WARNING neutron.api.rpc.agentnotifiers.dhcp_rpc_agent_api [None req-f40a1164-0104-40d8-b3d6-7ab47be11a04 c5566c77d8554827b04219e520158dcc ff953eb8fa8744029a526014db8e6272 - - default default] Unable to schedule network 0d4174e8-289f-4288-95f3-be1dbcb2a6db: no agents available; will retry on subsequent port and subnet creation events.
2026-06-15 20:20:07.205 9 INFO neutron.wsgi [req-950357b8-e0da-4ffe-bc61-1448c4e5d184 req-724dce69-ba29-4dd7-8fad-c0c270517207 c5566c77d8554827b04219e520158dcc ff953eb8fa8744029a526014db8e6272 - - default default] 199.19.213.125 "GET /v2.0/networks?id=ec4f6176-5271-4ac3-be59-35bfbad4a778 HTTP/1.1" status: 200 len: 936 time: 0.0954397
2026-06-15 20:20:07.265 9 INFO neutron.wsgi [req-950357b8-e0da-4ffe-bc61-1448c4e5d184 req-25639935-b2c7-4e62-8ce0-f3c351eb990a c5566c77d8554827b04219e520158dcc ff953eb8fa8744029a526014db8e6272 - - default default] 199.19.213.125 "GET /v2.0/security-groups?fields=id&fields=name&tenant_id=ff953eb8fa8744029a526014db8e6272 HTTP/1.1" status: 200 len: 542 time: 0.0536187
2026-06-15 20:20:07.492 10 INFO neutron.db.ovn_revision_numbers_db [None req-f40a1164-0104-40d8-b3d6-7ab47be11a04 c5566c77d8554827b04219e520158dcc ff953eb8fa8744029a526014db8e6272 - - default default] Successfully bumped revision number for resource 93c4a8e9-9341-44c1-bfae-d262ca417e1d (type: ports) to 2
2026-06-15 20:20:07.513 9 WARNING neutron.scheduler.dhcp_agent_scheduler [req-950357b8-e0da-4ffe-bc61-1448c4e5d184 req-0b4badcb-4969-43f0-9a23-83f90b89d77b c5566c77d8554827b04219e520158dcc ff953eb8fa8744029a526014db8e6272 - - default default] No more DHCP agents
2026-06-15 20:20:07.514 9 WARNING neutron.api.rpc.agentnotifiers.dhcp_rpc_agent_api [req-950357b8-e0da-4ffe-bc61-1448c4e5d184 req-0b4badcb-4969-43f0-9a23-83f90b89d77b c5566c77d8554827b04219e520158dcc ff953eb8fa8744029a526014db8e6272 - - default default] Unable to schedule network ec4f6176-5271-4ac3-be59-35bfbad4a778: no agents available; will retry on subsequent port and subnet creation events.
2026-06-15 20:20:07.523 10 INFO neutron.db.ovn_revision_numbers_db [None req-f40a1164-0104-40d8-b3d6-7ab47be11a04 c5566c77d8554827b04219e520158dcc ff953eb8fa8744029a526014db8e6272 - - default default] Successfully bumped revision number for resource 60178fc3-de96-4373-9789-6818ecea195b (type: subnets) to 0
2026-06-15 20:20:07.540 10 INFO neutron.wsgi [None req-f40a1164-0104-40d8-b3d6-7ab47be11a04 c5566c77d8554827b04219e520158dcc ff953eb8fa8744029a526014db8e6272 - - default default] 10.0.0.2 "POST /v2.0/subnets HTTP/1.1" status: 201 len: 863 time: 0.6757922 /var/lib/openstack/lib/python3.10/site-packages/pycadf/identifier.py:71: UserWarning: Invalid uuid: neutron. To ensure interoperability, identifiers should be a valid uuid. warnings.warn(('Invalid uuid: %s. To ensure interoperability, '
2026-06-15 20:20:07.770 9 INFO neutron.db.ovn_revision_numbers_db [req-950357b8-e0da-4ffe-bc61-1448c4e5d184 req-0b4badcb-4969-43f0-9a23-83f90b89d77b c5566c77d8554827b04219e520158dcc ff953eb8fa8744029a526014db8e6272 - - default default] Successfully bumped revision number for resource 42e633ca-7def-4042-b58c-5272b981fc52 (type: ports) to 1
2026-06-15 20:20:07.817 9 INFO neutron.wsgi [req-950357b8-e0da-4ffe-bc61-1448c4e5d184 req-0b4badcb-4969-43f0-9a23-83f90b89d77b c5566c77d8554827b04219e520158dcc ff953eb8fa8744029a526014db8e6272 - - default default] 199.19.213.125 "POST /v2.0/ports HTTP/1.1" status: 201 len: 1287 time: 0.5465858 /var/lib/openstack/lib/python3.10/site-packages/pycadf/identifier.py:71: UserWarning: Invalid uuid: neutron. To ensure interoperability, identifiers should be a valid uuid. warnings.warn(('Invalid uuid: %s. To ensure interoperability, '
2026-06-15 20:20:08.161 9 WARNING neutron.scheduler.dhcp_agent_scheduler [None req-a3697594-038a-4042-8da5-fea0e3b549fd c5566c77d8554827b04219e520158dcc ff953eb8fa8744029a526014db8e6272 - - default default] No more DHCP agents
2026-06-15 20:20:08.171 9 WARNING neutron.api.rpc.agentnotifiers.dhcp_rpc_agent_api [None req-a3697594-038a-4042-8da5-fea0e3b549fd c5566c77d8554827b04219e520158dcc ff953eb8fa8744029a526014db8e6272 - - default default] Unable to schedule network 1cc0b5b3-87bb-4949-a24d-83860ff0d0aa: no agents available; will retry on subsequent port and subnet creation events.
2026-06-15 20:20:08.403 9 INFO neutron.db.ovn_revision_numbers_db [None req-a3697594-038a-4042-8da5-fea0e3b549fd c5566c77d8554827b04219e520158dcc ff953eb8fa8744029a526014db8e6272 - - default default] Successfully bumped revision number for resource 6e0de95a-1a8e-445d-8892-7fcfa893c3d1 (type: ports) to 1
2026-06-15 20:20:08.438 9 INFO neutron.db.ovn_revision_numbers_db [req-950357b8-e0da-4ffe-bc61-1448c4e5d184 req-69bb5a14-347f-4efe-8bbf-c176de080091 e998b3f8a0ec4c11be1bd2fac2b8cdfd e3e4c5b439b843df911641c597c1e8b2 - - bb44992846d24d4a95418caed5772138 bb44992846d24d4a95418caed5772138] Successfully bumped revision number for resource 42e633ca-7def-4042-b58c-5272b981fc52 (type: ports) to 2
2026-06-15 20:20:09.036 9 INFO neutron.db.ovn_revision_numbers_db [req-950357b8-e0da-4ffe-bc61-1448c4e5d184 req-69bb5a14-347f-4efe-8bbf-c176de080091 e998b3f8a0ec4c11be1bd2fac2b8cdfd e3e4c5b439b843df911641c597c1e8b2 - - bb44992846d24d4a95418caed5772138 bb44992846d24d4a95418caed5772138] Successfully bumped revision number for resource 42e633ca-7def-4042-b58c-5272b981fc52 (type: ports) to 2
2026-06-15 20:20:09.057 9 INFO neutron.wsgi [req-950357b8-e0da-4ffe-bc61-1448c4e5d184 req-69bb5a14-347f-4efe-8bbf-c176de080091 e998b3f8a0ec4c11be1bd2fac2b8cdfd e3e4c5b439b843df911641c597c1e8b2 - - bb44992846d24d4a95418caed5772138 bb44992846d24d4a95418caed5772138] 199.19.213.125 "PUT /v2.0/ports/42e633ca-7def-4042-b58c-5272b981fc52 HTTP/1.1" status: 200 len: 1384 time: 1.2319601 /var/lib/openstack/lib/python3.10/site-packages/pycadf/identifier.py:71: UserWarning: Invalid uuid: neutron. To ensure interoperability, identifiers should be a valid uuid. warnings.warn(('Invalid uuid: %s. To ensure interoperability, '
2026-06-15 20:20:09.119 9 INFO neutron.notifiers.nova [-] Nova event matching ['req-457146b8-5ff0-4125-a615-80f8159d6a9c'] response: {'name': 'network-changed', 'server_uuid': '8a105b46-18cb-485e-94a9-1bbc6fc818bd', 'tag': '42e633ca-7def-4042-b58c-5272b981fc52', 'status': 'completed', 'code': 200}
2026-06-15 20:20:09.146 9 INFO neutron.wsgi [req-950357b8-e0da-4ffe-bc61-1448c4e5d184 req-0d228e02-d7bc-409f-9b94-46732f302d5a e998b3f8a0ec4c11be1bd2fac2b8cdfd e3e4c5b439b843df911641c597c1e8b2 - - bb44992846d24d4a95418caed5772138 bb44992846d24d4a95418caed5772138] 199.19.213.125 "GET /v2.0/ports?tenant_id=ff953eb8fa8744029a526014db8e6272&device_id=8a105b46-18cb-485e-94a9-1bbc6fc818bd HTTP/1.1" status: 200 len: 1415 time: 0.0472383
2026-06-15 20:20:09.188 9 INFO neutron.wsgi [req-950357b8-e0da-4ffe-bc61-1448c4e5d184 req-6a370ff0-63e5-499c-b75c-3b2b93b07752 e998b3f8a0ec4c11be1bd2fac2b8cdfd e3e4c5b439b843df911641c597c1e8b2 - - bb44992846d24d4a95418caed5772138 bb44992846d24d4a95418caed5772138] 199.19.213.125 "GET /v2.0/floatingips?fixed_ip_address=172.24.0.186&port_id=42e633ca-7def-4042-b58c-5272b981fc52 HTTP/1.1" status: 200 len: 217 time: 0.0346079
2026-06-15 20:20:09.245 9 INFO neutron.wsgi [req-950357b8-e0da-4ffe-bc61-1448c4e5d184 req-a62e67ca-49d8-4e27-b923-89328196029b e998b3f8a0ec4c11be1bd2fac2b8cdfd e3e4c5b439b843df911641c597c1e8b2 - - bb44992846d24d4a95418caed5772138 bb44992846d24d4a95418caed5772138] 199.19.213.125 "GET /v2.0/subnets?id=26a6112b-e31e-4743-9edb-0888e1ef287c HTTP/1.1" status: 200 len: 829 time: 0.0492296
2026-06-15 20:20:09.293 9 INFO neutron.wsgi [req-950357b8-e0da-4ffe-bc61-1448c4e5d184 req-9caddf9a-7f19-4fc6-8275-49259f57348f e998b3f8a0ec4c11be1bd2fac2b8cdfd e3e4c5b439b843df911641c597c1e8b2 - - bb44992846d24d4a95418caed5772138 bb44992846d24d4a95418caed5772138] 199.19.213.125 "GET /v2.0/ports?network_id=ec4f6176-5271-4ac3-be59-35bfbad4a778&device_owner=network%3Adhcp HTTP/1.1" status: 200 len: 210 time: 0.0362461
2026-06-15 20:20:09.393 9 INFO neutron.wsgi [req-950357b8-e0da-4ffe-bc61-1448c4e5d184 req-d2f5fd60-e570-4243-8869-1a658375c95a e998b3f8a0ec4c11be1bd2fac2b8cdfd e3e4c5b439b843df911641c597c1e8b2 - - bb44992846d24d4a95418caed5772138 bb44992846d24d4a95418caed5772138] 199.19.213.125 "GET /v2.0/networks/ec4f6176-5271-4ac3-be59-35bfbad4a778?fields=segments HTTP/1.1" status: 200 len: 212 time: 0.0952587
2026-06-15 20:20:09.473 9 INFO neutron.wsgi [req-950357b8-e0da-4ffe-bc61-1448c4e5d184 req-b4279490-c9f5-490e-9843-335eafd8d620 e998b3f8a0ec4c11be1bd2fac2b8cdfd e3e4c5b439b843df911641c597c1e8b2 - - bb44992846d24d4a95418caed5772138 bb44992846d24d4a95418caed5772138] 199.19.213.125 "GET /v2.0/networks/ec4f6176-5271-4ac3-be59-35bfbad4a778?fields=provider%3Aphysical_network&fields=provider%3Anetwork_type HTTP/1.1" status: 200 len: 277 time: 0.0748215
2026-06-15 20:20:09.518 10 INFO neutron.plugins.ml2.drivers.ovn.mech_driver.ovsdb.ovsdb_monitor [None req-da02740d-43ae-4f2c-85f1-61dfc3a9e9b6 - - - - - -] Router db332aa5-3ccf-402c-a392-863b44a4d91b is bound to host instance
2026-06-15 20:20:09.566 9 INFO neutron.wsgi [req-16ebc911-81ca-448c-bd3f-95db6b2b6110 req-4245f49c-156f-48cb-981e-42044ff5b5b5 e998b3f8a0ec4c11be1bd2fac2b8cdfd e3e4c5b439b843df911641c597c1e8b2 - - bb44992846d24d4a95418caed5772138 bb44992846d24d4a95418caed5772138] 199.19.213.125 "GET /v2.0/ports?tenant_id=ff953eb8fa8744029a526014db8e6272&device_id=8a105b46-18cb-485e-94a9-1bbc6fc818bd HTTP/1.1" status: 200 len: 1415 time: 0.0542605
2026-06-15 20:20:09.567 9 INFO neutron.db.ovn_revision_numbers_db [None req-a3697594-038a-4042-8da5-fea0e3b549fd c5566c77d8554827b04219e520158dcc ff953eb8fa8744029a526014db8e6272 - - default default] Successfully bumped revision number for resource 6e0de95a-1a8e-445d-8892-7fcfa893c3d1 (type: router_ports) to 1
2026-06-15 20:20:09.683 9 INFO neutron.wsgi [req-6c6ba942-679e-418f-b501-65cadbbad042 req-001e9f94-8bfc-4602-9364-8083d9e22d71 c5566c77d8554827b04219e520158dcc ff953eb8fa8744029a526014db8e6272 - - default default] 10.0.0.73 "GET /v2.0/ports?device_id=8a105b46-18cb-485e-94a9-1bbc6fc818bd HTTP/1.1" status: 200 len: 1415 time: 0.0457268
2026-06-15 20:20:09.715 9 INFO neutron.wsgi [req-16ebc911-81ca-448c-bd3f-95db6b2b6110 req-640646a2-aab1-452e-bc1d-3feceadd091d e998b3f8a0ec4c11be1bd2fac2b8cdfd e3e4c5b439b843df911641c597c1e8b2 - - bb44992846d24d4a95418caed5772138 bb44992846d24d4a95418caed5772138] 199.19.213.125 "GET /v2.0/networks?id=ec4f6176-5271-4ac3-be59-35bfbad4a778 HTTP/1.1" status: 200 len: 936 time: 0.1252010
2026-06-15 20:20:09.718 9 INFO neutron.db.ovn_revision_numbers_db [None req-a3697594-038a-4042-8da5-fea0e3b549fd c5566c77d8554827b04219e520158dcc ff953eb8fa8744029a526014db8e6272 - - default default] Successfully bumped revision number for resource db332aa5-3ccf-402c-a392-863b44a4d91b (type: routers) to 2
2026-06-15 20:20:09.728 10 INFO neutron.wsgi [req-a816883a-aeb9-4cfa-8523-0b19e47763e0 req-6ec7a6ca-46f5-471d-a55d-725d4feff45d e998b3f8a0ec4c11be1bd2fac2b8cdfd e3e4c5b439b843df911641c597c1e8b2 - - bb44992846d24d4a95418caed5772138 bb44992846d24d4a95418caed5772138] 199.19.213.125 "GET /v2.0/ports?device_id=8a105b46-18cb-485e-94a9-1bbc6fc818bd HTTP/1.1" status: 200 len: 1415 time: 0.0527229
2026-06-15 20:20:09.737 9 INFO neutron.wsgi [None req-a3697594-038a-4042-8da5-fea0e3b549fd c5566c77d8554827b04219e520158dcc ff953eb8fa8744029a526014db8e6272 - - default default] 10.0.0.2 "POST /v2.0/routers HTTP/1.1" status: 201 len: 874 time: 2.1919653
2026-06-15 20:20:09.755 9 INFO neutron.wsgi [req-16ebc911-81ca-448c-bd3f-95db6b2b6110 req-4fc74942-5d8a-4b07-8607-a3eb2aadc5cf e998b3f8a0ec4c11be1bd2fac2b8cdfd e3e4c5b439b843df911641c597c1e8b2 - - bb44992846d24d4a95418caed5772138 bb44992846d24d4a95418caed5772138] 199.19.213.125 "GET /v2.0/floatingips?fixed_ip_address=172.24.0.186&port_id=42e633ca-7def-4042-b58c-5272b981fc52 HTTP/1.1" status: 200 len: 217 time: 0.0310357
2026-06-15 20:20:09.777 9 INFO neutron.wsgi [req-6c6ba942-679e-418f-b501-65cadbbad042 req-72c1f53f-042c-4eb7-afa5-7162384f589f c5566c77d8554827b04219e520158dcc ff953eb8fa8744029a526014db8e6272 - - default default] 10.0.0.73 "GET /v2.0/security-groups?id=a852dbf5-593e-4084-a3d5-23165a60e6cd&fields=id&fields=name HTTP/1.1" status: 200 len: 294 time: 0.0850556
2026-06-15 20:20:09.798 9 INFO neutron.wsgi [req-16ebc911-81ca-448c-bd3f-95db6b2b6110 req-5de5413d-b06c-424b-9a69-6f581e32f0a0 e998b3f8a0ec4c11be1bd2fac2b8cdfd e3e4c5b439b843df911641c597c1e8b2 - - bb44992846d24d4a95418caed5772138 bb44992846d24d4a95418caed5772138] 199.19.213.125 "GET /v2.0/subnets?id=26a6112b-e31e-4743-9edb-0888e1ef287c HTTP/1.1" status: 200 len: 829 time: 0.0360880
2026-06-15 20:20:09.823 9 INFO neutron.wsgi [req-16ebc911-81ca-448c-bd3f-95db6b2b6110 req-431a095a-aa6b-439e-8352-116849bf0165 e998b3f8a0ec4c11be1bd2fac2b8cdfd e3e4c5b439b843df911641c597c1e8b2 - - bb44992846d24d4a95418caed5772138 bb44992846d24d4a95418caed5772138] 199.19.213.125 "GET /v2.0/ports?network_id=ec4f6176-5271-4ac3-be59-35bfbad4a778&device_owner=network%3Adhcp HTTP/1.1" status: 200 len: 210 time: 0.0165980
2026-06-15 20:20:09.867 10 INFO neutron.wsgi [req-a816883a-aeb9-4cfa-8523-0b19e47763e0 req-473b06b6-2b1b-4283-888a-94e0d236f21c e998b3f8a0ec4c11be1bd2fac2b8cdfd e3e4c5b439b843df911641c597c1e8b2 - - bb44992846d24d4a95418caed5772138 bb44992846d24d4a95418caed5772138] 199.19.213.125 "GET /v2.0/security-groups?id=a852dbf5-593e-4084-a3d5-23165a60e6cd&fields=id&fields=name HTTP/1.1" status: 200 len: 294 time: 0.1280029
2026-06-15 20:20:09.896 9 INFO neutron.wsgi [req-07611c20-49a7-447f-bc56-6565f8c68f15 req-6261c43a-be45-40e0-b445-a5db1ac1d817 c5566c77d8554827b04219e520158dcc ff953eb8fa8744029a526014db8e6272 - - default default] 10.0.0.73 "GET /v2.0/ports?device_id=8a105b46-18cb-485e-94a9-1bbc6fc818bd HTTP/1.1" status: 200 len: 1415 time: 0.0462329
2026-06-15 20:20:09.911 9 INFO neutron.wsgi [req-16ebc911-81ca-448c-bd3f-95db6b2b6110 req-a2b0f7be-94dd-4db5-ac1a-ae7b39e66309 e998b3f8a0ec4c11be1bd2fac2b8cdfd e3e4c5b439b843df911641c597c1e8b2 - - bb44992846d24d4a95418caed5772138 bb44992846d24d4a95418caed5772138] 199.19.213.125 "GET /v2.0/networks/ec4f6176-5271-4ac3-be59-35bfbad4a778?fields=segments HTTP/1.1" status: 200 len: 212 time: 0.0799363
2026-06-15 20:20:09.969 10 INFO neutron.plugins.ml2.drivers.ovn.mech_driver.mech_driver [None req-0d1ee76d-1634-4522-9c65-e7b936d81835 - - - - - -] OVN reports status up for port: 42e633ca-7def-4042-b58c-5272b981fc52
2026-06-15 20:20:09.981 9 INFO neutron.wsgi [req-16ebc911-81ca-448c-bd3f-95db6b2b6110 req-dd043ad8-9fad-42f3-8dae-d92f76c4555d e998b3f8a0ec4c11be1bd2fac2b8cdfd e3e4c5b439b843df911641c597c1e8b2 - - bb44992846d24d4a95418caed5772138 bb44992846d24d4a95418caed5772138] 199.19.213.125 "GET /v2.0/networks/ec4f6176-5271-4ac3-be59-35bfbad4a778?fields=provider%3Aphysical_network&fields=provider%3Anetwork_type HTTP/1.1" status: 200 len: 277 time: 0.0635929
2026-06-15 20:20:09.997 10 INFO neutron.plugins.ml2.plugin [None req-0d1ee76d-1634-4522-9c65-e7b936d81835 - - - - - -] Attempt 1 to provision port 42e633ca-7def-4042-b58c-5272b981fc52
2026-06-15 20:20:10.196 10 INFO neutron.notifiers.nova [-] Nova event matching ['req-a6f5a160-8f97-4dfe-9fe8-211fb8bd104b'] response: {'server_uuid': '8a105b46-18cb-485e-94a9-1bbc6fc818bd', 'name': 'network-vif-plugged', 'status': 'completed', 'tag': '42e633ca-7def-4042-b58c-5272b981fc52', 'code': 200}
2026-06-15 20:20:10.791 10 INFO neutron.db.ovn_revision_numbers_db [None req-da02740d-43ae-4f2c-85f1-61dfc3a9e9b6 - - - - - -] Successfully bumped revision number for resource 6e0de95a-1a8e-445d-8892-7fcfa893c3d1 (type: ports) to 1
2026-06-15 20:20:10.812 10 INFO neutron.db.ovn_revision_numbers_db [None req-0d1ee76d-1634-4522-9c65-e7b936d81835 - - - - - -] Successfully bumped revision number for resource 42e633ca-7def-4042-b58c-5272b981fc52 (type: ports) to 4
2026-06-15 20:20:10.873 10 WARNING neutron.scheduler.dhcp_agent_scheduler [None req-91b257ff-71db-4936-9e30-36b2aea31322 c5566c77d8554827b04219e520158dcc ff953eb8fa8744029a526014db8e6272 - - default default] No more DHCP agents
2026-06-15 20:20:10.879 10 WARNING neutron.api.rpc.agentnotifiers.dhcp_rpc_agent_api [None req-91b257ff-71db-4936-9e30-36b2aea31322 c5566c77d8554827b04219e520158dcc ff953eb8fa8744029a526014db8e6272 - - default default] Unable to schedule network 0d4174e8-289f-4288-95f3-be1dbcb2a6db: no agents available; will retry on subsequent port and subnet creation events.
2026-06-15 20:20:11.155 10 INFO neutron.db.ovn_revision_numbers_db [None req-91b257ff-71db-4936-9e30-36b2aea31322 c5566c77d8554827b04219e520158dcc ff953eb8fa8744029a526014db8e6272 - - default default] Successfully bumped revision number for resource 4eb47e33-eeae-4304-b236-62f3e80b81c5 (type: ports) to 1
2026-06-15 20:20:11.160 10 INFO neutron.db.ovn_revision_numbers_db [None req-da02740d-43ae-4f2c-85f1-61dfc3a9e9b6 - - - - - -] Successfully bumped revision number for resource 6e0de95a-1a8e-445d-8892-7fcfa893c3d1 (type: router_ports) to 3
2026-06-15 20:20:11.413 10 INFO neutron.db.ovn_revision_numbers_db [None req-da02740d-43ae-4f2c-85f1-61dfc3a9e9b6 - - - - - -] Successfully bumped revision number for resource 6e0de95a-1a8e-445d-8892-7fcfa893c3d1 (type: ports) to 2
2026-06-15 20:20:11.607 9 WARNING neutron.plugins.ml2.drivers.ovn.mech_driver.ovsdb.ovn_client [None req-86914d21-580b-4721-979e-e4d514223fae - - - - - -] No hosting information found for port 451ad562-4e6b-428a-b193-7d6c5adab192: RuntimeError: No hosting information found for port 451ad562-4e6b-428a-b193-7d6c5adab192
2026-06-15 20:20:11.608 9 INFO neutron.plugins.ml2.drivers.ovn.mech_driver.mech_driver [None req-86914d21-580b-4721-979e-e4d514223fae - - - - - -] OVN reports status up for port: 6e0de95a-1a8e-445d-8892-7fcfa893c3d1
2026-06-15 20:20:11.619 9 INFO neutron.plugins.ml2.plugin [None req-86914d21-580b-4721-979e-e4d514223fae - - - - - -] Attempt 1 to provision port 6e0de95a-1a8e-445d-8892-7fcfa893c3d1
2026-06-15 20:20:11.707 10 INFO neutron.db.ovn_revision_numbers_db [None req-da02740d-43ae-4f2c-85f1-61dfc3a9e9b6 - - - - - -] Successfully bumped revision number for resource 6e0de95a-1a8e-445d-8892-7fcfa893c3d1 (type: ports) to 4
2026-06-15 20:20:11.730 9 INFO neutron.plugins.ml2.drivers.ovn.mech_driver.mech_driver [None req-86914d21-580b-4721-979e-e4d514223fae - - - - - -] OVN reports status up for port: 4eb47e33-eeae-4304-b236-62f3e80b81c5
2026-06-15 20:20:11.733 10 INFO neutron.db.ovn_revision_numbers_db [None req-91b257ff-71db-4936-9e30-36b2aea31322 c5566c77d8554827b04219e520158dcc ff953eb8fa8744029a526014db8e6272 - - default default] Successfully bumped revision number for resource 4eb47e33-eeae-4304-b236-62f3e80b81c5 (type: router_ports) to 1
2026-06-15 20:20:11.737 9 INFO neutron.plugins.ml2.plugin [None req-86914d21-580b-4721-979e-e4d514223fae - - - - - -] Attempt 1 to provision port 4eb47e33-eeae-4304-b236-62f3e80b81c5
2026-06-15 20:20:11.946 10 INFO neutron.db.ovn_revision_numbers_db [None req-91b257ff-71db-4936-9e30-36b2aea31322 c5566c77d8554827b04219e520158dcc ff953eb8fa8744029a526014db8e6272 - - default default] Successfully bumped revision number for resource 4eb47e33-eeae-4304-b236-62f3e80b81c5 (type: ports) to 1
2026-06-15 20:20:11.956 10 INFO neutron.db.ovn_revision_numbers_db [None req-da02740d-43ae-4f2c-85f1-61dfc3a9e9b6 - - - - - -] Successfully bumped revision number for resource 6e0de95a-1a8e-445d-8892-7fcfa893c3d1 (type: router_ports) to 4
2026-06-15 20:20:12.023 10 WARNING neutron.scheduler.dhcp_agent_scheduler [None req-91b257ff-71db-4936-9e30-36b2aea31322 c5566c77d8554827b04219e520158dcc ff953eb8fa8744029a526014db8e6272 - - default default] No more DHCP agents
2026-06-15 20:20:12.024 10 WARNING neutron.api.rpc.agentnotifiers.dhcp_rpc_agent_api [None req-91b257ff-71db-4936-9e30-36b2aea31322 c5566c77d8554827b04219e520158dcc ff953eb8fa8744029a526014db8e6272 - - default default] Unable to schedule network 0d4174e8-289f-4288-95f3-be1dbcb2a6db: no agents available; will retry on subsequent port and subnet creation events.
2026-06-15 20:20:12.043 9 INFO neutron.db.ovn_revision_numbers_db [None req-86914d21-580b-4721-979e-e4d514223fae - - - - - -] Successfully bumped revision number for resource 4eb47e33-eeae-4304-b236-62f3e80b81c5 (type: ports) to 2
2026-06-15 20:20:12.144 9 INFO neutron.db.ovn_revision_numbers_db [None req-86914d21-580b-4721-979e-e4d514223fae - - - - - -] Successfully bumped revision number for resource 4eb47e33-eeae-4304-b236-62f3e80b81c5 (type: router_ports) to 2
2026-06-15 20:20:12.241 10 INFO neutron.notifiers.nova [-] Nova event matching ['req-84c16a40-18e2-453a-b6fc-94a1cbf5a162'] response: {'server_uuid': '8a105b46-18cb-485e-94a9-1bbc6fc818bd', 'name': 'network-vif-plugged', 'status': 'completed', 'tag': '42e633ca-7def-4042-b58c-5272b981fc52', 'code': 200}
2026-06-15 20:20:12.782 9 INFO neutron.wsgi [req-6ad64130-4c45-4d26-bc4d-ad05869f0384 req-e7d0ec34-9db9-4429-97b0-f8865ec0afcd c5566c77d8554827b04219e520158dcc ff953eb8fa8744029a526014db8e6272 - - default default] 10.0.0.73 "GET /v2.0/ports?device_id=8a105b46-18cb-485e-94a9-1bbc6fc818bd HTTP/1.1" status: 200 len: 1417 time: 0.0437326
2026-06-15 20:20:12.820 9 INFO neutron.wsgi [req-6ad64130-4c45-4d26-bc4d-ad05869f0384 req-5d3ec648-5f7d-4fc3-ad77-b12ae04fce24 c5566c77d8554827b04219e520158dcc ff953eb8fa8744029a526014db8e6272 - - default default] 10.0.0.73 "GET /v2.0/security-groups?id=a852dbf5-593e-4084-a3d5-23165a60e6cd&fields=id&fields=name HTTP/1.1" status: 200 len: 294 time: 0.0308642
2026-06-15 20:20:12.921 9 INFO neutron.wsgi [req-6c0408b7-e334-48d3-a221-f217700d8864 req-367152d4-bf81-4e93-a367-01367ba60d03 c5566c77d8554827b04219e520158dcc ff953eb8fa8744029a526014db8e6272 - - default default] 10.0.0.73 "GET /v2.0/ports?device_id=8a105b46-18cb-485e-94a9-1bbc6fc818bd HTTP/1.1" status: 200 len: 1417 time: 0.0431988
2026-06-15 20:20:12.968 10 INFO neutron.db.ovn_revision_numbers_db [None req-91b257ff-71db-4936-9e30-36b2aea31322 c5566c77d8554827b04219e520158dcc ff953eb8fa8744029a526014db8e6272 - - default default] Successfully bumped revision number for resource 4eb47e33-eeae-4304-b236-62f3e80b81c5 (type: router_ports) to 2
2026-06-15 20:20:12.971 10 INFO neutron.wsgi [None req-91b257ff-71db-4936-9e30-36b2aea31322 c5566c77d8554827b04219e520158dcc ff953eb8fa8744029a526014db8e6272 - - default default] 10.0.0.2 "PUT /v2.0/routers/db332aa5-3ccf-402c-a392-863b44a4d91b/add_router_interface HTTP/1.1" status: 200 len: 503 time: 3.2234781
2026-06-15 20:20:13.631 9 WARNING neutron_lib.context [None req-65b1af2e-d176-4294-84aa-41e4a533ab08 9cb07f1b21cc4fbb87bb17871a15684f 850c25d6eedf4b228e4f0732dc167d40 - - default default] Method 'is_advsvc' is deprecated since 2023.2 release (neutron-lib 3.8.0) and will be removed once support for the old RBAC API policies will be removed from Neutron. Please use method 'is_service_role' instead.
2026-06-15 20:20:13.753 9 INFO neutron.db.ovn_revision_numbers_db [None req-65b1af2e-d176-4294-84aa-41e4a533ab08 9cb07f1b21cc4fbb87bb17871a15684f 850c25d6eedf4b228e4f0732dc167d40 - - default default] Successfully bumped revision number for resource 2e9c92f9-e320-439a-940d-8c53e2d8f61c (type: security_groups) to 1
2026-06-15 20:20:13.765 9 INFO neutron.db.ovn_revision_numbers_db [None req-65b1af2e-d176-4294-84aa-41e4a533ab08 9cb07f1b21cc4fbb87bb17871a15684f 850c25d6eedf4b228e4f0732dc167d40 - - default default] Successfully bumped revision number for resource 3de5d726-f26a-4af5-b908-af548ae8a2a8 (type: security_group_rules) to 0
2026-06-15 20:20:13.776 9 INFO neutron.db.ovn_revision_numbers_db [None req-65b1af2e-d176-4294-84aa-41e4a533ab08 9cb07f1b21cc4fbb87bb17871a15684f 850c25d6eedf4b228e4f0732dc167d40 - - default default] Successfully bumped revision number for resource 6e4abfd4-233f-4024-9e2e-1d88b189cf6a (type: security_group_rules) to 0
2026-06-15 20:20:13.796 9 INFO neutron.wsgi [None req-65b1af2e-d176-4294-84aa-41e4a533ab08 9cb07f1b21cc4fbb87bb17871a15684f 850c25d6eedf4b228e4f0732dc167d40 - - default default] 10.0.0.2 "POST /v2.0/security-groups HTTP/1.1" status: 201 len: 1813 time: 0.1729734
2026-06-15 20:20:13.805 9 WARNING neutron_lib.context [None req-93f4d228-c8b7-4dc2-b9bb-a89343ef000f 9cb07f1b21cc4fbb87bb17871a15684f 850c25d6eedf4b228e4f0732dc167d40 - - default default] Method 'is_advsvc' is deprecated since 2023.2 release (neutron-lib 3.8.0) and will be removed once support for the old RBAC API policies will be removed from Neutron. Please use method 'is_service_role' instead.
2026-06-15 20:20:13.929 9 INFO neutron.db.ovn_revision_numbers_db [None req-93f4d228-c8b7-4dc2-b9bb-a89343ef000f 9cb07f1b21cc4fbb87bb17871a15684f 850c25d6eedf4b228e4f0732dc167d40 - - default default] Successfully bumped revision number for resource 5c74d2c4-cf23-4c0b-98a4-a9545de3cf4e (type: security_group_rules) to 0
2026-06-15 20:20:13.959 9 INFO neutron.wsgi [None req-93f4d228-c8b7-4dc2-b9bb-a89343ef000f 9cb07f1b21cc4fbb87bb17871a15684f 850c25d6eedf4b228e4f0732dc167d40 - - default default] 10.0.0.2 "POST /v2.0/security-group-rules HTTP/1.1" status: 201 len: 764 time: 0.1580000 /var/lib/openstack/lib/python3.10/site-packages/pycadf/identifier.py:71: UserWarning: Invalid uuid: neutron. To ensure interoperability, identifiers should be a valid uuid. warnings.warn(('Invalid uuid: %s. To ensure interoperability, '
2026-06-15 20:20:13.972 10 WARNING neutron_lib.context [None req-4d80471c-7af8-4260-86c3-23890da3a13b 9cb07f1b21cc4fbb87bb17871a15684f 850c25d6eedf4b228e4f0732dc167d40 - - default default] Method 'is_advsvc' is deprecated since 2023.2 release (neutron-lib 3.8.0) and will be removed once support for the old RBAC API policies will be removed from Neutron. Please use method 'is_service_role' instead.
2026-06-15 20:20:14.171 10 INFO neutron.db.ovn_revision_numbers_db [None req-4d80471c-7af8-4260-86c3-23890da3a13b 9cb07f1b21cc4fbb87bb17871a15684f 850c25d6eedf4b228e4f0732dc167d40 - - default default] Successfully bumped revision number for resource d841d4b0-7f48-4a34-8da2-c580239a43aa (type: security_group_rules) to 0
2026-06-15 20:20:14.205 10 INFO neutron.wsgi [None req-4d80471c-7af8-4260-86c3-23890da3a13b 9cb07f1b21cc4fbb87bb17871a15684f 850c25d6eedf4b228e4f0732dc167d40 - - default default] 10.0.0.2 "POST /v2.0/security-group-rules HTTP/1.1" status: 201 len: 763 time: 0.2409770
2026-06-15 20:20:14.216 10 WARNING neutron_lib.context [None req-c070d2fa-388c-4b13-86b5-5ede22676ef0 9cb07f1b21cc4fbb87bb17871a15684f 850c25d6eedf4b228e4f0732dc167d40 - - default default] Method 'is_advsvc' is deprecated since 2023.2 release (neutron-lib 3.8.0) and will be removed once support for the old RBAC API policies will be removed from Neutron. Please use method 'is_service_role' instead.
2026-06-15 20:20:14.345 10 INFO neutron.db.ovn_revision_numbers_db [None req-c070d2fa-388c-4b13-86b5-5ede22676ef0 9cb07f1b21cc4fbb87bb17871a15684f 850c25d6eedf4b228e4f0732dc167d40 - - default default] Successfully bumped revision number for resource 9ebc8b6a-236b-42d0-bfdb-a62245d493e3 (type: security_group_rules) to 0
2026-06-15 20:20:14.370 10 INFO neutron.wsgi [None req-c070d2fa-388c-4b13-86b5-5ede22676ef0 9cb07f1b21cc4fbb87bb17871a15684f 850c25d6eedf4b228e4f0732dc167d40 - - default default] 10.0.0.2 "POST /v2.0/security-group-rules HTTP/1.1" status: 201 len: 769 time: 0.1584125
2026-06-15 20:20:14.380 10 WARNING neutron_lib.context [None req-95896d90-2f55-431c-b779-5adc585ce03d 9cb07f1b21cc4fbb87bb17871a15684f 850c25d6eedf4b228e4f0732dc167d40 - - default default] Method 'is_advsvc' is deprecated since 2023.2 release (neutron-lib 3.8.0) and will be removed once support for the old RBAC API policies will be removed from Neutron. Please use method 'is_service_role' instead.
2026-06-15 20:20:14.526 10 INFO neutron.db.ovn_revision_numbers_db [None req-95896d90-2f55-431c-b779-5adc585ce03d 9cb07f1b21cc4fbb87bb17871a15684f 850c25d6eedf4b228e4f0732dc167d40 - - default default] Successfully bumped revision number for resource 12f50d94-aaca-405b-81bb-4005d48cdff7 (type: security_group_rules) to 0
2026-06-15 20:20:14.567 10 INFO neutron.wsgi [None req-95896d90-2f55-431c-b779-5adc585ce03d 9cb07f1b21cc4fbb87bb17871a15684f 850c25d6eedf4b228e4f0732dc167d40 - - default default] 10.0.0.2 "POST /v2.0/security-group-rules HTTP/1.1" status: 201 len: 768 time: 0.1914678
2026-06-15 20:20:14.576 10 WARNING neutron_lib.context [None req-f6448415-1823-4227-93e4-139229b128f3 9cb07f1b21cc4fbb87bb17871a15684f 850c25d6eedf4b228e4f0732dc167d40 - - default default] Method 'is_advsvc' is deprecated since 2023.2 release (neutron-lib 3.8.0) and will be removed once support for the old RBAC API policies will be removed from Neutron. Please use method 'is_service_role' instead.
2026-06-15 20:20:14.592 10 INFO neutron.db.securitygroups_db [None req-f6448415-1823-4227-93e4-139229b128f3 9cb07f1b21cc4fbb87bb17871a15684f 850c25d6eedf4b228e4f0732dc167d40 - - default default] Project 850c25d6eedf4b228e4f0732dc167d40 added a security group rule with legacy IPv6 ICMP protocol name icmp, ipv6-icmp should be used instead. It was automatically converted.
2026-06-15 20:20:14.705 10 INFO neutron.db.ovn_revision_numbers_db [None req-f6448415-1823-4227-93e4-139229b128f3 9cb07f1b21cc4fbb87bb17871a15684f 850c25d6eedf4b228e4f0732dc167d40 - - default default] Successfully bumped revision number for resource 8f3dc1eb-bdd4-4411-9194-b2bb533eba3c (type: security_group_rules) to 0
2026-06-15 20:20:14.727 10 INFO neutron.wsgi [None req-f6448415-1823-4227-93e4-139229b128f3 9cb07f1b21cc4fbb87bb17871a15684f 850c25d6eedf4b228e4f0732dc167d40 - - default default] 10.0.0.2 "POST /v2.0/security-group-rules HTTP/1.1" status: 201 len: 774 time: 0.1556687
2026-06-15 20:20:14.739 9 WARNING neutron_lib.context [None req-84ad7ebb-585e-47db-8df8-46f0a289666f 9cb07f1b21cc4fbb87bb17871a15684f 850c25d6eedf4b228e4f0732dc167d40 - - default default] Method 'is_advsvc' is deprecated since 2023.2 release (neutron-lib 3.8.0) and will be removed once support for the old RBAC API policies will be removed from Neutron. Please use method 'is_service_role' instead.
2026-06-15 20:20:14.762 9 INFO neutron.db.securitygroups_db [None req-84ad7ebb-585e-47db-8df8-46f0a289666f 9cb07f1b21cc4fbb87bb17871a15684f 850c25d6eedf4b228e4f0732dc167d40 - - default default] Project 850c25d6eedf4b228e4f0732dc167d40 added a security group rule with legacy IPv6 ICMP protocol name icmp, ipv6-icmp should be used instead. It was automatically converted.
2026-06-15 20:20:14.922 9 INFO neutron.db.ovn_revision_numbers_db [None req-84ad7ebb-585e-47db-8df8-46f0a289666f 9cb07f1b21cc4fbb87bb17871a15684f 850c25d6eedf4b228e4f0732dc167d40 - - default default] Successfully bumped revision number for resource b2815ca7-fa46-418c-97ae-725e18607a12 (type: security_group_rules) to 0
2026-06-15 20:20:14.950 9 INFO neutron.wsgi [None req-84ad7ebb-585e-47db-8df8-46f0a289666f 9cb07f1b21cc4fbb87bb17871a15684f 850c25d6eedf4b228e4f0732dc167d40 - - default default] 10.0.0.2 "POST /v2.0/security-group-rules HTTP/1.1" status: 201 len: 773 time: 0.2171965
2026-06-15 20:20:15.363 9 WARNING neutron_lib.context [None req-21f2375a-e156-48cf-980c-d951ee1c71f4 9cb07f1b21cc4fbb87bb17871a15684f 850c25d6eedf4b228e4f0732dc167d40 - - default default] Method 'is_advsvc' is deprecated since 2023.2 release (neutron-lib 3.8.0) and will be removed once support for the old RBAC API policies will be removed from Neutron. Please use method 'is_service_role' instead.
2026-06-15 20:20:15.502 9 INFO neutron.db.ovn_revision_numbers_db [None req-21f2375a-e156-48cf-980c-d951ee1c71f4 9cb07f1b21cc4fbb87bb17871a15684f 850c25d6eedf4b228e4f0732dc167d40 - - default default] Successfully bumped revision number for resource f522423c-6629-4a83-b78b-75c1c0e978b5 (type: security_groups) to 1
2026-06-15 20:20:15.520 9 INFO neutron.db.ovn_revision_numbers_db [None req-21f2375a-e156-48cf-980c-d951ee1c71f4 9cb07f1b21cc4fbb87bb17871a15684f 850c25d6eedf4b228e4f0732dc167d40 - - default default] Successfully bumped revision number for resource 1670735d-76d2-4b6c-9497-cccba8124cb8 (type: security_group_rules) to 0
2026-06-15 20:20:15.539 9 INFO neutron.db.ovn_revision_numbers_db [None req-21f2375a-e156-48cf-980c-d951ee1c71f4 9cb07f1b21cc4fbb87bb17871a15684f 850c25d6eedf4b228e4f0732dc167d40 - - default default] Successfully bumped revision number for resource e9462009-a29d-4d24-bce1-a402827293d6 (type: security_group_rules) to 0
2026-06-15 20:20:15.568 9 INFO neutron.wsgi [None req-21f2375a-e156-48cf-980c-d951ee1c71f4 9cb07f1b21cc4fbb87bb17871a15684f 850c25d6eedf4b228e4f0732dc167d40 - - default default] 10.0.0.2 "POST /v2.0/security-groups HTTP/1.1" status: 201 len: 1799 time: 0.2130978
2026-06-15 20:20:15.578 9 WARNING neutron_lib.context [None req-121447a4-d51d-4582-8c06-b9e91729bd33 9cb07f1b21cc4fbb87bb17871a15684f 850c25d6eedf4b228e4f0732dc167d40 - - default default] Method 'is_advsvc' is deprecated since 2023.2 release (neutron-lib 3.8.0) and will be removed once support for the old RBAC API policies will be removed from Neutron. Please use method 'is_service_role' instead.
2026-06-15 20:20:15.697 9 INFO neutron.db.ovn_revision_numbers_db [None req-121447a4-d51d-4582-8c06-b9e91729bd33 9cb07f1b21cc4fbb87bb17871a15684f 850c25d6eedf4b228e4f0732dc167d40 - - default default] Successfully bumped revision number for resource 75bd985b-785d-4381-bc69-cf50a32fe1e7 (type: security_group_rules) to 0
2026-06-15 20:20:15.726 9 INFO neutron.wsgi [None req-121447a4-d51d-4582-8c06-b9e91729bd33 9cb07f1b21cc4fbb87bb17871a15684f 850c25d6eedf4b228e4f0732dc167d40 - - default default] 10.0.0.2 "POST /v2.0/security-group-rules HTTP/1.1" status: 201 len: 764 time: 0.1522980
2026-06-15 20:20:15.736 9 WARNING neutron_lib.context [None req-23b8180a-9388-4ae4-878d-466016341bec 9cb07f1b21cc4fbb87bb17871a15684f 850c25d6eedf4b228e4f0732dc167d40 - - default default] Method 'is_advsvc' is deprecated since 2023.2 release (neutron-lib 3.8.0) and will be removed once support for the old RBAC API policies will be removed from Neutron. Please use method 'is_service_role' instead.
2026-06-15 20:20:15.862 9 INFO neutron.db.ovn_revision_numbers_db [None req-23b8180a-9388-4ae4-878d-466016341bec 9cb07f1b21cc4fbb87bb17871a15684f 850c25d6eedf4b228e4f0732dc167d40 - - default default] Successfully bumped revision number for resource 57697789-8481-4ae4-9cb1-936d968e7f70 (type: security_group_rules) to 0
2026-06-15 20:20:15.891 9 INFO neutron.wsgi [None req-23b8180a-9388-4ae4-878d-466016341bec 9cb07f1b21cc4fbb87bb17871a15684f 850c25d6eedf4b228e4f0732dc167d40 - - default default] 10.0.0.2 "POST /v2.0/security-group-rules HTTP/1.1" status: 201 len: 769 time: 0.1604192
2026-06-15 20:20:15.904 9 WARNING neutron_lib.context [None req-3531c6de-a452-4c90-9721-25d39c7662c3 9cb07f1b21cc4fbb87bb17871a15684f 850c25d6eedf4b228e4f0732dc167d40 - - default default] Method 'is_advsvc' is deprecated since 2023.2 release (neutron-lib 3.8.0) and will be removed once support for the old RBAC API policies will be removed from Neutron. Please use method 'is_service_role' instead.
2026-06-15 20:20:16.181 9 INFO neutron.wsgi [-] 10.0.0.12 "GET / HTTP/1.1" status: 200 len: 246 time: 0.0014791
2026-06-15 20:20:16.182 10 INFO neutron.wsgi [-] 10.0.0.12 "GET / HTTP/1.1" status: 200 len: 246 time: 0.0014911
2026-06-15 20:20:16.263 9 WARNING neutron.scheduler.dhcp_agent_scheduler [None req-3531c6de-a452-4c90-9721-25d39c7662c3 9cb07f1b21cc4fbb87bb17871a15684f 850c25d6eedf4b228e4f0732dc167d40 - - default default] No more DHCP agents
2026-06-15 20:20:16.266 9 WARNING neutron.api.rpc.agentnotifiers.dhcp_rpc_agent_api [None req-3531c6de-a452-4c90-9721-25d39c7662c3 9cb07f1b21cc4fbb87bb17871a15684f 850c25d6eedf4b228e4f0732dc167d40 - - default default] Unable to schedule network 1cc0b5b3-87bb-4949-a24d-83860ff0d0aa: no agents available; will retry on subsequent port and subnet creation events.
2026-06-15 20:20:16.637 9 INFO neutron.db.ovn_revision_numbers_db [None req-3531c6de-a452-4c90-9721-25d39c7662c3 9cb07f1b21cc4fbb87bb17871a15684f 850c25d6eedf4b228e4f0732dc167d40 - - default default] Successfully bumped revision number for resource acfcd1c0-10c2-4a18-ac2e-7724ec864df1 (type: floatingips) to 0
2026-06-15 20:20:16.651 9 INFO neutron.wsgi [None req-3531c6de-a452-4c90-9721-25d39c7662c3 9cb07f1b21cc4fbb87bb17871a15684f 850c25d6eedf4b228e4f0732dc167d40 - - default default] 10.0.0.2 "POST /v2.0/floatingips HTTP/1.1" status: 201 len: 751 time: 0.7538328
2026-06-15 20:20:16.757 9 INFO neutron.wsgi [req-9e638021-3571-4815-84a5-1a7343a42fbc req-098bb0e7-c7b8-4200-bc4e-7d66e16c0e62 9cb07f1b21cc4fbb87bb17871a15684f 850c25d6eedf4b228e4f0732dc167d40 - - default default] 10.0.0.73 "GET /v2.0/security-groups?name=tempest-securitygroup--1499683314&fields=id&tenant_id=850c25d6eedf4b228e4f0732dc167d40 HTTP/1.1" status: 200 len: 267 time: 0.0389917
2026-06-15 20:20:16.810 9 INFO neutron.wsgi [req-9e638021-3571-4815-84a5-1a7343a42fbc req-6a5217da-1b50-4e30-b432-594b8da0fa15 9cb07f1b21cc4fbb87bb17871a15684f 850c25d6eedf4b228e4f0732dc167d40 - - default default] 10.0.0.73 "GET /v2.0/security-groups?name=tempest-secgroup-smoke-1144404438&fields=id&tenant_id=850c25d6eedf4b228e4f0732dc167d40 HTTP/1.1" status: 200 len: 267 time: 0.0468216
2026-06-15 20:20:16.897 9 INFO neutron.wsgi [req-9e638021-3571-4815-84a5-1a7343a42fbc req-fb7ab39f-f891-421a-be02-b4d965863e99 9cb07f1b21cc4fbb87bb17871a15684f 850c25d6eedf4b228e4f0732dc167d40 - - default default] 10.0.0.73 "GET /v2.0/networks?id=7e144c93-c7fa-4744-89df-dc8478e1d891 HTTP/1.1" status: 200 len: 872 time: 0.0785158
2026-06-15 20:20:16.929 9 INFO neutron.wsgi [req-9e638021-3571-4815-84a5-1a7343a42fbc req-c61432e1-8a66-4d7c-b806-1c8ff04cda05 9cb07f1b21cc4fbb87bb17871a15684f 850c25d6eedf4b228e4f0732dc167d40 - - default default] 10.0.0.73 "GET /v2.0/quotas/850c25d6eedf4b228e4f0732dc167d40 HTTP/1.1" status: 200 len: 386 time: 0.0224810
2026-06-15 20:20:17.032 9 WARNING neutron.plugins.ml2.drivers.ovn.mech_driver.ovsdb.ovn_client [None req-86914d21-580b-4721-979e-e4d514223fae - - - - - -] No hosting information found for port 4eb47e33-eeae-4304-b236-62f3e80b81c5: RuntimeError: No hosting information found for port 4eb47e33-eeae-4304-b236-62f3e80b81c5
2026-06-15 20:20:17.058 9 INFO neutron.wsgi [req-9e638021-3571-4815-84a5-1a7343a42fbc req-31584faa-13a7-4615-8ccf-f890e4c3604c 9cb07f1b21cc4fbb87bb17871a15684f 850c25d6eedf4b228e4f0732dc167d40 - - default default] 10.0.0.73 "GET /v2.0/ports?tenant_id=850c25d6eedf4b228e4f0732dc167d40&fields=id HTTP/1.1" status: 200 len: 302 time: 0.1211376
2026-06-15 20:20:17.151 9 INFO neutron.wsgi [req-9e638021-3571-4815-84a5-1a7343a42fbc req-f501b661-a12a-4047-9313-d85b32441559 e998b3f8a0ec4c11be1bd2fac2b8cdfd e3e4c5b439b843df911641c597c1e8b2 - - bb44992846d24d4a95418caed5772138 bb44992846d24d4a95418caed5772138] 10.0.0.73 "GET /v2.0/networks/7e144c93-c7fa-4744-89df-dc8478e1d891?fields=segments HTTP/1.1" status: 200 len: 212 time: 0.0793393
2026-06-15 20:20:17.243 9 INFO neutron.wsgi [req-9e638021-3571-4815-84a5-1a7343a42fbc req-6f038e29-2e1a-4afb-b646-0077e36db8f8 e998b3f8a0ec4c11be1bd2fac2b8cdfd e3e4c5b439b843df911641c597c1e8b2 - - bb44992846d24d4a95418caed5772138 bb44992846d24d4a95418caed5772138] 10.0.0.73 "GET /v2.0/networks/7e144c93-c7fa-4744-89df-dc8478e1d891?fields=provider%3Aphysical_network&fields=provider%3Anetwork_type HTTP/1.1" status: 200 len: 277 time: 0.0859699
2026-06-15 20:20:17.465 9 INFO neutron.wsgi [req-490d4f20-aaa4-40c2-b4a7-3aa97ba297a4 req-17caa0a9-93a0-4479-9afc-c00ca4938402 9cb07f1b21cc4fbb87bb17871a15684f 850c25d6eedf4b228e4f0732dc167d40 - - default default] 10.0.0.73 "GET /v2.0/ports?device_id=eb1438f9-1770-4003-bdfe-095b59aebb72 HTTP/1.1" status: 200 len: 210 time: 0.0277936
2026-06-15 20:20:18.358 9 INFO neutron.wsgi [req-9e638021-3571-4815-84a5-1a7343a42fbc req-44b2698a-7e12-47a6-9144-eaf6aedb15a9 9cb07f1b21cc4fbb87bb17871a15684f 850c25d6eedf4b228e4f0732dc167d40 - - default default] 199.19.213.125 "GET /v2.0/networks?id=7e144c93-c7fa-4744-89df-dc8478e1d891 HTTP/1.1" status: 200 len: 872 time: 0.0757899
2026-06-15 20:20:18.407 9 INFO neutron.wsgi [req-9e638021-3571-4815-84a5-1a7343a42fbc req-6f110253-bcf0-4dca-87a7-bf6565514c75 9cb07f1b21cc4fbb87bb17871a15684f 850c25d6eedf4b228e4f0732dc167d40 - - default default] 199.19.213.125 "GET /v2.0/security-groups?fields=id&fields=name&tenant_id=850c25d6eedf4b228e4f0732dc167d40 HTTP/1.1" status: 200 len: 473 time: 0.0431190
2026-06-15 20:20:18.418 9 WARNING neutron_lib.context [req-9e638021-3571-4815-84a5-1a7343a42fbc req-a110a652-dda7-421d-97c7-f66f8166668b 9cb07f1b21cc4fbb87bb17871a15684f 850c25d6eedf4b228e4f0732dc167d40 - - default default] Method 'is_advsvc' is deprecated since 2023.2 release (neutron-lib 3.8.0) and will be removed once support for the old RBAC API policies will be removed from Neutron. Please use method 'is_service_role' instead.
2026-06-15 20:20:18.710 9 INFO neutron.wsgi [req-664387d9-7f84-431b-a89e-c226bd37c7e0 req-31a0a269-57e8-46b3-afe4-0eda216c6823 9cb07f1b21cc4fbb87bb17871a15684f 850c25d6eedf4b228e4f0732dc167d40 - - default default] 10.0.0.73 "GET /v2.0/ports?device_id=eb1438f9-1770-4003-bdfe-095b59aebb72 HTTP/1.1" status: 200 len: 210 time: 0.0200825
2026-06-15 20:20:18.994 9 WARNING neutron.scheduler.dhcp_agent_scheduler [req-9e638021-3571-4815-84a5-1a7343a42fbc req-a110a652-dda7-421d-97c7-f66f8166668b 9cb07f1b21cc4fbb87bb17871a15684f 850c25d6eedf4b228e4f0732dc167d40 - - default default] No more DHCP agents
2026-06-15 20:20:18.996 9 WARNING neutron.api.rpc.agentnotifiers.dhcp_rpc_agent_api [req-9e638021-3571-4815-84a5-1a7343a42fbc req-a110a652-dda7-421d-97c7-f66f8166668b 9cb07f1b21cc4fbb87bb17871a15684f 850c25d6eedf4b228e4f0732dc167d40 - - default default] Unable to schedule network 7e144c93-c7fa-4744-89df-dc8478e1d891: no agents available; will retry on subsequent port and subnet creation events.
2026-06-15 20:20:19.194 9 INFO neutron.db.ovn_revision_numbers_db [req-9e638021-3571-4815-84a5-1a7343a42fbc req-a110a652-dda7-421d-97c7-f66f8166668b 9cb07f1b21cc4fbb87bb17871a15684f 850c25d6eedf4b228e4f0732dc167d40 - - default default] Successfully bumped revision number for resource 5cb0808d-62d0-4f09-aae1-7ea9ba83e8a6 (type: ports) to 1
2026-06-15 20:20:19.222 9 INFO neutron.wsgi [req-9e638021-3571-4815-84a5-1a7343a42fbc req-a110a652-dda7-421d-97c7-f66f8166668b 9cb07f1b21cc4fbb87bb17871a15684f 850c25d6eedf4b228e4f0732dc167d40 - - default default] 199.19.213.125 "POST /v2.0/ports HTTP/1.1" status: 201 len: 1197 time: 0.8106503 /var/lib/openstack/lib/python3.10/site-packages/pycadf/identifier.py:71: UserWarning: Invalid uuid: neutron. To ensure interoperability, identifiers should be a valid uuid. warnings.warn(('Invalid uuid: %s. To ensure interoperability, '
2026-06-15 20:20:19.659 9 INFO neutron.db.ovn_revision_numbers_db [req-9e638021-3571-4815-84a5-1a7343a42fbc req-86171eb9-483d-4948-a43f-53b93ef7d769 e998b3f8a0ec4c11be1bd2fac2b8cdfd e3e4c5b439b843df911641c597c1e8b2 - - bb44992846d24d4a95418caed5772138 bb44992846d24d4a95418caed5772138] Successfully bumped revision number for resource 5cb0808d-62d0-4f09-aae1-7ea9ba83e8a6 (type: ports) to 2 /var/lib/openstack/lib/python3.10/site-packages/pycadf/identifier.py:71: UserWarning: Invalid uuid: neutron. To ensure interoperability, identifiers should be a valid uuid. warnings.warn(('Invalid uuid: %s. To ensure interoperability, '
2026-06-15 20:20:19.845 9 INFO neutron.wsgi [req-6816e732-2766-4ea7-972c-121227d6d91b req-88481c0e-1853-4ecd-83f3-b005327bf352 9cb07f1b21cc4fbb87bb17871a15684f 850c25d6eedf4b228e4f0732dc167d40 - - default default] 10.0.0.73 "GET /v2.0/ports?device_id=eb1438f9-1770-4003-bdfe-095b59aebb72 HTTP/1.1" status: 200 len: 1208 time: 0.0667727 /var/lib/openstack/lib/python3.10/site-packages/pycadf/identifier.py:71: UserWarning: Invalid uuid: neutron. To ensure interoperability, identifiers should be a valid uuid. warnings.warn(('Invalid uuid: %s. To ensure interoperability, '
2026-06-15 20:20:19.917 9 INFO neutron.wsgi [req-6816e732-2766-4ea7-972c-121227d6d91b req-def97c9a-a10e-48ef-891b-c40a0ca21d91 9cb07f1b21cc4fbb87bb17871a15684f 850c25d6eedf4b228e4f0732dc167d40 - - default default] 10.0.0.73 "GET /v2.0/security-groups?id=2e9c92f9-e320-439a-940d-8c53e2d8f61c&id=f522423c-6629-4a83-b78b-75c1c0e978b5&fields=id&fields=name HTTP/1.1" status: 200 len: 406 time: 0.0598178
2026-06-15 20:20:19.949 9 INFO neutron.db.ovn_revision_numbers_db [req-9e638021-3571-4815-84a5-1a7343a42fbc req-86171eb9-483d-4948-a43f-53b93ef7d769 e998b3f8a0ec4c11be1bd2fac2b8cdfd e3e4c5b439b843df911641c597c1e8b2 - - bb44992846d24d4a95418caed5772138 bb44992846d24d4a95418caed5772138] Successfully bumped revision number for resource 5cb0808d-62d0-4f09-aae1-7ea9ba83e8a6 (type: ports) to 2
2026-06-15 20:20:19.966 9 INFO neutron.wsgi [req-9e638021-3571-4815-84a5-1a7343a42fbc req-86171eb9-483d-4948-a43f-53b93ef7d769 e998b3f8a0ec4c11be1bd2fac2b8cdfd e3e4c5b439b843df911641c597c1e8b2 - - bb44992846d24d4a95418caed5772138 bb44992846d24d4a95418caed5772138] 199.19.213.125 "PUT /v2.0/ports/5cb0808d-62d0-4f09-aae1-7ea9ba83e8a6 HTTP/1.1" status: 200 len: 1415 time: 0.7342098
2026-06-15 20:20:20.024 9 INFO neutron.notifiers.nova [-] Nova event matching ['req-12d49646-454e-44fe-8742-f0df5cb25255'] response: {'name': 'network-changed', 'server_uuid': 'eb1438f9-1770-4003-bdfe-095b59aebb72', 'tag': '5cb0808d-62d0-4f09-aae1-7ea9ba83e8a6', 'status': 'completed', 'code': 200}
2026-06-15 20:20:20.054 9 INFO neutron.wsgi [req-9e638021-3571-4815-84a5-1a7343a42fbc req-eefc3c00-e29f-4ded-84b1-5d5837588335 e998b3f8a0ec4c11be1bd2fac2b8cdfd e3e4c5b439b843df911641c597c1e8b2 - - bb44992846d24d4a95418caed5772138 bb44992846d24d4a95418caed5772138] 199.19.213.125 "GET /v2.0/ports?tenant_id=850c25d6eedf4b228e4f0732dc167d40&device_id=eb1438f9-1770-4003-bdfe-095b59aebb72 HTTP/1.1" status: 200 len: 1446 time: 0.0548694
2026-06-15 20:20:20.089 9 INFO neutron.wsgi [req-9e638021-3571-4815-84a5-1a7343a42fbc req-b333cd38-8b0f-4559-9d36-43063d2c61e0 e998b3f8a0ec4c11be1bd2fac2b8cdfd e3e4c5b439b843df911641c597c1e8b2 - - bb44992846d24d4a95418caed5772138 bb44992846d24d4a95418caed5772138] 199.19.213.125 "GET /v2.0/floatingips?fixed_ip_address=10.100.0.9&port_id=5cb0808d-62d0-4f09-aae1-7ea9ba83e8a6 HTTP/1.1" status: 200 len: 217 time: 0.0285738
2026-06-15 20:20:20.151 9 INFO neutron.wsgi [req-9e638021-3571-4815-84a5-1a7343a42fbc req-c246d8a5-c56f-4a19-a46b-1aefec5b104f e998b3f8a0ec4c11be1bd2fac2b8cdfd e3e4c5b439b843df911641c597c1e8b2 - - bb44992846d24d4a95418caed5772138 bb44992846d24d4a95418caed5772138] 199.19.213.125 "GET /v2.0/subnets?id=21e3e847-8dea-4d41-8ea6-261b62bfdf7e HTTP/1.1" status: 200 len: 866 time: 0.0380914
2026-06-15 20:20:20.201 9 INFO neutron.wsgi [req-9e638021-3571-4815-84a5-1a7343a42fbc req-28e51765-effd-4e54-9b1e-0cc13b425c76 e998b3f8a0ec4c11be1bd2fac2b8cdfd e3e4c5b439b843df911641c597c1e8b2 - - bb44992846d24d4a95418caed5772138 bb44992846d24d4a95418caed5772138] 199.19.213.125 "GET /v2.0/ports?network_id=7e144c93-c7fa-4744-89df-dc8478e1d891&device_owner=network%3Adhcp HTTP/1.1" status: 200 len: 210 time: 0.0265491
2026-06-15 20:20:20.274 9 INFO neutron.wsgi [req-9e638021-3571-4815-84a5-1a7343a42fbc req-f2d4727a-3e23-42dd-8c39-1a59a356b6c9 e998b3f8a0ec4c11be1bd2fac2b8cdfd e3e4c5b439b843df911641c597c1e8b2 - - bb44992846d24d4a95418caed5772138 bb44992846d24d4a95418caed5772138] 199.19.213.125 "GET /v2.0/networks/7e144c93-c7fa-4744-89df-dc8478e1d891?fields=segments HTTP/1.1" status: 200 len: 212 time: 0.0663469
2026-06-15 20:20:20.340 9 INFO neutron.wsgi [req-9e638021-3571-4815-84a5-1a7343a42fbc req-24aad5a1-f6bb-4527-9d01-b3904c44548b e998b3f8a0ec4c11be1bd2fac2b8cdfd e3e4c5b439b843df911641c597c1e8b2 - - bb44992846d24d4a95418caed5772138 bb44992846d24d4a95418caed5772138] 199.19.213.125 "GET /v2.0/networks/7e144c93-c7fa-4744-89df-dc8478e1d891?fields=provider%3Aphysical_network&fields=provider%3Anetwork_type HTTP/1.1" status: 200 len: 277 time: 0.0587971
2026-06-15 20:20:20.428 9 INFO neutron.wsgi [req-a48c0769-8b68-41e4-9672-145f852c30ac req-563e97c0-4b12-4d7b-963b-33ae8df36070 e998b3f8a0ec4c11be1bd2fac2b8cdfd e3e4c5b439b843df911641c597c1e8b2 - - bb44992846d24d4a95418caed5772138 bb44992846d24d4a95418caed5772138] 199.19.213.125 "GET /v2.0/ports?tenant_id=850c25d6eedf4b228e4f0732dc167d40&device_id=eb1438f9-1770-4003-bdfe-095b59aebb72 HTTP/1.1" status: 200 len: 1446 time: 0.0480084
