2026-06-15 20:19:09.815 9 INFO neutron.plugins.ml2.plugin [None req-86914d21-580b-4721-979e-e4d514223fae - - - - - -] Attempt 1 to provision port 128d3f85-19d7-4ec1-8c21-7ff747e3962a
2026-06-15 20:19:09.823 10 INFO neutron.wsgi [req-d4462a83-f1a6-433d-9f95-6ab2bf63ac9c req-188489ec-d088-4ba7-9960-7e840412345f e998b3f8a0ec4c11be1bd2fac2b8cdfd e3e4c5b439b843df911641c597c1e8b2 - - bb44992846d24d4a95418caed5772138 bb44992846d24d4a95418caed5772138] 199.19.213.125 "GET /v2.0/floatingips?fixed_ip_address=10.100.0.11&port_id=128d3f85-19d7-4ec1-8c21-7ff747e3962a HTTP/1.1" status: 200 len: 217 time: 0.0313113
2026-06-15 20:19:09.891 10 INFO neutron.wsgi [req-d4462a83-f1a6-433d-9f95-6ab2bf63ac9c req-ef80586b-99a7-499d-9f9d-deccc0447180 e998b3f8a0ec4c11be1bd2fac2b8cdfd e3e4c5b439b843df911641c597c1e8b2 - - bb44992846d24d4a95418caed5772138 bb44992846d24d4a95418caed5772138] 199.19.213.125 "GET /v2.0/subnets?id=b1e5c86d-28ca-4c31-8ec2-bbc44131186b HTTP/1.1" status: 200 len: 852 time: 0.0607800
2026-06-15 20:19:09.919 10 INFO neutron.db.ovn_revision_numbers_db [None req-72b4b0e9-80d6-4817-8724-f107f226a979 58e82c4bd08f4f43a103750a403e5ed4 4ad658d67ccc45de83b43f7cd5a00482 - - default default] Successfully bumped revision number for resource 4cee3b6c-8b38-4fa6-94ae-30c556e67f70 (type: ports) to 2
2026-06-15 20:19:09.922 10 INFO neutron.wsgi [req-d4462a83-f1a6-433d-9f95-6ab2bf63ac9c req-421f8211-8d06-4e03-849b-ff91d1a0415b e998b3f8a0ec4c11be1bd2fac2b8cdfd e3e4c5b439b843df911641c597c1e8b2 - - bb44992846d24d4a95418caed5772138 bb44992846d24d4a95418caed5772138] 199.19.213.125 "GET /v2.0/ports?network_id=3fb31601-c2e2-4b31-8ec1-82780a2edeb6&device_owner=network%3Adhcp HTTP/1.1" status: 200 len: 210 time: 0.0229137
2026-06-15 20:19:09.962 9 INFO neutron.notifiers.nova [-] Nova event matching ['req-53cfb785-7094-41a1-886b-f1bd668bdef9'] response: {'server_uuid': '13fdc9cb-a2a5-40cc-a5d0-2407407c54e0', 'name': 'network-vif-plugged', 'status': 'completed', 'tag': '128d3f85-19d7-4ec1-8c21-7ff747e3962a', 'code': 200}
2026-06-15 20:19:09.983 10 INFO neutron.db.ovn_revision_numbers_db [None req-72b4b0e9-80d6-4817-8724-f107f226a979 58e82c4bd08f4f43a103750a403e5ed4 4ad658d67ccc45de83b43f7cd5a00482 - - default default] Successfully bumped revision number for resource 50f19fbe-7719-4170-bcd3-7c33d5d057b8 (type: subnets) to 0
2026-06-15 20:19:10.011 10 INFO neutron.wsgi [None req-72b4b0e9-80d6-4817-8724-f107f226a979 58e82c4bd08f4f43a103750a403e5ed4 4ad658d67ccc45de83b43f7cd5a00482 - - default default] 10.0.0.2 "POST /v2.0/subnets HTTP/1.1" status: 201 len: 829 time: 1.4090319
2026-06-15 20:19:10.016 10 INFO neutron.wsgi [req-d4462a83-f1a6-433d-9f95-6ab2bf63ac9c req-aa0ee6b1-c321-46cd-8f2d-968cdff938dd e998b3f8a0ec4c11be1bd2fac2b8cdfd e3e4c5b439b843df911641c597c1e8b2 - - bb44992846d24d4a95418caed5772138 bb44992846d24d4a95418caed5772138] 199.19.213.125 "GET /v2.0/networks/3fb31601-c2e2-4b31-8ec1-82780a2edeb6?fields=segments HTTP/1.1" status: 200 len: 212 time: 0.0884233
2026-06-15 20:19:10.024 10 INFO neutron.db.ovn_revision_numbers_db [None req-057003fe-847d-4148-8422-498b3be46d26 1eeb012c2097469eaf62764e6b9d5799 8e41b2d957be479eb86c4559de9ca798 - - default default] Successfully bumped revision number for resource e7b2029c-acf4-48a7-92e0-b023c08079b4 (type: security_groups) to 1
2026-06-15 20:19:10.024 9 WARNING neutron_lib.context [None req-e4dcee70-251f-4ee4-8721-2d5fe44fe737 58e82c4bd08f4f43a103750a403e5ed4 4ad658d67ccc45de83b43f7cd5a00482 - - default default] Method 'is_advsvc' is deprecated since 2023.2 release (neutron-lib 3.8.0) and will be removed once support for the old RBAC API policies will be removed from Neutron. Please use method 'is_service_role' instead.
2026-06-15 20:19:10.054 10 INFO neutron.db.ovn_revision_numbers_db [None req-057003fe-847d-4148-8422-498b3be46d26 1eeb012c2097469eaf62764e6b9d5799 8e41b2d957be479eb86c4559de9ca798 - - default default] Successfully bumped revision number for resource 728b9449-944c-43f5-b44c-4ec7001cb6ad (type: security_group_rules) to 0
2026-06-15 20:19:10.078 10 INFO neutron.db.ovn_revision_numbers_db [None req-057003fe-847d-4148-8422-498b3be46d26 1eeb012c2097469eaf62764e6b9d5799 8e41b2d957be479eb86c4559de9ca798 - - default default] Successfully bumped revision number for resource af58dd13-45f0-4352-b1b4-ae8cffa6187a (type: security_group_rules) to 0
2026-06-15 20:19:10.099 10 INFO neutron.wsgi [None req-057003fe-847d-4148-8422-498b3be46d26 1eeb012c2097469eaf62764e6b9d5799 8e41b2d957be479eb86c4559de9ca798 - - default default] 10.0.0.2 "POST /v2.0/security-groups HTTP/1.1" status: 201 len: 1737 time: 0.3382885
2026-06-15 20:19:10.109 10 WARNING neutron_lib.context [None req-8f606ca5-e162-40c9-b40c-35e19aab0413 1eeb012c2097469eaf62764e6b9d5799 8e41b2d957be479eb86c4559de9ca798 - - default default] Method 'is_advsvc' is deprecated since 2023.2 release (neutron-lib 3.8.0) and will be removed once support for the old RBAC API policies will be removed from Neutron. Please use method 'is_service_role' instead.
2026-06-15 20:19:10.114 10 INFO neutron.wsgi [req-d4462a83-f1a6-433d-9f95-6ab2bf63ac9c req-35ddc004-ea34-434d-9a40-fcdff710cc7d e998b3f8a0ec4c11be1bd2fac2b8cdfd e3e4c5b439b843df911641c597c1e8b2 - - bb44992846d24d4a95418caed5772138 bb44992846d24d4a95418caed5772138] 199.19.213.125 "GET /v2.0/networks/3fb31601-c2e2-4b31-8ec1-82780a2edeb6?fields=provider%3Aphysical_network&fields=provider%3Anetwork_type HTTP/1.1" status: 200 len: 277 time: 0.0880136
2026-06-15 20:19:10.260 10 INFO neutron.db.ovn_revision_numbers_db [None req-8f606ca5-e162-40c9-b40c-35e19aab0413 1eeb012c2097469eaf62764e6b9d5799 8e41b2d957be479eb86c4559de9ca798 - - default default] Successfully bumped revision number for resource 3197c9cd-b673-4770-8028-ae0707509083 (type: security_groups) to 1
2026-06-15 20:19:10.275 10 INFO neutron.db.ovn_revision_numbers_db [None req-8f606ca5-e162-40c9-b40c-35e19aab0413 1eeb012c2097469eaf62764e6b9d5799 8e41b2d957be479eb86c4559de9ca798 - - default default] Successfully bumped revision number for resource a98df190-8395-4cf4-b12e-48c823531b5e (type: security_group_rules) to 0
2026-06-15 20:19:10.288 10 INFO neutron.db.ovn_revision_numbers_db [None req-8f606ca5-e162-40c9-b40c-35e19aab0413 1eeb012c2097469eaf62764e6b9d5799 8e41b2d957be479eb86c4559de9ca798 - - default default] Successfully bumped revision number for resource eb068996-7197-4c8d-a089-eeb187d04940 (type: security_group_rules) to 0
2026-06-15 20:19:10.306 10 INFO neutron.wsgi [None req-8f606ca5-e162-40c9-b40c-35e19aab0413 1eeb012c2097469eaf62764e6b9d5799 8e41b2d957be479eb86c4559de9ca798 - - default default] 10.0.0.2 "POST /v2.0/security-groups HTTP/1.1" status: 201 len: 1737 time: 0.2012663
2026-06-15 20:19:10.358 10 INFO neutron.wsgi [None req-3b13c5b0-f4af-4691-af01-33fa1867abca 1eeb012c2097469eaf62764e6b9d5799 8e41b2d957be479eb86c4559de9ca798 - - default default] 10.0.0.2 "PUT /v2.0/security-groups/713de02a-03a4-4d2e-b7a4-df12f9a81282/tags HTTP/1.1" status: 200 len: 210 time: 0.0468454
2026-06-15 20:19:10.404 10 INFO neutron.wsgi [None req-a1592db9-b8a5-43fc-a951-e4b1c1b75c41 1eeb012c2097469eaf62764e6b9d5799 8e41b2d957be479eb86c4559de9ca798 - - default default] 10.0.0.2 "PUT /v2.0/security-groups/bce83a93-d3d6-4898-adbd-648a0b3122ae/tags HTTP/1.1" status: 200 len: 218 time: 0.0385571
2026-06-15 20:19:10.443 9 INFO neutron.db.ovn_revision_numbers_db [None req-86914d21-580b-4721-979e-e4d514223fae - - - - - -] Successfully bumped revision number for resource 128d3f85-19d7-4ec1-8c21-7ff747e3962a (type: ports) to 4
2026-06-15 20:19:10.472 10 INFO neutron.wsgi [None req-7a96426e-fc29-49aa-89ef-cfa9d2b16c3e 1eeb012c2097469eaf62764e6b9d5799 8e41b2d957be479eb86c4559de9ca798 - - default default] 10.0.0.2 "PUT /v2.0/security-groups/0899875d-fc79-46de-98c8-48a4ff8fabc3/tags HTTP/1.1" status: 200 len: 227 time: 0.0633442
2026-06-15 20:19:10.515 10 INFO neutron.wsgi [None req-0c5b4e1d-da4f-4512-9030-7cdb1a4ecfd8 1eeb012c2097469eaf62764e6b9d5799 8e41b2d957be479eb86c4559de9ca798 - - default default] 10.0.0.2 "PUT /v2.0/security-groups/e7b2029c-acf4-48a7-92e0-b023c08079b4/tags HTTP/1.1" status: 200 len: 212 time: 0.0374339
2026-06-15 20:19:10.572 10 INFO neutron.wsgi [None req-ec163e4f-2a48-4ab7-bf53-bbb142ce8b3a 1eeb012c2097469eaf62764e6b9d5799 8e41b2d957be479eb86c4559de9ca798 - - default default] 10.0.0.2 "GET /v2.0/security-groups?tags=red HTTP/1.1" status: 200 len: 4813 time: 0.0500953
2026-06-15 20:19:10.600 10 INFO neutron.db.ovn_revision_numbers_db [None req-07c9134b-9af6-493e-b414-eeee3063dcb9 c5566c77d8554827b04219e520158dcc ff953eb8fa8744029a526014db8e6272 - - default default] Successfully bumped revision number for resource 7bee8489-e9b4-4ed8-b0ab-c89cd6f5f50d (type: security_groups) to 1
2026-06-15 20:19:10.620 10 INFO neutron.wsgi [None req-2985a861-0bb2-454d-8551-c06d5596af58 1eeb012c2097469eaf62764e6b9d5799 8e41b2d957be479eb86c4559de9ca798 - - default default] 10.0.0.2 "GET /v2.0/security-groups?tags=red%2Cblue HTTP/1.1" status: 200 len: 3289 time: 0.0423365
2026-06-15 20:19:10.621 10 INFO neutron.db.ovn_revision_numbers_db [None req-07c9134b-9af6-493e-b414-eeee3063dcb9 c5566c77d8554827b04219e520158dcc ff953eb8fa8744029a526014db8e6272 - - default default] Successfully bumped revision number for resource 31b494e4-2177-4a6a-bf5f-5ff50d4b99eb (type: security_group_rules) to 0
2026-06-15 20:19:10.646 10 INFO neutron.db.ovn_revision_numbers_db [None req-07c9134b-9af6-493e-b414-eeee3063dcb9 c5566c77d8554827b04219e520158dcc ff953eb8fa8744029a526014db8e6272 - - default default] Successfully bumped revision number for resource 45bbfd4d-f9d2-4717-8c2a-5a987a8bd42b (type: security_group_rules) to 0
2026-06-15 20:19:10.651 9 WARNING neutron.scheduler.dhcp_agent_scheduler [None req-e4dcee70-251f-4ee4-8721-2d5fe44fe737 58e82c4bd08f4f43a103750a403e5ed4 4ad658d67ccc45de83b43f7cd5a00482 - - default default] No more DHCP agents
2026-06-15 20:19:10.653 9 WARNING neutron.api.rpc.agentnotifiers.dhcp_rpc_agent_api [None req-e4dcee70-251f-4ee4-8721-2d5fe44fe737 58e82c4bd08f4f43a103750a403e5ed4 4ad658d67ccc45de83b43f7cd5a00482 - - default default] Unable to schedule network 4923c1b7-9335-46e3-90e6-779edea009f4: no agents available; will retry on subsequent port and subnet creation events.
2026-06-15 20:19:10.687 10 INFO neutron.db.ovn_revision_numbers_db [None req-07c9134b-9af6-493e-b414-eeee3063dcb9 c5566c77d8554827b04219e520158dcc ff953eb8fa8744029a526014db8e6272 - - default default] Successfully bumped revision number for resource b29147e2-42e1-4930-ae64-1630de8c538c (type: security_group_rules) to 0 /var/lib/openstack/lib/python3.10/site-packages/pycadf/identifier.py:71: UserWarning: Invalid uuid: neutron. To ensure interoperability, identifiers should be a valid uuid. warnings.warn(('Invalid uuid: %s. To ensure interoperability, '
2026-06-15 20:19:10.702 9 INFO neutron.db.ovn_revision_numbers_db [None req-e4dcee70-251f-4ee4-8721-2d5fe44fe737 58e82c4bd08f4f43a103750a403e5ed4 4ad658d67ccc45de83b43f7cd5a00482 - - default default] Successfully bumped revision number for resource 04b570c0-074e-46f2-89f7-f33e52345c63 (type: subnets) to 0
2026-06-15 20:19:10.709 10 INFO neutron.wsgi [None req-8edc0b79-968f-4466-bd05-e4ec80c6689d 1eeb012c2097469eaf62764e6b9d5799 8e41b2d957be479eb86c4559de9ca798 - - default default] 10.0.0.2 "GET /v2.0/security-groups?tags-any=blue HTTP/1.1" status: 200 len: 3289 time: 0.0824540
2026-06-15 20:19:10.711 10 INFO neutron.db.ovn_revision_numbers_db [None req-07c9134b-9af6-493e-b414-eeee3063dcb9 c5566c77d8554827b04219e520158dcc ff953eb8fa8744029a526014db8e6272 - - default default] Successfully bumped revision number for resource be4bbada-4406-4a13-a88b-0237558fe732 (type: security_group_rules) to 0
2026-06-15 20:19:10.726 9 INFO neutron.wsgi [None req-e4dcee70-251f-4ee4-8721-2d5fe44fe737 58e82c4bd08f4f43a103750a403e5ed4 4ad658d67ccc45de83b43f7cd5a00482 - - default default] 10.0.0.2 "POST /v2.0/subnets HTTP/1.1" status: 201 len: 904 time: 0.7114944
2026-06-15 20:19:10.737 9 WARNING neutron_lib.context [None req-c45280eb-1bd1-4cd4-aaa5-a6d325a154dc 58e82c4bd08f4f43a103750a403e5ed4 4ad658d67ccc45de83b43f7cd5a00482 - - default default] Method 'is_advsvc' is deprecated since 2023.2 release (neutron-lib 3.8.0) and will be removed once support for the old RBAC API policies will be removed from Neutron. Please use method 'is_service_role' instead.
2026-06-15 20:19:10.746 9 INFO neutron.wsgi [req-e39bb912-b8a2-4dbd-ac09-c99011f9310e req-1fee2eb1-7cdd-49c5-8427-f93cc12f6bc8 c38ef6e7e0794437a12b8d3a7d8e1187 6b5d873f9e834230b46c3bd273e3b181 - - default default] 10.0.0.73 "GET /v2.0/ports?device_id=13fdc9cb-a2a5-40cc-a5d0-2407407c54e0 HTTP/1.1" status: 200 len: 1174 time: 0.0559406
2026-06-15 20:19:10.754 10 INFO neutron.wsgi [None req-07c9134b-9af6-493e-b414-eeee3063dcb9 c5566c77d8554827b04219e520158dcc ff953eb8fa8744029a526014db8e6272 - - default default] 10.0.0.2 "GET /v2.0/security-groups?tenant_id=0df19493d4c74266bcb81cae9817b0fd&name=default HTTP/1.1" status: 200 len: 2996 time: 0.4375675
2026-06-15 20:19:10.795 10 INFO neutron.wsgi [None req-b782be8c-a0de-4882-bf29-eb656cbcfbad 1eeb012c2097469eaf62764e6b9d5799 8e41b2d957be479eb86c4559de9ca798 - - default default] 10.0.0.2 "GET /v2.0/security-groups?tags-any=red%2Cblue HTTP/1.1" status: 200 len: 4813 time: 0.0799890
2026-06-15 20:19:10.822 9 INFO neutron.wsgi [req-e39bb912-b8a2-4dbd-ac09-c99011f9310e req-1e762f50-a6f4-42fa-85b1-9b04b9031d42 c38ef6e7e0794437a12b8d3a7d8e1187 6b5d873f9e834230b46c3bd273e3b181 - - default default] 10.0.0.73 "GET /v2.0/security-groups?id=84948263-f719-4130-bd2c-9b69fdeca915&fields=id&fields=name HTTP/1.1" status: 200 len: 312 time: 0.0692389
2026-06-15 20:19:10.868 10 INFO neutron.wsgi [None req-dc93358f-54e5-4a5c-81de-824d6a1ef9b9 1eeb012c2097469eaf62764e6b9d5799 8e41b2d957be479eb86c4559de9ca798 - - default default] 10.0.0.2 "GET /v2.0/security-groups?not-tags=red HTTP/1.1" status: 200 len: 6041 time: 0.0671520
2026-06-15 20:19:10.928 10 INFO neutron.wsgi [None req-2b3c8446-dc90-4e14-8d1b-05596c91a3a7 1eeb012c2097469eaf62764e6b9d5799 8e41b2d957be479eb86c4559de9ca798 - - default default] 10.0.0.2 "GET /v2.0/security-groups?not-tags=red%2Cblue HTTP/1.1" status: 200 len: 7565 time: 0.0563023
2026-06-15 20:19:10.988 10 INFO neutron.wsgi [None req-e10da486-bc41-4c2f-8848-19b18a181b38 1eeb012c2097469eaf62764e6b9d5799 8e41b2d957be479eb86c4559de9ca798 - - default default] 10.0.0.2 "GET /v2.0/security-groups?not-tags-any=blue HTTP/1.1" status: 200 len: 7565 time: 0.0550580
2026-06-15 20:19:11.042 10 INFO neutron.wsgi [None req-b20c9caf-c10e-4bef-ad19-049e960e8c2a 1eeb012c2097469eaf62764e6b9d5799 8e41b2d957be479eb86c4559de9ca798 - - default default] 10.0.0.2 "GET /v2.0/security-groups?not-tags-any=red%2Cblue HTTP/1.1" status: 200 len: 6041 time: 0.0495257
2026-06-15 20:19:11.084 10 INFO neutron.wsgi [None req-d04b45b8-fd08-4128-8b1e-3932ca5f79c8 c5566c77d8554827b04219e520158dcc ff953eb8fa8744029a526014db8e6272 - - default default] 10.0.0.2 "DELETE /v2.0/security-groups/7bee8489-e9b4-4ed8-b0ab-c89cd6f5f50d HTTP/1.1" status: 204 len: 168 time: 0.3227358
2026-06-15 20:19:11.178 10 INFO neutron.wsgi [None req-bfbe7f1b-0d81-4c96-9abe-4598acd2062f 1eeb012c2097469eaf62764e6b9d5799 8e41b2d957be479eb86c4559de9ca798 - - default default] 10.0.0.2 "DELETE /v2.0/security-groups/713de02a-03a4-4d2e-b7a4-df12f9a81282 HTTP/1.1" status: 204 len: 168 time: 0.1267018
2026-06-15 20:19:11.252 10 INFO neutron.wsgi [None req-1fd28f12-e0b2-4b6a-84fe-b94a4a2c655b c5566c77d8554827b04219e520158dcc ff953eb8fa8744029a526014db8e6272 - - default default] 10.0.0.2 "GET /v2.0/security-groups?tenant_id=4fdec2f832124ee5a0db8eda9fc3a639&name=default HTTP/1.1" status: 200 len: 2996 time: 0.0421717
2026-06-15 20:19:11.314 9 WARNING neutron.scheduler.dhcp_agent_scheduler [None req-c45280eb-1bd1-4cd4-aaa5-a6d325a154dc 58e82c4bd08f4f43a103750a403e5ed4 4ad658d67ccc45de83b43f7cd5a00482 - - default default] No more DHCP agents
2026-06-15 20:19:11.319 9 WARNING neutron.api.rpc.agentnotifiers.dhcp_rpc_agent_api [None req-c45280eb-1bd1-4cd4-aaa5-a6d325a154dc 58e82c4bd08f4f43a103750a403e5ed4 4ad658d67ccc45de83b43f7cd5a00482 - - default default] Unable to schedule network 1cc0b5b3-87bb-4949-a24d-83860ff0d0aa: no agents available; will retry on subsequent port and subnet creation events.
2026-06-15 20:19:11.322 10 INFO neutron.wsgi [None req-13ca657e-3ffa-4c25-804a-145d51e807c6 1eeb012c2097469eaf62764e6b9d5799 8e41b2d957be479eb86c4559de9ca798 - - default default] 10.0.0.2 "DELETE /v2.0/security-groups/bce83a93-d3d6-4898-adbd-648a0b3122ae HTTP/1.1" status: 204 len: 168 time: 0.1381705
2026-06-15 20:19:11.449 10 INFO neutron.wsgi [None req-31833652-ee69-46a0-bd33-9b54434163db 1eeb012c2097469eaf62764e6b9d5799 8e41b2d957be479eb86c4559de9ca798 - - default default] 10.0.0.2 "DELETE /v2.0/security-groups/0899875d-fc79-46de-98c8-48a4ff8fabc3 HTTP/1.1" status: 204 len: 168 time: 0.1221113
2026-06-15 20:19:11.507 9 INFO neutron.db.ovn_revision_numbers_db [None req-c45280eb-1bd1-4cd4-aaa5-a6d325a154dc 58e82c4bd08f4f43a103750a403e5ed4 4ad658d67ccc45de83b43f7cd5a00482 - - default default] Successfully bumped revision number for resource 9654432f-b42d-4f7c-84d8-3586e8a49f9d (type: ports) to 1
2026-06-15 20:19:11.583 9 INFO neutron.wsgi [None req-23c17efa-ca5f-479b-8b50-f2d8254312a0 c5566c77d8554827b04219e520158dcc ff953eb8fa8744029a526014db8e6272 - - default default] 10.0.0.2 "DELETE /v2.0/security-groups/58f707cf-0bdd-4e63-88af-afdd7ee5c413 HTTP/1.1" status: 204 len: 168 time: 0.3170357
2026-06-15 20:19:11.602 10 INFO neutron.wsgi [None req-97703362-9692-4861-9b88-ae139b44974f 1eeb012c2097469eaf62764e6b9d5799 8e41b2d957be479eb86c4559de9ca798 - - default default] 10.0.0.2 "DELETE /v2.0/security-groups/e7b2029c-acf4-48a7-92e0-b023c08079b4 HTTP/1.1" status: 204 len: 168 time: 0.1483324
2026-06-15 20:19:11.731 10 INFO neutron.wsgi [None req-a8c1c56d-b6f0-4db0-8433-bf8e3f569823 1eeb012c2097469eaf62764e6b9d5799 8e41b2d957be479eb86c4559de9ca798 - - default default] 10.0.0.2 "DELETE /v2.0/security-groups/3197c9cd-b673-4770-8028-ae0707509083 HTTP/1.1" status: 204 len: 168 time: 0.1236048
2026-06-15 20:19:12.247 9 INFO neutron.notifiers.nova [-] Nova event matching ['req-3b670f45-3002-4faf-89e0-8823311c3ede'] response: {'server_uuid': '13fdc9cb-a2a5-40cc-a5d0-2407407c54e0', 'name': 'network-vif-plugged', 'status': 'completed', 'tag': '128d3f85-19d7-4ec1-8c21-7ff747e3962a', 'code': 200}
2026-06-15 20:19:12.273 9 INFO neutron.wsgi [req-3b11abd7-495e-4ff4-89fd-55d44b4258f1 req-9a26d37d-4e0f-4711-a5ab-a0781141690d c38ef6e7e0794437a12b8d3a7d8e1187 6b5d873f9e834230b46c3bd273e3b181 - - default default] 10.0.0.73 "GET /v2.0/ports?device_id=13fdc9cb-a2a5-40cc-a5d0-2407407c54e0 HTTP/1.1" status: 200 len: 1174 time: 0.3797362
2026-06-15 20:19:12.344 9 INFO neutron.wsgi [req-3b11abd7-495e-4ff4-89fd-55d44b4258f1 req-3454f5a2-27f5-453f-b31b-e72d4fc6fef5 c38ef6e7e0794437a12b8d3a7d8e1187 6b5d873f9e834230b46c3bd273e3b181 - - default default] 10.0.0.73 "GET /v2.0/security-groups?id=84948263-f719-4130-bd2c-9b69fdeca915&fields=id&fields=name HTTP/1.1" status: 200 len: 312 time: 0.0611775
2026-06-15 20:19:12.457 9 INFO neutron.wsgi [req-c6c99e31-16ce-4972-8168-f7a088239fd1 req-725a9740-09f7-4371-bcaf-b6b56a51bcae c38ef6e7e0794437a12b8d3a7d8e1187 6b5d873f9e834230b46c3bd273e3b181 - - default default] 10.0.0.73 "GET /v2.0/ports?device_id=13fdc9cb-a2a5-40cc-a5d0-2407407c54e0 HTTP/1.1" status: 200 len: 1174 time: 0.0424151
2026-06-15 20:19:12.487 10 INFO neutron.plugins.ml2.drivers.ovn.mech_driver.mech_driver [None req-0d1ee76d-1634-4522-9c65-e7b936d81835 - - - - - -] OVN reports status up for port: 9654432f-b42d-4f7c-84d8-3586e8a49f9d
2026-06-15 20:19:12.499 10 INFO neutron.plugins.ml2.plugin [None req-0d1ee76d-1634-4522-9c65-e7b936d81835 - - - - - -] Attempt 1 to provision port 9654432f-b42d-4f7c-84d8-3586e8a49f9d
2026-06-15 20:19:12.520 9 INFO neutron.plugins.ml2.drivers.ovn.mech_driver.ovsdb.ovsdb_monitor [None req-172ecbbd-ff53-49e9-bb75-06b891461e48 - - - - - -] Router 3185de6b-3286-485b-94c5-287abbe8b950 is bound to host instance
2026-06-15 20:19:12.544 9 INFO neutron.wsgi [req-c6c99e31-16ce-4972-8168-f7a088239fd1 req-9902e171-88bf-4cc0-8f05-fa4a90eafaa9 c38ef6e7e0794437a12b8d3a7d8e1187 6b5d873f9e834230b46c3bd273e3b181 - - default default] 10.0.0.73 "GET /v2.0/security-groups?id=84948263-f719-4130-bd2c-9b69fdeca915&fields=id&fields=name HTTP/1.1" status: 200 len: 312 time: 0.0794356
2026-06-15 20:19:12.550 9 INFO neutron.db.ovn_revision_numbers_db [None req-c45280eb-1bd1-4cd4-aaa5-a6d325a154dc 58e82c4bd08f4f43a103750a403e5ed4 4ad658d67ccc45de83b43f7cd5a00482 - - default default] Successfully bumped revision number for resource 9654432f-b42d-4f7c-84d8-3586e8a49f9d (type: router_ports) to 1
2026-06-15 20:19:12.652 9 INFO neutron.wsgi [None req-804aa8cd-52a8-4834-8de3-90a2f541154c ea5f2a4aad454d36b242d47d7bdd67e5 65be3af0a30c4ee9b5d1acdf5645174b - - default default] 10.0.0.2 "GET /v2.0/ports?device_id=13fdc9cb-a2a5-40cc-a5d0-2407407c54e0 HTTP/1.1" status: 200 len: 1408 time: 0.0756660
2026-06-15 20:19:12.664 9 WARNING neutron_lib.context [None req-fe32d1f7-fd65-4884-9f54-e6891005af99 c38ef6e7e0794437a12b8d3a7d8e1187 6b5d873f9e834230b46c3bd273e3b181 - - default default] Method 'is_advsvc' is deprecated since 2023.2 release (neutron-lib 3.8.0) and will be removed once support for the old RBAC API policies will be removed from Neutron. Please use method 'is_service_role' instead.
2026-06-15 20:19:12.721 9 INFO neutron.db.ovn_revision_numbers_db [None req-c45280eb-1bd1-4cd4-aaa5-a6d325a154dc 58e82c4bd08f4f43a103750a403e5ed4 4ad658d67ccc45de83b43f7cd5a00482 - - default default] Successfully bumped revision number for resource 3185de6b-3286-485b-94c5-287abbe8b950 (type: routers) to 2
2026-06-15 20:19:12.743 9 INFO neutron.wsgi [None req-c45280eb-1bd1-4cd4-aaa5-a6d325a154dc 58e82c4bd08f4f43a103750a403e5ed4 4ad658d67ccc45de83b43f7cd5a00482 - - default default] 10.0.0.2 "POST /v2.0/routers HTTP/1.1" status: 201 len: 865 time: 2.0107980
2026-06-15 20:19:13.246 9 INFO neutron.db.ovn_revision_numbers_db [None req-de30e922-29e0-4c62-833b-d8d6d52d9e63 c5566c77d8554827b04219e520158dcc ff953eb8fa8744029a526014db8e6272 - - default default] Successfully bumped revision number for resource a7cb05e1-cb11-4aad-b10f-75036acef1b4 (type: security_groups) to 1
2026-06-15 20:19:13.250 9 WARNING neutron.scheduler.dhcp_agent_scheduler [None req-fe32d1f7-fd65-4884-9f54-e6891005af99 c38ef6e7e0794437a12b8d3a7d8e1187 6b5d873f9e834230b46c3bd273e3b181 - - default default] No more DHCP agents
2026-06-15 20:19:13.273 9 WARNING neutron.api.rpc.agentnotifiers.dhcp_rpc_agent_api [None req-fe32d1f7-fd65-4884-9f54-e6891005af99 c38ef6e7e0794437a12b8d3a7d8e1187 6b5d873f9e834230b46c3bd273e3b181 - - default default] Unable to schedule network 1cc0b5b3-87bb-4949-a24d-83860ff0d0aa: no agents available; will retry on subsequent port and subnet creation events.
2026-06-15 20:19:13.527 9 INFO neutron.db.ovn_revision_numbers_db [None req-de30e922-29e0-4c62-833b-d8d6d52d9e63 c5566c77d8554827b04219e520158dcc ff953eb8fa8744029a526014db8e6272 - - default default] Successfully bumped revision number for resource b72f1976-fbc3-446a-a8b8-ae21ab823567 (type: security_group_rules) to 0
2026-06-15 20:19:13.553 9 INFO neutron.db.ovn_revision_numbers_db [None req-de30e922-29e0-4c62-833b-d8d6d52d9e63 c5566c77d8554827b04219e520158dcc ff953eb8fa8744029a526014db8e6272 - - default default] Successfully bumped revision number for resource be92e435-2bb9-45cd-84d1-5c977cd1ede9 (type: security_group_rules) to 0
2026-06-15 20:19:13.589 9 INFO neutron.db.ovn_revision_numbers_db [None req-de30e922-29e0-4c62-833b-d8d6d52d9e63 c5566c77d8554827b04219e520158dcc ff953eb8fa8744029a526014db8e6272 - - default default] Successfully bumped revision number for resource ca853f69-19ef-4fcb-9763-ac6d17afb667 (type: security_group_rules) to 0
2026-06-15 20:19:13.631 9 INFO neutron.db.ovn_revision_numbers_db [None req-de30e922-29e0-4c62-833b-d8d6d52d9e63 c5566c77d8554827b04219e520158dcc ff953eb8fa8744029a526014db8e6272 - - default default] Successfully bumped revision number for resource cabb6f95-11b4-44b2-9798-c964ad25848f (type: security_group_rules) to 0
2026-06-15 20:19:13.705 9 INFO neutron.wsgi [None req-de30e922-29e0-4c62-833b-d8d6d52d9e63 c5566c77d8554827b04219e520158dcc ff953eb8fa8744029a526014db8e6272 - - default default] 10.0.0.2 "GET /v2.0/security-groups?tenant_id=d731ff7320424e318996f388fab86fc8&name=default HTTP/1.1" status: 200 len: 3000 time: 1.0323939
2026-06-15 20:19:13.870 9 INFO neutron.db.ovn_revision_numbers_db [None req-172ecbbd-ff53-49e9-bb75-06b891461e48 - - - - - -] Successfully bumped revision number for resource 9654432f-b42d-4f7c-84d8-3586e8a49f9d (type: ports) to 1
2026-06-15 20:19:13.929 10 INFO neutron.wsgi [None req-c4fbfe5f-8ab8-4187-a597-437e7a885074 c5566c77d8554827b04219e520158dcc ff953eb8fa8744029a526014db8e6272 - - default default] 10.0.0.2 "DELETE /v2.0/security-groups/a7cb05e1-cb11-4aad-b10f-75036acef1b4 HTTP/1.1" status: 204 len: 168 time: 0.2195394
2026-06-15 20:19:14.128 9 WARNING neutron.scheduler.dhcp_agent_scheduler [None req-3bf5fd65-b4be-4c3b-9d9a-81e6893cfa31 58e82c4bd08f4f43a103750a403e5ed4 4ad658d67ccc45de83b43f7cd5a00482 - - default default] No more DHCP agents
2026-06-15 20:19:14.138 9 WARNING neutron.api.rpc.agentnotifiers.dhcp_rpc_agent_api [None req-3bf5fd65-b4be-4c3b-9d9a-81e6893cfa31 58e82c4bd08f4f43a103750a403e5ed4 4ad658d67ccc45de83b43f7cd5a00482 - - default default] Unable to schedule network 4ce9c48e-b84b-450b-bb00-108701855a1e: no agents available; will retry on subsequent port and subnet creation events.
2026-06-15 20:19:14.255 10 INFO neutron.db.ovn_revision_numbers_db [None req-96efa82f-7a28-43e3-83ae-968fcc6dae84 c5566c77d8554827b04219e520158dcc ff953eb8fa8744029a526014db8e6272 - - default default] Successfully bumped revision number for resource a159fdd3-e2db-4db9-aec0-be32dcf93cdf (type: security_groups) to 1
2026-06-15 20:19:14.271 10 INFO neutron.db.ovn_revision_numbers_db [None req-96efa82f-7a28-43e3-83ae-968fcc6dae84 c5566c77d8554827b04219e520158dcc ff953eb8fa8744029a526014db8e6272 - - default default] Successfully bumped revision number for resource 551ce824-a504-48af-8e9b-9a1c63730872 (type: security_group_rules) to 0
2026-06-15 20:19:14.293 10 INFO neutron.db.ovn_revision_numbers_db [None req-96efa82f-7a28-43e3-83ae-968fcc6dae84 c5566c77d8554827b04219e520158dcc ff953eb8fa8744029a526014db8e6272 - - default default] Successfully bumped revision number for resource 795c459a-867f-4f29-8584-170a66daab4c (type: security_group_rules) to 0
2026-06-15 20:19:14.314 10 INFO neutron.db.ovn_revision_numbers_db [None req-96efa82f-7a28-43e3-83ae-968fcc6dae84 c5566c77d8554827b04219e520158dcc ff953eb8fa8744029a526014db8e6272 - - default default] Successfully bumped revision number for resource a108058e-cb7f-49b1-be8e-05ed9b2abb3e (type: security_group_rules) to 0
2026-06-15 20:19:14.333 10 INFO neutron.db.ovn_revision_numbers_db [None req-96efa82f-7a28-43e3-83ae-968fcc6dae84 c5566c77d8554827b04219e520158dcc ff953eb8fa8744029a526014db8e6272 - - default default] Successfully bumped revision number for resource a1ea2b46-6593-4bbe-be9e-18ee445da6f1 (type: security_group_rules) to 0
2026-06-15 20:19:14.365 10 INFO neutron.wsgi [None req-96efa82f-7a28-43e3-83ae-968fcc6dae84 c5566c77d8554827b04219e520158dcc ff953eb8fa8744029a526014db8e6272 - - default default] 10.0.0.2 "GET /v2.0/security-groups?tenant_id=1ecee09fb1294895afa712930a61079c&name=default HTTP/1.1" status: 200 len: 3000 time: 0.2952263
2026-06-15 20:19:14.387 9 INFO neutron.db.ovn_revision_numbers_db [None req-172ecbbd-ff53-49e9-bb75-06b891461e48 - - - - - -] Successfully bumped revision number for resource 9654432f-b42d-4f7c-84d8-3586e8a49f9d (type: router_ports) to 3
2026-06-15 20:19:14.412 9 INFO neutron.db.l3_db [None req-fe32d1f7-fd65-4884-9f54-e6891005af99 c38ef6e7e0794437a12b8d3a7d8e1187 6b5d873f9e834230b46c3bd273e3b181 - - default default] Floating IP 31fa549c-f074-43d0-8296-fa6f01433f0f associated. External IP: 10.96.250.202, port: 128d3f85-19d7-4ec1-8c21-7ff747e3962a.
2026-06-15 20:19:14.490 9 INFO neutron.db.ovn_revision_numbers_db [None req-3bf5fd65-b4be-4c3b-9d9a-81e6893cfa31 58e82c4bd08f4f43a103750a403e5ed4 4ad658d67ccc45de83b43f7cd5a00482 - - default default] Successfully bumped revision number for resource 8bec617d-4d9f-4cf4-af13-4c3be608ec98 (type: ports) to 1
2026-06-15 20:19:14.608 10 INFO neutron.wsgi [None req-92660ece-5c05-4d6d-881d-f3bbebfb0d06 c5566c77d8554827b04219e520158dcc ff953eb8fa8744029a526014db8e6272 - - default default] 10.0.0.2 "DELETE /v2.0/security-groups/a159fdd3-e2db-4db9-aec0-be32dcf93cdf HTTP/1.1" status: 204 len: 168 time: 0.2368085
2026-06-15 20:19:14.830 10 INFO neutron.wsgi [None req-26628c93-220f-4841-b7ea-e2b996926316 c5566c77d8554827b04219e520158dcc ff953eb8fa8744029a526014db8e6272 - - default default] 10.0.0.2 "GET /v2.0/security-groups?tenant_id=8e41b2d957be479eb86c4559de9ca798&name=default HTTP/1.1" status: 200 len: 2996 time: 0.0371785
2026-06-15 20:19:14.953 9 INFO neutron.db.ovn_revision_numbers_db [None req-172ecbbd-ff53-49e9-bb75-06b891461e48 - - - - - -] Successfully bumped revision number for resource 9654432f-b42d-4f7c-84d8-3586e8a49f9d (type: ports) to 2
2026-06-15 20:19:15.006 9 INFO neutron.db.ovn_revision_numbers_db [None req-fe32d1f7-fd65-4884-9f54-e6891005af99 c38ef6e7e0794437a12b8d3a7d8e1187 6b5d873f9e834230b46c3bd273e3b181 - - default default] Successfully bumped revision number for resource 31fa549c-f074-43d0-8296-fa6f01433f0f (type: floatingips) to 0
2026-06-15 20:19:15.068 10 INFO neutron.wsgi [None req-513df089-53db-4b34-8be1-808f93288778 c5566c77d8554827b04219e520158dcc ff953eb8fa8744029a526014db8e6272 - - default default] 10.0.0.2 "DELETE /v2.0/security-groups/f3a1bc5f-665b-4af1-ab51-22d7d48a03ab HTTP/1.1" status: 204 len: 168 time: 0.2333987
2026-06-15 20:19:15.216 9 INFO neutron.db.ovn_revision_numbers_db [None req-fe32d1f7-fd65-4884-9f54-e6891005af99 c38ef6e7e0794437a12b8d3a7d8e1187 6b5d873f9e834230b46c3bd273e3b181 - - default default] Successfully bumped revision number for resource 31fa549c-f074-43d0-8296-fa6f01433f0f (type: floatingips) to 1
2026-06-15 20:19:15.293 9 INFO neutron.wsgi [None req-fe32d1f7-fd65-4884-9f54-e6891005af99 c38ef6e7e0794437a12b8d3a7d8e1187 6b5d873f9e834230b46c3bd273e3b181 - - default default] 10.0.0.2 "POST /v2.0/floatingips HTTP/1.1" status: 201 len: 1055 time: 2.6344414 /var/lib/openstack/lib/python3.10/site-packages/pycadf/identifier.py:71: UserWarning: Invalid uuid: neutron. To ensure interoperability, identifiers should be a valid uuid. warnings.warn(('Invalid uuid: %s. To ensure interoperability, '
2026-06-15 20:19:15.347 9 INFO neutron.notifiers.nova [-] Nova event matching ['req-f1e0f7b5-40a6-4865-a4c2-5a32d9e4f07e'] response: {'name': 'network-changed', 'server_uuid': '13fdc9cb-a2a5-40cc-a5d0-2407407c54e0', 'tag': '128d3f85-19d7-4ec1-8c21-7ff747e3962a', 'status': 'completed', 'code': 200}
2026-06-15 20:19:15.389 10 INFO neutron.wsgi [None req-393ca0d4-0226-4220-ac19-16497de4f3f0 c38ef6e7e0794437a12b8d3a7d8e1187 6b5d873f9e834230b46c3bd273e3b181 - - default default] 10.0.0.2 "GET /v2.0/floatingips/31fa549c-f074-43d0-8296-fa6f01433f0f HTTP/1.1" status: 200 len: 1052 time: 0.0887258
2026-06-15 20:19:15.406 10 INFO neutron.wsgi [req-57a86fa3-37c7-473a-b4a6-f72b6ce41cd9 req-23a86569-1d70-41d7-b555-7841c3e28343 e998b3f8a0ec4c11be1bd2fac2b8cdfd e3e4c5b439b843df911641c597c1e8b2 - - bb44992846d24d4a95418caed5772138 bb44992846d24d4a95418caed5772138] 199.19.213.125 "GET /v2.0/ports?tenant_id=6b5d873f9e834230b46c3bd273e3b181&device_id=13fdc9cb-a2a5-40cc-a5d0-2407407c54e0 HTTP/1.1" status: 200 len: 1413 time: 0.0475333
2026-06-15 20:19:15.477 9 INFO neutron.db.ovn_revision_numbers_db [None req-172ecbbd-ff53-49e9-bb75-06b891461e48 - - - - - -] Successfully bumped revision number for resource 9654432f-b42d-4f7c-84d8-3586e8a49f9d (type: ports) to 4
2026-06-15 20:19:15.478 10 INFO neutron.wsgi [req-57a86fa3-37c7-473a-b4a6-f72b6ce41cd9 req-b6ba4000-40f3-4fec-8d88-8e7fa2722b4d e998b3f8a0ec4c11be1bd2fac2b8cdfd e3e4c5b439b843df911641c597c1e8b2 - - bb44992846d24d4a95418caed5772138 bb44992846d24d4a95418caed5772138] 199.19.213.125 "GET /v2.0/networks?id=3fb31601-c2e2-4b31-8ec1-82780a2edeb6 HTTP/1.1" status: 200 len: 957 time: 0.0671310
2026-06-15 20:19:15.499 10 INFO neutron.plugins.ml2.drivers.ovn.mech_driver.mech_driver [None req-0d1ee76d-1634-4522-9c65-e7b936d81835 - - - - - -] OVN reports status up for port: 8bec617d-4d9f-4cf4-af13-4c3be608ec98
2026-06-15 20:19:15.528 10 INFO neutron.plugins.ml2.plugin [None req-0d1ee76d-1634-4522-9c65-e7b936d81835 - - - - - -] Attempt 1 to provision port 8bec617d-4d9f-4cf4-af13-4c3be608ec98
2026-06-15 20:19:15.539 9 INFO neutron.db.ovn_revision_numbers_db [None req-3bf5fd65-b4be-4c3b-9d9a-81e6893cfa31 58e82c4bd08f4f43a103750a403e5ed4 4ad658d67ccc45de83b43f7cd5a00482 - - default default] Successfully bumped revision number for resource 8bec617d-4d9f-4cf4-af13-4c3be608ec98 (type: router_ports) to 1
2026-06-15 20:19:15.555 10 INFO neutron.wsgi [req-57a86fa3-37c7-473a-b4a6-f72b6ce41cd9 req-1bfd9622-ba23-4312-9506-6fc7c32161bb e998b3f8a0ec4c11be1bd2fac2b8cdfd e3e4c5b439b843df911641c597c1e8b2 - - bb44992846d24d4a95418caed5772138 bb44992846d24d4a95418caed5772138] 199.19.213.125 "GET /v2.0/floatingips?fixed_ip_address=10.100.0.11&port_id=128d3f85-19d7-4ec1-8c21-7ff747e3962a HTTP/1.1" status: 200 len: 1060 time: 0.0676835
2026-06-15 20:19:15.618 10 INFO neutron.wsgi [req-57a86fa3-37c7-473a-b4a6-f72b6ce41cd9 req-513c00f8-9e0a-4911-a9a5-f73d7db55a1f e998b3f8a0ec4c11be1bd2fac2b8cdfd e3e4c5b439b843df911641c597c1e8b2 - - bb44992846d24d4a95418caed5772138 bb44992846d24d4a95418caed5772138] 199.19.213.125 "GET /v2.0/subnets?id=b1e5c86d-28ca-4c31-8ec2-bbc44131186b HTTP/1.1" status: 200 len: 852 time: 0.0553160
2026-06-15 20:19:15.663 10 INFO neutron.wsgi [req-57a86fa3-37c7-473a-b4a6-f72b6ce41cd9 req-d81b8450-3caa-4f52-a98d-3cf8af18dbe6 e998b3f8a0ec4c11be1bd2fac2b8cdfd e3e4c5b439b843df911641c597c1e8b2 - - bb44992846d24d4a95418caed5772138 bb44992846d24d4a95418caed5772138] 199.19.213.125 "GET /v2.0/ports?network_id=3fb31601-c2e2-4b31-8ec1-82780a2edeb6&device_owner=network%3Adhcp HTTP/1.1" status: 200 len: 210 time: 0.0290506
2026-06-15 20:19:15.777 10 INFO neutron.wsgi [req-57a86fa3-37c7-473a-b4a6-f72b6ce41cd9 req-93c4484d-3541-48fe-94a4-74e4c8c5ff18 e998b3f8a0ec4c11be1bd2fac2b8cdfd e3e4c5b439b843df911641c597c1e8b2 - - bb44992846d24d4a95418caed5772138 bb44992846d24d4a95418caed5772138] 199.19.213.125 "GET /v2.0/networks/3fb31601-c2e2-4b31-8ec1-82780a2edeb6?fields=segments HTTP/1.1" status: 200 len: 212 time: 0.1065309
2026-06-15 20:19:15.822 9 INFO neutron.db.ovn_revision_numbers_db [None req-172ecbbd-ff53-49e9-bb75-06b891461e48 - - - - - -] Successfully bumped revision number for resource 9654432f-b42d-4f7c-84d8-3586e8a49f9d (type: router_ports) to 4
2026-06-15 20:19:15.831 9 INFO neutron.db.ovn_revision_numbers_db [None req-3bf5fd65-b4be-4c3b-9d9a-81e6893cfa31 58e82c4bd08f4f43a103750a403e5ed4 4ad658d67ccc45de83b43f7cd5a00482 - - default default] Successfully bumped revision number for resource 8bec617d-4d9f-4cf4-af13-4c3be608ec98 (type: ports) to 1
2026-06-15 20:19:15.888 10 INFO neutron.wsgi [req-57a86fa3-37c7-473a-b4a6-f72b6ce41cd9 req-dc9ddeb4-6e17-42aa-b6b2-c4ddf6a64d23 e998b3f8a0ec4c11be1bd2fac2b8cdfd e3e4c5b439b843df911641c597c1e8b2 - - bb44992846d24d4a95418caed5772138 bb44992846d24d4a95418caed5772138] 199.19.213.125 "GET /v2.0/networks/3fb31601-c2e2-4b31-8ec1-82780a2edeb6?fields=provider%3Aphysical_network&fields=provider%3Anetwork_type HTTP/1.1" status: 200 len: 277 time: 0.1061077
2026-06-15 20:19:15.918 9 WARNING neutron.scheduler.dhcp_agent_scheduler [None req-3bf5fd65-b4be-4c3b-9d9a-81e6893cfa31 58e82c4bd08f4f43a103750a403e5ed4 4ad658d67ccc45de83b43f7cd5a00482 - - default default] No more DHCP agents
2026-06-15 20:19:15.919 9 WARNING neutron.api.rpc.agentnotifiers.dhcp_rpc_agent_api [None req-3bf5fd65-b4be-4c3b-9d9a-81e6893cfa31 58e82c4bd08f4f43a103750a403e5ed4 4ad658d67ccc45de83b43f7cd5a00482 - - default default] Unable to schedule network 4ce9c48e-b84b-450b-bb00-108701855a1e: no agents available; will retry on subsequent port and subnet creation events.
2026-06-15 20:19:15.992 10 INFO neutron.db.ovn_revision_numbers_db [None req-0d1ee76d-1634-4522-9c65-e7b936d81835 - - - - - -] Successfully bumped revision number for resource 8bec617d-4d9f-4cf4-af13-4c3be608ec98 (type: ports) to 2
2026-06-15 20:19:16.090 10 INFO neutron.db.ovn_revision_numbers_db [None req-0d1ee76d-1634-4522-9c65-e7b936d81835 - - - - - -] Successfully bumped revision number for resource 8bec617d-4d9f-4cf4-af13-4c3be608ec98 (type: router_ports) to 2
2026-06-15 20:19:16.185 9 INFO neutron.wsgi [-] 10.0.0.12 "GET / HTTP/1.1" status: 200 len: 246 time: 0.0013704
2026-06-15 20:19:16.187 9 INFO neutron.wsgi [-] 10.0.0.12 "GET / HTTP/1.1" status: 200 len: 246 time: 0.0009940
2026-06-15 20:19:16.254 9 INFO neutron.db.ovn_revision_numbers_db [None req-3bf5fd65-b4be-4c3b-9d9a-81e6893cfa31 58e82c4bd08f4f43a103750a403e5ed4 4ad658d67ccc45de83b43f7cd5a00482 - - default default] Successfully bumped revision number for resource 8bec617d-4d9f-4cf4-af13-4c3be608ec98 (type: router_ports) to 2
2026-06-15 20:19:16.257 9 INFO neutron.wsgi [None req-3bf5fd65-b4be-4c3b-9d9a-81e6893cfa31 58e82c4bd08f4f43a103750a403e5ed4 4ad658d67ccc45de83b43f7cd5a00482 - - default default] 10.0.0.2 "PUT /v2.0/routers/3185de6b-3286-485b-94c5-287abbe8b950/add_router_interface HTTP/1.1" status: 200 len: 503 time: 3.5070786
2026-06-15 20:19:16.896 10 WARNING neutron.scheduler.dhcp_agent_scheduler [None req-ceec7e1e-0da4-4f7a-957b-8e834c21dd97 58e82c4bd08f4f43a103750a403e5ed4 4ad658d67ccc45de83b43f7cd5a00482 - - default default] No more DHCP agents
2026-06-15 20:19:16.900 10 WARNING neutron.api.rpc.agentnotifiers.dhcp_rpc_agent_api [None req-ceec7e1e-0da4-4f7a-957b-8e834c21dd97 58e82c4bd08f4f43a103750a403e5ed4 4ad658d67ccc45de83b43f7cd5a00482 - - default default] Unable to schedule network 477637c0-fac6-4343-b997-1d080d8d80c0: no agents available; will retry on subsequent port and subnet creation events.
2026-06-15 20:19:17.059 10 INFO neutron.db.ovn_revision_numbers_db [None req-ceec7e1e-0da4-4f7a-957b-8e834c21dd97 58e82c4bd08f4f43a103750a403e5ed4 4ad658d67ccc45de83b43f7cd5a00482 - - default default] Successfully bumped revision number for resource 4cc26cfb-3ce5-4578-bb69-cab708fcdfad (type: ports) to 1
2026-06-15 20:19:17.645 9 INFO neutron.plugins.ml2.drivers.ovn.mech_driver.mech_driver [None req-86914d21-580b-4721-979e-e4d514223fae - - - - - -] OVN reports status up for port: 4cc26cfb-3ce5-4578-bb69-cab708fcdfad
2026-06-15 20:19:17.656 9 INFO neutron.plugins.ml2.plugin [None req-86914d21-580b-4721-979e-e4d514223fae - - - - - -] Attempt 1 to provision port 4cc26cfb-3ce5-4578-bb69-cab708fcdfad
2026-06-15 20:19:17.667 10 INFO neutron.db.ovn_revision_numbers_db [None req-ceec7e1e-0da4-4f7a-957b-8e834c21dd97 58e82c4bd08f4f43a103750a403e5ed4 4ad658d67ccc45de83b43f7cd5a00482 - - default default] Successfully bumped revision number for resource 4cc26cfb-3ce5-4578-bb69-cab708fcdfad (type: router_ports) to 1
2026-06-15 20:19:17.828 10 INFO neutron.db.ovn_revision_numbers_db [None req-ceec7e1e-0da4-4f7a-957b-8e834c21dd97 58e82c4bd08f4f43a103750a403e5ed4 4ad658d67ccc45de83b43f7cd5a00482 - - default default] Successfully bumped revision number for resource 4cc26cfb-3ce5-4578-bb69-cab708fcdfad (type: ports) to 1
2026-06-15 20:19:17.909 10 WARNING neutron.scheduler.dhcp_agent_scheduler [None req-ceec7e1e-0da4-4f7a-957b-8e834c21dd97 58e82c4bd08f4f43a103750a403e5ed4 4ad658d67ccc45de83b43f7cd5a00482 - - default default] No more DHCP agents
2026-06-15 20:19:17.910 10 WARNING neutron.api.rpc.agentnotifiers.dhcp_rpc_agent_api [None req-ceec7e1e-0da4-4f7a-957b-8e834c21dd97 58e82c4bd08f4f43a103750a403e5ed4 4ad658d67ccc45de83b43f7cd5a00482 - - default default] Unable to schedule network 477637c0-fac6-4343-b997-1d080d8d80c0: no agents available; will retry on subsequent port and subnet creation events.
2026-06-15 20:19:18.218 9 INFO neutron.db.ovn_revision_numbers_db [None req-86914d21-580b-4721-979e-e4d514223fae - - - - - -] Successfully bumped revision number for resource 4cc26cfb-3ce5-4578-bb69-cab708fcdfad (type: ports) to 2
2026-06-15 20:19:18.248 10 INFO neutron.db.ovn_revision_numbers_db [None req-ceec7e1e-0da4-4f7a-957b-8e834c21dd97 58e82c4bd08f4f43a103750a403e5ed4 4ad658d67ccc45de83b43f7cd5a00482 - - default default] Successfully bumped revision number for resource 4cc26cfb-3ce5-4578-bb69-cab708fcdfad (type: router_ports) to 2
2026-06-15 20:19:18.251 10 INFO neutron.wsgi [None req-ceec7e1e-0da4-4f7a-957b-8e834c21dd97 58e82c4bd08f4f43a103750a403e5ed4 4ad658d67ccc45de83b43f7cd5a00482 - - default default] 10.0.0.2 "PUT /v2.0/routers/3185de6b-3286-485b-94c5-287abbe8b950/add_router_interface HTTP/1.1" status: 200 len: 503 time: 1.9874656
2026-06-15 20:19:18.884 10 WARNING neutron.scheduler.dhcp_agent_scheduler [None req-cc663f35-4d5a-4da1-8d4b-67ff8eadebc0 58e82c4bd08f4f43a103750a403e5ed4 4ad658d67ccc45de83b43f7cd5a00482 - - default default] No more DHCP agents
2026-06-15 20:19:18.886 10 WARNING neutron.api.rpc.agentnotifiers.dhcp_rpc_agent_api [None req-cc663f35-4d5a-4da1-8d4b-67ff8eadebc0 58e82c4bd08f4f43a103750a403e5ed4 4ad658d67ccc45de83b43f7cd5a00482 - - default default] Unable to schedule network 4923c1b7-9335-46e3-90e6-779edea009f4: no agents available; will retry on subsequent port and subnet creation events.
2026-06-15 20:19:19.377 10 INFO neutron.db.ovn_revision_numbers_db [None req-cc663f35-4d5a-4da1-8d4b-67ff8eadebc0 58e82c4bd08f4f43a103750a403e5ed4 4ad658d67ccc45de83b43f7cd5a00482 - - default default] Successfully bumped revision number for resource 499ffe9e-45e9-4aa4-872e-0e17aeab79f9 (type: ports) to 1
2026-06-15 20:19:19.780 9 WARNING neutron_lib.context [None req-819800d3-f3d8-4d91-a940-3fc48900734e 8b9ade5313f44e7a977b618adb3f8c83 358ba068430247b1831ef7f6e6734552 - - default default] Method 'is_advsvc' is deprecated since 2023.2 release (neutron-lib 3.8.0) and will be removed once support for the old RBAC API policies will be removed from Neutron. Please use method 'is_service_role' instead.
2026-06-15 20:19:19.833 9 INFO neutron.wsgi [None req-819800d3-f3d8-4d91-a940-3fc48900734e 8b9ade5313f44e7a977b618adb3f8c83 358ba068430247b1831ef7f6e6734552 - - default default] 10.0.0.2 "POST /v2.0/subnetpools HTTP/1.1" status: 201 len: 715 time: 0.2151456
2026-06-15 20:19:19.842 9 WARNING neutron_lib.context [None req-a121787a-b86b-45b0-980a-6fe9fbe62f9d 8b9ade5313f44e7a977b618adb3f8c83 358ba068430247b1831ef7f6e6734552 - - default default] Method 'is_advsvc' is deprecated since 2023.2 release (neutron-lib 3.8.0) and will be removed once support for the old RBAC API policies will be removed from Neutron. Please use method 'is_service_role' instead.
2026-06-15 20:19:19.884 9 INFO neutron.wsgi [None req-a121787a-b86b-45b0-980a-6fe9fbe62f9d 8b9ade5313f44e7a977b618adb3f8c83 358ba068430247b1831ef7f6e6734552 - - default default] 10.0.0.2 "POST /v2.0/subnetpools HTTP/1.1" status: 201 len: 715 time: 0.0469294
2026-06-15 20:19:19.894 10 WARNING neutron_lib.context [None req-11fab54d-a192-4068-9d6e-ae7c687eee69 8b9ade5313f44e7a977b618adb3f8c83 358ba068430247b1831ef7f6e6734552 - - default default] Method 'is_advsvc' is deprecated since 2023.2 release (neutron-lib 3.8.0) and will be removed once support for the old RBAC API policies will be removed from Neutron. Please use method 'is_service_role' instead.
2026-06-15 20:19:19.935 10 INFO neutron.db.ovn_revision_numbers_db [None req-cc663f35-4d5a-4da1-8d4b-67ff8eadebc0 58e82c4bd08f4f43a103750a403e5ed4 4ad658d67ccc45de83b43f7cd5a00482 - - default default] Successfully bumped revision number for resource 499ffe9e-45e9-4aa4-872e-0e17aeab79f9 (type: router_ports) to 1
2026-06-15 20:19:19.981 10 INFO neutron.wsgi [None req-11fab54d-a192-4068-9d6e-ae7c687eee69 8b9ade5313f44e7a977b618adb3f8c83 358ba068430247b1831ef7f6e6734552 - - default default] 10.0.0.2 "POST /v2.0/subnetpools HTTP/1.1" status: 201 len: 715 time: 0.0911400
2026-06-15 20:19:19.995 9 WARNING neutron_lib.context [None req-894ffbff-13a6-447d-9b67-a0508cc07dab 8b9ade5313f44e7a977b618adb3f8c83 358ba068430247b1831ef7f6e6734552 - - default default] Method 'is_advsvc' is deprecated since 2023.2 release (neutron-lib 3.8.0) and will be removed once support for the old RBAC API policies will be removed from Neutron. Please use method 'is_service_role' instead.
2026-06-15 20:19:20.039 9 INFO neutron.wsgi [None req-894ffbff-13a6-447d-9b67-a0508cc07dab 8b9ade5313f44e7a977b618adb3f8c83 358ba068430247b1831ef7f6e6734552 - - default default] 10.0.0.2 "POST /v2.0/subnetpools HTTP/1.1" status: 201 len: 715 time: 0.0517356
2026-06-15 20:19:20.053 9 WARNING neutron_lib.context [None req-e8d8dd35-067c-4d7c-8131-019bb618e32e 8b9ade5313f44e7a977b618adb3f8c83 358ba068430247b1831ef7f6e6734552 - - default default] Method 'is_advsvc' is deprecated since 2023.2 release (neutron-lib 3.8.0) and will be removed once support for the old RBAC API policies will be removed from Neutron. Please use method 'is_service_role' instead.
2026-06-15 20:19:20.108 10 INFO neutron.db.ovn_revision_numbers_db [None req-cc663f35-4d5a-4da1-8d4b-67ff8eadebc0 58e82c4bd08f4f43a103750a403e5ed4 4ad658d67ccc45de83b43f7cd5a00482 - - default default] Successfully bumped revision number for resource 499ffe9e-45e9-4aa4-872e-0e17aeab79f9 (type: ports) to 1
2026-06-15 20:19:20.110 9 INFO neutron.wsgi [None req-e8d8dd35-067c-4d7c-8131-019bb618e32e 8b9ade5313f44e7a977b618adb3f8c83 358ba068430247b1831ef7f6e6734552 - - default default] 10.0.0.2 "POST /v2.0/subnetpools HTTP/1.1" status: 201 len: 715 time: 0.0651579
2026-06-15 20:19:20.172 9 INFO neutron.wsgi [None req-c1d78274-8265-4c1d-a6f0-d4fd138151e9 8b9ade5313f44e7a977b618adb3f8c83 358ba068430247b1831ef7f6e6734552 - - default default] 10.0.0.2 "PUT /v2.0/subnetpools/743d82a7-8d2c-47e0-9427-541c7720f758/tags HTTP/1.1" status: 200 len: 210 time: 0.0481906
2026-06-15 20:19:20.195 10 WARNING neutron.scheduler.dhcp_agent_scheduler [None req-cc663f35-4d5a-4da1-8d4b-67ff8eadebc0 58e82c4bd08f4f43a103750a403e5ed4 4ad658d67ccc45de83b43f7cd5a00482 - - default default] No more DHCP agents
2026-06-15 20:19:20.199 10 WARNING neutron.api.rpc.agentnotifiers.dhcp_rpc_agent_api [None req-cc663f35-4d5a-4da1-8d4b-67ff8eadebc0 58e82c4bd08f4f43a103750a403e5ed4 4ad658d67ccc45de83b43f7cd5a00482 - - default default] Unable to schedule network 4923c1b7-9335-46e3-90e6-779edea009f4: no agents available; will retry on subsequent port and subnet creation events.
2026-06-15 20:19:20.226 9 INFO neutron.wsgi [None req-faa92920-6dc5-4262-affc-2ca846fcbfcf 8b9ade5313f44e7a977b618adb3f8c83 358ba068430247b1831ef7f6e6734552 - - default default] 10.0.0.2 "PUT /v2.0/subnetpools/83b57dc2-50dc-452e-b27f-5f072cf1c3b3/tags HTTP/1.1" status: 200 len: 218 time: 0.0456765
2026-06-15 20:19:20.265 9 INFO neutron.wsgi [None req-cbb057c4-5a65-4c13-b90f-8eb46398b085 8b9ade5313f44e7a977b618adb3f8c83 358ba068430247b1831ef7f6e6734552 - - default default] 10.0.0.2 "PUT /v2.0/subnetpools/eaa5cd57-70f7-4f70-bcf7-cc848bfdbae0/tags HTTP/1.1" status: 200 len: 227 time: 0.0357265
2026-06-15 20:19:20.306 9 INFO neutron.wsgi [None req-ef27cbde-fa29-422a-8b86-5df781949f52 8b9ade5313f44e7a977b618adb3f8c83 358ba068430247b1831ef7f6e6734552 - - default default] 10.0.0.2 "PUT /v2.0/subnetpools/ad13679d-73fb-4ebe-9773-3f92ae3d7c3f/tags HTTP/1.1" status: 200 len: 212 time: 0.0352497
2026-06-15 20:19:20.339 9 INFO neutron.wsgi [None req-ed6c8efc-5bbf-415f-8ee0-99893de34049 8b9ade5313f44e7a977b618adb3f8c83 358ba068430247b1831ef7f6e6734552 - - default default] 10.0.0.2 "GET /v2.0/subnetpools?tags=red HTTP/1.1" status: 200 len: 1758 time: 0.0267222
2026-06-15 20:19:20.382 10 INFO neutron.wsgi [None req-c77f0cc1-9368-4d6d-8123-96161ce28fac 8b9ade5313f44e7a977b618adb3f8c83 358ba068430247b1831ef7f6e6734552 - - default default] 10.0.0.2 "GET /v2.0/subnetpools?tags=red%2Cblue HTTP/1.1" status: 200 len: 1251 time: 0.0345373
2026-06-15 20:19:20.416 9 INFO neutron.wsgi [None req-53dd8eef-5797-41e4-b7db-653253c5cd9e 8b9ade5313f44e7a977b618adb3f8c83 358ba068430247b1831ef7f6e6734552 - - default default] 10.0.0.2 "GET /v2.0/subnetpools?tags-any=blue HTTP/1.1" status: 200 len: 1251 time: 0.0264101
2026-06-15 20:19:20.449 9 INFO neutron.wsgi [None req-cf9cb4ea-f9de-4b4f-885c-4b365daf226a 8b9ade5313f44e7a977b618adb3f8c83 358ba068430247b1831ef7f6e6734552 - - default default] 10.0.0.2 "GET /v2.0/subnetpools?tags-any=red%2Cblue HTTP/1.1" status: 200 len: 1758 time: 0.0268373
2026-06-15 20:19:20.485 9 INFO neutron.wsgi [None req-c5984c86-6c4b-4a3b-8fdd-55b3aacdba36 8b9ade5313f44e7a977b618adb3f8c83 358ba068430247b1831ef7f6e6734552 - - default default] 10.0.0.2 "GET /v2.0/subnetpools?not-tags=red HTTP/1.1" status: 200 len: 1223 time: 0.0290902
2026-06-15 20:19:20.531 10 INFO neutron.db.ovn_revision_numbers_db [None req-cc663f35-4d5a-4da1-8d4b-67ff8eadebc0 58e82c4bd08f4f43a103750a403e5ed4 4ad658d67ccc45de83b43f7cd5a00482 - - default default] Successfully bumped revision number for resource 499ffe9e-45e9-4aa4-872e-0e17aeab79f9 (type: router_ports) to 1
2026-06-15 20:19:20.532 9 INFO neutron.wsgi [None req-75cffe8d-8528-418a-b46b-beb78445dc03 8b9ade5313f44e7a977b618adb3f8c83 358ba068430247b1831ef7f6e6734552 - - default default] 10.0.0.2 "GET /v2.0/subnetpools?not-tags=red%2Cblue HTTP/1.1" status: 200 len: 1730 time: 0.0388916
2026-06-15 20:19:20.536 10 INFO neutron.wsgi [None req-cc663f35-4d5a-4da1-8d4b-67ff8eadebc0 58e82c4bd08f4f43a103750a403e5ed4 4ad658d67ccc45de83b43f7cd5a00482 - - default default] 10.0.0.2 "PUT /v2.0/routers/3185de6b-3286-485b-94c5-287abbe8b950/add_router_interface HTTP/1.1" status: 200 len: 503 time: 2.2798996
