2026-06-15 20:18:54.860 9 WARNING neutron_lib.context [None req-a0e1dd67-e9a1-4a16-ae65-c3bb7e57998e c38ef6e7e0794437a12b8d3a7d8e1187 6b5d873f9e834230b46c3bd273e3b181 - - default default] Method 'is_advsvc' is deprecated since 2023.2 release (neutron-lib 3.8.0) and will be removed once support for the old RBAC API policies will be removed from Neutron. Please use method 'is_service_role' instead.
2026-06-15 20:18:54.902 10 INFO neutron.db.ovn_revision_numbers_db [None req-9d5ab98c-1362-42f5-b5e4-a6407072de56 cbac8ad6b35d4bc68419bfc5e4d27828 9d9932cf492248689313fdfeb3514242 - - default default] Successfully bumped revision number for resource ff3494dc-a261-401a-9bdc-0c7d0a193155 (type: ports) to 1
2026-06-15 20:18:54.927 10 INFO neutron.wsgi [None req-9d5ab98c-1362-42f5-b5e4-a6407072de56 cbac8ad6b35d4bc68419bfc5e4d27828 9d9932cf492248689313fdfeb3514242 - - default default] 10.0.0.2 "POST /v2.0/networks HTTP/1.1" status: 201 len: 831 time: 1.1897955
2026-06-15 20:18:54.938 10 WARNING neutron_lib.context [None req-dac0b32c-4a9b-40f1-afd3-6199acd80802 cbac8ad6b35d4bc68419bfc5e4d27828 9d9932cf492248689313fdfeb3514242 - - default default] Method 'is_advsvc' is deprecated since 2023.2 release (neutron-lib 3.8.0) and will be removed once support for the old RBAC API policies will be removed from Neutron. Please use method 'is_service_role' instead.
2026-06-15 20:18:55.004 9 INFO neutron.db.ovn_revision_numbers_db [None req-a0e1dd67-e9a1-4a16-ae65-c3bb7e57998e c38ef6e7e0794437a12b8d3a7d8e1187 6b5d873f9e834230b46c3bd273e3b181 - - default default] Successfully bumped revision number for resource e3d47d72-83e2-4e8a-845b-00cc634beac6 (type: security_groups) to 1
2026-06-15 20:18:55.018 9 INFO neutron.db.ovn_revision_numbers_db [None req-a0e1dd67-e9a1-4a16-ae65-c3bb7e57998e c38ef6e7e0794437a12b8d3a7d8e1187 6b5d873f9e834230b46c3bd273e3b181 - - default default] Successfully bumped revision number for resource 0b0f0be2-cff4-4bd5-8c4f-a0492769b6e1 (type: security_group_rules) to 0
2026-06-15 20:18:55.029 10 INFO neutron.db.segments_db [None req-dac0b32c-4a9b-40f1-afd3-6199acd80802 cbac8ad6b35d4bc68419bfc5e4d27828 9d9932cf492248689313fdfeb3514242 - - default default] Added segment 18c16437-3b0a-4c28-b66b-e08575857a7e of type geneve for network 258a2128-ed7f-42e7-9fa9-7493448dc5e7
2026-06-15 20:18:55.042 9 INFO neutron.db.ovn_revision_numbers_db [None req-a0e1dd67-e9a1-4a16-ae65-c3bb7e57998e c38ef6e7e0794437a12b8d3a7d8e1187 6b5d873f9e834230b46c3bd273e3b181 - - default default] Successfully bumped revision number for resource 8f2f1a16-2238-4f0b-a039-ec7fe3adb1e7 (type: security_group_rules) to 0
2026-06-15 20:18:55.075 9 INFO neutron.db.ovn_revision_numbers_db [None req-a0e1dd67-e9a1-4a16-ae65-c3bb7e57998e c38ef6e7e0794437a12b8d3a7d8e1187 6b5d873f9e834230b46c3bd273e3b181 - - default default] Successfully bumped revision number for resource 9c986abe-ebc3-4819-8b65-6df3a3de7bf0 (type: security_group_rules) to 0
2026-06-15 20:18:55.100 9 INFO neutron.db.ovn_revision_numbers_db [None req-a0e1dd67-e9a1-4a16-ae65-c3bb7e57998e c38ef6e7e0794437a12b8d3a7d8e1187 6b5d873f9e834230b46c3bd273e3b181 - - default default] Successfully bumped revision number for resource f274a786-68bf-40ec-9d90-67b1a80f57db (type: security_group_rules) to 0
2026-06-15 20:18:55.185 9 INFO neutron.db.segments_db [None req-a0e1dd67-e9a1-4a16-ae65-c3bb7e57998e c38ef6e7e0794437a12b8d3a7d8e1187 6b5d873f9e834230b46c3bd273e3b181 - - default default] Added segment 943307ea-189c-4306-b736-ebb89204409e of type geneve for network 3fb31601-c2e2-4b31-8ec1-82780a2edeb6
2026-06-15 20:18:55.260 10 INFO neutron.db.ovn_revision_numbers_db [None req-dac0b32c-4a9b-40f1-afd3-6199acd80802 cbac8ad6b35d4bc68419bfc5e4d27828 9d9932cf492248689313fdfeb3514242 - - default default] Successfully bumped revision number for resource 258a2128-ed7f-42e7-9fa9-7493448dc5e7 (type: networks) to 1
2026-06-15 20:18:55.358 9 INFO neutron.db.ovn_revision_numbers_db [None req-a0e1dd67-e9a1-4a16-ae65-c3bb7e57998e c38ef6e7e0794437a12b8d3a7d8e1187 6b5d873f9e834230b46c3bd273e3b181 - - default default] Successfully bumped revision number for resource 3fb31601-c2e2-4b31-8ec1-82780a2edeb6 (type: networks) to 1
2026-06-15 20:18:55.479 10 WARNING neutron.scheduler.dhcp_agent_scheduler [None req-dac0b32c-4a9b-40f1-afd3-6199acd80802 cbac8ad6b35d4bc68419bfc5e4d27828 9d9932cf492248689313fdfeb3514242 - - default default] No more DHCP agents
2026-06-15 20:18:55.482 10 WARNING neutron.api.rpc.agentnotifiers.dhcp_rpc_agent_api [None req-dac0b32c-4a9b-40f1-afd3-6199acd80802 cbac8ad6b35d4bc68419bfc5e4d27828 9d9932cf492248689313fdfeb3514242 - - default default] Unable to schedule network 258a2128-ed7f-42e7-9fa9-7493448dc5e7: no agents available; will retry on subsequent port and subnet creation events.
2026-06-15 20:18:55.545 9 WARNING neutron.scheduler.dhcp_agent_scheduler [None req-a0e1dd67-e9a1-4a16-ae65-c3bb7e57998e c38ef6e7e0794437a12b8d3a7d8e1187 6b5d873f9e834230b46c3bd273e3b181 - - default default] No more DHCP agents
2026-06-15 20:18:55.547 9 WARNING neutron.api.rpc.agentnotifiers.dhcp_rpc_agent_api [None req-a0e1dd67-e9a1-4a16-ae65-c3bb7e57998e c38ef6e7e0794437a12b8d3a7d8e1187 6b5d873f9e834230b46c3bd273e3b181 - - default default] Unable to schedule network 3fb31601-c2e2-4b31-8ec1-82780a2edeb6: no agents available; will retry on subsequent port and subnet creation events.
2026-06-15 20:18:55.563 10 INFO neutron.db.ovn_revision_numbers_db [None req-dac0b32c-4a9b-40f1-afd3-6199acd80802 cbac8ad6b35d4bc68419bfc5e4d27828 9d9932cf492248689313fdfeb3514242 - - default default] Successfully bumped revision number for resource c9cb9da9-23ad-431f-aeee-c9fbaf955576 (type: ports) to 1
2026-06-15 20:18:55.587 10 INFO neutron.wsgi [None req-dac0b32c-4a9b-40f1-afd3-6199acd80802 cbac8ad6b35d4bc68419bfc5e4d27828 9d9932cf492248689313fdfeb3514242 - - default default] 10.0.0.2 "POST /v2.0/networks HTTP/1.1" status: 201 len: 830 time: 0.6533792
2026-06-15 20:18:55.672 9 INFO neutron.wsgi [None req-6228dbd6-1ec6-43c1-b5c1-e4c1653c8ce9 cbac8ad6b35d4bc68419bfc5e4d27828 9d9932cf492248689313fdfeb3514242 - - default default] 10.0.0.2 "PUT /v2.0/networks/b80fb7a6-2ce8-44f2-9eba-88c417a553e8/tags HTTP/1.1" status: 200 len: 210 time: 0.0796936
2026-06-15 20:18:55.687 9 INFO neutron.db.ovn_revision_numbers_db [None req-a0e1dd67-e9a1-4a16-ae65-c3bb7e57998e c38ef6e7e0794437a12b8d3a7d8e1187 6b5d873f9e834230b46c3bd273e3b181 - - default default] Successfully bumped revision number for resource 43ce73fd-7953-454c-9c71-2fe4bc33ea8d (type: ports) to 1
2026-06-15 20:18:55.709 9 INFO neutron.wsgi [None req-a0e1dd67-e9a1-4a16-ae65-c3bb7e57998e c38ef6e7e0794437a12b8d3a7d8e1187 6b5d873f9e834230b46c3bd273e3b181 - - default default] 10.0.0.2 "POST /v2.0/networks HTTP/1.1" status: 201 len: 831 time: 1.0188735
2026-06-15 20:18:55.722 10 WARNING neutron_lib.context [None req-9aafc95f-b904-4b46-8533-09c665fcc6ed c38ef6e7e0794437a12b8d3a7d8e1187 6b5d873f9e834230b46c3bd273e3b181 - - default default] Method 'is_advsvc' is deprecated since 2023.2 release (neutron-lib 3.8.0) and will be removed once support for the old RBAC API policies will be removed from Neutron. Please use method 'is_service_role' instead.
2026-06-15 20:18:55.752 10 INFO neutron.wsgi [None req-509fd81d-19d2-4fcd-96df-85313e301149 cbac8ad6b35d4bc68419bfc5e4d27828 9d9932cf492248689313fdfeb3514242 - - default default] 10.0.0.2 "PUT /v2.0/networks/de0656c8-e188-4365-998f-36aa32ed76c7/tags HTTP/1.1" status: 200 len: 218 time: 0.0726583
2026-06-15 20:18:55.835 10 INFO neutron.wsgi [None req-4d4cdaa5-c1ac-450a-8d47-1a874da50254 cbac8ad6b35d4bc68419bfc5e4d27828 9d9932cf492248689313fdfeb3514242 - - default default] 10.0.0.2 "PUT /v2.0/networks/88766710-fa94-44d6-93e3-fab4bb7f4f58/tags HTTP/1.1" status: 200 len: 227 time: 0.0783949
2026-06-15 20:18:55.929 10 INFO neutron.wsgi [None req-99469d62-e138-4a3b-9c0d-47c43177a327 cbac8ad6b35d4bc68419bfc5e4d27828 9d9932cf492248689313fdfeb3514242 - - default default] 10.0.0.2 "PUT /v2.0/networks/04636327-fd6c-4740-b97a-43660a836a6e/tags HTTP/1.1" status: 200 len: 212 time: 0.0887535
2026-06-15 20:18:56.027 9 INFO neutron.wsgi [None req-62f180d0-dcf7-4afe-8b30-64ccde1dcb76 cbac8ad6b35d4bc68419bfc5e4d27828 9d9932cf492248689313fdfeb3514242 - - default default] 10.0.0.2 "GET /v2.0/networks?tags=red HTTP/1.1" status: 200 len: 2068 time: 0.0905330
2026-06-15 20:18:56.111 9 INFO neutron.wsgi [None req-1b0e0783-72d4-4116-bf88-012f71787036 cbac8ad6b35d4bc68419bfc5e4d27828 9d9932cf492248689313fdfeb3514242 - - default default] 10.0.0.2 "GET /v2.0/networks?tags=red%2Cblue HTTP/1.1" status: 200 len: 1456 time: 0.0705330
2026-06-15 20:18:56.209 9 INFO neutron.wsgi [None req-20fd715a-a39d-4e43-9afa-ab86a1d2c5c2 cbac8ad6b35d4bc68419bfc5e4d27828 9d9932cf492248689313fdfeb3514242 - - default default] 10.0.0.2 "GET /v2.0/networks?tags-any=blue HTTP/1.1" status: 200 len: 1456 time: 0.0922153
2026-06-15 20:18:56.285 9 INFO neutron.wsgi [None req-d36c33bf-6a96-40f4-b18b-f47f5f3fb653 cbac8ad6b35d4bc68419bfc5e4d27828 9d9932cf492248689313fdfeb3514242 - - default default] 10.0.0.2 "GET /v2.0/networks?tags-any=red%2Cblue HTTP/1.1" status: 200 len: 2068 time: 0.0697010
2026-06-15 20:18:56.368 10 WARNING neutron.scheduler.dhcp_agent_scheduler [None req-9aafc95f-b904-4b46-8533-09c665fcc6ed c38ef6e7e0794437a12b8d3a7d8e1187 6b5d873f9e834230b46c3bd273e3b181 - - default default] No more DHCP agents
2026-06-15 20:18:56.369 10 WARNING neutron.api.rpc.agentnotifiers.dhcp_rpc_agent_api [None req-9aafc95f-b904-4b46-8533-09c665fcc6ed c38ef6e7e0794437a12b8d3a7d8e1187 6b5d873f9e834230b46c3bd273e3b181 - - default default] Unable to schedule network 1cc0b5b3-87bb-4949-a24d-83860ff0d0aa: no agents available; will retry on subsequent port and subnet creation events.
2026-06-15 20:18:56.389 9 INFO neutron.wsgi [None req-1d198a32-2ca4-4a85-a14d-904ab76e769d cbac8ad6b35d4bc68419bfc5e4d27828 9d9932cf492248689313fdfeb3514242 - - default default] 10.0.0.2 "GET /v2.0/networks?not-tags=red HTTP/1.1" status: 200 len: 2068 time: 0.0994630
2026-06-15 20:18:56.546 9 INFO neutron.wsgi [None req-25e86293-881f-49ec-9d40-4c4f8d0e01b5 cbac8ad6b35d4bc68419bfc5e4d27828 9d9932cf492248689313fdfeb3514242 - - default default] 10.0.0.2 "GET /v2.0/networks?not-tags=red%2Cblue HTTP/1.1" status: 200 len: 2680 time: 0.1450055
2026-06-15 20:18:56.547 10 INFO neutron.db.ovn_revision_numbers_db [None req-9aafc95f-b904-4b46-8533-09c665fcc6ed c38ef6e7e0794437a12b8d3a7d8e1187 6b5d873f9e834230b46c3bd273e3b181 - - default default] Successfully bumped revision number for resource 1c166be1-cb26-4223-9e46-87d797561eeb (type: ports) to 1
2026-06-15 20:18:56.901 9 INFO neutron.wsgi [None req-e6d8eadf-3084-4788-8fe2-df7c4436cc22 cbac8ad6b35d4bc68419bfc5e4d27828 9d9932cf492248689313fdfeb3514242 - - default default] 10.0.0.2 "GET /v2.0/networks?not-tags-any=blue HTTP/1.1" status: 200 len: 2680 time: 0.3461885
2026-06-15 20:18:57.028 10 INFO neutron.wsgi [None req-7c709955-fb4c-4117-9e2a-cf56af1b6531 cbac8ad6b35d4bc68419bfc5e4d27828 9d9932cf492248689313fdfeb3514242 - - default default] 10.0.0.2 "GET /v2.0/networks?not-tags-any=red%2Cblue HTTP/1.1" status: 200 len: 2068 time: 0.1211987
2026-06-15 20:18:57.290 9 INFO neutron.plugins.ml2.drivers.ovn.mech_driver.mech_driver [None req-86914d21-580b-4721-979e-e4d514223fae - - - - - -] OVN reports status up for port: 1c166be1-cb26-4223-9e46-87d797561eeb
2026-06-15 20:18:57.317 9 INFO neutron.plugins.ml2.drivers.ovn.mech_driver.ovsdb.ovsdb_monitor [None req-172ecbbd-ff53-49e9-bb75-06b891461e48 - - - - - -] Router 04302c67-e5c1-4914-a83d-bfc54836748e is bound to host instance
2026-06-15 20:18:57.332 9 INFO neutron.plugins.ml2.plugin [None req-86914d21-580b-4721-979e-e4d514223fae - - - - - -] Attempt 1 to provision port 1c166be1-cb26-4223-9e46-87d797561eeb
2026-06-15 20:18:57.346 10 INFO neutron.db.ovn_revision_numbers_db [None req-9aafc95f-b904-4b46-8533-09c665fcc6ed c38ef6e7e0794437a12b8d3a7d8e1187 6b5d873f9e834230b46c3bd273e3b181 - - default default] Successfully bumped revision number for resource 1c166be1-cb26-4223-9e46-87d797561eeb (type: router_ports) to 1
2026-06-15 20:18:57.449 10 INFO neutron.db.ovn_revision_numbers_db [None req-9aafc95f-b904-4b46-8533-09c665fcc6ed c38ef6e7e0794437a12b8d3a7d8e1187 6b5d873f9e834230b46c3bd273e3b181 - - default default] Successfully bumped revision number for resource 04302c67-e5c1-4914-a83d-bfc54836748e (type: routers) to 2
2026-06-15 20:18:57.465 10 INFO neutron.wsgi [None req-9aafc95f-b904-4b46-8533-09c665fcc6ed c38ef6e7e0794437a12b8d3a7d8e1187 6b5d873f9e834230b46c3bd273e3b181 - - default default] 10.0.0.2 "POST /v2.0/routers HTTP/1.1" status: 201 len: 874 time: 1.7472279
2026-06-15 20:18:57.655 9 INFO neutron.services.segments.plugin [-] Segment 4ccc9269-7d56-4068-a4d6-6cc10051acdc resource provider aggregate not found
2026-06-15 20:18:57.671 9 INFO neutron.services.segments.plugin [-] Segment 4ccc9269-7d56-4068-a4d6-6cc10051acdc resource provider aggregate not found
2026-06-15 20:18:57.681 9 INFO neutron.services.segments.plugin [-] Segment 4ccc9269-7d56-4068-a4d6-6cc10051acdc resource provider not found; error: Placement Client Error (4xx): {"errors": [{"status": 404, "title": "Not Found", "detail": "The resource could not be found.\n\n No resource provider with uuid 4ccc9269-7d56-4068-a4d6-6cc10051acdc found for delete ", "request_id": "req-c7c6ce5a-00f5-413f-8b02-27c1ce715b7a"}]}
2026-06-15 20:18:57.691 9 INFO neutron.services.segments.plugin [-] Segment 4ccc9269-7d56-4068-a4d6-6cc10051acdc resource provider not found; error: Placement Client Error (4xx): {"errors": [{"status": 404, "title": "Not Found", "detail": "The resource could not be found.\n\n No resource provider with uuid 4ccc9269-7d56-4068-a4d6-6cc10051acdc found for delete ", "request_id": "req-ec1479c5-bbc5-4652-9bc7-f13d5710d65e"}]}
2026-06-15 20:18:57.720 10 INFO neutron.wsgi [None req-b5ff63e9-e753-46d1-a947-d6ce1258a223 ea5f2a4aad454d36b242d47d7bdd67e5 65be3af0a30c4ee9b5d1acdf5645174b - - default default] 10.0.0.2 "GET /v2.0/subnets?project_id=6b5d873f9e834230b46c3bd273e3b181&cidr=10.100.0.0%2F28 HTTP/1.1" status: 200 len: 207 time: 0.2434623
2026-06-15 20:18:57.723 9 INFO neutron.wsgi [None req-3accf067-8a8c-4942-ad9f-722deb5894cc cbac8ad6b35d4bc68419bfc5e4d27828 9d9932cf492248689313fdfeb3514242 - - default default] 10.0.0.2 "DELETE /v2.0/networks/b80fb7a6-2ce8-44f2-9eba-88c417a553e8 HTTP/1.1" status: 204 len: 168 time: 0.6794775
2026-06-15 20:18:57.867 9 INFO neutron.wsgi [None req-91f80788-1b98-4f11-834f-6f67d7c58031 ea5f2a4aad454d36b242d47d7bdd67e5 65be3af0a30c4ee9b5d1acdf5645174b - - default default] 10.0.0.2 "GET /v2.0/networks?router%3Aexternal=True HTTP/1.1" status: 200 len: 947 time: 0.1350086
2026-06-15 20:18:57.903 10 INFO neutron.wsgi [None req-2dd60410-46cc-4ed9-9bdb-16f2aa2c4f65 ea5f2a4aad454d36b242d47d7bdd67e5 65be3af0a30c4ee9b5d1acdf5645174b - - default default] 10.0.0.2 "GET /v2.0/subnets?network_id=1cc0b5b3-87bb-4949-a24d-83860ff0d0aa&cidr=10.100.0.0%2F28 HTTP/1.1" status: 200 len: 207 time: 0.0271432
2026-06-15 20:18:57.917 10 WARNING neutron_lib.context [None req-37f0d80b-7d0c-4ece-8e45-5b7f48da6b38 c38ef6e7e0794437a12b8d3a7d8e1187 6b5d873f9e834230b46c3bd273e3b181 - - default default] Method 'is_advsvc' is deprecated since 2023.2 release (neutron-lib 3.8.0) and will be removed once support for the old RBAC API policies will be removed from Neutron. Please use method 'is_service_role' instead.
2026-06-15 20:18:58.102 9 INFO neutron.db.ovn_revision_numbers_db [None req-172ecbbd-ff53-49e9-bb75-06b891461e48 - - - - - -] Successfully bumped revision number for resource 1c166be1-cb26-4223-9e46-87d797561eeb (type: ports) to 1
2026-06-15 20:18:58.337 10 INFO neutron.services.segments.plugin [-] Segment 1ed5259c-eb38-4f6a-b01a-c0e8fb08f9ad resource provider aggregate not found
2026-06-15 20:18:58.342 10 INFO neutron.services.segments.plugin [-] Segment 1ed5259c-eb38-4f6a-b01a-c0e8fb08f9ad resource provider aggregate not found
2026-06-15 20:18:58.370 10 INFO neutron.services.segments.plugin [-] Segment 1ed5259c-eb38-4f6a-b01a-c0e8fb08f9ad resource provider not found; error: Placement Client Error (4xx): {"errors": [{"status": 404, "title": "Not Found", "detail": "The resource could not be found.\n\n No resource provider with uuid 1ed5259c-eb38-4f6a-b01a-c0e8fb08f9ad found for delete ", "request_id": "req-5e85bd8f-a1aa-4777-b814-cf410c8908f3"}]}
2026-06-15 20:18:58.378 10 INFO neutron.services.segments.plugin [-] Segment 1ed5259c-eb38-4f6a-b01a-c0e8fb08f9ad resource provider not found; error: Placement Client Error (4xx): {"errors": [{"status": 404, "title": "Not Found", "detail": "The resource could not be found.\n\n No resource provider with uuid 1ed5259c-eb38-4f6a-b01a-c0e8fb08f9ad found for delete ", "request_id": "req-18e2f78d-a6d5-4d88-b84b-414c9bfd47a3"}]}
2026-06-15 20:18:58.388 10 WARNING neutron.scheduler.dhcp_agent_scheduler [None req-37f0d80b-7d0c-4ece-8e45-5b7f48da6b38 c38ef6e7e0794437a12b8d3a7d8e1187 6b5d873f9e834230b46c3bd273e3b181 - - default default] No more DHCP agents
2026-06-15 20:18:58.391 9 INFO neutron.db.ovn_revision_numbers_db [None req-172ecbbd-ff53-49e9-bb75-06b891461e48 - - - - - -] Successfully bumped revision number for resource 1c166be1-cb26-4223-9e46-87d797561eeb (type: router_ports) to 3
2026-06-15 20:18:58.391 10 WARNING neutron.api.rpc.agentnotifiers.dhcp_rpc_agent_api [None req-37f0d80b-7d0c-4ece-8e45-5b7f48da6b38 c38ef6e7e0794437a12b8d3a7d8e1187 6b5d873f9e834230b46c3bd273e3b181 - - default default] Unable to schedule network 3fb31601-c2e2-4b31-8ec1-82780a2edeb6: no agents available; will retry on subsequent port and subnet creation events.
2026-06-15 20:18:58.427 10 INFO neutron.wsgi [None req-ce0e575d-25f0-4520-a52d-3869a5b1f3ea cbac8ad6b35d4bc68419bfc5e4d27828 9d9932cf492248689313fdfeb3514242 - - default default] 10.0.0.2 "DELETE /v2.0/networks/de0656c8-e188-4365-998f-36aa32ed76c7 HTTP/1.1" status: 204 len: 168 time: 0.6879356
2026-06-15 20:18:58.439 9 WARNING neutron_lib.context [None req-442bb7f2-ced0-4260-8080-2ad52cd5e76c 5052877428664675a1df1bba3f2863b1 6a75cdcf63d64a20ac23a42aac963966 - - default default] Method 'is_advsvc' is deprecated since 2023.2 release (neutron-lib 3.8.0) and will be removed once support for the old RBAC API policies will be removed from Neutron. Please use method 'is_service_role' instead.
2026-06-15 20:18:58.516 9 INFO neutron.wsgi [None req-442bb7f2-ced0-4260-8080-2ad52cd5e76c 5052877428664675a1df1bba3f2863b1 6a75cdcf63d64a20ac23a42aac963966 - - default default] 10.0.0.2 "POST /v2.0/subnetpools HTTP/1.1" status: 201 len: 715 time: 0.2257893
2026-06-15 20:18:58.575 9 INFO neutron.wsgi [None req-33290e97-8955-4169-b5d0-e92d83638bd5 5052877428664675a1df1bba3f2863b1 6a75cdcf63d64a20ac23a42aac963966 - - default default] 10.0.0.2 "PUT /v2.0/subnetpools/11b5192e-7628-428e-8843-e43cb3d6318c/tags HTTP/1.1" status: 200 len: 218 time: 0.0524030
2026-06-15 20:18:58.599 9 INFO neutron.db.ovn_revision_numbers_db [None req-172ecbbd-ff53-49e9-bb75-06b891461e48 - - - - - -] Successfully bumped revision number for resource 1c166be1-cb26-4223-9e46-87d797561eeb (type: ports) to 2
2026-06-15 20:18:58.610 9 INFO neutron.wsgi [None req-215778b8-9c1a-43b1-a650-fa58b77d3ab8 5052877428664675a1df1bba3f2863b1 6a75cdcf63d64a20ac23a42aac963966 - - default default] 10.0.0.2 "GET /v2.0/subnetpools/11b5192e-7628-428e-8843-e43cb3d6318c/tags HTTP/1.1" status: 200 len: 218 time: 0.0290999
2026-06-15 20:18:58.661 9 INFO neutron.wsgi [None req-95377d26-064e-48ee-8496-51cfd0e904fa 5052877428664675a1df1bba3f2863b1 6a75cdcf63d64a20ac23a42aac963966 - - default default] 10.0.0.2 "PUT /v2.0/subnetpools/11b5192e-7628-428e-8843-e43cb3d6318c/tags/green HTTP/1.1" status: 201 len: 201 time: 0.0442042
2026-06-15 20:18:58.701 9 INFO neutron.wsgi [None req-59f0f6ee-9a73-4e08-98be-fd95f936b444 5052877428664675a1df1bba3f2863b1 6a75cdcf63d64a20ac23a42aac963966 - - default default] 10.0.0.2 "GET /v2.0/subnetpools/11b5192e-7628-428e-8843-e43cb3d6318c/tags HTTP/1.1" status: 200 len: 227 time: 0.0336518
2026-06-15 20:18:58.733 9 INFO neutron.wsgi [None req-79d51a76-4470-467a-9ca6-c8552acd3067 5052877428664675a1df1bba3f2863b1 6a75cdcf63d64a20ac23a42aac963966 - - default default] 10.0.0.2 "PUT /v2.0/subnetpools/11b5192e-7628-428e-8843-e43cb3d6318c/tags/red HTTP/1.1" status: 201 len: 201 time: 0.0271070
2026-06-15 20:18:58.768 9 INFO neutron.wsgi [None req-936bd689-b119-4aeb-b735-e4305778dc1c 5052877428664675a1df1bba3f2863b1 6a75cdcf63d64a20ac23a42aac963966 - - default default] 10.0.0.2 "GET /v2.0/subnetpools/11b5192e-7628-428e-8843-e43cb3d6318c/tags HTTP/1.1" status: 200 len: 227 time: 0.0281062
2026-06-15 20:18:58.823 9 INFO neutron.wsgi [None req-8cf78eef-0f89-4f5a-af7b-d1ca610e9515 5052877428664675a1df1bba3f2863b1 6a75cdcf63d64a20ac23a42aac963966 - - default default] 10.0.0.2 "PUT /v2.0/subnetpools/11b5192e-7628-428e-8843-e43cb3d6318c/tags/black.or.white HTTP/1.1" status: 201 len: 201 time: 0.0497730
2026-06-15 20:18:58.860 9 INFO neutron.wsgi [None req-c354528c-8131-4722-9a77-7d9540b16e49 5052877428664675a1df1bba3f2863b1 6a75cdcf63d64a20ac23a42aac963966 - - default default] 10.0.0.2 "GET /v2.0/subnetpools/11b5192e-7628-428e-8843-e43cb3d6318c/tags HTTP/1.1" status: 200 len: 245 time: 0.0321441
2026-06-15 20:18:58.884 9 INFO neutron.db.ovn_revision_numbers_db [None req-172ecbbd-ff53-49e9-bb75-06b891461e48 - - - - - -] Successfully bumped revision number for resource 1c166be1-cb26-4223-9e46-87d797561eeb (type: ports) to 4
2026-06-15 20:18:58.921 9 INFO neutron.wsgi [None req-f1560017-b726-4562-a4d1-e7c8d75437f1 5052877428664675a1df1bba3f2863b1 6a75cdcf63d64a20ac23a42aac963966 - - default default] 10.0.0.2 "PUT /v2.0/subnetpools/11b5192e-7628-428e-8843-e43cb3d6318c/tags HTTP/1.1" status: 200 len: 230 time: 0.0542357
2026-06-15 20:18:58.973 9 INFO neutron.wsgi [None req-e6c16d13-b7de-413f-91bc-3fceb13d4a24 5052877428664675a1df1bba3f2863b1 6a75cdcf63d64a20ac23a42aac963966 - - default default] 10.0.0.2 "GET /v2.0/subnetpools/11b5192e-7628-428e-8843-e43cb3d6318c/tags HTTP/1.1" status: 200 len: 230 time: 0.0470951
2026-06-15 20:18:59.007 9 INFO neutron.wsgi [None req-e4c794d4-ec11-416a-bed9-9454ad4d0058 5052877428664675a1df1bba3f2863b1 6a75cdcf63d64a20ac23a42aac963966 - - default default] 10.0.0.2 "GET /v2.0/subnetpools/11b5192e-7628-428e-8843-e43cb3d6318c/tags/red HTTP/1.1" status: 204 len: 168 time: 0.0241735
2026-06-15 20:18:59.045 9 INFO neutron.api.v2.resource [None req-8e0d6936-4ff7-412c-97af-970fe8be50cb 5052877428664675a1df1bba3f2863b1 6a75cdcf63d64a20ac23a42aac963966 - - default default] show failed (client error): The resource could not be found.
2026-06-15 20:18:59.046 9 INFO neutron.wsgi [None req-8e0d6936-4ff7-412c-97af-970fe8be50cb 5052877428664675a1df1bba3f2863b1 6a75cdcf63d64a20ac23a42aac963966 - - default default] 10.0.0.2 "GET /v2.0/subnetpools/11b5192e-7628-428e-8843-e43cb3d6318c/tags/green HTTP/1.1" status: 404 len: 299 time: 0.0350914
2026-06-15 20:18:59.073 9 INFO neutron.db.ovn_revision_numbers_db [None req-172ecbbd-ff53-49e9-bb75-06b891461e48 - - - - - -] Successfully bumped revision number for resource 1c166be1-cb26-4223-9e46-87d797561eeb (type: router_ports) to 4
2026-06-15 20:18:59.113 9 INFO neutron.wsgi [None req-37f8d6e5-ba1b-48c8-8916-fd75bbeffc30 5052877428664675a1df1bba3f2863b1 6a75cdcf63d64a20ac23a42aac963966 - - default default] 10.0.0.2 "DELETE /v2.0/subnetpools/11b5192e-7628-428e-8843-e43cb3d6318c/tags/red HTTP/1.1" status: 204 len: 168 time: 0.0567994
2026-06-15 20:18:59.145 9 INFO neutron.wsgi [None req-7749a1df-9ad9-4e4d-979c-3988d11c1d63 5052877428664675a1df1bba3f2863b1 6a75cdcf63d64a20ac23a42aac963966 - - default default] 10.0.0.2 "GET /v2.0/subnetpools/11b5192e-7628-428e-8843-e43cb3d6318c/tags HTTP/1.1" status: 200 len: 223 time: 0.0268624
2026-06-15 20:18:59.181 9 INFO neutron.api.v2.resource [None req-56704f5f-887a-4df6-acd7-6073496f90a8 5052877428664675a1df1bba3f2863b1 6a75cdcf63d64a20ac23a42aac963966 - - default default] delete failed (client error): The resource could not be found.
2026-06-15 20:18:59.182 9 INFO neutron.wsgi [None req-56704f5f-887a-4df6-acd7-6073496f90a8 5052877428664675a1df1bba3f2863b1 6a75cdcf63d64a20ac23a42aac963966 - - default default] 10.0.0.2 "DELETE /v2.0/subnetpools/11b5192e-7628-428e-8843-e43cb3d6318c/tags/green HTTP/1.1" status: 404 len: 299 time: 0.0322204
2026-06-15 20:18:59.223 9 INFO neutron.wsgi [None req-3813dcf1-6ab1-4a86-a6b0-f29915e1f9df 5052877428664675a1df1bba3f2863b1 6a75cdcf63d64a20ac23a42aac963966 - - default default] 10.0.0.2 "DELETE /v2.0/subnetpools/11b5192e-7628-428e-8843-e43cb3d6318c/tags HTTP/1.1" status: 204 len: 168 time: 0.0357983
2026-06-15 20:18:59.247 9 INFO neutron.wsgi [None req-d5a158c8-283d-4db5-a709-077555adf417 5052877428664675a1df1bba3f2863b1 6a75cdcf63d64a20ac23a42aac963966 - - default default] 10.0.0.2 "GET /v2.0/subnetpools/11b5192e-7628-428e-8843-e43cb3d6318c/tags HTTP/1.1" status: 200 len: 205 time: 0.0200663
2026-06-15 20:18:59.314 9 INFO neutron.wsgi [None req-d54275de-b475-4fe0-9059-235af9f21d3c 5052877428664675a1df1bba3f2863b1 6a75cdcf63d64a20ac23a42aac963966 - - default default] 10.0.0.2 "DELETE /v2.0/subnetpools/11b5192e-7628-428e-8843-e43cb3d6318c HTTP/1.1" status: 204 len: 168 time: 0.0605628
2026-06-15 20:18:59.541 10 INFO neutron.wsgi [None req-03b6eb00-5ae2-4f4b-9f18-4cc2fb03c5b6 cbac8ad6b35d4bc68419bfc5e4d27828 9d9932cf492248689313fdfeb3514242 - - default default] 10.0.0.2 "DELETE /v2.0/networks/88766710-fa94-44d6-93e3-fab4bb7f4f58 HTTP/1.1" status: 204 len: 168 time: 1.0993443
2026-06-15 20:18:59.638 10 INFO neutron.db.ovn_revision_numbers_db [None req-37f0d80b-7d0c-4ece-8e45-5b7f48da6b38 c38ef6e7e0794437a12b8d3a7d8e1187 6b5d873f9e834230b46c3bd273e3b181 - - default default] Successfully bumped revision number for resource 43ce73fd-7953-454c-9c71-2fe4bc33ea8d (type: ports) to 2
2026-06-15 20:18:59.682 10 INFO neutron.db.ovn_revision_numbers_db [None req-37f0d80b-7d0c-4ece-8e45-5b7f48da6b38 c38ef6e7e0794437a12b8d3a7d8e1187 6b5d873f9e834230b46c3bd273e3b181 - - default default] Successfully bumped revision number for resource b1e5c86d-28ca-4c31-8ec2-bbc44131186b (type: subnets) to 0
2026-06-15 20:18:59.711 10 INFO neutron.wsgi [None req-37f0d80b-7d0c-4ece-8e45-5b7f48da6b38 c38ef6e7e0794437a12b8d3a7d8e1187 6b5d873f9e834230b46c3bd273e3b181 - - default default] 10.0.0.2 "POST /v2.0/subnets HTTP/1.1" status: 201 len: 831 time: 1.8032479
2026-06-15 20:19:00.314 9 INFO neutron.services.segments.plugin [-] Segment 3b011dac-0263-4f36-890d-e6a0e4924ee5 resource provider aggregate not found
2026-06-15 20:19:00.339 9 INFO neutron.services.segments.plugin [-] Segment 3b011dac-0263-4f36-890d-e6a0e4924ee5 resource provider not found; error: Placement Client Error (4xx): {"errors": [{"status": 404, "title": "Not Found", "detail": "The resource could not be found.\n\n No resource provider with uuid 3b011dac-0263-4f36-890d-e6a0e4924ee5 found for delete ", "request_id": "req-b3df8986-56a0-41b2-9a62-b7578891e926"}]}
2026-06-15 20:19:00.365 9 INFO neutron.services.segments.plugin [-] Segment 3b011dac-0263-4f36-890d-e6a0e4924ee5 resource provider aggregate not found
2026-06-15 20:19:00.384 9 INFO neutron.wsgi [None req-4f5a8007-1595-4be5-8151-358824193b42 cbac8ad6b35d4bc68419bfc5e4d27828 9d9932cf492248689313fdfeb3514242 - - default default] 10.0.0.2 "DELETE /v2.0/networks/04636327-fd6c-4740-b97a-43660a836a6e HTTP/1.1" status: 204 len: 168 time: 0.8375969
2026-06-15 20:19:00.389 9 INFO neutron.services.segments.plugin [-] Segment 3b011dac-0263-4f36-890d-e6a0e4924ee5 resource provider not found; error: Placement Client Error (4xx): {"errors": [{"status": 404, "title": "Not Found", "detail": "The resource could not be found.\n\n No resource provider with uuid 3b011dac-0263-4f36-890d-e6a0e4924ee5 found for delete ", "request_id": "req-e46a0778-3000-4d47-860c-388dd6664d09"}]}
2026-06-15 20:19:00.396 10 INFO neutron.services.segments.plugin [-] Segment 178c2137-6180-460b-b464-d93a3777025c resource provider aggregate not found
2026-06-15 20:19:00.403 10 INFO neutron.services.segments.plugin [-] Segment 178c2137-6180-460b-b464-d93a3777025c resource provider aggregate not found
2026-06-15 20:19:00.421 10 INFO neutron.services.segments.plugin [-] Segment 178c2137-6180-460b-b464-d93a3777025c resource provider not found; error: Placement Client Error (4xx): {"errors": [{"status": 404, "title": "Not Found", "detail": "The resource could not be found.\n\n No resource provider with uuid 178c2137-6180-460b-b464-d93a3777025c found for delete ", "request_id": "req-86f27280-3105-4c6b-9268-3cce0936bd60"}]}
2026-06-15 20:19:00.427 10 INFO neutron.services.segments.plugin [-] Segment 178c2137-6180-460b-b464-d93a3777025c resource provider not found; error: Placement Client Error (4xx): {"errors": [{"status": 404, "title": "Not Found", "detail": "The resource could not be found.\n\n No resource provider with uuid 178c2137-6180-460b-b464-d93a3777025c found for delete ", "request_id": "req-e22e1638-ff14-4d3d-bcb2-f1da7e030476"}]}
2026-06-15 20:19:00.579 10 INFO neutron.db.ovn_revision_numbers_db [None req-32967203-ccd3-46c9-8939-4e963cf6e6e2 c5566c77d8554827b04219e520158dcc ff953eb8fa8744029a526014db8e6272 - - default default] Successfully bumped revision number for resource e6ccb383-fafd-4675-87d0-2b93ad1f6846 (type: security_groups) to 1
2026-06-15 20:19:00.623 10 INFO neutron.db.ovn_revision_numbers_db [None req-32967203-ccd3-46c9-8939-4e963cf6e6e2 c5566c77d8554827b04219e520158dcc ff953eb8fa8744029a526014db8e6272 - - default default] Successfully bumped revision number for resource 1f2adc1a-de27-4004-8af0-b84c3faabf3c (type: security_group_rules) to 0
2026-06-15 20:19:00.639 10 INFO neutron.db.ovn_revision_numbers_db [None req-32967203-ccd3-46c9-8939-4e963cf6e6e2 c5566c77d8554827b04219e520158dcc ff953eb8fa8744029a526014db8e6272 - - default default] Successfully bumped revision number for resource 2f083464-071b-42e9-a832-09208260e7c7 (type: security_group_rules) to 0
2026-06-15 20:19:00.643 9 WARNING neutron.scheduler.dhcp_agent_scheduler [None req-318101c9-d2c6-4880-8298-572a7270286c c38ef6e7e0794437a12b8d3a7d8e1187 6b5d873f9e834230b46c3bd273e3b181 - - default default] No more DHCP agents
2026-06-15 20:19:00.645 9 WARNING neutron.api.rpc.agentnotifiers.dhcp_rpc_agent_api [None req-318101c9-d2c6-4880-8298-572a7270286c c38ef6e7e0794437a12b8d3a7d8e1187 6b5d873f9e834230b46c3bd273e3b181 - - default default] Unable to schedule network 3fb31601-c2e2-4b31-8ec1-82780a2edeb6: no agents available; will retry on subsequent port and subnet creation events.
2026-06-15 20:19:00.655 10 INFO neutron.db.ovn_revision_numbers_db [None req-32967203-ccd3-46c9-8939-4e963cf6e6e2 c5566c77d8554827b04219e520158dcc ff953eb8fa8744029a526014db8e6272 - - default default] Successfully bumped revision number for resource b16fe792-6451-46fc-8109-59413cb9db83 (type: security_group_rules) to 0
2026-06-15 20:19:00.681 10 INFO neutron.db.ovn_revision_numbers_db [None req-32967203-ccd3-46c9-8939-4e963cf6e6e2 c5566c77d8554827b04219e520158dcc ff953eb8fa8744029a526014db8e6272 - - default default] Successfully bumped revision number for resource de8f5061-f4e5-4910-801a-321388f575a3 (type: security_group_rules) to 0
2026-06-15 20:19:00.705 10 INFO neutron.wsgi [None req-32967203-ccd3-46c9-8939-4e963cf6e6e2 c5566c77d8554827b04219e520158dcc ff953eb8fa8744029a526014db8e6272 - - default default] 10.0.0.2 "GET /v2.0/security-groups?tenant_id=6a75cdcf63d64a20ac23a42aac963966&name=default HTTP/1.1" status: 200 len: 2996 time: 0.6008189
2026-06-15 20:19:00.857 10 INFO neutron.wsgi [None req-0c93a609-fde2-4c32-945d-bff6479b1075 cbac8ad6b35d4bc68419bfc5e4d27828 9d9932cf492248689313fdfeb3514242 - - default default] 10.0.0.2 "DELETE /v2.0/networks/258a2128-ed7f-42e7-9fa9-7493448dc5e7 HTTP/1.1" status: 204 len: 168 time: 0.4692051
2026-06-15 20:19:00.901 9 INFO neutron.db.ovn_revision_numbers_db [None req-318101c9-d2c6-4880-8298-572a7270286c c38ef6e7e0794437a12b8d3a7d8e1187 6b5d873f9e834230b46c3bd273e3b181 - - default default] Successfully bumped revision number for resource d58a12d4-8964-4757-91a3-68be4051c6e4 (type: ports) to 1
2026-06-15 20:19:01.085 9 INFO neutron.wsgi [None req-2c105095-8eb3-46ea-abd4-eeff1fbd1c3a c5566c77d8554827b04219e520158dcc ff953eb8fa8744029a526014db8e6272 - - default default] 10.0.0.2 "DELETE /v2.0/security-groups/e6ccb383-fafd-4675-87d0-2b93ad1f6846 HTTP/1.1" status: 204 len: 168 time: 0.3738739
2026-06-15 20:19:01.182 10 INFO neutron.wsgi [-] 10.0.0.12 "GET / HTTP/1.1" status: 200 len: 246 time: 0.0021665
2026-06-15 20:19:01.184 10 INFO neutron.wsgi [-] 10.0.0.12 "GET / HTTP/1.1" status: 200 len: 246 time: 0.0017612
2026-06-15 20:19:01.487 9 INFO neutron.plugins.ml2.drivers.ovn.mech_driver.mech_driver [None req-86914d21-580b-4721-979e-e4d514223fae - - - - - -] OVN reports status up for port: d58a12d4-8964-4757-91a3-68be4051c6e4
2026-06-15 20:19:01.494 9 INFO neutron.db.ovn_revision_numbers_db [None req-afb355e6-2f9a-4ef5-bcb7-92fed6445abe c5566c77d8554827b04219e520158dcc ff953eb8fa8744029a526014db8e6272 - - default default] Successfully bumped revision number for resource 57f37c2a-4ad4-447a-8050-1aea91f76c15 (type: security_groups) to 1
2026-06-15 20:19:01.503 9 INFO neutron.plugins.ml2.plugin [None req-86914d21-580b-4721-979e-e4d514223fae - - - - - -] Attempt 1 to provision port d58a12d4-8964-4757-91a3-68be4051c6e4
2026-06-15 20:19:01.527 9 INFO neutron.db.ovn_revision_numbers_db [None req-afb355e6-2f9a-4ef5-bcb7-92fed6445abe c5566c77d8554827b04219e520158dcc ff953eb8fa8744029a526014db8e6272 - - default default] Successfully bumped revision number for resource 23316c4c-4d73-4956-bc69-692ec816bb00 (type: security_group_rules) to 0
2026-06-15 20:19:01.536 9 INFO neutron.db.ovn_revision_numbers_db [None req-318101c9-d2c6-4880-8298-572a7270286c c38ef6e7e0794437a12b8d3a7d8e1187 6b5d873f9e834230b46c3bd273e3b181 - - default default] Successfully bumped revision number for resource d58a12d4-8964-4757-91a3-68be4051c6e4 (type: router_ports) to 1
2026-06-15 20:19:01.560 9 INFO neutron.db.ovn_revision_numbers_db [None req-afb355e6-2f9a-4ef5-bcb7-92fed6445abe c5566c77d8554827b04219e520158dcc ff953eb8fa8744029a526014db8e6272 - - default default] Successfully bumped revision number for resource 6db589c6-0dfb-471d-b8d5-d7b1fb85fb82 (type: security_group_rules) to 0
2026-06-15 20:19:01.580 9 INFO neutron.db.ovn_revision_numbers_db [None req-afb355e6-2f9a-4ef5-bcb7-92fed6445abe c5566c77d8554827b04219e520158dcc ff953eb8fa8744029a526014db8e6272 - - default default] Successfully bumped revision number for resource 95d530a0-3435-4761-8a3b-591db45af30b (type: security_group_rules) to 0
2026-06-15 20:19:01.609 9 INFO neutron.db.ovn_revision_numbers_db [None req-afb355e6-2f9a-4ef5-bcb7-92fed6445abe c5566c77d8554827b04219e520158dcc ff953eb8fa8744029a526014db8e6272 - - default default] Successfully bumped revision number for resource b08bffdf-26aa-4c9e-81fb-db57e76ed4ed (type: security_group_rules) to 0
2026-06-15 20:19:01.644 9 INFO neutron.wsgi [None req-afb355e6-2f9a-4ef5-bcb7-92fed6445abe c5566c77d8554827b04219e520158dcc ff953eb8fa8744029a526014db8e6272 - - default default] 10.0.0.2 "GET /v2.0/security-groups?tenant_id=82fb85d1b731449eb01d63f46b85031e&name=default HTTP/1.1" status: 200 len: 2996 time: 0.3507717
2026-06-15 20:19:01.778 9 INFO neutron.db.ovn_revision_numbers_db [None req-318101c9-d2c6-4880-8298-572a7270286c c38ef6e7e0794437a12b8d3a7d8e1187 6b5d873f9e834230b46c3bd273e3b181 - - default default] Successfully bumped revision number for resource d58a12d4-8964-4757-91a3-68be4051c6e4 (type: ports) to 1
2026-06-15 20:19:01.930 9 WARNING neutron.scheduler.dhcp_agent_scheduler [None req-318101c9-d2c6-4880-8298-572a7270286c c38ef6e7e0794437a12b8d3a7d8e1187 6b5d873f9e834230b46c3bd273e3b181 - - default default] No more DHCP agents
2026-06-15 20:19:01.932 9 WARNING neutron.api.rpc.agentnotifiers.dhcp_rpc_agent_api [None req-318101c9-d2c6-4880-8298-572a7270286c c38ef6e7e0794437a12b8d3a7d8e1187 6b5d873f9e834230b46c3bd273e3b181 - - default default] Unable to schedule network 3fb31601-c2e2-4b31-8ec1-82780a2edeb6: no agents available; will retry on subsequent port and subnet creation events.
2026-06-15 20:19:01.952 10 INFO neutron.wsgi [None req-371b87b1-1eff-4de7-ad45-353849398c42 c5566c77d8554827b04219e520158dcc ff953eb8fa8744029a526014db8e6272 - - default default] 10.0.0.2 "DELETE /v2.0/security-groups/57f37c2a-4ad4-447a-8050-1aea91f76c15 HTTP/1.1" status: 204 len: 168 time: 0.3021154
2026-06-15 20:19:01.958 9 INFO neutron.db.ovn_revision_numbers_db [None req-86914d21-580b-4721-979e-e4d514223fae - - - - - -] Successfully bumped revision number for resource d58a12d4-8964-4757-91a3-68be4051c6e4 (type: ports) to 2
2026-06-15 20:19:02.088 9 INFO neutron.db.ovn_revision_numbers_db [None req-86914d21-580b-4721-979e-e4d514223fae - - - - - -] Successfully bumped revision number for resource d58a12d4-8964-4757-91a3-68be4051c6e4 (type: router_ports) to 2
2026-06-15 20:19:02.397 9 INFO neutron.db.ovn_revision_numbers_db [None req-cfcab92a-ac4e-4752-85b9-dc51b0cd52e7 c5566c77d8554827b04219e520158dcc ff953eb8fa8744029a526014db8e6272 - - default default] Successfully bumped revision number for resource 6973bc07-d46b-43ec-a536-86c68d8f5e3d (type: security_groups) to 1
2026-06-15 20:19:02.422 9 INFO neutron.db.ovn_revision_numbers_db [None req-cfcab92a-ac4e-4752-85b9-dc51b0cd52e7 c5566c77d8554827b04219e520158dcc ff953eb8fa8744029a526014db8e6272 - - default default] Successfully bumped revision number for resource 172fb1e9-3b42-430a-9d94-2d57f05ebd56 (type: security_group_rules) to 0
2026-06-15 20:19:02.437 9 INFO neutron.db.ovn_revision_numbers_db [None req-318101c9-d2c6-4880-8298-572a7270286c c38ef6e7e0794437a12b8d3a7d8e1187 6b5d873f9e834230b46c3bd273e3b181 - - default default] Successfully bumped revision number for resource d58a12d4-8964-4757-91a3-68be4051c6e4 (type: router_ports) to 2
2026-06-15 20:19:02.440 9 INFO neutron.wsgi [None req-318101c9-d2c6-4880-8298-572a7270286c c38ef6e7e0794437a12b8d3a7d8e1187 6b5d873f9e834230b46c3bd273e3b181 - - default default] 10.0.0.2 "PUT /v2.0/routers/04302c67-e5c1-4914-a83d-bfc54836748e/add_router_interface HTTP/1.1" status: 200 len: 503 time: 2.7235386
2026-06-15 20:19:02.456 10 INFO neutron.services.segments.plugin [-] Segment 18c16437-3b0a-4c28-b66b-e08575857a7e resource provider aggregate not found
2026-06-15 20:19:02.458 9 INFO neutron.db.ovn_revision_numbers_db [None req-cfcab92a-ac4e-4752-85b9-dc51b0cd52e7 c5566c77d8554827b04219e520158dcc ff953eb8fa8744029a526014db8e6272 - - default default] Successfully bumped revision number for resource b05b0787-a4f9-447e-ba96-df3cc2fe5c98 (type: security_group_rules) to 0
2026-06-15 20:19:02.464 10 INFO neutron.services.segments.plugin [-] Segment 18c16437-3b0a-4c28-b66b-e08575857a7e resource provider aggregate not found
2026-06-15 20:19:02.481 10 INFO neutron.services.segments.plugin [-] Segment 18c16437-3b0a-4c28-b66b-e08575857a7e resource provider not found; error: Placement Client Error (4xx): {"errors": [{"status": 404, "title": "Not Found", "detail": "The resource could not be found.\n\n No resource provider with uuid 18c16437-3b0a-4c28-b66b-e08575857a7e found for delete ", "request_id": "req-72981371-a0b8-4332-aa64-976b3b132000"}]}
2026-06-15 20:19:02.483 10 INFO neutron.services.segments.plugin [-] Segment 18c16437-3b0a-4c28-b66b-e08575857a7e resource provider not found; error: Placement Client Error (4xx): {"errors": [{"status": 404, "title": "Not Found", "detail": "The resource could not be found.\n\n No resource provider with uuid 18c16437-3b0a-4c28-b66b-e08575857a7e found for delete ", "request_id": "req-8372d415-6478-4f38-b570-04e3d67e9663"}]}
2026-06-15 20:19:02.514 9 INFO neutron.db.ovn_revision_numbers_db [None req-cfcab92a-ac4e-4752-85b9-dc51b0cd52e7 c5566c77d8554827b04219e520158dcc ff953eb8fa8744029a526014db8e6272 - - default default] Successfully bumped revision number for resource e38d86d6-8240-4b53-ae9e-b0151c053428 (type: security_group_rules) to 0
2026-06-15 20:19:02.549 9 INFO neutron.db.ovn_revision_numbers_db [None req-cfcab92a-ac4e-4752-85b9-dc51b0cd52e7 c5566c77d8554827b04219e520158dcc ff953eb8fa8744029a526014db8e6272 - - default default] Successfully bumped revision number for resource f54f35a3-80a3-44c0-8aa6-f250719605d6 (type: security_group_rules) to 0
2026-06-15 20:19:02.565 9 INFO neutron.wsgi [None req-fb710a9f-3cb6-4284-911a-b9727efa6ee9 ea5f2a4aad454d36b242d47d7bdd67e5 65be3af0a30c4ee9b5d1acdf5645174b - - default default] 10.0.0.2 "GET /v2.0/networks HTTP/1.1" status: 200 len: 3112 time: 0.1185443
2026-06-15 20:19:02.590 9 INFO neutron.wsgi [None req-cfcab92a-ac4e-4752-85b9-dc51b0cd52e7 c5566c77d8554827b04219e520158dcc ff953eb8fa8744029a526014db8e6272 - - default default] 10.0.0.2 "GET /v2.0/security-groups?tenant_id=85dfd69f775a4ef19d47573cb6570cce&name=default HTTP/1.1" status: 200 len: 2996 time: 0.7719676
2026-06-15 20:19:02.614 10 INFO neutron.wsgi [None req-be58246f-01a8-429f-9ab9-650785fb06f1 ea5f2a4aad454d36b242d47d7bdd67e5 65be3af0a30c4ee9b5d1acdf5645174b - - default default] 10.0.0.2 "GET /v2.0/subnets HTTP/1.1" status: 200 len: 2096 time: 0.0439327
2026-06-15 20:19:02.692 10 WARNING neutron_lib.context [None req-b12f70af-c159-419a-a8b4-740888b7582c 58e82c4bd08f4f43a103750a403e5ed4 4ad658d67ccc45de83b43f7cd5a00482 - - default default] Method 'is_advsvc' is deprecated since 2023.2 release (neutron-lib 3.8.0) and will be removed once support for the old RBAC API policies will be removed from Neutron. Please use method 'is_service_role' instead.
2026-06-15 20:19:02.740 9 INFO neutron.wsgi [None req-84f929c1-206d-4721-83de-5de421d1f7f7 ea5f2a4aad454d36b242d47d7bdd67e5 65be3af0a30c4ee9b5d1acdf5645174b - - default default] 10.0.0.2 "GET /v2.0/routers HTTP/1.1" status: 200 len: 878 time: 0.1208556
2026-06-15 20:19:02.813 9 WARNING neutron_lib.context [None req-45ec1b1d-d5ac-405c-a639-40620fc015ae c38ef6e7e0794437a12b8d3a7d8e1187 6b5d873f9e834230b46c3bd273e3b181 - - default default] Method 'is_advsvc' is deprecated since 2023.2 release (neutron-lib 3.8.0) and will be removed once support for the old RBAC API policies will be removed from Neutron. Please use method 'is_service_role' instead.
2026-06-15 20:19:02.845 10 INFO neutron.db.ovn_revision_numbers_db [None req-b12f70af-c159-419a-a8b4-740888b7582c 58e82c4bd08f4f43a103750a403e5ed4 4ad658d67ccc45de83b43f7cd5a00482 - - default default] Successfully bumped revision number for resource 7037fce9-7a41-44ef-95b2-612b03de2742 (type: security_groups) to 1
2026-06-15 20:19:02.866 10 INFO neutron.db.ovn_revision_numbers_db [None req-b12f70af-c159-419a-a8b4-740888b7582c 58e82c4bd08f4f43a103750a403e5ed4 4ad658d67ccc45de83b43f7cd5a00482 - - default default] Successfully bumped revision number for resource 07577440-7567-43d7-a11f-a7f0fc3c287d (type: security_group_rules) to 0
2026-06-15 20:19:02.884 10 INFO neutron.wsgi [None req-d2b86b64-f6ad-41d1-918c-2218adcfbb7f c5566c77d8554827b04219e520158dcc ff953eb8fa8744029a526014db8e6272 - - default default] 10.0.0.2 "DELETE /v2.0/security-groups/6973bc07-d46b-43ec-a536-86c68d8f5e3d HTTP/1.1" status: 204 len: 168 time: 0.2819922
2026-06-15 20:19:02.885 10 INFO neutron.db.ovn_revision_numbers_db [None req-b12f70af-c159-419a-a8b4-740888b7582c 58e82c4bd08f4f43a103750a403e5ed4 4ad658d67ccc45de83b43f7cd5a00482 - - default default] Successfully bumped revision number for resource 0d1e4382-5dc1-4451-b7a6-2a859889ea40 (type: security_group_rules) to 0
2026-06-15 20:19:02.902 10 INFO neutron.db.ovn_revision_numbers_db [None req-b12f70af-c159-419a-a8b4-740888b7582c 58e82c4bd08f4f43a103750a403e5ed4 4ad658d67ccc45de83b43f7cd5a00482 - - default default] Successfully bumped revision number for resource 8cd79d89-2878-491c-9f50-7359c36c11e9 (type: security_group_rules) to 0
2026-06-15 20:19:02.916 10 INFO neutron.db.ovn_revision_numbers_db [None req-b12f70af-c159-419a-a8b4-740888b7582c 58e82c4bd08f4f43a103750a403e5ed4 4ad658d67ccc45de83b43f7cd5a00482 - - default default] Successfully bumped revision number for resource e921f9bd-9501-4240-8182-359119e3c6cf (type: security_group_rules) to 0
2026-06-15 20:19:02.947 9 INFO neutron.db.ovn_revision_numbers_db [None req-45ec1b1d-d5ac-405c-a639-40620fc015ae c38ef6e7e0794437a12b8d3a7d8e1187 6b5d873f9e834230b46c3bd273e3b181 - - default default] Successfully bumped revision number for resource 84948263-f719-4130-bd2c-9b69fdeca915 (type: security_groups) to 1
2026-06-15 20:19:02.975 9 INFO neutron.db.ovn_revision_numbers_db [None req-45ec1b1d-d5ac-405c-a639-40620fc015ae c38ef6e7e0794437a12b8d3a7d8e1187 6b5d873f9e834230b46c3bd273e3b181 - - default default] Successfully bumped revision number for resource 3434d658-6fae-409c-97e1-8df2270650b2 (type: security_group_rules) to 0
2026-06-15 20:19:02.977 10 INFO neutron.db.segments_db [None req-b12f70af-c159-419a-a8b4-740888b7582c 58e82c4bd08f4f43a103750a403e5ed4 4ad658d67ccc45de83b43f7cd5a00482 - - default default] Added segment 9f0dc67b-6e51-49e5-96aa-86afa00f59e0 of type geneve for network 4ce9c48e-b84b-450b-bb00-108701855a1e
2026-06-15 20:19:02.993 9 INFO neutron.db.ovn_revision_numbers_db [None req-45ec1b1d-d5ac-405c-a639-40620fc015ae c38ef6e7e0794437a12b8d3a7d8e1187 6b5d873f9e834230b46c3bd273e3b181 - - default default] Successfully bumped revision number for resource b4c09fc2-35ad-41b1-9b36-c2d8e8f0dd5b (type: security_group_rules) to 0
2026-06-15 20:19:03.028 9 INFO neutron.wsgi [None req-45ec1b1d-d5ac-405c-a639-40620fc015ae c38ef6e7e0794437a12b8d3a7d8e1187 6b5d873f9e834230b46c3bd273e3b181 - - default default] 10.0.0.2 "POST /v2.0/security-groups HTTP/1.1" status: 201 len: 1809 time: 0.2240648
2026-06-15 20:19:03.043 9 WARNING neutron_lib.context [None req-140d4c43-54ac-4d97-b2ce-b4d86224d808 c38ef6e7e0794437a12b8d3a7d8e1187 6b5d873f9e834230b46c3bd273e3b181 - - default default] Method 'is_advsvc' is deprecated since 2023.2 release (neutron-lib 3.8.0) and will be removed once support for the old RBAC API policies will be removed from Neutron. Please use method 'is_service_role' instead.
2026-06-15 20:19:03.099 9 INFO neutron.wsgi [None req-2f505b8b-5dc8-49ee-85ce-4e5c29166381 c5566c77d8554827b04219e520158dcc ff953eb8fa8744029a526014db8e6272 - - default default] 10.0.0.2 "GET /v2.0/security-groups?tenant_id=9d9932cf492248689313fdfeb3514242&name=default HTTP/1.1" status: 200 len: 2996 time: 0.0614665
2026-06-15 20:19:03.236 10 INFO neutron.db.ovn_revision_numbers_db [None req-b12f70af-c159-419a-a8b4-740888b7582c 58e82c4bd08f4f43a103750a403e5ed4 4ad658d67ccc45de83b43f7cd5a00482 - - default default] Successfully bumped revision number for resource 4ce9c48e-b84b-450b-bb00-108701855a1e (type: networks) to 1
2026-06-15 20:19:03.292 9 INFO neutron.db.ovn_revision_numbers_db [None req-140d4c43-54ac-4d97-b2ce-b4d86224d808 c38ef6e7e0794437a12b8d3a7d8e1187 6b5d873f9e834230b46c3bd273e3b181 - - default default] Successfully bumped revision number for resource 18b3166b-0d6e-4143-b7fb-4d3d94e78978 (type: security_group_rules) to 0
2026-06-15 20:19:03.323 9 INFO neutron.wsgi [None req-140d4c43-54ac-4d97-b2ce-b4d86224d808 c38ef6e7e0794437a12b8d3a7d8e1187 6b5d873f9e834230b46c3bd273e3b181 - - default default] 10.0.0.2 "POST /v2.0/security-group-rules HTTP/1.1" status: 201 len: 764 time: 0.2869899
2026-06-15 20:19:03.332 9 WARNING neutron_lib.context [None req-be6d8510-4c81-436e-858d-ef6d32da6a93 c38ef6e7e0794437a12b8d3a7d8e1187 6b5d873f9e834230b46c3bd273e3b181 - - default default] Method 'is_advsvc' is deprecated since 2023.2 release (neutron-lib 3.8.0) and will be removed once support for the old RBAC API policies will be removed from Neutron. Please use method 'is_service_role' instead.
2026-06-15 20:19:03.427 9 INFO neutron.wsgi [None req-20733b73-6b62-47e8-af29-af084b113923 c5566c77d8554827b04219e520158dcc ff953eb8fa8744029a526014db8e6272 - - default default] 10.0.0.2 "DELETE /v2.0/security-groups/324546e2-e6a4-40d7-866a-faf57caf71ba HTTP/1.1" status: 204 len: 168 time: 0.3219888
2026-06-15 20:19:03.430 10 WARNING neutron.scheduler.dhcp_agent_scheduler [None req-b12f70af-c159-419a-a8b4-740888b7582c 58e82c4bd08f4f43a103750a403e5ed4 4ad658d67ccc45de83b43f7cd5a00482 - - default default] No more DHCP agents
2026-06-15 20:19:03.434 10 WARNING neutron.api.rpc.agentnotifiers.dhcp_rpc_agent_api [None req-b12f70af-c159-419a-a8b4-740888b7582c 58e82c4bd08f4f43a103750a403e5ed4 4ad658d67ccc45de83b43f7cd5a00482 - - default default] Unable to schedule network 4ce9c48e-b84b-450b-bb00-108701855a1e: no agents available; will retry on subsequent port and subnet creation events.
2026-06-15 20:19:03.456 9 INFO neutron.db.ovn_revision_numbers_db [None req-be6d8510-4c81-436e-858d-ef6d32da6a93 c38ef6e7e0794437a12b8d3a7d8e1187 6b5d873f9e834230b46c3bd273e3b181 - - default default] Successfully bumped revision number for resource a1af4947-de26-4a5a-bb9c-0b6c57faff95 (type: security_group_rules) to 0
2026-06-15 20:19:03.481 9 INFO neutron.wsgi [None req-be6d8510-4c81-436e-858d-ef6d32da6a93 c38ef6e7e0794437a12b8d3a7d8e1187 6b5d873f9e834230b46c3bd273e3b181 - - default default] 10.0.0.2 "POST /v2.0/security-group-rules HTTP/1.1" status: 201 len: 763 time: 0.1538508
2026-06-15 20:19:03.490 9 WARNING neutron_lib.context [None req-490cb04e-f3b8-4112-94c3-8b46daff2a6b c38ef6e7e0794437a12b8d3a7d8e1187 6b5d873f9e834230b46c3bd273e3b181 - - default default] Method 'is_advsvc' is deprecated since 2023.2 release (neutron-lib 3.8.0) and will be removed once support for the old RBAC API policies will be removed from Neutron. Please use method 'is_service_role' instead.
2026-06-15 20:19:03.530 10 INFO neutron.db.ovn_revision_numbers_db [None req-b12f70af-c159-419a-a8b4-740888b7582c 58e82c4bd08f4f43a103750a403e5ed4 4ad658d67ccc45de83b43f7cd5a00482 - - default default] Successfully bumped revision number for resource f0e9fd74-af1e-4687-907c-4a84e6eba417 (type: ports) to 1
