Jun 18 01:13:40.282119 np0000181736 devstack@n-api.service[104185]: [pid: 104185|app: 0|req: 16/62] 199.19.213.224 () {62 vars in 1066 bytes} [Thu Jun 18 01:13:40 2026] GET /compute/v2.1/ => generated 393 bytes in 8 msecs (HTTP/1.1 200) 9 headers in 357 bytes (1 switches on core 0)
Jun 18 01:13:40.322009 np0000181736 devstack@n-api.service[104184]: DEBUG nova.api.openstack.wsgi [None req-10b562e7-fcb4-42b2-88f2-22cd0447c4f2 demo demo] Calling method '>' {{(pid=104184) _process_stack /opt/stack/nova/nova/api/openstack/wsgi.py:551}}
Jun 18 01:13:40.350377 np0000181736 devstack@n-api.service[104184]: INFO nova.api.openstack.requestlog [None req-10b562e7-fcb4-42b2-88f2-22cd0447c4f2 demo demo] 199.19.213.224 "GET /compute/v2.1/flavors/detail?is_public=None" status: 200 len: 5262 microversion: 2.61 time: 0.032925
Jun 18 01:13:40.350725 np0000181736 devstack@n-api.service[104184]: [pid: 104184|app: 0|req: 17/63] 199.19.213.224 () {68 vars in 1424 bytes} [Thu Jun 18 01:13:40 2026] GET /compute/v2.1/flavors/detail?is_public=None => generated 5262 bytes in 34 msecs (HTTP/1.1 200) 9 headers in 360 bytes (1 switches on core 0)
Jun 18 01:13:40.398752 np0000181736 devstack@n-api.service[104186]: DEBUG nova.api.openstack.wsgi [None req-b738a4e7-6333-4491-ab6a-6b49721d2499 demo demo] Calling method '>' {{(pid=104186) _process_stack /opt/stack/nova/nova/api/openstack/wsgi.py:551}}
Jun 18 01:13:40.426614 np0000181736 devstack@n-api.service[104186]: INFO nova.api.openstack.requestlog [None req-b738a4e7-6333-4491-ab6a-6b49721d2499 demo demo] 199.19.213.224 "GET /compute/v2.1/flavors/detail?is_public=None" status: 200 len: 5262 microversion: 2.61 time: 0.031381
Jun 18 01:13:40.426886 np0000181736 devstack@n-api.service[104186]: [pid: 104186|app: 0|req: 16/64] 199.19.213.224 () {68 vars in 1424 bytes} [Thu Jun 18 01:13:40 2026] GET /compute/v2.1/flavors/detail?is_public=None => generated 5262 bytes in 32 msecs (HTTP/1.1 200) 9 headers in 360 bytes (1 switches on core 0)
Jun 18 01:13:40.734091 np0000181736 devstack@n-api.service[104187]: DEBUG nova.api.openstack.wsgi [None req-1e600eb2-64ab-42f6-97d5-9b351960d85a admin admin] Calling method '>' {{(pid=104187) _process_stack /opt/stack/nova/nova/api/openstack/wsgi.py:551}}
Jun 18 01:13:40.738601 np0000181736 devstack@n-api.service[104187]: INFO nova.api.openstack.requestlog [None req-1e600eb2-64ab-42f6-97d5-9b351960d85a admin admin] 199.19.213.224 "GET /compute/v2.1" status: 200 len: 393 microversion: 2.1 time: 0.005663
Jun 18 01:13:40.739152 np0000181736 devstack@n-api.service[104187]: [pid: 104187|app: 0|req: 16/65] 199.19.213.224 () {62 vars in 1063 bytes} [Thu Jun 18 01:13:40 2026] GET /compute/v2.1 => generated 393 bytes in 6 msecs (HTTP/1.1 200) 9 headers in 357 bytes (1 switches on core 0)
Jun 18 01:13:40.777697 np0000181736 devstack@n-api.service[104185]: DEBUG nova.api.openstack.wsgi [None req-a0eded2a-1539-426e-a4a1-02cdbd27a557 admin admin] Calling method '>' {{(pid=104185) _process_stack /opt/stack/nova/nova/api/openstack/wsgi.py:551}}
Jun 18 01:13:40.787386 np0000181736 devstack@n-api.service[104185]: INFO nova.api.openstack.requestlog [None req-a0eded2a-1539-426e-a4a1-02cdbd27a557 admin admin] 199.19.213.224 "GET /compute/v2.1/" status: 200 len: 393 microversion: 2.1 time: 0.010320
Jun 18 01:13:40.787735 np0000181736 devstack@n-api.service[104185]: [pid: 104185|app: 0|req: 17/66] 199.19.213.224 () {62 vars in 1066 bytes} [Thu Jun 18 01:13:40 2026] GET /compute/v2.1/ => generated 393 bytes in 12 msecs (HTTP/1.1 200) 9 headers in 357 bytes (1 switches on core 0)
Jun 18 01:13:40.826816 np0000181736 devstack@n-api.service[104184]: DEBUG nova.api.openstack.wsgi [None req-f5cc3765-cfc7-4550-b8ed-8197cbb9db6d demo demo] Calling method '>' {{(pid=104184) _process_stack /opt/stack/nova/nova/api/openstack/wsgi.py:551}}
Jun 18 01:13:40.855798 np0000181736 devstack@n-api.service[104184]: INFO nova.api.openstack.requestlog [None req-f5cc3765-cfc7-4550-b8ed-8197cbb9db6d demo demo] 199.19.213.224 "GET /compute/v2.1/flavors/detail?is_public=None" status: 200 len: 5262 microversion: 2.61 time: 0.032324
Jun 18 01:13:40.856044 np0000181736 devstack@n-api.service[104184]: [pid: 104184|app: 0|req: 18/67] 199.19.213.224 () {68 vars in 1424 bytes} [Thu Jun 18 01:13:40 2026] GET /compute/v2.1/flavors/detail?is_public=None => generated 5262 bytes in 34 msecs (HTTP/1.1 200) 9 headers in 360 bytes (1 switches on core 0)
Jun 18 01:13:40.904715 np0000181736 devstack@n-api.service[104186]: DEBUG nova.api.openstack.wsgi [None req-74b8f421-4fb4-46a7-b9ab-4fbcbb4a1a58 demo demo] Calling method '>' {{(pid=104186) _process_stack /opt/stack/nova/nova/api/openstack/wsgi.py:551}}
Jun 18 01:13:40.927025 np0000181736 devstack@n-api.service[104186]: INFO nova.api.openstack.requestlog [None req-74b8f421-4fb4-46a7-b9ab-4fbcbb4a1a58 demo demo] 199.19.213.224 "GET /compute/v2.1/flavors/detail?is_public=None" status: 200 len: 5262 microversion: 2.61 time: 0.025741
Jun 18 01:13:40.927347 np0000181736 devstack@n-api.service[104186]: [pid: 104186|app: 0|req: 17/68] 199.19.213.224 () {68 vars in 1424 bytes} [Thu Jun 18 01:13:40 2026] GET /compute/v2.1/flavors/detail?is_public=None => generated 5262 bytes in 26 msecs (HTTP/1.1 200) 9 headers in 360 bytes (1 switches on core 0)
Jun 18 01:13:45.065109 np0000181736 devstack@n-api.service[104187]: DEBUG nova.api.openstack.wsgi [None req-1e600eb2-64ab-42f6-97d5-9b351960d85a admin admin] Calling method '>' {{(pid=104187) _process_stack /opt/stack/nova/nova/api/openstack/wsgi.py:551}}
Jun 18 01:13:45.068672 np0000181736 devstack@n-api.service[104187]: INFO nova.api.openstack.requestlog [None req-1e600eb2-64ab-42f6-97d5-9b351960d85a admin admin] 199.19.213.224 "GET /compute/v2.1" status: 200 len: 393 microversion: 2.1 time: 0.004250
Jun 18 01:13:45.068905 np0000181736 devstack@n-api.service[104187]: [pid: 104187|app: 0|req: 17/69] 199.19.213.224 () {62 vars in 1063 bytes} [Thu Jun 18 01:13:45 2026] GET /compute/v2.1 => generated 393 bytes in 5 msecs (HTTP/1.1 200) 9 headers in 357 bytes (1 switches on core 0)
Jun 18 01:13:45.103574 np0000181736 devstack@n-api.service[104185]: DEBUG nova.api.openstack.wsgi [None req-a0eded2a-1539-426e-a4a1-02cdbd27a557 admin admin] Calling method '>' {{(pid=104185) _process_stack /opt/stack/nova/nova/api/openstack/wsgi.py:551}}
Jun 18 01:13:45.108713 np0000181736 devstack@n-api.service[104185]: INFO nova.api.openstack.requestlog [None req-a0eded2a-1539-426e-a4a1-02cdbd27a557 admin admin] 199.19.213.224 "GET /compute/v2.1/" status: 200 len: 393 microversion: 2.1 time: 0.005224
Jun 18 01:13:45.109111 np0000181736 devstack@n-api.service[104185]: [pid: 104185|app: 0|req: 18/70] 199.19.213.224 () {62 vars in 1066 bytes} [Thu Jun 18 01:13:45 2026] GET /compute/v2.1/ => generated 393 bytes in 6 msecs (HTTP/1.1 200) 9 headers in 357 bytes (1 switches on core 0)
Jun 18 01:13:45.147271 np0000181736 devstack@n-api.service[104184]: DEBUG nova.api.openstack.wsgi [None req-61cd2046-2fa7-424f-aefd-a1d3d03471c2 demo demo] Calling method '>' {{(pid=104184) _process_stack /opt/stack/nova/nova/api/openstack/wsgi.py:551}}
Jun 18 01:13:45.169056 np0000181736 devstack@n-api.service[104184]: INFO nova.api.openstack.requestlog [None req-61cd2046-2fa7-424f-aefd-a1d3d03471c2 demo demo] 199.19.213.224 "GET /compute/v2.1/flavors/detail?is_public=None" status: 200 len: 5262 microversion: 2.61 time: 0.025117
Jun 18 01:13:45.169324 np0000181736 devstack@n-api.service[104184]: [pid: 104184|app: 0|req: 19/71] 199.19.213.224 () {68 vars in 1424 bytes} [Thu Jun 18 01:13:45 2026] GET /compute/v2.1/flavors/detail?is_public=None => generated 5262 bytes in 26 msecs (HTTP/1.1 200) 9 headers in 360 bytes (1 switches on core 0)
Jun 18 01:13:45.219885 np0000181736 devstack@n-api.service[104186]: DEBUG nova.api.openstack.wsgi [None req-1183f10c-6b96-4f3b-a0a5-a6f1e0d9344f demo demo] Calling method '>' {{(pid=104186) _process_stack /opt/stack/nova/nova/api/openstack/wsgi.py:551}}
Jun 18 01:13:45.239099 np0000181736 devstack@n-api.service[104186]: INFO nova.api.openstack.requestlog [None req-1183f10c-6b96-4f3b-a0a5-a6f1e0d9344f demo demo] 199.19.213.224 "GET /compute/v2.1/flavors/detail?is_public=None" status: 200 len: 5262 microversion: 2.61 time: 0.022514
Jun 18 01:13:45.239273 np0000181736 devstack@n-api.service[104186]: [pid: 104186|app: 0|req: 18/72] 199.19.213.224 () {68 vars in 1424 bytes} [Thu Jun 18 01:13:45 2026] GET /compute/v2.1/flavors/detail?is_public=None => generated 5262 bytes in 23 msecs (HTTP/1.1 200) 9 headers in 360 bytes (1 switches on core 0)
Jun 18 01:13:45.376596 np0000181736 devstack@n-api.service[104187]: DEBUG nova.api.openstack.wsgi [None req-1e600eb2-64ab-42f6-97d5-9b351960d85a admin admin] Calling method '>' {{(pid=104187) _process_stack /opt/stack/nova/nova/api/openstack/wsgi.py:551}}
Jun 18 01:13:45.379147 np0000181736 devstack@n-api.service[104187]: INFO nova.api.openstack.requestlog [None req-1e600eb2-64ab-42f6-97d5-9b351960d85a admin admin] 199.19.213.224 "GET /compute/v2.1" status: 200 len: 393 microversion: 2.1 time: 0.002804
Jun 18 01:13:45.379340 np0000181736 devstack@n-api.service[104187]: [pid: 104187|app: 0|req: 18/73] 199.19.213.224 () {62 vars in 1063 bytes} [Thu Jun 18 01:13:45 2026] GET /compute/v2.1 => generated 393 bytes in 3 msecs (HTTP/1.1 200) 9 headers in 357 bytes (1 switches on core 0)
Jun 18 01:13:45.414276 np0000181736 devstack@n-api.service[104185]: DEBUG nova.api.openstack.wsgi [None req-a0eded2a-1539-426e-a4a1-02cdbd27a557 admin admin] Calling method '>' {{(pid=104185) _process_stack /opt/stack/nova/nova/api/openstack/wsgi.py:551}}
Jun 18 01:13:45.419466 np0000181736 devstack@n-api.service[104185]: INFO nova.api.openstack.requestlog [None req-a0eded2a-1539-426e-a4a1-02cdbd27a557 admin admin] 199.19.213.224 "GET /compute/v2.1/" status: 200 len: 393 microversion: 2.1 time: 0.005790
Jun 18 01:13:45.419720 np0000181736 devstack@n-api.service[104185]: [pid: 104185|app: 0|req: 19/74] 199.19.213.224 () {62 vars in 1066 bytes} [Thu Jun 18 01:13:45 2026] GET /compute/v2.1/ => generated 393 bytes in 6 msecs (HTTP/1.1 200) 9 headers in 357 bytes (1 switches on core 0)
Jun 18 01:13:45.458173 np0000181736 devstack@n-api.service[104184]: DEBUG nova.api.openstack.wsgi [None req-8de82b81-c434-4ba4-920a-cebe0287283c demo demo] Calling method '>' {{(pid=104184) _process_stack /opt/stack/nova/nova/api/openstack/wsgi.py:551}}
Jun 18 01:13:45.476332 np0000181736 devstack@n-api.service[104184]: INFO nova.api.openstack.requestlog [None req-8de82b81-c434-4ba4-920a-cebe0287283c demo demo] 199.19.213.224 "GET /compute/v2.1/flavors/detail?is_public=None" status: 200 len: 5262 microversion: 2.61 time: 0.021445
Jun 18 01:13:45.476594 np0000181736 devstack@n-api.service[104184]: [pid: 104184|app: 0|req: 20/75] 199.19.213.224 () {68 vars in 1424 bytes} [Thu Jun 18 01:13:45 2026] GET /compute/v2.1/flavors/detail?is_public=None => generated 5262 bytes in 22 msecs (HTTP/1.1 200) 9 headers in 360 bytes (1 switches on core 0)
Jun 18 01:13:45.525655 np0000181736 devstack@n-api.service[104186]: DEBUG nova.api.openstack.wsgi [None req-a89e258f-49dc-4e3b-b41c-b075dcb024de demo demo] Calling method '>' {{(pid=104186) _process_stack /opt/stack/nova/nova/api/openstack/wsgi.py:551}}
Jun 18 01:13:45.547933 np0000181736 devstack@n-api.service[104186]: INFO nova.api.openstack.requestlog [None req-a89e258f-49dc-4e3b-b41c-b075dcb024de demo demo] 199.19.213.224 "GET /compute/v2.1/flavors/detail?is_public=None" status: 200 len: 5262 microversion: 2.61 time: 0.023966
Jun 18 01:13:45.548224 np0000181736 devstack@n-api.service[104186]: [pid: 104186|app: 0|req: 19/76] 199.19.213.224 () {68 vars in 1424 bytes} [Thu Jun 18 01:13:45 2026] GET /compute/v2.1/flavors/detail?is_public=None => generated 5262 bytes in 24 msecs (HTTP/1.1 200) 9 headers in 360 bytes (1 switches on core 0)
Jun 18 01:13:49.220996 np0000181736 devstack@n-api.service[104187]: DEBUG nova.api.openstack.wsgi [None req-1e600eb2-64ab-42f6-97d5-9b351960d85a admin admin] Calling method '>' {{(pid=104187) _process_stack /opt/stack/nova/nova/api/openstack/wsgi.py:551}}
Jun 18 01:13:49.223824 np0000181736 devstack@n-api.service[104187]: INFO nova.api.openstack.requestlog [None req-1e600eb2-64ab-42f6-97d5-9b351960d85a admin admin] 199.19.213.224 "GET /compute/v2.1" status: 200 len: 393 microversion: 2.1 time: 0.003041
Jun 18 01:13:49.223998 np0000181736 devstack@n-api.service[104187]: [pid: 104187|app: 0|req: 19/77] 199.19.213.224 () {62 vars in 1074 bytes} [Thu Jun 18 01:13:49 2026] GET /compute/v2.1 => generated 393 bytes in 3 msecs (HTTP/1.1 200) 9 headers in 357 bytes (1 switches on core 0)
Jun 18 01:13:49.259445 np0000181736 devstack@n-api.service[104185]: DEBUG nova.api.openstack.wsgi [None req-a0eded2a-1539-426e-a4a1-02cdbd27a557 admin admin] Calling method '>' {{(pid=104185) _process_stack /opt/stack/nova/nova/api/openstack/wsgi.py:551}}
Jun 18 01:13:49.264601 np0000181736 devstack@n-api.service[104185]: INFO nova.api.openstack.requestlog [None req-a0eded2a-1539-426e-a4a1-02cdbd27a557 admin admin] 199.19.213.224 "GET /compute/v2.1/" status: 200 len: 393 microversion: 2.1 time: 0.005392
Jun 18 01:13:49.264832 np0000181736 devstack@n-api.service[104185]: [pid: 104185|app: 0|req: 20/78] 199.19.213.224 () {62 vars in 1077 bytes} [Thu Jun 18 01:13:49 2026] GET /compute/v2.1/ => generated 393 bytes in 6 msecs (HTTP/1.1 200) 9 headers in 357 bytes (1 switches on core 0)
Jun 18 01:13:49.302292 np0000181736 devstack@n-api.service[104184]: DEBUG nova.api.openstack.wsgi [None req-a7dcf2ec-9d2b-4fd2-9fd3-62aec8580933 demo demo] Calling method '>' {{(pid=104184) _process_stack /opt/stack/nova/nova/api/openstack/wsgi.py:551}}
Jun 18 01:13:49.335527 np0000181736 devstack@n-api.service[104184]: INFO nova.api.openstack.requestlog [None req-a7dcf2ec-9d2b-4fd2-9fd3-62aec8580933 demo demo] 199.19.213.224 "GET /compute/v2.1/os-server-groups" status: 200 len: 21 microversion: 2.64 time: 0.032694
Jun 18 01:13:49.335527 np0000181736 devstack@n-api.service[104184]: [pid: 104184|app: 0|req: 21/79] 199.19.213.224 () {68 vars in 1412 bytes} [Thu Jun 18 01:13:49 2026] GET /compute/v2.1/os-server-groups => generated 21 bytes in 34 msecs (HTTP/1.1 200) 9 headers in 358 bytes (1 switches on core 0)
Jun 18 01:13:49.370360 np0000181736 devstack@n-api.service[104186]: DEBUG nova.api.openstack.wsgi [None req-a89e258f-49dc-4e3b-b41c-b075dcb024de demo demo] Calling method '>' {{(pid=104186) _process_stack /opt/stack/nova/nova/api/openstack/wsgi.py:551}}
Jun 18 01:13:49.376272 np0000181736 devstack@n-api.service[104186]: INFO nova.api.openstack.requestlog [None req-a89e258f-49dc-4e3b-b41c-b075dcb024de demo demo] 199.19.213.224 "GET /compute/v2.1" status: 200 len: 393 microversion: 2.1 time: 0.006220
Jun 18 01:13:49.377215 np0000181736 devstack@n-api.service[104186]: [pid: 104186|app: 0|req: 20/80] 199.19.213.224 () {62 vars in 1074 bytes} [Thu Jun 18 01:13:49 2026] GET /compute/v2.1 => generated 393 bytes in 7 msecs (HTTP/1.1 200) 9 headers in 357 bytes (1 switches on core 0)
Jun 18 01:13:49.414475 np0000181736 devstack@n-api.service[104187]: DEBUG nova.api.openstack.wsgi [None req-1e600eb2-64ab-42f6-97d5-9b351960d85a admin admin] Calling method '>' {{(pid=104187) _process_stack /opt/stack/nova/nova/api/openstack/wsgi.py:551}}
Jun 18 01:13:49.420814 np0000181736 devstack@n-api.service[104187]: INFO nova.api.openstack.requestlog [None req-1e600eb2-64ab-42f6-97d5-9b351960d85a admin admin] 199.19.213.224 "GET /compute/v2.1/" status: 200 len: 393 microversion: 2.1 time: 0.006992
Jun 18 01:13:49.421002 np0000181736 devstack@n-api.service[104187]: [pid: 104187|app: 0|req: 20/81] 199.19.213.224 () {62 vars in 1077 bytes} [Thu Jun 18 01:13:49 2026] GET /compute/v2.1/ => generated 393 bytes in 7 msecs (HTTP/1.1 200) 9 headers in 357 bytes (1 switches on core 0)
Jun 18 01:13:49.454965 np0000181736 devstack@n-api.service[104185]: DEBUG nova.api.openstack.wsgi [None req-51fd659a-6796-4798-9c3d-1c5b85f4f578 demo demo] Action: 'create', calling method: >, body: {"server_group": {"name": "kube-etnyw", "policy": "soft-anti-affinity"}} {{(pid=104185) _process_stack /opt/stack/nova/nova/api/openstack/wsgi.py:549}}
Jun 18 01:13:49.478208 np0000181736 devstack@n-api.service[104185]: DEBUG nova.quota [None req-51fd659a-6796-4798-9c3d-1c5b85f4f578 demo demo] Getting quotas for project 2c3b04d2c734461b98498ba4ac6febdb. Resources: {'server_groups'} {{(pid=104185) _get_quotas /opt/stack/nova/nova/quota.py:392}}
Jun 18 01:13:49.481400 np0000181736 devstack@n-api.service[104185]: DEBUG nova.quota [None req-51fd659a-6796-4798-9c3d-1c5b85f4f578 demo demo] Getting quotas for user 8fdfd94ed817424dbb86119d864e37d2 and project 2c3b04d2c734461b98498ba4ac6febdb. Resources: {'server_groups'} {{(pid=104185) _get_quotas /opt/stack/nova/nova/quota.py:382}}
Jun 18 01:13:49.531781 np0000181736 devstack@n-api.service[104185]: DEBUG nova.quota [None req-51fd659a-6796-4798-9c3d-1c5b85f4f578 demo demo] Getting quotas for project 2c3b04d2c734461b98498ba4ac6febdb. Resources: {'server_groups'} {{(pid=104185) _get_quotas /opt/stack/nova/nova/quota.py:392}}
Jun 18 01:13:49.533825 np0000181736 devstack@n-api.service[104185]: DEBUG nova.quota [None req-51fd659a-6796-4798-9c3d-1c5b85f4f578 demo demo] Getting quotas for user 8fdfd94ed817424dbb86119d864e37d2 and project 2c3b04d2c734461b98498ba4ac6febdb. Resources: {'server_groups'} {{(pid=104185) _get_quotas /opt/stack/nova/nova/quota.py:382}}
Jun 18 01:13:49.542266 np0000181736 devstack@n-api.service[104185]: INFO nova.api.openstack.requestlog [None req-51fd659a-6796-4798-9c3d-1c5b85f4f578 demo demo] 199.19.213.224 "POST /compute/v2.1/os-server-groups" status: 200 len: 243 microversion: 2.64 time: 0.091703
Jun 18 01:13:49.542678 np0000181736 devstack@n-api.service[104185]: [pid: 104185|app: 0|req: 21/82] 199.19.213.224 () {72 vars in 1452 bytes} [Thu Jun 18 01:13:49 2026] POST /compute/v2.1/os-server-groups => generated 243 bytes in 92 msecs (HTTP/1.1 200) 9 headers in 359 bytes (1 switches on core 0)
Jun 18 01:13:49.580146 np0000181736 devstack@n-api.service[104184]: DEBUG nova.api.openstack.wsgi [None req-a7dcf2ec-9d2b-4fd2-9fd3-62aec8580933 demo demo] Calling method '>' {{(pid=104184) _process_stack /opt/stack/nova/nova/api/openstack/wsgi.py:551}}
Jun 18 01:13:49.585583 np0000181736 devstack@n-api.service[104184]: INFO nova.api.openstack.requestlog [None req-a7dcf2ec-9d2b-4fd2-9fd3-62aec8580933 demo demo] 199.19.213.224 "GET /compute/v2.1" status: 200 len: 393 microversion: 2.1 time: 0.005924
Jun 18 01:13:49.585954 np0000181736 devstack@n-api.service[104184]: [pid: 104184|app: 0|req: 22/83] 199.19.213.224 () {62 vars in 1074 bytes} [Thu Jun 18 01:13:49 2026] GET /compute/v2.1 => generated 393 bytes in 7 msecs (HTTP/1.1 200) 9 headers in 357 bytes (1 switches on core 0)
Jun 18 01:13:49.615369 np0000181736 devstack@n-api.service[104186]: DEBUG nova.api.openstack.wsgi [None req-a89e258f-49dc-4e3b-b41c-b075dcb024de demo demo] Calling method '>' {{(pid=104186) _process_stack /opt/stack/nova/nova/api/openstack/wsgi.py:551}}
Jun 18 01:13:49.620813 np0000181736 devstack@n-api.service[104186]: INFO nova.api.openstack.requestlog [None req-a89e258f-49dc-4e3b-b41c-b075dcb024de demo demo] 199.19.213.224 "GET /compute/v2.1/" status: 200 len: 393 microversion: 2.1 time: 0.005703
Jun 18 01:13:49.621133 np0000181736 devstack@n-api.service[104186]: [pid: 104186|app: 0|req: 21/84] 199.19.213.224 () {62 vars in 1077 bytes} [Thu Jun 18 01:13:49 2026] GET /compute/v2.1/ => generated 393 bytes in 6 msecs (HTTP/1.1 200) 9 headers in 357 bytes (1 switches on core 0)
Jun 18 01:13:49.652034 np0000181736 devstack@n-api.service[104187]: DEBUG nova.api.openstack.wsgi [None req-17d09cc2-9bc0-4e00-919f-8f9cbcc51415 demo demo] Calling method '>' {{(pid=104187) _process_stack /opt/stack/nova/nova/api/openstack/wsgi.py:551}}
Jun 18 01:13:49.673923 np0000181736 devstack@n-api.service[104187]: INFO nova.api.openstack.requestlog [None req-17d09cc2-9bc0-4e00-919f-8f9cbcc51415 demo demo] 199.19.213.224 "GET /compute/v2.1/os-server-groups" status: 200 len: 246 microversion: 2.64 time: 0.025907
Jun 18 01:13:49.674156 np0000181736 devstack@n-api.service[104187]: [pid: 104187|app: 0|req: 21/85] 199.19.213.224 () {68 vars in 1412 bytes} [Thu Jun 18 01:13:49 2026] GET /compute/v2.1/os-server-groups => generated 246 bytes in 26 msecs (HTTP/1.1 200) 9 headers in 359 bytes (1 switches on core 0)
Jun 18 01:13:49.706376 np0000181736 devstack@n-api.service[104185]: DEBUG nova.api.openstack.wsgi [None req-51fd659a-6796-4798-9c3d-1c5b85f4f578 demo demo] Calling method '>' {{(pid=104185) _process_stack /opt/stack/nova/nova/api/openstack/wsgi.py:551}}
Jun 18 01:13:49.710712 np0000181736 devstack@n-api.service[104185]: INFO nova.api.openstack.requestlog [None req-51fd659a-6796-4798-9c3d-1c5b85f4f578 demo demo] 199.19.213.224 "GET /compute/v2.1" status: 200 len: 393 microversion: 2.1 time: 0.004766
Jun 18 01:13:49.710929 np0000181736 devstack@n-api.service[104185]: [pid: 104185|app: 0|req: 22/86] 199.19.213.224 () {62 vars in 1074 bytes} [Thu Jun 18 01:13:49 2026] GET /compute/v2.1 => generated 393 bytes in 5 msecs (HTTP/1.1 200) 9 headers in 357 bytes (1 switches on core 0)
Jun 18 01:13:49.739986 np0000181736 devstack@n-api.service[104184]: DEBUG nova.api.openstack.wsgi [None req-a7dcf2ec-9d2b-4fd2-9fd3-62aec8580933 demo demo] Calling method '>' {{(pid=104184) _process_stack /opt/stack/nova/nova/api/openstack/wsgi.py:551}}
Jun 18 01:13:49.746317 np0000181736 devstack@n-api.service[104184]: INFO nova.api.openstack.requestlog [None req-a7dcf2ec-9d2b-4fd2-9fd3-62aec8580933 demo demo] 199.19.213.224 "GET /compute/v2.1/" status: 200 len: 393 microversion: 2.1 time: 0.006792
Jun 18 01:13:49.746742 np0000181736 devstack@n-api.service[104184]: [pid: 104184|app: 0|req: 23/87] 199.19.213.224 () {62 vars in 1077 bytes} [Thu Jun 18 01:13:49 2026] GET /compute/v2.1/ => generated 393 bytes in 8 msecs (HTTP/1.1 200) 9 headers in 357 bytes (1 switches on core 0)
Jun 18 01:13:49.777271 np0000181736 devstack@n-api.service[104186]: DEBUG nova.api.openstack.wsgi [None req-df4c5795-bd43-4d18-9658-76358db02bcd demo demo] Action: 'create', calling method: >, body: {"server_group": {"name": "kube-etnyw-default-worker", "policy": "soft-anti-affinity"}} {{(pid=104186) _process_stack /opt/stack/nova/nova/api/openstack/wsgi.py:549}}
Jun 18 01:13:49.800289 np0000181736 devstack@n-api.service[104186]: DEBUG nova.quota [None req-df4c5795-bd43-4d18-9658-76358db02bcd demo demo] Getting quotas for project 2c3b04d2c734461b98498ba4ac6febdb. Resources: {'server_groups'} {{(pid=104186) _get_quotas /opt/stack/nova/nova/quota.py:392}}
Jun 18 01:13:49.803267 np0000181736 devstack@n-api.service[104186]: DEBUG nova.quota [None req-df4c5795-bd43-4d18-9658-76358db02bcd demo demo] Getting quotas for user 8fdfd94ed817424dbb86119d864e37d2 and project 2c3b04d2c734461b98498ba4ac6febdb. Resources: {'server_groups'} {{(pid=104186) _get_quotas /opt/stack/nova/nova/quota.py:382}}
Jun 18 01:13:49.854457 np0000181736 devstack@n-api.service[104186]: DEBUG nova.quota [None req-df4c5795-bd43-4d18-9658-76358db02bcd demo demo] Getting quotas for project 2c3b04d2c734461b98498ba4ac6febdb. Resources: {'server_groups'} {{(pid=104186) _get_quotas /opt/stack/nova/nova/quota.py:392}}
Jun 18 01:13:49.856566 np0000181736 devstack@n-api.service[104186]: DEBUG nova.quota [None req-df4c5795-bd43-4d18-9658-76358db02bcd demo demo] Getting quotas for user 8fdfd94ed817424dbb86119d864e37d2 and project 2c3b04d2c734461b98498ba4ac6febdb. Resources: {'server_groups'} {{(pid=104186) _get_quotas /opt/stack/nova/nova/quota.py:382}}
Jun 18 01:13:49.864753 np0000181736 devstack@n-api.service[104186]: INFO nova.api.openstack.requestlog [None req-df4c5795-bd43-4d18-9658-76358db02bcd demo demo] 199.19.213.224 "POST /compute/v2.1/os-server-groups" status: 200 len: 258 microversion: 2.64 time: 0.090749
Jun 18 01:13:49.865058 np0000181736 devstack@n-api.service[104186]: [pid: 104186|app: 0|req: 22/88] 199.19.213.224 () {72 vars in 1452 bytes} [Thu Jun 18 01:13:49 2026] POST /compute/v2.1/os-server-groups => generated 258 bytes in 91 msecs (HTTP/1.1 200) 9 headers in 359 bytes (1 switches on core 0)
Jun 18 01:13:52.797449 np0000181736 devstack@n-api.service[104187]: DEBUG nova.api.openstack.wsgi [None req-17d09cc2-9bc0-4e00-919f-8f9cbcc51415 demo demo] Calling method '>' {{(pid=104187) _process_stack /opt/stack/nova/nova/api/openstack/wsgi.py:551}}
Jun 18 01:13:52.803702 np0000181736 devstack@n-api.service[104187]: INFO nova.api.openstack.requestlog [None req-17d09cc2-9bc0-4e00-919f-8f9cbcc51415 demo demo] 199.19.213.224 "GET /compute/v2.1" status: 200 len: 393 microversion: 2.1 time: 0.006300
Jun 18 01:13:52.803702 np0000181736 devstack@n-api.service[104187]: [pid: 104187|app: 0|req: 22/89] 199.19.213.224 () {62 vars in 1074 bytes} [Thu Jun 18 01:13:52 2026] GET /compute/v2.1 => generated 393 bytes in 7 msecs (HTTP/1.1 200) 9 headers in 357 bytes (1 switches on core 0)
Jun 18 01:13:52.833322 np0000181736 devstack@n-api.service[104185]: DEBUG nova.api.openstack.wsgi [None req-51fd659a-6796-4798-9c3d-1c5b85f4f578 demo demo] Calling method '>' {{(pid=104185) _process_stack /opt/stack/nova/nova/api/openstack/wsgi.py:551}}
Jun 18 01:13:52.839171 np0000181736 devstack@n-api.service[104185]: INFO nova.api.openstack.requestlog [None req-51fd659a-6796-4798-9c3d-1c5b85f4f578 demo demo] 199.19.213.224 "GET /compute/v2.1/" status: 200 len: 393 microversion: 2.1 time: 0.006185
Jun 18 01:13:52.839633 np0000181736 devstack@n-api.service[104185]: [pid: 104185|app: 0|req: 23/90] 199.19.213.224 () {62 vars in 1077 bytes} [Thu Jun 18 01:13:52 2026] GET /compute/v2.1/ => generated 393 bytes in 7 msecs (HTTP/1.1 200) 9 headers in 357 bytes (1 switches on core 0)
Jun 18 01:13:52.871753 np0000181736 devstack@n-api.service[104184]: DEBUG nova.api.openstack.wsgi [None req-e992696a-b724-4a7a-bd9f-96a462a6f005 demo demo] Calling method '>' {{(pid=104184) _process_stack /opt/stack/nova/nova/api/openstack/wsgi.py:551}}
Jun 18 01:13:52.890633 np0000181736 devstack@n-api.service[104184]: INFO nova.api.openstack.requestlog [None req-e992696a-b724-4a7a-bd9f-96a462a6f005 demo demo] 199.19.213.224 "GET /compute/v2.1/flavors/detail?is_public=None" status: 200 len: 5262 microversion: 2.61 time: 0.022254
Jun 18 01:13:52.890909 np0000181736 devstack@n-api.service[104184]: [pid: 104184|app: 0|req: 24/91] 199.19.213.224 () {68 vars in 1435 bytes} [Thu Jun 18 01:13:52 2026] GET /compute/v2.1/flavors/detail?is_public=None => generated 5262 bytes in 23 msecs (HTTP/1.1 200) 9 headers in 360 bytes (1 switches on core 0)
Jun 18 01:13:52.982017 np0000181736 devstack@n-api.service[104186]: DEBUG nova.api.openstack.wsgi [None req-44c0aced-3d33-4d30-994d-0f0e250acadf demo demo] Calling method '>' {{(pid=104186) _process_stack /opt/stack/nova/nova/api/openstack/wsgi.py:551}}
Jun 18 01:13:53.001726 np0000181736 devstack@n-api.service[104186]: INFO nova.api.openstack.requestlog [None req-44c0aced-3d33-4d30-994d-0f0e250acadf demo demo] 199.19.213.224 "GET /compute/v2.1/flavors/detail?is_public=None" status: 200 len: 5262 microversion: 2.61 time: 0.073771
Jun 18 01:13:53.002209 np0000181736 devstack@n-api.service[104186]: [pid: 104186|app: 0|req: 23/92] 199.19.213.224 () {68 vars in 1435 bytes} [Thu Jun 18 01:13:52 2026] GET /compute/v2.1/flavors/detail?is_public=None => generated 5262 bytes in 74 msecs (HTTP/1.1 200) 9 headers in 360 bytes (1 switches on core 0)
Jun 18 01:13:53.148062 np0000181736 devstack@n-api.service[104187]: DEBUG nova.api.openstack.wsgi [None req-17d09cc2-9bc0-4e00-919f-8f9cbcc51415 demo demo] Calling method '>' {{(pid=104187) _process_stack /opt/stack/nova/nova/api/openstack/wsgi.py:551}}
Jun 18 01:13:53.154463 np0000181736 devstack@n-api.service[104187]: INFO nova.api.openstack.requestlog [None req-17d09cc2-9bc0-4e00-919f-8f9cbcc51415 demo demo] 199.19.213.224 "GET /compute/v2.1" status: 200 len: 393 microversion: 2.1 time: 0.006773
Jun 18 01:13:53.154463 np0000181736 devstack@n-api.service[104187]: [pid: 104187|app: 0|req: 23/93] 199.19.213.224 () {62 vars in 1074 bytes} [Thu Jun 18 01:13:53 2026] GET /compute/v2.1 => generated 393 bytes in 7 msecs (HTTP/1.1 200) 9 headers in 357 bytes (1 switches on core 0)
Jun 18 01:13:53.192403 np0000181736 devstack@n-api.service[104185]: DEBUG nova.api.openstack.wsgi [None req-51fd659a-6796-4798-9c3d-1c5b85f4f578 demo demo] Calling method '>' {{(pid=104185) _process_stack /opt/stack/nova/nova/api/openstack/wsgi.py:551}}
Jun 18 01:13:53.195864 np0000181736 devstack@n-api.service[104185]: INFO nova.api.openstack.requestlog [None req-51fd659a-6796-4798-9c3d-1c5b85f4f578 demo demo] 199.19.213.224 "GET /compute/v2.1/" status: 200 len: 393 microversion: 2.1 time: 0.003723
Jun 18 01:13:53.196090 np0000181736 devstack@n-api.service[104185]: [pid: 104185|app: 0|req: 24/94] 199.19.213.224 () {62 vars in 1077 bytes} [Thu Jun 18 01:13:53 2026] GET /compute/v2.1/ => generated 393 bytes in 4 msecs (HTTP/1.1 200) 9 headers in 357 bytes (1 switches on core 0)
Jun 18 01:13:53.233383 np0000181736 devstack@n-api.service[104184]: DEBUG nova.api.openstack.wsgi [None req-1173838d-1767-4b6f-9c12-f0819d732bf9 demo demo] Calling method '>' {{(pid=104184) _process_stack /opt/stack/nova/nova/api/openstack/wsgi.py:551}}
Jun 18 01:13:53.258030 np0000181736 devstack@n-api.service[104184]: INFO nova.api.openstack.requestlog [None req-1173838d-1767-4b6f-9c12-f0819d732bf9 demo demo] 199.19.213.224 "GET /compute/v2.1/flavors/detail?is_public=None" status: 200 len: 5262 microversion: 2.61 time: 0.027777
Jun 18 01:13:53.258320 np0000181736 devstack@n-api.service[104184]: [pid: 104184|app: 0|req: 25/95] 199.19.213.224 () {68 vars in 1435 bytes} [Thu Jun 18 01:13:53 2026] GET /compute/v2.1/flavors/detail?is_public=None => generated 5262 bytes in 28 msecs (HTTP/1.1 200) 9 headers in 360 bytes (1 switches on core 0)
Jun 18 01:13:59.537450 np0000181736 devstack@n-api.service[104185]: DEBUG dbcounter [-] [104185] Writing DB stats nova_cell0:SELECT=4 {{(pid=104185) stat_writer /opt/stack/data/venv/lib/python3.12/site-packages/dbcounter.py:115}}
Jun 18 01:13:59.539161 np0000181736 devstack@n-api.service[104185]: DEBUG dbcounter [-] [104185] Writing DB stats nova_api:SELECT=14,nova_api:INSERT=2 {{(pid=104185) stat_writer /opt/stack/data/venv/lib/python3.12/site-packages/dbcounter.py:115}}
Jun 18 01:13:59.671262 np0000181736 devstack@n-api.service[104187]: DEBUG dbcounter [-] [104187] Writing DB stats nova_api:SELECT=2 {{(pid=104187) stat_writer /opt/stack/data/venv/lib/python3.12/site-packages/dbcounter.py:115}}
Jun 18 01:13:59.859943 np0000181736 devstack@n-api.service[104186]: DEBUG dbcounter [-] [104186] Writing DB stats nova_cell0:SELECT=4 {{(pid=104186) stat_writer /opt/stack/data/venv/lib/python3.12/site-packages/dbcounter.py:115}}
Jun 18 01:14:02.987867 np0000181736 devstack@n-api.service[104186]: DEBUG dbcounter [-] [104186] Writing DB stats nova_api:SELECT=19,nova_api:INSERT=2 {{(pid=104186) stat_writer /opt/stack/data/venv/lib/python3.12/site-packages/dbcounter.py:115}}
Jun 18 01:14:03.239423 np0000181736 devstack@n-api.service[104184]: DEBUG dbcounter [-] [104184] Writing DB stats nova_api:SELECT=8 {{(pid=104184) stat_writer /opt/stack/data/venv/lib/python3.12/site-packages/dbcounter.py:115}}
Jun 18 01:14:14.420600 np0000181736 devstack@n-api.service[104186]: DEBUG nova.api.openstack.wsgi [None req-44c0aced-3d33-4d30-994d-0f0e250acadf demo demo] Calling method '>' {{(pid=104186) _process_stack /opt/stack/nova/nova/api/openstack/wsgi.py:551}}
Jun 18 01:14:14.425122 np0000181736 devstack@n-api.service[104186]: INFO nova.api.openstack.requestlog [None req-44c0aced-3d33-4d30-994d-0f0e250acadf demo demo] 172.18.0.2 "GET /compute/v2.1/" status: 200 len: 393 microversion: 2.1 time: 0.005107
Jun 18 01:14:14.425407 np0000181736 devstack@n-api.service[104186]: [pid: 104186|app: 0|req: 24/96] 199.19.213.224 () {64 vars in 1272 bytes} [Thu Jun 18 01:14:14 2026] GET /compute/v2.1/ => generated 393 bytes in 6 msecs (HTTP/1.1 200) 9 headers in 357 bytes (1 switches on core 0)
Jun 18 01:14:14.436151 np0000181736 devstack@n-api.service[104187]: DEBUG nova.api.openstack.wsgi [None req-1ec86516-6ed2-4ed1-93cd-7721b7702228 demo demo] Calling method '>' {{(pid=104187) _process_stack /opt/stack/nova/nova/api/openstack/wsgi.py:551}}
Jun 18 01:14:14.439550 np0000181736 devstack@n-api.service[104187]: DEBUG oslo_concurrency.lockutils [None req-1ec86516-6ed2-4ed1-93cd-7721b7702228 demo demo] Acquiring lock "00000000-0000-0000-0000-000000000000" by "nova.context.set_target_cell..get_or_set_cached_cell_and_set_connections" {{(pid=104187) inner /opt/stack/data/venv/lib/python3.12/site-packages/oslo_concurrency/lockutils.py:511}}
Jun 18 01:14:14.439888 np0000181736 devstack@n-api.service[104187]: DEBUG oslo_concurrency.lockutils [None req-1ec86516-6ed2-4ed1-93cd-7721b7702228 demo demo] Lock "00000000-0000-0000-0000-000000000000" acquired by "nova.context.set_target_cell..get_or_set_cached_cell_and_set_connections" :: waited 0.000s {{(pid=104187) inner /opt/stack/data/venv/lib/python3.12/site-packages/oslo_concurrency/lockutils.py:524}}
Jun 18 01:14:14.440208 np0000181736 devstack@n-api.service[104187]: DEBUG oslo_concurrency.lockutils [None req-1ec86516-6ed2-4ed1-93cd-7721b7702228 demo demo] Lock "00000000-0000-0000-0000-000000000000" "released" by "nova.context.set_target_cell..get_or_set_cached_cell_and_set_connections" :: held 0.000s {{(pid=104187) inner /opt/stack/data/venv/lib/python3.12/site-packages/oslo_concurrency/lockutils.py:543}}
Jun 18 01:14:14.441460 np0000181736 devstack@n-api.service[104187]: DEBUG oslo_concurrency.lockutils [None req-1ec86516-6ed2-4ed1-93cd-7721b7702228 demo demo] Acquiring lock "ec7821a9-5fab-4d60-87cd-7b591da0b0e5" by "nova.context.set_target_cell..get_or_set_cached_cell_and_set_connections" {{(pid=104187) inner /opt/stack/data/venv/lib/python3.12/site-packages/oslo_concurrency/lockutils.py:511}}
Jun 18 01:14:14.441737 np0000181736 devstack@n-api.service[104187]: DEBUG oslo_concurrency.lockutils [None req-1ec86516-6ed2-4ed1-93cd-7721b7702228 demo demo] Lock "ec7821a9-5fab-4d60-87cd-7b591da0b0e5" acquired by "nova.context.set_target_cell..get_or_set_cached_cell_and_set_connections" :: waited 0.000s {{(pid=104187) inner /opt/stack/data/venv/lib/python3.12/site-packages/oslo_concurrency/lockutils.py:524}}
Jun 18 01:14:14.441844 np0000181736 devstack@n-api.service[104187]: DEBUG oslo_concurrency.lockutils [None req-1ec86516-6ed2-4ed1-93cd-7721b7702228 demo demo] Lock "ec7821a9-5fab-4d60-87cd-7b591da0b0e5" "released" by "nova.context.set_target_cell..get_or_set_cached_cell_and_set_connections" :: held 0.000s {{(pid=104187) inner /opt/stack/data/venv/lib/python3.12/site-packages/oslo_concurrency/lockutils.py:543}}
Jun 18 01:14:14.518994 np0000181736 devstack@n-api.service[104187]: INFO nova.api.openstack.requestlog [None req-1ec86516-6ed2-4ed1-93cd-7721b7702228 demo demo] 172.18.0.2 "GET /compute/v2.1/os-availability-zone" status: 200 len: 97 microversion: 2.38 time: 0.086072
Jun 18 01:14:14.519466 np0000181736 devstack@n-api.service[104187]: [pid: 104187|app: 0|req: 24/97] 199.19.213.224 () {68 vars in 1415 bytes} [Thu Jun 18 01:14:14 2026] GET /compute/v2.1/os-availability-zone => generated 97 bytes in 87 msecs (HTTP/1.1 200) 9 headers in 358 bytes (1 switches on core 0)
Jun 18 01:14:15.541238 np0000181736 devstack@n-api.service[104185]: DEBUG nova.api.openstack.wsgi [None req-51fd659a-6796-4798-9c3d-1c5b85f4f578 demo demo] Calling method '>' {{(pid=104185) _process_stack /opt/stack/nova/nova/api/openstack/wsgi.py:551}}
Jun 18 01:14:15.546488 np0000181736 devstack@n-api.service[104185]: INFO nova.api.openstack.requestlog [None req-51fd659a-6796-4798-9c3d-1c5b85f4f578 demo demo] 172.18.0.2 "GET /compute/v2.1/" status: 200 len: 393 microversion: 2.1 time: 0.005703
Jun 18 01:14:15.546883 np0000181736 devstack@n-api.service[104185]: [pid: 104185|app: 0|req: 25/98] 199.19.213.224 () {64 vars in 1272 bytes} [Thu Jun 18 01:14:15 2026] GET /compute/v2.1/ => generated 393 bytes in 6 msecs (HTTP/1.1 200) 9 headers in 357 bytes (1 switches on core 0)
Jun 18 01:14:15.562214 np0000181736 devstack@n-api.service[104184]: DEBUG nova.api.openstack.wsgi [None req-a52b86ae-f4a4-4728-acf8-24e03c4c7833 demo demo] Calling method '>' {{(pid=104184) _process_stack /opt/stack/nova/nova/api/openstack/wsgi.py:551}}
Jun 18 01:14:15.567078 np0000181736 devstack@n-api.service[104184]: DEBUG oslo_concurrency.lockutils [None req-a52b86ae-f4a4-4728-acf8-24e03c4c7833 demo demo] Acquiring lock "00000000-0000-0000-0000-000000000000" by "nova.context.set_target_cell..get_or_set_cached_cell_and_set_connections" {{(pid=104184) inner /opt/stack/data/venv/lib/python3.12/site-packages/oslo_concurrency/lockutils.py:511}}
Jun 18 01:14:15.567078 np0000181736 devstack@n-api.service[104184]: DEBUG oslo_concurrency.lockutils [None req-a52b86ae-f4a4-4728-acf8-24e03c4c7833 demo demo] Lock "00000000-0000-0000-0000-000000000000" acquired by "nova.context.set_target_cell..get_or_set_cached_cell_and_set_connections" :: waited 0.000s {{(pid=104184) inner /opt/stack/data/venv/lib/python3.12/site-packages/oslo_concurrency/lockutils.py:524}}
Jun 18 01:14:15.567252 np0000181736 devstack@n-api.service[104184]: DEBUG oslo_concurrency.lockutils [None req-a52b86ae-f4a4-4728-acf8-24e03c4c7833 demo demo] Lock "00000000-0000-0000-0000-000000000000" "released" by "nova.context.set_target_cell..get_or_set_cached_cell_and_set_connections" :: held 0.000s {{(pid=104184) inner /opt/stack/data/venv/lib/python3.12/site-packages/oslo_concurrency/lockutils.py:543}}
Jun 18 01:14:15.570672 np0000181736 devstack@n-api.service[104184]: DEBUG oslo_concurrency.lockutils [None req-a52b86ae-f4a4-4728-acf8-24e03c4c7833 demo demo] Acquiring lock "ec7821a9-5fab-4d60-87cd-7b591da0b0e5" by "nova.context.set_target_cell..get_or_set_cached_cell_and_set_connections" {{(pid=104184) inner /opt/stack/data/venv/lib/python3.12/site-packages/oslo_concurrency/lockutils.py:511}}
Jun 18 01:14:15.570952 np0000181736 devstack@n-api.service[104184]: DEBUG oslo_concurrency.lockutils [None req-a52b86ae-f4a4-4728-acf8-24e03c4c7833 demo demo] Lock "ec7821a9-5fab-4d60-87cd-7b591da0b0e5" acquired by "nova.context.set_target_cell..get_or_set_cached_cell_and_set_connections" :: waited 0.001s {{(pid=104184) inner /opt/stack/data/venv/lib/python3.12/site-packages/oslo_concurrency/lockutils.py:524}}
Jun 18 01:14:15.571135 np0000181736 devstack@n-api.service[104184]: DEBUG oslo_concurrency.lockutils [None req-a52b86ae-f4a4-4728-acf8-24e03c4c7833 demo demo] Lock "ec7821a9-5fab-4d60-87cd-7b591da0b0e5" "released" by "nova.context.set_target_cell..get_or_set_cached_cell_and_set_connections" :: held 0.000s {{(pid=104184) inner /opt/stack/data/venv/lib/python3.12/site-packages/oslo_concurrency/lockutils.py:543}}
Jun 18 01:14:15.664300 np0000181736 devstack@n-api.service[104184]: INFO nova.api.openstack.requestlog [None req-a52b86ae-f4a4-4728-acf8-24e03c4c7833 demo demo] 172.18.0.2 "GET /compute/v2.1/os-availability-zone" status: 200 len: 97 microversion: 2.38 time: 0.109509
Jun 18 01:14:15.664804 np0000181736 devstack@n-api.service[104184]: [pid: 104184|app: 0|req: 26/99] 199.19.213.224 () {68 vars in 1415 bytes} [Thu Jun 18 01:14:15 2026] GET /compute/v2.1/os-availability-zone => generated 97 bytes in 111 msecs (HTTP/1.1 200) 9 headers in 358 bytes (1 switches on core 0)
Jun 18 01:14:16.342924 np0000181736 devstack@n-api.service[104186]: DEBUG nova.api.openstack.wsgi [None req-44c0aced-3d33-4d30-994d-0f0e250acadf demo demo] Calling method '>' {{(pid=104186) _process_stack /opt/stack/nova/nova/api/openstack/wsgi.py:551}}
Jun 18 01:14:16.346359 np0000181736 devstack@n-api.service[104186]: INFO nova.api.openstack.requestlog [None req-44c0aced-3d33-4d30-994d-0f0e250acadf demo demo] 172.18.0.2 "GET /compute/v2.1/" status: 200 len: 393 microversion: 2.1 time: 0.003711
Jun 18 01:14:16.346610 np0000181736 devstack@n-api.service[104186]: [pid: 104186|app: 0|req: 25/100] 199.19.213.224 () {64 vars in 1272 bytes} [Thu Jun 18 01:14:16 2026] GET /compute/v2.1/ => generated 393 bytes in 4 msecs (HTTP/1.1 200) 9 headers in 357 bytes (1 switches on core 0)
Jun 18 01:14:16.356933 np0000181736 devstack@n-api.service[104187]: DEBUG nova.api.openstack.wsgi [None req-5d5d3610-378c-48f4-80f6-be3cec4d4375 demo demo] Calling method '>' {{(pid=104187) _process_stack /opt/stack/nova/nova/api/openstack/wsgi.py:551}}
Jun 18 01:14:16.361203 np0000181736 devstack@n-api.service[104187]: DEBUG oslo_concurrency.lockutils [None req-5d5d3610-378c-48f4-80f6-be3cec4d4375 demo demo] Acquiring lock "00000000-0000-0000-0000-000000000000" by "nova.context.set_target_cell..get_or_set_cached_cell_and_set_connections" {{(pid=104187) inner /opt/stack/data/venv/lib/python3.12/site-packages/oslo_concurrency/lockutils.py:511}}
Jun 18 01:14:16.361564 np0000181736 devstack@n-api.service[104187]: DEBUG oslo_concurrency.lockutils [None req-5d5d3610-378c-48f4-80f6-be3cec4d4375 demo demo] Lock "00000000-0000-0000-0000-000000000000" acquired by "nova.context.set_target_cell..get_or_set_cached_cell_and_set_connections" :: waited 0.000s {{(pid=104187) inner /opt/stack/data/venv/lib/python3.12/site-packages/oslo_concurrency/lockutils.py:524}}
Jun 18 01:14:16.361831 np0000181736 devstack@n-api.service[104187]: DEBUG oslo_concurrency.lockutils [None req-5d5d3610-378c-48f4-80f6-be3cec4d4375 demo demo] Lock "00000000-0000-0000-0000-000000000000" "released" by "nova.context.set_target_cell..get_or_set_cached_cell_and_set_connections" :: held 0.000s {{(pid=104187) inner /opt/stack/data/venv/lib/python3.12/site-packages/oslo_concurrency/lockutils.py:543}}
Jun 18 01:14:16.363213 np0000181736 devstack@n-api.service[104187]: DEBUG oslo_concurrency.lockutils [None req-5d5d3610-378c-48f4-80f6-be3cec4d4375 demo demo] Acquiring lock "ec7821a9-5fab-4d60-87cd-7b591da0b0e5" by "nova.context.set_target_cell..get_or_set_cached_cell_and_set_connections" {{(pid=104187) inner /opt/stack/data/venv/lib/python3.12/site-packages/oslo_concurrency/lockutils.py:511}}
Jun 18 01:14:16.363542 np0000181736 devstack@n-api.service[104187]: DEBUG oslo_concurrency.lockutils [None req-5d5d3610-378c-48f4-80f6-be3cec4d4375 demo demo] Lock "ec7821a9-5fab-4d60-87cd-7b591da0b0e5" acquired by "nova.context.set_target_cell..get_or_set_cached_cell_and_set_connections" :: waited 0.000s {{(pid=104187) inner /opt/stack/data/venv/lib/python3.12/site-packages/oslo_concurrency/lockutils.py:524}}
Jun 18 01:14:16.364910 np0000181736 devstack@n-api.service[104187]: DEBUG oslo_concurrency.lockutils [None req-5d5d3610-378c-48f4-80f6-be3cec4d4375 demo demo] Lock "ec7821a9-5fab-4d60-87cd-7b591da0b0e5" "released" by "nova.context.set_target_cell..get_or_set_cached_cell_and_set_connections" :: held 0.001s {{(pid=104187) inner /opt/stack/data/venv/lib/python3.12/site-packages/oslo_concurrency/lockutils.py:543}}
Jun 18 01:14:16.384044 np0000181736 devstack@n-api.service[104187]: INFO nova.api.openstack.requestlog [None req-5d5d3610-378c-48f4-80f6-be3cec4d4375 demo demo] 172.18.0.2 "GET /compute/v2.1/os-availability-zone" status: 200 len: 97 microversion: 2.38 time: 0.030553
Jun 18 01:14:16.384632 np0000181736 devstack@n-api.service[104187]: [pid: 104187|app: 0|req: 25/101] 199.19.213.224 () {68 vars in 1415 bytes} [Thu Jun 18 01:14:16 2026] GET /compute/v2.1/os-availability-zone => generated 97 bytes in 32 msecs (HTTP/1.1 200) 9 headers in 358 bytes (1 switches on core 0)
Jun 18 01:14:16.954445 np0000181736 devstack@n-api.service[104185]: DEBUG nova.api.openstack.wsgi [None req-51fd659a-6796-4798-9c3d-1c5b85f4f578 demo demo] Calling method '>' {{(pid=104185) _process_stack /opt/stack/nova/nova/api/openstack/wsgi.py:551}}
Jun 18 01:14:16.958062 np0000181736 devstack@n-api.service[104185]: INFO nova.api.openstack.requestlog [None req-51fd659a-6796-4798-9c3d-1c5b85f4f578 demo demo] 172.18.0.2 "GET /compute/v2.1/" status: 200 len: 393 microversion: 2.1 time: 0.003803
Jun 18 01:14:16.958543 np0000181736 devstack@n-api.service[104185]: [pid: 104185|app: 0|req: 26/102] 199.19.213.224 () {64 vars in 1272 bytes} [Thu Jun 18 01:14:16 2026] GET /compute/v2.1/ => generated 393 bytes in 4 msecs (HTTP/1.1 200) 9 headers in 357 bytes (1 switches on core 0)
Jun 18 01:14:16.970005 np0000181736 devstack@n-api.service[104184]: DEBUG nova.api.openstack.wsgi [None req-297896d2-c676-4da9-842e-f80130cab5d3 demo demo] Calling method '>' {{(pid=104184) _process_stack /opt/stack/nova/nova/api/openstack/wsgi.py:551}}
Jun 18 01:14:16.973637 np0000181736 devstack@n-api.service[104184]: DEBUG oslo_concurrency.lockutils [None req-297896d2-c676-4da9-842e-f80130cab5d3 demo demo] Acquiring lock "00000000-0000-0000-0000-000000000000" by "nova.context.set_target_cell..get_or_set_cached_cell_and_set_connections" {{(pid=104184) inner /opt/stack/data/venv/lib/python3.12/site-packages/oslo_concurrency/lockutils.py:511}}
Jun 18 01:14:16.973637 np0000181736 devstack@n-api.service[104184]: DEBUG oslo_concurrency.lockutils [None req-297896d2-c676-4da9-842e-f80130cab5d3 demo demo] Lock "00000000-0000-0000-0000-000000000000" acquired by "nova.context.set_target_cell..get_or_set_cached_cell_and_set_connections" :: waited 0.000s {{(pid=104184) inner /opt/stack/data/venv/lib/python3.12/site-packages/oslo_concurrency/lockutils.py:524}}
Jun 18 01:14:16.973926 np0000181736 devstack@n-api.service[104184]: DEBUG oslo_concurrency.lockutils [None req-297896d2-c676-4da9-842e-f80130cab5d3 demo demo] Lock "00000000-0000-0000-0000-000000000000" "released" by "nova.context.set_target_cell..get_or_set_cached_cell_and_set_connections" :: held 0.000s {{(pid=104184) inner /opt/stack/data/venv/lib/python3.12/site-packages/oslo_concurrency/lockutils.py:543}}
Jun 18 01:14:16.974962 np0000181736 devstack@n-api.service[104184]: DEBUG oslo_concurrency.lockutils [None req-297896d2-c676-4da9-842e-f80130cab5d3 demo demo] Acquiring lock "ec7821a9-5fab-4d60-87cd-7b591da0b0e5" by "nova.context.set_target_cell..get_or_set_cached_cell_and_set_connections" {{(pid=104184) inner /opt/stack/data/venv/lib/python3.12/site-packages/oslo_concurrency/lockutils.py:511}}
Jun 18 01:14:16.975163 np0000181736 devstack@n-api.service[104184]: DEBUG oslo_concurrency.lockutils [None req-297896d2-c676-4da9-842e-f80130cab5d3 demo demo] Lock "ec7821a9-5fab-4d60-87cd-7b591da0b0e5" acquired by "nova.context.set_target_cell..get_or_set_cached_cell_and_set_connections" :: waited 0.000s {{(pid=104184) inner /opt/stack/data/venv/lib/python3.12/site-packages/oslo_concurrency/lockutils.py:524}}
Jun 18 01:14:16.976862 np0000181736 devstack@n-api.service[104184]: DEBUG oslo_concurrency.lockutils [None req-297896d2-c676-4da9-842e-f80130cab5d3 demo demo] Lock "ec7821a9-5fab-4d60-87cd-7b591da0b0e5" "released" by "nova.context.set_target_cell..get_or_set_cached_cell_and_set_connections" :: held 0.000s {{(pid=104184) inner /opt/stack/data/venv/lib/python3.12/site-packages/oslo_concurrency/lockutils.py:543}}
Jun 18 01:14:16.997599 np0000181736 devstack@n-api.service[104184]: INFO nova.api.openstack.requestlog [None req-297896d2-c676-4da9-842e-f80130cab5d3 demo demo] 172.18.0.2 "GET /compute/v2.1/os-availability-zone" status: 200 len: 97 microversion: 2.38 time: 0.032120
Jun 18 01:14:16.998433 np0000181736 devstack@n-api.service[104184]: [pid: 104184|app: 0|req: 27/103] 199.19.213.224 () {68 vars in 1415 bytes} [Thu Jun 18 01:14:16 2026] GET /compute/v2.1/os-availability-zone => generated 97 bytes in 34 msecs (HTTP/1.1 200) 9 headers in 358 bytes (1 switches on core 0)
Jun 18 01:14:21.285656 np0000181736 devstack@n-api.service[104186]: DEBUG nova.api.openstack.wsgi [None req-44c0aced-3d33-4d30-994d-0f0e250acadf demo demo] Calling method '>' {{(pid=104186) _process_stack /opt/stack/nova/nova/api/openstack/wsgi.py:551}}
Jun 18 01:14:21.289724 np0000181736 devstack@n-api.service[104186]: INFO nova.api.openstack.requestlog [None req-44c0aced-3d33-4d30-994d-0f0e250acadf demo demo] 172.18.0.2 "GET /compute/v2.1/" status: 200 len: 393 microversion: 2.1 time: 0.004347
Jun 18 01:14:21.290008 np0000181736 devstack@n-api.service[104186]: [pid: 104186|app: 0|req: 26/104] 199.19.213.224 () {64 vars in 1272 bytes} [Thu Jun 18 01:14:21 2026] GET /compute/v2.1/ => generated 393 bytes in 5 msecs (HTTP/1.1 200) 9 headers in 357 bytes (1 switches on core 0)
Jun 18 01:14:21.300410 np0000181736 devstack@n-api.service[104187]: DEBUG nova.api.openstack.wsgi [None req-65a28afc-f8bc-4307-add2-4148d52bc5c3 demo demo] Calling method '>' {{(pid=104187) _process_stack /opt/stack/nova/nova/api/openstack/wsgi.py:551}}
Jun 18 01:14:21.326844 np0000181736 devstack@n-api.service[104187]: INFO nova.api.openstack.requestlog [None req-65a28afc-f8bc-4307-add2-4148d52bc5c3 demo demo] 172.18.0.2 "GET /compute/v2.1/flavors/detail" status: 200 len: 4022 microversion: 2.38 time: 0.029704
Jun 18 01:14:21.327104 np0000181736 devstack@n-api.service[104187]: [pid: 104187|app: 0|req: 26/105] 199.19.213.224 () {68 vars in 1397 bytes} [Thu Jun 18 01:14:21 2026] GET /compute/v2.1/flavors/detail => generated 4022 bytes in 30 msecs (HTTP/1.1 200) 9 headers in 360 bytes (1 switches on core 0)
Jun 18 01:14:22.116551 np0000181736 devstack@n-api.service[104185]: DEBUG nova.api.openstack.wsgi [None req-51fd659a-6796-4798-9c3d-1c5b85f4f578 demo demo] Calling method '>' {{(pid=104185) _process_stack /opt/stack/nova/nova/api/openstack/wsgi.py:551}}
Jun 18 01:14:22.120183 np0000181736 devstack@n-api.service[104185]: INFO nova.api.openstack.requestlog [None req-51fd659a-6796-4798-9c3d-1c5b85f4f578 demo demo] 172.18.0.2 "GET /compute/v2.1/" status: 200 len: 393 microversion: 2.1 time: 0.003939
Jun 18 01:14:22.120425 np0000181736 devstack@n-api.service[104185]: [pid: 104185|app: 0|req: 27/106] 199.19.213.224 () {64 vars in 1272 bytes} [Thu Jun 18 01:14:22 2026] GET /compute/v2.1/ => generated 393 bytes in 4 msecs (HTTP/1.1 200) 9 headers in 357 bytes (1 switches on core 0)
