Apr 08 13:17:10.462606 np0000164305 devstack@neutron-api.service[102530]: DEBUG ovsdbapp.backend.ovs_idl.transaction [None req-6843dc99-b835-4785-81d6-5952722fe14f None None] Running txn n=1 command(idx=1): PgAclAddCommand(_result=None, entity=pg_53c5bfd4_b3b5_45b6_8233_1185dca718aa, direction=to-lport, priority=1002, match=outport == @pg_53c5bfd4_b3b5_45b6_8233_1185dca718aa && ip6 && ip6.src == $pg_53c5bfd4_b3b5_45b6_8233_1185dca718aa_ip6, action=allow-related, log=False, may_exist=True, severity=[], name=[], meter=[], external_ids={'neutron:security_group_rule_id': '1bcbd7ee-e391-494f-8414-1cc41c25644f'}) {{(pid=102530) do_commit /opt/stack/data/venv/lib/python3.12/site-packages/ovsdbapp/backend/ovs_idl/transaction.py:89}}
Apr 08 13:17:10.463036 np0000164305 devstack@neutron-api.service[102530]: DEBUG ovsdbapp.backend.ovs_idl.transaction [None req-6843dc99-b835-4785-81d6-5952722fe14f None None] Running txn n=1 command(idx=2): PgAclAddCommand(_result=None, entity=pg_53c5bfd4_b3b5_45b6_8233_1185dca718aa, direction=to-lport, priority=1002, match=outport == @pg_53c5bfd4_b3b5_45b6_8233_1185dca718aa && ip4 && ip4.src == $pg_53c5bfd4_b3b5_45b6_8233_1185dca718aa_ip4, action=allow-related, log=False, may_exist=True, severity=[], name=[], meter=[], external_ids={'neutron:security_group_rule_id': '632bfe38-5a01-41bc-ba65-0fcdf407f9eb'}) {{(pid=102530) do_commit /opt/stack/data/venv/lib/python3.12/site-packages/ovsdbapp/backend/ovs_idl/transaction.py:89}}
Apr 08 13:17:10.463691 np0000164305 devstack@neutron-api.service[102530]: DEBUG ovsdbapp.backend.ovs_idl.transaction [None req-6843dc99-b835-4785-81d6-5952722fe14f None None] Running txn n=1 command(idx=3): PgAclAddCommand(_result=None, entity=pg_53c5bfd4_b3b5_45b6_8233_1185dca718aa, direction=from-lport, priority=1002, match=inport == @pg_53c5bfd4_b3b5_45b6_8233_1185dca718aa && ip4, action=allow-related, log=False, may_exist=True, severity=[], name=[], meter=[], external_ids={'neutron:security_group_rule_id': '6f6ce85d-da45-44cd-9a03-fe6f68be9ba0'}) {{(pid=102530) do_commit /opt/stack/data/venv/lib/python3.12/site-packages/ovsdbapp/backend/ovs_idl/transaction.py:89}}
Apr 08 13:17:10.464277 np0000164305 devstack@neutron-api.service[102530]: DEBUG ovsdbapp.backend.ovs_idl.transaction [None req-6843dc99-b835-4785-81d6-5952722fe14f None None] Running txn n=1 command(idx=4): PgAclAddCommand(_result=None, entity=pg_53c5bfd4_b3b5_45b6_8233_1185dca718aa, direction=from-lport, priority=1002, match=inport == @pg_53c5bfd4_b3b5_45b6_8233_1185dca718aa && ip6, action=allow-related, log=False, may_exist=True, severity=[], name=[], meter=[], external_ids={'neutron:security_group_rule_id': '8dea094f-8271-4525-8ad0-b9276f3d3972'}) {{(pid=102530) do_commit /opt/stack/data/venv/lib/python3.12/site-packages/ovsdbapp/backend/ovs_idl/transaction.py:89}}
Apr 08 13:17:10.473651 np0000164305 devstack@neutron-api.service[102530]: DEBUG neutron.plugins.ml2.drivers.ovn.mech_driver.ovsdb.ovsdb_monitor [None req-6843dc99-b835-4785-81d6-5952722fe14f None None] Touching Hash Ring node "1e3eacc673505c09888532d3682eb1b8" from IDL notify handler {{(pid=102530) notify /opt/stack/neutron/neutron/plugins/ml2/drivers/ovn/mech_driver/ovsdb/ovsdb_monitor.py:904}}
Apr 08 13:17:10.473849 np0000164305 devstack@neutron-api.service[102529]: DEBUG neutron.plugins.ml2.drivers.ovn.mech_driver.ovsdb.ovsdb_monitor [None req-3cc6e842-37a4-4c32-a28d-ae786be8aadb None None] Hash Ring: Node 6ba9f750e607529daa39c97cfc3ed321 (host: np0000164305) handling event "create" for row 4d4ab62a-9243-4e8c-9f4d-5bb126de6c95 (table: ACL) {{(pid=102529) notify /opt/stack/neutron/neutron/plugins/ml2/drivers/ovn/mech_driver/ovsdb/ovsdb_monitor.py:912}}
Apr 08 13:17:10.474159 np0000164305 devstack@neutron-api.service[102527]: DEBUG neutron.plugins.ml2.drivers.ovn.mech_driver.ovsdb.ovsdb_monitor [None req-d4b56e64-4fa6-48f0-b237-6a491f5b13b6 None None] Touching Hash Ring node "1f5c3d89baea5ed1a1b85c581969bf13" from IDL notify handler {{(pid=102527) notify /opt/stack/neutron/neutron/plugins/ml2/drivers/ovn/mech_driver/ovsdb/ovsdb_monitor.py:904}}
Apr 08 13:17:10.474256 np0000164305 devstack@neutron-api.service[102529]: DEBUG neutron.plugins.ml2.drivers.ovn.mech_driver.ovsdb.ovsdb_monitor [None req-3cc6e842-37a4-4c32-a28d-ae786be8aadb None None] Hash Ring: Node 6ba9f750e607529daa39c97cfc3ed321 (host: np0000164305) handling event "create" for row a7c6be1b-bbcf-468e-bbc3-63254e8fac50 (table: Port_Group) {{(pid=102529) notify /opt/stack/neutron/neutron/plugins/ml2/drivers/ovn/mech_driver/ovsdb/ovsdb_monitor.py:912}}
Apr 08 13:17:10.482510 np0000164305 devstack@neutron-api.service[102530]: DEBUG neutron.plugins.ml2.drivers.ovn.mech_driver.ovsdb.ovsdb_monitor [None req-6843dc99-b835-4785-81d6-5952722fe14f None None] Hash Ring: Node 1e3eacc673505c09888532d3682eb1b8 (host: np0000164305) handling event "create" for row 12440826-952d-4267-9769-a447a3d68992 (table: ACL) {{(pid=102530) notify /opt/stack/neutron/neutron/plugins/ml2/drivers/ovn/mech_driver/ovsdb/ovsdb_monitor.py:912}}
Apr 08 13:17:10.486450 np0000164305 devstack@neutron-api.service[102527]: DEBUG neutron.plugins.ml2.drivers.ovn.mech_driver.ovsdb.ovsdb_monitor [None req-d4b56e64-4fa6-48f0-b237-6a491f5b13b6 None None] Hash Ring: Node 1f5c3d89baea5ed1a1b85c581969bf13 (host: np0000164305) handling event "create" for row 1f7ac40f-a8ad-4595-8f59-92ccdb50fdb6 (table: ACL) {{(pid=102527) notify /opt/stack/neutron/neutron/plugins/ml2/drivers/ovn/mech_driver/ovsdb/ovsdb_monitor.py:912}}
Apr 08 13:17:10.488367 np0000164305 devstack@neutron-api.service[102527]: DEBUG neutron.plugins.ml2.drivers.ovn.mech_driver.ovsdb.ovsdb_monitor [None req-d4b56e64-4fa6-48f0-b237-6a491f5b13b6 None None] Touching Hash Ring node "1f5c3d89baea5ed1a1b85c581969bf13" from IDL notify handler {{(pid=102527) notify /opt/stack/neutron/neutron/plugins/ml2/drivers/ovn/mech_driver/ovsdb/ovsdb_monitor.py:904}}
Apr 08 13:17:10.492593 np0000164305 devstack@neutron-api.service[102527]: DEBUG neutron.plugins.ml2.drivers.ovn.mech_driver.ovsdb.ovsdb_monitor [None req-d4b56e64-4fa6-48f0-b237-6a491f5b13b6 None None] Hash Ring: Node 1f5c3d89baea5ed1a1b85c581969bf13 (host: np0000164305) handling event "create" for row 7fd9f623-c9b0-4a1b-8730-4c4df8590fca (table: ACL) {{(pid=102527) notify /opt/stack/neutron/neutron/plugins/ml2/drivers/ovn/mech_driver/ovsdb/ovsdb_monitor.py:912}}
Apr 08 13:17:10.508279 np0000164305 devstack@neutron-api.service[102530]: INFO neutron.db.ovn_revision_numbers_db [None req-ff0b9c55-6528-4b63-9b16-5bb3e8e8f0a6 admin admin] Successfully bumped revision number for resource 53c5bfd4-b3b5-45b6-8233-1185dca718aa (type: security_groups) to 1
Apr 08 13:17:10.529534 np0000164305 devstack@neutron-api.service[102530]: INFO neutron.db.ovn_revision_numbers_db [None req-ff0b9c55-6528-4b63-9b16-5bb3e8e8f0a6 admin admin] Successfully bumped revision number for resource 1bcbd7ee-e391-494f-8414-1cc41c25644f (type: security_group_rules) to 0
Apr 08 13:17:10.549402 np0000164305 devstack@neutron-api.service[102530]: INFO neutron.db.ovn_revision_numbers_db [None req-ff0b9c55-6528-4b63-9b16-5bb3e8e8f0a6 admin admin] Successfully bumped revision number for resource 632bfe38-5a01-41bc-ba65-0fcdf407f9eb (type: security_group_rules) to 0
Apr 08 13:17:10.567140 np0000164305 devstack@neutron-api.service[102530]: INFO neutron.db.ovn_revision_numbers_db [None req-ff0b9c55-6528-4b63-9b16-5bb3e8e8f0a6 admin admin] Successfully bumped revision number for resource 6f6ce85d-da45-44cd-9a03-fe6f68be9ba0 (type: security_group_rules) to 0
Apr 08 13:17:10.588146 np0000164305 devstack@neutron-api.service[102530]: INFO neutron.db.ovn_revision_numbers_db [None req-ff0b9c55-6528-4b63-9b16-5bb3e8e8f0a6 admin admin] Successfully bumped revision number for resource 8dea094f-8271-4525-8ad0-b9276f3d3972 (type: security_group_rules) to 0
Apr 08 13:17:10.618207 np0000164305 devstack@neutron-api.service[102530]: DEBUG neutron.api.rpc.handlers.resources_rpc [None req-ff0b9c55-6528-4b63-9b16-5bb3e8e8f0a6 admin admin] Pushing event updated for resources: {'SecurityGroup': ['ID=53c5bfd4-b3b5-45b6-8233-1185dca718aa,revision_number=1']} {{(pid=102530) push /opt/stack/neutron/neutron/api/rpc/handlers/resources_rpc.py:237}}
Apr 08 13:17:10.624477 np0000164305 devstack@neutron-api.service[102530]: DEBUG ovsdbapp.backend.ovs_idl.transaction [None req-6843dc99-b835-4785-81d6-5952722fe14f None None] Running txn n=1 command(idx=0): CheckLivenessCommand(_result=None) {{(pid=102530) do_commit /opt/stack/data/venv/lib/python3.12/site-packages/ovsdbapp/backend/ovs_idl/transaction.py:89}}
Apr 08 13:17:10.630178 np0000164305 devstack@neutron-api.service[102528]: DEBUG neutron.plugins.ml2.drivers.ovn.mech_driver.ovsdb.ovsdb_monitor [None req-e13e106f-d7b9-4d17-930b-ba64ea981f26 None None] Touching Hash Ring node "215af805e828589b96d7c4280e4d2b8a" from IDL notify handler {{(pid=102528) notify /opt/stack/neutron/neutron/plugins/ml2/drivers/ovn/mech_driver/ovsdb/ovsdb_monitor.py:904}}
Apr 08 13:17:10.633383 np0000164305 devstack@neutron-api.service[102529]: DEBUG neutron.plugins.ml2.drivers.ovn.mech_driver.ovsdb.ovsdb_monitor [None req-e50181ce-a327-4ddc-9f4f-93e2a8c7b39a None None] ChassisAgentWriteEvent : Matched Chassis_Private, update, None None {{(pid=102529) matches /opt/stack/neutron/neutron/plugins/ml2/drivers/ovn/mech_driver/ovsdb/ovsdb_monitor.py:64}}
Apr 08 13:17:10.633771 np0000164305 devstack@neutron-api.service[102527]: DEBUG neutron.plugins.ml2.drivers.ovn.mech_driver.ovsdb.ovsdb_monitor [None req-abbb07c2-dd01-4d3d-bbc4-8075fb5bd446 None None] ChassisAgentWriteEvent : Matched Chassis_Private, update, None None {{(pid=102527) matches /opt/stack/neutron/neutron/plugins/ml2/drivers/ovn/mech_driver/ovsdb/ovsdb_monitor.py:64}}
Apr 08 13:17:10.635680 np0000164305 devstack@neutron-api.service[102528]: DEBUG neutron.plugins.ml2.drivers.ovn.mech_driver.ovsdb.ovsdb_monitor [None req-29f725f3-f9d0-4675-957f-899c9a54fc04 None None] ChassisAgentWriteEvent : Matched Chassis_Private, update, None None {{(pid=102528) matches /opt/stack/neutron/neutron/plugins/ml2/drivers/ovn/mech_driver/ovsdb/ovsdb_monitor.py:64}}
Apr 08 13:17:10.639695 np0000164305 devstack@neutron-api.service[102530]: DEBUG neutron.plugins.ml2.drivers.ovn.mech_driver.ovsdb.ovsdb_monitor [None req-befc8d82-f81c-4e72-ae93-f7e5c72ff0f6 None None] ChassisAgentWriteEvent : Matched Chassis_Private, update, None None {{(pid=102530) matches /opt/stack/neutron/neutron/plugins/ml2/drivers/ovn/mech_driver/ovsdb/ovsdb_monitor.py:64}}
Apr 08 13:17:10.641723 np0000164305 devstack@neutron-api.service[102527]: DEBUG neutron.common.ovn.hash_ring_manager [None req-abbb07c2-dd01-4d3d-bbc4-8075fb5bd446 None None] Hash Ring loaded. 4 active nodes. 0 offline nodes {{(pid=102527) _load_hash_ring /opt/stack/neutron/neutron/common/ovn/hash_ring_manager.py:102}}
Apr 08 13:17:10.642211 np0000164305 devstack@neutron-api.service[102527]: DEBUG neutron.plugins.ml2.drivers.ovn.mech_driver.ovsdb.ovsdb_monitor [None req-abbb07c2-dd01-4d3d-bbc4-8075fb5bd446 None None] Hash Ring: Node 1f5c3d89baea5ed1a1b85c581969bf13 (host: np0000164305) handling event "update" for row 8eecb38b-6e5a-4e2f-94fe-0e53bf7ce189 (table: Chassis_Private) {{(pid=102527) notify /opt/stack/neutron/neutron/plugins/ml2/drivers/ovn/mech_driver/ovsdb/ovsdb_monitor.py:912}}
Apr 08 13:17:10.643012 np0000164305 devstack@neutron-api.service[102529]: DEBUG neutron.common.ovn.hash_ring_manager [None req-e50181ce-a327-4ddc-9f4f-93e2a8c7b39a None None] Hash Ring loaded. 4 active nodes. 0 offline nodes {{(pid=102529) _load_hash_ring /opt/stack/neutron/neutron/common/ovn/hash_ring_manager.py:102}}
Apr 08 13:17:10.645278 np0000164305 devstack@neutron-api.service[102528]: DEBUG neutron.common.ovn.hash_ring_manager [None req-29f725f3-f9d0-4675-957f-899c9a54fc04 None None] Hash Ring loaded. 4 active nodes. 0 offline nodes {{(pid=102528) _load_hash_ring /opt/stack/neutron/neutron/common/ovn/hash_ring_manager.py:102}}
Apr 08 13:17:10.646525 np0000164305 devstack@neutron-api.service[102528]: DEBUG neutron.plugins.ml2.drivers.ovn.mech_driver.ovsdb.ovsdb_monitor [None req-e13e106f-d7b9-4d17-930b-ba64ea981f26 None None] Hash Ring: Node 215af805e828589b96d7c4280e4d2b8a (host: np0000164305) handling event "update" for row 4c43277b-c5ee-471d-baba-a2c4c2dd6114 (table: NB_Global) {{(pid=102528) notify /opt/stack/neutron/neutron/plugins/ml2/drivers/ovn/mech_driver/ovsdb/ovsdb_monitor.py:912}}
Apr 08 13:17:10.648594 np0000164305 devstack@neutron-api.service[102528]: DEBUG neutron.plugins.ml2.drivers.ovn.mech_driver.ovsdb.ovsdb_monitor [None req-e13e106f-d7b9-4d17-930b-ba64ea981f26 None None] Touching Hash Ring node "215af805e828589b96d7c4280e4d2b8a" from IDL notify handler {{(pid=102528) notify /opt/stack/neutron/neutron/plugins/ml2/drivers/ovn/mech_driver/ovsdb/ovsdb_monitor.py:904}}
Apr 08 13:17:10.652443 np0000164305 devstack@neutron-api.service[102528]: DEBUG neutron.plugins.ml2.drivers.ovn.mech_driver.ovsdb.ovsdb_monitor [None req-e13e106f-d7b9-4d17-930b-ba64ea981f26 None None] Hash Ring: Node 215af805e828589b96d7c4280e4d2b8a (host: np0000164305) handling event "update" for row 4c43277b-c5ee-471d-baba-a2c4c2dd6114 (table: NB_Global) {{(pid=102528) notify /opt/stack/neutron/neutron/plugins/ml2/drivers/ovn/mech_driver/ovsdb/ovsdb_monitor.py:912}}
Apr 08 13:17:10.654554 np0000164305 devstack@neutron-api.service[102528]: DEBUG neutron.plugins.ml2.drivers.ovn.mech_driver.ovsdb.ovsdb_monitor [None req-e13e106f-d7b9-4d17-930b-ba64ea981f26 None None] Touching Hash Ring node "215af805e828589b96d7c4280e4d2b8a" from IDL notify handler {{(pid=102528) notify /opt/stack/neutron/neutron/plugins/ml2/drivers/ovn/mech_driver/ovsdb/ovsdb_monitor.py:904}}
Apr 08 13:17:10.657048 np0000164305 devstack@neutron-api.service[102530]: DEBUG neutron.common.ovn.hash_ring_manager [None req-befc8d82-f81c-4e72-ae93-f7e5c72ff0f6 None None] Hash Ring loaded. 4 active nodes. 0 offline nodes {{(pid=102530) _load_hash_ring /opt/stack/neutron/neutron/common/ovn/hash_ring_manager.py:102}}
Apr 08 13:17:10.657585 np0000164305 devstack@neutron-api.service[102528]: DEBUG neutron.plugins.ml2.drivers.ovn.mech_driver.ovsdb.ovsdb_monitor [None req-e13e106f-d7b9-4d17-930b-ba64ea981f26 None None] Hash Ring: Node 215af805e828589b96d7c4280e4d2b8a (host: np0000164305) handling event "update" for row 4c43277b-c5ee-471d-baba-a2c4c2dd6114 (table: NB_Global) {{(pid=102528) notify /opt/stack/neutron/neutron/plugins/ml2/drivers/ovn/mech_driver/ovsdb/ovsdb_monitor.py:912}}
Apr 08 13:17:10.659072 np0000164305 devstack@neutron-api.service[102528]: DEBUG neutron.plugins.ml2.drivers.ovn.mech_driver.ovsdb.ovsdb_monitor [None req-e13e106f-d7b9-4d17-930b-ba64ea981f26 None None] Touching Hash Ring node "215af805e828589b96d7c4280e4d2b8a" from IDL notify handler {{(pid=102528) notify /opt/stack/neutron/neutron/plugins/ml2/drivers/ovn/mech_driver/ovsdb/ovsdb_monitor.py:904}}
Apr 08 13:17:10.661785 np0000164305 devstack@neutron-api.service[102528]: DEBUG neutron.plugins.ml2.drivers.ovn.mech_driver.ovsdb.ovsdb_monitor [None req-e13e106f-d7b9-4d17-930b-ba64ea981f26 None None] Hash Ring: Node 215af805e828589b96d7c4280e4d2b8a (host: np0000164305) handling event "update" for row 4c43277b-c5ee-471d-baba-a2c4c2dd6114 (table: NB_Global) {{(pid=102528) notify /opt/stack/neutron/neutron/plugins/ml2/drivers/ovn/mech_driver/ovsdb/ovsdb_monitor.py:912}}
Apr 08 13:17:10.690345 np0000164305 devstack@neutron-api.service[102530]: DEBUG neutron.plugins.ml2.drivers.helpers [None req-ff0b9c55-6528-4b63-9b16-5bb3e8e8f0a6 admin admin] geneve segment allocate from pool success with {'geneve_vni': 34344} {{(pid=102530) allocate_partially_specified_segment /opt/stack/neutron/neutron/plugins/ml2/drivers/helpers.py:142}}
Apr 08 13:17:10.700778 np0000164305 devstack@neutron-api.service[102530]: DEBUG neutron_lib.callbacks.manager [None req-ff0b9c55-6528-4b63-9b16-5bb3e8e8f0a6 admin admin] Publish callbacks ['neutron.services.segments.db._add_segment_host_mapping_for_segment-8450315703800', 'neutron.plugins.ml2.plugin.Ml2Plugin._handle_segment_change-2163663'] for segment (c13e7955-d42d-479e-bc92-b6cf5f25be2b), precommit_create {{(pid=102530) _notify_loop /opt/stack/data/venv/lib/python3.12/site-packages/neutron_lib/callbacks/manager.py:184}}
Apr 08 13:17:10.701015 np0000164305 devstack@neutron-api.service[102530]: INFO neutron.db.segments_db [None req-ff0b9c55-6528-4b63-9b16-5bb3e8e8f0a6 admin admin] Added segment c13e7955-d42d-479e-bc92-b6cf5f25be2b of type geneve for network 51a3761d-b7b4-439f-a344-496b4210f2d3
Apr 08 13:17:10.714779 np0000164305 devstack@neutron-api.service[102530]: DEBUG neutron_lib.callbacks.manager [None req-ff0b9c55-6528-4b63-9b16-5bb3e8e8f0a6 admin admin] Publish callbacks ['neutron.services.auto_allocate.db._ensure_external_network_default_value_callback-8450313716900'] for network (51a3761d-b7b4-439f-a344-496b4210f2d3), precommit_create {{(pid=102530) _notify_loop /opt/stack/data/venv/lib/python3.12/site-packages/neutron_lib/callbacks/manager.py:184}}
Apr 08 13:17:10.726415 np0000164305 devstack@neutron-api.service[102530]: DEBUG neutron.plugins.ml2.drivers.ovn.mech_driver.mech_driver [None req-ff0b9c55-6528-4b63-9b16-5bb3e8e8f0a6 admin admin] Validating network segment with type geneve, segmentation ID 34344, physical network None {{(pid=102530) _validate_network_segments /opt/stack/neutron/neutron/plugins/ml2/drivers/ovn/mech_driver/mech_driver.py:631}}
Apr 08 13:17:10.726535 np0000164305 devstack@neutron-api.service[102530]: DEBUG neutron.db.ovn_revision_numbers_db [None req-ff0b9c55-6528-4b63-9b16-5bb3e8e8f0a6 admin admin] create_initial_revision uuid=51a3761d-b7b4-439f-a344-496b4210f2d3, type=networks, rev=-1 {{(pid=102530) create_initial_revision /opt/stack/neutron/neutron/db/ovn_revision_numbers_db.py:98}}
Apr 08 13:17:10.737817 np0000164305 devstack@neutron-api.service[102530]: DEBUG neutron_lib.callbacks.manager [None req-ff0b9c55-6528-4b63-9b16-5bb3e8e8f0a6 admin admin] Publish callbacks ['neutron.plugins.ml2.ovo_rpc._ObjectChangeHandler.handle_event-65198662'] for network (51a3761d-b7b4-439f-a344-496b4210f2d3), after_create {{(pid=102530) _notify_loop /opt/stack/data/venv/lib/python3.12/site-packages/neutron_lib/callbacks/manager.py:184}}
Apr 08 13:17:10.757134 np0000164305 devstack@neutron-api.service[102530]: DEBUG neutron.api.rpc.handlers.resources_rpc [None req-ff0b9c55-6528-4b63-9b16-5bb3e8e8f0a6 admin admin] Pushing event updated for resources: {'Network': ['ID=51a3761d-b7b4-439f-a344-496b4210f2d3,revision_number=1']} {{(pid=102530) push /opt/stack/neutron/neutron/api/rpc/handlers/resources_rpc.py:237}}
Apr 08 13:17:10.766824 np0000164305 devstack@neutron-api.service[102530]: DEBUG ovsdbapp.backend.ovs_idl.transaction [None req-6843dc99-b835-4785-81d6-5952722fe14f None None] Running txn n=1 command(idx=0): AddNetworkCommand(_result=None, network_uuid=51a3761d-b7b4-439f-a344-496b4210f2d3, may_exist=True, columns={'external_ids': {'neutron:network_name': 'admin_net', 'neutron:mtu': '1372', 'neutron:revision_number': '1', 'neutron:availability_zone_hints': '', 'neutron:provnet-network-type': 'geneve'}, 'other_config': {'mcast_snoop': 'false', 'mcast_flood_unregistered': 'false', 'vlan-passthru': 'false'}}) {{(pid=102530) do_commit /opt/stack/data/venv/lib/python3.12/site-packages/ovsdbapp/backend/ovs_idl/transaction.py:89}}
Apr 08 13:17:10.810862 np0000164305 devstack@neutron-api.service[102528]: DEBUG neutron.plugins.ml2.drivers.ovn.mech_driver.ovsdb.ovsdb_monitor [None req-e13e106f-d7b9-4d17-930b-ba64ea981f26 None None] Touching Hash Ring node "215af805e828589b96d7c4280e4d2b8a" from IDL notify handler {{(pid=102528) notify /opt/stack/neutron/neutron/plugins/ml2/drivers/ovn/mech_driver/ovsdb/ovsdb_monitor.py:904}}
Apr 08 13:17:10.815073 np0000164305 devstack@neutron-api.service[102528]: DEBUG neutron.plugins.ml2.drivers.ovn.mech_driver.ovsdb.ovsdb_monitor [None req-e13e106f-d7b9-4d17-930b-ba64ea981f26 None None] Hash Ring: Node 215af805e828589b96d7c4280e4d2b8a (host: np0000164305) handling event "create" for row 51a3761d-b7b4-439f-a344-496b4210f2d3 (table: Logical_Switch) {{(pid=102528) notify /opt/stack/neutron/neutron/plugins/ml2/drivers/ovn/mech_driver/ovsdb/ovsdb_monitor.py:912}}
Apr 08 13:17:10.817523 np0000164305 devstack@neutron-api.service[102530]: DEBUG neutron.plugins.ml2.drivers.ovn.mech_driver.ovsdb.ovsdb_monitor [None req-befc8d82-f81c-4e72-ae93-f7e5c72ff0f6 None None] Hash Ring: Node 1e3eacc673505c09888532d3682eb1b8 (host: np0000164305) handling event "create" for row 2886d316-aa4f-4676-9d94-9f91dad2cee2 (table: Datapath_Binding) {{(pid=102530) notify /opt/stack/neutron/neutron/plugins/ml2/drivers/ovn/mech_driver/ovsdb/ovsdb_monitor.py:912}}
Apr 08 13:17:10.837728 np0000164305 devstack@neutron-api.service[102530]: INFO neutron.db.ovn_revision_numbers_db [None req-ff0b9c55-6528-4b63-9b16-5bb3e8e8f0a6 admin admin] Successfully bumped revision number for resource 51a3761d-b7b4-439f-a344-496b4210f2d3 (type: networks) to 1
Apr 08 13:17:10.855563 np0000164305 devstack@neutron-api.service[102530]: DEBUG neutron_lib.callbacks.manager [None req-ff0b9c55-6528-4b63-9b16-5bb3e8e8f0a6 admin admin] Publish callbacks ['neutron.plugins.ml2.plugin.SecurityGroupDbMixin._ensure_default_security_group_handler-4119067'] for port (None), before_create {{(pid=102530) _notify_loop /opt/stack/data/venv/lib/python3.12/site-packages/neutron_lib/callbacks/manager.py:184}}
Apr 08 13:17:10.970424 np0000164305 devstack@neutron-api.service[102530]: DEBUG neutron_lib.callbacks.manager [None req-ff0b9c55-6528-4b63-9b16-5bb3e8e8f0a6 admin admin] Publish callbacks ['neutron.plugins.ml2.drivers.ovn.mech_driver.mech_driver.OVNMechanismDriver._validate_allowed_address_pairs-522494'] for allowed_address_pair (6b2171ef-c97b-4536-9aa0-2cb063d87064), before_create {{(pid=102530) _notify_loop /opt/stack/data/venv/lib/python3.12/site-packages/neutron_lib/callbacks/manager.py:184}}
Apr 08 13:17:10.970816 np0000164305 devstack@neutron-api.service[102530]: DEBUG neutron_lib.callbacks.manager [None req-ff0b9c55-6528-4b63-9b16-5bb3e8e8f0a6 admin admin] Publish callbacks [] for port (6b2171ef-c97b-4536-9aa0-2cb063d87064), precommit_create {{(pid=102530) _notify_loop /opt/stack/data/venv/lib/python3.12/site-packages/neutron_lib/callbacks/manager.py:184}}
Apr 08 13:17:10.971005 np0000164305 devstack@neutron-api.service[102530]: DEBUG neutron.plugins.ml2.drivers.ovn.mech_driver.mech_driver [None req-ff0b9c55-6528-4b63-9b16-5bb3e8e8f0a6 admin admin] No provisioning block for port 6b2171ef-c97b-4536-9aa0-2cb063d87064 since it does not have a host {{(pid=102530) _is_port_provisioning_required /opt/stack/neutron/neutron/plugins/ml2/drivers/ovn/mech_driver/mech_driver.py:884}}
Apr 08 13:17:10.971146 np0000164305 devstack@neutron-api.service[102530]: DEBUG neutron.db.ovn_revision_numbers_db [None req-ff0b9c55-6528-4b63-9b16-5bb3e8e8f0a6 admin admin] create_initial_revision uuid=6b2171ef-c97b-4536-9aa0-2cb063d87064, type=ports, rev=-1 {{(pid=102530) create_initial_revision /opt/stack/neutron/neutron/db/ovn_revision_numbers_db.py:98}}
Apr 08 13:17:11.004498 np0000164305 devstack@neutron-api.service[102530]: DEBUG neutron_lib.callbacks.manager [None req-ff0b9c55-6528-4b63-9b16-5bb3e8e8f0a6 admin admin] Publish callbacks ['neutron.plugins.ml2.ovo_rpc._ObjectChangeHandler.handle_event-65198671'] for port (6b2171ef-c97b-4536-9aa0-2cb063d87064), after_create {{(pid=102530) _notify_loop /opt/stack/data/venv/lib/python3.12/site-packages/neutron_lib/callbacks/manager.py:184}}
Apr 08 13:17:11.038963 np0000164305 devstack@neutron-api.service[102530]: DEBUG neutron.api.rpc.handlers.resources_rpc [None req-ff0b9c55-6528-4b63-9b16-5bb3e8e8f0a6 admin admin] Pushing event updated for resources: {'Port': ['ID=6b2171ef-c97b-4536-9aa0-2cb063d87064,revision_number=1']} {{(pid=102530) push /opt/stack/neutron/neutron/api/rpc/handlers/resources_rpc.py:237}}
Apr 08 13:17:11.045970 np0000164305 devstack@neutron-api.service[102530]: DEBUG ovsdbapp.backend.ovs_idl.transaction [None req-6843dc99-b835-4785-81d6-5952722fe14f None None] Running txn n=1 command(idx=0): AddLSwitchPortCommand(_result=None, lport=6b2171ef-c97b-4536-9aa0-2cb063d87064, lswitch=neutron-51a3761d-b7b4-439f-a344-496b4210f2d3, may_exist=True, network_uuid=51a3761d-b7b4-439f-a344-496b4210f2d3, columns={'addresses': ['fa:16:3e:be:3e:f4'], 'external_ids': {'neutron:port_name': '', 'neutron:device_id': 'ovnmeta-51a3761d-b7b4-439f-a344-496b4210f2d3', 'neutron:project_id': '6fc4fea6a00e43a79f873f74d3ae62b1', 'neutron:cidrs': '', 'neutron:device_owner': 'network:distributed', 'neutron:subnet_pool_addr_scope4': '', 'neutron:subnet_pool_addr_scope6': '', 'neutron:network_name': 'neutron-51a3761d-b7b4-439f-a344-496b4210f2d3', 'neutron:security_group_ids': '', 'neutron:revision_number': '1', 'neutron:vnic_type': 'normal', 'neutron:port_capabilities': '', 'neutron:mtu': ''}, 'parent_name': [], 'tag': [], 'enabled': True, 'options': {}, 'type': 'localport', 'port_security': [], 'dhcpv4_options': [], 'dhcpv6_options': []}) {{(pid=102530) do_commit /opt/stack/data/venv/lib/python3.12/site-packages/ovsdbapp/backend/ovs_idl/transaction.py:89}}
Apr 08 13:17:11.046955 np0000164305 devstack@neutron-api.service[102530]: DEBUG ovsdbapp.backend.ovs_idl.transaction [None req-6843dc99-b835-4785-81d6-5952722fe14f None None] Running txn n=1 command(idx=1): QoSDelCommand(_result=None, switch=neutron-51a3761d-b7b4-439f-a344-496b4210f2d3, conditions=[('direction', '=', 'to-lport'), ('priority', '=', 2002), ('match', '=', 'outport == "6b2171ef-c97b-4536-9aa0-2cb063d87064"')], if_exists=True) {{(pid=102530) do_commit /opt/stack/data/venv/lib/python3.12/site-packages/ovsdbapp/backend/ovs_idl/transaction.py:89}}
Apr 08 13:17:11.047366 np0000164305 devstack@neutron-api.service[102530]: DEBUG ovsdbapp.backend.ovs_idl.transaction [None req-6843dc99-b835-4785-81d6-5952722fe14f None None] Running txn n=1 command(idx=2): QoSDelCommand(_result=None, switch=neutron-51a3761d-b7b4-439f-a344-496b4210f2d3, conditions=[('direction', '=', 'from-lport'), ('priority', '=', 2002), ('match', '=', 'inport == "6b2171ef-c97b-4536-9aa0-2cb063d87064"')], if_exists=True) {{(pid=102530) do_commit /opt/stack/data/venv/lib/python3.12/site-packages/ovsdbapp/backend/ovs_idl/transaction.py:89}}
Apr 08 13:17:11.055815 np0000164305 devstack@neutron-api.service[102528]: DEBUG neutron.plugins.ml2.drivers.ovn.mech_driver.ovsdb.ovsdb_monitor [None req-e13e106f-d7b9-4d17-930b-ba64ea981f26 None None] Touching Hash Ring node "215af805e828589b96d7c4280e4d2b8a" from IDL notify handler {{(pid=102528) notify /opt/stack/neutron/neutron/plugins/ml2/drivers/ovn/mech_driver/ovsdb/ovsdb_monitor.py:904}}
Apr 08 13:17:11.055989 np0000164305 devstack@neutron-api.service[102527]: DEBUG neutron.plugins.ml2.drivers.ovn.mech_driver.ovsdb.ovsdb_monitor [None req-d4b56e64-4fa6-48f0-b237-6a491f5b13b6 None None] Touching Hash Ring node "1f5c3d89baea5ed1a1b85c581969bf13" from IDL notify handler {{(pid=102527) notify /opt/stack/neutron/neutron/plugins/ml2/drivers/ovn/mech_driver/ovsdb/ovsdb_monitor.py:904}}
Apr 08 13:17:11.060184 np0000164305 devstack@neutron-api.service[102530]: DEBUG neutron.plugins.ml2.drivers.ovn.mech_driver.ovsdb.ovsdb_monitor [None req-befc8d82-f81c-4e72-ae93-f7e5c72ff0f6 None None] Hash Ring: Node 1e3eacc673505c09888532d3682eb1b8 (host: np0000164305) handling event "create" for row 56749b60-cb18-4c9d-860f-48ffe6d6f5d0 (table: Port_Binding) {{(pid=102530) notify /opt/stack/neutron/neutron/plugins/ml2/drivers/ovn/mech_driver/ovsdb/ovsdb_monitor.py:912}}
Apr 08 13:17:11.061094 np0000164305 devstack@neutron-api.service[102528]: DEBUG neutron.plugins.ml2.drivers.ovn.mech_driver.ovsdb.ovsdb_monitor [None req-e13e106f-d7b9-4d17-930b-ba64ea981f26 None None] Hash Ring: Node 215af805e828589b96d7c4280e4d2b8a (host: np0000164305) handling event "update" for row 51a3761d-b7b4-439f-a344-496b4210f2d3 (table: Logical_Switch) {{(pid=102528) notify /opt/stack/neutron/neutron/plugins/ml2/drivers/ovn/mech_driver/ovsdb/ovsdb_monitor.py:912}}
Apr 08 13:17:11.069447 np0000164305 devstack@neutron-api.service[102527]: DEBUG neutron.plugins.ml2.drivers.ovn.mech_driver.ovsdb.ovsdb_monitor [None req-d4b56e64-4fa6-48f0-b237-6a491f5b13b6 None None] Hash Ring: Node 1f5c3d89baea5ed1a1b85c581969bf13 (host: np0000164305) handling event "create" for row bc779d73-d283-49c9-a2cd-9d3f8ff55a5c (table: Logical_Switch_Port) {{(pid=102527) notify /opt/stack/neutron/neutron/plugins/ml2/drivers/ovn/mech_driver/ovsdb/ovsdb_monitor.py:912}}
Apr 08 13:17:11.070299 np0000164305 devstack@neutron-api.service[102527]: DEBUG ovsdbapp.backend.ovs_idl.event [None req-d4b56e64-4fa6-48f0-b237-6a491f5b13b6 None None] Matched CREATE: LogicalSwitchPortCreateEvent(events=('create',), table='Logical_Switch_Port', conditions=[], old_conditions=None), priority=20 to row=Logical_Switch_Port(uuid=bc779d73-d283-49c9-a2cd-9d3f8ff55a5c, addresses=['fa:16:3e:be:3e:f4'], dhcpv4_options=[], dhcpv6_options=[], dynamic_addresses=[], enabled=True, external_ids={'neutron:cidrs': '', 'neutron:device_id': 'ovnmeta-51a3761d-b7b4-439f-a344-496b4210f2d3', 'neutron:device_owner': 'network:distributed', 'neutron:mtu': '', 'neutron:network_name': 'neutron-51a3761d-b7b4-439f-a344-496b4210f2d3', 'neutron:port_capabilities': '', 'neutron:port_name': '', 'neutron:project_id': '6fc4fea6a00e43a79f873f74d3ae62b1', 'neutron:revision_number': '1', 'neutron:security_group_ids': '', 'neutron:subnet_pool_addr_scope4': '', 'neutron:subnet_pool_addr_scope6': '', 'neutron:vnic_type': 'normal'}, ha_chassis_group=[], mirror_rules=[], name='6b2171ef-c97b-4536-9aa0-2cb063d87064', options={}, parent_name=[], port_security=[], tag=[], tag_request=[], type='localport', up=[]) old= {{(pid=102527) matches /opt/stack/data/venv/lib/python3.12/site-packages/ovsdbapp/backend/ovs_idl/event.py:55}}
Apr 08 13:17:11.071185 np0000164305 devstack@neutron-api.service[102527]: INFO neutron.plugins.ml2.drivers.ovn.mech_driver.mech_driver [None req-84b8ab07-a66d-42ff-a5db-2bc2e89e5478 None None] OVN reports status down for port: 6b2171ef-c97b-4536-9aa0-2cb063d87064
Apr 08 13:17:11.075063 np0000164305 devstack@neutron-api.service[102527]: DEBUG neutron.plugins.ml2.drivers.ovn.mech_driver.ovsdb.ovsdb_monitor [None req-d4b56e64-4fa6-48f0-b237-6a491f5b13b6 None None] Touching Hash Ring node "1f5c3d89baea5ed1a1b85c581969bf13" from IDL notify handler {{(pid=102527) notify /opt/stack/neutron/neutron/plugins/ml2/drivers/ovn/mech_driver/ovsdb/ovsdb_monitor.py:904}}
Apr 08 13:17:11.079419 np0000164305 devstack@neutron-api.service[102527]: DEBUG neutron.plugins.ml2.drivers.ovn.mech_driver.ovsdb.ovsdb_monitor [None req-d4b56e64-4fa6-48f0-b237-6a491f5b13b6 None None] Hash Ring: Node 1f5c3d89baea5ed1a1b85c581969bf13 (host: np0000164305) handling event "update" for row bc779d73-d283-49c9-a2cd-9d3f8ff55a5c (table: Logical_Switch_Port) {{(pid=102527) notify /opt/stack/neutron/neutron/plugins/ml2/drivers/ovn/mech_driver/ovsdb/ovsdb_monitor.py:912}}
Apr 08 13:17:11.091047 np0000164305 devstack@neutron-api.service[102530]: INFO neutron.db.ovn_revision_numbers_db [None req-ff0b9c55-6528-4b63-9b16-5bb3e8e8f0a6 admin admin] Successfully bumped revision number for resource 6b2171ef-c97b-4536-9aa0-2cb063d87064 (type: ports) to 1
Apr 08 13:17:11.098452 np0000164305 devstack@neutron-api.service[102530]: DEBUG neutron.pecan_wsgi.hooks.policy_enforcement [None req-ff0b9c55-6528-4b63-9b16-5bb3e8e8f0a6 admin admin] Attributes excluded by policy engine: ['standard_attr_id'] {{(pid=102530) _exclude_attributes_by_policy /opt/stack/neutron/neutron/pecan_wsgi/hooks/policy_enforcement.py:258}}
Apr 08 13:17:11.098767 np0000164305 devstack@neutron-api.service[102530]: DEBUG neutron_lib.callbacks.manager [None req-ff0b9c55-6528-4b63-9b16-5bb3e8e8f0a6 admin admin] Publish callbacks [] for network (None), before_response {{(pid=102530) _notify_loop /opt/stack/data/venv/lib/python3.12/site-packages/neutron_lib/callbacks/manager.py:184}}
Apr 08 13:17:11.103635 np0000164305 devstack@neutron-api.service[102527]: DEBUG neutron.db.provisioning_blocks [None req-84b8ab07-a66d-42ff-a5db-2bc2e89e5478 None None] Transition to ACTIVE for port object 6b2171ef-c97b-4536-9aa0-2cb063d87064 will not be triggered until provisioned by entity L2. {{(pid=102527) add_provisioning_component /opt/stack/neutron/neutron/db/provisioning_blocks.py:74}}
Apr 08 13:17:11.113633 np0000164305 devstack@neutron-api.service[102530]: [pid: 102530|app: 0|req: 23/93] 199.204.45.113 () {68 vars in 1358 bytes} [Wed Apr 8 13:17:10 2026] POST /networking/v2.0/networks => generated 683 bytes in 774 msecs (HTTP/1.1 201) 4 headers in 162 bytes (1 switches on core 0)
Apr 08 13:17:11.138188 np0000164305 devstack@neutron-api.service[102527]: DEBUG neutron.plugins.ml2.plugin [None req-84b8ab07-a66d-42ff-a5db-2bc2e89e5478 None None] Current status of the port 6b2171ef-c97b-4536-9aa0-2cb063d87064 is: DOWN; New status is: DOWN {{(pid=102527) _update_individual_port_db_status /opt/stack/neutron/neutron/plugins/ml2/plugin.py:2468}}
Apr 08 13:17:11.139716 np0000164305 devstack@neutron-api.service[102527]: DEBUG ovsdbapp.backend.ovs_idl.transaction [None req-d4b56e64-4fa6-48f0-b237-6a491f5b13b6 None None] Running txn n=1 command(idx=0): DbRemoveCommand(_result=None, table=Logical_Switch_Port, record=6b2171ef-c97b-4536-9aa0-2cb063d87064, column=external_ids, values=('neutron:host_id',), keyvalues={}, if_exists=True) {{(pid=102527) do_commit /opt/stack/data/venv/lib/python3.12/site-packages/ovsdbapp/backend/ovs_idl/transaction.py:89}}
Apr 08 13:17:11.322110 np0000164305 devstack@neutron-api.service[102528]: INFO neutron.pecan_wsgi.hooks.translation [None req-026e6902-cc08-4159-a1f1-db226e4b5a67 admin admin] GET failed (client error): The resource could not be found.
Apr 08 13:17:11.322987 np0000164305 devstack@neutron-api.service[102528]: [pid: 102528|app: 0|req: 25/94] 199.204.45.113 () {64 vars in 1334 bytes} [Wed Apr 8 13:17:11 2026] GET /networking/v2.0/networks/admin_net => generated 111 bytes in 9 msecs (HTTP/1.1 404) 4 headers in 164 bytes (1 switches on core 0)
Apr 08 13:17:11.363412 np0000164305 devstack@neutron-api.service[102529]: DEBUG neutron.pecan_wsgi.hooks.policy_enforcement [None req-f35a1e50-0d97-4b1d-8ebc-9a4ee449f1c1 admin admin] Attributes excluded by policy engine: ['standard_attr_id'] {{(pid=102529) _exclude_attributes_by_policy /opt/stack/neutron/neutron/pecan_wsgi/hooks/policy_enforcement.py:258}}
Apr 08 13:17:11.364152 np0000164305 devstack@neutron-api.service[102529]: [pid: 102529|app: 0|req: 24/95] 199.204.45.113 () {64 vars in 1346 bytes} [Wed Apr 8 13:17:11 2026] GET /networking/v2.0/networks?name=admin_net => generated 667 bytes in 33 msecs (HTTP/1.1 200) 4 headers in 157 bytes (1 switches on core 0)
Apr 08 13:17:11.581493 np0000164305 devstack@neutron-api.service[102527]: INFO neutron.pecan_wsgi.hooks.translation [None req-c63ac705-0f02-4ede-9c96-39c7e086cfe1 admin admin] GET failed (client error): The resource could not be found.
Apr 08 13:17:11.582293 np0000164305 devstack@neutron-api.service[102527]: [pid: 102527|app: 0|req: 24/96] 199.204.45.113 () {64 vars in 1340 bytes} [Wed Apr 8 13:17:11 2026] GET /networking/v2.0/subnets/admin_subnet => generated 112 bytes in 10 msecs (HTTP/1.1 404) 4 headers in 164 bytes (1 switches on core 0)
Apr 08 13:17:11.641246 np0000164305 devstack@neutron-api.service[102529]: DEBUG neutron.plugins.ml2.drivers.ovn.mech_driver.ovsdb.ovsdb_monitor [None req-e50181ce-a327-4ddc-9f4f-93e2a8c7b39a None None] ChassisOVNAgentWriteEvent : Matched Chassis_Private, update, None None {{(pid=102529) matches /opt/stack/neutron/neutron/plugins/ml2/drivers/ovn/mech_driver/ovsdb/ovsdb_monitor.py:64}}
Apr 08 13:17:11.642102 np0000164305 devstack@neutron-api.service[102527]: DEBUG neutron.plugins.ml2.drivers.ovn.mech_driver.ovsdb.ovsdb_monitor [None req-abbb07c2-dd01-4d3d-bbc4-8075fb5bd446 None None] ChassisOVNAgentWriteEvent : Matched Chassis_Private, update, None None {{(pid=102527) matches /opt/stack/neutron/neutron/plugins/ml2/drivers/ovn/mech_driver/ovsdb/ovsdb_monitor.py:64}}
Apr 08 13:17:11.642102 np0000164305 devstack@neutron-api.service[102527]: DEBUG neutron.plugins.ml2.drivers.ovn.mech_driver.ovsdb.ovsdb_monitor [None req-abbb07c2-dd01-4d3d-bbc4-8075fb5bd446 None None] Hash Ring: Node 1f5c3d89baea5ed1a1b85c581969bf13 (host: np0000164305) handling event "update" for row 8eecb38b-6e5a-4e2f-94fe-0e53bf7ce189 (table: Chassis_Private) {{(pid=102527) notify /opt/stack/neutron/neutron/plugins/ml2/drivers/ovn/mech_driver/ovsdb/ovsdb_monitor.py:912}}
Apr 08 13:17:11.642390 np0000164305 devstack@neutron-api.service[102528]: DEBUG neutron.plugins.ml2.drivers.ovn.mech_driver.ovsdb.ovsdb_monitor [None req-29f725f3-f9d0-4675-957f-899c9a54fc04 None None] ChassisOVNAgentWriteEvent : Matched Chassis_Private, update, None None {{(pid=102528) matches /opt/stack/neutron/neutron/plugins/ml2/drivers/ovn/mech_driver/ovsdb/ovsdb_monitor.py:64}}
Apr 08 13:17:11.836488 np0000164305 devstack@neutron-api.service[102530]: DEBUG neutron.plugins.ml2.drivers.ovn.mech_driver.ovsdb.ovsdb_monitor [None req-befc8d82-f81c-4e72-ae93-f7e5c72ff0f6 None None] ChassisOVNAgentWriteEvent : Matched Chassis_Private, update, None None {{(pid=102530) matches /opt/stack/neutron/neutron/plugins/ml2/drivers/ovn/mech_driver/ovsdb/ovsdb_monitor.py:64}}
Apr 08 13:17:11.840302 np0000164305 devstack@neutron-api.service[102530]: [pid: 102530|app: 0|req: 24/97] 199.204.45.113 () {64 vars in 1349 bytes} [Wed Apr 8 13:17:11 2026] GET /networking/v2.0/subnets?name=admin_subnet => generated 14 bytes in 249 msecs (HTTP/1.1 200) 4 headers in 156 bytes (1 switches on core 0)
Apr 08 13:17:12.108054 np0000164305 devstack@neutron-api.service[102528]: DEBUG neutron.pecan_wsgi.hooks.policy_enforcement [None req-2dbd0a21-c73e-45db-b9f6-5b6f8dd97524 admin admin] Attributes excluded by policy engine: ['standard_attr_id'] {{(pid=102528) _exclude_attributes_by_policy /opt/stack/neutron/neutron/pecan_wsgi/hooks/policy_enforcement.py:258}}
Apr 08 13:17:12.108642 np0000164305 devstack@neutron-api.service[102528]: [pid: 102528|app: 0|req: 26/98] 199.204.45.113 () {64 vars in 1415 bytes} [Wed Apr 8 13:17:12 2026] GET /networking/v2.0/networks/51a3761d-b7b4-439f-a344-496b4210f2d3 => generated 664 bytes in 24 msecs (HTTP/1.1 200) 4 headers in 157 bytes (1 switches on core 0)
Apr 08 13:17:12.125394 np0000164305 devstack@neutron-api.service[102529]: DEBUG neutron.api.v2.base [None req-7612528f-d156-4d83-a544-93ff3d2aaa2f admin admin] Request body: {'subnet': {'name': 'admin_subnet', 'project_id': '6fc4fea6a00e43a79f873f74d3ae62b1', 'ip_version': 4, 'gateway_ip': None, 'network_id': '51a3761d-b7b4-439f-a344-496b4210f2d3', 'cidr': '10.2.5.0/24'}} {{(pid=102529) prepare_request_body /opt/stack/neutron/neutron/api/v2/base.py:729}}
Apr 08 13:17:12.143067 np0000164305 devstack@neutron-api.service[102529]: DEBUG neutron.pecan_wsgi.hooks.quota_enforcement [None req-7612528f-d156-4d83-a544-93ff3d2aaa2f admin admin] Made reservation on behalf of 6fc4fea6a00e43a79f873f74d3ae62b1 for: {'subnet': 1} {{(pid=102529) before /opt/stack/neutron/neutron/pecan_wsgi/hooks/quota_enforcement.py:66}}
Apr 08 13:17:12.146153 np0000164305 devstack@neutron-api.service[102529]: DEBUG neutron_lib.callbacks.manager [None req-7612528f-d156-4d83-a544-93ff3d2aaa2f admin admin] Publish callbacks [] for subnet (None), before_create {{(pid=102529) _notify_loop /opt/stack/data/venv/lib/python3.12/site-packages/neutron_lib/callbacks/manager.py:184}}
Apr 08 13:17:12.204436 np0000164305 devstack@neutron-api.service[102529]: DEBUG neutron.db.ovn_revision_numbers_db [None req-7612528f-d156-4d83-a544-93ff3d2aaa2f admin admin] create_initial_revision uuid=f63381fa-cdf5-4033-ba4b-1903c837c4d1, type=subnets, rev=-1 {{(pid=102529) create_initial_revision /opt/stack/neutron/neutron/db/ovn_revision_numbers_db.py:98}}
Apr 08 13:17:12.210982 np0000164305 devstack@neutron-api.service[102529]: DEBUG neutron_lib.callbacks.manager [None req-7612528f-d156-4d83-a544-93ff3d2aaa2f admin admin] Publish callbacks ['neutron.plugins.ml2.ovo_rpc._ObjectChangeHandler.handle_event-66610761'] for subnet (f63381fa-cdf5-4033-ba4b-1903c837c4d1), after_create {{(pid=102529) _notify_loop /opt/stack/data/venv/lib/python3.12/site-packages/neutron_lib/callbacks/manager.py:184}}
Apr 08 13:17:12.225048 np0000164305 devstack@neutron-api.service[102529]: DEBUG neutron.api.rpc.handlers.resources_rpc [None req-7612528f-d156-4d83-a544-93ff3d2aaa2f admin admin] Pushing event updated for resources: {'Subnet': ['ID=f63381fa-cdf5-4033-ba4b-1903c837c4d1,revision_number=0']} {{(pid=102529) push /opt/stack/neutron/neutron/api/rpc/handlers/resources_rpc.py:237}}
Apr 08 13:17:12.230512 np0000164305 devstack@neutron-api.service[102529]: DEBUG neutron.api.rpc.callbacks.version_manager [None req-7612528f-d156-4d83-a544-93ff3d2aaa2f admin admin] Tracked resource versions report:
Apr 08 13:17:12.230512 np0000164305 devstack@neutron-api.service[102529]: pushed versions:
Apr 08 13:17:12.230512 np0000164305 devstack@neutron-api.service[102529]: { 'AddressGroup': {'1.2'},
Apr 08 13:17:12.230512 np0000164305 devstack@neutron-api.service[102529]: 'Agent': {'1.1'},
Apr 08 13:17:12.230512 np0000164305 devstack@neutron-api.service[102529]: 'ConntrackHelper': {'1.0'},
Apr 08 13:17:12.230512 np0000164305 devstack@neutron-api.service[102529]: 'LocalIPAssociation': {'1.0'},
Apr 08 13:17:12.230512 np0000164305 devstack@neutron-api.service[102529]: 'Log': {'1.0'},
Apr 08 13:17:12.230512 np0000164305 devstack@neutron-api.service[102529]: 'NDPProxy': {'1.0'},
Apr 08 13:17:12.230512 np0000164305 devstack@neutron-api.service[102529]: 'Network': {'1.2'},
Apr 08 13:17:12.230512 np0000164305 devstack@neutron-api.service[102529]: 'Port': {'1.10'},
Apr 08 13:17:12.230512 np0000164305 devstack@neutron-api.service[102529]: 'PortForwarding': {'1.3'},
Apr 08 13:17:12.230512 np0000164305 devstack@neutron-api.service[102529]: 'QosPolicy': {'1.10'},
Apr 08 13:17:12.230512 np0000164305 devstack@neutron-api.service[102529]: 'SecurityGroup': {'1.6'},
Apr 08 13:17:12.230512 np0000164305 devstack@neutron-api.service[102529]: 'SecurityGroupRule': {'1.3'},
Apr 08 13:17:12.230512 np0000164305 devstack@neutron-api.service[102529]: 'SubPort': {'1.0'},
Apr 08 13:17:12.230512 np0000164305 devstack@neutron-api.service[102529]: 'Subnet': {'1.2'},
Apr 08 13:17:12.230512 np0000164305 devstack@neutron-api.service[102529]: 'Trunk': {'1.1'}}
Apr 08 13:17:12.230512 np0000164305 devstack@neutron-api.service[102529]: consumer versions:
Apr 08 13:17:12.230512 np0000164305 devstack@neutron-api.service[102529]: { OVN Controller Gateway agent@np0000164305: {},
Apr 08 13:17:12.230512 np0000164305 devstack@neutron-api.service[102529]: OVN Neutron agent@np0000164305: {}}
Apr 08 13:17:12.230512 np0000164305 devstack@neutron-api.service[102529]: {{(pid=102529) report /opt/stack/neutron/neutron/api/rpc/callbacks/version_manager.py:183}}
Apr 08 13:17:12.270709 np0000164305 devstack@neutron-api.service[102529]: DEBUG neutron_lib.callbacks.manager [None req-7612528f-d156-4d83-a544-93ff3d2aaa2f admin admin] Publish callbacks ['neutron.plugins.ml2.plugin.SecurityGroupDbMixin._ensure_default_security_group_handler-3371393', 'neutron.services.ovn_l3.plugin.OVNL3RouterPlugin._port_update-8450314063012', 'neutron.db.l3_db.L3_NAT_dbonly_mixin._prevent_internal_ip_change_for_fip-8450315578158'] for port (6b2171ef-c97b-4536-9aa0-2cb063d87064), before_update {{(pid=102529) _notify_loop /opt/stack/data/venv/lib/python3.12/site-packages/neutron_lib/callbacks/manager.py:184}}
Apr 08 13:17:12.359978 np0000164305 devstack@neutron-api.service[102529]: DEBUG neutron.db.db_base_plugin_common [None req-7612528f-d156-4d83-a544-93ff3d2aaa2f admin admin] Allocated IP 10.2.5.1 (51a3761d-b7b4-439f-a344-496b4210f2d3/f63381fa-cdf5-4033-ba4b-1903c837c4d1/6b2171ef-c97b-4536-9aa0-2cb063d87064) {{(pid=102529) _store_ip_allocation /opt/stack/neutron/neutron/db/db_base_plugin_common.py:131}}
Apr 08 13:17:12.419587 np0000164305 devstack@neutron-api.service[102529]: DEBUG neutron_lib.callbacks.manager [None req-7612528f-d156-4d83-a544-93ff3d2aaa2f admin admin] Publish callbacks [] for port (6b2171ef-c97b-4536-9aa0-2cb063d87064), precommit_update {{(pid=102529) _notify_loop /opt/stack/data/venv/lib/python3.12/site-packages/neutron_lib/callbacks/manager.py:184}}
Apr 08 13:17:12.420428 np0000164305 devstack@neutron-api.service[102529]: DEBUG neutron.plugins.ml2.drivers.ovn.mech_driver.mech_driver [None req-7612528f-d156-4d83-a544-93ff3d2aaa2f admin admin] No provisioning block for port 6b2171ef-c97b-4536-9aa0-2cb063d87064 since it does not have a host {{(pid=102529) _is_port_provisioning_required /opt/stack/neutron/neutron/plugins/ml2/drivers/ovn/mech_driver/mech_driver.py:884}}
Apr 08 13:17:12.431599 np0000164305 devstack@neutron-api.service[102529]: DEBUG neutron_lib.callbacks.manager [None req-7612528f-d156-4d83-a544-93ff3d2aaa2f admin admin] Publish callbacks ['neutron.plugins.ml2.ovo_rpc._ObjectChangeHandler.handle_event-66610770', 'neutron.db.l3_db.L3RpcNotifierMixin._notify_gateway_port_ip_changed-8450315583348', 'neutron.services.ovn_l3.plugin.OVNL3RouterPlugin._port_update-8450314063012'] for port (6b2171ef-c97b-4536-9aa0-2cb063d87064), after_update {{(pid=102529) _notify_loop /opt/stack/data/venv/lib/python3.12/site-packages/neutron_lib/callbacks/manager.py:184}}
Apr 08 13:17:12.462098 np0000164305 devstack@neutron-api.service[102529]: DEBUG neutron.api.rpc.handlers.resources_rpc [None req-7612528f-d156-4d83-a544-93ff3d2aaa2f admin admin] Pushing event updated for resources: {'Port': ['ID=6b2171ef-c97b-4536-9aa0-2cb063d87064,revision_number=2']} {{(pid=102529) push /opt/stack/neutron/neutron/api/rpc/handlers/resources_rpc.py:237}}
Apr 08 13:17:12.556751 np0000164305 devstack@neutron-api.service[102529]: DEBUG ovsdbapp.backend.ovs_idl.transaction [None req-3cc6e842-37a4-4c32-a28d-ae786be8aadb None None] Running txn n=1 command(idx=0): CheckRevisionNumberCommand(_result=None, name=6b2171ef-c97b-4536-9aa0-2cb063d87064, resource={'id': '6b2171ef-c97b-4536-9aa0-2cb063d87064', 'name': '', 'network_id': '51a3761d-b7b4-439f-a344-496b4210f2d3', 'project_id': '6fc4fea6a00e43a79f873f74d3ae62b1', 'mac_address': 'fa:16:3e:be:3e:f4', 'admin_state_up': True, 'status': 'DOWN', 'device_id': 'ovnmeta-51a3761d-b7b4-439f-a344-496b4210f2d3', 'device_owner': 'network:distributed', 'standard_attr_id': 44, 'fixed_ips': [{'subnet_id': 'f63381fa-cdf5-4033-ba4b-1903c837c4d1', 'ip_address': '10.2.5.1'}], 'allowed_address_pairs': [], 'extra_dhcp_opts': [], 'security_groups': [], 'description': '', 'binding:vnic_type': 'normal', 'binding:profile': {}, 'binding:host_id': '', 'binding:vif_type': 'unbound', 'binding:vif_details': {}, 'port_security_enabled': False, 'tags': [], 'created_at': '2026-04-08T13:17:10Z', 'updated_at': '2026-04-08T13:17:12Z', 'revision_number': 2, 'tenant_id': '6fc4fea6a00e43a79f873f74d3ae62b1', 'network': {'id': '51a3761d-b7b4-439f-a344-496b4210f2d3', 'name': 'admin_net', 'tenant_id': '6fc4fea6a00e43a79f873f74d3ae62b1', 'project_id': '6fc4fea6a00e43a79f873f74d3ae62b1', 'admin_state_up': True, 'mtu': 1372, 'status': 'ACTIVE', 'subnets': ['f63381fa-cdf5-4033-ba4b-1903c837c4d1'], 'standard_attr_id': 42, 'shared': False, 'availability_zone_hints': [], 'availability_zones': [], 'ipv4_address_scope': None, 'ipv6_address_scope': None, 'router:external': False, 'qinq': False, 'vlan_transparent': False, 'description': '', 'port_security_enabled': True, 'tags': [], 'created_at': '2026-04-08T13:17:10Z', 'updated_at': '2026-04-08T13:17:12Z', 'revision_number': 2, 'provider:network_type': 'geneve', 'provider:physical_network': None, 'provider:segmentation_id': 34344}}, resource_type=ports, if_exists=True) {{(pid=102529) do_commit /opt/stack/data/venv/lib/python3.12/site-packages/ovsdbapp/backend/ovs_idl/transaction.py:89}}
Apr 08 13:17:12.557368 np0000164305 devstack@neutron-api.service[102529]: DEBUG ovsdbapp.backend.ovs_idl.transaction [None req-3cc6e842-37a4-4c32-a28d-ae786be8aadb None None] Running txn n=1 command(idx=1): AddDHCPOptionsCommand(_result=None, columns={'cidr': '10.2.5.0/24', 'options': {'server_id': '10.2.5.1', 'lease_time': '43200', 'mtu': '1372', 'server_mac': 'fa:16:3e:f7:3a:a1', 'dns_server': '{127.0.0.53}', 'classless_static_route': '{169.254.169.254/32,10.2.5.1}'}, 'external_ids': {'subnet_id': 'f63381fa-cdf5-4033-ba4b-1903c837c4d1', 'neutron:network_id': '51a3761d-b7b4-439f-a344-496b4210f2d3', 'neutron:revision_number': '0'}}, may_exist=True, subnet_id=f63381fa-cdf5-4033-ba4b-1903c837c4d1, port_id=None, new_insert=False) {{(pid=102529) do_commit /opt/stack/data/venv/lib/python3.12/site-packages/ovsdbapp/backend/ovs_idl/transaction.py:89}}
Apr 08 13:17:12.557864 np0000164305 devstack@neutron-api.service[102529]: DEBUG ovsdbapp.backend.ovs_idl.transaction [None req-3cc6e842-37a4-4c32-a28d-ae786be8aadb None None] Running txn n=1 command(idx=2): SetLSwitchPortCommand(_result=None, lport=6b2171ef-c97b-4536-9aa0-2cb063d87064, external_ids_update=None, columns={'external_ids': {'neutron:port_name': '', 'neutron:device_id': 'ovnmeta-51a3761d-b7b4-439f-a344-496b4210f2d3', 'neutron:project_id': '6fc4fea6a00e43a79f873f74d3ae62b1', 'neutron:cidrs': '10.2.5.1/24', 'neutron:device_owner': 'network:distributed', 'neutron:subnet_pool_addr_scope4': '', 'neutron:subnet_pool_addr_scope6': '', 'neutron:network_name': 'neutron-51a3761d-b7b4-439f-a344-496b4210f2d3', 'neutron:security_group_ids': '', 'neutron:revision_number': '2', 'neutron:vnic_type': 'normal', 'neutron:port_capabilities': '', 'neutron:mtu': ''}, 'parent_name': [], 'tag': [], 'options': {}, 'enabled': True, 'port_security': [], 'dhcpv4_options': [], 'dhcpv6_options': [], 'type': 'localport', 'addresses': ['fa:16:3e:be:3e:f4 10.2.5.1'], 'ha_chassis_group': []}, if_exists=False) {{(pid=102529) do_commit /opt/stack/data/venv/lib/python3.12/site-packages/ovsdbapp/backend/ovs_idl/transaction.py:89}}
