Aug 31 07:34:19.660261 np0000191574 systemd[1]: Starting devstack@n-api.service - Devstack devstack@n-api.service...
Aug 31 07:34:19.668461 np0000191574 devstack@n-api.service[98906]: [uWSGI] getting INI configuration from /etc/nova/nova-api-uwsgi.ini
Aug 31 07:34:19.673439 np0000191574 devstack@n-api.service[98906]: *** Starting uWSGI 2.0.24-debian (64bit) on [Mon Aug 31 07:34:19 2026] ***
Aug 31 07:34:19.673439 np0000191574 devstack@n-api.service[98906]: compiled with version: 13.2.0 on 17 April 2024 16:23:48
Aug 31 07:34:19.673439 np0000191574 devstack@n-api.service[98906]: os: Linux-6.8.0-138-generic #138-Ubuntu SMP PREEMPT_DYNAMIC Fri Jul 31 22:41:49 UTC 2026
Aug 31 07:34:19.673439 np0000191574 devstack@n-api.service[98906]: nodename: np0000191574
Aug 31 07:34:19.673439 np0000191574 devstack@n-api.service[98906]: machine: x86_64
Aug 31 07:34:19.673439 np0000191574 devstack@n-api.service[98906]: clock source: unix
Aug 31 07:34:19.673439 np0000191574 devstack@n-api.service[98906]: pcre jit disabled
Aug 31 07:34:19.673439 np0000191574 devstack@n-api.service[98906]: detected number of CPU cores: 16
Aug 31 07:34:19.673439 np0000191574 devstack@n-api.service[98906]: current working directory: /
Aug 31 07:34:19.673439 np0000191574 devstack@n-api.service[98906]: detected binary path: /usr/bin/uwsgi-core
Aug 31 07:34:19.673439 np0000191574 devstack@n-api.service[98906]: your processes number limit is 256916
Aug 31 07:34:19.673439 np0000191574 devstack@n-api.service[98906]: your memory page size is 4096 bytes
Aug 31 07:34:19.673439 np0000191574 devstack@n-api.service[98906]: detected max file descriptor number: 2048
Aug 31 07:34:19.673439 np0000191574 devstack@n-api.service[98906]: lock engine: pthread robust mutexes
Aug 31 07:34:19.674464 np0000191574 devstack@n-api.service[98906]: thunder lock: enabled
Aug 31 07:34:19.674464 np0000191574 devstack@n-api.service[98906]: uwsgi socket 0 bound to UNIX address /var/run/uwsgi/nova-api.socket fd 4
Aug 31 07:34:19.674464 np0000191574 devstack@n-api.service[98906]: Python version: 3.12.3 (main, Jul 15 2026, 23:46:41) [GCC 13.3.0]
Aug 31 07:34:19.674464 np0000191574 devstack@n-api.service[98906]: PEP 405 virtualenv detected: /opt/stack/data/venv
Aug 31 07:34:19.674464 np0000191574 devstack@n-api.service[98906]: Set PythonHome to /opt/stack/data/venv
Aug 31 07:34:19.718610 np0000191574 devstack@n-api.service[98906]: Python main interpreter initialized at 0x7ebe65aa4668
Aug 31 07:34:19.718610 np0000191574 devstack@n-api.service[98906]: python threads support enabled
Aug 31 07:34:19.718610 np0000191574 devstack@n-api.service[98906]: your server socket listen backlog is limited to 100 connections
Aug 31 07:34:19.718610 np0000191574 devstack@n-api.service[98906]: your mercy for graceful operations on workers is 80 seconds
Aug 31 07:34:19.719236 np0000191574 devstack@n-api.service[98906]: mapped 671795 bytes (656 KB) for 4 cores
Aug 31 07:34:19.719402 np0000191574 devstack@n-api.service[98906]: *** Operational MODE: preforking ***
Aug 31 07:34:19.719601 np0000191574 devstack@n-api.service[98906]: *** uWSGI is running in multiple interpreter mode ***
Aug 31 07:34:19.719601 np0000191574 devstack@n-api.service[98906]: spawned uWSGI master process (pid: 98906)
Aug 31 07:34:19.719792 np0000191574 systemd[1]: Started devstack@n-api.service - Devstack devstack@n-api.service.
Aug 31 07:34:19.720631 np0000191574 devstack@n-api.service[98906]: spawned uWSGI worker 1 (pid: 98907, cores: 1)
Aug 31 07:34:19.721251 np0000191574 devstack@n-api.service[98906]: spawned uWSGI worker 2 (pid: 98908, cores: 1)
Aug 31 07:34:19.721835 np0000191574 devstack@n-api.service[98906]: spawned uWSGI worker 3 (pid: 98909, cores: 1)
Aug 31 07:34:19.722381 np0000191574 devstack@n-api.service[98906]: spawned uWSGI worker 4 (pid: 98910, cores: 1)
Aug 31 07:34:19.722460 np0000191574 devstack@n-api.service[98906]: running "unix_signal:15 gracefully_kill_them_all" (master-start)...
Aug 31 07:34:21.328244 np0000191574 devstack@n-api.service[98908]: INFO dbcounter [None req-c9f7de0d-f129-4d9f-b749-aa3bfaf73c41 None None] Registered counter for database nova_api
Aug 31 07:34:21.373373 np0000191574 devstack@n-api.service[98908]: DEBUG oslo_db.sqlalchemy.engines [None req-c9f7de0d-f129-4d9f-b749-aa3bfaf73c41 None None] MySQL server mode set to STRICT_TRANS_TABLES,STRICT_ALL_TABLES,NO_ZERO_IN_DATE,NO_ZERO_DATE,ERROR_FOR_DIVISION_BY_ZERO,TRADITIONAL,NO_ENGINE_SUBSTITUTION {{(pid=98908) _check_effective_sql_mode /opt/stack/data/venv/lib/python3.12/site-packages/oslo_db/sqlalchemy/engines.py:325}}
Aug 31 07:34:21.403824 np0000191574 devstack@n-api.service[98908]: DEBUG dbcounter [-] [98908] Writer thread running {{(pid=98908) stat_writer /opt/stack/data/venv/lib/python3.12/site-packages/dbcounter.py:102}}
Aug 31 07:34:21.406613 np0000191574 devstack@n-api.service[98908]: DEBUG nova.context [None req-c9f7de0d-f129-4d9f-b749-aa3bfaf73c41 None None] Found 2 cells: 00000000-0000-0000-0000-000000000000(cell0),dc090fc5-4b58-4ba5-a442-b3a077b4d20f(cell1) {{(pid=98908) load_cells /opt/stack/nova/nova/context.py:532}}
Aug 31 07:34:21.408345 np0000191574 devstack@n-api.service[98908]: DEBUG oslo_concurrency.lockutils [None req-c9f7de0d-f129-4d9f-b749-aa3bfaf73c41 None None] Acquiring lock "00000000-0000-0000-0000-000000000000" by "nova.context.set_target_cell..get_or_set_cached_cell_and_set_connections" {{(pid=98908) inner /opt/stack/data/venv/lib/python3.12/site-packages/oslo_concurrency/lockutils.py:512}}
Aug 31 07:34:21.408552 np0000191574 devstack@n-api.service[98908]: DEBUG oslo_concurrency.lockutils [None req-c9f7de0d-f129-4d9f-b749-aa3bfaf73c41 None None] Lock "00000000-0000-0000-0000-000000000000" acquired by "nova.context.set_target_cell..get_or_set_cached_cell_and_set_connections" :: waited 0.000s {{(pid=98908) inner /opt/stack/data/venv/lib/python3.12/site-packages/oslo_concurrency/lockutils.py:525}}
Aug 31 07:34:21.408886 np0000191574 devstack@n-api.service[98908]: DEBUG oslo_concurrency.lockutils [None req-c9f7de0d-f129-4d9f-b749-aa3bfaf73c41 None None] Lock "00000000-0000-0000-0000-000000000000" "released" by "nova.context.set_target_cell..get_or_set_cached_cell_and_set_connections" :: held 0.000s {{(pid=98908) inner /opt/stack/data/venv/lib/python3.12/site-packages/oslo_concurrency/lockutils.py:544}}
Aug 31 07:34:21.409161 np0000191574 devstack@n-api.service[98908]: INFO nova.thread_pool_factory [None req-c9f7de0d-f129-4d9f-b749-aa3bfaf73c41 None None] The cell_worker thread pool MainProcess.cell_worker is initialized
Aug 31 07:34:21.410009 np0000191574 devstack@n-api.service[98908]: DEBUG oslo_concurrency.lockutils [None req-c9f7de0d-f129-4d9f-b749-aa3bfaf73c41 None None] Acquiring lock "dc090fc5-4b58-4ba5-a442-b3a077b4d20f" by "nova.context.set_target_cell..get_or_set_cached_cell_and_set_connections" {{(pid=98908) inner /opt/stack/data/venv/lib/python3.12/site-packages/oslo_concurrency/lockutils.py:512}}
Aug 31 07:34:21.410168 np0000191574 devstack@n-api.service[98908]: DEBUG oslo_concurrency.lockutils [None req-c9f7de0d-f129-4d9f-b749-aa3bfaf73c41 None None] Lock "dc090fc5-4b58-4ba5-a442-b3a077b4d20f" acquired by "nova.context.set_target_cell..get_or_set_cached_cell_and_set_connections" :: waited 0.000s {{(pid=98908) inner /opt/stack/data/venv/lib/python3.12/site-packages/oslo_concurrency/lockutils.py:525}}
Aug 31 07:34:21.410941 np0000191574 devstack@n-api.service[98908]: DEBUG oslo_concurrency.lockutils [None req-c9f7de0d-f129-4d9f-b749-aa3bfaf73c41 None None] Lock "dc090fc5-4b58-4ba5-a442-b3a077b4d20f" "released" by "nova.context.set_target_cell..get_or_set_cached_cell_and_set_connections" :: held 0.001s {{(pid=98908) inner /opt/stack/data/venv/lib/python3.12/site-packages/oslo_concurrency/lockutils.py:544}}
Aug 31 07:34:21.414244 np0000191574 devstack@n-api.service[98908]: INFO dbcounter [None req-c9f7de0d-f129-4d9f-b749-aa3bfaf73c41 None None] Registered counter for database nova_cell0
Aug 31 07:34:21.419508 np0000191574 devstack@n-api.service[98908]: INFO dbcounter [None req-c9f7de0d-f129-4d9f-b749-aa3bfaf73c41 None None] Registered counter for database nova_cell1
Aug 31 07:34:21.420574 np0000191574 devstack@n-api.service[98910]: INFO dbcounter [None req-fadaf016-e996-4852-925a-6dd6a2133190 None None] Registered counter for database nova_api
Aug 31 07:34:21.470086 np0000191574 devstack@n-api.service[98910]: DEBUG oslo_db.sqlalchemy.engines [None req-fadaf016-e996-4852-925a-6dd6a2133190 None None] MySQL server mode set to STRICT_TRANS_TABLES,STRICT_ALL_TABLES,NO_ZERO_IN_DATE,NO_ZERO_DATE,ERROR_FOR_DIVISION_BY_ZERO,TRADITIONAL,NO_ENGINE_SUBSTITUTION {{(pid=98910) _check_effective_sql_mode /opt/stack/data/venv/lib/python3.12/site-packages/oslo_db/sqlalchemy/engines.py:325}}
Aug 31 07:34:21.501577 np0000191574 devstack@n-api.service[98910]: DEBUG dbcounter [-] [98910] Writer thread running {{(pid=98910) stat_writer /opt/stack/data/venv/lib/python3.12/site-packages/dbcounter.py:102}}
Aug 31 07:34:21.504044 np0000191574 devstack@n-api.service[98910]: DEBUG nova.context [None req-fadaf016-e996-4852-925a-6dd6a2133190 None None] Found 2 cells: 00000000-0000-0000-0000-000000000000(cell0),dc090fc5-4b58-4ba5-a442-b3a077b4d20f(cell1) {{(pid=98910) load_cells /opt/stack/nova/nova/context.py:532}}
Aug 31 07:34:21.506027 np0000191574 devstack@n-api.service[98910]: DEBUG oslo_concurrency.lockutils [None req-fadaf016-e996-4852-925a-6dd6a2133190 None None] Acquiring lock "00000000-0000-0000-0000-000000000000" by "nova.context.set_target_cell..get_or_set_cached_cell_and_set_connections" {{(pid=98910) inner /opt/stack/data/venv/lib/python3.12/site-packages/oslo_concurrency/lockutils.py:512}}
Aug 31 07:34:21.506200 np0000191574 devstack@n-api.service[98910]: DEBUG oslo_concurrency.lockutils [None req-fadaf016-e996-4852-925a-6dd6a2133190 None None] Lock "00000000-0000-0000-0000-000000000000" acquired by "nova.context.set_target_cell..get_or_set_cached_cell_and_set_connections" :: waited 0.000s {{(pid=98910) inner /opt/stack/data/venv/lib/python3.12/site-packages/oslo_concurrency/lockutils.py:525}}
Aug 31 07:34:21.506530 np0000191574 devstack@n-api.service[98910]: DEBUG oslo_concurrency.lockutils [None req-fadaf016-e996-4852-925a-6dd6a2133190 None None] Lock "00000000-0000-0000-0000-000000000000" "released" by "nova.context.set_target_cell..get_or_set_cached_cell_and_set_connections" :: held 0.000s {{(pid=98910) inner /opt/stack/data/venv/lib/python3.12/site-packages/oslo_concurrency/lockutils.py:544}}
Aug 31 07:34:21.506802 np0000191574 devstack@n-api.service[98910]: INFO nova.thread_pool_factory [None req-fadaf016-e996-4852-925a-6dd6a2133190 None None] The cell_worker thread pool MainProcess.cell_worker is initialized
Aug 31 07:34:21.507526 np0000191574 devstack@n-api.service[98910]: DEBUG oslo_concurrency.lockutils [None req-fadaf016-e996-4852-925a-6dd6a2133190 None None] Acquiring lock "dc090fc5-4b58-4ba5-a442-b3a077b4d20f" by "nova.context.set_target_cell..get_or_set_cached_cell_and_set_connections" {{(pid=98910) inner /opt/stack/data/venv/lib/python3.12/site-packages/oslo_concurrency/lockutils.py:512}}
Aug 31 07:34:21.507698 np0000191574 devstack@n-api.service[98910]: DEBUG oslo_concurrency.lockutils [None req-fadaf016-e996-4852-925a-6dd6a2133190 None None] Lock "dc090fc5-4b58-4ba5-a442-b3a077b4d20f" acquired by "nova.context.set_target_cell..get_or_set_cached_cell_and_set_connections" :: waited 0.000s {{(pid=98910) inner /opt/stack/data/venv/lib/python3.12/site-packages/oslo_concurrency/lockutils.py:525}}
Aug 31 07:34:21.508454 np0000191574 devstack@n-api.service[98908]: DEBUG oslo_db.sqlalchemy.engines [None req-c9f7de0d-f129-4d9f-b749-aa3bfaf73c41 None None] MySQL server mode set to STRICT_TRANS_TABLES,STRICT_ALL_TABLES,NO_ZERO_IN_DATE,NO_ZERO_DATE,ERROR_FOR_DIVISION_BY_ZERO,TRADITIONAL,NO_ENGINE_SUBSTITUTION {{(pid=98908) _check_effective_sql_mode /opt/stack/data/venv/lib/python3.12/site-packages/oslo_db/sqlalchemy/engines.py:325}}
Aug 31 07:34:21.508567 np0000191574 devstack@n-api.service[98910]: DEBUG oslo_concurrency.lockutils [None req-fadaf016-e996-4852-925a-6dd6a2133190 None None] Lock "dc090fc5-4b58-4ba5-a442-b3a077b4d20f" "released" by "nova.context.set_target_cell..get_or_set_cached_cell_and_set_connections" :: held 0.001s {{(pid=98910) inner /opt/stack/data/venv/lib/python3.12/site-packages/oslo_concurrency/lockutils.py:544}}
Aug 31 07:34:21.511799 np0000191574 devstack@n-api.service[98910]: INFO dbcounter [None req-fadaf016-e996-4852-925a-6dd6a2133190 None None] Registered counter for database nova_cell0
Aug 31 07:34:21.518431 np0000191574 devstack@n-api.service[98910]: INFO dbcounter [None req-fadaf016-e996-4852-925a-6dd6a2133190 None None] Registered counter for database nova_cell1
Aug 31 07:34:21.534716 np0000191574 devstack@n-api.service[98908]: DEBUG oslo_db.sqlalchemy.engines [None req-c9f7de0d-f129-4d9f-b749-aa3bfaf73c41 None None] MySQL server mode set to STRICT_TRANS_TABLES,STRICT_ALL_TABLES,NO_ZERO_IN_DATE,NO_ZERO_DATE,ERROR_FOR_DIVISION_BY_ZERO,TRADITIONAL,NO_ENGINE_SUBSTITUTION {{(pid=98908) _check_effective_sql_mode /opt/stack/data/venv/lib/python3.12/site-packages/oslo_db/sqlalchemy/engines.py:325}}
Aug 31 07:34:21.550688 np0000191574 devstack@n-api.service[98909]: INFO dbcounter [None req-88a9c0b8-9517-4a35-995c-c0b7abd0e89c None None] Registered counter for database nova_api
Aug 31 07:34:21.598813 np0000191574 devstack@n-api.service[98910]: DEBUG oslo_db.sqlalchemy.engines [None req-fadaf016-e996-4852-925a-6dd6a2133190 None None] MySQL server mode set to STRICT_TRANS_TABLES,STRICT_ALL_TABLES,NO_ZERO_IN_DATE,NO_ZERO_DATE,ERROR_FOR_DIVISION_BY_ZERO,TRADITIONAL,NO_ENGINE_SUBSTITUTION {{(pid=98910) _check_effective_sql_mode /opt/stack/data/venv/lib/python3.12/site-packages/oslo_db/sqlalchemy/engines.py:325}}
Aug 31 07:34:21.605008 np0000191574 devstack@n-api.service[98908]: DEBUG dbcounter [-] [98908] Writer thread running {{(pid=98908) stat_writer /opt/stack/data/venv/lib/python3.12/site-packages/dbcounter.py:102}}
Aug 31 07:34:21.610892 np0000191574 devstack@n-api.service[98909]: DEBUG oslo_db.sqlalchemy.engines [None req-88a9c0b8-9517-4a35-995c-c0b7abd0e89c None None] MySQL server mode set to STRICT_TRANS_TABLES,STRICT_ALL_TABLES,NO_ZERO_IN_DATE,NO_ZERO_DATE,ERROR_FOR_DIVISION_BY_ZERO,TRADITIONAL,NO_ENGINE_SUBSTITUTION {{(pid=98909) _check_effective_sql_mode /opt/stack/data/venv/lib/python3.12/site-packages/oslo_db/sqlalchemy/engines.py:325}}
Aug 31 07:34:21.615617 np0000191574 devstack@n-api.service[98908]: DEBUG dbcounter [-] [98908] Writer thread running {{(pid=98908) stat_writer /opt/stack/data/venv/lib/python3.12/site-packages/dbcounter.py:102}}
Aug 31 07:34:21.620095 np0000191574 devstack@n-api.service[98908]: INFO dbcounter [None req-c9f7de0d-f129-4d9f-b749-aa3bfaf73c41 None None] Registered counter for database nova_cell0
Aug 31 07:34:21.622730 np0000191574 devstack@n-api.service[98910]: DEBUG oslo_db.sqlalchemy.engines [None req-fadaf016-e996-4852-925a-6dd6a2133190 None None] MySQL server mode set to STRICT_TRANS_TABLES,STRICT_ALL_TABLES,NO_ZERO_IN_DATE,NO_ZERO_DATE,ERROR_FOR_DIVISION_BY_ZERO,TRADITIONAL,NO_ENGINE_SUBSTITUTION {{(pid=98910) _check_effective_sql_mode /opt/stack/data/venv/lib/python3.12/site-packages/oslo_db/sqlalchemy/engines.py:325}}
Aug 31 07:34:21.642433 np0000191574 devstack@n-api.service[98909]: DEBUG dbcounter [-] [98909] Writer thread running {{(pid=98909) stat_writer /opt/stack/data/venv/lib/python3.12/site-packages/dbcounter.py:102}}
Aug 31 07:34:21.645096 np0000191574 devstack@n-api.service[98909]: DEBUG nova.context [None req-88a9c0b8-9517-4a35-995c-c0b7abd0e89c None None] Found 2 cells: 00000000-0000-0000-0000-000000000000(cell0),dc090fc5-4b58-4ba5-a442-b3a077b4d20f(cell1) {{(pid=98909) load_cells /opt/stack/nova/nova/context.py:532}}
Aug 31 07:34:21.647156 np0000191574 devstack@n-api.service[98909]: DEBUG oslo_concurrency.lockutils [None req-88a9c0b8-9517-4a35-995c-c0b7abd0e89c None None] Acquiring lock "00000000-0000-0000-0000-000000000000" by "nova.context.set_target_cell..get_or_set_cached_cell_and_set_connections" {{(pid=98909) inner /opt/stack/data/venv/lib/python3.12/site-packages/oslo_concurrency/lockutils.py:512}}
Aug 31 07:34:21.647321 np0000191574 devstack@n-api.service[98909]: DEBUG oslo_concurrency.lockutils [None req-88a9c0b8-9517-4a35-995c-c0b7abd0e89c None None] Lock "00000000-0000-0000-0000-000000000000" acquired by "nova.context.set_target_cell..get_or_set_cached_cell_and_set_connections" :: waited 0.000s {{(pid=98909) inner /opt/stack/data/venv/lib/python3.12/site-packages/oslo_concurrency/lockutils.py:525}}
Aug 31 07:34:21.647723 np0000191574 devstack@n-api.service[98909]: DEBUG oslo_concurrency.lockutils [None req-88a9c0b8-9517-4a35-995c-c0b7abd0e89c None None] Lock "00000000-0000-0000-0000-000000000000" "released" by "nova.context.set_target_cell..get_or_set_cached_cell_and_set_connections" :: held 0.000s {{(pid=98909) inner /opt/stack/data/venv/lib/python3.12/site-packages/oslo_concurrency/lockutils.py:544}}
Aug 31 07:34:21.648027 np0000191574 devstack@n-api.service[98909]: INFO nova.thread_pool_factory [None req-88a9c0b8-9517-4a35-995c-c0b7abd0e89c None None] The cell_worker thread pool MainProcess.cell_worker is initialized
Aug 31 07:34:21.648877 np0000191574 devstack@n-api.service[98909]: DEBUG oslo_concurrency.lockutils [None req-88a9c0b8-9517-4a35-995c-c0b7abd0e89c None None] Acquiring lock "dc090fc5-4b58-4ba5-a442-b3a077b4d20f" by "nova.context.set_target_cell..get_or_set_cached_cell_and_set_connections" {{(pid=98909) inner /opt/stack/data/venv/lib/python3.12/site-packages/oslo_concurrency/lockutils.py:512}}
Aug 31 07:34:21.649080 np0000191574 devstack@n-api.service[98909]: DEBUG oslo_concurrency.lockutils [None req-88a9c0b8-9517-4a35-995c-c0b7abd0e89c None None] Lock "dc090fc5-4b58-4ba5-a442-b3a077b4d20f" acquired by "nova.context.set_target_cell..get_or_set_cached_cell_and_set_connections" :: waited 0.000s {{(pid=98909) inner /opt/stack/data/venv/lib/python3.12/site-packages/oslo_concurrency/lockutils.py:525}}
Aug 31 07:34:21.650023 np0000191574 devstack@n-api.service[98909]: DEBUG oslo_concurrency.lockutils [None req-88a9c0b8-9517-4a35-995c-c0b7abd0e89c None None] Lock "dc090fc5-4b58-4ba5-a442-b3a077b4d20f" "released" by "nova.context.set_target_cell..get_or_set_cached_cell_and_set_connections" :: held 0.001s {{(pid=98909) inner /opt/stack/data/venv/lib/python3.12/site-packages/oslo_concurrency/lockutils.py:544}}
Aug 31 07:34:21.653935 np0000191574 devstack@n-api.service[98909]: INFO dbcounter [None req-88a9c0b8-9517-4a35-995c-c0b7abd0e89c None None] Registered counter for database nova_cell0
Aug 31 07:34:21.660461 np0000191574 devstack@n-api.service[98907]: INFO dbcounter [None req-f2f3a480-f5fe-4e9e-b55c-430c4e1b53ac None None] Registered counter for database nova_api
Aug 31 07:34:21.661154 np0000191574 devstack@n-api.service[98909]: INFO dbcounter [None req-88a9c0b8-9517-4a35-995c-c0b7abd0e89c None None] Registered counter for database nova_cell1
Aug 31 07:34:21.675322 np0000191574 devstack@n-api.service[98908]: DEBUG oslo_db.sqlalchemy.engines [None req-c9f7de0d-f129-4d9f-b749-aa3bfaf73c41 None None] MySQL server mode set to STRICT_TRANS_TABLES,STRICT_ALL_TABLES,NO_ZERO_IN_DATE,NO_ZERO_DATE,ERROR_FOR_DIVISION_BY_ZERO,TRADITIONAL,NO_ENGINE_SUBSTITUTION {{(pid=98908) _check_effective_sql_mode /opt/stack/data/venv/lib/python3.12/site-packages/oslo_db/sqlalchemy/engines.py:325}}
Aug 31 07:34:21.686514 np0000191574 devstack@n-api.service[98908]: DEBUG dbcounter [-] [98908] Writer thread running {{(pid=98908) stat_writer /opt/stack/data/venv/lib/python3.12/site-packages/dbcounter.py:102}}
Aug 31 07:34:21.697820 np0000191574 devstack@n-api.service[98910]: DEBUG dbcounter [-] [98910] Writer thread running {{(pid=98910) stat_writer /opt/stack/data/venv/lib/python3.12/site-packages/dbcounter.py:102}}
Aug 31 07:34:21.708638 np0000191574 devstack@n-api.service[98910]: DEBUG dbcounter [-] [98910] Writer thread running {{(pid=98910) stat_writer /opt/stack/data/venv/lib/python3.12/site-packages/dbcounter.py:102}}
Aug 31 07:34:21.713779 np0000191574 devstack@n-api.service[98910]: INFO dbcounter [None req-fadaf016-e996-4852-925a-6dd6a2133190 None None] Registered counter for database nova_cell0
Aug 31 07:34:21.714513 np0000191574 devstack@n-api.service[98907]: DEBUG oslo_db.sqlalchemy.engines [None req-f2f3a480-f5fe-4e9e-b55c-430c4e1b53ac None None] MySQL server mode set to STRICT_TRANS_TABLES,STRICT_ALL_TABLES,NO_ZERO_IN_DATE,NO_ZERO_DATE,ERROR_FOR_DIVISION_BY_ZERO,TRADITIONAL,NO_ENGINE_SUBSTITUTION {{(pid=98907) _check_effective_sql_mode /opt/stack/data/venv/lib/python3.12/site-packages/oslo_db/sqlalchemy/engines.py:325}}
Aug 31 07:34:21.749493 np0000191574 devstack@n-api.service[98907]: DEBUG dbcounter [-] [98907] Writer thread running {{(pid=98907) stat_writer /opt/stack/data/venv/lib/python3.12/site-packages/dbcounter.py:102}}
Aug 31 07:34:21.756931 np0000191574 devstack@n-api.service[98909]: DEBUG oslo_db.sqlalchemy.engines [None req-88a9c0b8-9517-4a35-995c-c0b7abd0e89c None None] MySQL server mode set to STRICT_TRANS_TABLES,STRICT_ALL_TABLES,NO_ZERO_IN_DATE,NO_ZERO_DATE,ERROR_FOR_DIVISION_BY_ZERO,TRADITIONAL,NO_ENGINE_SUBSTITUTION {{(pid=98909) _check_effective_sql_mode /opt/stack/data/venv/lib/python3.12/site-packages/oslo_db/sqlalchemy/engines.py:325}}
Aug 31 07:34:21.762843 np0000191574 devstack@n-api.service[98909]: DEBUG oslo_db.sqlalchemy.engines [None req-88a9c0b8-9517-4a35-995c-c0b7abd0e89c None None] MySQL server mode set to STRICT_TRANS_TABLES,STRICT_ALL_TABLES,NO_ZERO_IN_DATE,NO_ZERO_DATE,ERROR_FOR_DIVISION_BY_ZERO,TRADITIONAL,NO_ENGINE_SUBSTITUTION {{(pid=98909) _check_effective_sql_mode /opt/stack/data/venv/lib/python3.12/site-packages/oslo_db/sqlalchemy/engines.py:325}}
Aug 31 07:34:21.770955 np0000191574 devstack@n-api.service[98910]: DEBUG oslo_db.sqlalchemy.engines [None req-fadaf016-e996-4852-925a-6dd6a2133190 None None] MySQL server mode set to STRICT_TRANS_TABLES,STRICT_ALL_TABLES,NO_ZERO_IN_DATE,NO_ZERO_DATE,ERROR_FOR_DIVISION_BY_ZERO,TRADITIONAL,NO_ENGINE_SUBSTITUTION {{(pid=98910) _check_effective_sql_mode /opt/stack/data/venv/lib/python3.12/site-packages/oslo_db/sqlalchemy/engines.py:325}}
Aug 31 07:34:21.781734 np0000191574 devstack@n-api.service[98910]: DEBUG dbcounter [-] [98910] Writer thread running {{(pid=98910) stat_writer /opt/stack/data/venv/lib/python3.12/site-packages/dbcounter.py:102}}
Aug 31 07:34:21.829386 np0000191574 devstack@n-api.service[98907]: DEBUG nova.context [None req-f2f3a480-f5fe-4e9e-b55c-430c4e1b53ac None None] Found 2 cells: 00000000-0000-0000-0000-000000000000(cell0),dc090fc5-4b58-4ba5-a442-b3a077b4d20f(cell1) {{(pid=98907) load_cells /opt/stack/nova/nova/context.py:532}}
Aug 31 07:34:21.831826 np0000191574 devstack@n-api.service[98907]: DEBUG oslo_concurrency.lockutils [None req-f2f3a480-f5fe-4e9e-b55c-430c4e1b53ac None None] Acquiring lock "00000000-0000-0000-0000-000000000000" by "nova.context.set_target_cell..get_or_set_cached_cell_and_set_connections" {{(pid=98907) inner /opt/stack/data/venv/lib/python3.12/site-packages/oslo_concurrency/lockutils.py:512}}
Aug 31 07:34:21.832111 np0000191574 devstack@n-api.service[98907]: DEBUG oslo_concurrency.lockutils [None req-f2f3a480-f5fe-4e9e-b55c-430c4e1b53ac None None] Lock "00000000-0000-0000-0000-000000000000" acquired by "nova.context.set_target_cell..get_or_set_cached_cell_and_set_connections" :: waited 0.000s {{(pid=98907) inner /opt/stack/data/venv/lib/python3.12/site-packages/oslo_concurrency/lockutils.py:525}}
Aug 31 07:34:21.832629 np0000191574 devstack@n-api.service[98907]: DEBUG oslo_concurrency.lockutils [None req-f2f3a480-f5fe-4e9e-b55c-430c4e1b53ac None None] Lock "00000000-0000-0000-0000-000000000000" "released" by "nova.context.set_target_cell..get_or_set_cached_cell_and_set_connections" :: held 0.001s {{(pid=98907) inner /opt/stack/data/venv/lib/python3.12/site-packages/oslo_concurrency/lockutils.py:544}}
Aug 31 07:34:21.833031 np0000191574 devstack@n-api.service[98907]: INFO nova.thread_pool_factory [None req-f2f3a480-f5fe-4e9e-b55c-430c4e1b53ac None None] The cell_worker thread pool MainProcess.cell_worker is initialized
Aug 31 07:34:21.834301 np0000191574 devstack@n-api.service[98907]: DEBUG oslo_concurrency.lockutils [None req-f2f3a480-f5fe-4e9e-b55c-430c4e1b53ac None None] Acquiring lock "dc090fc5-4b58-4ba5-a442-b3a077b4d20f" by "nova.context.set_target_cell..get_or_set_cached_cell_and_set_connections" {{(pid=98907) inner /opt/stack/data/venv/lib/python3.12/site-packages/oslo_concurrency/lockutils.py:512}}
Aug 31 07:34:21.834570 np0000191574 devstack@n-api.service[98907]: DEBUG oslo_concurrency.lockutils [None req-f2f3a480-f5fe-4e9e-b55c-430c4e1b53ac None None] Lock "dc090fc5-4b58-4ba5-a442-b3a077b4d20f" acquired by "nova.context.set_target_cell..get_or_set_cached_cell_and_set_connections" :: waited 0.000s {{(pid=98907) inner /opt/stack/data/venv/lib/python3.12/site-packages/oslo_concurrency/lockutils.py:525}}
Aug 31 07:34:21.835800 np0000191574 devstack@n-api.service[98907]: DEBUG oslo_concurrency.lockutils [None req-f2f3a480-f5fe-4e9e-b55c-430c4e1b53ac None None] Lock "dc090fc5-4b58-4ba5-a442-b3a077b4d20f" "released" by "nova.context.set_target_cell..get_or_set_cached_cell_and_set_connections" :: held 0.001s {{(pid=98907) inner /opt/stack/data/venv/lib/python3.12/site-packages/oslo_concurrency/lockutils.py:544}}
Aug 31 07:34:21.839954 np0000191574 devstack@n-api.service[98907]: INFO dbcounter [None req-f2f3a480-f5fe-4e9e-b55c-430c4e1b53ac None None] Registered counter for database nova_cell0
Aug 31 07:34:21.846426 np0000191574 devstack@n-api.service[98907]: INFO dbcounter [None req-f2f3a480-f5fe-4e9e-b55c-430c4e1b53ac None None] Registered counter for database nova_cell1
Aug 31 07:34:21.855251 np0000191574 devstack@n-api.service[98909]: DEBUG dbcounter [-] [98909] Writer thread running {{(pid=98909) stat_writer /opt/stack/data/venv/lib/python3.12/site-packages/dbcounter.py:102}}
Aug 31 07:34:21.866236 np0000191574 devstack@n-api.service[98909]: DEBUG dbcounter [-] [98909] Writer thread running {{(pid=98909) stat_writer /opt/stack/data/venv/lib/python3.12/site-packages/dbcounter.py:102}}
Aug 31 07:34:21.874694 np0000191574 devstack@n-api.service[98909]: INFO dbcounter [None req-88a9c0b8-9517-4a35-995c-c0b7abd0e89c None None] Registered counter for database nova_cell0
Aug 31 07:34:21.943031 np0000191574 devstack@n-api.service[98907]: DEBUG oslo_db.sqlalchemy.engines [None req-f2f3a480-f5fe-4e9e-b55c-430c4e1b53ac None None] MySQL server mode set to STRICT_TRANS_TABLES,STRICT_ALL_TABLES,NO_ZERO_IN_DATE,NO_ZERO_DATE,ERROR_FOR_DIVISION_BY_ZERO,TRADITIONAL,NO_ENGINE_SUBSTITUTION {{(pid=98907) _check_effective_sql_mode /opt/stack/data/venv/lib/python3.12/site-packages/oslo_db/sqlalchemy/engines.py:325}}
Aug 31 07:34:21.950588 np0000191574 devstack@n-api.service[98909]: DEBUG oslo_db.sqlalchemy.engines [None req-88a9c0b8-9517-4a35-995c-c0b7abd0e89c None None] MySQL server mode set to STRICT_TRANS_TABLES,STRICT_ALL_TABLES,NO_ZERO_IN_DATE,NO_ZERO_DATE,ERROR_FOR_DIVISION_BY_ZERO,TRADITIONAL,NO_ENGINE_SUBSTITUTION {{(pid=98909) _check_effective_sql_mode /opt/stack/data/venv/lib/python3.12/site-packages/oslo_db/sqlalchemy/engines.py:325}}
Aug 31 07:34:21.960669 np0000191574 devstack@n-api.service[98907]: DEBUG oslo_db.sqlalchemy.engines [None req-f2f3a480-f5fe-4e9e-b55c-430c4e1b53ac None None] MySQL server mode set to STRICT_TRANS_TABLES,STRICT_ALL_TABLES,NO_ZERO_IN_DATE,NO_ZERO_DATE,ERROR_FOR_DIVISION_BY_ZERO,TRADITIONAL,NO_ENGINE_SUBSTITUTION {{(pid=98907) _check_effective_sql_mode /opt/stack/data/venv/lib/python3.12/site-packages/oslo_db/sqlalchemy/engines.py:325}}
Aug 31 07:34:21.963154 np0000191574 devstack@n-api.service[98909]: DEBUG dbcounter [-] [98909] Writer thread running {{(pid=98909) stat_writer /opt/stack/data/venv/lib/python3.12/site-packages/dbcounter.py:102}}
Aug 31 07:34:22.041018 np0000191574 devstack@n-api.service[98907]: DEBUG dbcounter [-] [98907] Writer thread running {{(pid=98907) stat_writer /opt/stack/data/venv/lib/python3.12/site-packages/dbcounter.py:102}}
Aug 31 07:34:22.051199 np0000191574 devstack@n-api.service[98907]: DEBUG dbcounter [-] [98907] Writer thread running {{(pid=98907) stat_writer /opt/stack/data/venv/lib/python3.12/site-packages/dbcounter.py:102}}
Aug 31 07:34:22.057155 np0000191574 devstack@n-api.service[98907]: INFO dbcounter [None req-f2f3a480-f5fe-4e9e-b55c-430c4e1b53ac None None] Registered counter for database nova_cell0
Aug 31 07:34:22.100245 np0000191574 devstack@n-api.service[98908]: DEBUG oslo_concurrency.processutils [None req-c9f7de0d-f129-4d9f-b749-aa3bfaf73c41 None None] Running cmd (subprocess): grep -F node.session.scan /sbin/iscsiadm {{(pid=98908) execute /opt/stack/data/venv/lib/python3.12/site-packages/oslo_concurrency/processutils.py:440}}
Aug 31 07:34:22.120931 np0000191574 devstack@n-api.service[98908]: DEBUG oslo_concurrency.processutils [None req-c9f7de0d-f129-4d9f-b749-aa3bfaf73c41 None None] CMD "grep -F node.session.scan /sbin/iscsiadm" returned: 0 in 0.021s {{(pid=98908) execute /opt/stack/data/venv/lib/python3.12/site-packages/oslo_concurrency/processutils.py:468}}
Aug 31 07:34:22.121368 np0000191574 devstack@n-api.service[98907]: DEBUG oslo_db.sqlalchemy.engines [None req-f2f3a480-f5fe-4e9e-b55c-430c4e1b53ac None None] MySQL server mode set to STRICT_TRANS_TABLES,STRICT_ALL_TABLES,NO_ZERO_IN_DATE,NO_ZERO_DATE,ERROR_FOR_DIVISION_BY_ZERO,TRADITIONAL,NO_ENGINE_SUBSTITUTION {{(pid=98907) _check_effective_sql_mode /opt/stack/data/venv/lib/python3.12/site-packages/oslo_db/sqlalchemy/engines.py:325}}
Aug 31 07:34:22.134363 np0000191574 devstack@n-api.service[98907]: DEBUG dbcounter [-] [98907] Writer thread running {{(pid=98907) stat_writer /opt/stack/data/venv/lib/python3.12/site-packages/dbcounter.py:102}}
Aug 31 07:34:22.197913 np0000191574 devstack@n-api.service[98910]: DEBUG oslo_concurrency.processutils [None req-fadaf016-e996-4852-925a-6dd6a2133190 None None] Running cmd (subprocess): grep -F node.session.scan /sbin/iscsiadm {{(pid=98910) execute /opt/stack/data/venv/lib/python3.12/site-packages/oslo_concurrency/processutils.py:440}}
Aug 31 07:34:22.224326 np0000191574 devstack@n-api.service[98910]: DEBUG oslo_concurrency.processutils [None req-fadaf016-e996-4852-925a-6dd6a2133190 None None] CMD "grep -F node.session.scan /sbin/iscsiadm" returned: 0 in 0.027s {{(pid=98910) execute /opt/stack/data/venv/lib/python3.12/site-packages/oslo_concurrency/processutils.py:468}}
Aug 31 07:34:22.349933 np0000191574 devstack@n-api.service[98909]: DEBUG oslo_concurrency.processutils [None req-88a9c0b8-9517-4a35-995c-c0b7abd0e89c None None] Running cmd (subprocess): grep -F node.session.scan /sbin/iscsiadm {{(pid=98909) execute /opt/stack/data/venv/lib/python3.12/site-packages/oslo_concurrency/processutils.py:440}}
Aug 31 07:34:22.376056 np0000191574 devstack@n-api.service[98909]: DEBUG oslo_concurrency.processutils [None req-88a9c0b8-9517-4a35-995c-c0b7abd0e89c None None] CMD "grep -F node.session.scan /sbin/iscsiadm" returned: 0 in 0.026s {{(pid=98909) execute /opt/stack/data/venv/lib/python3.12/site-packages/oslo_concurrency/processutils.py:468}}
Aug 31 07:34:22.511029 np0000191574 devstack@n-api.service[98907]: DEBUG oslo_concurrency.processutils [None req-f2f3a480-f5fe-4e9e-b55c-430c4e1b53ac None None] Running cmd (subprocess): grep -F node.session.scan /sbin/iscsiadm {{(pid=98907) execute /opt/stack/data/venv/lib/python3.12/site-packages/oslo_concurrency/processutils.py:440}}
Aug 31 07:34:22.536528 np0000191574 devstack@n-api.service[98907]: DEBUG oslo_concurrency.processutils [None req-f2f3a480-f5fe-4e9e-b55c-430c4e1b53ac None None] CMD "grep -F node.session.scan /sbin/iscsiadm" returned: 0 in 0.026s {{(pid=98907) execute /opt/stack/data/venv/lib/python3.12/site-packages/oslo_concurrency/processutils.py:468}}
Aug 31 07:34:22.687932 np0000191574 devstack@n-api.service[98908]: DEBUG nova.api.openstack.wsgi_app [None req-c9f7de0d-f129-4d9f-b749-aa3bfaf73c41 None None] ******************************************************************************** {{(pid=98908) log_opt_values /opt/stack/data/venv/lib/python3.12/site-packages/oslo_config/cfg.py:3533}}
Aug 31 07:34:22.688699 np0000191574 devstack@n-api.service[98908]: DEBUG nova.api.openstack.wsgi_app [None req-c9f7de0d-f129-4d9f-b749-aa3bfaf73c41 None None] Configuration options gathered from: {{(pid=98908) log_opt_values /opt/stack/data/venv/lib/python3.12/site-packages/oslo_config/cfg.py:3534}}
Aug 31 07:34:22.688699 np0000191574 devstack@n-api.service[98908]: DEBUG nova.api.openstack.wsgi_app [None req-c9f7de0d-f129-4d9f-b749-aa3bfaf73c41 None None] command line args: [] {{(pid=98908) log_opt_values /opt/stack/data/venv/lib/python3.12/site-packages/oslo_config/cfg.py:3535}}
Aug 31 07:34:22.688699 np0000191574 devstack@n-api.service[98908]: DEBUG nova.api.openstack.wsgi_app [None req-c9f7de0d-f129-4d9f-b749-aa3bfaf73c41 None None] config files: ['/etc/nova/api-paste.ini', '/etc/nova/nova.conf'] {{(pid=98908) log_opt_values /opt/stack/data/venv/lib/python3.12/site-packages/oslo_config/cfg.py:3536}}
Aug 31 07:34:22.688699 np0000191574 devstack@n-api.service[98908]: DEBUG nova.api.openstack.wsgi_app [None req-c9f7de0d-f129-4d9f-b749-aa3bfaf73c41 None None] ================================================================================ {{(pid=98908) log_opt_values /opt/stack/data/venv/lib/python3.12/site-packages/oslo_config/cfg.py:3541}}
Aug 31 07:34:22.689102 np0000191574 devstack@n-api.service[98908]: DEBUG nova.api.openstack.wsgi_app [None req-c9f7de0d-f129-4d9f-b749-aa3bfaf73c41 None None] allow_resize_to_same_host = True {{(pid=98908) log_opt_values /opt/stack/data/venv/lib/python3.12/site-packages/oslo_config/cfg.py:3549}}
Aug 31 07:34:22.689102 np0000191574 devstack@n-api.service[98908]: DEBUG nova.api.openstack.wsgi_app [None req-c9f7de0d-f129-4d9f-b749-aa3bfaf73c41 None None] arq_binding_timeout = 300 {{(pid=98908) log_opt_values /opt/stack/data/venv/lib/python3.12/site-packages/oslo_config/cfg.py:3549}}
Aug 31 07:34:22.689102 np0000191574 devstack@n-api.service[98908]: DEBUG nova.api.openstack.wsgi_app [None req-c9f7de0d-f129-4d9f-b749-aa3bfaf73c41 None None] block_device_allocate_retries = 60 {{(pid=98908) log_opt_values /opt/stack/data/venv/lib/python3.12/site-packages/oslo_config/cfg.py:3549}}
Aug 31 07:34:22.689223 np0000191574 devstack@n-api.service[98908]: DEBUG nova.api.openstack.wsgi_app [None req-c9f7de0d-f129-4d9f-b749-aa3bfaf73c41 None None] block_device_allocate_retries_interval = 3 {{(pid=98908) log_opt_values /opt/stack/data/venv/lib/python3.12/site-packages/oslo_config/cfg.py:3549}}
Aug 31 07:34:22.689350 np0000191574 devstack@n-api.service[98908]: DEBUG nova.api.openstack.wsgi_app [None req-c9f7de0d-f129-4d9f-b749-aa3bfaf73c41 None None] cell_worker_thread_pool_size = 5 {{(pid=98908) log_opt_values /opt/stack/data/venv/lib/python3.12/site-packages/oslo_config/cfg.py:3549}}
Aug 31 07:34:22.689453 np0000191574 devstack@n-api.service[98908]: DEBUG nova.api.openstack.wsgi_app [None req-c9f7de0d-f129-4d9f-b749-aa3bfaf73c41 None None] cert = self.pem {{(pid=98908) log_opt_values /opt/stack/data/venv/lib/python3.12/site-packages/oslo_config/cfg.py:3549}}
Aug 31 07:34:22.689599 np0000191574 devstack@n-api.service[98908]: DEBUG nova.api.openstack.wsgi_app [None req-c9f7de0d-f129-4d9f-b749-aa3bfaf73c41 None None] compute_driver = libvirt.LibvirtDriver {{(pid=98908) log_opt_values /opt/stack/data/venv/lib/python3.12/site-packages/oslo_config/cfg.py:3549}}
Aug 31 07:34:22.689713 np0000191574 devstack@n-api.service[98908]: DEBUG nova.api.openstack.wsgi_app [None req-c9f7de0d-f129-4d9f-b749-aa3bfaf73c41 None None] compute_monitors = [] {{(pid=98908) log_opt_values /opt/stack/data/venv/lib/python3.12/site-packages/oslo_config/cfg.py:3549}}
Aug 31 07:34:22.689881 np0000191574 devstack@n-api.service[98908]: DEBUG nova.api.openstack.wsgi_app [None req-c9f7de0d-f129-4d9f-b749-aa3bfaf73c41 None None] concurrency_backend = auto {{(pid=98908) log_opt_values /opt/stack/data/venv/lib/python3.12/site-packages/oslo_config/cfg.py:3549}}
Aug 31 07:34:22.690220 np0000191574 devstack@n-api.service[98908]: DEBUG nova.api.openstack.wsgi_app [None req-c9f7de0d-f129-4d9f-b749-aa3bfaf73c41 None None] config_dir = [] {{(pid=98908) log_opt_values /opt/stack/data/venv/lib/python3.12/site-packages/oslo_config/cfg.py:3549}}
Aug 31 07:34:22.690220 np0000191574 devstack@n-api.service[98908]: DEBUG nova.api.openstack.wsgi_app [None req-c9f7de0d-f129-4d9f-b749-aa3bfaf73c41 None None] config_drive_format = iso9660 {{(pid=98908) log_opt_values /opt/stack/data/venv/lib/python3.12/site-packages/oslo_config/cfg.py:3549}}
Aug 31 07:34:22.690220 np0000191574 devstack@n-api.service[98908]: DEBUG nova.api.openstack.wsgi_app [None req-c9f7de0d-f129-4d9f-b749-aa3bfaf73c41 None None] config_file = ['/etc/nova/api-paste.ini', '/etc/nova/nova.conf'] {{(pid=98908) log_opt_values /opt/stack/data/venv/lib/python3.12/site-packages/oslo_config/cfg.py:3549}}
Aug 31 07:34:22.690375 np0000191574 devstack@n-api.service[98908]: DEBUG nova.api.openstack.wsgi_app [None req-c9f7de0d-f129-4d9f-b749-aa3bfaf73c41 None None] config_source = [] {{(pid=98908) log_opt_values /opt/stack/data/venv/lib/python3.12/site-packages/oslo_config/cfg.py:3549}}
Aug 31 07:34:22.690534 np0000191574 devstack@n-api.service[98908]: DEBUG nova.api.openstack.wsgi_app [None req-c9f7de0d-f129-4d9f-b749-aa3bfaf73c41 None None] console_host = np0000191574 {{(pid=98908) log_opt_values /opt/stack/data/venv/lib/python3.12/site-packages/oslo_config/cfg.py:3549}}
Aug 31 07:34:22.690628 np0000191574 devstack@n-api.service[98908]: DEBUG nova.api.openstack.wsgi_app [None req-c9f7de0d-f129-4d9f-b749-aa3bfaf73c41 None None] control_exchange = nova {{(pid=98908) log_opt_values /opt/stack/data/venv/lib/python3.12/site-packages/oslo_config/cfg.py:3549}}
Aug 31 07:34:22.690760 np0000191574 devstack@n-api.service[98908]: DEBUG nova.api.openstack.wsgi_app [None req-c9f7de0d-f129-4d9f-b749-aa3bfaf73c41 None None] cpu_allocation_ratio = None {{(pid=98908) log_opt_values /opt/stack/data/venv/lib/python3.12/site-packages/oslo_config/cfg.py:3549}}
Aug 31 07:34:22.690881 np0000191574 devstack@n-api.service[98908]: DEBUG nova.api.openstack.wsgi_app [None req-c9f7de0d-f129-4d9f-b749-aa3bfaf73c41 None None] daemon = False {{(pid=98908) log_opt_values /opt/stack/data/venv/lib/python3.12/site-packages/oslo_config/cfg.py:3549}}
Aug 31 07:34:22.691029 np0000191574 devstack@n-api.service[98908]: DEBUG nova.api.openstack.wsgi_app [None req-c9f7de0d-f129-4d9f-b749-aa3bfaf73c41 None None] debug = True {{(pid=98908) log_opt_values /opt/stack/data/venv/lib/python3.12/site-packages/oslo_config/cfg.py:3549}}
Aug 31 07:34:22.691154 np0000191574 devstack@n-api.service[98908]: DEBUG nova.api.openstack.wsgi_app [None req-c9f7de0d-f129-4d9f-b749-aa3bfaf73c41 None None] default_access_ip_network_name = None {{(pid=98908) log_opt_values /opt/stack/data/venv/lib/python3.12/site-packages/oslo_config/cfg.py:3549}}
Aug 31 07:34:22.691282 np0000191574 devstack@n-api.service[98908]: DEBUG nova.api.openstack.wsgi_app [None req-c9f7de0d-f129-4d9f-b749-aa3bfaf73c41 None None] default_availability_zone = nova {{(pid=98908) log_opt_values /opt/stack/data/venv/lib/python3.12/site-packages/oslo_config/cfg.py:3549}}
Aug 31 07:34:22.691414 np0000191574 devstack@n-api.service[98908]: DEBUG nova.api.openstack.wsgi_app [None req-c9f7de0d-f129-4d9f-b749-aa3bfaf73c41 None None] default_ephemeral_format = ext4 {{(pid=98908) log_opt_values /opt/stack/data/venv/lib/python3.12/site-packages/oslo_config/cfg.py:3549}}
Aug 31 07:34:22.691539 np0000191574 devstack@n-api.service[98908]: DEBUG nova.api.openstack.wsgi_app [None req-c9f7de0d-f129-4d9f-b749-aa3bfaf73c41 None None] default_green_pool_size = 1000 {{(pid=98908) log_opt_values /opt/stack/data/venv/lib/python3.12/site-packages/oslo_config/cfg.py:3549}}
Aug 31 07:34:22.691771 np0000191574 devstack@n-api.service[98908]: DEBUG nova.api.openstack.wsgi_app [None req-c9f7de0d-f129-4d9f-b749-aa3bfaf73c41 None None] default_log_levels = ['amqp=WARN', 'boto=WARN', 'sqlalchemy=WARN', 'suds=INFO', 'oslo.messaging=INFO', 'oslo_messaging=INFO', 'iso8601=WARN', 'requests.packages.urllib3.connectionpool=WARN', 'urllib3.connectionpool=WARN', 'websocket=WARN', 'requests.packages.urllib3.util.retry=WARN', 'urllib3.util.retry=WARN', 'keystonemiddleware=WARN', 'routes.middleware=WARN', 'stevedore=WARN', 'taskflow=WARN', 'keystoneauth=WARN', 'oslo.cache=INFO', 'oslo_policy=INFO', 'dogpile.core.dogpile=INFO', 'glanceclient=WARN', 'oslo.privsep.daemon=INFO'] {{(pid=98908) log_opt_values /opt/stack/data/venv/lib/python3.12/site-packages/oslo_config/cfg.py:3549}}
Aug 31 07:34:22.691900 np0000191574 devstack@n-api.service[98908]: DEBUG nova.api.openstack.wsgi_app [None req-c9f7de0d-f129-4d9f-b749-aa3bfaf73c41 None None] default_schedule_zone = None {{(pid=98908) log_opt_values /opt/stack/data/venv/lib/python3.12/site-packages/oslo_config/cfg.py:3549}}
Aug 31 07:34:22.692038 np0000191574 devstack@n-api.service[98908]: DEBUG nova.api.openstack.wsgi_app [None req-c9f7de0d-f129-4d9f-b749-aa3bfaf73c41 None None] default_thread_pool_size = 10 {{(pid=98908) log_opt_values /opt/stack/data/venv/lib/python3.12/site-packages/oslo_config/cfg.py:3549}}
Aug 31 07:34:22.692151 np0000191574 devstack@n-api.service[98908]: DEBUG nova.api.openstack.wsgi_app [None req-c9f7de0d-f129-4d9f-b749-aa3bfaf73c41 None None] disk_allocation_ratio = None {{(pid=98908) log_opt_values /opt/stack/data/venv/lib/python3.12/site-packages/oslo_config/cfg.py:3549}}
Aug 31 07:34:22.692273 np0000191574 devstack@n-api.service[98908]: DEBUG nova.api.openstack.wsgi_app [None req-c9f7de0d-f129-4d9f-b749-aa3bfaf73c41 None None] enable_new_services = True {{(pid=98908) log_opt_values /opt/stack/data/venv/lib/python3.12/site-packages/oslo_config/cfg.py:3549}}
Aug 31 07:34:22.692397 np0000191574 devstack@n-api.service[98908]: DEBUG nova.api.openstack.wsgi_app [None req-c9f7de0d-f129-4d9f-b749-aa3bfaf73c41 None None] flat_injected = False {{(pid=98908) log_opt_values /opt/stack/data/venv/lib/python3.12/site-packages/oslo_config/cfg.py:3549}}
Aug 31 07:34:22.692517 np0000191574 devstack@n-api.service[98908]: DEBUG nova.api.openstack.wsgi_app [None req-c9f7de0d-f129-4d9f-b749-aa3bfaf73c41 None None] force_config_drive = False {{(pid=98908) log_opt_values /opt/stack/data/venv/lib/python3.12/site-packages/oslo_config/cfg.py:3549}}
Aug 31 07:34:22.692639 np0000191574 devstack@n-api.service[98908]: DEBUG nova.api.openstack.wsgi_app [None req-c9f7de0d-f129-4d9f-b749-aa3bfaf73c41 None None] force_raw_images = True {{(pid=98908) log_opt_values /opt/stack/data/venv/lib/python3.12/site-packages/oslo_config/cfg.py:3549}}
Aug 31 07:34:22.692780 np0000191574 devstack@n-api.service[98908]: DEBUG nova.api.openstack.wsgi_app [None req-c9f7de0d-f129-4d9f-b749-aa3bfaf73c41 None None] graceful_shutdown_timeout = 5 {{(pid=98908) log_opt_values /opt/stack/data/venv/lib/python3.12/site-packages/oslo_config/cfg.py:3549}}
Aug 31 07:34:22.692905 np0000191574 devstack@n-api.service[98908]: DEBUG nova.api.openstack.wsgi_app [None req-c9f7de0d-f129-4d9f-b749-aa3bfaf73c41 None None] heal_instance_info_cache_interval = -1 {{(pid=98908) log_opt_values /opt/stack/data/venv/lib/python3.12/site-packages/oslo_config/cfg.py:3549}}
Aug 31 07:34:22.693090 np0000191574 devstack@n-api.service[98908]: DEBUG nova.api.openstack.wsgi_app [None req-c9f7de0d-f129-4d9f-b749-aa3bfaf73c41 None None] host = np0000191574 {{(pid=98908) log_opt_values /opt/stack/data/venv/lib/python3.12/site-packages/oslo_config/cfg.py:3549}}
Aug 31 07:34:22.693217 np0000191574 devstack@n-api.service[98908]: DEBUG nova.api.openstack.wsgi_app [None req-c9f7de0d-f129-4d9f-b749-aa3bfaf73c41 None None] initial_cpu_allocation_ratio = 4.0 {{(pid=98908) log_opt_values /opt/stack/data/venv/lib/python3.12/site-packages/oslo_config/cfg.py:3549}}
Aug 31 07:34:22.693342 np0000191574 devstack@n-api.service[98908]: DEBUG nova.api.openstack.wsgi_app [None req-c9f7de0d-f129-4d9f-b749-aa3bfaf73c41 None None] initial_disk_allocation_ratio = 1.0 {{(pid=98908) log_opt_values /opt/stack/data/venv/lib/python3.12/site-packages/oslo_config/cfg.py:3549}}
Aug 31 07:34:22.693465 np0000191574 devstack@n-api.service[98908]: DEBUG nova.api.openstack.wsgi_app [None req-c9f7de0d-f129-4d9f-b749-aa3bfaf73c41 None None] initial_ram_allocation_ratio = 1.0 {{(pid=98908) log_opt_values /opt/stack/data/venv/lib/python3.12/site-packages/oslo_config/cfg.py:3549}}
Aug 31 07:34:22.693629 np0000191574 devstack@n-api.service[98908]: DEBUG nova.api.openstack.wsgi_app [None req-c9f7de0d-f129-4d9f-b749-aa3bfaf73c41 None None] injected_network_template = /opt/stack/nova/nova/virt/interfaces.template {{(pid=98908) log_opt_values /opt/stack/data/venv/lib/python3.12/site-packages/oslo_config/cfg.py:3549}}
Aug 31 07:34:22.693765 np0000191574 devstack@n-api.service[98908]: DEBUG nova.api.openstack.wsgi_app [None req-c9f7de0d-f129-4d9f-b749-aa3bfaf73c41 None None] instance_build_timeout = 0 {{(pid=98908) log_opt_values /opt/stack/data/venv/lib/python3.12/site-packages/oslo_config/cfg.py:3549}}
Aug 31 07:34:22.693890 np0000191574 devstack@n-api.service[98908]: DEBUG nova.api.openstack.wsgi_app [None req-c9f7de0d-f129-4d9f-b749-aa3bfaf73c41 None None] instance_delete_interval = 300 {{(pid=98908) log_opt_values /opt/stack/data/venv/lib/python3.12/site-packages/oslo_config/cfg.py:3549}}
Aug 31 07:34:22.694041 np0000191574 devstack@n-api.service[98908]: DEBUG nova.api.openstack.wsgi_app [None req-c9f7de0d-f129-4d9f-b749-aa3bfaf73c41 None None] instance_format = [instance: %(uuid)s] {{(pid=98908) log_opt_values /opt/stack/data/venv/lib/python3.12/site-packages/oslo_config/cfg.py:3549}}
Aug 31 07:34:22.694162 np0000191574 devstack@n-api.service[98908]: DEBUG nova.api.openstack.wsgi_app [None req-c9f7de0d-f129-4d9f-b749-aa3bfaf73c41 None None] instance_name_template = instance-%08x {{(pid=98908) log_opt_values /opt/stack/data/venv/lib/python3.12/site-packages/oslo_config/cfg.py:3549}}
Aug 31 07:34:22.694285 np0000191574 devstack@n-api.service[98908]: DEBUG nova.api.openstack.wsgi_app [None req-c9f7de0d-f129-4d9f-b749-aa3bfaf73c41 None None] instance_usage_audit = False {{(pid=98908) log_opt_values /opt/stack/data/venv/lib/python3.12/site-packages/oslo_config/cfg.py:3549}}
Aug 31 07:34:22.694413 np0000191574 devstack@n-api.service[98908]: DEBUG nova.api.openstack.wsgi_app [None req-c9f7de0d-f129-4d9f-b749-aa3bfaf73c41 None None] instance_usage_audit_period = month {{(pid=98908) log_opt_values /opt/stack/data/venv/lib/python3.12/site-packages/oslo_config/cfg.py:3549}}
Aug 31 07:34:22.694490 np0000191574 devstack@n-api.service[98910]: DEBUG nova.api.openstack.wsgi_app [None req-fadaf016-e996-4852-925a-6dd6a2133190 None None] ******************************************************************************** {{(pid=98910) log_opt_values /opt/stack/data/venv/lib/python3.12/site-packages/oslo_config/cfg.py:3533}}
Aug 31 07:34:22.694772 np0000191574 devstack@n-api.service[98908]: DEBUG nova.api.openstack.wsgi_app [None req-c9f7de0d-f129-4d9f-b749-aa3bfaf73c41 None None] instance_uuid_format = [instance: %(uuid)s] {{(pid=98908) log_opt_values /opt/stack/data/venv/lib/python3.12/site-packages/oslo_config/cfg.py:3549}}
Aug 31 07:34:22.694832 np0000191574 devstack@n-api.service[98910]: DEBUG nova.api.openstack.wsgi_app [None req-fadaf016-e996-4852-925a-6dd6a2133190 None None] Configuration options gathered from: {{(pid=98910) log_opt_values /opt/stack/data/venv/lib/python3.12/site-packages/oslo_config/cfg.py:3534}}
Aug 31 07:34:22.694872 np0000191574 devstack@n-api.service[98908]: DEBUG nova.api.openstack.wsgi_app [None req-c9f7de0d-f129-4d9f-b749-aa3bfaf73c41 None None] instances_path = /opt/stack/data/nova/instances {{(pid=98908) log_opt_values /opt/stack/data/venv/lib/python3.12/site-packages/oslo_config/cfg.py:3549}}
Aug 31 07:34:22.694872 np0000191574 devstack@n-api.service[98908]: DEBUG nova.api.openstack.wsgi_app [None req-c9f7de0d-f129-4d9f-b749-aa3bfaf73c41 None None] internal_service_availability_zone = internal {{(pid=98908) log_opt_values /opt/stack/data/venv/lib/python3.12/site-packages/oslo_config/cfg.py:3549}}
Aug 31 07:34:22.695070 np0000191574 devstack@n-api.service[98908]: DEBUG nova.api.openstack.wsgi_app [None req-c9f7de0d-f129-4d9f-b749-aa3bfaf73c41 None None] key = None {{(pid=98908) log_opt_values /opt/stack/data/venv/lib/python3.12/site-packages/oslo_config/cfg.py:3549}}
Aug 31 07:34:22.695188 np0000191574 devstack@n-api.service[98910]: DEBUG nova.api.openstack.wsgi_app [None req-fadaf016-e996-4852-925a-6dd6a2133190 None None] command line args: [] {{(pid=98910) log_opt_values /opt/stack/data/venv/lib/python3.12/site-packages/oslo_config/cfg.py:3535}}
Aug 31 07:34:22.695281 np0000191574 devstack@n-api.service[98908]: DEBUG nova.api.openstack.wsgi_app [None req-c9f7de0d-f129-4d9f-b749-aa3bfaf73c41 None None] live_migration_retry_count = 30 {{(pid=98908) log_opt_values /opt/stack/data/venv/lib/python3.12/site-packages/oslo_config/cfg.py:3549}}
Aug 31 07:34:22.695503 np0000191574 devstack@n-api.service[98910]: DEBUG nova.api.openstack.wsgi_app [None req-fadaf016-e996-4852-925a-6dd6a2133190 None None] config files: ['/etc/nova/api-paste.ini', '/etc/nova/nova.conf'] {{(pid=98910) log_opt_values /opt/stack/data/venv/lib/python3.12/site-packages/oslo_config/cfg.py:3536}}
Aug 31 07:34:22.695596 np0000191574 devstack@n-api.service[98908]: DEBUG nova.api.openstack.wsgi_app [None req-c9f7de0d-f129-4d9f-b749-aa3bfaf73c41 None None] log_color = False {{(pid=98908) log_opt_values /opt/stack/data/venv/lib/python3.12/site-packages/oslo_config/cfg.py:3549}}
