2026-04-25 14:52:45.414 7 INFO placement.requestlog [None req-891bceb2-7082-45dc-aac3-bf3a10bb4637 aef5d2a36aa34c0496167905176a578f fe998b8fde704e5e9b3817860c09046f - - 24e1f1804bb54b078267373073b997e3 24e1f1804bb54b078267373073b997e3] 10.0.0.143 "GET /resource_providers/96c05476-fb35-4123-bcd4-96173ec41c91/aggregates" status: 404 len: 235 microversion: 1.1 [pid: 7|app: 0|req: 159/315] 10.0.0.143 () {32 vars in 816 bytes} [Sat Apr 25 14:52:45 2026] GET /resource_providers/96c05476-fb35-4123-bcd4-96173ec41c91/aggregates => generated 235 bytes in 9 msecs (HTTP/1.1 404) 5 headers in 202 bytes (1 switches on core 0)
2026-04-25 14:52:45.422 8 INFO placement.requestlog [None req-ef27f2cb-b830-4ebf-a919-4ddcd1883f49 aef5d2a36aa34c0496167905176a578f fe998b8fde704e5e9b3817860c09046f - - 24e1f1804bb54b078267373073b997e3 24e1f1804bb54b078267373073b997e3] 10.0.0.143 "GET /resource_providers/96c05476-fb35-4123-bcd4-96173ec41c91/aggregates" status: 404 len: 235 microversion: 1.1 [pid: 8|app: 0|req: 157/316] 10.0.0.143 () {32 vars in 816 bytes} [Sat Apr 25 14:52:45 2026] GET /resource_providers/96c05476-fb35-4123-bcd4-96173ec41c91/aggregates => generated 235 bytes in 9 msecs (HTTP/1.1 404) 5 headers in 202 bytes (1 switches on core 0)
2026-04-25 14:52:45.439 8 INFO placement.requestlog [None req-4e9ab017-e425-4ac8-a3d4-b1beac7539d1 aef5d2a36aa34c0496167905176a578f fe998b8fde704e5e9b3817860c09046f - - 24e1f1804bb54b078267373073b997e3 24e1f1804bb54b078267373073b997e3] 10.0.0.143 "DELETE /resource_providers/96c05476-fb35-4123-bcd4-96173ec41c91" status: 404 len: 246 microversion: 1.1 [pid: 8|app: 0|req: 158/317] 10.0.0.143 () {34 vars in 816 bytes} [Sat Apr 25 14:52:45 2026] DELETE /resource_providers/96c05476-fb35-4123-bcd4-96173ec41c91 => generated 246 bytes in 7 msecs (HTTP/1.1 404) 6 headers in 231 bytes (1 switches on core 0)
2026-04-25 14:52:45.442 7 INFO placement.requestlog [None req-f74b98f4-ae43-4d38-b336-70a12cdea770 aef5d2a36aa34c0496167905176a578f fe998b8fde704e5e9b3817860c09046f - - 24e1f1804bb54b078267373073b997e3 24e1f1804bb54b078267373073b997e3] 10.0.0.143 "DELETE /resource_providers/96c05476-fb35-4123-bcd4-96173ec41c91" status: 404 len: 246 microversion: 1.1 [pid: 7|app: 0|req: 160/318] 10.0.0.143 () {34 vars in 816 bytes} [Sat Apr 25 14:52:45 2026] DELETE /resource_providers/96c05476-fb35-4123-bcd4-96173ec41c91 => generated 246 bytes in 17 msecs (HTTP/1.1 404) 6 headers in 231 bytes (1 switches on core 0)
2026-04-25 14:52:47.661 7 INFO placement.requestlog [None req-3ea203df-49ba-4f4a-8949-472a45d114d0 - - - - - -] 10.0.0.172 "GET /" status: 200 len: 136 microversion: 1.0
2026-04-25 14:52:47.662 8 INFO placement.requestlog [None req-4bc1ab8b-73c9-4240-b4a3-efc8ff5c6ab3 - - - - - -] 10.0.0.172 "GET /" status: 200 len: 136 microversion: 1.0
2026-04-25 14:52:56.822 7 INFO placement.requestlog [req-a821d9e7-2b62-4ef3-b1bd-5742a9884e2b req-b8dee12c-ecc7-4fd3-bc79-2db2223297e4 d18708dc2ff34ed08cfb28694b22c77a fe998b8fde704e5e9b3817860c09046f - - 24e1f1804bb54b078267373073b997e3 24e1f1804bb54b078267373073b997e3] 10.0.0.157 "GET /allocation_candidates?limit=1000&resources=DISK_GB%3A1%2CMEMORY_MB%3A512%2CVCPU%3A1&root_required=%21COMPUTE_STATUS_DISABLED" status: 200 len: 2784 microversion: 1.36 [pid: 7|app: 0|req: 162/321] 10.0.0.157 () {34 vars in 1012 bytes} [Sat Apr 25 14:52:56 2026] GET /allocation_candidates?limit=1000&resources=DISK_GB%3A1%2CMEMORY_MB%3A512%2CVCPU%3A1&root_required=%21COMPUTE_STATUS_DISABLED => generated 2784 bytes in 43 msecs (HTTP/1.1 200) 8 headers in 297 bytes (1 switches on core 0)
2026-04-25 14:52:56.847 8 INFO placement.requestlog [req-a821d9e7-2b62-4ef3-b1bd-5742a9884e2b req-669be516-ea30-48f8-aedf-d3f0b91bd6da d18708dc2ff34ed08cfb28694b22c77a fe998b8fde704e5e9b3817860c09046f - - 24e1f1804bb54b078267373073b997e3 24e1f1804bb54b078267373073b997e3] 10.0.0.157 "GET /allocations/e6c84578-a673-455a-9b0d-e19d413dc615" status: 200 len: 19 microversion: 1.28 [pid: 8|app: 0|req: 160/322] 10.0.0.157 () {34 vars in 861 bytes} [Sat Apr 25 14:52:56 2026] GET /allocations/e6c84578-a673-455a-9b0d-e19d413dc615 => generated 19 bytes in 11 msecs (HTTP/1.1 200) 8 headers in 295 bytes (1 switches on core 0)
2026-04-25 14:52:56.917 7 INFO placement.requestlog [req-a821d9e7-2b62-4ef3-b1bd-5742a9884e2b req-b0206b7d-8c54-4341-8f86-ca64111a93fa d18708dc2ff34ed08cfb28694b22c77a fe998b8fde704e5e9b3817860c09046f - - 24e1f1804bb54b078267373073b997e3 24e1f1804bb54b078267373073b997e3] 10.0.0.157 "PUT /allocations/e6c84578-a673-455a-9b0d-e19d413dc615" status: 204 len: 0 microversion: 1.36 [pid: 7|app: 0|req: 163/323] 10.0.0.157 () {38 vars in 914 bytes} [Sat Apr 25 14:52:56 2026] PUT /allocations/e6c84578-a673-455a-9b0d-e19d413dc615 => generated 0 bytes in 66 msecs (HTTP/1.1 204) 5 headers in 199 bytes (1 switches on core 0)
2026-04-25 14:52:57.661 7 INFO placement.requestlog [None req-a08825fb-41c7-4c0a-9d23-95721988edf0 - - - - - -] 10.0.0.172 "GET /" status: 200 len: 136 microversion: 1.0
2026-04-25 14:52:57.661 8 INFO placement.requestlog [None req-cd0b9402-b12c-42ac-8819-5647886a4247 - - - - - -] 10.0.0.172 "GET /" status: 200 len: 136 microversion: 1.0
2026-04-25 14:52:58.450 7 INFO placement.requestlog [req-a821d9e7-2b62-4ef3-b1bd-5742a9884e2b req-a0ad3d23-65cf-4db0-9f4f-f4781e6eb4c4 d18708dc2ff34ed08cfb28694b22c77a fe998b8fde704e5e9b3817860c09046f - - 24e1f1804bb54b078267373073b997e3 24e1f1804bb54b078267373073b997e3] 199.204.45.153 "GET /allocations/e6c84578-a673-455a-9b0d-e19d413dc615" status: 200 len: 257 microversion: 1.28 [pid: 7|app: 0|req: 165/326] 199.204.45.153 () {34 vars in 863 bytes} [Sat Apr 25 14:52:58 2026] GET /allocations/e6c84578-a673-455a-9b0d-e19d413dc615 => generated 257 bytes in 22 msecs (HTTP/1.1 200) 8 headers in 296 bytes (1 switches on core 0)
2026-04-25 14:52:59.495 8 INFO placement.requestlog [req-a821d9e7-2b62-4ef3-b1bd-5742a9884e2b req-eba3774e-898a-4bd3-836d-a7e3c7f55e9f d18708dc2ff34ed08cfb28694b22c77a fe998b8fde704e5e9b3817860c09046f - - 24e1f1804bb54b078267373073b997e3 24e1f1804bb54b078267373073b997e3] 199.204.45.153 "GET /resource_providers/c7d6ffb7-20d1-482b-bda4-0a278e5f52b6/allocations" status: 200 len: 352 microversion: 1.0 [pid: 8|app: 0|req: 162/327] 199.204.45.153 () {32 vars in 857 bytes} [Sat Apr 25 14:52:59 2026] GET /resource_providers/c7d6ffb7-20d1-482b-bda4-0a278e5f52b6/allocations => generated 352 bytes in 17 msecs (HTTP/1.1 200) 6 headers in 224 bytes (1 switches on core 0)
2026-04-25 14:52:59.513 7 INFO placement.requestlog [req-a821d9e7-2b62-4ef3-b1bd-5742a9884e2b req-d22bdf7a-9cc8-40db-ab41-83a7614214eb d18708dc2ff34ed08cfb28694b22c77a fe998b8fde704e5e9b3817860c09046f - - 24e1f1804bb54b078267373073b997e3 24e1f1804bb54b078267373073b997e3] 199.204.45.153 "GET /allocations/16def69b-0188-4bdc-9167-5769fa6377f8" status: 200 len: 257 microversion: 1.28 [pid: 7|app: 0|req: 166/328] 199.204.45.153 () {34 vars in 863 bytes} [Sat Apr 25 14:52:59 2026] GET /allocations/16def69b-0188-4bdc-9167-5769fa6377f8 => generated 257 bytes in 11 msecs (HTTP/1.1 200) 8 headers in 296 bytes (1 switches on core 0)
2026-04-25 14:52:59.528 8 INFO placement.requestlog [req-a821d9e7-2b62-4ef3-b1bd-5742a9884e2b req-5f3eea83-5cb0-44eb-829c-82144b2e7c97 d18708dc2ff34ed08cfb28694b22c77a fe998b8fde704e5e9b3817860c09046f - - 24e1f1804bb54b078267373073b997e3 24e1f1804bb54b078267373073b997e3] 199.204.45.153 "GET /allocations/e9948ea6-08eb-403e-86a8-ad634b0a0f83" status: 200 len: 257 microversion: 1.28 [pid: 8|app: 0|req: 163/329] 199.204.45.153 () {34 vars in 863 bytes} [Sat Apr 25 14:52:59 2026] GET /allocations/e9948ea6-08eb-403e-86a8-ad634b0a0f83 => generated 257 bytes in 11 msecs (HTTP/1.1 200) 8 headers in 296 bytes (1 switches on core 0)
2026-04-25 14:52:59.545 7 INFO placement.requestlog [req-a821d9e7-2b62-4ef3-b1bd-5742a9884e2b req-86d2bf3e-9c97-4d9c-99dc-9ab9b3d37fa6 d18708dc2ff34ed08cfb28694b22c77a fe998b8fde704e5e9b3817860c09046f - - 24e1f1804bb54b078267373073b997e3 24e1f1804bb54b078267373073b997e3] 199.204.45.153 "GET /allocations/e6c84578-a673-455a-9b0d-e19d413dc615" status: 200 len: 257 microversion: 1.28 [pid: 7|app: 0|req: 167/330] 199.204.45.153 () {34 vars in 863 bytes} [Sat Apr 25 14:52:59 2026] GET /allocations/e6c84578-a673-455a-9b0d-e19d413dc615 => generated 257 bytes in 11 msecs (HTTP/1.1 200) 8 headers in 296 bytes (1 switches on core 0)
2026-04-25 14:53:07.663 7 INFO placement.requestlog [None req-b68d1c00-d8a6-48bd-a0a6-37f37b056aff - - - - - -] 10.0.0.172 "GET /" status: 200 len: 136 microversion: 1.0
2026-04-25 14:53:07.664 8 INFO placement.requestlog [None req-226e48a0-8ff5-46cc-bb46-d5ec9179b5eb - - - - - -] 10.0.0.172 "GET /" status: 200 len: 136 microversion: 1.0
2026-04-25 14:53:09.286 7 INFO placement.requestlog [None req-defa66a5-7cfe-424e-8d28-5f50d888780b aef5d2a36aa34c0496167905176a578f fe998b8fde704e5e9b3817860c09046f - - 24e1f1804bb54b078267373073b997e3 24e1f1804bb54b078267373073b997e3] 10.0.0.143 "GET /resource_providers/4f4b1a3c-6f53-4eb4-a4af-bab3d1179129/aggregates" status: 404 len: 235 microversion: 1.1 [pid: 7|app: 0|req: 169/333] 10.0.0.143 () {32 vars in 816 bytes} [Sat Apr 25 14:53:09 2026] GET /resource_providers/4f4b1a3c-6f53-4eb4-a4af-bab3d1179129/aggregates => generated 235 bytes in 17 msecs (HTTP/1.1 404) 5 headers in 202 bytes (1 switches on core 0)
2026-04-25 14:53:09.289 8 INFO placement.requestlog [None req-ed943795-8721-45dd-8dc4-5065ffa1fdb8 aef5d2a36aa34c0496167905176a578f fe998b8fde704e5e9b3817860c09046f - - 24e1f1804bb54b078267373073b997e3 24e1f1804bb54b078267373073b997e3] 10.0.0.143 "GET /resource_providers/4f4b1a3c-6f53-4eb4-a4af-bab3d1179129/aggregates" status: 404 len: 235 microversion: 1.1 [pid: 8|app: 0|req: 165/334] 10.0.0.143 () {32 vars in 816 bytes} [Sat Apr 25 14:53:09 2026] GET /resource_providers/4f4b1a3c-6f53-4eb4-a4af-bab3d1179129/aggregates => generated 235 bytes in 12 msecs (HTTP/1.1 404) 5 headers in 202 bytes (1 switches on core 0)
2026-04-25 14:53:09.324 8 INFO placement.requestlog [None req-122bead7-6e9b-43d6-b5b3-3c12225f9bbe aef5d2a36aa34c0496167905176a578f fe998b8fde704e5e9b3817860c09046f - - 24e1f1804bb54b078267373073b997e3 24e1f1804bb54b078267373073b997e3] 10.0.0.143 "DELETE /resource_providers/4f4b1a3c-6f53-4eb4-a4af-bab3d1179129" status: 404 len: 246 microversion: 1.1 [pid: 8|app: 0|req: 166/335] 10.0.0.143 () {34 vars in 816 bytes} [Sat Apr 25 14:53:09 2026] DELETE /resource_providers/4f4b1a3c-6f53-4eb4-a4af-bab3d1179129 => generated 246 bytes in 11 msecs (HTTP/1.1 404) 6 headers in 231 bytes (1 switches on core 0)
2026-04-25 14:53:09.326 7 INFO placement.requestlog [None req-f599815a-77ac-43a8-b15b-7eecb7f3fd22 aef5d2a36aa34c0496167905176a578f fe998b8fde704e5e9b3817860c09046f - - 24e1f1804bb54b078267373073b997e3 24e1f1804bb54b078267373073b997e3] 10.0.0.143 "DELETE /resource_providers/4f4b1a3c-6f53-4eb4-a4af-bab3d1179129" status: 404 len: 246 microversion: 1.1 [pid: 7|app: 0|req: 170/336] 10.0.0.143 () {34 vars in 816 bytes} [Sat Apr 25 14:53:09 2026] DELETE /resource_providers/4f4b1a3c-6f53-4eb4-a4af-bab3d1179129 => generated 246 bytes in 14 msecs (HTTP/1.1 404) 6 headers in 231 bytes (1 switches on core 0)
2026-04-25 14:53:11.188 7 INFO placement.requestlog [None req-a6c1dbd5-c623-478e-acd0-46f40aad86ba aef5d2a36aa34c0496167905176a578f fe998b8fde704e5e9b3817860c09046f - - 24e1f1804bb54b078267373073b997e3 24e1f1804bb54b078267373073b997e3] 10.0.0.143 "GET /resource_providers/46cf1641-3472-436a-82d6-285cc5ceec0a/aggregates" status: 404 len: 235 microversion: 1.1 [pid: 7|app: 0|req: 171/337] 10.0.0.143 () {32 vars in 816 bytes} [Sat Apr 25 14:53:11 2026] GET /resource_providers/46cf1641-3472-436a-82d6-285cc5ceec0a/aggregates => generated 235 bytes in 126 msecs (HTTP/1.1 404) 5 headers in 202 bytes (1 switches on core 0)
2026-04-25 14:53:11.192 8 INFO placement.requestlog [None req-10c1c66c-84ee-4352-827b-1094cd735c94 aef5d2a36aa34c0496167905176a578f fe998b8fde704e5e9b3817860c09046f - - 24e1f1804bb54b078267373073b997e3 24e1f1804bb54b078267373073b997e3] 10.0.0.143 "GET /resource_providers/46cf1641-3472-436a-82d6-285cc5ceec0a/aggregates" status: 404 len: 235 microversion: 1.1 [pid: 8|app: 0|req: 167/338] 10.0.0.143 () {32 vars in 816 bytes} [Sat Apr 25 14:53:11 2026] GET /resource_providers/46cf1641-3472-436a-82d6-285cc5ceec0a/aggregates => generated 235 bytes in 138 msecs (HTTP/1.1 404) 5 headers in 202 bytes (1 switches on core 0)
2026-04-25 14:53:11.216 7 INFO placement.requestlog [None req-c40f33d1-40aa-4b2c-8f27-919ca3b315aa aef5d2a36aa34c0496167905176a578f fe998b8fde704e5e9b3817860c09046f - - 24e1f1804bb54b078267373073b997e3 24e1f1804bb54b078267373073b997e3] 10.0.0.143 "DELETE /resource_providers/46cf1641-3472-436a-82d6-285cc5ceec0a" status: 404 len: 246 microversion: 1.1 [pid: 7|app: 0|req: 172/339] 10.0.0.143 () {34 vars in 816 bytes} [Sat Apr 25 14:53:11 2026] DELETE /resource_providers/46cf1641-3472-436a-82d6-285cc5ceec0a => generated 246 bytes in 10 msecs (HTTP/1.1 404) 6 headers in 231 bytes (1 switches on core 0)
2026-04-25 14:53:11.218 8 INFO placement.requestlog [None req-938eca72-37cb-4dc1-bc20-6ffc9bf8f3b6 aef5d2a36aa34c0496167905176a578f fe998b8fde704e5e9b3817860c09046f - - 24e1f1804bb54b078267373073b997e3 24e1f1804bb54b078267373073b997e3] 10.0.0.143 "DELETE /resource_providers/46cf1641-3472-436a-82d6-285cc5ceec0a" status: 404 len: 246 microversion: 1.1 [pid: 8|app: 0|req: 168/340] 10.0.0.143 () {34 vars in 816 bytes} [Sat Apr 25 14:53:11 2026] DELETE /resource_providers/46cf1641-3472-436a-82d6-285cc5ceec0a => generated 246 bytes in 9 msecs (HTTP/1.1 404) 6 headers in 231 bytes (1 switches on core 0)
2026-04-25 14:53:14.488 7 INFO placement.requestlog [req-681e4f74-897c-4cf3-8a8a-8712e257cfc2 req-4e5d00f6-5c6b-4195-af1a-112421fb6ffb d18708dc2ff34ed08cfb28694b22c77a fe998b8fde704e5e9b3817860c09046f - - 24e1f1804bb54b078267373073b997e3 24e1f1804bb54b078267373073b997e3] 199.204.45.153 "GET /resource_providers/c7d6ffb7-20d1-482b-bda4-0a278e5f52b6/allocations" status: 200 len: 352 microversion: 1.0 [pid: 7|app: 0|req: 173/341] 199.204.45.153 () {32 vars in 857 bytes} [Sat Apr 25 14:53:14 2026] GET /resource_providers/c7d6ffb7-20d1-482b-bda4-0a278e5f52b6/allocations => generated 352 bytes in 26 msecs (HTTP/1.1 200) 6 headers in 224 bytes (1 switches on core 0)
2026-04-25 14:53:14.507 8 INFO placement.requestlog [req-681e4f74-897c-4cf3-8a8a-8712e257cfc2 req-40c6a3ec-bd53-4299-bccd-a696da6ff5dc d18708dc2ff34ed08cfb28694b22c77a fe998b8fde704e5e9b3817860c09046f - - 24e1f1804bb54b078267373073b997e3 24e1f1804bb54b078267373073b997e3] 199.204.45.153 "GET /allocations/16def69b-0188-4bdc-9167-5769fa6377f8" status: 200 len: 257 microversion: 1.28 [pid: 8|app: 0|req: 169/342] 199.204.45.153 () {34 vars in 863 bytes} [Sat Apr 25 14:53:14 2026] GET /allocations/16def69b-0188-4bdc-9167-5769fa6377f8 => generated 257 bytes in 14 msecs (HTTP/1.1 200) 8 headers in 296 bytes (1 switches on core 0)
2026-04-25 14:53:14.527 7 INFO placement.requestlog [req-681e4f74-897c-4cf3-8a8a-8712e257cfc2 req-8ff49b4f-5e35-43a2-8fa6-461944fcf686 d18708dc2ff34ed08cfb28694b22c77a fe998b8fde704e5e9b3817860c09046f - - 24e1f1804bb54b078267373073b997e3 24e1f1804bb54b078267373073b997e3] 199.204.45.153 "GET /allocations/e9948ea6-08eb-403e-86a8-ad634b0a0f83" status: 200 len: 257 microversion: 1.28 [pid: 7|app: 0|req: 174/343] 199.204.45.153 () {34 vars in 863 bytes} [Sat Apr 25 14:53:14 2026] GET /allocations/e9948ea6-08eb-403e-86a8-ad634b0a0f83 => generated 257 bytes in 16 msecs (HTTP/1.1 200) 8 headers in 296 bytes (1 switches on core 0)
2026-04-25 14:53:14.541 8 INFO placement.requestlog [req-681e4f74-897c-4cf3-8a8a-8712e257cfc2 req-8b8bb5a3-d011-4d87-bb71-a5db785bff39 d18708dc2ff34ed08cfb28694b22c77a fe998b8fde704e5e9b3817860c09046f - - 24e1f1804bb54b078267373073b997e3 24e1f1804bb54b078267373073b997e3] 199.204.45.153 "GET /allocations/e6c84578-a673-455a-9b0d-e19d413dc615" status: 200 len: 257 microversion: 1.28 [pid: 8|app: 0|req: 170/344] 199.204.45.153 () {34 vars in 863 bytes} [Sat Apr 25 14:53:14 2026] GET /allocations/e6c84578-a673-455a-9b0d-e19d413dc615 => generated 257 bytes in 10 msecs (HTTP/1.1 200) 8 headers in 296 bytes (1 switches on core 0)
2026-04-25 14:53:15.585 7 INFO placement.requestlog [req-681e4f74-897c-4cf3-8a8a-8712e257cfc2 req-096bf25e-2b3f-4e34-a670-4d201186de06 d18708dc2ff34ed08cfb28694b22c77a fe998b8fde704e5e9b3817860c09046f - - 24e1f1804bb54b078267373073b997e3 24e1f1804bb54b078267373073b997e3] 199.204.45.153 "DELETE /allocations/e9948ea6-08eb-403e-86a8-ad634b0a0f83" status: 204 len: 0 microversion: 1.0 [pid: 7|app: 0|req: 175/345] 199.204.45.153 () {34 vars in 841 bytes} [Sat Apr 25 14:53:15 2026] DELETE /allocations/e9948ea6-08eb-403e-86a8-ad634b0a0f83 => generated 0 bytes in 23 msecs (HTTP/1.1 204) 5 headers in 198 bytes (1 switches on core 0)
2026-04-25 14:53:15.673 8 INFO placement.requestlog [req-7785cf29-5f82-4af0-ae80-fd7e557469f7 req-1afdb9be-5408-4820-8efd-3fd7e098226f d18708dc2ff34ed08cfb28694b22c77a fe998b8fde704e5e9b3817860c09046f - - 24e1f1804bb54b078267373073b997e3 24e1f1804bb54b078267373073b997e3] 199.204.45.153 "GET /resource_providers/c7d6ffb7-20d1-482b-bda4-0a278e5f52b6/allocations" status: 200 len: 252 microversion: 1.0 [pid: 8|app: 0|req: 171/346] 199.204.45.153 () {32 vars in 857 bytes} [Sat Apr 25 14:53:15 2026] GET /resource_providers/c7d6ffb7-20d1-482b-bda4-0a278e5f52b6/allocations => generated 252 bytes in 15 msecs (HTTP/1.1 200) 6 headers in 224 bytes (1 switches on core 0)
2026-04-25 14:53:15.691 7 INFO placement.requestlog [req-7785cf29-5f82-4af0-ae80-fd7e557469f7 req-d1c0546c-1c2b-4bd1-9fb3-c1f8b817433b d18708dc2ff34ed08cfb28694b22c77a fe998b8fde704e5e9b3817860c09046f - - 24e1f1804bb54b078267373073b997e3 24e1f1804bb54b078267373073b997e3] 199.204.45.153 "GET /allocations/16def69b-0188-4bdc-9167-5769fa6377f8" status: 200 len: 257 microversion: 1.28 [pid: 7|app: 0|req: 176/347] 199.204.45.153 () {34 vars in 863 bytes} [Sat Apr 25 14:53:15 2026] GET /allocations/16def69b-0188-4bdc-9167-5769fa6377f8 => generated 257 bytes in 12 msecs (HTTP/1.1 200) 8 headers in 296 bytes (1 switches on core 0)
2026-04-25 14:53:15.717 8 INFO placement.requestlog [req-7785cf29-5f82-4af0-ae80-fd7e557469f7 req-50f9206a-6524-404d-9163-6ae0f0cc1f76 d18708dc2ff34ed08cfb28694b22c77a fe998b8fde704e5e9b3817860c09046f - - 24e1f1804bb54b078267373073b997e3 24e1f1804bb54b078267373073b997e3] 199.204.45.153 "GET /allocations/e6c84578-a673-455a-9b0d-e19d413dc615" status: 200 len: 257 microversion: 1.28 [pid: 8|app: 0|req: 172/348] 199.204.45.153 () {34 vars in 863 bytes} [Sat Apr 25 14:53:15 2026] GET /allocations/e6c84578-a673-455a-9b0d-e19d413dc615 => generated 257 bytes in 16 msecs (HTTP/1.1 200) 8 headers in 296 bytes (1 switches on core 0)
2026-04-25 14:53:16.768 7 INFO placement.requestlog [req-7785cf29-5f82-4af0-ae80-fd7e557469f7 req-9700b516-af21-495e-9dd2-70781f408890 d18708dc2ff34ed08cfb28694b22c77a fe998b8fde704e5e9b3817860c09046f - - 24e1f1804bb54b078267373073b997e3 24e1f1804bb54b078267373073b997e3] 199.204.45.153 "DELETE /allocations/e6c84578-a673-455a-9b0d-e19d413dc615" status: 204 len: 0 microversion: 1.0 [pid: 7|app: 0|req: 177/349] 199.204.45.153 () {34 vars in 841 bytes} [Sat Apr 25 14:53:16 2026] DELETE /allocations/e6c84578-a673-455a-9b0d-e19d413dc615 => generated 0 bytes in 21 msecs (HTTP/1.1 204) 5 headers in 198 bytes (1 switches on core 0)
2026-04-25 14:53:17.079 8 INFO placement.requestlog [None req-febd6000-ed2a-45ba-9f92-378c20b77ce8 aef5d2a36aa34c0496167905176a578f fe998b8fde704e5e9b3817860c09046f - - 24e1f1804bb54b078267373073b997e3 24e1f1804bb54b078267373073b997e3] 10.0.0.143 "GET /resource_providers/98bf955c-ca88-412a-b1f5-d0b250638e6a/aggregates" status: 404 len: 235 microversion: 1.1
2026-04-25 14:53:17.079 7 INFO placement.requestlog [None req-c0b8162d-a135-47da-bf00-70195ae70cd3 aef5d2a36aa34c0496167905176a578f fe998b8fde704e5e9b3817860c09046f - - 24e1f1804bb54b078267373073b997e3 24e1f1804bb54b078267373073b997e3] 10.0.0.143 "GET /resource_providers/98bf955c-ca88-412a-b1f5-d0b250638e6a/aggregates" status: 404 len: 235 microversion: 1.1 [pid: 7|app: 0|req: 178/350] 10.0.0.143 () {32 vars in 816 bytes} [Sat Apr 25 14:53:17 2026] GET /resource_providers/98bf955c-ca88-412a-b1f5-d0b250638e6a/aggregates => generated 235 bytes in 12 msecs (HTTP/1.1 404) 5 headers in 202 bytes (1 switches on core 0) [pid: 8|app: 0|req: 173/351] 10.0.0.143 () {32 vars in 816 bytes} [Sat Apr 25 14:53:17 2026] GET /resource_providers/98bf955c-ca88-412a-b1f5-d0b250638e6a/aggregates => generated 235 bytes in 12 msecs (HTTP/1.1 404) 5 headers in 202 bytes (1 switches on core 0)
2026-04-25 14:53:17.103 8 INFO placement.requestlog [None req-2d7d437a-6565-4bd1-91a3-3c762fc2ad58 aef5d2a36aa34c0496167905176a578f fe998b8fde704e5e9b3817860c09046f - - 24e1f1804bb54b078267373073b997e3 24e1f1804bb54b078267373073b997e3] 10.0.0.143 "DELETE /resource_providers/98bf955c-ca88-412a-b1f5-d0b250638e6a" status: 404 len: 246 microversion: 1.1
2026-04-25 14:53:17.103 7 INFO placement.requestlog [None req-526c2193-980c-42ee-b873-81e3aa9cf82b aef5d2a36aa34c0496167905176a578f fe998b8fde704e5e9b3817860c09046f - - 24e1f1804bb54b078267373073b997e3 24e1f1804bb54b078267373073b997e3] 10.0.0.143 "DELETE /resource_providers/98bf955c-ca88-412a-b1f5-d0b250638e6a" status: 404 len: 246 microversion: 1.1 [pid: 7|app: 0|req: 179/352] 10.0.0.143 () {34 vars in 816 bytes} [Sat Apr 25 14:53:17 2026] DELETE /resource_providers/98bf955c-ca88-412a-b1f5-d0b250638e6a => generated 246 bytes in 11 msecs (HTTP/1.1 404) 6 headers in 231 bytes (1 switches on core 0) [pid: 8|app: 0|req: 174/353] 10.0.0.143 () {34 vars in 816 bytes} [Sat Apr 25 14:53:17 2026] DELETE /resource_providers/98bf955c-ca88-412a-b1f5-d0b250638e6a => generated 246 bytes in 11 msecs (HTTP/1.1 404) 6 headers in 231 bytes (1 switches on core 0)
2026-04-25 14:53:17.662 7 INFO placement.requestlog [None req-9598679f-9ebd-4f9d-bf9e-b42faed1d162 - - - - - -] 10.0.0.172 "GET /" status: 200 len: 136 microversion: 1.0
2026-04-25 14:53:17.663 8 INFO placement.requestlog [None req-4a7f14fb-c34f-4ffb-b2fe-be9108010913 - - - - - -] 10.0.0.172 "GET /" status: 200 len: 136 microversion: 1.0
2026-04-25 14:53:19.678 7 INFO placement.requestlog [None req-1b80686b-8371-4dbd-bec1-7f209ef15385 aef5d2a36aa34c0496167905176a578f fe998b8fde704e5e9b3817860c09046f - - 24e1f1804bb54b078267373073b997e3 24e1f1804bb54b078267373073b997e3] 10.0.0.143 "GET /resource_providers/3a651af8-d350-4192-9e05-8a6daa918a11/aggregates" status: 404 len: 235 microversion: 1.1 [pid: 7|app: 0|req: 181/356] 10.0.0.143 () {32 vars in 816 bytes} [Sat Apr 25 14:53:19 2026] GET /resource_providers/3a651af8-d350-4192-9e05-8a6daa918a11/aggregates => generated 235 bytes in 9 msecs (HTTP/1.1 404) 5 headers in 202 bytes (1 switches on core 0)
2026-04-25 14:53:19.682 8 INFO placement.requestlog [None req-4eb8fc6b-c216-4b38-8ff6-62da5a1dcb70 aef5d2a36aa34c0496167905176a578f fe998b8fde704e5e9b3817860c09046f - - 24e1f1804bb54b078267373073b997e3 24e1f1804bb54b078267373073b997e3] 10.0.0.143 "GET /resource_providers/3a651af8-d350-4192-9e05-8a6daa918a11/aggregates" status: 404 len: 235 microversion: 1.1 [pid: 8|app: 0|req: 176/357] 10.0.0.143 () {32 vars in 816 bytes} [Sat Apr 25 14:53:19 2026] GET /resource_providers/3a651af8-d350-4192-9e05-8a6daa918a11/aggregates => generated 235 bytes in 9 msecs (HTTP/1.1 404) 5 headers in 202 bytes (1 switches on core 0)
2026-04-25 14:53:19.706 7 INFO placement.requestlog [None req-e7e4abe8-4bfc-4b87-a33c-f536f66869f2 aef5d2a36aa34c0496167905176a578f fe998b8fde704e5e9b3817860c09046f - - 24e1f1804bb54b078267373073b997e3 24e1f1804bb54b078267373073b997e3] 10.0.0.143 "DELETE /resource_providers/3a651af8-d350-4192-9e05-8a6daa918a11" status: 404 len: 246 microversion: 1.1 [pid: 7|app: 0|req: 182/358] 10.0.0.143 () {34 vars in 816 bytes} [Sat Apr 25 14:53:19 2026] DELETE /resource_providers/3a651af8-d350-4192-9e05-8a6daa918a11 => generated 246 bytes in 12 msecs (HTTP/1.1 404) 6 headers in 231 bytes (1 switches on core 0)
2026-04-25 14:53:19.708 8 INFO placement.requestlog [None req-574f4cef-bead-4c52-8094-f996c419ee49 aef5d2a36aa34c0496167905176a578f fe998b8fde704e5e9b3817860c09046f - - 24e1f1804bb54b078267373073b997e3 24e1f1804bb54b078267373073b997e3] 10.0.0.143 "DELETE /resource_providers/3a651af8-d350-4192-9e05-8a6daa918a11" status: 404 len: 246 microversion: 1.1 [pid: 8|app: 0|req: 177/359] 10.0.0.143 () {34 vars in 816 bytes} [Sat Apr 25 14:53:19 2026] DELETE /resource_providers/3a651af8-d350-4192-9e05-8a6daa918a11 => generated 246 bytes in 13 msecs (HTTP/1.1 404) 6 headers in 231 bytes (1 switches on core 0)
2026-04-25 14:53:20.458 7 INFO placement.requestlog [req-8167be85-1c99-4d99-8751-eafd3b821340 req-cd0aa26e-a7c9-4e35-9b57-91bcb71961e6 d18708dc2ff34ed08cfb28694b22c77a fe998b8fde704e5e9b3817860c09046f - - 24e1f1804bb54b078267373073b997e3 24e1f1804bb54b078267373073b997e3] 199.204.45.153 "GET /resource_providers/c7d6ffb7-20d1-482b-bda4-0a278e5f52b6/allocations" status: 200 len: 152 microversion: 1.0 [pid: 7|app: 0|req: 183/360] 199.204.45.153 () {32 vars in 857 bytes} [Sat Apr 25 14:53:20 2026] GET /resource_providers/c7d6ffb7-20d1-482b-bda4-0a278e5f52b6/allocations => generated 152 bytes in 14 msecs (HTTP/1.1 200) 6 headers in 224 bytes (1 switches on core 0)
2026-04-25 14:53:20.480 8 INFO placement.requestlog [req-8167be85-1c99-4d99-8751-eafd3b821340 req-5c0b983c-2c4c-4ddb-af9d-969b74461abf d18708dc2ff34ed08cfb28694b22c77a fe998b8fde704e5e9b3817860c09046f - - 24e1f1804bb54b078267373073b997e3 24e1f1804bb54b078267373073b997e3] 199.204.45.153 "GET /allocations/16def69b-0188-4bdc-9167-5769fa6377f8" status: 200 len: 257 microversion: 1.28 [pid: 8|app: 0|req: 178/361] 199.204.45.153 () {34 vars in 863 bytes} [Sat Apr 25 14:53:20 2026] GET /allocations/16def69b-0188-4bdc-9167-5769fa6377f8 => generated 257 bytes in 15 msecs (HTTP/1.1 200) 8 headers in 296 bytes (1 switches on core 0)
2026-04-25 14:53:21.528 7 INFO placement.requestlog [req-8167be85-1c99-4d99-8751-eafd3b821340 req-41ec989e-5d60-4cac-987d-7b6d3fbcd95b d18708dc2ff34ed08cfb28694b22c77a fe998b8fde704e5e9b3817860c09046f - - 24e1f1804bb54b078267373073b997e3 24e1f1804bb54b078267373073b997e3] 199.204.45.153 "DELETE /allocations/16def69b-0188-4bdc-9167-5769fa6377f8" status: 204 len: 0 microversion: 1.0 [pid: 7|app: 0|req: 184/362] 199.204.45.153 () {34 vars in 841 bytes} [Sat Apr 25 14:53:21 2026] DELETE /allocations/16def69b-0188-4bdc-9167-5769fa6377f8 => generated 0 bytes in 23 msecs (HTTP/1.1 204) 5 headers in 198 bytes (1 switches on core 0)
2026-04-25 14:53:21.739 8 INFO placement.requestlog [None req-496db7ed-5e65-4c7f-bd99-ffd33865e092 aef5d2a36aa34c0496167905176a578f fe998b8fde704e5e9b3817860c09046f - - 24e1f1804bb54b078267373073b997e3 24e1f1804bb54b078267373073b997e3] 10.0.0.143 "GET /resource_providers/adc78577-e9a4-4f6a-ac46-54a49e9acece/aggregates" status: 404 len: 235 microversion: 1.1 [pid: 8|app: 0|req: 179/363] 10.0.0.143 () {32 vars in 816 bytes} [Sat Apr 25 14:53:21 2026] GET /resource_providers/adc78577-e9a4-4f6a-ac46-54a49e9acece/aggregates => generated 235 bytes in 14 msecs (HTTP/1.1 404) 5 headers in 202 bytes (1 switches on core 0)
2026-04-25 14:53:21.740 7 INFO placement.requestlog [None req-bb5cf46b-a363-4677-a59b-28213aa0cddf aef5d2a36aa34c0496167905176a578f fe998b8fde704e5e9b3817860c09046f - - 24e1f1804bb54b078267373073b997e3 24e1f1804bb54b078267373073b997e3] 10.0.0.143 "GET /resource_providers/adc78577-e9a4-4f6a-ac46-54a49e9acece/aggregates" status: 404 len: 235 microversion: 1.1 [pid: 7|app: 0|req: 185/364] 10.0.0.143 () {32 vars in 816 bytes} [Sat Apr 25 14:53:21 2026] GET /resource_providers/adc78577-e9a4-4f6a-ac46-54a49e9acece/aggregates => generated 235 bytes in 10 msecs (HTTP/1.1 404) 5 headers in 202 bytes (1 switches on core 0)
2026-04-25 14:53:21.766 8 INFO placement.requestlog [None req-65d00ec2-4e61-48a1-a367-18bcf3aac5bb aef5d2a36aa34c0496167905176a578f fe998b8fde704e5e9b3817860c09046f - - 24e1f1804bb54b078267373073b997e3 24e1f1804bb54b078267373073b997e3] 10.0.0.143 "DELETE /resource_providers/adc78577-e9a4-4f6a-ac46-54a49e9acece" status: 404 len: 246 microversion: 1.1 [pid: 8|app: 0|req: 180/365] 10.0.0.143 () {34 vars in 816 bytes} [Sat Apr 25 14:53:21 2026] DELETE /resource_providers/adc78577-e9a4-4f6a-ac46-54a49e9acece => generated 246 bytes in 9 msecs (HTTP/1.1 404) 6 headers in 231 bytes (1 switches on core 0)
2026-04-25 14:53:21.767 7 INFO placement.requestlog [None req-ec4f2a16-82fd-4a41-b1bd-8d4907ef77d7 aef5d2a36aa34c0496167905176a578f fe998b8fde704e5e9b3817860c09046f - - 24e1f1804bb54b078267373073b997e3 24e1f1804bb54b078267373073b997e3] 10.0.0.143 "DELETE /resource_providers/adc78577-e9a4-4f6a-ac46-54a49e9acece" status: 404 len: 246 microversion: 1.1 [pid: 7|app: 0|req: 186/366] 10.0.0.143 () {34 vars in 816 bytes} [Sat Apr 25 14:53:21 2026] DELETE /resource_providers/adc78577-e9a4-4f6a-ac46-54a49e9acece => generated 246 bytes in 7 msecs (HTTP/1.1 404) 6 headers in 231 bytes (1 switches on core 0)
2026-04-25 14:53:22.144 7 INFO placement.requestlog [None req-93b69ea4-316a-4cbf-809b-197bd86f54f8 aef5d2a36aa34c0496167905176a578f fe998b8fde704e5e9b3817860c09046f - - 24e1f1804bb54b078267373073b997e3 24e1f1804bb54b078267373073b997e3] 10.0.0.143 "GET /resource_providers/bf4ed658-fe86-4f29-85a1-7093015597ea/aggregates" status: 404 len: 235 microversion: 1.1 [pid: 7|app: 0|req: 187/367] 10.0.0.143 () {32 vars in 816 bytes} [Sat Apr 25 14:53:22 2026] GET /resource_providers/bf4ed658-fe86-4f29-85a1-7093015597ea/aggregates => generated 235 bytes in 9 msecs (HTTP/1.1 404) 5 headers in 202 bytes (1 switches on core 0)
2026-04-25 14:53:22.153 8 INFO placement.requestlog [None req-48a4c3ac-d91f-44d4-915d-787429dd7ad0 aef5d2a36aa34c0496167905176a578f fe998b8fde704e5e9b3817860c09046f - - 24e1f1804bb54b078267373073b997e3 24e1f1804bb54b078267373073b997e3] 10.0.0.143 "GET /resource_providers/bf4ed658-fe86-4f29-85a1-7093015597ea/aggregates" status: 404 len: 235 microversion: 1.1 [pid: 8|app: 0|req: 181/368] 10.0.0.143 () {32 vars in 816 bytes} [Sat Apr 25 14:53:22 2026] GET /resource_providers/bf4ed658-fe86-4f29-85a1-7093015597ea/aggregates => generated 235 bytes in 18 msecs (HTTP/1.1 404) 5 headers in 202 bytes (1 switches on core 0)
2026-04-25 14:53:22.170 7 INFO placement.requestlog [None req-a1dc90f8-82ca-4df8-96a6-8c7c7d620e53 aef5d2a36aa34c0496167905176a578f fe998b8fde704e5e9b3817860c09046f - - 24e1f1804bb54b078267373073b997e3 24e1f1804bb54b078267373073b997e3] 10.0.0.143 "DELETE /resource_providers/bf4ed658-fe86-4f29-85a1-7093015597ea" status: 404 len: 246 microversion: 1.1 [pid: 7|app: 0|req: 188/369] 10.0.0.143 () {34 vars in 816 bytes} [Sat Apr 25 14:53:22 2026] DELETE /resource_providers/bf4ed658-fe86-4f29-85a1-7093015597ea => generated 246 bytes in 8 msecs (HTTP/1.1 404) 6 headers in 231 bytes (1 switches on core 0)
2026-04-25 14:53:22.171 8 INFO placement.requestlog [None req-ff3f0757-2dab-454f-a400-d9e144698532 aef5d2a36aa34c0496167905176a578f fe998b8fde704e5e9b3817860c09046f - - 24e1f1804bb54b078267373073b997e3 24e1f1804bb54b078267373073b997e3] 10.0.0.143 "DELETE /resource_providers/bf4ed658-fe86-4f29-85a1-7093015597ea" status: 404 len: 246 microversion: 1.1 [pid: 8|app: 0|req: 182/370] 10.0.0.143 () {34 vars in 816 bytes} [Sat Apr 25 14:53:22 2026] DELETE /resource_providers/bf4ed658-fe86-4f29-85a1-7093015597ea => generated 246 bytes in 8 msecs (HTTP/1.1 404) 6 headers in 231 bytes (1 switches on core 0)
2026-04-25 14:53:23.792 8 INFO placement.requestlog [None req-c8f85064-75b1-4834-ac2c-faf2410f6bd8 aef5d2a36aa34c0496167905176a578f fe998b8fde704e5e9b3817860c09046f - - 24e1f1804bb54b078267373073b997e3 24e1f1804bb54b078267373073b997e3] 10.0.0.143 "GET /resource_providers/6f8a66ab-0083-408a-9248-2db4cce8eb3b/aggregates" status: 404 len: 235 microversion: 1.1 [pid: 8|app: 0|req: 183/371] 10.0.0.143 () {32 vars in 816 bytes} [Sat Apr 25 14:53:23 2026] GET /resource_providers/6f8a66ab-0083-408a-9248-2db4cce8eb3b/aggregates => generated 235 bytes in 9 msecs (HTTP/1.1 404) 5 headers in 202 bytes (1 switches on core 0)
2026-04-25 14:53:23.794 7 INFO placement.requestlog [None req-92b74aca-602a-41d3-b836-7ed86514123a aef5d2a36aa34c0496167905176a578f fe998b8fde704e5e9b3817860c09046f - - 24e1f1804bb54b078267373073b997e3 24e1f1804bb54b078267373073b997e3] 10.0.0.143 "GET /resource_providers/6f8a66ab-0083-408a-9248-2db4cce8eb3b/aggregates" status: 404 len: 235 microversion: 1.1 [pid: 7|app: 0|req: 189/372] 10.0.0.143 () {32 vars in 816 bytes} [Sat Apr 25 14:53:23 2026] GET /resource_providers/6f8a66ab-0083-408a-9248-2db4cce8eb3b/aggregates => generated 235 bytes in 12 msecs (HTTP/1.1 404) 5 headers in 202 bytes (1 switches on core 0)
2026-04-25 14:53:23.820 8 INFO placement.requestlog [None req-dc5a77ea-bbca-4ada-bb8c-f5ae410e7cb8 aef5d2a36aa34c0496167905176a578f fe998b8fde704e5e9b3817860c09046f - - 24e1f1804bb54b078267373073b997e3 24e1f1804bb54b078267373073b997e3] 10.0.0.143 "DELETE /resource_providers/6f8a66ab-0083-408a-9248-2db4cce8eb3b" status: 404 len: 246 microversion: 1.1 [pid: 8|app: 0|req: 184/373] 10.0.0.143 () {34 vars in 816 bytes} [Sat Apr 25 14:53:23 2026] DELETE /resource_providers/6f8a66ab-0083-408a-9248-2db4cce8eb3b => generated 246 bytes in 9 msecs (HTTP/1.1 404) 6 headers in 231 bytes (1 switches on core 0)
2026-04-25 14:53:23.826 7 INFO placement.requestlog [None req-c86ad9ae-0f33-4a1c-a701-b01239dbfa31 aef5d2a36aa34c0496167905176a578f fe998b8fde704e5e9b3817860c09046f - - 24e1f1804bb54b078267373073b997e3 24e1f1804bb54b078267373073b997e3] 10.0.0.143 "DELETE /resource_providers/6f8a66ab-0083-408a-9248-2db4cce8eb3b" status: 404 len: 246 microversion: 1.1 [pid: 7|app: 0|req: 190/374] 10.0.0.143 () {34 vars in 816 bytes} [Sat Apr 25 14:53:23 2026] DELETE /resource_providers/6f8a66ab-0083-408a-9248-2db4cce8eb3b => generated 246 bytes in 16 msecs (HTTP/1.1 404) 6 headers in 231 bytes (1 switches on core 0)
2026-04-25 14:53:25.353 8 INFO placement.requestlog [None req-00a0360b-b285-4d2c-a245-48ae4f4f2f79 aef5d2a36aa34c0496167905176a578f fe998b8fde704e5e9b3817860c09046f - - 24e1f1804bb54b078267373073b997e3 24e1f1804bb54b078267373073b997e3] 10.0.0.143 "GET /resource_providers/fb918ecd-5aa8-4a4b-8983-52d89a2201e5/aggregates" status: 404 len: 235 microversion: 1.1 [pid: 8|app: 0|req: 185/375] 10.0.0.143 () {32 vars in 816 bytes} [Sat Apr 25 14:53:25 2026] GET /resource_providers/fb918ecd-5aa8-4a4b-8983-52d89a2201e5/aggregates => generated 235 bytes in 7 msecs (HTTP/1.1 404) 5 headers in 202 bytes (1 switches on core 0)
2026-04-25 14:53:25.362 7 INFO placement.requestlog [None req-15f8426e-81e6-4380-8925-ae30d4f4c29a aef5d2a36aa34c0496167905176a578f fe998b8fde704e5e9b3817860c09046f - - 24e1f1804bb54b078267373073b997e3 24e1f1804bb54b078267373073b997e3] 10.0.0.143 "GET /resource_providers/fb918ecd-5aa8-4a4b-8983-52d89a2201e5/aggregates" status: 404 len: 235 microversion: 1.1 [pid: 7|app: 0|req: 191/376] 10.0.0.143 () {32 vars in 816 bytes} [Sat Apr 25 14:53:25 2026] GET /resource_providers/fb918ecd-5aa8-4a4b-8983-52d89a2201e5/aggregates => generated 235 bytes in 10 msecs (HTTP/1.1 404) 5 headers in 202 bytes (1 switches on core 0)
2026-04-25 14:53:25.372 8 INFO placement.requestlog [None req-0a4e1ddf-483c-4452-95a5-d49d8daa9b7c aef5d2a36aa34c0496167905176a578f fe998b8fde704e5e9b3817860c09046f - - 24e1f1804bb54b078267373073b997e3 24e1f1804bb54b078267373073b997e3] 10.0.0.143 "DELETE /resource_providers/fb918ecd-5aa8-4a4b-8983-52d89a2201e5" status: 404 len: 246 microversion: 1.1 [pid: 8|app: 0|req: 186/377] 10.0.0.143 () {34 vars in 816 bytes} [Sat Apr 25 14:53:25 2026] DELETE /resource_providers/fb918ecd-5aa8-4a4b-8983-52d89a2201e5 => generated 246 bytes in 10 msecs (HTTP/1.1 404) 6 headers in 231 bytes (1 switches on core 0)
2026-04-25 14:53:25.384 7 INFO placement.requestlog [None req-2e069e4f-1d28-49e5-be39-cedeb21b20d6 aef5d2a36aa34c0496167905176a578f fe998b8fde704e5e9b3817860c09046f - - 24e1f1804bb54b078267373073b997e3 24e1f1804bb54b078267373073b997e3] 10.0.0.143 "DELETE /resource_providers/fb918ecd-5aa8-4a4b-8983-52d89a2201e5" status: 404 len: 246 microversion: 1.1 [pid: 7|app: 0|req: 192/378] 10.0.0.143 () {34 vars in 816 bytes} [Sat Apr 25 14:53:25 2026] DELETE /resource_providers/fb918ecd-5aa8-4a4b-8983-52d89a2201e5 => generated 246 bytes in 10 msecs (HTTP/1.1 404) 6 headers in 231 bytes (1 switches on core 0)
2026-04-25 14:53:27.661 8 INFO placement.requestlog [None req-3f3930d1-b18c-4870-9bc3-f99d1b57320e - - - - - -] 10.0.0.172 "GET /" status: 200 len: 136 microversion: 1.0
2026-04-25 14:53:27.661 7 INFO placement.requestlog [None req-3a382855-4e7b-4741-97ef-e87fc3d9965c - - - - - -] 10.0.0.172 "GET /" status: 200 len: 136 microversion: 1.0
2026-04-25 14:53:28.451 8 INFO placement.requestlog [req-17c83c13-eb4e-4d34-baaa-841316d28fd7 req-2221ddf4-c92c-4615-b12c-be94874dba8d d18708dc2ff34ed08cfb28694b22c77a fe998b8fde704e5e9b3817860c09046f - - 24e1f1804bb54b078267373073b997e3 24e1f1804bb54b078267373073b997e3] 199.204.45.153 "GET /resource_providers/c7d6ffb7-20d1-482b-bda4-0a278e5f52b6/allocations" status: 200 len: 54 microversion: 1.0 [pid: 8|app: 0|req: 188/381] 199.204.45.153 () {32 vars in 857 bytes} [Sat Apr 25 14:53:28 2026] GET /resource_providers/c7d6ffb7-20d1-482b-bda4-0a278e5f52b6/allocations => generated 54 bytes in 15 msecs (HTTP/1.1 200) 6 headers in 223 bytes (1 switches on core 0)
2026-04-25 14:53:28.471 7 INFO placement.requestlog [req-17c83c13-eb4e-4d34-baaa-841316d28fd7 req-ae0b66e3-7e68-427e-a12a-b70cec060c71 d18708dc2ff34ed08cfb28694b22c77a fe998b8fde704e5e9b3817860c09046f - - 24e1f1804bb54b078267373073b997e3 24e1f1804bb54b078267373073b997e3] 199.204.45.153 "GET /resource_providers/c7d6ffb7-20d1-482b-bda4-0a278e5f52b6/allocations" status: 200 len: 54 microversion: 1.0 [pid: 7|app: 0|req: 194/382] 199.204.45.153 () {32 vars in 857 bytes} [Sat Apr 25 14:53:28 2026] GET /resource_providers/c7d6ffb7-20d1-482b-bda4-0a278e5f52b6/allocations => generated 54 bytes in 13 msecs (HTTP/1.1 200) 6 headers in 223 bytes (1 switches on core 0)
2026-04-25 14:53:30.529 8 INFO placement.requestlog [None req-d663196c-0f08-41e4-86b5-b71ea5574793 aef5d2a36aa34c0496167905176a578f fe998b8fde704e5e9b3817860c09046f - - 24e1f1804bb54b078267373073b997e3 24e1f1804bb54b078267373073b997e3] 10.0.0.143 "GET /resource_providers/de0cb9c6-7e12-4df5-a599-004e78ef1dca/aggregates" status: 404 len: 235 microversion: 1.1 [pid: 8|app: 0|req: 189/383] 10.0.0.143 () {32 vars in 816 bytes} [Sat Apr 25 14:53:30 2026] GET /resource_providers/de0cb9c6-7e12-4df5-a599-004e78ef1dca/aggregates => generated 235 bytes in 8 msecs (HTTP/1.1 404) 5 headers in 202 bytes (1 switches on core 0)
2026-04-25 14:53:30.536 7 INFO placement.requestlog [None req-a3cf1239-714f-4a8f-932e-a6800b3c005b aef5d2a36aa34c0496167905176a578f fe998b8fde704e5e9b3817860c09046f - - 24e1f1804bb54b078267373073b997e3 24e1f1804bb54b078267373073b997e3] 10.0.0.143 "GET /resource_providers/de0cb9c6-7e12-4df5-a599-004e78ef1dca/aggregates" status: 404 len: 235 microversion: 1.1 [pid: 7|app: 0|req: 195/384] 10.0.0.143 () {32 vars in 816 bytes} [Sat Apr 25 14:53:30 2026] GET /resource_providers/de0cb9c6-7e12-4df5-a599-004e78ef1dca/aggregates => generated 235 bytes in 9 msecs (HTTP/1.1 404) 5 headers in 202 bytes (1 switches on core 0)
2026-04-25 14:53:30.560 8 INFO placement.requestlog [None req-72a1bf61-0470-49fb-a237-71e40ebfbf29 aef5d2a36aa34c0496167905176a578f fe998b8fde704e5e9b3817860c09046f - - 24e1f1804bb54b078267373073b997e3 24e1f1804bb54b078267373073b997e3] 10.0.0.143 "DELETE /resource_providers/de0cb9c6-7e12-4df5-a599-004e78ef1dca" status: 404 len: 246 microversion: 1.1 [pid: 8|app: 0|req: 190/385] 10.0.0.143 () {34 vars in 816 bytes} [Sat Apr 25 14:53:30 2026] DELETE /resource_providers/de0cb9c6-7e12-4df5-a599-004e78ef1dca => generated 246 bytes in 9 msecs (HTTP/1.1 404) 6 headers in 231 bytes (1 switches on core 0)
2026-04-25 14:53:30.575 7 INFO placement.requestlog [None req-edd49e6f-3c9a-40c4-ba12-917cd43fe938 aef5d2a36aa34c0496167905176a578f fe998b8fde704e5e9b3817860c09046f - - 24e1f1804bb54b078267373073b997e3 24e1f1804bb54b078267373073b997e3] 10.0.0.143 "DELETE /resource_providers/de0cb9c6-7e12-4df5-a599-004e78ef1dca" status: 404 len: 246 microversion: 1.1 [pid: 7|app: 0|req: 196/386] 10.0.0.143 () {34 vars in 816 bytes} [Sat Apr 25 14:53:30 2026] DELETE /resource_providers/de0cb9c6-7e12-4df5-a599-004e78ef1dca => generated 246 bytes in 18 msecs (HTTP/1.1 404) 6 headers in 231 bytes (1 switches on core 0)
2026-04-25 14:53:34.103 8 INFO placement.requestlog [None req-54368bf8-1165-4db5-88b2-f413556ea8a7 aef5d2a36aa34c0496167905176a578f fe998b8fde704e5e9b3817860c09046f - - 24e1f1804bb54b078267373073b997e3 24e1f1804bb54b078267373073b997e3] 10.0.0.143 "GET /resource_providers/8b3d07e1-f4bb-46a6-96dd-8750cf23b963/aggregates" status: 404 len: 235 microversion: 1.1 [pid: 8|app: 0|req: 191/387] 10.0.0.143 () {32 vars in 816 bytes} [Sat Apr 25 14:53:34 2026] GET /resource_providers/8b3d07e1-f4bb-46a6-96dd-8750cf23b963/aggregates => generated 235 bytes in 9 msecs (HTTP/1.1 404) 5 headers in 202 bytes (1 switches on core 0)
2026-04-25 14:53:34.104 7 INFO placement.requestlog [None req-86f6d284-de2f-405a-beec-f1544891a6c3 aef5d2a36aa34c0496167905176a578f fe998b8fde704e5e9b3817860c09046f - - 24e1f1804bb54b078267373073b997e3 24e1f1804bb54b078267373073b997e3] 10.0.0.143 "GET /resource_providers/8b3d07e1-f4bb-46a6-96dd-8750cf23b963/aggregates" status: 404 len: 235 microversion: 1.1 [pid: 7|app: 0|req: 197/388] 10.0.0.143 () {32 vars in 816 bytes} [Sat Apr 25 14:53:34 2026] GET /resource_providers/8b3d07e1-f4bb-46a6-96dd-8750cf23b963/aggregates => generated 235 bytes in 9 msecs (HTTP/1.1 404) 5 headers in 202 bytes (1 switches on core 0)
2026-04-25 14:53:34.127 8 INFO placement.requestlog [None req-47b9a316-1e3f-47a9-974d-4f5df69cdebe aef5d2a36aa34c0496167905176a578f fe998b8fde704e5e9b3817860c09046f - - 24e1f1804bb54b078267373073b997e3 24e1f1804bb54b078267373073b997e3] 10.0.0.143 "DELETE /resource_providers/8b3d07e1-f4bb-46a6-96dd-8750cf23b963" status: 404 len: 246 microversion: 1.1 [pid: 8|app: 0|req: 192/389] 10.0.0.143 () {34 vars in 816 bytes} [Sat Apr 25 14:53:34 2026] DELETE /resource_providers/8b3d07e1-f4bb-46a6-96dd-8750cf23b963 => generated 246 bytes in 8 msecs (HTTP/1.1 404) 6 headers in 231 bytes (1 switches on core 0)
2026-04-25 14:53:34.134 7 INFO placement.requestlog [None req-5dae2241-463b-4305-85c3-4f6e985be71c aef5d2a36aa34c0496167905176a578f fe998b8fde704e5e9b3817860c09046f - - 24e1f1804bb54b078267373073b997e3 24e1f1804bb54b078267373073b997e3] 10.0.0.143 "DELETE /resource_providers/8b3d07e1-f4bb-46a6-96dd-8750cf23b963" status: 404 len: 246 microversion: 1.1 [pid: 7|app: 0|req: 198/390] 10.0.0.143 () {34 vars in 816 bytes} [Sat Apr 25 14:53:34 2026] DELETE /resource_providers/8b3d07e1-f4bb-46a6-96dd-8750cf23b963 => generated 246 bytes in 11 msecs (HTTP/1.1 404) 6 headers in 231 bytes (1 switches on core 0)
2026-04-25 14:53:36.536 8 INFO placement.requestlog [None req-97b3c899-b2de-4548-991b-bc083c079ef8 aef5d2a36aa34c0496167905176a578f fe998b8fde704e5e9b3817860c09046f - - 24e1f1804bb54b078267373073b997e3 24e1f1804bb54b078267373073b997e3] 10.0.0.143 "GET /resource_providers/737b5b0b-a3c4-4ba4-97ca-17ee64286680/aggregates" status: 404 len: 235 microversion: 1.1
2026-04-25 14:53:36.536 7 INFO placement.requestlog [None req-2475e892-aafd-4fcc-8c30-21ab482a13ac aef5d2a36aa34c0496167905176a578f fe998b8fde704e5e9b3817860c09046f - - 24e1f1804bb54b078267373073b997e3 24e1f1804bb54b078267373073b997e3] 10.0.0.143 "GET /resource_providers/737b5b0b-a3c4-4ba4-97ca-17ee64286680/aggregates" status: 404 len: 235 microversion: 1.1 [pid: 8|app: 0|req: 193/391] 10.0.0.143 () {32 vars in 816 bytes} [Sat Apr 25 14:53:36 2026] GET /resource_providers/737b5b0b-a3c4-4ba4-97ca-17ee64286680/aggregates => generated 235 bytes in 12 msecs (HTTP/1.1 404) 5 headers in 202 bytes (1 switches on core 0) [pid: 7|app: 0|req: 199/392] 10.0.0.143 () {32 vars in 816 bytes} [Sat Apr 25 14:53:36 2026] GET /resource_providers/737b5b0b-a3c4-4ba4-97ca-17ee64286680/aggregates => generated 235 bytes in 12 msecs (HTTP/1.1 404) 5 headers in 202 bytes (1 switches on core 0)
2026-04-25 14:53:36.555 8 INFO placement.requestlog [None req-e32de43e-f080-4b7d-812d-27d674b23849 aef5d2a36aa34c0496167905176a578f fe998b8fde704e5e9b3817860c09046f - - 24e1f1804bb54b078267373073b997e3 24e1f1804bb54b078267373073b997e3] 10.0.0.143 "DELETE /resource_providers/737b5b0b-a3c4-4ba4-97ca-17ee64286680" status: 404 len: 246 microversion: 1.1 [pid: 8|app: 0|req: 194/393] 10.0.0.143 () {34 vars in 816 bytes} [Sat Apr 25 14:53:36 2026] DELETE /resource_providers/737b5b0b-a3c4-4ba4-97ca-17ee64286680 => generated 246 bytes in 9 msecs (HTTP/1.1 404) 6 headers in 231 bytes (1 switches on core 0)
2026-04-25 14:53:36.565 7 INFO placement.requestlog [None req-ac96045b-1815-40eb-9e66-7c4ef8355114 aef5d2a36aa34c0496167905176a578f fe998b8fde704e5e9b3817860c09046f - - 24e1f1804bb54b078267373073b997e3 24e1f1804bb54b078267373073b997e3] 10.0.0.143 "DELETE /resource_providers/737b5b0b-a3c4-4ba4-97ca-17ee64286680" status: 404 len: 246 microversion: 1.1 [pid: 7|app: 0|req: 200/394] 10.0.0.143 () {34 vars in 816 bytes} [Sat Apr 25 14:53:36 2026] DELETE /resource_providers/737b5b0b-a3c4-4ba4-97ca-17ee64286680 => generated 246 bytes in 11 msecs (HTTP/1.1 404) 6 headers in 231 bytes (1 switches on core 0)
2026-04-25 14:53:36.781 8 INFO placement.requestlog [req-4e038e30-d1cb-4d73-a77f-41d532c0a8f1 req-e5b00822-c16a-4830-ab6b-e5052f1694b3 d18708dc2ff34ed08cfb28694b22c77a fe998b8fde704e5e9b3817860c09046f - - 24e1f1804bb54b078267373073b997e3 24e1f1804bb54b078267373073b997e3] 10.0.0.157 "GET /allocation_candidates?limit=1000&resources=DISK_GB%3A1%2CMEMORY_MB%3A512%2CVCPU%3A1&root_required=%21COMPUTE_STATUS_DISABLED" status: 200 len: 2781 microversion: 1.36 [pid: 8|app: 0|req: 195/395] 10.0.0.157 () {34 vars in 1012 bytes} [Sat Apr 25 14:53:36 2026] GET /allocation_candidates?limit=1000&resources=DISK_GB%3A1%2CMEMORY_MB%3A512%2CVCPU%3A1&root_required=%21COMPUTE_STATUS_DISABLED => generated 2781 bytes in 40 msecs (HTTP/1.1 200) 8 headers in 297 bytes (1 switches on core 0)
2026-04-25 14:53:36.819 7 INFO placement.requestlog [req-4e038e30-d1cb-4d73-a77f-41d532c0a8f1 req-b75772fa-793d-4cfd-a1c7-9aadbb1ffa34 d18708dc2ff34ed08cfb28694b22c77a fe998b8fde704e5e9b3817860c09046f - - 24e1f1804bb54b078267373073b997e3 24e1f1804bb54b078267373073b997e3] 10.0.0.157 "GET /allocations/5e9679af-53cf-4f73-aa8f-e264132d6f15" status: 200 len: 19 microversion: 1.28 [pid: 7|app: 0|req: 201/396] 10.0.0.157 () {34 vars in 861 bytes} [Sat Apr 25 14:53:36 2026] GET /allocations/5e9679af-53cf-4f73-aa8f-e264132d6f15 => generated 19 bytes in 15 msecs (HTTP/1.1 200) 8 headers in 295 bytes (1 switches on core 0)
2026-04-25 14:53:36.878 8 INFO placement.requestlog [req-4e038e30-d1cb-4d73-a77f-41d532c0a8f1 req-526829ba-79fe-458a-955d-d5d389c8c804 d18708dc2ff34ed08cfb28694b22c77a fe998b8fde704e5e9b3817860c09046f - - 24e1f1804bb54b078267373073b997e3 24e1f1804bb54b078267373073b997e3] 10.0.0.157 "PUT /allocations/5e9679af-53cf-4f73-aa8f-e264132d6f15" status: 204 len: 0 microversion: 1.36 [pid: 8|app: 0|req: 196/397] 10.0.0.157 () {38 vars in 914 bytes} [Sat Apr 25 14:53:36 2026] PUT /allocations/5e9679af-53cf-4f73-aa8f-e264132d6f15 => generated 0 bytes in 53 msecs (HTTP/1.1 204) 5 headers in 199 bytes (1 switches on core 0)
2026-04-25 14:53:37.661 7 INFO placement.requestlog [None req-2131b7a6-2a2e-49ae-a074-27b17bedc8f5 - - - - - -] 10.0.0.172 "GET /" status: 200 len: 136 microversion: 1.0
2026-04-25 14:53:37.662 8 INFO placement.requestlog [None req-a2dc98cb-1f10-4985-8253-b7b5c94be5cd - - - - - -] 10.0.0.172 "GET /" status: 200 len: 136 microversion: 1.0
2026-04-25 14:53:38.426 7 INFO placement.requestlog [req-4e038e30-d1cb-4d73-a77f-41d532c0a8f1 req-022b66b5-0ee4-46fd-abcb-074f0a153f5d d18708dc2ff34ed08cfb28694b22c77a fe998b8fde704e5e9b3817860c09046f - - 24e1f1804bb54b078267373073b997e3 24e1f1804bb54b078267373073b997e3] 199.204.45.153 "GET /allocations/5e9679af-53cf-4f73-aa8f-e264132d6f15" status: 200 len: 257 microversion: 1.28 [pid: 7|app: 0|req: 203/400] 199.204.45.153 () {34 vars in 863 bytes} [Sat Apr 25 14:53:38 2026] GET /allocations/5e9679af-53cf-4f73-aa8f-e264132d6f15 => generated 257 bytes in 12 msecs (HTTP/1.1 200) 8 headers in 296 bytes (1 switches on core 0)
2026-04-25 14:53:39.462 8 INFO placement.requestlog [req-4e038e30-d1cb-4d73-a77f-41d532c0a8f1 req-aabe25b6-c071-4902-8d89-35f43081b22d d18708dc2ff34ed08cfb28694b22c77a fe998b8fde704e5e9b3817860c09046f - - 24e1f1804bb54b078267373073b997e3 24e1f1804bb54b078267373073b997e3] 199.204.45.153 "GET /resource_providers/c7d6ffb7-20d1-482b-bda4-0a278e5f52b6/allocations" status: 200 len: 152 microversion: 1.0 [pid: 8|app: 0|req: 198/401] 199.204.45.153 () {32 vars in 857 bytes} [Sat Apr 25 14:53:39 2026] GET /resource_providers/c7d6ffb7-20d1-482b-bda4-0a278e5f52b6/allocations => generated 152 bytes in 15 msecs (HTTP/1.1 200) 6 headers in 224 bytes (1 switches on core 0)
2026-04-25 14:53:39.481 7 INFO placement.requestlog [req-4e038e30-d1cb-4d73-a77f-41d532c0a8f1 req-bdc93fad-903c-4a9c-80bc-7c7fd805914b d18708dc2ff34ed08cfb28694b22c77a fe998b8fde704e5e9b3817860c09046f - - 24e1f1804bb54b078267373073b997e3 24e1f1804bb54b078267373073b997e3] 199.204.45.153 "GET /allocations/5e9679af-53cf-4f73-aa8f-e264132d6f15" status: 200 len: 257 microversion: 1.28 [pid: 7|app: 0|req: 204/402] 199.204.45.153 () {34 vars in 863 bytes} [Sat Apr 25 14:53:39 2026] GET /allocations/5e9679af-53cf-4f73-aa8f-e264132d6f15 => generated 257 bytes in 13 msecs (HTTP/1.1 200) 8 headers in 296 bytes (1 switches on core 0)
2026-04-25 14:53:47.662 8 INFO placement.requestlog [None req-63901c48-0811-42cd-82b6-ce45cf6a22cd - - - - - -] 10.0.0.172 "GET /" status: 200 len: 136 microversion: 1.0
2026-04-25 14:53:47.662 7 INFO placement.requestlog [None req-830461cd-c717-4b3b-8451-096982090d39 - - - - - -] 10.0.0.172 "GET /" status: 200 len: 136 microversion: 1.0
