2026-04-25 14:53:16.921 8 INFO neutron_taas.services.taas.tap_mirror_plugin [None req-3f6736f3-a521-4f8c-a394-d141f1bb097e 9afa9b7a30fd48a7a959a2e019dcdaa3 ef64cac21c354844bde93e39775c54c5 - - default default] Tap Mirror: Handle Delete Port: b9fcf863-7ee3-4a52-b4d1-4aaa089b3340
2026-04-25 14:53:17.073 8 INFO neutron.notifiers.nova [-] Nova event matching ['req-b82b11a4-38a5-4d2d-8f54-3ead46cec27c'] response: {'server_uuid': '16def69b-0188-4bdc-9167-5769fa6377f8', 'name': 'network-vif-unplugged', 'status': 'completed', 'tag': '0e7d82be-605b-4a20-b4c1-878d28b7ab79', 'code': 200}
2026-04-25 14:53:17.074 8 INFO neutron.notifiers.nova [-] Nova event matching ['req-b82b11a4-38a5-4d2d-8f54-3ead46cec27c'] response: {'server_uuid': '16def69b-0188-4bdc-9167-5769fa6377f8', 'name': 'network-vif-unplugged', 'status': 'completed', 'tag': '0e7d82be-605b-4a20-b4c1-878d28b7ab79', 'code': 200}
2026-04-25 14:53:17.082 8 INFO neutron.services.segments.plugin [-] Segment 98bf955c-ca88-412a-b1f5-d0b250638e6a resource provider aggregate not found
2026-04-25 14:53:17.085 8 INFO neutron.services.segments.plugin [-] Segment 98bf955c-ca88-412a-b1f5-d0b250638e6a resource provider aggregate not found
2026-04-25 14:53:17.108 8 INFO neutron.services.segments.plugin [-] Segment 98bf955c-ca88-412a-b1f5-d0b250638e6a resource provider not found; error: Placement Client Error (4xx): {"errors": [{"status": 404, "title": "Not Found", "detail": "The resource could not be found.\n\n No resource provider with uuid 98bf955c-ca88-412a-b1f5-d0b250638e6a found for delete ", "request_id": "req-2d7d437a-6565-4bd1-91a3-3c762fc2ad58"}]}
2026-04-25 14:53:17.109 8 INFO neutron.services.segments.plugin [-] Segment 98bf955c-ca88-412a-b1f5-d0b250638e6a resource provider not found; error: Placement Client Error (4xx): {"errors": [{"status": 404, "title": "Not Found", "detail": "The resource could not be found.\n\n No resource provider with uuid 98bf955c-ca88-412a-b1f5-d0b250638e6a found for delete ", "request_id": "req-526c2193-980c-42ee-b873-81e3aa9cf82b"}]}
2026-04-25 14:53:17.117 7 INFO neutron_taas.services.taas.taas_plugin [None req-f1f84ef1-523b-4837-b1db-069cdca2bde3 046e746d055c418b9fba268bc45bd0b7 4d53fc13853a441f93e84fba2d1122ca - - default default] TaaS: Handle Delete Port: 35f9fd84-a165-41c3-a589-3a420339b0b2
2026-04-25 14:53:17.121 7 INFO neutron_taas.services.taas.tap_mirror_plugin [None req-f1f84ef1-523b-4837-b1db-069cdca2bde3 046e746d055c418b9fba268bc45bd0b7 4d53fc13853a441f93e84fba2d1122ca - - default default] Tap Mirror: Handle Delete Port: 35f9fd84-a165-41c3-a589-3a420339b0b2 [pid: 8|app: 0|req: 381/801] 10.0.0.76 () {32 vars in 724 bytes} [Sat Apr 25 14:53:16 2026] DELETE /v2.0/networks/4ee4cdc9-0655-4e81-9006-c025fe82419e => generated 0 bytes in 323 msecs (HTTP/1.1 204) 3 headers in 131 bytes (1 switches on core 0)
2026-04-25 14:53:17.229 8 INFO neutron.db.segments_db [None req-8dbc7808-1a26-41db-a0d8-a203a326d9f3 9afa9b7a30fd48a7a959a2e019dcdaa3 ef64cac21c354844bde93e39775c54c5 - - default default] Added segment adc78577-e9a4-4f6a-ac46-54a49e9acece of type geneve for network ee1ac6aa-7ead-4c43-a78a-703ba3b24627
2026-04-25 14:53:17.368 8 INFO neutron.db.ovn_revision_numbers_db [None req-8dbc7808-1a26-41db-a0d8-a203a326d9f3 9afa9b7a30fd48a7a959a2e019dcdaa3 ef64cac21c354844bde93e39775c54c5 - - default default] Successfully bumped revision number for resource ee1ac6aa-7ead-4c43-a78a-703ba3b24627 (type: networks) to 1
2026-04-25 14:53:17.519 8 WARNING neutron.scheduler.dhcp_agent_scheduler [None req-8dbc7808-1a26-41db-a0d8-a203a326d9f3 9afa9b7a30fd48a7a959a2e019dcdaa3 ef64cac21c354844bde93e39775c54c5 - - default default] No more DHCP agents
2026-04-25 14:53:17.521 8 WARNING neutron.api.rpc.agentnotifiers.dhcp_rpc_agent_api [None req-8dbc7808-1a26-41db-a0d8-a203a326d9f3 9afa9b7a30fd48a7a959a2e019dcdaa3 ef64cac21c354844bde93e39775c54c5 - - default default] Unable to schedule network ee1ac6aa-7ead-4c43-a78a-703ba3b24627: no agents available; will retry on subsequent port and subnet creation events.
2026-04-25 14:53:17.584 7 INFO neutron.plugins.ml2.drivers.ovn.mech_driver.mech_driver [None req-c6a4c636-d13f-4cf6-8bf1-6a2bb0f3a792 - - - - - -] OVN reports status down for port: 4de920df-d956-4d0f-a182-9ccd62fea863
2026-04-25 14:53:17.628 8 INFO neutron.db.ovn_revision_numbers_db [None req-8dbc7808-1a26-41db-a0d8-a203a326d9f3 9afa9b7a30fd48a7a959a2e019dcdaa3 ef64cac21c354844bde93e39775c54c5 - - default default] Successfully bumped revision number for resource 4de920df-d956-4d0f-a182-9ccd62fea863 (type: ports) to 1 [pid: 8|app: 0|req: 382/802] 10.0.0.76 () {34 vars in 668 bytes} [Sat Apr 25 14:53:17 2026] POST /v2.0/networks => generated 654 bytes in 505 msecs (HTTP/1.1 201) 4 headers in 162 bytes (1 switches on core 0) [pid: 8|app: 0|req: 383/803] 199.204.45.153 () {34 vars in 993 bytes} [Sat Apr 25 14:53:17 2026] GET /v2.0/ports?device_id=16def69b-0188-4bdc-9167-5769fa6377f8 => generated 973 bytes in 35 msecs (HTTP/1.1 200) 4 headers in 157 bytes (1 switches on core 0) [pid: 8|app: 0|req: 384/804] 10.0.0.238 () {34 vars in 989 bytes} [Sat Apr 25 14:53:17 2026] GET /v2.0/ports?device_id=16def69b-0188-4bdc-9167-5769fa6377f8 => generated 973 bytes in 39 msecs (HTTP/1.1 200) 4 headers in 157 bytes (1 switches on core 0) [pid: 7|app: 0|req: 421/805] 10.0.0.76 () {34 vars in 787 bytes} [Sat Apr 25 14:53:16 2026] PUT /v2.0/routers/ecc0e49c-e458-4874-8b03-f871749c68d2/remove_router_interface => generated 309 bytes in 917 msecs (HTTP/1.1 200) 4 headers in 157 bytes (1 switches on core 0) /var/lib/openstack/lib/python3.12/site-packages/pycadf/identifier.py:70: UserWarning: Invalid uuid: neutron. To ensure interoperability, identifiers should be a valid uuid. warnings.warn(('Invalid uuid: %s. To ensure interoperability, ' [pid: 8|app: 0|req: 385/806] 10.0.0.76 () {32 vars in 738 bytes} [Sat Apr 25 14:53:17 2026] DELETE /v2.0/security-groups/32c0a8b7-462a-46aa-a106-25058525627c => generated 0 bytes in 137 msecs (HTTP/1.1 204) 2 headers in 112 bytes (1 switches on core 0)
2026-04-25 14:53:17.918 7 WARNING neutron.scheduler.dhcp_agent_scheduler [None req-85b5768a-19b7-4f87-9470-c5ac302edfb4 9afa9b7a30fd48a7a959a2e019dcdaa3 ef64cac21c354844bde93e39775c54c5 - - default default] No more DHCP agents
2026-04-25 14:53:17.919 7 WARNING neutron.api.rpc.agentnotifiers.dhcp_rpc_agent_api [None req-85b5768a-19b7-4f87-9470-c5ac302edfb4 9afa9b7a30fd48a7a959a2e019dcdaa3 ef64cac21c354844bde93e39775c54c5 - - default default] Unable to schedule network ee1ac6aa-7ead-4c43-a78a-703ba3b24627: no agents available; will retry on subsequent port and subnet creation events.
2026-04-25 14:53:17.941 7 INFO neutron.db.ovn_revision_numbers_db [None req-85b5768a-19b7-4f87-9470-c5ac302edfb4 9afa9b7a30fd48a7a959a2e019dcdaa3 ef64cac21c354844bde93e39775c54c5 - - default default] Successfully bumped revision number for resource 3d75f254-b854-4cc7-9518-73f4d8f9eed5 (type: subnets) to 0 [pid: 7|app: 0|req: 422/807] 10.0.0.76 () {34 vars in 667 bytes} [Sat Apr 25 14:53:17 2026] POST /v2.0/subnets => generated 646 bytes in 192 msecs (HTTP/1.1 201) 4 headers in 162 bytes (1 switches on core 0) [pid: 7|app: 0|req: 423/808] 10.0.0.238 () {34 vars in 1039 bytes} [Sat Apr 25 14:53:17 2026] GET /v2.0/security-groups?id=7a59fd14-0556-4611-821a-0d680857b216&fields=id&fields=name => generated 113 bytes in 19 msecs (HTTP/1.1 200) 4 headers in 157 bytes (1 switches on core 0)
2026-04-25 14:53:18.002 8 INFO neutron_taas.services.taas.taas_plugin [req-8167be85-1c99-4d99-8751-eafd3b821340 req-51b33b53-d200-4d8d-a6ce-698e21d82e8e 3b137d7a00914665a1ef4b1fa4abec4e 1a64003d084b4471b804866b46cb531a - - default default] TaaS: Handle Delete Port: 0e7d82be-605b-4a20-b4c1-878d28b7ab79
2026-04-25 14:53:18.005 8 INFO neutron_taas.services.taas.tap_mirror_plugin [req-8167be85-1c99-4d99-8751-eafd3b821340 req-51b33b53-d200-4d8d-a6ce-698e21d82e8e 3b137d7a00914665a1ef4b1fa4abec4e 1a64003d084b4471b804866b46cb531a - - default default] Tap Mirror: Handle Delete Port: 0e7d82be-605b-4a20-b4c1-878d28b7ab79
2026-04-25 14:53:18.221 7 INFO neutron_taas.services.taas.taas_plugin [None req-11ea07a5-da57-4911-a1e6-412c9e22e757 046e746d055c418b9fba268bc45bd0b7 4d53fc13853a441f93e84fba2d1122ca - - default default] TaaS: Handle Delete Port: c0102cab-943b-457b-9a27-2bc66cf95167
2026-04-25 14:53:18.228 7 INFO neutron_taas.services.taas.tap_mirror_plugin [None req-11ea07a5-da57-4911-a1e6-412c9e22e757 046e746d055c418b9fba268bc45bd0b7 4d53fc13853a441f93e84fba2d1122ca - - default default] Tap Mirror: Handle Delete Port: c0102cab-943b-457b-9a27-2bc66cf95167 [pid: 7|app: 0|req: 424/809] 10.0.0.76 () {32 vars in 722 bytes} [Sat Apr 25 14:53:17 2026] DELETE /v2.0/routers/ecc0e49c-e458-4874-8b03-f871749c68d2 => generated 0 bytes in 673 msecs (HTTP/1.1 204) 2 headers in 112 bytes (1 switches on core 0)
2026-04-25 14:53:18.659 7 INFO neutron.api.v2.resource [None req-eced420e-91ff-409a-93b8-6eb9233f3af6 2368d8f95dbc4fbcac644ce6b1dbab56 5b90a3fe64bc43c2b40c649a97bcc3c4 - - default default] show failed (client error): The resource could not be found. [pid: 7|app: 0|req: 425/810] 10.0.0.76 () {32 vars in 735 bytes} [Sat Apr 25 14:53:18 2026] GET /v2.0/security-groups/32c0a8b7-462a-46aa-a106-25058525627c => generated 146 bytes in 9 msecs (HTTP/1.1 404) 4 headers in 164 bytes (1 switches on core 0)
2026-04-25 14:53:18.780 8 INFO neutron.db.l3_db [req-8167be85-1c99-4d99-8751-eafd3b821340 req-51b33b53-d200-4d8d-a6ce-698e21d82e8e 3b137d7a00914665a1ef4b1fa4abec4e 1a64003d084b4471b804866b46cb531a - - default default] Floating IP 2a75dd0d-8ecc-42f0-a60f-96eed17cdd59 disassociated. External IP: 10.96.250.214, port: 0e7d82be-605b-4a20-b4c1-878d28b7ab79. [pid: 8|app: 0|req: 386/811] 199.204.45.153 () {36 vars in 996 bytes} [Sat Apr 25 14:53:17 2026] DELETE /v2.0/ports/0e7d82be-605b-4a20-b4c1-878d28b7ab79 => generated 0 bytes in 1056 msecs (HTTP/1.1 204) 3 headers in 131 bytes (1 switches on core 0)
2026-04-25 14:53:19.003 7 WARNING neutron.scheduler.dhcp_agent_scheduler [None req-0097906a-40c5-4416-820e-5fab496b0179 9afa9b7a30fd48a7a959a2e019dcdaa3 ef64cac21c354844bde93e39775c54c5 - - default default] No more DHCP agents
2026-04-25 14:53:19.004 7 WARNING neutron.api.rpc.agentnotifiers.dhcp_rpc_agent_api [None req-0097906a-40c5-4416-820e-5fab496b0179 9afa9b7a30fd48a7a959a2e019dcdaa3 ef64cac21c354844bde93e39775c54c5 - - default default] Unable to schedule network ee1ac6aa-7ead-4c43-a78a-703ba3b24627: no agents available; will retry on subsequent port and subnet creation events.
2026-04-25 14:53:19.102 8 INFO neutron.plugins.ml2.drivers.ovn.mech_driver.mech_driver [None req-2752e8b4-183c-4ea6-b087-2f3491069964 - - - - - -] OVN reports status down for port: 79287c60-67a5-4343-a44e-bc15db0214a5
2026-04-25 14:53:19.115 7 INFO neutron.db.ovn_revision_numbers_db [None req-0097906a-40c5-4416-820e-5fab496b0179 9afa9b7a30fd48a7a959a2e019dcdaa3 ef64cac21c354844bde93e39775c54c5 - - default default] Successfully bumped revision number for resource 79287c60-67a5-4343-a44e-bc15db0214a5 (type: ports) to 1
2026-04-25 14:53:19.125 8 INFO neutron.notifiers.nova [-] Nova event matching ['req-a78b18dd-d5d1-4fae-b0ff-b4f501ce728d'] response: {'server_uuid': '16def69b-0188-4bdc-9167-5769fa6377f8', 'name': 'network-vif-deleted', 'tag': '0e7d82be-605b-4a20-b4c1-878d28b7ab79', 'status': 'completed', 'code': 200} [pid: 7|app: 0|req: 426/812] 10.0.0.76 () {34 vars in 663 bytes} [Sat Apr 25 14:53:18 2026] POST /v2.0/ports => generated 923 bytes in 478 msecs (HTTP/1.1 201) 4 headers in 162 bytes (1 switches on core 0) /var/lib/openstack/lib/python3.12/site-packages/pycadf/identifier.py:70: UserWarning: Invalid uuid: neutron. To ensure interoperability, identifiers should be a valid uuid. warnings.warn(('Invalid uuid: %s. To ensure interoperability, ' [pid: 8|app: 0|req: 387/813] 10.0.0.76 () {32 vars in 722 bytes} [Sat Apr 25 14:53:18 2026] DELETE /v2.0/subnets/a9d8e0e5-31f0-450c-842a-4405908e199d => generated 0 bytes in 236 msecs (HTTP/1.1 204) 3 headers in 131 bytes (1 switches on core 0) [pid: 8|app: 0|req: 388/814] 10.0.0.238 () {34 vars in 989 bytes} [Sat Apr 25 14:53:19 2026] GET /v2.0/ports?device_id=16def69b-0188-4bdc-9167-5769fa6377f8 => generated 12 bytes in 29 msecs (HTTP/1.1 200) 4 headers in 156 bytes (1 switches on core 0)
2026-04-25 14:53:19.251 7 INFO neutron_taas.services.taas.taas_plugin [None req-c07fc00f-fc90-4c9b-a8bf-a724ac68f80a 2368d8f95dbc4fbcac644ce6b1dbab56 5b90a3fe64bc43c2b40c649a97bcc3c4 - - default default] TaaS: Handle Delete Port: 0bf0def9-009e-43f9-91cd-c792216dea80
2026-04-25 14:53:19.253 7 INFO neutron_taas.services.taas.tap_mirror_plugin [None req-c07fc00f-fc90-4c9b-a8bf-a724ac68f80a 2368d8f95dbc4fbcac644ce6b1dbab56 5b90a3fe64bc43c2b40c649a97bcc3c4 - - default default] Tap Mirror: Handle Delete Port: 0bf0def9-009e-43f9-91cd-c792216dea80
2026-04-25 14:53:19.363 8 INFO neutron_taas.services.taas.taas_plugin [None req-0124a99a-a6c8-44b2-b1e5-b874e698d031 9afa9b7a30fd48a7a959a2e019dcdaa3 ef64cac21c354844bde93e39775c54c5 - - default default] TaaS: Handle Delete Port: 79287c60-67a5-4343-a44e-bc15db0214a5
2026-04-25 14:53:19.366 8 INFO neutron_taas.services.taas.tap_mirror_plugin [None req-0124a99a-a6c8-44b2-b1e5-b874e698d031 9afa9b7a30fd48a7a959a2e019dcdaa3 ef64cac21c354844bde93e39775c54c5 - - default default] Tap Mirror: Handle Delete Port: 79287c60-67a5-4343-a44e-bc15db0214a5 [pid: 7|app: 0|req: 427/815] 10.0.0.76 () {32 vars in 730 bytes} [Sat Apr 25 14:53:19 2026] DELETE /v2.0/floatingips/99e628b7-2366-4240-a9d9-5a19ca354cca => generated 0 bytes in 252 msecs (HTTP/1.1 204) 2 headers in 112 bytes (1 switches on core 0) [pid: 8|app: 0|req: 389/816] 10.0.0.76 () {32 vars in 718 bytes} [Sat Apr 25 14:53:19 2026] DELETE /v2.0/ports/79287c60-67a5-4343-a44e-bc15db0214a5 => generated 0 bytes in 288 msecs (HTTP/1.1 204) 3 headers in 131 bytes (1 switches on core 0)
2026-04-25 14:53:19.519 7 INFO neutron_taas.services.taas.taas_plugin [None req-22b2448d-c199-46e4-b1bd-f1b996b4c9d9 046e746d055c418b9fba268bc45bd0b7 4d53fc13853a441f93e84fba2d1122ca - - default default] TaaS: Handle Delete Port: a16dd154-3471-4187-a9f8-88b9632e9cba
2026-04-25 14:53:19.521 7 INFO neutron_taas.services.taas.tap_mirror_plugin [None req-22b2448d-c199-46e4-b1bd-f1b996b4c9d9 046e746d055c418b9fba268bc45bd0b7 4d53fc13853a441f93e84fba2d1122ca - - default default] Tap Mirror: Handle Delete Port: a16dd154-3471-4187-a9f8-88b9632e9cba
2026-04-25 14:53:19.680 7 INFO neutron.services.segments.plugin [-] Segment 3a651af8-d350-4192-9e05-8a6daa918a11 resource provider aggregate not found
2026-04-25 14:53:19.690 7 INFO neutron.services.segments.plugin [-] Segment 3a651af8-d350-4192-9e05-8a6daa918a11 resource provider aggregate not found
2026-04-25 14:53:19.710 7 INFO neutron.services.segments.plugin [-] Segment 3a651af8-d350-4192-9e05-8a6daa918a11 resource provider not found; error: Placement Client Error (4xx): {"errors": [{"status": 404, "title": "Not Found", "detail": "The resource could not be found.\n\n No resource provider with uuid 3a651af8-d350-4192-9e05-8a6daa918a11 found for delete ", "request_id": "req-e7e4abe8-4bfc-4b87-a33c-f536f66869f2"}]}
2026-04-25 14:53:19.712 7 INFO neutron.services.segments.plugin [-] Segment 3a651af8-d350-4192-9e05-8a6daa918a11 resource provider not found; error: Placement Client Error (4xx): {"errors": [{"status": 404, "title": "Not Found", "detail": "The resource could not be found.\n\n No resource provider with uuid 3a651af8-d350-4192-9e05-8a6daa918a11 found for delete ", "request_id": "req-574f4cef-bead-4c52-8094-f996c419ee49"}]} [pid: 7|app: 0|req: 428/817] 10.0.0.76 () {32 vars in 724 bytes} [Sat Apr 25 14:53:19 2026] DELETE /v2.0/networks/1b02bd33-8a26-4f77-bc41-3a274d447bed => generated 0 bytes in 346 msecs (HTTP/1.1 204) 3 headers in 131 bytes (1 switches on core 0)
2026-04-25 14:53:19.744 8 INFO neutron_taas.services.taas.taas_plugin [None req-daccd497-b7d3-4a42-83ab-81cf68cefdd8 046e746d055c418b9fba268bc45bd0b7 4d53fc13853a441f93e84fba2d1122ca - - default default] TaaS: Handle Delete Port: 7caa5c64-7384-44ad-8b62-02c0b0c42443
2026-04-25 14:53:19.747 8 INFO neutron_taas.services.taas.tap_mirror_plugin [None req-daccd497-b7d3-4a42-83ab-81cf68cefdd8 046e746d055c418b9fba268bc45bd0b7 4d53fc13853a441f93e84fba2d1122ca - - default default] Tap Mirror: Handle Delete Port: 7caa5c64-7384-44ad-8b62-02c0b0c42443
2026-04-25 14:53:19.763 7 INFO neutron.pecan_wsgi.hooks.translation [None req-be202957-8d53-4047-a1db-28c9c4c10237 9afa9b7a30fd48a7a959a2e019dcdaa3 ef64cac21c354844bde93e39775c54c5 - - default default] GET failed (client error): The resource could not be found. [pid: 7|app: 0|req: 429/818] 10.0.0.76 () {32 vars in 715 bytes} [Sat Apr 25 14:53:19 2026] GET /v2.0/ports/79287c60-67a5-4343-a44e-bc15db0214a5 => generated 132 bytes in 26 msecs (HTTP/1.1 404) 4 headers in 164 bytes (1 switches on core 0) [pid: 7|app: 0|req: 430/819] 10.0.0.76 () {32 vars in 722 bytes} [Sat Apr 25 14:53:19 2026] DELETE /v2.0/subnets/3d75f254-b854-4cc7-9518-73f4d8f9eed5 => generated 0 bytes in 137 msecs (HTTP/1.1 204) 3 headers in 131 bytes (1 switches on core 0) [pid: 7|app: 0|req: 431/820] 10.0.0.76 () {32 vars in 772 bytes} [Sat Apr 25 14:53:19 2026] GET /v2.0/security-groups?tenant_id=8e7ec49c22534ded8cecf199e985c238&name=default => generated 2921 bytes in 52 msecs (HTTP/1.1 200) 4 headers in 158 bytes (1 switches on core 0)
2026-04-25 14:53:20.093 7 INFO neutron_taas.services.taas.taas_plugin [None req-0d38cdd9-ba67-4e63-845e-0dfa1a81bb1c 9afa9b7a30fd48a7a959a2e019dcdaa3 ef64cac21c354844bde93e39775c54c5 - - default default] TaaS: Handle Delete Port: 4de920df-d956-4d0f-a182-9ccd62fea863
2026-04-25 14:53:20.096 7 INFO neutron_taas.services.taas.tap_mirror_plugin [None req-0d38cdd9-ba67-4e63-845e-0dfa1a81bb1c 9afa9b7a30fd48a7a959a2e019dcdaa3 ef64cac21c354844bde93e39775c54c5 - - default default] Tap Mirror: Handle Delete Port: 4de920df-d956-4d0f-a182-9ccd62fea863 [pid: 7|app: 0|req: 432/821] 10.0.0.76 () {32 vars in 724 bytes} [Sat Apr 25 14:53:19 2026] DELETE /v2.0/networks/ee1ac6aa-7ead-4c43-a78a-703ba3b24627 => generated 0 bytes in 339 msecs (HTTP/1.1 204) 3 headers in 131 bytes (1 switches on core 0) [pid: 8|app: 0|req: 390/822] 10.0.0.76 () {34 vars in 787 bytes} [Sat Apr 25 14:53:19 2026] PUT /v2.0/routers/72ec49cd-b72d-48c0-ad56-f8d7a5f1a2e1/remove_router_interface => generated 309 bytes in 943 msecs (HTTP/1.1 200) 4 headers in 157 bytes (1 switches on core 0) /var/lib/openstack/lib/python3.12/site-packages/pycadf/identifier.py:70: UserWarning: Invalid uuid: neutron. To ensure interoperability, identifiers should be a valid uuid. warnings.warn(('Invalid uuid: %s. To ensure interoperability, ' [pid: 8|app: 0|req: 391/823] 10.0.0.238 () {34 vars in 989 bytes} [Sat Apr 25 14:53:20 2026] GET /v2.0/ports?device_id=16def69b-0188-4bdc-9167-5769fa6377f8 => generated 12 bytes in 27 msecs (HTTP/1.1 200) 4 headers in 156 bytes (1 switches on core 0) [pid: 7|app: 0|req: 433/824] 10.0.0.76 () {32 vars in 738 bytes} [Sat Apr 25 14:53:20 2026] DELETE /v2.0/security-groups/87418bae-9475-4167-8d82-dae0ab738567 => generated 0 bytes in 243 msecs (HTTP/1.1 204) 2 headers in 112 bytes (1 switches on core 0)
2026-04-25 14:53:20.680 8 WARNING neutron.scheduler.dhcp_agent_scheduler [None req-10add4e2-ccc9-4f89-bee4-0c96a149ff33 9afa9b7a30fd48a7a959a2e019dcdaa3 ef64cac21c354844bde93e39775c54c5 - - default default] No more DHCP agents
2026-04-25 14:53:20.682 8 WARNING neutron.api.rpc.agentnotifiers.dhcp_rpc_agent_api [None req-10add4e2-ccc9-4f89-bee4-0c96a149ff33 9afa9b7a30fd48a7a959a2e019dcdaa3 ef64cac21c354844bde93e39775c54c5 - - default default] Unable to schedule network 875ab0a8-dce8-4442-9de6-09c60b7eeb4a: no agents available; will retry on subsequent port and subnet creation events.
2026-04-25 14:53:20.751 7 INFO neutron.plugins.ml2.drivers.ovn.mech_driver.mech_driver [None req-c6a4c636-d13f-4cf6-8bf1-6a2bb0f3a792 - - - - - -] OVN reports status down for port: c12059b6-09ff-41aa-a3c5-7481e69db340
2026-04-25 14:53:20.758 8 INFO neutron.db.ovn_revision_numbers_db [None req-10add4e2-ccc9-4f89-bee4-0c96a149ff33 9afa9b7a30fd48a7a959a2e019dcdaa3 ef64cac21c354844bde93e39775c54c5 - - default default] Successfully bumped revision number for resource c12059b6-09ff-41aa-a3c5-7481e69db340 (type: ports) to 1 [pid: 8|app: 0|req: 392/825] 10.0.0.76 () {34 vars in 663 bytes} [Sat Apr 25 14:53:20 2026] POST /v2.0/ports => generated 779 bytes in 360 msecs (HTTP/1.1 201) 4 headers in 162 bytes (1 switches on core 0) /var/lib/openstack/lib/python3.12/site-packages/pycadf/identifier.py:70: UserWarning: Invalid uuid: neutron. To ensure interoperability, identifiers should be a valid uuid. warnings.warn(('Invalid uuid: %s. To ensure interoperability, '
2026-04-25 14:53:20.950 7 INFO neutron_taas.services.taas.taas_plugin [None req-afba7d48-526e-46fb-9f0f-47914793a752 046e746d055c418b9fba268bc45bd0b7 4d53fc13853a441f93e84fba2d1122ca - - default default] TaaS: Handle Delete Port: 405d1f14-e19b-487c-848b-2d0549f93aee
2026-04-25 14:53:20.954 7 INFO neutron_taas.services.taas.tap_mirror_plugin [None req-afba7d48-526e-46fb-9f0f-47914793a752 046e746d055c418b9fba268bc45bd0b7 4d53fc13853a441f93e84fba2d1122ca - - default default] Tap Mirror: Handle Delete Port: 405d1f14-e19b-487c-848b-2d0549f93aee
2026-04-25 14:53:21.042 7 INFO neutron.plugins.ml2.drivers.ovn.mech_driver.mech_driver [None req-c6a4c636-d13f-4cf6-8bf1-6a2bb0f3a792 - - - - - -] OVN reports status down for port: c12059b6-09ff-41aa-a3c5-7481e69db340
2026-04-25 14:53:21.053 8 INFO neutron.db.ovn_revision_numbers_db [None req-94a4b0da-3cd6-4894-ad3f-66b2f98005d8 9afa9b7a30fd48a7a959a2e019dcdaa3 ef64cac21c354844bde93e39775c54c5 - - default default] Successfully bumped revision number for resource c12059b6-09ff-41aa-a3c5-7481e69db340 (type: ports) to 2 [pid: 8|app: 0|req: 393/826] 10.0.0.76 () {34 vars in 735 bytes} [Sat Apr 25 14:53:20 2026] PUT /v2.0/ports/c12059b6-09ff-41aa-a3c5-7481e69db340 => generated 752 bytes in 256 msecs (HTTP/1.1 200) 4 headers in 157 bytes (1 switches on core 0) /var/lib/openstack/lib/python3.12/site-packages/pycadf/identifier.py:70: UserWarning: Invalid uuid: neutron. To ensure interoperability, identifiers should be a valid uuid. warnings.warn(('Invalid uuid: %s. To ensure interoperability, '
2026-04-25 14:53:21.179 8 INFO neutron_taas.services.taas.taas_plugin [None req-4593de9c-c3d9-4ec0-9b47-a3759777fc3f 9afa9b7a30fd48a7a959a2e019dcdaa3 ef64cac21c354844bde93e39775c54c5 - - default default] TaaS: Handle Delete Port: c12059b6-09ff-41aa-a3c5-7481e69db340
2026-04-25 14:53:21.182 8 INFO neutron_taas.services.taas.tap_mirror_plugin [None req-4593de9c-c3d9-4ec0-9b47-a3759777fc3f 9afa9b7a30fd48a7a959a2e019dcdaa3 ef64cac21c354844bde93e39775c54c5 - - default default] Tap Mirror: Handle Delete Port: c12059b6-09ff-41aa-a3c5-7481e69db340 [pid: 8|app: 0|req: 394/827] 10.0.0.76 () {32 vars in 718 bytes} [Sat Apr 25 14:53:21 2026] DELETE /v2.0/ports/c12059b6-09ff-41aa-a3c5-7481e69db340 => generated 0 bytes in 214 msecs (HTTP/1.1 204) 3 headers in 131 bytes (1 switches on core 0) [pid: 8|app: 0|req: 395/828] 10.0.0.76 () {32 vars in 641 bytes} [Sat Apr 25 14:53:21 2026] GET /v2.0/ports => generated 1538 bytes in 58 msecs (HTTP/1.1 200) 4 headers in 158 bytes (1 switches on core 0)
2026-04-25 14:53:21.375 8 INFO neutron.pecan_wsgi.hooks.translation [None req-ec4875b7-006a-40d2-aa8d-eec43eb3074a 9afa9b7a30fd48a7a959a2e019dcdaa3 ef64cac21c354844bde93e39775c54c5 - - default default] GET failed (client error): The resource could not be found. [pid: 8|app: 0|req: 396/829] 10.0.0.76 () {32 vars in 715 bytes} [Sat Apr 25 14:53:21 2026] GET /v2.0/ports/c12059b6-09ff-41aa-a3c5-7481e69db340 => generated 132 bytes in 17 msecs (HTTP/1.1 404) 4 headers in 164 bytes (1 switches on core 0) [pid: 7|app: 0|req: 434/830] 10.0.0.76 () {32 vars in 722 bytes} [Sat Apr 25 14:53:20 2026] DELETE /v2.0/routers/72ec49cd-b72d-48c0-ad56-f8d7a5f1a2e1 => generated 0 bytes in 868 msecs (HTTP/1.1 204) 2 headers in 112 bytes (1 switches on core 0) [pid: 8|app: 0|req: 397/831] 10.0.0.76 () {32 vars in 641 bytes} [Sat Apr 25 14:53:21 2026] GET /v2.0/ports => generated 1538 bytes in 57 msecs (HTTP/1.1 200) 4 headers in 158 bytes (1 switches on core 0) [pid: 8|app: 0|req: 398/832] 10.0.0.76 () {32 vars in 715 bytes} [Sat Apr 25 14:53:21 2026] GET /v2.0/ports/8f8b0fd1-ae11-4bfc-a1e9-adecd25fca28 => generated 779 bytes in 38 msecs (HTTP/1.1 200) 4 headers in 157 bytes (1 switches on core 0)
2026-04-25 14:53:21.508 8 INFO neutron.pecan_wsgi.hooks.translation [None req-3858bb63-cde5-4d2f-bbe4-7280a1058fae 9afa9b7a30fd48a7a959a2e019dcdaa3 ef64cac21c354844bde93e39775c54c5 - - default default] DELETE failed (client error): The resource could not be found. [pid: 8|app: 0|req: 399/833] 10.0.0.76 () {32 vars in 718 bytes} [Sat Apr 25 14:53:21 2026] DELETE /v2.0/ports/79287c60-67a5-4343-a44e-bc15db0214a5 => generated 132 bytes in 21 msecs (HTTP/1.1 404) 4 headers in 164 bytes (1 switches on core 0)
2026-04-25 14:53:21.526 8 INFO neutron.pecan_wsgi.hooks.translation [None req-51f30504-4d2a-4729-9d9e-42c0705f82c0 9afa9b7a30fd48a7a959a2e019dcdaa3 ef64cac21c354844bde93e39775c54c5 - - default default] DELETE failed (client error): The resource could not be found. [pid: 8|app: 0|req: 400/834] 10.0.0.76 () {32 vars in 722 bytes} [Sat Apr 25 14:53:21 2026] DELETE /v2.0/subnets/3d75f254-b854-4cc7-9518-73f4d8f9eed5 => generated 136 bytes in 14 msecs (HTTP/1.1 404) 4 headers in 164 bytes (1 switches on core 0) [pid: 8|app: 0|req: 401/835] 10.0.0.238 () {34 vars in 989 bytes} [Sat Apr 25 14:53:21 2026] GET /v2.0/ports?device_id=16def69b-0188-4bdc-9167-5769fa6377f8 => generated 12 bytes in 19 msecs (HTTP/1.1 200) 4 headers in 156 bytes (1 switches on core 0)
2026-04-25 14:53:21.560 8 INFO neutron.pecan_wsgi.hooks.translation [None req-69c0eeb6-a195-48fc-97f7-99ad4f249836 9afa9b7a30fd48a7a959a2e019dcdaa3 ef64cac21c354844bde93e39775c54c5 - - default default] DELETE failed (client error): The resource could not be found. [pid: 8|app: 0|req: 402/836] 10.0.0.76 () {32 vars in 722 bytes} [Sat Apr 25 14:53:21 2026] DELETE /v2.0/subnets/f3a6a79f-17b6-4afd-95a1-a1bc81480b6e => generated 136 bytes in 12 msecs (HTTP/1.1 404) 4 headers in 164 bytes (1 switches on core 0) [pid: 7|app: 0|req: 435/837] 10.0.0.76 () {32 vars in 722 bytes} [Sat Apr 25 14:53:21 2026] DELETE /v2.0/subnets/8f1c2a34-6a58-43d6-9c2c-08c4b55f8c60 => generated 0 bytes in 196 msecs (HTTP/1.1 204) 3 headers in 131 bytes (1 switches on core 0)
2026-04-25 14:53:21.695 8 INFO neutron_taas.services.taas.taas_plugin [None req-57a22da7-0f44-4cb6-93d3-e2030375d409 9afa9b7a30fd48a7a959a2e019dcdaa3 ef64cac21c354844bde93e39775c54c5 - - default default] TaaS: Handle Delete Port: 8f8b0fd1-ae11-4bfc-a1e9-adecd25fca28
2026-04-25 14:53:21.698 8 INFO neutron_taas.services.taas.tap_mirror_plugin [None req-57a22da7-0f44-4cb6-93d3-e2030375d409 9afa9b7a30fd48a7a959a2e019dcdaa3 ef64cac21c354844bde93e39775c54c5 - - default default] Tap Mirror: Handle Delete Port: 8f8b0fd1-ae11-4bfc-a1e9-adecd25fca28
2026-04-25 14:53:21.744 7 INFO neutron.services.segments.plugin [-] Segment adc78577-e9a4-4f6a-ac46-54a49e9acece resource provider aggregate not found
2026-04-25 14:53:21.745 7 INFO neutron.services.segments.plugin [-] Segment adc78577-e9a4-4f6a-ac46-54a49e9acece resource provider aggregate not found
2026-04-25 14:53:21.755 7 INFO neutron_taas.services.taas.taas_plugin [None req-4d69bd62-afcf-435e-ba6b-62b937bf0702 046e746d055c418b9fba268bc45bd0b7 4d53fc13853a441f93e84fba2d1122ca - - default default] TaaS: Handle Delete Port: c4429787-6fc7-4dd3-9ee8-e362c495e14b
2026-04-25 14:53:21.760 7 INFO neutron_taas.services.taas.tap_mirror_plugin [None req-4d69bd62-afcf-435e-ba6b-62b937bf0702 046e746d055c418b9fba268bc45bd0b7 4d53fc13853a441f93e84fba2d1122ca - - default default] Tap Mirror: Handle Delete Port: c4429787-6fc7-4dd3-9ee8-e362c495e14b
2026-04-25 14:53:21.770 7 INFO neutron.services.segments.plugin [-] Segment adc78577-e9a4-4f6a-ac46-54a49e9acece resource provider not found; error: Placement Client Error (4xx): {"errors": [{"status": 404, "title": "Not Found", "detail": "The resource could not be found.\n\n No resource provider with uuid adc78577-e9a4-4f6a-ac46-54a49e9acece found for delete ", "request_id": "req-65d00ec2-4e61-48a1-a367-18bcf3aac5bb"}]}
2026-04-25 14:53:21.771 7 INFO neutron.services.segments.plugin [-] Segment adc78577-e9a4-4f6a-ac46-54a49e9acece resource provider not found; error: Placement Client Error (4xx): {"errors": [{"status": 404, "title": "Not Found", "detail": "The resource could not be found.\n\n No resource provider with uuid adc78577-e9a4-4f6a-ac46-54a49e9acece found for delete ", "request_id": "req-ec4f2a16-82fd-4a41-b1bd-8d4907ef77d7"}]} [pid: 8|app: 0|req: 403/838] 10.0.0.76 () {32 vars in 718 bytes} [Sat Apr 25 14:53:21 2026] DELETE /v2.0/ports/8f8b0fd1-ae11-4bfc-a1e9-adecd25fca28 => generated 0 bytes in 252 msecs (HTTP/1.1 204) 3 headers in 131 bytes (1 switches on core 0)
2026-04-25 14:53:21.938 8 INFO neutron_taas.services.taas.taas_plugin [None req-04f5c4f9-53a5-41d2-95dc-a5db3b82db87 9afa9b7a30fd48a7a959a2e019dcdaa3 ef64cac21c354844bde93e39775c54c5 - - default default] TaaS: Handle Delete Port: bb7fb780-1162-414e-ab58-f1031b586865
2026-04-25 14:53:21.941 8 INFO neutron_taas.services.taas.tap_mirror_plugin [None req-04f5c4f9-53a5-41d2-95dc-a5db3b82db87 9afa9b7a30fd48a7a959a2e019dcdaa3 ef64cac21c354844bde93e39775c54c5 - - default default] Tap Mirror: Handle Delete Port: bb7fb780-1162-414e-ab58-f1031b586865 [pid: 7|app: 0|req: 436/839] 10.0.0.76 () {32 vars in 724 bytes} [Sat Apr 25 14:53:21 2026] DELETE /v2.0/networks/626e7a6f-0db7-4969-b24f-590ef8a479a7 => generated 0 bytes in 393 msecs (HTTP/1.1 204) 3 headers in 131 bytes (1 switches on core 0)
2026-04-25 14:53:22.148 8 INFO neutron.services.segments.plugin [-] Segment bf4ed658-fe86-4f29-85a1-7093015597ea resource provider aggregate not found
2026-04-25 14:53:22.158 8 INFO neutron.services.segments.plugin [-] Segment bf4ed658-fe86-4f29-85a1-7093015597ea resource provider aggregate not found
2026-04-25 14:53:22.172 8 INFO neutron.services.segments.plugin [-] Segment bf4ed658-fe86-4f29-85a1-7093015597ea resource provider not found; error: Placement Client Error (4xx): {"errors": [{"status": 404, "title": "Not Found", "detail": "The resource could not be found.\n\n No resource provider with uuid bf4ed658-fe86-4f29-85a1-7093015597ea found for delete ", "request_id": "req-a1dc90f8-82ca-4df8-96a6-8c7c7d620e53"}]}
2026-04-25 14:53:22.175 8 INFO neutron.services.segments.plugin [-] Segment bf4ed658-fe86-4f29-85a1-7093015597ea resource provider not found; error: Placement Client Error (4xx): {"errors": [{"status": 404, "title": "Not Found", "detail": "The resource could not be found.\n\n No resource provider with uuid bf4ed658-fe86-4f29-85a1-7093015597ea found for delete ", "request_id": "req-ff3f0757-2dab-454f-a400-d9e144698532"}]} [pid: 7|app: 0|req: 437/840] 10.0.0.76 () {32 vars in 772 bytes} [Sat Apr 25 14:53:22 2026] GET /v2.0/security-groups?tenant_id=5b90a3fe64bc43c2b40c649a97bcc3c4&name=default => generated 2925 bytes in 43 msecs (HTTP/1.1 200) 4 headers in 158 bytes (1 switches on core 0) [pid: 8|app: 0|req: 404/841] 10.0.0.76 () {32 vars in 724 bytes} [Sat Apr 25 14:53:21 2026] DELETE /v2.0/networks/875ab0a8-dce8-4442-9de6-09c60b7eeb4a => generated 0 bytes in 379 msecs (HTTP/1.1 204) 3 headers in 131 bytes (1 switches on core 0) [pid: 7|app: 0|req: 438/842] 10.0.0.76 () {32 vars in 738 bytes} [Sat Apr 25 14:53:22 2026] DELETE /v2.0/security-groups/06f44082-3073-46c5-a232-ffec4cc4bb0c => generated 0 bytes in 255 msecs (HTTP/1.1 204) 2 headers in 112 bytes (1 switches on core 0) [pid: 8|app: 0|req: 405/843] 10.0.0.76 () {32 vars in 738 bytes} [Sat Apr 25 14:53:22 2026] DELETE /v2.0/security-groups/7a59fd14-0556-4611-821a-0d680857b216 => generated 0 bytes in 165 msecs (HTTP/1.1 204) 2 headers in 112 bytes (1 switches on core 0)
2026-04-25 14:53:22.819 8 INFO neutron.api.v2.resource [None req-b3dfd2ee-1cb3-4df3-8398-9013a0c345a5 3b137d7a00914665a1ef4b1fa4abec4e 1a64003d084b4471b804866b46cb531a - - default default] show failed (client error): The resource could not be found. [pid: 8|app: 0|req: 406/844] 10.0.0.76 () {32 vars in 735 bytes} [Sat Apr 25 14:53:22 2026] GET /v2.0/security-groups/7a59fd14-0556-4611-821a-0d680857b216 => generated 146 bytes in 16 msecs (HTTP/1.1 404) 4 headers in 164 bytes (1 switches on core 0) [pid: 7|app: 0|req: 439/845] 10.0.0.76 () {32 vars in 772 bytes} [Sat Apr 25 14:53:22 2026] GET /v2.0/security-groups?tenant_id=ef64cac21c354844bde93e39775c54c5&name=default => generated 2925 bytes in 190 msecs (HTTP/1.1 200) 4 headers in 158 bytes (1 switches on core 0)
2026-04-25 14:53:22.971 8 INFO neutron_taas.services.taas.taas_plugin [None req-bb679a93-e90b-48e3-9445-beb3c60740c4 3b137d7a00914665a1ef4b1fa4abec4e 1a64003d084b4471b804866b46cb531a - - default default] TaaS: Handle Delete Port: 83326214-f1fc-40bf-a9a8-9b3a6cd3b383
2026-04-25 14:53:22.974 8 INFO neutron_taas.services.taas.tap_mirror_plugin [None req-bb679a93-e90b-48e3-9445-beb3c60740c4 3b137d7a00914665a1ef4b1fa4abec4e 1a64003d084b4471b804866b46cb531a - - default default] Tap Mirror: Handle Delete Port: 83326214-f1fc-40bf-a9a8-9b3a6cd3b383 [pid: 7|app: 0|req: 440/846] 10.0.0.76 () {32 vars in 738 bytes} [Sat Apr 25 14:53:22 2026] DELETE /v2.0/security-groups/7a349724-a63d-4fd2-b6f7-794b8e7f8b36 => generated 0 bytes in 213 msecs (HTTP/1.1 204) 2 headers in 112 bytes (1 switches on core 0) [pid: 8|app: 0|req: 407/847] 10.0.0.76 () {32 vars in 730 bytes} [Sat Apr 25 14:53:22 2026] DELETE /v2.0/floatingips/2a75dd0d-8ecc-42f0-a60f-96eed17cdd59 => generated 0 bytes in 316 msecs (HTTP/1.1 204) 2 headers in 112 bytes (1 switches on core 0)
2026-04-25 14:53:23.498 7 INFO neutron_taas.services.taas.taas_plugin [None req-ef0bb80e-1aaf-4dad-a754-6a4c370d3494 046e746d055c418b9fba268bc45bd0b7 4d53fc13853a441f93e84fba2d1122ca - - default default] TaaS: Handle Delete Port: 203a4450-f285-4c74-b2cf-97c513d2dd9d
2026-04-25 14:53:23.501 7 INFO neutron_taas.services.taas.tap_mirror_plugin [None req-ef0bb80e-1aaf-4dad-a754-6a4c370d3494 046e746d055c418b9fba268bc45bd0b7 4d53fc13853a441f93e84fba2d1122ca - - default default] Tap Mirror: Handle Delete Port: 203a4450-f285-4c74-b2cf-97c513d2dd9d
2026-04-25 14:53:23.654 8 INFO neutron.db.ovn_revision_numbers_db [None req-e0be32b4-ae35-4315-83aa-e0ae3f561f88 046e746d055c418b9fba268bc45bd0b7 4d53fc13853a441f93e84fba2d1122ca - - default default] Successfully bumped revision number for resource db26743f-bfc5-4964-b3d7-5d6872c3bf55 (type: security_groups) to 1
2026-04-25 14:53:23.669 8 INFO neutron.db.ovn_revision_numbers_db [None req-e0be32b4-ae35-4315-83aa-e0ae3f561f88 046e746d055c418b9fba268bc45bd0b7 4d53fc13853a441f93e84fba2d1122ca - - default default] Successfully bumped revision number for resource 1cc43722-45f9-431c-84f9-dbeb572ec650 (type: security_group_rules) to 0
2026-04-25 14:53:23.691 8 INFO neutron.db.ovn_revision_numbers_db [None req-e0be32b4-ae35-4315-83aa-e0ae3f561f88 046e746d055c418b9fba268bc45bd0b7 4d53fc13853a441f93e84fba2d1122ca - - default default] Successfully bumped revision number for resource c46e757c-1524-4931-b40c-b9a2d63818e5 (type: security_group_rules) to 0
2026-04-25 14:53:23.703 8 INFO neutron.db.ovn_revision_numbers_db [None req-e0be32b4-ae35-4315-83aa-e0ae3f561f88 046e746d055c418b9fba268bc45bd0b7 4d53fc13853a441f93e84fba2d1122ca - - default default] Successfully bumped revision number for resource c92d9cc8-a7a4-47db-a8b8-e191dcb056b9 (type: security_group_rules) to 0
2026-04-25 14:53:23.715 8 INFO neutron.db.ovn_revision_numbers_db [None req-e0be32b4-ae35-4315-83aa-e0ae3f561f88 046e746d055c418b9fba268bc45bd0b7 4d53fc13853a441f93e84fba2d1122ca - - default default] Successfully bumped revision number for resource d78000b6-516a-4a27-89e0-ea9ece73b8a3 (type: security_group_rules) to 0 [pid: 8|app: 0|req: 408/848] 10.0.0.76 () {32 vars in 772 bytes} [Sat Apr 25 14:53:23 2026] GET /v2.0/security-groups?tenant_id=8a0b136151134b08aeff697d0761cbf0&name=default => generated 2925 bytes in 479 msecs (HTTP/1.1 200) 4 headers in 158 bytes (1 switches on core 0)
2026-04-25 14:53:23.801 7 INFO neutron.services.segments.plugin [-] Segment 6f8a66ab-0083-408a-9248-2db4cce8eb3b resource provider aggregate not found
2026-04-25 14:53:23.805 7 INFO neutron.services.segments.plugin [-] Segment 6f8a66ab-0083-408a-9248-2db4cce8eb3b resource provider aggregate not found
2026-04-25 14:53:23.824 7 INFO neutron.services.segments.plugin [-] Segment 6f8a66ab-0083-408a-9248-2db4cce8eb3b resource provider not found; error: Placement Client Error (4xx): {"errors": [{"status": 404, "title": "Not Found", "detail": "The resource could not be found.\n\n No resource provider with uuid 6f8a66ab-0083-408a-9248-2db4cce8eb3b found for delete ", "request_id": "req-dc5a77ea-bbca-4ada-bb8c-f5ae410e7cb8"}]}
2026-04-25 14:53:23.830 7 INFO neutron.services.segments.plugin [-] Segment 6f8a66ab-0083-408a-9248-2db4cce8eb3b resource provider not found; error: Placement Client Error (4xx): {"errors": [{"status": 404, "title": "Not Found", "detail": "The resource could not be found.\n\n No resource provider with uuid 6f8a66ab-0083-408a-9248-2db4cce8eb3b found for delete ", "request_id": "req-c86ad9ae-0f33-4a1c-a701-b01239dbfa31"}]} [pid: 8|app: 0|req: 409/849] 10.0.0.76 () {32 vars in 738 bytes} [Sat Apr 25 14:53:23 2026] DELETE /v2.0/security-groups/db26743f-bfc5-4964-b3d7-5d6872c3bf55 => generated 0 bytes in 239 msecs (HTTP/1.1 204) 2 headers in 112 bytes (1 switches on core 0) [pid: 7|app: 0|req: 441/850] 10.0.0.76 () {34 vars in 787 bytes} [Sat Apr 25 14:53:23 2026] PUT /v2.0/routers/34d83cba-cf3c-4267-a3a6-02a016516c91/remove_router_interface => generated 309 bytes in 963 msecs (HTTP/1.1 200) 4 headers in 157 bytes (1 switches on core 0)
2026-04-25 14:53:24.497 8 INFO neutron_taas.services.taas.taas_plugin [None req-71646032-b3f1-4c6a-8795-43334d7334ea 046e746d055c418b9fba268bc45bd0b7 4d53fc13853a441f93e84fba2d1122ca - - default default] TaaS: Handle Delete Port: 86e98580-af24-4e28-a1c2-2ab6f0120d6c
2026-04-25 14:53:24.500 8 INFO neutron_taas.services.taas.tap_mirror_plugin [None req-71646032-b3f1-4c6a-8795-43334d7334ea 046e746d055c418b9fba268bc45bd0b7 4d53fc13853a441f93e84fba2d1122ca - - default default] Tap Mirror: Handle Delete Port: 86e98580-af24-4e28-a1c2-2ab6f0120d6c [pid: 8|app: 0|req: 410/851] 10.0.0.76 () {32 vars in 722 bytes} [Sat Apr 25 14:53:24 2026] DELETE /v2.0/routers/34d83cba-cf3c-4267-a3a6-02a016516c91 => generated 0 bytes in 690 msecs (HTTP/1.1 204) 2 headers in 112 bytes (1 switches on core 0) /var/lib/openstack/lib/python3.12/site-packages/pycadf/identifier.py:70: UserWarning: Invalid uuid: neutron. To ensure interoperability, identifiers should be a valid uuid. warnings.warn(('Invalid uuid: %s. To ensure interoperability, ' [pid: 8|app: 0|req: 411/852] 10.0.0.76 () {32 vars in 722 bytes} [Sat Apr 25 14:53:24 2026] DELETE /v2.0/subnets/b171bb3b-e457-4b55-93a4-3a5be5389c4f => generated 0 bytes in 168 msecs (HTTP/1.1 204) 3 headers in 131 bytes (1 switches on core 0)
2026-04-25 14:53:25.152 7 INFO neutron.db.ovn_revision_numbers_db [None req-a7895507-d442-4d87-ac85-c6aa8d0381ab d379a7e5fec044d0ab4c4ad6eff264b1 77f378db5a7546eb822e4ea751c0472c - - default default] Successfully bumped revision number for resource 0d747262-2efc-4b1a-96bc-70a39dc1c77f (type: security_groups) to 1
2026-04-25 14:53:25.177 8 INFO neutron_taas.services.taas.taas_plugin [None req-9c07ca2a-1c5c-414f-9e3c-6c01a57908ed 046e746d055c418b9fba268bc45bd0b7 4d53fc13853a441f93e84fba2d1122ca - - default default] TaaS: Handle Delete Port: 6f32c63b-f557-4806-adc5-ce4857da2cef
2026-04-25 14:53:25.178 7 INFO neutron.db.ovn_revision_numbers_db [None req-a7895507-d442-4d87-ac85-c6aa8d0381ab d379a7e5fec044d0ab4c4ad6eff264b1 77f378db5a7546eb822e4ea751c0472c - - default default] Successfully bumped revision number for resource 666bc5c8-c8ac-49fb-879b-5a0ec28c506c (type: security_group_rules) to 0
2026-04-25 14:53:25.179 8 INFO neutron_taas.services.taas.tap_mirror_plugin [None req-9c07ca2a-1c5c-414f-9e3c-6c01a57908ed 046e746d055c418b9fba268bc45bd0b7 4d53fc13853a441f93e84fba2d1122ca - - default default] Tap Mirror: Handle Delete Port: 6f32c63b-f557-4806-adc5-ce4857da2cef
2026-04-25 14:53:25.191 7 INFO neutron.db.ovn_revision_numbers_db [None req-a7895507-d442-4d87-ac85-c6aa8d0381ab d379a7e5fec044d0ab4c4ad6eff264b1 77f378db5a7546eb822e4ea751c0472c - - default default] Successfully bumped revision number for resource d4e735fe-de3b-464c-af4f-8781fb6564f1 (type: security_group_rules) to 0
2026-04-25 14:53:25.209 7 INFO neutron.db.ovn_revision_numbers_db [None req-a7895507-d442-4d87-ac85-c6aa8d0381ab d379a7e5fec044d0ab4c4ad6eff264b1 77f378db5a7546eb822e4ea751c0472c - - default default] Successfully bumped revision number for resource e6f7975b-9f29-4cd3-8a35-087f34b866cd (type: security_group_rules) to 0
2026-04-25 14:53:25.223 7 INFO neutron.db.ovn_revision_numbers_db [None req-a7895507-d442-4d87-ac85-c6aa8d0381ab d379a7e5fec044d0ab4c4ad6eff264b1 77f378db5a7546eb822e4ea751c0472c - - default default] Successfully bumped revision number for resource f95076ff-7fbc-4812-8bc6-90cd84ddd128 (type: security_group_rules) to 0
2026-04-25 14:53:25.312 7 INFO neutron.db.segments_db [None req-a7895507-d442-4d87-ac85-c6aa8d0381ab d379a7e5fec044d0ab4c4ad6eff264b1 77f378db5a7546eb822e4ea751c0472c - - default default] Added segment 737b5b0b-a3c4-4ba4-97ca-17ee64286680 of type geneve for network 98409352-895a-4138-88f6-1488924ff1c4
2026-04-25 14:53:25.355 8 INFO neutron.services.segments.plugin [-] Segment fb918ecd-5aa8-4a4b-8983-52d89a2201e5 resource provider aggregate not found
2026-04-25 14:53:25.366 8 INFO neutron.services.segments.plugin [-] Segment fb918ecd-5aa8-4a4b-8983-52d89a2201e5 resource provider aggregate not found
2026-04-25 14:53:25.374 8 INFO neutron.services.segments.plugin [-] Segment fb918ecd-5aa8-4a4b-8983-52d89a2201e5 resource provider not found; error: Placement Client Error (4xx): {"errors": [{"status": 404, "title": "Not Found", "detail": "The resource could not be found.\n\n No resource provider with uuid fb918ecd-5aa8-4a4b-8983-52d89a2201e5 found for delete ", "request_id": "req-0a4e1ddf-483c-4452-95a5-d49d8daa9b7c"}]}
2026-04-25 14:53:25.387 8 INFO neutron.services.segments.plugin [-] Segment fb918ecd-5aa8-4a4b-8983-52d89a2201e5 resource provider not found; error: Placement Client Error (4xx): {"errors": [{"status": 404, "title": "Not Found", "detail": "The resource could not be found.\n\n No resource provider with uuid fb918ecd-5aa8-4a4b-8983-52d89a2201e5 found for delete ", "request_id": "req-2e069e4f-1d28-49e5-be39-cedeb21b20d6"}]} [pid: 8|app: 0|req: 412/853] 10.0.0.76 () {32 vars in 724 bytes} [Sat Apr 25 14:53:25 2026] DELETE /v2.0/networks/648046d9-045b-453d-851f-5fd975f54937 => generated 0 bytes in 370 msecs (HTTP/1.1 204) 3 headers in 131 bytes (1 switches on core 0)
2026-04-25 14:53:25.441 7 INFO neutron.db.ovn_revision_numbers_db [None req-a7895507-d442-4d87-ac85-c6aa8d0381ab d379a7e5fec044d0ab4c4ad6eff264b1 77f378db5a7546eb822e4ea751c0472c - - default default] Successfully bumped revision number for resource 98409352-895a-4138-88f6-1488924ff1c4 (type: networks) to 1
2026-04-25 14:53:25.614 7 WARNING neutron.scheduler.dhcp_agent_scheduler [None req-a7895507-d442-4d87-ac85-c6aa8d0381ab d379a7e5fec044d0ab4c4ad6eff264b1 77f378db5a7546eb822e4ea751c0472c - - default default] No more DHCP agents
2026-04-25 14:53:25.616 7 WARNING neutron.api.rpc.agentnotifiers.dhcp_rpc_agent_api [None req-a7895507-d442-4d87-ac85-c6aa8d0381ab d379a7e5fec044d0ab4c4ad6eff264b1 77f378db5a7546eb822e4ea751c0472c - - default default] Unable to schedule network 98409352-895a-4138-88f6-1488924ff1c4: no agents available; will retry on subsequent port and subnet creation events. [pid: 8|app: 0|req: 413/854] 10.0.0.76 () {32 vars in 772 bytes} [Sat Apr 25 14:53:25 2026] GET /v2.0/security-groups?tenant_id=1a64003d084b4471b804866b46cb531a&name=default => generated 2925 bytes in 65 msecs (HTTP/1.1 200) 4 headers in 158 bytes (1 switches on core 0)
2026-04-25 14:53:25.683 8 INFO neutron.plugins.ml2.drivers.ovn.mech_driver.mech_driver [None req-2752e8b4-183c-4ea6-b087-2f3491069964 - - - - - -] OVN reports status down for port: 18dfe42a-bc58-43c2-81ad-bf75da23170b
2026-04-25 14:53:25.701 7 INFO neutron.db.ovn_revision_numbers_db [None req-a7895507-d442-4d87-ac85-c6aa8d0381ab d379a7e5fec044d0ab4c4ad6eff264b1 77f378db5a7546eb822e4ea751c0472c - - default default] Successfully bumped revision number for resource 18dfe42a-bc58-43c2-81ad-bf75da23170b (type: ports) to 1 [pid: 7|app: 0|req: 442/855] 10.0.0.76 () {34 vars in 668 bytes} [Sat Apr 25 14:53:24 2026] POST /v2.0/networks => generated 664 bytes in 892 msecs (HTTP/1.1 201) 4 headers in 162 bytes (1 switches on core 0) [pid: 8|app: 0|req: 414/856] 10.0.0.76 () {32 vars in 738 bytes} [Sat Apr 25 14:53:25 2026] DELETE /v2.0/security-groups/45b57a82-a1fd-4c51-a2e5-0541e48e5c00 => generated 0 bytes in 313 msecs (HTTP/1.1 204) 2 headers in 112 bytes (1 switches on core 0)
2026-04-25 14:53:25.960 7 WARNING neutron.scheduler.dhcp_agent_scheduler [None req-fa0b6e98-c114-4ad9-8147-b1a6ab261185 d379a7e5fec044d0ab4c4ad6eff264b1 77f378db5a7546eb822e4ea751c0472c - - default default] No more DHCP agents
2026-04-25 14:53:25.961 7 WARNING neutron.api.rpc.agentnotifiers.dhcp_rpc_agent_api [None req-fa0b6e98-c114-4ad9-8147-b1a6ab261185 d379a7e5fec044d0ab4c4ad6eff264b1 77f378db5a7546eb822e4ea751c0472c - - default default] Unable to schedule network 98409352-895a-4138-88f6-1488924ff1c4: no agents available; will retry on subsequent port and subnet creation events.
2026-04-25 14:53:26.015 8 INFO neutron.plugins.ml2.drivers.ovn.mech_driver.mech_driver [None req-2752e8b4-183c-4ea6-b087-2f3491069964 - - - - - -] OVN reports status down for port: bc538b75-373a-4955-972f-97608d525137
2026-04-25 14:53:26.047 7 INFO neutron.db.ovn_revision_numbers_db [None req-fa0b6e98-c114-4ad9-8147-b1a6ab261185 d379a7e5fec044d0ab4c4ad6eff264b1 77f378db5a7546eb822e4ea751c0472c - - default default] Successfully bumped revision number for resource bc538b75-373a-4955-972f-97608d525137 (type: ports) to 1 [pid: 7|app: 0|req: 443/857] 10.0.0.76 () {34 vars in 663 bytes} [Sat Apr 25 14:53:25 2026] POST /v2.0/ports => generated 775 bytes in 366 msecs (HTTP/1.1 201) 4 headers in 162 bytes (1 switches on core 0)
2026-04-25 14:53:26.216 8 INFO neutron.db.segments_db [None req-222ad623-8097-4b19-82c4-2394b176936d d379a7e5fec044d0ab4c4ad6eff264b1 77f378db5a7546eb822e4ea751c0472c - - default default] Added segment de0cb9c6-7e12-4df5-a599-004e78ef1dca of type geneve for network 939ce814-1e59-4d91-ae02-65366dbf37ed
2026-04-25 14:53:26.338 8 INFO neutron.db.ovn_revision_numbers_db [None req-222ad623-8097-4b19-82c4-2394b176936d d379a7e5fec044d0ab4c4ad6eff264b1 77f378db5a7546eb822e4ea751c0472c - - default default] Successfully bumped revision number for resource 939ce814-1e59-4d91-ae02-65366dbf37ed (type: networks) to 1
2026-04-25 14:53:26.537 8 WARNING neutron.scheduler.dhcp_agent_scheduler [None req-222ad623-8097-4b19-82c4-2394b176936d d379a7e5fec044d0ab4c4ad6eff264b1 77f378db5a7546eb822e4ea751c0472c - - default default] No more DHCP agents
2026-04-25 14:53:26.539 8 WARNING neutron.api.rpc.agentnotifiers.dhcp_rpc_agent_api [None req-222ad623-8097-4b19-82c4-2394b176936d d379a7e5fec044d0ab4c4ad6eff264b1 77f378db5a7546eb822e4ea751c0472c - - default default] Unable to schedule network 939ce814-1e59-4d91-ae02-65366dbf37ed: no agents available; will retry on subsequent port and subnet creation events.
2026-04-25 14:53:26.594 7 INFO neutron.plugins.ml2.drivers.ovn.mech_driver.mech_driver [None req-c6a4c636-d13f-4cf6-8bf1-6a2bb0f3a792 - - - - - -] OVN reports status down for port: c025a6ff-fbfe-4ac0-9b0b-9af9400c1a85
2026-04-25 14:53:26.653 8 INFO neutron.db.ovn_revision_numbers_db [None req-222ad623-8097-4b19-82c4-2394b176936d d379a7e5fec044d0ab4c4ad6eff264b1 77f378db5a7546eb822e4ea751c0472c - - default default] Successfully bumped revision number for resource c025a6ff-fbfe-4ac0-9b0b-9af9400c1a85 (type: ports) to 1 [pid: 8|app: 0|req: 415/858] 10.0.0.76 () {34 vars in 668 bytes} [Sat Apr 25 14:53:26 2026] POST /v2.0/networks => generated 651 bytes in 585 msecs (HTTP/1.1 201) 4 headers in 162 bytes (1 switches on core 0) /var/lib/openstack/lib/python3.12/site-packages/pycadf/identifier.py:70: UserWarning: Invalid uuid: neutron. To ensure interoperability, identifiers should be a valid uuid. warnings.warn(('Invalid uuid: %s. To ensure interoperability, '
2026-04-25 14:53:27.308 8 INFO neutron.db.ovn_revision_numbers_db [None req-6db12ef0-9548-4308-a83d-aff53847907f 046e746d055c418b9fba268bc45bd0b7 4d53fc13853a441f93e84fba2d1122ca - - default default] Successfully bumped revision number for resource b63bf7fc-13ff-4571-82f8-70be199445f9 (type: security_groups) to 1
2026-04-25 14:53:27.320 8 INFO neutron.db.ovn_revision_numbers_db [None req-6db12ef0-9548-4308-a83d-aff53847907f 046e746d055c418b9fba268bc45bd0b7 4d53fc13853a441f93e84fba2d1122ca - - default default] Successfully bumped revision number for resource 174e0401-c4cd-4e27-98ff-2638165b014a (type: security_group_rules) to 0
2026-04-25 14:53:27.340 8 INFO neutron.db.ovn_revision_numbers_db [None req-6db12ef0-9548-4308-a83d-aff53847907f 046e746d055c418b9fba268bc45bd0b7 4d53fc13853a441f93e84fba2d1122ca - - default default] Successfully bumped revision number for resource 4aaba926-2554-4b4a-9ae2-1d6361ca5561 (type: security_group_rules) to 0
2026-04-25 14:53:27.355 8 INFO neutron.db.ovn_revision_numbers_db [None req-6db12ef0-9548-4308-a83d-aff53847907f 046e746d055c418b9fba268bc45bd0b7 4d53fc13853a441f93e84fba2d1122ca - - default default] Successfully bumped revision number for resource 5beddda1-302a-47ed-9b3b-4562ee2102a3 (type: security_group_rules) to 0
