Apr 02 05:51:05.242302 np0000162698 devstack@neutron-api.service[103047]: DEBUG ovsdbapp.backend.ovs_idl.event [None req-ae8874fd-f4a6-479b-be8d-3cc87e390dbc None None] Matched CREATE: ChassisBandwidthConfigEvent(events=('create', 'update'), table='Chassis', conditions=None, old_conditions=None), priority=20 to row=Chassis(uuid=5fc62b0c-5b40-4dbf-a377-96c71c177e2e, encaps=[7a6c2dbd-cd99-47f5-a51d-8eafec0f2709], external_ids={}, hostname='np0000162698', name='ce7bfdbd-db08-4ae0-8818-6d8bcad162cf', nb_cfg=0, other_config={'ct-commit-nat-v2': 'true', 'ct-commit-to-zone': 'true', 'ct-next-zone': 'true', 'ct-no-masked-label': 'true', 'ct-state-save': 'true', 'datapath-type': 'system', 'fdb-timestamp': 'true', 'iface-types': 'afxdp,afxdp-nonpmd,bareudp,erspan,geneve,gre,gtpu,internal,ip6erspan,ip6gre,lisp,patch,srv6,stt,system,tap,vxlan', 'is-interconn': 'false', 'ls-dpg-column': 'true', 'mac-binding-timestamp': 'true', 'ovn-bridge-mappings': 'public:br-ex', 'ovn-chassis-mac-mappings': '', 'ovn-cms-options': 'enable-chassis-as-gw', 'ovn-ct-lb-related': 'true', 'ovn-enable-lflow-cache': 'true', 'ovn-limit-lflow-cache': '', 'ovn-memlimit-lflow-cache-kb': '', 'ovn-monitor-all': 'false', 'ovn-trim-limit-lflow-cache': '', 'ovn-trim-timeout-ms': '', 'ovn-trim-wmark-perc-lflow-cache': '', 'port-up-notif': 'true'}, transport_zones=[], vtep_logical_switches=[]) old= {{(pid=103047) matches /opt/stack/data/venv/lib/python3.12/site-packages/ovsdbapp/backend/ovs_idl/event.py:55}}
Apr 02 05:51:05.243041 np0000162698 devstack@neutron-api.service[103047]: DEBUG neutron.plugins.ml2.drivers.ovn.mech_driver.ovsdb.ovsdb_monitor [None req-ae8874fd-f4a6-479b-be8d-3cc87e390dbc None None] ChassisOVNAgentWriteEvent : Matched Chassis_Private, create, None None {{(pid=103047) matches /opt/stack/neutron/neutron/plugins/ml2/drivers/ovn/mech_driver/ovsdb/ovsdb_monitor.py:64}}
Apr 02 05:51:05.243217 np0000162698 devstack@neutron-api.service[103047]: DEBUG neutron.plugins.ml2.drivers.ovn.mech_driver.ovsdb.ovsdb_monitor [None req-ae8874fd-f4a6-479b-be8d-3cc87e390dbc None None] ChassisAgentWriteEvent : Matched Chassis_Private, create, None None {{(pid=103047) matches /opt/stack/neutron/neutron/plugins/ml2/drivers/ovn/mech_driver/ovsdb/ovsdb_monitor.py:64}}
Apr 02 05:51:05.245196 np0000162698 devstack@neutron-api.service[103047]: INFO neutron.plugins.ml2.drivers.ovn.mech_driver.mech_driver [None req-ae8874fd-f4a6-479b-be8d-3cc87e390dbc None None] WorkerService process has finished the post initialization
Apr 02 05:51:05.246203 np0000162698 devstack@neutron-api.service[103047]: INFO neutron.plugins.ml2.drivers.ovn.mech_driver.ovsdb.extensions.qos [-] Starting OVNClientQosExtension
Apr 02 05:51:05.246598 np0000162698 devstack@neutron-api.service[103047]: INFO neutron.plugins.ml2.drivers.ovn.mech_driver.ovsdb.extensions.placement [-] Starting OVNClientPlacementExtension
Apr 02 05:51:05.248351 np0000162698 devstack@neutron-api.service[103045]: INFO ovsdbapp.backend.ovs_idl.vlog [None req-a6987303-d0fd-4a30-960a-43366a15ed17 None None] ssl:162.253.55.62:6641: connected
Apr 02 05:51:05.248523 np0000162698 devstack@neutron-api.service[103047]: WSGI app 0 (mountpoint='') ready in 9 seconds on interpreter 0x70683fea3668 pid: 103047 (default app)
Apr 02 05:51:05.262047 np0000162698 devstack@neutron-api.service[103048]: DEBUG neutron.common.ovn.hash_ring_manager [None req-325f8aa4-1af7-4a7c-9b33-6b854762cb17 None None] Allow caching, nodes 4>=4 {{(pid=103048) _wait_startup_before_caching /opt/stack/neutron/neutron/common/ovn/hash_ring_manager.py:65}}
Apr 02 05:51:05.267273 np0000162698 devstack@neutron-api.service[103048]: DEBUG neutron.common.ovn.hash_ring_manager [None req-325f8aa4-1af7-4a7c-9b33-6b854762cb17 None None] Hash Ring loaded. 4 active nodes. 0 offline nodes {{(pid=103048) _load_hash_ring /opt/stack/neutron/neutron/common/ovn/hash_ring_manager.py:102}}
Apr 02 05:51:05.267405 np0000162698 devstack@neutron-api.service[103048]: DEBUG neutron.plugins.ml2.drivers.ovn.mech_driver.ovsdb.ovsdb_monitor [None req-325f8aa4-1af7-4a7c-9b33-6b854762cb17 None None] Hash Ring: Node 913c7a297db25b7289a3439ee84e9436 (host: np0000162698) handling event "create" for row 36c86cab-a791-4708-91b6-cb36a1c8aa61 (table: ACL) {{(pid=103048) notify /opt/stack/neutron/neutron/plugins/ml2/drivers/ovn/mech_driver/ovsdb/ovsdb_monitor.py:912}}
Apr 02 05:51:05.267648 np0000162698 devstack@neutron-api.service[103048]: DEBUG neutron.plugins.ml2.drivers.ovn.mech_driver.ovsdb.ovsdb_monitor [None req-325f8aa4-1af7-4a7c-9b33-6b854762cb17 None None] Hash Ring: Node 913c7a297db25b7289a3439ee84e9436 (host: np0000162698) handling event "create" for row d8786e13-793d-4028-81f6-e3baf76b1359 (table: Connection) {{(pid=103048) notify /opt/stack/neutron/neutron/plugins/ml2/drivers/ovn/mech_driver/ovsdb/ovsdb_monitor.py:912}}
Apr 02 05:51:05.268865 np0000162698 devstack@neutron-api.service[103048]: INFO neutron.plugins.ml2.drivers.ovn.mech_driver.ovsdb.impl_idl_ovn [None req-325f8aa4-1af7-4a7c-9b33-6b854762cb17 None None] Getting OvsdbSbOvnIdl for WorkerService with retry
Apr 02 05:51:05.291100 np0000162698 devstack@neutron-api.service[103045]: DEBUG neutron.common.ovn.hash_ring_manager [None req-a6987303-d0fd-4a30-960a-43366a15ed17 None None] Allow caching, nodes 4>=4 {{(pid=103045) _wait_startup_before_caching /opt/stack/neutron/neutron/common/ovn/hash_ring_manager.py:65}}
Apr 02 05:51:05.296657 np0000162698 devstack@neutron-api.service[103045]: DEBUG neutron.common.ovn.hash_ring_manager [None req-a6987303-d0fd-4a30-960a-43366a15ed17 None None] Hash Ring loaded. 4 active nodes. 0 offline nodes {{(pid=103045) _load_hash_ring /opt/stack/neutron/neutron/common/ovn/hash_ring_manager.py:102}}
Apr 02 05:51:05.296657 np0000162698 devstack@neutron-api.service[103045]: DEBUG neutron.plugins.ml2.drivers.ovn.mech_driver.ovsdb.ovsdb_monitor [None req-a6987303-d0fd-4a30-960a-43366a15ed17 None None] Hash Ring: Node 53ed4c189c1e51a99d8746907ee0195a (host: np0000162698) handling event "create" for row 827304fb-82c4-41b2-9fc8-241852643e88 (table: ACL) {{(pid=103045) notify /opt/stack/neutron/neutron/plugins/ml2/drivers/ovn/mech_driver/ovsdb/ovsdb_monitor.py:912}}
Apr 02 05:51:05.297681 np0000162698 devstack@neutron-api.service[103045]: INFO neutron.plugins.ml2.drivers.ovn.mech_driver.ovsdb.impl_idl_ovn [None req-a6987303-d0fd-4a30-960a-43366a15ed17 None None] Getting OvsdbSbOvnIdl for WorkerService with retry
Apr 02 05:51:05.309133 np0000162698 devstack@neutron-api.service[103048]: DEBUG ovsdbapp.backend.ovs_idl [None req-325f8aa4-1af7-4a7c-9b33-6b854762cb17 None None] Created lookup_table index Chassis.name {{(pid=103048) autocreate_indices /opt/stack/data/venv/lib/python3.12/site-packages/ovsdbapp/backend/ovs_idl/__init__.py:87}}
Apr 02 05:51:05.309225 np0000162698 devstack@neutron-api.service[103048]: DEBUG ovsdbapp.backend.ovs_idl [None req-325f8aa4-1af7-4a7c-9b33-6b854762cb17 None None] Created lookup_table index Port_Binding.logical_port {{(pid=103048) autocreate_indices /opt/stack/data/venv/lib/python3.12/site-packages/ovsdbapp/backend/ovs_idl/__init__.py:87}}
Apr 02 05:51:05.309333 np0000162698 devstack@neutron-api.service[103048]: DEBUG ovsdbapp.backend.ovs_idl [None req-325f8aa4-1af7-4a7c-9b33-6b854762cb17 None None] Created schema index Chassis_Private.name {{(pid=103048) autocreate_indices /opt/stack/data/venv/lib/python3.12/site-packages/ovsdbapp/backend/ovs_idl/__init__.py:106}}
Apr 02 05:51:05.309447 np0000162698 devstack@neutron-api.service[103048]: DEBUG ovsdbapp.backend.ovs_idl [None req-325f8aa4-1af7-4a7c-9b33-6b854762cb17 None None] Created schema index Datapath_Binding.tunnel_key {{(pid=103048) autocreate_indices /opt/stack/data/venv/lib/python3.12/site-packages/ovsdbapp/backend/ovs_idl/__init__.py:106}}
Apr 02 05:51:05.312037 np0000162698 devstack@neutron-api.service[103048]: INFO ovsdbapp.backend.ovs_idl.vlog [None req-325f8aa4-1af7-4a7c-9b33-6b854762cb17 None None] ssl:162.253.55.62:6642: connecting...
Apr 02 05:51:05.316858 np0000162698 devstack@neutron-api.service[103048]: INFO ovsdbapp.backend.ovs_idl.vlog [None req-325f8aa4-1af7-4a7c-9b33-6b854762cb17 None None] ssl:162.253.55.62:6642: connected
Apr 02 05:51:05.331116 np0000162698 devstack@neutron-api.service[103045]: DEBUG ovsdbapp.backend.ovs_idl [None req-a6987303-d0fd-4a30-960a-43366a15ed17 None None] Created lookup_table index Chassis.name {{(pid=103045) autocreate_indices /opt/stack/data/venv/lib/python3.12/site-packages/ovsdbapp/backend/ovs_idl/__init__.py:87}}
Apr 02 05:51:05.331116 np0000162698 devstack@neutron-api.service[103045]: DEBUG ovsdbapp.backend.ovs_idl [None req-a6987303-d0fd-4a30-960a-43366a15ed17 None None] Created lookup_table index Port_Binding.logical_port {{(pid=103045) autocreate_indices /opt/stack/data/venv/lib/python3.12/site-packages/ovsdbapp/backend/ovs_idl/__init__.py:87}}
Apr 02 05:51:05.331275 np0000162698 devstack@neutron-api.service[103045]: DEBUG ovsdbapp.backend.ovs_idl [None req-a6987303-d0fd-4a30-960a-43366a15ed17 None None] Created schema index Chassis_Private.name {{(pid=103045) autocreate_indices /opt/stack/data/venv/lib/python3.12/site-packages/ovsdbapp/backend/ovs_idl/__init__.py:106}}
Apr 02 05:51:05.331319 np0000162698 devstack@neutron-api.service[103045]: DEBUG ovsdbapp.backend.ovs_idl [None req-a6987303-d0fd-4a30-960a-43366a15ed17 None None] Created schema index Datapath_Binding.tunnel_key {{(pid=103045) autocreate_indices /opt/stack/data/venv/lib/python3.12/site-packages/ovsdbapp/backend/ovs_idl/__init__.py:106}}
Apr 02 05:51:05.333875 np0000162698 devstack@neutron-api.service[103045]: INFO ovsdbapp.backend.ovs_idl.vlog [None req-a6987303-d0fd-4a30-960a-43366a15ed17 None None] ssl:162.253.55.62:6642: connecting...
Apr 02 05:51:05.339776 np0000162698 devstack@neutron-api.service[103045]: INFO ovsdbapp.backend.ovs_idl.vlog [None req-a6987303-d0fd-4a30-960a-43366a15ed17 None None] ssl:162.253.55.62:6642: connected
Apr 02 05:51:05.344006 np0000162698 devstack@neutron-api.service[103048]: DEBUG neutron.common.ovn.hash_ring_manager [None req-325f8aa4-1af7-4a7c-9b33-6b854762cb17 None None] Allow caching, nodes 4>=4 {{(pid=103048) _wait_startup_before_caching /opt/stack/neutron/neutron/common/ovn/hash_ring_manager.py:65}}
Apr 02 05:51:05.349132 np0000162698 devstack@neutron-api.service[103048]: DEBUG neutron.common.ovn.hash_ring_manager [None req-325f8aa4-1af7-4a7c-9b33-6b854762cb17 None None] Hash Ring loaded. 4 active nodes. 0 offline nodes {{(pid=103048) _load_hash_ring /opt/stack/neutron/neutron/common/ovn/hash_ring_manager.py:102}}
Apr 02 05:51:05.349481 np0000162698 devstack@neutron-api.service[103048]: DEBUG neutron.plugins.ml2.drivers.ovn.mech_driver.ovsdb.ovsdb_monitor [None req-325f8aa4-1af7-4a7c-9b33-6b854762cb17 None None] ChassisOVNAgentWriteEvent : Matched Chassis_Private, create, None None {{(pid=103048) matches /opt/stack/neutron/neutron/plugins/ml2/drivers/ovn/mech_driver/ovsdb/ovsdb_monitor.py:64}}
Apr 02 05:51:05.349652 np0000162698 devstack@neutron-api.service[103048]: DEBUG neutron.plugins.ml2.drivers.ovn.mech_driver.ovsdb.ovsdb_monitor [None req-325f8aa4-1af7-4a7c-9b33-6b854762cb17 None None] ChassisAgentWriteEvent : Matched Chassis_Private, create, None None {{(pid=103048) matches /opt/stack/neutron/neutron/plugins/ml2/drivers/ovn/mech_driver/ovsdb/ovsdb_monitor.py:64}}
Apr 02 05:51:05.350180 np0000162698 devstack@neutron-api.service[103048]: DEBUG neutron.plugins.ml2.drivers.ovn.mech_driver.ovsdb.ovsdb_monitor [None req-325f8aa4-1af7-4a7c-9b33-6b854762cb17 None None] Hash Ring: Node 913c7a297db25b7289a3439ee84e9436 (host: np0000162698) handling event "create" for row 7a6c2dbd-cd99-47f5-a51d-8eafec0f2709 (table: Encap) {{(pid=103048) notify /opt/stack/neutron/neutron/plugins/ml2/drivers/ovn/mech_driver/ovsdb/ovsdb_monitor.py:912}}
Apr 02 05:51:05.351688 np0000162698 devstack@neutron-api.service[103048]: INFO neutron.plugins.ml2.drivers.ovn.mech_driver.mech_driver [None req-325f8aa4-1af7-4a7c-9b33-6b854762cb17 None None] WorkerService process has finished the post initialization
Apr 02 05:51:05.354555 np0000162698 devstack@neutron-api.service[103048]: WSGI app 0 (mountpoint='') ready in 9 seconds on interpreter 0x70683fea3668 pid: 103048 (default app)
Apr 02 05:51:05.378593 np0000162698 devstack@neutron-api.service[103045]: DEBUG neutron.common.ovn.hash_ring_manager [None req-a6987303-d0fd-4a30-960a-43366a15ed17 None None] Allow caching, nodes 4>=4 {{(pid=103045) _wait_startup_before_caching /opt/stack/neutron/neutron/common/ovn/hash_ring_manager.py:65}}
Apr 02 05:51:05.383835 np0000162698 devstack@neutron-api.service[103045]: DEBUG neutron.common.ovn.hash_ring_manager [None req-a6987303-d0fd-4a30-960a-43366a15ed17 None None] Hash Ring loaded. 4 active nodes. 0 offline nodes {{(pid=103045) _load_hash_ring /opt/stack/neutron/neutron/common/ovn/hash_ring_manager.py:102}}
Apr 02 05:51:05.384092 np0000162698 devstack@neutron-api.service[103045]: DEBUG neutron.plugins.ml2.drivers.ovn.mech_driver.ovsdb.ovsdb_monitor [None req-a6987303-d0fd-4a30-960a-43366a15ed17 None None] ChassisAgentWriteEvent : Matched Chassis_Private, create, None None {{(pid=103045) matches /opt/stack/neutron/neutron/plugins/ml2/drivers/ovn/mech_driver/ovsdb/ovsdb_monitor.py:64}}
Apr 02 05:51:05.384321 np0000162698 devstack@neutron-api.service[103045]: DEBUG neutron.plugins.ml2.drivers.ovn.mech_driver.ovsdb.ovsdb_monitor [None req-a6987303-d0fd-4a30-960a-43366a15ed17 None None] ChassisOVNAgentWriteEvent : Matched Chassis_Private, create, None None {{(pid=103045) matches /opt/stack/neutron/neutron/plugins/ml2/drivers/ovn/mech_driver/ovsdb/ovsdb_monitor.py:64}}
Apr 02 05:51:05.384771 np0000162698 devstack@neutron-api.service[103045]: DEBUG neutron.plugins.ml2.drivers.ovn.mech_driver.ovsdb.ovsdb_monitor [None req-a6987303-d0fd-4a30-960a-43366a15ed17 None None] Hash Ring: Node 53ed4c189c1e51a99d8746907ee0195a (host: np0000162698) handling event "create" for row ac114cce-bda5-43d9-a5ab-c6fee75d4882 (table: Chassis_Private) {{(pid=103045) notify /opt/stack/neutron/neutron/plugins/ml2/drivers/ovn/mech_driver/ovsdb/ovsdb_monitor.py:912}}
Apr 02 05:51:05.387391 np0000162698 devstack@neutron-api.service[103045]: INFO neutron.plugins.ml2.drivers.ovn.mech_driver.mech_driver [None req-a6987303-d0fd-4a30-960a-43366a15ed17 None None] WorkerService process has finished the post initialization
Apr 02 05:51:05.389164 np0000162698 devstack@neutron-api.service[103045]: WSGI app 0 (mountpoint='') ready in 9 seconds on interpreter 0x70683fea3668 pid: 103045 (default app)
Apr 02 05:51:05.467323 np0000162698 devstack@neutron-api.service[103048]: DEBUG neutron.plugins.ml2.drivers.ovn.mech_driver.ovsdb.ovsdb_monitor [-] Hash Ring: Node 913c7a297db25b7289a3439ee84e9436 (host: np0000162698) handling event "update" for row d8786e13-793d-4028-81f6-e3baf76b1359 (table: Connection) {{(pid=103048) notify /opt/stack/neutron/neutron/plugins/ml2/drivers/ovn/mech_driver/ovsdb/ovsdb_monitor.py:912}}
Apr 02 05:51:05.470368 np0000162698 devstack@neutron-api.service[103046]: DEBUG neutron.common.ovn.hash_ring_manager [-] Allow caching, nodes 4>=4 {{(pid=103046) _wait_startup_before_caching /opt/stack/neutron/neutron/common/ovn/hash_ring_manager.py:65}}
Apr 02 05:51:05.470726 np0000162698 devstack@neutron-api.service[103046]: DEBUG neutron.plugins.ml2.drivers.ovn.mech_driver.ovsdb.ovsdb_monitor [-] Hash Ring: Node fda4b28a40f05c29bf5e4fa452c2913a (host: np0000162698) handling event "update" for row d8786e13-793d-4028-81f6-e3baf76b1359 (table: Connection) {{(pid=103046) notify /opt/stack/neutron/neutron/plugins/ml2/drivers/ovn/mech_driver/ovsdb/ovsdb_monitor.py:912}}
Apr 02 05:51:07.967261 np0000162698 devstack@neutron-api.service[103046]: DEBUG neutron.plugins.ml2.drivers.ovn.mech_driver.ovsdb.ovsdb_monitor [-] Hash Ring: Node fda4b28a40f05c29bf5e4fa452c2913a (host: np0000162698) handling event "update" for row d8786e13-793d-4028-81f6-e3baf76b1359 (table: Connection) {{(pid=103046) notify /opt/stack/neutron/neutron/plugins/ml2/drivers/ovn/mech_driver/ovsdb/ovsdb_monitor.py:912}}
Apr 02 05:51:07.968464 np0000162698 devstack@neutron-api.service[103048]: DEBUG neutron.plugins.ml2.drivers.ovn.mech_driver.ovsdb.ovsdb_monitor [-] Hash Ring: Node 913c7a297db25b7289a3439ee84e9436 (host: np0000162698) handling event "update" for row d8786e13-793d-4028-81f6-e3baf76b1359 (table: Connection) {{(pid=103048) notify /opt/stack/neutron/neutron/plugins/ml2/drivers/ovn/mech_driver/ovsdb/ovsdb_monitor.py:912}}
Apr 02 05:51:11.090203 np0000162698 devstack@neutron-api.service[103046]: DEBUG neutron.api.wsgi [None req-09666549-b85f-4b33-8648-427a14ea023b admin admin] Missing Content-Type {{(pid=103046) get_content_type /opt/stack/neutron/neutron/api/wsgi.py:85}}
Apr 02 05:51:11.090963 np0000162698 devstack@neutron-api.service[103046]: DEBUG neutron.api.wsgi [None req-09666549-b85f-4b33-8648-427a14ea023b admin admin] https://162.253.55.62/networking/v2.0/extensions returned with HTTP 200 {{(pid=103046) __call__ /opt/stack/neutron/neutron/api/wsgi.py:545}}
Apr 02 05:51:11.091097 np0000162698 devstack@neutron-api.service[103046]: [pid: 103046|app: 0|req: 2/2] 162.253.55.62 () {64 vars in 1316 bytes} [Thu Apr 2 05:51:10 2026] GET /networking/v2.0/extensions => generated 15208 bytes in 338 msecs (HTTP/1.1 200) 4 headers in 159 bytes (1 switches on core 0)
Apr 02 05:51:11.505375 np0000162698 devstack@neutron-api.service[103047]: DEBUG neutron.api.v2.base [None req-d9963057-560e-40e5-8bf4-7d48b109fe74 admin admin] Request body: {'subnetpool': {'shared': True, 'name': 'shared-default-subnetpool-v4', 'is_default': True, 'prefixes': ['10.1.0.0/20'], 'default_prefixlen': 26}} {{(pid=103047) prepare_request_body /opt/stack/neutron/neutron/api/v2/base.py:729}}
Apr 02 05:51:11.713715 np0000162698 devstack@neutron-api.service[103047]: DEBUG neutron.policy [None req-d9963057-560e-40e5-8bf4-7d48b109fe74 admin admin] Loaded default policies from ['neutron'] under neutron.policies entry points {{(pid=103047) register_rules /opt/stack/neutron/neutron/policy.py:65}}
Apr 02 05:51:11.869201 np0000162698 devstack@neutron-api.service[103047]: DEBUG neutron_lib.callbacks.manager [None req-d9963057-560e-40e5-8bf4-7d48b109fe74 admin admin] Publish callbacks ['neutron.objects.securitygroup.RbacNeutronDbObjectMixin.validate_rbac_policy_change-2912295054589', 'neutron.objects.address_group.RbacNeutronDbObjectMixin.validate_rbac_policy_change-2912295024458', 'neutron.objects.network.RbacNeutronDbObjectMixin.validate_rbac_policy_change-2912295014383', 'neutron.objects.qos.policy.RbacNeutronDbObjectMixin.validate_rbac_policy_change-2912294844950', 'neutron.objects.subnetpool.RbacNeutronDbObjectMixin.validate_rbac_policy_change-2912294846825', 'neutron.objects.address_scope.RbacNeutronDbObjectMixin.validate_rbac_policy_change-2912294846522', 'neutron.plugins.ml2.plugin.External_net_db_mixin._process_ext_policy_create-3301453', 'neutron.plugins.ml2.plugin.NeutronDbPluginV2.validate_network_rbac_policy_change-3387343'] for rbac-policy (None), before_create {{(pid=103047) _notify_loop /opt/stack/data/venv/lib/python3.12/site-packages/neutron_lib/callbacks/manager.py:184}}
Apr 02 05:51:11.921495 np0000162698 devstack@neutron-api.service[103047]: DEBUG neutron_lib.callbacks.manager [None req-d9963057-560e-40e5-8bf4-7d48b109fe74 admin admin] Publish callbacks [] for subnetpool (None), before_response {{(pid=103047) _notify_loop /opt/stack/data/venv/lib/python3.12/site-packages/neutron_lib/callbacks/manager.py:184}}
Apr 02 05:51:11.922258 np0000162698 devstack@neutron-api.service[103047]: [pid: 103047|app: 0|req: 1/3] 162.253.55.62 () {68 vars in 1360 bytes} [Thu Apr 2 05:51:11 2026] POST /networking/v2.0/subnetpools => generated 533 bytes in 532 msecs (HTTP/1.1 201) 4 headers in 162 bytes (1 switches on core 0)
Apr 02 05:51:12.256691 np0000162698 devstack@neutron-api.service[103048]: DEBUG neutron.api.v2.base [None req-4db89b20-5e75-4ce5-b180-02eb0cef11f4 admin admin] Request body: {'subnetpool': {'shared': True, 'name': 'shared-default-subnetpool-v6', 'is_default': True, 'prefixes': ['fd4f:3a5f:79c3::/56'], 'default_prefixlen': 64}} {{(pid=103048) prepare_request_body /opt/stack/neutron/neutron/api/v2/base.py:729}}
Apr 02 05:51:12.438577 np0000162698 devstack@neutron-api.service[103048]: DEBUG neutron.policy [None req-4db89b20-5e75-4ce5-b180-02eb0cef11f4 admin admin] Loaded default policies from ['neutron'] under neutron.policies entry points {{(pid=103048) register_rules /opt/stack/neutron/neutron/policy.py:65}}
Apr 02 05:51:12.599780 np0000162698 devstack@neutron-api.service[103048]: DEBUG neutron_lib.callbacks.manager [None req-4db89b20-5e75-4ce5-b180-02eb0cef11f4 admin admin] Publish callbacks ['neutron.objects.securitygroup.RbacNeutronDbObjectMixin.validate_rbac_policy_change-2912294600097', 'neutron.objects.address_group.RbacNeutronDbObjectMixin.validate_rbac_policy_change-2912295016898', 'neutron.objects.network.RbacNeutronDbObjectMixin.validate_rbac_policy_change-2912294880534', 'neutron.objects.qos.policy.RbacNeutronDbObjectMixin.validate_rbac_policy_change-2912294863404', 'neutron.objects.subnetpool.RbacNeutronDbObjectMixin.validate_rbac_policy_change-2912294871757', 'neutron.objects.address_scope.RbacNeutronDbObjectMixin.validate_rbac_policy_change-2912294877548', 'neutron.plugins.ml2.plugin.External_net_db_mixin._process_ext_policy_create-81626', 'neutron.plugins.ml2.plugin.NeutronDbPluginV2.validate_network_rbac_policy_change-98234'] for rbac-policy (None), before_create {{(pid=103048) _notify_loop /opt/stack/data/venv/lib/python3.12/site-packages/neutron_lib/callbacks/manager.py:184}}
Apr 02 05:51:12.649520 np0000162698 devstack@neutron-api.service[103048]: DEBUG neutron_lib.callbacks.manager [None req-4db89b20-5e75-4ce5-b180-02eb0cef11f4 admin admin] Publish callbacks [] for subnetpool (None), before_response {{(pid=103048) _notify_loop /opt/stack/data/venv/lib/python3.12/site-packages/neutron_lib/callbacks/manager.py:184}}
Apr 02 05:51:12.650291 np0000162698 devstack@neutron-api.service[103048]: [pid: 103048|app: 0|req: 1/4] 162.253.55.62 () {68 vars in 1360 bytes} [Thu Apr 2 05:51:12 2026] POST /networking/v2.0/subnetpools => generated 543 bytes in 516 msecs (HTTP/1.1 201) 4 headers in 162 bytes (1 switches on core 0)
Apr 02 05:51:13.058589 np0000162698 devstack@neutron-api.service[103045]: DEBUG neutron.api.v2.base [None req-48bd0182-cfbc-4143-afe0-1e89e5524614 admin admin] Request body: {'network': {'admin_state_up': True, 'name': 'private'}} {{(pid=103045) prepare_request_body /opt/stack/neutron/neutron/api/v2/base.py:729}}
Apr 02 05:51:13.085457 np0000162698 devstack@neutron-api.service[103045]: DEBUG neutron.pecan_wsgi.hooks.quota_enforcement [None req-48bd0182-cfbc-4143-afe0-1e89e5524614 admin admin] Made reservation on behalf of 17f9199bec474b92b1596b0edd74aad3 for: {'network': 1} {{(pid=103045) before /opt/stack/neutron/neutron/pecan_wsgi/hooks/quota_enforcement.py:66}}
Apr 02 05:51:13.266938 np0000162698 devstack@neutron-api.service[103045]: DEBUG neutron.policy [None req-48bd0182-cfbc-4143-afe0-1e89e5524614 admin admin] Loaded default policies from ['neutron'] under neutron.policies entry points {{(pid=103045) register_rules /opt/stack/neutron/neutron/policy.py:65}}
Apr 02 05:51:13.379682 np0000162698 devstack@neutron-api.service[103045]: DEBUG neutron_lib.callbacks.manager [None req-48bd0182-cfbc-4143-afe0-1e89e5524614 admin admin] Publish callbacks ['neutron.plugins.ml2.plugin.SecurityGroupDbMixin._ensure_default_security_group_handler-161079'] for network (None), before_create {{(pid=103045) _notify_loop /opt/stack/data/venv/lib/python3.12/site-packages/neutron_lib/callbacks/manager.py:184}}
Apr 02 05:51:13.404704 np0000162698 devstack@neutron-api.service[103045]: DEBUG neutron_lib.callbacks.manager [None req-48bd0182-cfbc-4143-afe0-1e89e5524614 admin admin] Publish callbacks [] for security_group (None), before_create {{(pid=103045) _notify_loop /opt/stack/data/venv/lib/python3.12/site-packages/neutron_lib/callbacks/manager.py:184}}
Apr 02 05:51:13.523271 np0000162698 devstack@neutron-api.service[103045]: DEBUG neutron_lib.callbacks.manager [None req-48bd0182-cfbc-4143-afe0-1e89e5524614 admin admin] Publish callbacks ['neutron.plugins.ml2.drivers.ovn.mech_driver.mech_driver.OVNMechanismDriver._create_security_group_precommit-1841048'] for security_group (eda1f640-9f8c-468f-a512-48bd0e4d866d), precommit_create {{(pid=103045) _notify_loop /opt/stack/data/venv/lib/python3.12/site-packages/neutron_lib/callbacks/manager.py:184}}
Apr 02 05:51:13.523476 np0000162698 devstack@neutron-api.service[103045]: DEBUG neutron.db.ovn_revision_numbers_db [None req-48bd0182-cfbc-4143-afe0-1e89e5524614 admin admin] create_initial_revision uuid=eda1f640-9f8c-468f-a512-48bd0e4d866d, type=security_groups, rev=-1 {{(pid=103045) create_initial_revision /opt/stack/neutron/neutron/db/ovn_revision_numbers_db.py:98}}
Apr 02 05:51:13.527299 np0000162698 devstack@neutron-api.service[103045]: DEBUG neutron.db.ovn_revision_numbers_db [None req-48bd0182-cfbc-4143-afe0-1e89e5524614 admin admin] create_initial_revision uuid=3537024f-c412-42ed-8411-50b36281ba60, type=security_group_rules, rev=-1 {{(pid=103045) create_initial_revision /opt/stack/neutron/neutron/db/ovn_revision_numbers_db.py:98}}
Apr 02 05:51:13.528394 np0000162698 devstack@neutron-api.service[103045]: DEBUG neutron.db.ovn_revision_numbers_db [None req-48bd0182-cfbc-4143-afe0-1e89e5524614 admin admin] create_initial_revision uuid=6539d043-be6a-4230-92db-6c5dee132e23, type=security_group_rules, rev=-1 {{(pid=103045) create_initial_revision /opt/stack/neutron/neutron/db/ovn_revision_numbers_db.py:98}}
Apr 02 05:51:13.529487 np0000162698 devstack@neutron-api.service[103045]: DEBUG neutron.db.ovn_revision_numbers_db [None req-48bd0182-cfbc-4143-afe0-1e89e5524614 admin admin] create_initial_revision uuid=c4ab2db9-2672-4271-a343-9fabf03f711c, type=security_group_rules, rev=-1 {{(pid=103045) create_initial_revision /opt/stack/neutron/neutron/db/ovn_revision_numbers_db.py:98}}
Apr 02 05:51:13.530553 np0000162698 devstack@neutron-api.service[103045]: DEBUG neutron.db.ovn_revision_numbers_db [None req-48bd0182-cfbc-4143-afe0-1e89e5524614 admin admin] create_initial_revision uuid=d48efb77-b008-4e35-83ad-54486198eb2d, type=security_group_rules, rev=-1 {{(pid=103045) create_initial_revision /opt/stack/neutron/neutron/db/ovn_revision_numbers_db.py:98}}
Apr 02 05:51:13.536908 np0000162698 devstack@neutron-api.service[103045]: DEBUG neutron_lib.callbacks.manager [None req-48bd0182-cfbc-4143-afe0-1e89e5524614 admin admin] Publish callbacks ['neutron.plugins.ml2.drivers.ovn.mech_driver.mech_driver.OVNMechanismDriver._create_security_group-1841026', 'neutron.plugins.ml2.ovo_rpc._ObjectChangeHandler.handle_event-15616467'] for security_group (eda1f640-9f8c-468f-a512-48bd0e4d866d), after_create {{(pid=103045) _notify_loop /opt/stack/data/venv/lib/python3.12/site-packages/neutron_lib/callbacks/manager.py:184}}
Apr 02 05:51:13.537155 np0000162698 devstack@neutron-api.service[103045]: INFO neutron.plugins.ml2.drivers.ovn.mech_driver.ovsdb.extensions.qos [None req-48bd0182-cfbc-4143-afe0-1e89e5524614 admin admin] Starting OVNClientQosExtension
Apr 02 05:51:13.537393 np0000162698 devstack@neutron-api.service[103045]: INFO neutron.plugins.ml2.drivers.ovn.mech_driver.ovsdb.extensions.placement [None req-48bd0182-cfbc-4143-afe0-1e89e5524614 admin admin] Starting OVNClientPlacementExtension
Apr 02 05:51:13.538893 np0000162698 devstack@neutron-api.service[103045]: DEBUG ovsdbapp.backend.ovs_idl.transaction [-] Running txn n=1 command(idx=0): PgAddCommand(_result=None, name=pg_eda1f640_9f8c_468f_a512_48bd0e4d866d, may_exist=False, columns={'acls': [], 'external_ids': {'neutron:security_group_id': 'eda1f640-9f8c-468f-a512-48bd0e4d866d'}}) {{(pid=103045) do_commit /opt/stack/data/venv/lib/python3.12/site-packages/ovsdbapp/backend/ovs_idl/transaction.py:89}}
Apr 02 05:51:13.540822 np0000162698 devstack@neutron-api.service[103045]: DEBUG ovsdbapp.backend.ovs_idl.transaction [-] Running txn n=1 command(idx=1): PgAclAddCommand(_result=None, entity=pg_eda1f640_9f8c_468f_a512_48bd0e4d866d, direction=from-lport, priority=1002, match=inport == @pg_eda1f640_9f8c_468f_a512_48bd0e4d866d && ip6, action=allow-related, log=False, may_exist=True, severity=[], name=[], meter=[], external_ids={'neutron:security_group_rule_id': '3537024f-c412-42ed-8411-50b36281ba60'}) {{(pid=103045) do_commit /opt/stack/data/venv/lib/python3.12/site-packages/ovsdbapp/backend/ovs_idl/transaction.py:89}}
Apr 02 05:51:13.541285 np0000162698 devstack@neutron-api.service[103045]: DEBUG ovsdbapp.backend.ovs_idl.transaction [-] Running txn n=1 command(idx=2): PgAclAddCommand(_result=None, entity=pg_eda1f640_9f8c_468f_a512_48bd0e4d866d, direction=to-lport, priority=1002, match=outport == @pg_eda1f640_9f8c_468f_a512_48bd0e4d866d && ip4 && ip4.src == $pg_eda1f640_9f8c_468f_a512_48bd0e4d866d_ip4, action=allow-related, log=False, may_exist=True, severity=[], name=[], meter=[], external_ids={'neutron:security_group_rule_id': '6539d043-be6a-4230-92db-6c5dee132e23'}) {{(pid=103045) do_commit /opt/stack/data/venv/lib/python3.12/site-packages/ovsdbapp/backend/ovs_idl/transaction.py:89}}
Apr 02 05:51:13.541613 np0000162698 devstack@neutron-api.service[103045]: DEBUG ovsdbapp.backend.ovs_idl.transaction [-] Running txn n=1 command(idx=3): PgAclAddCommand(_result=None, entity=pg_eda1f640_9f8c_468f_a512_48bd0e4d866d, direction=to-lport, priority=1002, match=outport == @pg_eda1f640_9f8c_468f_a512_48bd0e4d866d && ip6 && ip6.src == $pg_eda1f640_9f8c_468f_a512_48bd0e4d866d_ip6, action=allow-related, log=False, may_exist=True, severity=[], name=[], meter=[], external_ids={'neutron:security_group_rule_id': 'c4ab2db9-2672-4271-a343-9fabf03f711c'}) {{(pid=103045) do_commit /opt/stack/data/venv/lib/python3.12/site-packages/ovsdbapp/backend/ovs_idl/transaction.py:89}}
Apr 02 05:51:13.541906 np0000162698 devstack@neutron-api.service[103045]: DEBUG ovsdbapp.backend.ovs_idl.transaction [-] Running txn n=1 command(idx=4): PgAclAddCommand(_result=None, entity=pg_eda1f640_9f8c_468f_a512_48bd0e4d866d, direction=from-lport, priority=1002, match=inport == @pg_eda1f640_9f8c_468f_a512_48bd0e4d866d && ip4, action=allow-related, log=False, may_exist=True, severity=[], name=[], meter=[], external_ids={'neutron:security_group_rule_id': 'd48efb77-b008-4e35-83ad-54486198eb2d'}) {{(pid=103045) do_commit /opt/stack/data/venv/lib/python3.12/site-packages/ovsdbapp/backend/ovs_idl/transaction.py:89}}
Apr 02 05:51:13.547933 np0000162698 devstack@neutron-api.service[103045]: DEBUG neutron.plugins.ml2.drivers.ovn.mech_driver.ovsdb.ovsdb_monitor [-] Hash Ring: Node 53ed4c189c1e51a99d8746907ee0195a (host: np0000162698) handling event "create" for row 49b7f14f-0956-4287-9821-9335986d1ce8 (table: ACL) {{(pid=103045) notify /opt/stack/neutron/neutron/plugins/ml2/drivers/ovn/mech_driver/ovsdb/ovsdb_monitor.py:912}}
Apr 02 05:51:13.549492 np0000162698 devstack@neutron-api.service[103048]: DEBUG neutron.plugins.ml2.drivers.ovn.mech_driver.ovsdb.ovsdb_monitor [-] Hash Ring: Node 913c7a297db25b7289a3439ee84e9436 (host: np0000162698) handling event "create" for row e8aacc66-fe78-48b2-a64b-defa54a14d7a (table: ACL) {{(pid=103048) notify /opt/stack/neutron/neutron/plugins/ml2/drivers/ovn/mech_driver/ovsdb/ovsdb_monitor.py:912}}
Apr 02 05:51:13.551160 np0000162698 devstack@neutron-api.service[103046]: DEBUG neutron.plugins.ml2.drivers.ovn.mech_driver.ovsdb.ovsdb_monitor [-] Hash Ring: Node fda4b28a40f05c29bf5e4fa452c2913a (host: np0000162698) handling event "create" for row 49b7f14f-0956-4287-9821-9335986d1ce8 (table: ACL) {{(pid=103046) notify /opt/stack/neutron/neutron/plugins/ml2/drivers/ovn/mech_driver/ovsdb/ovsdb_monitor.py:912}}
Apr 02 05:51:13.551450 np0000162698 devstack@neutron-api.service[103047]: DEBUG neutron.plugins.ml2.drivers.ovn.mech_driver.ovsdb.ovsdb_monitor [-] Hash Ring: Node fcba7e42af5559cdbf5ce3eeb78c516a (host: np0000162698) handling event "create" for row 85d458e5-1d22-4f9b-b8cf-13df9df3a5c8 (table: ACL) {{(pid=103047) notify /opt/stack/neutron/neutron/plugins/ml2/drivers/ovn/mech_driver/ovsdb/ovsdb_monitor.py:912}}
Apr 02 05:51:13.551716 np0000162698 devstack@neutron-api.service[103046]: DEBUG neutron.plugins.ml2.drivers.ovn.mech_driver.ovsdb.ovsdb_monitor [-] Hash Ring: Node fda4b28a40f05c29bf5e4fa452c2913a (host: np0000162698) handling event "create" for row 85d458e5-1d22-4f9b-b8cf-13df9df3a5c8 (table: ACL) {{(pid=103046) notify /opt/stack/neutron/neutron/plugins/ml2/drivers/ovn/mech_driver/ovsdb/ovsdb_monitor.py:912}}
Apr 02 05:51:13.551765 np0000162698 devstack@neutron-api.service[103047]: DEBUG neutron.plugins.ml2.drivers.ovn.mech_driver.ovsdb.ovsdb_monitor [-] Hash Ring: Node fcba7e42af5559cdbf5ce3eeb78c516a (host: np0000162698) handling event "create" for row c584f73a-bf40-41e7-95bf-ee55be6f743d (table: ACL) {{(pid=103047) notify /opt/stack/neutron/neutron/plugins/ml2/drivers/ovn/mech_driver/ovsdb/ovsdb_monitor.py:912}}
Apr 02 05:51:13.551808 np0000162698 devstack@neutron-api.service[103046]: DEBUG neutron.plugins.ml2.drivers.ovn.mech_driver.ovsdb.ovsdb_monitor [-] Hash Ring: Node fda4b28a40f05c29bf5e4fa452c2913a (host: np0000162698) handling event "create" for row c584f73a-bf40-41e7-95bf-ee55be6f743d (table: ACL) {{(pid=103046) notify /opt/stack/neutron/neutron/plugins/ml2/drivers/ovn/mech_driver/ovsdb/ovsdb_monitor.py:912}}
Apr 02 05:51:13.551851 np0000162698 devstack@neutron-api.service[103047]: DEBUG neutron.plugins.ml2.drivers.ovn.mech_driver.ovsdb.ovsdb_monitor [-] Hash Ring: Node fcba7e42af5559cdbf5ce3eeb78c516a (host: np0000162698) handling event "create" for row e8aacc66-fe78-48b2-a64b-defa54a14d7a (table: ACL) {{(pid=103047) notify /opt/stack/neutron/neutron/plugins/ml2/drivers/ovn/mech_driver/ovsdb/ovsdb_monitor.py:912}}
Apr 02 05:51:13.551898 np0000162698 devstack@neutron-api.service[103046]: DEBUG neutron.plugins.ml2.drivers.ovn.mech_driver.ovsdb.ovsdb_monitor [-] Hash Ring: Node fda4b28a40f05c29bf5e4fa452c2913a (host: np0000162698) handling event "create" for row e8aacc66-fe78-48b2-a64b-defa54a14d7a (table: ACL) {{(pid=103046) notify /opt/stack/neutron/neutron/plugins/ml2/drivers/ovn/mech_driver/ovsdb/ovsdb_monitor.py:912}}
Apr 02 05:51:13.551945 np0000162698 devstack@neutron-api.service[103047]: DEBUG neutron.plugins.ml2.drivers.ovn.mech_driver.ovsdb.ovsdb_monitor [-] Hash Ring: Node fcba7e42af5559cdbf5ce3eeb78c516a (host: np0000162698) handling event "create" for row 50945416-92a3-4331-ae5e-1ebe80db7d51 (table: Port_Group) {{(pid=103047) notify /opt/stack/neutron/neutron/plugins/ml2/drivers/ovn/mech_driver/ovsdb/ovsdb_monitor.py:912}}
Apr 02 05:51:13.552025 np0000162698 devstack@neutron-api.service[103046]: DEBUG neutron.plugins.ml2.drivers.ovn.mech_driver.ovsdb.ovsdb_monitor [-] Hash Ring: Node fda4b28a40f05c29bf5e4fa452c2913a (host: np0000162698) handling event "create" for row 50945416-92a3-4331-ae5e-1ebe80db7d51 (table: Port_Group) {{(pid=103046) notify /opt/stack/neutron/neutron/plugins/ml2/drivers/ovn/mech_driver/ovsdb/ovsdb_monitor.py:912}}
Apr 02 05:51:13.583682 np0000162698 devstack@neutron-api.service[103045]: INFO neutron.db.ovn_revision_numbers_db [None req-48bd0182-cfbc-4143-afe0-1e89e5524614 admin admin] Successfully bumped revision number for resource eda1f640-9f8c-468f-a512-48bd0e4d866d (type: security_groups) to 1
Apr 02 05:51:13.602229 np0000162698 devstack@neutron-api.service[103045]: INFO neutron.db.ovn_revision_numbers_db [None req-48bd0182-cfbc-4143-afe0-1e89e5524614 admin admin] Successfully bumped revision number for resource 3537024f-c412-42ed-8411-50b36281ba60 (type: security_group_rules) to 0
Apr 02 05:51:13.617559 np0000162698 devstack@neutron-api.service[103045]: INFO neutron.db.ovn_revision_numbers_db [None req-48bd0182-cfbc-4143-afe0-1e89e5524614 admin admin] Successfully bumped revision number for resource 6539d043-be6a-4230-92db-6c5dee132e23 (type: security_group_rules) to 0
Apr 02 05:51:13.632023 np0000162698 devstack@neutron-api.service[103045]: INFO neutron.db.ovn_revision_numbers_db [None req-48bd0182-cfbc-4143-afe0-1e89e5524614 admin admin] Successfully bumped revision number for resource c4ab2db9-2672-4271-a343-9fabf03f711c (type: security_group_rules) to 0
Apr 02 05:51:13.648698 np0000162698 devstack@neutron-api.service[103045]: INFO neutron.db.ovn_revision_numbers_db [None req-48bd0182-cfbc-4143-afe0-1e89e5524614 admin admin] Successfully bumped revision number for resource d48efb77-b008-4e35-83ad-54486198eb2d (type: security_group_rules) to 0
Apr 02 05:51:13.674196 np0000162698 devstack@neutron-api.service[103045]: DEBUG neutron.api.rpc.handlers.resources_rpc [None req-48bd0182-cfbc-4143-afe0-1e89e5524614 admin admin] Pushing event updated for resources: {'SecurityGroup': ['ID=eda1f640-9f8c-468f-a512-48bd0e4d866d,revision_number=1']} {{(pid=103045) push /opt/stack/neutron/neutron/api/rpc/handlers/resources_rpc.py:237}}
Apr 02 05:51:13.682213 np0000162698 devstack@neutron-api.service[103045]: DEBUG ovsdbapp.backend.ovs_idl.transaction [-] Running txn n=1 command(idx=0): CheckLivenessCommand(_result=None) {{(pid=103045) do_commit /opt/stack/data/venv/lib/python3.12/site-packages/ovsdbapp/backend/ovs_idl/transaction.py:89}}
Apr 02 05:51:13.686615 np0000162698 devstack@neutron-api.service[103046]: DEBUG neutron.plugins.ml2.drivers.ovn.mech_driver.ovsdb.ovsdb_monitor [-] Hash Ring: Node fda4b28a40f05c29bf5e4fa452c2913a (host: np0000162698) handling event "update" for row d7079c2a-8f65-4183-9917-c89c80711eda (table: NB_Global) {{(pid=103046) notify /opt/stack/neutron/neutron/plugins/ml2/drivers/ovn/mech_driver/ovsdb/ovsdb_monitor.py:912}}
Apr 02 05:51:13.686966 np0000162698 devstack@neutron-api.service[103047]: DEBUG neutron.plugins.ml2.drivers.ovn.mech_driver.ovsdb.ovsdb_monitor [-] Hash Ring: Node fcba7e42af5559cdbf5ce3eeb78c516a (host: np0000162698) handling event "update" for row d7079c2a-8f65-4183-9917-c89c80711eda (table: NB_Global) {{(pid=103047) notify /opt/stack/neutron/neutron/plugins/ml2/drivers/ovn/mech_driver/ovsdb/ovsdb_monitor.py:912}}
Apr 02 05:51:13.689900 np0000162698 devstack@neutron-api.service[103047]: DEBUG neutron.plugins.ml2.drivers.ovn.mech_driver.ovsdb.ovsdb_monitor [-] Hash Ring: Node fcba7e42af5559cdbf5ce3eeb78c516a (host: np0000162698) handling event "update" for row d7079c2a-8f65-4183-9917-c89c80711eda (table: NB_Global) {{(pid=103047) notify /opt/stack/neutron/neutron/plugins/ml2/drivers/ovn/mech_driver/ovsdb/ovsdb_monitor.py:912}}
Apr 02 05:51:13.690472 np0000162698 devstack@neutron-api.service[103046]: DEBUG neutron.plugins.ml2.drivers.ovn.mech_driver.ovsdb.ovsdb_monitor [-] ChassisAgentWriteEvent : Matched Chassis_Private, update, None None {{(pid=103046) matches /opt/stack/neutron/neutron/plugins/ml2/drivers/ovn/mech_driver/ovsdb/ovsdb_monitor.py:64}}
Apr 02 05:51:13.690655 np0000162698 devstack@neutron-api.service[103045]: DEBUG neutron.api.rpc.callbacks.version_manager [None req-48bd0182-cfbc-4143-afe0-1e89e5524614 admin admin] Tracked resource versions report:
Apr 02 05:51:13.690655 np0000162698 devstack@neutron-api.service[103045]: pushed versions:
Apr 02 05:51:13.690655 np0000162698 devstack@neutron-api.service[103045]: { 'AddressGroup': {'1.2'},
Apr 02 05:51:13.690655 np0000162698 devstack@neutron-api.service[103045]: 'Agent': {'1.1'},
Apr 02 05:51:13.690655 np0000162698 devstack@neutron-api.service[103045]: 'ConntrackHelper': {'1.0'},
Apr 02 05:51:13.690655 np0000162698 devstack@neutron-api.service[103045]: 'LocalIPAssociation': {'1.0'},
Apr 02 05:51:13.690655 np0000162698 devstack@neutron-api.service[103045]: 'Log': {'1.0'},
Apr 02 05:51:13.690655 np0000162698 devstack@neutron-api.service[103045]: 'NDPProxy': {'1.0'},
Apr 02 05:51:13.690655 np0000162698 devstack@neutron-api.service[103045]: 'Network': {'1.2'},
Apr 02 05:51:13.690655 np0000162698 devstack@neutron-api.service[103045]: 'Port': {'1.10'},
Apr 02 05:51:13.690655 np0000162698 devstack@neutron-api.service[103045]: 'PortForwarding': {'1.3'},
Apr 02 05:51:13.690655 np0000162698 devstack@neutron-api.service[103045]: 'QosPolicy': {'1.10'},
Apr 02 05:51:13.690655 np0000162698 devstack@neutron-api.service[103045]: 'SecurityGroup': {'1.6'},
Apr 02 05:51:13.690655 np0000162698 devstack@neutron-api.service[103045]: 'SecurityGroupRule': {'1.3'},
Apr 02 05:51:13.690655 np0000162698 devstack@neutron-api.service[103045]: 'SubPort': {'1.0'},
Apr 02 05:51:13.690655 np0000162698 devstack@neutron-api.service[103045]: 'Subnet': {'1.2'},
Apr 02 05:51:13.690655 np0000162698 devstack@neutron-api.service[103045]: 'Trunk': {'1.1'}}
Apr 02 05:51:13.690655 np0000162698 devstack@neutron-api.service[103045]: consumer versions:
Apr 02 05:51:13.690655 np0000162698 devstack@neutron-api.service[103045]: {}
Apr 02 05:51:13.690655 np0000162698 devstack@neutron-api.service[103045]: {{(pid=103045) report /opt/stack/neutron/neutron/api/rpc/callbacks/version_manager.py:183}}
Apr 02 05:51:13.691702 np0000162698 devstack@neutron-api.service[103047]: DEBUG neutron.plugins.ml2.drivers.ovn.mech_driver.ovsdb.ovsdb_monitor [-] Hash Ring: Node fcba7e42af5559cdbf5ce3eeb78c516a (host: np0000162698) handling event "update" for row d7079c2a-8f65-4183-9917-c89c80711eda (table: NB_Global) {{(pid=103047) notify /opt/stack/neutron/neutron/plugins/ml2/drivers/ovn/mech_driver/ovsdb/ovsdb_monitor.py:912}}
Apr 02 05:51:13.691702 np0000162698 devstack@neutron-api.service[103047]: DEBUG neutron.plugins.ml2.drivers.ovn.mech_driver.ovsdb.ovsdb_monitor [-] Hash Ring: Node fcba7e42af5559cdbf5ce3eeb78c516a (host: np0000162698) handling event "update" for row d7079c2a-8f65-4183-9917-c89c80711eda (table: NB_Global) {{(pid=103047) notify /opt/stack/neutron/neutron/plugins/ml2/drivers/ovn/mech_driver/ovsdb/ovsdb_monitor.py:912}}
Apr 02 05:51:13.691871 np0000162698 devstack@neutron-api.service[103048]: DEBUG neutron.plugins.ml2.drivers.ovn.mech_driver.ovsdb.ovsdb_monitor [-] ChassisAgentWriteEvent : Matched Chassis_Private, update, None None {{(pid=103048) matches /opt/stack/neutron/neutron/plugins/ml2/drivers/ovn/mech_driver/ovsdb/ovsdb_monitor.py:64}}
Apr 02 05:51:13.692024 np0000162698 devstack@neutron-api.service[103047]: DEBUG neutron.plugins.ml2.drivers.ovn.mech_driver.ovsdb.ovsdb_monitor [-] ChassisAgentWriteEvent : Matched Chassis_Private, update, None None {{(pid=103047) matches /opt/stack/neutron/neutron/plugins/ml2/drivers/ovn/mech_driver/ovsdb/ovsdb_monitor.py:64}}
Apr 02 05:51:13.693156 np0000162698 devstack@neutron-api.service[103046]: DEBUG neutron.plugins.ml2.drivers.ovn.mech_driver.ovsdb.ovsdb_monitor [-] Hash Ring: Node fda4b28a40f05c29bf5e4fa452c2913a (host: np0000162698) handling event "update" for row d7079c2a-8f65-4183-9917-c89c80711eda (table: NB_Global) {{(pid=103046) notify /opt/stack/neutron/neutron/plugins/ml2/drivers/ovn/mech_driver/ovsdb/ovsdb_monitor.py:912}}
Apr 02 05:51:13.694574 np0000162698 devstack@neutron-api.service[103046]: DEBUG neutron.plugins.ml2.drivers.ovn.mech_driver.ovsdb.ovsdb_monitor [-] Hash Ring: Node fda4b28a40f05c29bf5e4fa452c2913a (host: np0000162698) handling event "update" for row d7079c2a-8f65-4183-9917-c89c80711eda (table: NB_Global) {{(pid=103046) notify /opt/stack/neutron/neutron/plugins/ml2/drivers/ovn/mech_driver/ovsdb/ovsdb_monitor.py:912}}
Apr 02 05:51:13.695859 np0000162698 devstack@neutron-api.service[103047]: DEBUG neutron.plugins.ml2.drivers.ovn.mech_driver.ovsdb.ovsdb_monitor [-] ChassisOVNAgentWriteEvent : Matched Chassis_Private, update, None None {{(pid=103047) matches /opt/stack/neutron/neutron/plugins/ml2/drivers/ovn/mech_driver/ovsdb/ovsdb_monitor.py:64}}
Apr 02 05:51:13.696155 np0000162698 devstack@neutron-api.service[103048]: DEBUG neutron.plugins.ml2.drivers.ovn.mech_driver.ovsdb.ovsdb_monitor [-] ChassisOVNAgentWriteEvent : Matched Chassis_Private, update, None None {{(pid=103048) matches /opt/stack/neutron/neutron/plugins/ml2/drivers/ovn/mech_driver/ovsdb/ovsdb_monitor.py:64}}
Apr 02 05:51:13.696342 np0000162698 devstack@neutron-api.service[103046]: DEBUG neutron.plugins.ml2.drivers.ovn.mech_driver.ovsdb.ovsdb_monitor [-] Hash Ring: Node fda4b28a40f05c29bf5e4fa452c2913a (host: np0000162698) handling event "update" for row d7079c2a-8f65-4183-9917-c89c80711eda (table: NB_Global) {{(pid=103046) notify /opt/stack/neutron/neutron/plugins/ml2/drivers/ovn/mech_driver/ovsdb/ovsdb_monitor.py:912}}
Apr 02 05:51:13.699317 np0000162698 devstack@neutron-api.service[103046]: DEBUG neutron.common.ovn.hash_ring_manager [-] Allow caching, nodes 4>=4 {{(pid=103046) _wait_startup_before_caching /opt/stack/neutron/neutron/common/ovn/hash_ring_manager.py:65}}
Apr 02 05:51:13.699575 np0000162698 devstack@neutron-api.service[103045]: DEBUG neutron.plugins.ml2.drivers.ovn.mech_driver.ovsdb.ovsdb_monitor [-] ChassisAgentWriteEvent : Matched Chassis_Private, update, None None {{(pid=103045) matches /opt/stack/neutron/neutron/plugins/ml2/drivers/ovn/mech_driver/ovsdb/ovsdb_monitor.py:64}}
Apr 02 05:51:13.699633 np0000162698 devstack@neutron-api.service[103046]: DEBUG neutron.plugins.ml2.drivers.ovn.mech_driver.ovsdb.ovsdb_monitor [-] Hash Ring: Node fda4b28a40f05c29bf5e4fa452c2913a (host: np0000162698) handling event "update" for row ac114cce-bda5-43d9-a5ab-c6fee75d4882 (table: Chassis_Private) {{(pid=103046) notify /opt/stack/neutron/neutron/plugins/ml2/drivers/ovn/mech_driver/ovsdb/ovsdb_monitor.py:912}}
Apr 02 05:51:13.700684 np0000162698 devstack@neutron-api.service[103045]: DEBUG neutron.plugins.ml2.drivers.ovn.mech_driver.ovsdb.ovsdb_monitor [-] Hash Ring: Node 53ed4c189c1e51a99d8746907ee0195a (host: np0000162698) handling event "update" for row ac114cce-bda5-43d9-a5ab-c6fee75d4882 (table: Chassis_Private) {{(pid=103045) notify /opt/stack/neutron/neutron/plugins/ml2/drivers/ovn/mech_driver/ovsdb/ovsdb_monitor.py:912}}
Apr 02 05:51:13.701454 np0000162698 devstack@neutron-api.service[103046]: DEBUG neutron.plugins.ml2.drivers.ovn.mech_driver.ovsdb.ovsdb_monitor [-] ChassisOVNAgentWriteEvent : Matched Chassis_Private, update, None None {{(pid=103046) matches /opt/stack/neutron/neutron/plugins/ml2/drivers/ovn/mech_driver/ovsdb/ovsdb_monitor.py:64}}
Apr 02 05:51:13.701850 np0000162698 devstack@neutron-api.service[103046]: DEBUG neutron.plugins.ml2.drivers.ovn.mech_driver.ovsdb.ovsdb_monitor [-] Hash Ring: Node fda4b28a40f05c29bf5e4fa452c2913a (host: np0000162698) handling event "update" for row ac114cce-bda5-43d9-a5ab-c6fee75d4882 (table: Chassis_Private) {{(pid=103046) notify /opt/stack/neutron/neutron/plugins/ml2/drivers/ovn/mech_driver/ovsdb/ovsdb_monitor.py:912}}
Apr 02 05:51:13.703481 np0000162698 devstack@neutron-api.service[103045]: DEBUG neutron.plugins.ml2.drivers.ovn.mech_driver.ovsdb.ovsdb_monitor [-] ChassisOVNAgentWriteEvent : Matched Chassis_Private, update, None None {{(pid=103045) matches /opt/stack/neutron/neutron/plugins/ml2/drivers/ovn/mech_driver/ovsdb/ovsdb_monitor.py:64}}
Apr 02 05:51:13.703834 np0000162698 devstack@neutron-api.service[103045]: DEBUG neutron.plugins.ml2.drivers.ovn.mech_driver.ovsdb.ovsdb_monitor [-] Hash Ring: Node 53ed4c189c1e51a99d8746907ee0195a (host: np0000162698) handling event "update" for row ac114cce-bda5-43d9-a5ab-c6fee75d4882 (table: Chassis_Private) {{(pid=103045) notify /opt/stack/neutron/neutron/plugins/ml2/drivers/ovn/mech_driver/ovsdb/ovsdb_monitor.py:912}}
Apr 02 05:51:13.759118 np0000162698 devstack@neutron-api.service[103045]: DEBUG neutron.plugins.ml2.drivers.helpers [None req-48bd0182-cfbc-4143-afe0-1e89e5524614 admin admin] geneve segment allocate from pool success with {'geneve_vni': 43854} {{(pid=103045) allocate_partially_specified_segment /opt/stack/neutron/neutron/plugins/ml2/drivers/helpers.py:142}}
Apr 02 05:51:13.770720 np0000162698 devstack@neutron-api.service[103045]: DEBUG neutron_lib.callbacks.manager [None req-48bd0182-cfbc-4143-afe0-1e89e5524614 admin admin] Publish callbacks ['neutron.services.segments.db._add_segment_host_mapping_for_segment-7724558723166', 'neutron.plugins.ml2.plugin.Ml2Plugin._handle_segment_change-408637'] for segment (55f9ae80-16cd-4fa6-84cc-cb70006475c5), precommit_create {{(pid=103045) _notify_loop /opt/stack/data/venv/lib/python3.12/site-packages/neutron_lib/callbacks/manager.py:184}}
Apr 02 05:51:13.771023 np0000162698 devstack@neutron-api.service[103045]: INFO neutron.db.segments_db [None req-48bd0182-cfbc-4143-afe0-1e89e5524614 admin admin] Added segment 55f9ae80-16cd-4fa6-84cc-cb70006475c5 of type geneve for network e7827224-703e-411c-ac67-4b7b8b266c8a
Apr 02 05:51:13.836536 np0000162698 devstack@neutron-api.service[103045]: DEBUG neutron_lib.callbacks.manager [None req-48bd0182-cfbc-4143-afe0-1e89e5524614 admin admin] Publish callbacks ['neutron.services.auto_allocate.db._ensure_external_network_default_value_callback-7724557493292'] for network (e7827224-703e-411c-ac67-4b7b8b266c8a), precommit_create {{(pid=103045) _notify_loop /opt/stack/data/venv/lib/python3.12/site-packages/neutron_lib/callbacks/manager.py:184}}
Apr 02 05:51:13.855686 np0000162698 devstack@neutron-api.service[103045]: DEBUG neutron.plugins.ml2.drivers.ovn.mech_driver.mech_driver [None req-48bd0182-cfbc-4143-afe0-1e89e5524614 admin admin] Validating network segment with type geneve, segmentation ID 43854, physical network None {{(pid=103045) _validate_network_segments /opt/stack/neutron/neutron/plugins/ml2/drivers/ovn/mech_driver/mech_driver.py:631}}
Apr 02 05:51:13.855913 np0000162698 devstack@neutron-api.service[103045]: DEBUG neutron.db.ovn_revision_numbers_db [None req-48bd0182-cfbc-4143-afe0-1e89e5524614 admin admin] create_initial_revision uuid=e7827224-703e-411c-ac67-4b7b8b266c8a, type=networks, rev=-1 {{(pid=103045) create_initial_revision /opt/stack/neutron/neutron/db/ovn_revision_numbers_db.py:98}}
