Jun 17 20:16:45.046009 np0000181491 devstack@n-api.service[104080]: DEBUG nova.api.openstack.wsgi [None req-03f491af-3b0e-4129-8f57-fb3a4f8a97f2 admin admin] Calling method '>' {{(pid=104080) _process_stack /opt/stack/nova/nova/api/openstack/wsgi.py:551}}
Jun 17 20:16:45.049582 np0000181491 devstack@n-api.service[104080]: INFO nova.api.openstack.requestlog [None req-03f491af-3b0e-4129-8f57-fb3a4f8a97f2 admin admin] 199.19.213.229 "GET /compute/v2.1/" status: 200 len: 393 microversion: 2.1 time: 0.003944
Jun 17 20:16:45.049807 np0000181491 devstack@n-api.service[104080]: [pid: 104080|app: 0|req: 16/62] 199.19.213.229 () {62 vars in 1066 bytes} [Wed Jun 17 20:16:45 2026] GET /compute/v2.1/ => generated 393 bytes in 4 msecs (HTTP/1.1 200) 9 headers in 357 bytes (1 switches on core 0)
Jun 17 20:16:45.088779 np0000181491 devstack@n-api.service[104081]: DEBUG nova.api.openstack.wsgi [None req-90d6d3a0-f725-405d-839d-3173a9849d01 demo demo] Calling method '>' {{(pid=104081) _process_stack /opt/stack/nova/nova/api/openstack/wsgi.py:551}}
Jun 17 20:16:45.119160 np0000181491 devstack@n-api.service[104081]: INFO nova.api.openstack.requestlog [None req-90d6d3a0-f725-405d-839d-3173a9849d01 demo demo] 199.19.213.229 "GET /compute/v2.1/flavors/detail?is_public=None" status: 200 len: 5262 microversion: 2.61 time: 0.033892
Jun 17 20:16:45.119441 np0000181491 devstack@n-api.service[104081]: [pid: 104081|app: 0|req: 17/63] 199.19.213.229 () {68 vars in 1424 bytes} [Wed Jun 17 20:16:45 2026] GET /compute/v2.1/flavors/detail?is_public=None => generated 5262 bytes in 35 msecs (HTTP/1.1 200) 9 headers in 360 bytes (1 switches on core 0)
Jun 17 20:16:45.174398 np0000181491 devstack@n-api.service[104083]: DEBUG nova.api.openstack.wsgi [None req-639d7867-75b1-4b58-bd5d-85267efd2b74 demo demo] Calling method '>' {{(pid=104083) _process_stack /opt/stack/nova/nova/api/openstack/wsgi.py:551}}
Jun 17 20:16:45.198295 np0000181491 devstack@n-api.service[104083]: INFO nova.api.openstack.requestlog [None req-639d7867-75b1-4b58-bd5d-85267efd2b74 demo demo] 199.19.213.229 "GET /compute/v2.1/flavors/detail?is_public=None" status: 200 len: 5262 microversion: 2.61 time: 0.027527
Jun 17 20:16:45.198676 np0000181491 devstack@n-api.service[104083]: [pid: 104083|app: 0|req: 16/64] 199.19.213.229 () {68 vars in 1424 bytes} [Wed Jun 17 20:16:45 2026] GET /compute/v2.1/flavors/detail?is_public=None => generated 5262 bytes in 28 msecs (HTTP/1.1 200) 9 headers in 360 bytes (2 switches on core 0)
Jun 17 20:16:45.516487 np0000181491 devstack@n-api.service[104082]: DEBUG nova.api.openstack.wsgi [None req-51cf7a09-af2a-47ee-a013-1c330c9a68da admin admin] Calling method '>' {{(pid=104082) _process_stack /opt/stack/nova/nova/api/openstack/wsgi.py:551}}
Jun 17 20:16:45.522229 np0000181491 devstack@n-api.service[104082]: INFO nova.api.openstack.requestlog [None req-51cf7a09-af2a-47ee-a013-1c330c9a68da admin admin] 199.19.213.229 "GET /compute/v2.1" status: 200 len: 393 microversion: 2.1 time: 0.006158
Jun 17 20:16:45.522605 np0000181491 devstack@n-api.service[104082]: [pid: 104082|app: 0|req: 16/65] 199.19.213.229 () {62 vars in 1063 bytes} [Wed Jun 17 20:16:45 2026] GET /compute/v2.1 => generated 393 bytes in 7 msecs (HTTP/1.1 200) 9 headers in 357 bytes (1 switches on core 0)
Jun 17 20:16:45.565632 np0000181491 devstack@n-api.service[104080]: DEBUG nova.api.openstack.wsgi [None req-03f491af-3b0e-4129-8f57-fb3a4f8a97f2 admin admin] Calling method '>' {{(pid=104080) _process_stack /opt/stack/nova/nova/api/openstack/wsgi.py:551}}
Jun 17 20:16:45.569355 np0000181491 devstack@n-api.service[104080]: INFO nova.api.openstack.requestlog [None req-03f491af-3b0e-4129-8f57-fb3a4f8a97f2 admin admin] 199.19.213.229 "GET /compute/v2.1/" status: 200 len: 393 microversion: 2.1 time: 0.004123
Jun 17 20:16:45.569765 np0000181491 devstack@n-api.service[104080]: [pid: 104080|app: 0|req: 17/66] 199.19.213.229 () {62 vars in 1066 bytes} [Wed Jun 17 20:16:45 2026] GET /compute/v2.1/ => generated 393 bytes in 5 msecs (HTTP/1.1 200) 9 headers in 357 bytes (1 switches on core 0)
Jun 17 20:16:45.614171 np0000181491 devstack@n-api.service[104081]: DEBUG nova.api.openstack.wsgi [None req-55157ebd-cdbb-4b73-a1c7-be38889b9ebb demo demo] Calling method '>' {{(pid=104081) _process_stack /opt/stack/nova/nova/api/openstack/wsgi.py:551}}
Jun 17 20:16:45.634379 np0000181491 devstack@n-api.service[104081]: INFO nova.api.openstack.requestlog [None req-55157ebd-cdbb-4b73-a1c7-be38889b9ebb demo demo] 199.19.213.229 "GET /compute/v2.1/flavors/detail?is_public=None" status: 200 len: 5262 microversion: 2.61 time: 0.023791
Jun 17 20:16:45.634639 np0000181491 devstack@n-api.service[104081]: [pid: 104081|app: 0|req: 18/67] 199.19.213.229 () {68 vars in 1424 bytes} [Wed Jun 17 20:16:45 2026] GET /compute/v2.1/flavors/detail?is_public=None => generated 5262 bytes in 24 msecs (HTTP/1.1 200) 9 headers in 360 bytes (1 switches on core 0)
Jun 17 20:16:45.693149 np0000181491 devstack@n-api.service[104083]: DEBUG nova.api.openstack.wsgi [None req-583b6f67-633b-447d-b988-9378d271effc demo demo] Calling method '>' {{(pid=104083) _process_stack /opt/stack/nova/nova/api/openstack/wsgi.py:551}}
Jun 17 20:16:45.719514 np0000181491 devstack@n-api.service[104083]: INFO nova.api.openstack.requestlog [None req-583b6f67-633b-447d-b988-9378d271effc demo demo] 199.19.213.229 "GET /compute/v2.1/flavors/detail?is_public=None" status: 200 len: 5262 microversion: 2.61 time: 0.029857
Jun 17 20:16:45.719916 np0000181491 devstack@n-api.service[104083]: [pid: 104083|app: 0|req: 17/68] 199.19.213.229 () {68 vars in 1424 bytes} [Wed Jun 17 20:16:45 2026] GET /compute/v2.1/flavors/detail?is_public=None => generated 5262 bytes in 31 msecs (HTTP/1.1 200) 9 headers in 360 bytes (1 switches on core 0)
Jun 17 20:16:50.768293 np0000181491 devstack@n-api.service[104082]: DEBUG nova.api.openstack.wsgi [None req-51cf7a09-af2a-47ee-a013-1c330c9a68da admin admin] Calling method '>' {{(pid=104082) _process_stack /opt/stack/nova/nova/api/openstack/wsgi.py:551}}
Jun 17 20:16:50.774353 np0000181491 devstack@n-api.service[104082]: INFO nova.api.openstack.requestlog [None req-51cf7a09-af2a-47ee-a013-1c330c9a68da admin admin] 199.19.213.229 "GET /compute/v2.1" status: 200 len: 393 microversion: 2.1 time: 0.006365
Jun 17 20:16:50.774698 np0000181491 devstack@n-api.service[104082]: [pid: 104082|app: 0|req: 17/69] 199.19.213.229 () {62 vars in 1063 bytes} [Wed Jun 17 20:16:50 2026] GET /compute/v2.1 => generated 393 bytes in 7 msecs (HTTP/1.1 200) 9 headers in 357 bytes (1 switches on core 0)
Jun 17 20:16:50.810698 np0000181491 devstack@n-api.service[104080]: DEBUG nova.api.openstack.wsgi [None req-03f491af-3b0e-4129-8f57-fb3a4f8a97f2 admin admin] Calling method '>' {{(pid=104080) _process_stack /opt/stack/nova/nova/api/openstack/wsgi.py:551}}
Jun 17 20:16:50.814788 np0000181491 devstack@n-api.service[104080]: INFO nova.api.openstack.requestlog [None req-03f491af-3b0e-4129-8f57-fb3a4f8a97f2 admin admin] 199.19.213.229 "GET /compute/v2.1/" status: 200 len: 393 microversion: 2.1 time: 0.004587
Jun 17 20:16:50.815019 np0000181491 devstack@n-api.service[104080]: [pid: 104080|app: 0|req: 18/70] 199.19.213.229 () {62 vars in 1066 bytes} [Wed Jun 17 20:16:50 2026] GET /compute/v2.1/ => generated 393 bytes in 5 msecs (HTTP/1.1 200) 9 headers in 357 bytes (1 switches on core 0)
Jun 17 20:16:50.855447 np0000181491 devstack@n-api.service[104081]: DEBUG nova.api.openstack.wsgi [None req-08ba6929-42d6-4e1b-a91e-87ca8f3003b7 demo demo] Calling method '>' {{(pid=104081) _process_stack /opt/stack/nova/nova/api/openstack/wsgi.py:551}}
Jun 17 20:16:50.876368 np0000181491 devstack@n-api.service[104081]: INFO nova.api.openstack.requestlog [None req-08ba6929-42d6-4e1b-a91e-87ca8f3003b7 demo demo] 199.19.213.229 "GET /compute/v2.1/flavors/detail?is_public=None" status: 200 len: 5262 microversion: 2.61 time: 0.024627
Jun 17 20:16:50.876642 np0000181491 devstack@n-api.service[104081]: [pid: 104081|app: 0|req: 19/71] 199.19.213.229 () {68 vars in 1424 bytes} [Wed Jun 17 20:16:50 2026] GET /compute/v2.1/flavors/detail?is_public=None => generated 5262 bytes in 25 msecs (HTTP/1.1 200) 9 headers in 360 bytes (1 switches on core 0)
Jun 17 20:16:50.930648 np0000181491 devstack@n-api.service[104083]: DEBUG nova.api.openstack.wsgi [None req-3f186547-35cf-4411-b650-69af7e28385b demo demo] Calling method '>' {{(pid=104083) _process_stack /opt/stack/nova/nova/api/openstack/wsgi.py:551}}
Jun 17 20:16:50.950200 np0000181491 devstack@n-api.service[104083]: INFO nova.api.openstack.requestlog [None req-3f186547-35cf-4411-b650-69af7e28385b demo demo] 199.19.213.229 "GET /compute/v2.1/flavors/detail?is_public=None" status: 200 len: 5262 microversion: 2.61 time: 0.022947
Jun 17 20:16:50.950485 np0000181491 devstack@n-api.service[104083]: [pid: 104083|app: 0|req: 18/72] 199.19.213.229 () {68 vars in 1424 bytes} [Wed Jun 17 20:16:50 2026] GET /compute/v2.1/flavors/detail?is_public=None => generated 5262 bytes in 24 msecs (HTTP/1.1 200) 9 headers in 360 bytes (1 switches on core 0)
Jun 17 20:16:51.096286 np0000181491 devstack@n-api.service[104082]: DEBUG nova.api.openstack.wsgi [None req-51cf7a09-af2a-47ee-a013-1c330c9a68da admin admin] Calling method '>' {{(pid=104082) _process_stack /opt/stack/nova/nova/api/openstack/wsgi.py:551}}
Jun 17 20:16:51.101636 np0000181491 devstack@n-api.service[104082]: INFO nova.api.openstack.requestlog [None req-51cf7a09-af2a-47ee-a013-1c330c9a68da admin admin] 199.19.213.229 "GET /compute/v2.1" status: 200 len: 393 microversion: 2.1 time: 0.005629
Jun 17 20:16:51.101990 np0000181491 devstack@n-api.service[104082]: [pid: 104082|app: 0|req: 18/73] 199.19.213.229 () {62 vars in 1063 bytes} [Wed Jun 17 20:16:51 2026] GET /compute/v2.1 => generated 393 bytes in 6 msecs (HTTP/1.1 200) 9 headers in 357 bytes (1 switches on core 0)
Jun 17 20:16:51.137777 np0000181491 devstack@n-api.service[104080]: DEBUG nova.api.openstack.wsgi [None req-03f491af-3b0e-4129-8f57-fb3a4f8a97f2 admin admin] Calling method '>' {{(pid=104080) _process_stack /opt/stack/nova/nova/api/openstack/wsgi.py:551}}
Jun 17 20:16:51.141418 np0000181491 devstack@n-api.service[104080]: INFO nova.api.openstack.requestlog [None req-03f491af-3b0e-4129-8f57-fb3a4f8a97f2 admin admin] 199.19.213.229 "GET /compute/v2.1/" status: 200 len: 393 microversion: 2.1 time: 0.003950
Jun 17 20:16:51.141669 np0000181491 devstack@n-api.service[104080]: [pid: 104080|app: 0|req: 19/74] 199.19.213.229 () {62 vars in 1066 bytes} [Wed Jun 17 20:16:51 2026] GET /compute/v2.1/ => generated 393 bytes in 4 msecs (HTTP/1.1 200) 9 headers in 357 bytes (1 switches on core 0)
Jun 17 20:16:51.180463 np0000181491 devstack@n-api.service[104081]: DEBUG nova.api.openstack.wsgi [None req-1ecf9f7d-c0fc-4b6f-8509-aba4751047d2 demo demo] Calling method '>' {{(pid=104081) _process_stack /opt/stack/nova/nova/api/openstack/wsgi.py:551}}
Jun 17 20:16:51.200203 np0000181491 devstack@n-api.service[104081]: INFO nova.api.openstack.requestlog [None req-1ecf9f7d-c0fc-4b6f-8509-aba4751047d2 demo demo] 199.19.213.229 "GET /compute/v2.1/flavors/detail?is_public=None" status: 200 len: 5262 microversion: 2.61 time: 0.023243
Jun 17 20:16:51.200477 np0000181491 devstack@n-api.service[104081]: [pid: 104081|app: 0|req: 20/75] 199.19.213.229 () {68 vars in 1424 bytes} [Wed Jun 17 20:16:51 2026] GET /compute/v2.1/flavors/detail?is_public=None => generated 5262 bytes in 24 msecs (HTTP/1.1 200) 9 headers in 360 bytes (1 switches on core 0)
Jun 17 20:16:51.250911 np0000181491 devstack@n-api.service[104083]: DEBUG nova.api.openstack.wsgi [None req-b09ad2d7-ebcc-41a2-82a7-9f48f3261aec demo demo] Calling method '>' {{(pid=104083) _process_stack /opt/stack/nova/nova/api/openstack/wsgi.py:551}}
Jun 17 20:16:51.274446 np0000181491 devstack@n-api.service[104083]: INFO nova.api.openstack.requestlog [None req-b09ad2d7-ebcc-41a2-82a7-9f48f3261aec demo demo] 199.19.213.229 "GET /compute/v2.1/flavors/detail?is_public=None" status: 200 len: 5262 microversion: 2.61 time: 0.027284
Jun 17 20:16:51.274705 np0000181491 devstack@n-api.service[104083]: [pid: 104083|app: 0|req: 19/76] 199.19.213.229 () {68 vars in 1424 bytes} [Wed Jun 17 20:16:51 2026] GET /compute/v2.1/flavors/detail?is_public=None => generated 5262 bytes in 28 msecs (HTTP/1.1 200) 9 headers in 360 bytes (1 switches on core 0)
Jun 17 20:16:55.116998 np0000181491 devstack@n-api.service[104082]: DEBUG nova.api.openstack.wsgi [None req-51cf7a09-af2a-47ee-a013-1c330c9a68da admin admin] Calling method '>' {{(pid=104082) _process_stack /opt/stack/nova/nova/api/openstack/wsgi.py:551}}
Jun 17 20:16:55.120989 np0000181491 devstack@n-api.service[104082]: INFO nova.api.openstack.requestlog [None req-51cf7a09-af2a-47ee-a013-1c330c9a68da admin admin] 199.19.213.229 "GET /compute/v2.1" status: 200 len: 393 microversion: 2.1 time: 0.004472
Jun 17 20:16:55.121274 np0000181491 devstack@n-api.service[104082]: [pid: 104082|app: 0|req: 19/77] 199.19.213.229 () {62 vars in 1074 bytes} [Wed Jun 17 20:16:55 2026] GET /compute/v2.1 => generated 393 bytes in 5 msecs (HTTP/1.1 200) 9 headers in 357 bytes (1 switches on core 0)
Jun 17 20:16:55.158053 np0000181491 devstack@n-api.service[104080]: DEBUG nova.api.openstack.wsgi [None req-03f491af-3b0e-4129-8f57-fb3a4f8a97f2 admin admin] Calling method '>' {{(pid=104080) _process_stack /opt/stack/nova/nova/api/openstack/wsgi.py:551}}
Jun 17 20:16:55.163798 np0000181491 devstack@n-api.service[104080]: INFO nova.api.openstack.requestlog [None req-03f491af-3b0e-4129-8f57-fb3a4f8a97f2 admin admin] 199.19.213.229 "GET /compute/v2.1/" status: 200 len: 393 microversion: 2.1 time: 0.006284
Jun 17 20:16:55.164292 np0000181491 devstack@n-api.service[104080]: [pid: 104080|app: 0|req: 20/78] 199.19.213.229 () {62 vars in 1077 bytes} [Wed Jun 17 20:16:55 2026] GET /compute/v2.1/ => generated 393 bytes in 7 msecs (HTTP/1.1 200) 9 headers in 357 bytes (1 switches on core 0)
Jun 17 20:16:55.202465 np0000181491 devstack@n-api.service[104081]: DEBUG nova.api.openstack.wsgi [None req-82c12883-3693-41e6-94d3-444fed7a557f demo demo] Calling method '>' {{(pid=104081) _process_stack /opt/stack/nova/nova/api/openstack/wsgi.py:551}}
Jun 17 20:16:55.222298 np0000181491 devstack@n-api.service[104081]: INFO nova.api.openstack.requestlog [None req-82c12883-3693-41e6-94d3-444fed7a557f demo demo] 199.19.213.229 "GET /compute/v2.1/os-server-groups" status: 200 len: 21 microversion: 2.64 time: 0.024247
Jun 17 20:16:55.222984 np0000181491 devstack@n-api.service[104081]: [pid: 104081|app: 0|req: 21/79] 199.19.213.229 () {68 vars in 1412 bytes} [Wed Jun 17 20:16:55 2026] GET /compute/v2.1/os-server-groups => generated 21 bytes in 25 msecs (HTTP/1.1 200) 9 headers in 358 bytes (1 switches on core 0)
Jun 17 20:16:55.260517 np0000181491 devstack@n-api.service[104083]: DEBUG nova.api.openstack.wsgi [None req-b09ad2d7-ebcc-41a2-82a7-9f48f3261aec demo demo] Calling method '>' {{(pid=104083) _process_stack /opt/stack/nova/nova/api/openstack/wsgi.py:551}}
Jun 17 20:16:55.265967 np0000181491 devstack@n-api.service[104083]: INFO nova.api.openstack.requestlog [None req-b09ad2d7-ebcc-41a2-82a7-9f48f3261aec demo demo] 199.19.213.229 "GET /compute/v2.1" status: 200 len: 393 microversion: 2.1 time: 0.005837
Jun 17 20:16:55.266096 np0000181491 devstack@n-api.service[104083]: [pid: 104083|app: 0|req: 20/80] 199.19.213.229 () {62 vars in 1074 bytes} [Wed Jun 17 20:16:55 2026] GET /compute/v2.1 => generated 393 bytes in 6 msecs (HTTP/1.1 200) 9 headers in 357 bytes (1 switches on core 0)
Jun 17 20:16:55.305039 np0000181491 devstack@n-api.service[104082]: DEBUG nova.api.openstack.wsgi [None req-51cf7a09-af2a-47ee-a013-1c330c9a68da admin admin] Calling method '>' {{(pid=104082) _process_stack /opt/stack/nova/nova/api/openstack/wsgi.py:551}}
Jun 17 20:16:55.309363 np0000181491 devstack@n-api.service[104082]: INFO nova.api.openstack.requestlog [None req-51cf7a09-af2a-47ee-a013-1c330c9a68da admin admin] 199.19.213.229 "GET /compute/v2.1/" status: 200 len: 393 microversion: 2.1 time: 0.004568
Jun 17 20:16:55.310502 np0000181491 devstack@n-api.service[104082]: [pid: 104082|app: 0|req: 20/81] 199.19.213.229 () {62 vars in 1077 bytes} [Wed Jun 17 20:16:55 2026] GET /compute/v2.1/ => generated 393 bytes in 5 msecs (HTTP/1.1 200) 9 headers in 357 bytes (1 switches on core 0)
Jun 17 20:16:55.350318 np0000181491 devstack@n-api.service[104080]: DEBUG nova.api.openstack.wsgi [None req-c45ccf28-5812-4f76-9c52-d2ac9d9afc33 demo demo] Action: 'create', calling method: >, body: {"server_group": {"name": "kube-shg2s", "policy": "soft-anti-affinity"}} {{(pid=104080) _process_stack /opt/stack/nova/nova/api/openstack/wsgi.py:549}}
Jun 17 20:16:55.373807 np0000181491 devstack@n-api.service[104080]: DEBUG nova.quota [None req-c45ccf28-5812-4f76-9c52-d2ac9d9afc33 demo demo] Getting quotas for project dd826195cfbd43648f98fd5b2a35fec1. Resources: {'server_groups'} {{(pid=104080) _get_quotas /opt/stack/nova/nova/quota.py:392}}
Jun 17 20:16:55.376552 np0000181491 devstack@n-api.service[104080]: DEBUG nova.quota [None req-c45ccf28-5812-4f76-9c52-d2ac9d9afc33 demo demo] Getting quotas for user 965d0399c8cf4525a1f8143db5435a68 and project dd826195cfbd43648f98fd5b2a35fec1. Resources: {'server_groups'} {{(pid=104080) _get_quotas /opt/stack/nova/nova/quota.py:382}}
Jun 17 20:16:55.427450 np0000181491 devstack@n-api.service[104080]: DEBUG nova.quota [None req-c45ccf28-5812-4f76-9c52-d2ac9d9afc33 demo demo] Getting quotas for project dd826195cfbd43648f98fd5b2a35fec1. Resources: {'server_groups'} {{(pid=104080) _get_quotas /opt/stack/nova/nova/quota.py:392}}
Jun 17 20:16:55.429488 np0000181491 devstack@n-api.service[104080]: DEBUG nova.quota [None req-c45ccf28-5812-4f76-9c52-d2ac9d9afc33 demo demo] Getting quotas for user 965d0399c8cf4525a1f8143db5435a68 and project dd826195cfbd43648f98fd5b2a35fec1. Resources: {'server_groups'} {{(pid=104080) _get_quotas /opt/stack/nova/nova/quota.py:382}}
Jun 17 20:16:55.437099 np0000181491 devstack@n-api.service[104080]: INFO nova.api.openstack.requestlog [None req-c45ccf28-5812-4f76-9c52-d2ac9d9afc33 demo demo] 199.19.213.229 "POST /compute/v2.1/os-server-groups" status: 200 len: 243 microversion: 2.64 time: 0.091525
Jun 17 20:16:55.437427 np0000181491 devstack@n-api.service[104080]: [pid: 104080|app: 0|req: 21/82] 199.19.213.229 () {72 vars in 1452 bytes} [Wed Jun 17 20:16:55 2026] POST /compute/v2.1/os-server-groups => generated 243 bytes in 92 msecs (HTTP/1.1 200) 9 headers in 359 bytes (1 switches on core 0)
Jun 17 20:16:55.485949 np0000181491 devstack@n-api.service[104081]: DEBUG nova.api.openstack.wsgi [None req-82c12883-3693-41e6-94d3-444fed7a557f demo demo] Calling method '>' {{(pid=104081) _process_stack /opt/stack/nova/nova/api/openstack/wsgi.py:551}}
Jun 17 20:16:55.490565 np0000181491 devstack@n-api.service[104081]: INFO nova.api.openstack.requestlog [None req-82c12883-3693-41e6-94d3-444fed7a557f demo demo] 199.19.213.229 "GET /compute/v2.1" status: 200 len: 393 microversion: 2.1 time: 0.005124
Jun 17 20:16:55.490794 np0000181491 devstack@n-api.service[104081]: [pid: 104081|app: 0|req: 22/83] 199.19.213.229 () {62 vars in 1074 bytes} [Wed Jun 17 20:16:55 2026] GET /compute/v2.1 => generated 393 bytes in 6 msecs (HTTP/1.1 200) 9 headers in 357 bytes (1 switches on core 0)
Jun 17 20:16:55.527517 np0000181491 devstack@n-api.service[104083]: DEBUG nova.api.openstack.wsgi [None req-b09ad2d7-ebcc-41a2-82a7-9f48f3261aec demo demo] Calling method '>' {{(pid=104083) _process_stack /opt/stack/nova/nova/api/openstack/wsgi.py:551}}
Jun 17 20:16:55.533007 np0000181491 devstack@n-api.service[104083]: INFO nova.api.openstack.requestlog [None req-b09ad2d7-ebcc-41a2-82a7-9f48f3261aec demo demo] 199.19.213.229 "GET /compute/v2.1/" status: 200 len: 393 microversion: 2.1 time: 0.005989
Jun 17 20:16:55.533388 np0000181491 devstack@n-api.service[104083]: [pid: 104083|app: 0|req: 21/84] 199.19.213.229 () {62 vars in 1077 bytes} [Wed Jun 17 20:16:55 2026] GET /compute/v2.1/ => generated 393 bytes in 7 msecs (HTTP/1.1 200) 9 headers in 357 bytes (1 switches on core 0)
Jun 17 20:16:55.590765 np0000181491 devstack@n-api.service[104082]: DEBUG nova.api.openstack.wsgi [None req-3337f37b-9b47-4eec-a5af-f581a7f32bdd demo demo] Calling method '>' {{(pid=104082) _process_stack /opt/stack/nova/nova/api/openstack/wsgi.py:551}}
Jun 17 20:16:55.611897 np0000181491 devstack@n-api.service[104082]: INFO nova.api.openstack.requestlog [None req-3337f37b-9b47-4eec-a5af-f581a7f32bdd demo demo] 199.19.213.229 "GET /compute/v2.1/os-server-groups" status: 200 len: 246 microversion: 2.64 time: 0.024176
Jun 17 20:16:55.612525 np0000181491 devstack@n-api.service[104082]: [pid: 104082|app: 0|req: 21/85] 199.19.213.229 () {68 vars in 1412 bytes} [Wed Jun 17 20:16:55 2026] GET /compute/v2.1/os-server-groups => generated 246 bytes in 25 msecs (HTTP/1.1 200) 9 headers in 359 bytes (1 switches on core 0)
Jun 17 20:16:55.655227 np0000181491 devstack@n-api.service[104080]: DEBUG nova.api.openstack.wsgi [None req-c45ccf28-5812-4f76-9c52-d2ac9d9afc33 demo demo] Calling method '>' {{(pid=104080) _process_stack /opt/stack/nova/nova/api/openstack/wsgi.py:551}}
Jun 17 20:16:55.661023 np0000181491 devstack@n-api.service[104080]: INFO nova.api.openstack.requestlog [None req-c45ccf28-5812-4f76-9c52-d2ac9d9afc33 demo demo] 199.19.213.229 "GET /compute/v2.1" status: 200 len: 393 microversion: 2.1 time: 0.006295
Jun 17 20:16:55.661731 np0000181491 devstack@n-api.service[104080]: [pid: 104080|app: 0|req: 22/86] 199.19.213.229 () {62 vars in 1074 bytes} [Wed Jun 17 20:16:55 2026] GET /compute/v2.1 => generated 393 bytes in 7 msecs (HTTP/1.1 200) 9 headers in 357 bytes (1 switches on core 0)
Jun 17 20:16:55.698883 np0000181491 devstack@n-api.service[104081]: DEBUG nova.api.openstack.wsgi [None req-82c12883-3693-41e6-94d3-444fed7a557f demo demo] Calling method '>' {{(pid=104081) _process_stack /opt/stack/nova/nova/api/openstack/wsgi.py:551}}
Jun 17 20:16:55.705185 np0000181491 devstack@n-api.service[104081]: INFO nova.api.openstack.requestlog [None req-82c12883-3693-41e6-94d3-444fed7a557f demo demo] 199.19.213.229 "GET /compute/v2.1/" status: 200 len: 393 microversion: 2.1 time: 0.006784
Jun 17 20:16:55.705569 np0000181491 devstack@n-api.service[104081]: [pid: 104081|app: 0|req: 23/87] 199.19.213.229 () {62 vars in 1077 bytes} [Wed Jun 17 20:16:55 2026] GET /compute/v2.1/ => generated 393 bytes in 8 msecs (HTTP/1.1 200) 9 headers in 357 bytes (1 switches on core 0)
Jun 17 20:16:55.747169 np0000181491 devstack@n-api.service[104083]: DEBUG nova.api.openstack.wsgi [None req-731d26d2-47bd-4bc8-ac8a-ef72b8eb7a9d demo demo] Action: 'create', calling method: >, body: {"server_group": {"name": "kube-shg2s-default-worker", "policy": "soft-anti-affinity"}} {{(pid=104083) _process_stack /opt/stack/nova/nova/api/openstack/wsgi.py:549}}
Jun 17 20:16:55.777114 np0000181491 devstack@n-api.service[104083]: DEBUG nova.quota [None req-731d26d2-47bd-4bc8-ac8a-ef72b8eb7a9d demo demo] Getting quotas for project dd826195cfbd43648f98fd5b2a35fec1. Resources: {'server_groups'} {{(pid=104083) _get_quotas /opt/stack/nova/nova/quota.py:392}}
Jun 17 20:16:55.781293 np0000181491 devstack@n-api.service[104083]: DEBUG nova.quota [None req-731d26d2-47bd-4bc8-ac8a-ef72b8eb7a9d demo demo] Getting quotas for user 965d0399c8cf4525a1f8143db5435a68 and project dd826195cfbd43648f98fd5b2a35fec1. Resources: {'server_groups'} {{(pid=104083) _get_quotas /opt/stack/nova/nova/quota.py:382}}
Jun 17 20:16:55.841768 np0000181491 devstack@n-api.service[104083]: DEBUG nova.quota [None req-731d26d2-47bd-4bc8-ac8a-ef72b8eb7a9d demo demo] Getting quotas for project dd826195cfbd43648f98fd5b2a35fec1. Resources: {'server_groups'} {{(pid=104083) _get_quotas /opt/stack/nova/nova/quota.py:392}}
Jun 17 20:16:55.844350 np0000181491 devstack@n-api.service[104083]: DEBUG nova.quota [None req-731d26d2-47bd-4bc8-ac8a-ef72b8eb7a9d demo demo] Getting quotas for user 965d0399c8cf4525a1f8143db5435a68 and project dd826195cfbd43648f98fd5b2a35fec1. Resources: {'server_groups'} {{(pid=104083) _get_quotas /opt/stack/nova/nova/quota.py:382}}
Jun 17 20:16:55.851272 np0000181491 devstack@n-api.service[104083]: INFO nova.api.openstack.requestlog [None req-731d26d2-47bd-4bc8-ac8a-ef72b8eb7a9d demo demo] 199.19.213.229 "POST /compute/v2.1/os-server-groups" status: 200 len: 258 microversion: 2.64 time: 0.107835
Jun 17 20:16:55.851594 np0000181491 devstack@n-api.service[104083]: [pid: 104083|app: 0|req: 22/88] 199.19.213.229 () {72 vars in 1452 bytes} [Wed Jun 17 20:16:55 2026] POST /compute/v2.1/os-server-groups => generated 258 bytes in 108 msecs (HTTP/1.1 200) 9 headers in 359 bytes (1 switches on core 0)
Jun 17 20:16:59.061101 np0000181491 devstack@n-api.service[104082]: DEBUG nova.api.openstack.wsgi [None req-3337f37b-9b47-4eec-a5af-f581a7f32bdd demo demo] Calling method '>' {{(pid=104082) _process_stack /opt/stack/nova/nova/api/openstack/wsgi.py:551}}
Jun 17 20:16:59.065012 np0000181491 devstack@n-api.service[104082]: INFO nova.api.openstack.requestlog [None req-3337f37b-9b47-4eec-a5af-f581a7f32bdd demo demo] 199.19.213.229 "GET /compute/v2.1" status: 200 len: 393 microversion: 2.1 time: 0.004388
Jun 17 20:16:59.065397 np0000181491 devstack@n-api.service[104082]: [pid: 104082|app: 0|req: 22/89] 199.19.213.229 () {62 vars in 1074 bytes} [Wed Jun 17 20:16:59 2026] GET /compute/v2.1 => generated 393 bytes in 5 msecs (HTTP/1.1 200) 9 headers in 357 bytes (2 switches on core 0)
Jun 17 20:16:59.101527 np0000181491 devstack@n-api.service[104080]: DEBUG nova.api.openstack.wsgi [None req-c45ccf28-5812-4f76-9c52-d2ac9d9afc33 demo demo] Calling method '>' {{(pid=104080) _process_stack /opt/stack/nova/nova/api/openstack/wsgi.py:551}}
Jun 17 20:16:59.108742 np0000181491 devstack@n-api.service[104080]: INFO nova.api.openstack.requestlog [None req-c45ccf28-5812-4f76-9c52-d2ac9d9afc33 demo demo] 199.19.213.229 "GET /compute/v2.1/" status: 200 len: 393 microversion: 2.1 time: 0.007596
Jun 17 20:16:59.109136 np0000181491 devstack@n-api.service[104080]: [pid: 104080|app: 0|req: 23/90] 199.19.213.229 () {62 vars in 1077 bytes} [Wed Jun 17 20:16:59 2026] GET /compute/v2.1/ => generated 393 bytes in 9 msecs (HTTP/1.1 200) 9 headers in 357 bytes (1 switches on core 0)
Jun 17 20:16:59.147370 np0000181491 devstack@n-api.service[104081]: DEBUG nova.api.openstack.wsgi [None req-7e916e49-cc26-40a1-9786-f377e0a3eb83 demo demo] Calling method '>' {{(pid=104081) _process_stack /opt/stack/nova/nova/api/openstack/wsgi.py:551}}
Jun 17 20:16:59.170328 np0000181491 devstack@n-api.service[104081]: INFO nova.api.openstack.requestlog [None req-7e916e49-cc26-40a1-9786-f377e0a3eb83 demo demo] 199.19.213.229 "GET /compute/v2.1/flavors/detail?is_public=None" status: 200 len: 5262 microversion: 2.61 time: 0.026781
Jun 17 20:16:59.170628 np0000181491 devstack@n-api.service[104081]: [pid: 104081|app: 0|req: 24/91] 199.19.213.229 () {68 vars in 1435 bytes} [Wed Jun 17 20:16:59 2026] GET /compute/v2.1/flavors/detail?is_public=None => generated 5262 bytes in 27 msecs (HTTP/1.1 200) 9 headers in 360 bytes (1 switches on core 0)
Jun 17 20:16:59.217435 np0000181491 devstack@n-api.service[104083]: DEBUG nova.api.openstack.wsgi [None req-e3c1a83a-8bda-4254-9e82-698325cfa034 demo demo] Calling method '>' {{(pid=104083) _process_stack /opt/stack/nova/nova/api/openstack/wsgi.py:551}}
Jun 17 20:16:59.243772 np0000181491 devstack@n-api.service[104083]: INFO nova.api.openstack.requestlog [None req-e3c1a83a-8bda-4254-9e82-698325cfa034 demo demo] 199.19.213.229 "GET /compute/v2.1/flavors/detail?is_public=None" status: 200 len: 5262 microversion: 2.61 time: 0.029882
Jun 17 20:16:59.244043 np0000181491 devstack@n-api.service[104083]: [pid: 104083|app: 0|req: 23/92] 199.19.213.229 () {68 vars in 1435 bytes} [Wed Jun 17 20:16:59 2026] GET /compute/v2.1/flavors/detail?is_public=None => generated 5262 bytes in 31 msecs (HTTP/1.1 200) 9 headers in 360 bytes (1 switches on core 0)
Jun 17 20:16:59.400175 np0000181491 devstack@n-api.service[104082]: DEBUG nova.api.openstack.wsgi [None req-3337f37b-9b47-4eec-a5af-f581a7f32bdd demo demo] Calling method '>' {{(pid=104082) _process_stack /opt/stack/nova/nova/api/openstack/wsgi.py:551}}
Jun 17 20:16:59.405770 np0000181491 devstack@n-api.service[104082]: INFO nova.api.openstack.requestlog [None req-3337f37b-9b47-4eec-a5af-f581a7f32bdd demo demo] 199.19.213.229 "GET /compute/v2.1" status: 200 len: 393 microversion: 2.1 time: 0.006476
Jun 17 20:16:59.406291 np0000181491 devstack@n-api.service[104082]: [pid: 104082|app: 0|req: 23/93] 199.19.213.229 () {62 vars in 1074 bytes} [Wed Jun 17 20:16:59 2026] GET /compute/v2.1 => generated 393 bytes in 8 msecs (HTTP/1.1 200) 9 headers in 357 bytes (1 switches on core 0)
Jun 17 20:16:59.436428 np0000181491 devstack@n-api.service[104080]: DEBUG nova.api.openstack.wsgi [None req-c45ccf28-5812-4f76-9c52-d2ac9d9afc33 demo demo] Calling method '>' {{(pid=104080) _process_stack /opt/stack/nova/nova/api/openstack/wsgi.py:551}}
Jun 17 20:16:59.441872 np0000181491 devstack@n-api.service[104080]: INFO nova.api.openstack.requestlog [None req-c45ccf28-5812-4f76-9c52-d2ac9d9afc33 demo demo] 199.19.213.229 "GET /compute/v2.1/" status: 200 len: 393 microversion: 2.1 time: 0.005924
Jun 17 20:16:59.442124 np0000181491 devstack@n-api.service[104080]: [pid: 104080|app: 0|req: 24/94] 199.19.213.229 () {62 vars in 1077 bytes} [Wed Jun 17 20:16:59 2026] GET /compute/v2.1/ => generated 393 bytes in 7 msecs (HTTP/1.1 200) 9 headers in 357 bytes (1 switches on core 0)
Jun 17 20:16:59.474880 np0000181491 devstack@n-api.service[104081]: DEBUG nova.api.openstack.wsgi [None req-bcf8d0ce-07e2-4d94-bd5c-d47fd70c29b6 demo demo] Calling method '>' {{(pid=104081) _process_stack /opt/stack/nova/nova/api/openstack/wsgi.py:551}}
Jun 17 20:16:59.495718 np0000181491 devstack@n-api.service[104081]: INFO nova.api.openstack.requestlog [None req-bcf8d0ce-07e2-4d94-bd5c-d47fd70c29b6 demo demo] 199.19.213.229 "GET /compute/v2.1/flavors/detail?is_public=None" status: 200 len: 5262 microversion: 2.61 time: 0.024237
Jun 17 20:16:59.496047 np0000181491 devstack@n-api.service[104081]: [pid: 104081|app: 0|req: 25/95] 199.19.213.229 () {68 vars in 1435 bytes} [Wed Jun 17 20:16:59 2026] GET /compute/v2.1/flavors/detail?is_public=None => generated 5262 bytes in 25 msecs (HTTP/1.1 200) 9 headers in 360 bytes (1 switches on core 0)
Jun 17 20:17:05.432774 np0000181491 devstack@n-api.service[104080]: DEBUG dbcounter [-] [104080] Writing DB stats nova_cell0:SELECT=4 {{(pid=104080) stat_writer /opt/stack/data/venv/lib/python3.12/site-packages/dbcounter.py:115}}
Jun 17 20:17:05.434725 np0000181491 devstack@n-api.service[104080]: DEBUG dbcounter [-] [104080] Writing DB stats nova_api:SELECT=14,nova_api:INSERT=2 {{(pid=104080) stat_writer /opt/stack/data/venv/lib/python3.12/site-packages/dbcounter.py:115}}
Jun 17 20:17:05.609047 np0000181491 devstack@n-api.service[104082]: DEBUG dbcounter [-] [104082] Writing DB stats nova_api:SELECT=2 {{(pid=104082) stat_writer /opt/stack/data/venv/lib/python3.12/site-packages/dbcounter.py:115}}
Jun 17 20:17:05.849832 np0000181491 devstack@n-api.service[104083]: DEBUG dbcounter [-] [104083] Writing DB stats nova_cell0:SELECT=4 {{(pid=104083) stat_writer /opt/stack/data/venv/lib/python3.12/site-packages/dbcounter.py:115}}
Jun 17 20:17:09.224967 np0000181491 devstack@n-api.service[104083]: DEBUG dbcounter [-] [104083] Writing DB stats nova_api:SELECT=19,nova_api:INSERT=2 {{(pid=104083) stat_writer /opt/stack/data/venv/lib/python3.12/site-packages/dbcounter.py:115}}
Jun 17 20:17:09.481938 np0000181491 devstack@n-api.service[104081]: DEBUG dbcounter [-] [104081] Writing DB stats nova_api:SELECT=8 {{(pid=104081) stat_writer /opt/stack/data/venv/lib/python3.12/site-packages/dbcounter.py:115}}
Jun 17 20:17:22.216785 np0000181491 devstack@n-api.service[104083]: DEBUG nova.api.openstack.wsgi [None req-e3c1a83a-8bda-4254-9e82-698325cfa034 demo demo] Calling method '>' {{(pid=104083) _process_stack /opt/stack/nova/nova/api/openstack/wsgi.py:551}}
Jun 17 20:17:22.220798 np0000181491 devstack@n-api.service[104083]: INFO nova.api.openstack.requestlog [None req-e3c1a83a-8bda-4254-9e82-698325cfa034 demo demo] 172.18.0.2 "GET /compute/v2.1/" status: 200 len: 393 microversion: 2.1 time: 0.004901
Jun 17 20:17:22.221078 np0000181491 devstack@n-api.service[104083]: [pid: 104083|app: 0|req: 24/96] 199.19.213.229 () {64 vars in 1272 bytes} [Wed Jun 17 20:17:22 2026] GET /compute/v2.1/ => generated 393 bytes in 6 msecs (HTTP/1.1 200) 9 headers in 357 bytes (1 switches on core 0)
Jun 17 20:17:22.230577 np0000181491 devstack@n-api.service[104082]: DEBUG nova.api.openstack.wsgi [None req-9d933aad-4a11-419a-9bd5-f36bacfaf986 demo demo] Calling method '>' {{(pid=104082) _process_stack /opt/stack/nova/nova/api/openstack/wsgi.py:551}}
Jun 17 20:17:22.234336 np0000181491 devstack@n-api.service[104082]: DEBUG oslo_concurrency.lockutils [None req-9d933aad-4a11-419a-9bd5-f36bacfaf986 demo demo] Acquiring lock "00000000-0000-0000-0000-000000000000" by "nova.context.set_target_cell..get_or_set_cached_cell_and_set_connections" {{(pid=104082) inner /opt/stack/data/venv/lib/python3.12/site-packages/oslo_concurrency/lockutils.py:511}}
Jun 17 20:17:22.234724 np0000181491 devstack@n-api.service[104082]: DEBUG oslo_concurrency.lockutils [None req-9d933aad-4a11-419a-9bd5-f36bacfaf986 demo demo] Lock "00000000-0000-0000-0000-000000000000" acquired by "nova.context.set_target_cell..get_or_set_cached_cell_and_set_connections" :: waited 0.000s {{(pid=104082) inner /opt/stack/data/venv/lib/python3.12/site-packages/oslo_concurrency/lockutils.py:524}}
Jun 17 20:17:22.234997 np0000181491 devstack@n-api.service[104082]: DEBUG oslo_concurrency.lockutils [None req-9d933aad-4a11-419a-9bd5-f36bacfaf986 demo demo] Lock "00000000-0000-0000-0000-000000000000" "released" by "nova.context.set_target_cell..get_or_set_cached_cell_and_set_connections" :: held 0.000s {{(pid=104082) inner /opt/stack/data/venv/lib/python3.12/site-packages/oslo_concurrency/lockutils.py:543}}
Jun 17 20:17:22.236414 np0000181491 devstack@n-api.service[104082]: DEBUG oslo_concurrency.lockutils [None req-9d933aad-4a11-419a-9bd5-f36bacfaf986 demo demo] Acquiring lock "db024d79-82e8-4002-8e8c-33dca4fae707" by "nova.context.set_target_cell..get_or_set_cached_cell_and_set_connections" {{(pid=104082) inner /opt/stack/data/venv/lib/python3.12/site-packages/oslo_concurrency/lockutils.py:511}}
Jun 17 20:17:22.236553 np0000181491 devstack@n-api.service[104082]: DEBUG oslo_concurrency.lockutils [None req-9d933aad-4a11-419a-9bd5-f36bacfaf986 demo demo] Lock "db024d79-82e8-4002-8e8c-33dca4fae707" acquired by "nova.context.set_target_cell..get_or_set_cached_cell_and_set_connections" :: waited 0.000s {{(pid=104082) inner /opt/stack/data/venv/lib/python3.12/site-packages/oslo_concurrency/lockutils.py:524}}
Jun 17 20:17:22.236674 np0000181491 devstack@n-api.service[104082]: DEBUG oslo_concurrency.lockutils [None req-9d933aad-4a11-419a-9bd5-f36bacfaf986 demo demo] Lock "db024d79-82e8-4002-8e8c-33dca4fae707" "released" by "nova.context.set_target_cell..get_or_set_cached_cell_and_set_connections" :: held 0.000s {{(pid=104082) inner /opt/stack/data/venv/lib/python3.12/site-packages/oslo_concurrency/lockutils.py:543}}
Jun 17 20:17:22.309880 np0000181491 devstack@n-api.service[104082]: INFO nova.api.openstack.requestlog [None req-9d933aad-4a11-419a-9bd5-f36bacfaf986 demo demo] 172.18.0.2 "GET /compute/v2.1/os-availability-zone" status: 200 len: 97 microversion: 2.38 time: 0.082398
Jun 17 20:17:22.310722 np0000181491 devstack@n-api.service[104082]: [pid: 104082|app: 0|req: 24/97] 199.19.213.229 () {68 vars in 1415 bytes} [Wed Jun 17 20:17:22 2026] GET /compute/v2.1/os-availability-zone => generated 97 bytes in 84 msecs (HTTP/1.1 200) 9 headers in 358 bytes (1 switches on core 0)
Jun 17 20:17:23.475728 np0000181491 devstack@n-api.service[104080]: DEBUG nova.api.openstack.wsgi [None req-c45ccf28-5812-4f76-9c52-d2ac9d9afc33 demo demo] Calling method '>' {{(pid=104080) _process_stack /opt/stack/nova/nova/api/openstack/wsgi.py:551}}
Jun 17 20:17:23.481382 np0000181491 devstack@n-api.service[104080]: INFO nova.api.openstack.requestlog [None req-c45ccf28-5812-4f76-9c52-d2ac9d9afc33 demo demo] 172.18.0.2 "GET /compute/v2.1/" status: 200 len: 393 microversion: 2.1 time: 0.005284
Jun 17 20:17:23.481382 np0000181491 devstack@n-api.service[104080]: [pid: 104080|app: 0|req: 25/98] 199.19.213.229 () {64 vars in 1272 bytes} [Wed Jun 17 20:17:23 2026] GET /compute/v2.1/ => generated 393 bytes in 6 msecs (HTTP/1.1 200) 9 headers in 357 bytes (1 switches on core 0)
Jun 17 20:17:23.495327 np0000181491 devstack@n-api.service[104081]: DEBUG nova.api.openstack.wsgi [None req-4513a9e0-6507-4984-bd3f-d885bb82ae77 demo demo] Calling method '>' {{(pid=104081) _process_stack /opt/stack/nova/nova/api/openstack/wsgi.py:551}}
Jun 17 20:17:23.495327 np0000181491 devstack@n-api.service[104081]: DEBUG oslo_concurrency.lockutils [None req-4513a9e0-6507-4984-bd3f-d885bb82ae77 demo demo] Acquiring lock "00000000-0000-0000-0000-000000000000" by "nova.context.set_target_cell..get_or_set_cached_cell_and_set_connections" {{(pid=104081) inner /opt/stack/data/venv/lib/python3.12/site-packages/oslo_concurrency/lockutils.py:511}}
Jun 17 20:17:23.495706 np0000181491 devstack@n-api.service[104081]: DEBUG oslo_concurrency.lockutils [None req-4513a9e0-6507-4984-bd3f-d885bb82ae77 demo demo] Lock "00000000-0000-0000-0000-000000000000" acquired by "nova.context.set_target_cell..get_or_set_cached_cell_and_set_connections" :: waited 0.000s {{(pid=104081) inner /opt/stack/data/venv/lib/python3.12/site-packages/oslo_concurrency/lockutils.py:524}}
Jun 17 20:17:23.495706 np0000181491 devstack@n-api.service[104081]: DEBUG oslo_concurrency.lockutils [None req-4513a9e0-6507-4984-bd3f-d885bb82ae77 demo demo] Lock "00000000-0000-0000-0000-000000000000" "released" by "nova.context.set_target_cell..get_or_set_cached_cell_and_set_connections" :: held 0.000s {{(pid=104081) inner /opt/stack/data/venv/lib/python3.12/site-packages/oslo_concurrency/lockutils.py:543}}
Jun 17 20:17:23.496357 np0000181491 devstack@n-api.service[104081]: DEBUG oslo_concurrency.lockutils [None req-4513a9e0-6507-4984-bd3f-d885bb82ae77 demo demo] Acquiring lock "db024d79-82e8-4002-8e8c-33dca4fae707" by "nova.context.set_target_cell..get_or_set_cached_cell_and_set_connections" {{(pid=104081) inner /opt/stack/data/venv/lib/python3.12/site-packages/oslo_concurrency/lockutils.py:511}}
Jun 17 20:17:23.496500 np0000181491 devstack@n-api.service[104081]: DEBUG oslo_concurrency.lockutils [None req-4513a9e0-6507-4984-bd3f-d885bb82ae77 demo demo] Lock "db024d79-82e8-4002-8e8c-33dca4fae707" acquired by "nova.context.set_target_cell..get_or_set_cached_cell_and_set_connections" :: waited 0.000s {{(pid=104081) inner /opt/stack/data/venv/lib/python3.12/site-packages/oslo_concurrency/lockutils.py:524}}
Jun 17 20:17:23.496617 np0000181491 devstack@n-api.service[104081]: DEBUG oslo_concurrency.lockutils [None req-4513a9e0-6507-4984-bd3f-d885bb82ae77 demo demo] Lock "db024d79-82e8-4002-8e8c-33dca4fae707" "released" by "nova.context.set_target_cell..get_or_set_cached_cell_and_set_connections" :: held 0.000s {{(pid=104081) inner /opt/stack/data/venv/lib/python3.12/site-packages/oslo_concurrency/lockutils.py:543}}
Jun 17 20:17:23.563180 np0000181491 devstack@n-api.service[104081]: INFO nova.api.openstack.requestlog [None req-4513a9e0-6507-4984-bd3f-d885bb82ae77 demo demo] 172.18.0.2 "GET /compute/v2.1/os-availability-zone" status: 200 len: 97 microversion: 2.38 time: 0.073854
Jun 17 20:17:23.563532 np0000181491 devstack@n-api.service[104081]: [pid: 104081|app: 0|req: 26/99] 199.19.213.229 () {68 vars in 1415 bytes} [Wed Jun 17 20:17:23 2026] GET /compute/v2.1/os-availability-zone => generated 97 bytes in 75 msecs (HTTP/1.1 200) 9 headers in 358 bytes (1 switches on core 0)
Jun 17 20:17:28.955555 np0000181491 devstack@n-api.service[104083]: DEBUG nova.api.openstack.wsgi [None req-e3c1a83a-8bda-4254-9e82-698325cfa034 demo demo] Calling method '>' {{(pid=104083) _process_stack /opt/stack/nova/nova/api/openstack/wsgi.py:551}}
Jun 17 20:17:28.962186 np0000181491 devstack@n-api.service[104083]: INFO nova.api.openstack.requestlog [None req-e3c1a83a-8bda-4254-9e82-698325cfa034 demo demo] 172.18.0.2 "GET /compute/v2.1/" status: 200 len: 393 microversion: 2.1 time: 0.007056
Jun 17 20:17:28.963152 np0000181491 devstack@n-api.service[104083]: [pid: 104083|app: 0|req: 25/100] 199.19.213.229 () {64 vars in 1272 bytes} [Wed Jun 17 20:17:28 2026] GET /compute/v2.1/ => generated 393 bytes in 9 msecs (HTTP/1.1 200) 9 headers in 357 bytes (1 switches on core 0)
Jun 17 20:17:28.972681 np0000181491 devstack@n-api.service[104082]: DEBUG nova.api.openstack.wsgi [None req-632bc3b4-2b1c-41c9-ae91-e5e5af88e8ce demo demo] Calling method '>' {{(pid=104082) _process_stack /opt/stack/nova/nova/api/openstack/wsgi.py:551}}
Jun 17 20:17:29.002084 np0000181491 devstack@n-api.service[104082]: INFO nova.api.openstack.requestlog [None req-632bc3b4-2b1c-41c9-ae91-e5e5af88e8ce demo demo] 172.18.0.2 "GET /compute/v2.1/flavors/detail" status: 200 len: 4022 microversion: 2.38 time: 0.031218
Jun 17 20:17:29.002645 np0000181491 devstack@n-api.service[104082]: [pid: 104082|app: 0|req: 25/101] 199.19.213.229 () {68 vars in 1397 bytes} [Wed Jun 17 20:17:28 2026] GET /compute/v2.1/flavors/detail => generated 4022 bytes in 32 msecs (HTTP/1.1 200) 9 headers in 360 bytes (1 switches on core 0)
Jun 17 20:17:29.059137 np0000181491 devstack@n-api.service[104080]: DEBUG nova.api.openstack.wsgi [None req-c45ccf28-5812-4f76-9c52-d2ac9d9afc33 demo demo] Calling method '>' {{(pid=104080) _process_stack /opt/stack/nova/nova/api/openstack/wsgi.py:551}}
Jun 17 20:17:29.066141 np0000181491 devstack@n-api.service[104080]: INFO nova.api.openstack.requestlog [None req-c45ccf28-5812-4f76-9c52-d2ac9d9afc33 demo demo] 172.18.0.2 "GET /compute/v2.1/" status: 200 len: 393 microversion: 2.1 time: 0.007661
Jun 17 20:17:29.066664 np0000181491 devstack@n-api.service[104080]: [pid: 104080|app: 0|req: 26/102] 199.19.213.229 () {64 vars in 1272 bytes} [Wed Jun 17 20:17:29 2026] GET /compute/v2.1/ => generated 393 bytes in 8 msecs (HTTP/1.1 200) 9 headers in 357 bytes (1 switches on core 0)
Jun 17 20:17:29.076494 np0000181491 devstack@n-api.service[104081]: DEBUG nova.api.openstack.wsgi [None req-fddf04ec-de51-4e6a-95b7-c5cbed9e9d26 demo demo] Calling method '>' {{(pid=104081) _process_stack /opt/stack/nova/nova/api/openstack/wsgi.py:551}}
Jun 17 20:17:29.101331 np0000181491 devstack@n-api.service[104081]: INFO nova.api.openstack.requestlog [None req-fddf04ec-de51-4e6a-95b7-c5cbed9e9d26 demo demo] 172.18.0.2 "GET /compute/v2.1/flavors/detail" status: 200 len: 4022 microversion: 2.38 time: 0.027128
Jun 17 20:17:29.101752 np0000181491 devstack@n-api.service[104081]: [pid: 104081|app: 0|req: 27/103] 199.19.213.229 () {68 vars in 1397 bytes} [Wed Jun 17 20:17:29 2026] GET /compute/v2.1/flavors/detail => generated 4022 bytes in 28 msecs (HTTP/1.1 200) 9 headers in 360 bytes (1 switches on core 0)
Jun 17 20:17:29.816043 np0000181491 devstack@n-api.service[104083]: DEBUG nova.api.openstack.wsgi [None req-e3c1a83a-8bda-4254-9e82-698325cfa034 demo demo] Calling method '>' {{(pid=104083) _process_stack /opt/stack/nova/nova/api/openstack/wsgi.py:551}}
Jun 17 20:17:29.822689 np0000181491 devstack@n-api.service[104083]: INFO nova.api.openstack.requestlog [None req-e3c1a83a-8bda-4254-9e82-698325cfa034 demo demo] 172.18.0.2 "GET /compute/v2.1/" status: 200 len: 393 microversion: 2.1 time: 0.006900
Jun 17 20:17:29.823106 np0000181491 devstack@n-api.service[104083]: [pid: 104083|app: 0|req: 26/104] 199.19.213.229 () {64 vars in 1272 bytes} [Wed Jun 17 20:17:29 2026] GET /compute/v2.1/ => generated 393 bytes in 8 msecs (HTTP/1.1 200) 9 headers in 357 bytes (1 switches on core 0)
Jun 17 20:17:29.831107 np0000181491 devstack@n-api.service[104082]: DEBUG nova.api.openstack.wsgi [None req-a6e138fc-ef5b-45a3-b58a-eef3cbd1265b demo demo] Calling method '>' {{(pid=104082) _process_stack /opt/stack/nova/nova/api/openstack/wsgi.py:551}}
Jun 17 20:17:29.835197 np0000181491 devstack@n-api.service[104082]: DEBUG nova.policy [None req-a6e138fc-ef5b-45a3-b58a-eef3cbd1265b demo demo] Policy check for os_compute_api:servers:allow_all_filters failed with credentials {'is_admin': False, 'user_id': '965d0399c8cf4525a1f8143db5435a68', 'user_domain_id': 'default', 'system_scope': None, 'domain_id': None, 'project_id': 'dd826195cfbd43648f98fd5b2a35fec1', 'project_domain_id': 'default', 'roles': ['member', 'load-balancer_member', 'reader', 'anotherrole'], 'is_admin_project': True, 'service_user_id': None, 'service_user_domain_id': None, 'service_project_id': None, 'service_project_domain_id': None, 'service_roles': []} {{(pid=104082) authorize /opt/stack/nova/nova/policy.py:192}}
Jun 17 20:17:29.835791 np0000181491 devstack@n-api.service[104082]: DEBUG nova.compute.api [None req-a6e138fc-ef5b-45a3-b58a-eef3cbd1265b demo demo] Searching by: {'name': '^kube-shg2s-j5rts-8krwr$', 'deleted': False, 'project_id': 'dd826195cfbd43648f98fd5b2a35fec1'} {{(pid=104082) get_all /opt/stack/nova/nova/compute/api.py:3111}}
Jun 17 20:17:29.845407 np0000181491 devstack@n-api.service[104082]: DEBUG oslo_concurrency.lockutils [None req-a6e138fc-ef5b-45a3-b58a-eef3cbd1265b demo demo] Acquiring lock "00000000-0000-0000-0000-000000000000" by "nova.context.set_target_cell..get_or_set_cached_cell_and_set_connections" {{(pid=104082) inner /opt/stack/data/venv/lib/python3.12/site-packages/oslo_concurrency/lockutils.py:511}}
Jun 17 20:17:29.845597 np0000181491 devstack@n-api.service[104082]: DEBUG oslo_concurrency.lockutils [None req-a6e138fc-ef5b-45a3-b58a-eef3cbd1265b demo demo] Lock "00000000-0000-0000-0000-000000000000" acquired by "nova.context.set_target_cell..get_or_set_cached_cell_and_set_connections" :: waited 0.000s {{(pid=104082) inner /opt/stack/data/venv/lib/python3.12/site-packages/oslo_concurrency/lockutils.py:524}}
Jun 17 20:17:29.845838 np0000181491 devstack@n-api.service[104082]: DEBUG oslo_concurrency.lockutils [None req-a6e138fc-ef5b-45a3-b58a-eef3cbd1265b demo demo] Lock "00000000-0000-0000-0000-000000000000" "released" by "nova.context.set_target_cell..get_or_set_cached_cell_and_set_connections" :: held 0.000s {{(pid=104082) inner /opt/stack/data/venv/lib/python3.12/site-packages/oslo_concurrency/lockutils.py:543}}
Jun 17 20:17:29.850074 np0000181491 devstack@n-api.service[104082]: DEBUG oslo_concurrency.lockutils [None req-a6e138fc-ef5b-45a3-b58a-eef3cbd1265b demo demo] Acquiring lock "db024d79-82e8-4002-8e8c-33dca4fae707" by "nova.context.set_target_cell..get_or_set_cached_cell_and_set_connections" {{(pid=104082) inner /opt/stack/data/venv/lib/python3.12/site-packages/oslo_concurrency/lockutils.py:511}}
Jun 17 20:17:29.850368 np0000181491 devstack@n-api.service[104082]: DEBUG oslo_concurrency.lockutils [None req-a6e138fc-ef5b-45a3-b58a-eef3cbd1265b demo demo] Lock "db024d79-82e8-4002-8e8c-33dca4fae707" acquired by "nova.context.set_target_cell..get_or_set_cached_cell_and_set_connections" :: waited 0.000s {{(pid=104082) inner /opt/stack/data/venv/lib/python3.12/site-packages/oslo_concurrency/lockutils.py:524}}
Jun 17 20:17:29.850609 np0000181491 devstack@n-api.service[104082]: DEBUG oslo_concurrency.lockutils [None req-a6e138fc-ef5b-45a3-b58a-eef3cbd1265b demo demo] Lock "db024d79-82e8-4002-8e8c-33dca4fae707" "released" by "nova.context.set_target_cell..get_or_set_cached_cell_and_set_connections" :: held 0.000s {{(pid=104082) inner /opt/stack/data/venv/lib/python3.12/site-packages/oslo_concurrency/lockutils.py:543}}
Jun 17 20:17:29.942804 np0000181491 devstack@n-api.service[104082]: DEBUG oslo_concurrency.lockutils [None req-a6e138fc-ef5b-45a3-b58a-eef3cbd1265b demo demo] Acquiring lock "00000000-0000-0000-0000-000000000000" by "nova.context.set_target_cell..get_or_set_cached_cell_and_set_connections" {{(pid=104082) inner /opt/stack/data/venv/lib/python3.12/site-packages/oslo_concurrency/lockutils.py:511}}
Jun 17 20:17:29.943174 np0000181491 devstack@n-api.service[104082]: DEBUG oslo_concurrency.lockutils [None req-a6e138fc-ef5b-45a3-b58a-eef3cbd1265b demo demo] Lock "00000000-0000-0000-0000-000000000000" acquired by "nova.context.set_target_cell..get_or_set_cached_cell_and_set_connections" :: waited 0.001s {{(pid=104082) inner /opt/stack/data/venv/lib/python3.12/site-packages/oslo_concurrency/lockutils.py:524}}
Jun 17 20:17:29.943612 np0000181491 devstack@n-api.service[104082]: DEBUG oslo_concurrency.lockutils [None req-a6e138fc-ef5b-45a3-b58a-eef3cbd1265b demo demo] Lock "00000000-0000-0000-0000-000000000000" "released" by "nova.context.set_target_cell..get_or_set_cached_cell_and_set_connections" :: held 0.000s {{(pid=104082) inner /opt/stack/data/venv/lib/python3.12/site-packages/oslo_concurrency/lockutils.py:543}}
Jun 17 20:17:29.944236 np0000181491 devstack@n-api.service[104082]: DEBUG oslo_concurrency.lockutils [None req-a6e138fc-ef5b-45a3-b58a-eef3cbd1265b demo demo] Acquiring lock "db024d79-82e8-4002-8e8c-33dca4fae707" by "nova.context.set_target_cell..get_or_set_cached_cell_and_set_connections" {{(pid=104082) inner /opt/stack/data/venv/lib/python3.12/site-packages/oslo_concurrency/lockutils.py:511}}
Jun 17 20:17:29.944700 np0000181491 devstack@n-api.service[104082]: DEBUG oslo_concurrency.lockutils [None req-a6e138fc-ef5b-45a3-b58a-eef3cbd1265b demo demo] Lock "db024d79-82e8-4002-8e8c-33dca4fae707" acquired by "nova.context.set_target_cell..get_or_set_cached_cell_and_set_connections" :: waited 0.000s {{(pid=104082) inner /opt/stack/data/venv/lib/python3.12/site-packages/oslo_concurrency/lockutils.py:524}}
