Jun 17 20:12:37.356001 np0000181491 systemd[1]: Starting devstack@n-api-meta.service - Devstack devstack@n-api-meta.service...
Jun 17 20:12:37.363156 np0000181491 devstack@n-api-meta.service[112582]: [uWSGI] getting INI configuration from /etc/nova/nova-metadata-uwsgi.ini
Jun 17 20:12:37.366273 np0000181491 devstack@n-api-meta.service[112582]: *** Starting uWSGI 2.0.24-debian (64bit) on [Wed Jun 17 20:12:37 2026] ***
Jun 17 20:12:37.366273 np0000181491 devstack@n-api-meta.service[112582]: compiled with version: 13.2.0 on 17 April 2024 16:23:48
Jun 17 20:12:37.366273 np0000181491 devstack@n-api-meta.service[112582]: os: Linux-6.8.0-124-generic #124-Ubuntu SMP PREEMPT_DYNAMIC Tue May 26 13:00:45 UTC 2026
Jun 17 20:12:37.366273 np0000181491 devstack@n-api-meta.service[112582]: nodename: np0000181491
Jun 17 20:12:37.366273 np0000181491 devstack@n-api-meta.service[112582]: machine: x86_64
Jun 17 20:12:37.366273 np0000181491 devstack@n-api-meta.service[112582]: clock source: unix
Jun 17 20:12:37.366273 np0000181491 devstack@n-api-meta.service[112582]: pcre jit disabled
Jun 17 20:12:37.366273 np0000181491 devstack@n-api-meta.service[112582]: detected number of CPU cores: 16
Jun 17 20:12:37.366273 np0000181491 devstack@n-api-meta.service[112582]: current working directory: /
Jun 17 20:12:37.366273 np0000181491 devstack@n-api-meta.service[112582]: detected binary path: /usr/bin/uwsgi-core
Jun 17 20:12:37.366273 np0000181491 devstack@n-api-meta.service[112582]: your processes number limit is 256917
Jun 17 20:12:37.366273 np0000181491 devstack@n-api-meta.service[112582]: your memory page size is 4096 bytes
Jun 17 20:12:37.366273 np0000181491 devstack@n-api-meta.service[112582]: detected max file descriptor number: 2048
Jun 17 20:12:37.366273 np0000181491 devstack@n-api-meta.service[112582]: lock engine: pthread robust mutexes
Jun 17 20:12:37.367082 np0000181491 devstack@n-api-meta.service[112582]: thunder lock: enabled
Jun 17 20:12:37.367082 np0000181491 devstack@n-api-meta.service[112582]: uWSGI http bound on 0.0.0.0:8775 fd 5
Jun 17 20:12:37.367082 np0000181491 devstack@n-api-meta.service[112582]: uwsgi socket 0 bound to TCP address 127.0.0.1:43591 (port auto-assigned) fd 4
Jun 17 20:12:37.367082 np0000181491 devstack@n-api-meta.service[112582]: Python version: 3.12.3 (main, Mar 23 2026, 19:04:32) [GCC 13.3.0]
Jun 17 20:12:37.367082 np0000181491 devstack@n-api-meta.service[112582]: PEP 405 virtualenv detected: /opt/stack/data/venv
Jun 17 20:12:37.367082 np0000181491 devstack@n-api-meta.service[112582]: Set PythonHome to /opt/stack/data/venv
Jun 17 20:12:37.405292 np0000181491 devstack@n-api-meta.service[112582]: Python main interpreter initialized at 0x79a4168a3668
Jun 17 20:12:37.405292 np0000181491 devstack@n-api-meta.service[112582]: python threads support enabled
Jun 17 20:12:37.405292 np0000181491 devstack@n-api-meta.service[112582]: your server socket listen backlog is limited to 100 connections
Jun 17 20:12:37.405292 np0000181491 devstack@n-api-meta.service[112582]: your mercy for graceful operations on workers is 80 seconds
Jun 17 20:12:37.405859 np0000181491 devstack@n-api-meta.service[112582]: mapped 671795 bytes (656 KB) for 4 cores
Jun 17 20:12:37.405993 np0000181491 devstack@n-api-meta.service[112582]: *** Operational MODE: preforking ***
Jun 17 20:12:37.406139 np0000181491 devstack@n-api-meta.service[112582]: *** uWSGI is running in multiple interpreter mode ***
Jun 17 20:12:37.406139 np0000181491 devstack@n-api-meta.service[112582]: spawned uWSGI master process (pid: 112582)
Jun 17 20:12:37.406339 np0000181491 systemd[1]: Started devstack@n-api-meta.service - Devstack devstack@n-api-meta.service.
Jun 17 20:12:37.407044 np0000181491 devstack@n-api-meta.service[112582]: spawned uWSGI worker 1 (pid: 112583, cores: 1)
Jun 17 20:12:37.407658 np0000181491 devstack@n-api-meta.service[112582]: spawned uWSGI worker 2 (pid: 112584, cores: 1)
Jun 17 20:12:37.408202 np0000181491 devstack@n-api-meta.service[112582]: spawned uWSGI worker 3 (pid: 112585, cores: 1)
Jun 17 20:12:37.408725 np0000181491 devstack@n-api-meta.service[112582]: spawned uWSGI worker 4 (pid: 112586, cores: 1)
Jun 17 20:12:37.409258 np0000181491 devstack@n-api-meta.service[112582]: spawned uWSGI http 1 (pid: 112587)
Jun 17 20:12:37.409258 np0000181491 devstack@n-api-meta.service[112582]: running "unix_signal:15 gracefully_kill_them_all" (master-start)...
Jun 17 20:12:39.303891 np0000181491 devstack@n-api-meta.service[112583]: INFO dbcounter [None req-0abb6b20-bf81-484c-aa4b-8db0bb84c105 None None] Registered counter for database nova_api
Jun 17 20:12:39.359615 np0000181491 devstack@n-api-meta.service[112583]: DEBUG oslo_db.sqlalchemy.engines [None req-0abb6b20-bf81-484c-aa4b-8db0bb84c105 None None] MySQL server mode set to STRICT_TRANS_TABLES,STRICT_ALL_TABLES,NO_ZERO_IN_DATE,NO_ZERO_DATE,ERROR_FOR_DIVISION_BY_ZERO,TRADITIONAL,NO_ENGINE_SUBSTITUTION {{(pid=112583) _check_effective_sql_mode /opt/stack/data/venv/lib/python3.12/site-packages/oslo_db/sqlalchemy/engines.py:325}}
Jun 17 20:12:39.396390 np0000181491 devstack@n-api-meta.service[112583]: DEBUG dbcounter [-] [112583] Writer thread running {{(pid=112583) stat_writer /opt/stack/data/venv/lib/python3.12/site-packages/dbcounter.py:102}}
Jun 17 20:12:39.397611 np0000181491 devstack@n-api-meta.service[112583]: DEBUG nova.context [None req-0abb6b20-bf81-484c-aa4b-8db0bb84c105 None None] Found 2 cells: 00000000-0000-0000-0000-000000000000(cell0),db024d79-82e8-4002-8e8c-33dca4fae707(cell1) {{(pid=112583) load_cells /opt/stack/nova/nova/context.py:509}}
Jun 17 20:12:39.397847 np0000181491 devstack@n-api-meta.service[112583]: INFO nova.utils [None req-0abb6b20-bf81-484c-aa4b-8db0bb84c105 None None] The cell worker thread pool MainProcess.cell_worker is initialized
Jun 17 20:12:39.399884 np0000181491 devstack@n-api-meta.service[112583]: DEBUG oslo_concurrency.lockutils [None req-0abb6b20-bf81-484c-aa4b-8db0bb84c105 None None] Acquiring lock "00000000-0000-0000-0000-000000000000" by "nova.context.set_target_cell..get_or_set_cached_cell_and_set_connections" {{(pid=112583) inner /opt/stack/data/venv/lib/python3.12/site-packages/oslo_concurrency/lockutils.py:511}}
Jun 17 20:12:39.400096 np0000181491 devstack@n-api-meta.service[112583]: DEBUG oslo_concurrency.lockutils [None req-0abb6b20-bf81-484c-aa4b-8db0bb84c105 None None] Lock "00000000-0000-0000-0000-000000000000" acquired by "nova.context.set_target_cell..get_or_set_cached_cell_and_set_connections" :: waited 0.000s {{(pid=112583) inner /opt/stack/data/venv/lib/python3.12/site-packages/oslo_concurrency/lockutils.py:524}}
Jun 17 20:12:39.403340 np0000181491 devstack@n-api-meta.service[112583]: DEBUG oslo_concurrency.lockutils [None req-0abb6b20-bf81-484c-aa4b-8db0bb84c105 None None] Lock "00000000-0000-0000-0000-000000000000" "released" by "nova.context.set_target_cell..get_or_set_cached_cell_and_set_connections" :: held 0.000s {{(pid=112583) inner /opt/stack/data/venv/lib/python3.12/site-packages/oslo_concurrency/lockutils.py:543}}
Jun 17 20:12:39.403502 np0000181491 devstack@n-api-meta.service[112585]: INFO dbcounter [None req-2f7546a0-444f-4f69-9311-d3f13ba45ede None None] Registered counter for database nova_api
Jun 17 20:12:39.403893 np0000181491 devstack@n-api-meta.service[112583]: DEBUG oslo_concurrency.lockutils [None req-0abb6b20-bf81-484c-aa4b-8db0bb84c105 None None] Acquiring lock "db024d79-82e8-4002-8e8c-33dca4fae707" by "nova.context.set_target_cell..get_or_set_cached_cell_and_set_connections" {{(pid=112583) inner /opt/stack/data/venv/lib/python3.12/site-packages/oslo_concurrency/lockutils.py:511}}
Jun 17 20:12:39.403893 np0000181491 devstack@n-api-meta.service[112583]: DEBUG oslo_concurrency.lockutils [None req-0abb6b20-bf81-484c-aa4b-8db0bb84c105 None None] Lock "db024d79-82e8-4002-8e8c-33dca4fae707" acquired by "nova.context.set_target_cell..get_or_set_cached_cell_and_set_connections" :: waited 0.000s {{(pid=112583) inner /opt/stack/data/venv/lib/python3.12/site-packages/oslo_concurrency/lockutils.py:524}}
Jun 17 20:12:39.403893 np0000181491 devstack@n-api-meta.service[112583]: DEBUG oslo_concurrency.lockutils [None req-0abb6b20-bf81-484c-aa4b-8db0bb84c105 None None] Lock "db024d79-82e8-4002-8e8c-33dca4fae707" "released" by "nova.context.set_target_cell..get_or_set_cached_cell_and_set_connections" :: held 0.001s {{(pid=112583) inner /opt/stack/data/venv/lib/python3.12/site-packages/oslo_concurrency/lockutils.py:543}}
Jun 17 20:12:39.406519 np0000181491 devstack@n-api-meta.service[112583]: INFO dbcounter [None req-0abb6b20-bf81-484c-aa4b-8db0bb84c105 None None] Registered counter for database nova_cell0
Jun 17 20:12:39.411937 np0000181491 devstack@n-api-meta.service[112583]: INFO dbcounter [None req-0abb6b20-bf81-484c-aa4b-8db0bb84c105 None None] Registered counter for database nova_cell1
Jun 17 20:12:39.413486 np0000181491 devstack@n-api-meta.service[112586]: INFO dbcounter [None req-b7511284-ad4a-4c29-b020-13b6649dd58a None None] Registered counter for database nova_api
Jun 17 20:12:39.475130 np0000181491 devstack@n-api-meta.service[112585]: DEBUG oslo_db.sqlalchemy.engines [None req-2f7546a0-444f-4f69-9311-d3f13ba45ede None None] MySQL server mode set to STRICT_TRANS_TABLES,STRICT_ALL_TABLES,NO_ZERO_IN_DATE,NO_ZERO_DATE,ERROR_FOR_DIVISION_BY_ZERO,TRADITIONAL,NO_ENGINE_SUBSTITUTION {{(pid=112585) _check_effective_sql_mode /opt/stack/data/venv/lib/python3.12/site-packages/oslo_db/sqlalchemy/engines.py:325}}
Jun 17 20:12:39.480629 np0000181491 devstack@n-api-meta.service[112586]: DEBUG oslo_db.sqlalchemy.engines [None req-b7511284-ad4a-4c29-b020-13b6649dd58a None None] MySQL server mode set to STRICT_TRANS_TABLES,STRICT_ALL_TABLES,NO_ZERO_IN_DATE,NO_ZERO_DATE,ERROR_FOR_DIVISION_BY_ZERO,TRADITIONAL,NO_ENGINE_SUBSTITUTION {{(pid=112586) _check_effective_sql_mode /opt/stack/data/venv/lib/python3.12/site-packages/oslo_db/sqlalchemy/engines.py:325}}
Jun 17 20:12:39.481883 np0000181491 devstack@n-api-meta.service[112584]: INFO dbcounter [None req-9702fdf7-df60-4a02-92cf-d01c2b607182 None None] Registered counter for database nova_api
Jun 17 20:12:39.490615 np0000181491 devstack@n-api-meta.service[112583]: DEBUG oslo_db.sqlalchemy.engines [None req-0abb6b20-bf81-484c-aa4b-8db0bb84c105 None None] MySQL server mode set to STRICT_TRANS_TABLES,STRICT_ALL_TABLES,NO_ZERO_IN_DATE,NO_ZERO_DATE,ERROR_FOR_DIVISION_BY_ZERO,TRADITIONAL,NO_ENGINE_SUBSTITUTION {{(pid=112583) _check_effective_sql_mode /opt/stack/data/venv/lib/python3.12/site-packages/oslo_db/sqlalchemy/engines.py:325}}
Jun 17 20:12:39.504483 np0000181491 devstack@n-api-meta.service[112583]: DEBUG oslo_db.sqlalchemy.engines [None req-0abb6b20-bf81-484c-aa4b-8db0bb84c105 None None] MySQL server mode set to STRICT_TRANS_TABLES,STRICT_ALL_TABLES,NO_ZERO_IN_DATE,NO_ZERO_DATE,ERROR_FOR_DIVISION_BY_ZERO,TRADITIONAL,NO_ENGINE_SUBSTITUTION {{(pid=112583) _check_effective_sql_mode /opt/stack/data/venv/lib/python3.12/site-packages/oslo_db/sqlalchemy/engines.py:325}}
Jun 17 20:12:39.515184 np0000181491 devstack@n-api-meta.service[112585]: DEBUG dbcounter [-] [112585] Writer thread running {{(pid=112585) stat_writer /opt/stack/data/venv/lib/python3.12/site-packages/dbcounter.py:102}}
Jun 17 20:12:39.517775 np0000181491 devstack@n-api-meta.service[112586]: DEBUG dbcounter [-] [112586] Writer thread running {{(pid=112586) stat_writer /opt/stack/data/venv/lib/python3.12/site-packages/dbcounter.py:102}}
Jun 17 20:12:39.517848 np0000181491 devstack@n-api-meta.service[112585]: DEBUG nova.context [None req-2f7546a0-444f-4f69-9311-d3f13ba45ede None None] Found 2 cells: 00000000-0000-0000-0000-000000000000(cell0),db024d79-82e8-4002-8e8c-33dca4fae707(cell1) {{(pid=112585) load_cells /opt/stack/nova/nova/context.py:509}}
Jun 17 20:12:39.518045 np0000181491 devstack@n-api-meta.service[112585]: INFO nova.utils [None req-2f7546a0-444f-4f69-9311-d3f13ba45ede None None] The cell worker thread pool MainProcess.cell_worker is initialized
Jun 17 20:12:39.519969 np0000181491 devstack@n-api-meta.service[112585]: DEBUG oslo_concurrency.lockutils [None req-2f7546a0-444f-4f69-9311-d3f13ba45ede None None] Acquiring lock "00000000-0000-0000-0000-000000000000" by "nova.context.set_target_cell..get_or_set_cached_cell_and_set_connections" {{(pid=112585) inner /opt/stack/data/venv/lib/python3.12/site-packages/oslo_concurrency/lockutils.py:511}}
Jun 17 20:12:39.520122 np0000181491 devstack@n-api-meta.service[112585]: DEBUG oslo_concurrency.lockutils [None req-2f7546a0-444f-4f69-9311-d3f13ba45ede None None] Lock "00000000-0000-0000-0000-000000000000" acquired by "nova.context.set_target_cell..get_or_set_cached_cell_and_set_connections" :: waited 0.000s {{(pid=112585) inner /opt/stack/data/venv/lib/python3.12/site-packages/oslo_concurrency/lockutils.py:524}}
Jun 17 20:12:39.520557 np0000181491 devstack@n-api-meta.service[112585]: DEBUG oslo_concurrency.lockutils [None req-2f7546a0-444f-4f69-9311-d3f13ba45ede None None] Lock "00000000-0000-0000-0000-000000000000" "released" by "nova.context.set_target_cell..get_or_set_cached_cell_and_set_connections" :: held 0.000s {{(pid=112585) inner /opt/stack/data/venv/lib/python3.12/site-packages/oslo_concurrency/lockutils.py:543}}
Jun 17 20:12:39.520751 np0000181491 devstack@n-api-meta.service[112586]: DEBUG nova.context [None req-b7511284-ad4a-4c29-b020-13b6649dd58a None None] Found 2 cells: 00000000-0000-0000-0000-000000000000(cell0),db024d79-82e8-4002-8e8c-33dca4fae707(cell1) {{(pid=112586) load_cells /opt/stack/nova/nova/context.py:509}}
Jun 17 20:12:39.521028 np0000181491 devstack@n-api-meta.service[112586]: INFO nova.utils [None req-b7511284-ad4a-4c29-b020-13b6649dd58a None None] The cell worker thread pool MainProcess.cell_worker is initialized
Jun 17 20:12:39.521378 np0000181491 devstack@n-api-meta.service[112585]: DEBUG oslo_concurrency.lockutils [None req-2f7546a0-444f-4f69-9311-d3f13ba45ede None None] Acquiring lock "db024d79-82e8-4002-8e8c-33dca4fae707" by "nova.context.set_target_cell..get_or_set_cached_cell_and_set_connections" {{(pid=112585) inner /opt/stack/data/venv/lib/python3.12/site-packages/oslo_concurrency/lockutils.py:511}}
Jun 17 20:12:39.521519 np0000181491 devstack@n-api-meta.service[112585]: DEBUG oslo_concurrency.lockutils [None req-2f7546a0-444f-4f69-9311-d3f13ba45ede None None] Lock "db024d79-82e8-4002-8e8c-33dca4fae707" acquired by "nova.context.set_target_cell..get_or_set_cached_cell_and_set_connections" :: waited 0.000s {{(pid=112585) inner /opt/stack/data/venv/lib/python3.12/site-packages/oslo_concurrency/lockutils.py:524}}
Jun 17 20:12:39.522521 np0000181491 devstack@n-api-meta.service[112585]: DEBUG oslo_concurrency.lockutils [None req-2f7546a0-444f-4f69-9311-d3f13ba45ede None None] Lock "db024d79-82e8-4002-8e8c-33dca4fae707" "released" by "nova.context.set_target_cell..get_or_set_cached_cell_and_set_connections" :: held 0.001s {{(pid=112585) inner /opt/stack/data/venv/lib/python3.12/site-packages/oslo_concurrency/lockutils.py:543}}
Jun 17 20:12:39.523008 np0000181491 devstack@n-api-meta.service[112586]: DEBUG oslo_concurrency.lockutils [None req-b7511284-ad4a-4c29-b020-13b6649dd58a None None] Acquiring lock "00000000-0000-0000-0000-000000000000" by "nova.context.set_target_cell..get_or_set_cached_cell_and_set_connections" {{(pid=112586) inner /opt/stack/data/venv/lib/python3.12/site-packages/oslo_concurrency/lockutils.py:511}}
Jun 17 20:12:39.523187 np0000181491 devstack@n-api-meta.service[112586]: DEBUG oslo_concurrency.lockutils [None req-b7511284-ad4a-4c29-b020-13b6649dd58a None None] Lock "00000000-0000-0000-0000-000000000000" acquired by "nova.context.set_target_cell..get_or_set_cached_cell_and_set_connections" :: waited 0.000s {{(pid=112586) inner /opt/stack/data/venv/lib/python3.12/site-packages/oslo_concurrency/lockutils.py:524}}
Jun 17 20:12:39.523691 np0000181491 devstack@n-api-meta.service[112586]: DEBUG oslo_concurrency.lockutils [None req-b7511284-ad4a-4c29-b020-13b6649dd58a None None] Lock "00000000-0000-0000-0000-000000000000" "released" by "nova.context.set_target_cell..get_or_set_cached_cell_and_set_connections" :: held 0.000s {{(pid=112586) inner /opt/stack/data/venv/lib/python3.12/site-packages/oslo_concurrency/lockutils.py:543}}
Jun 17 20:12:39.524744 np0000181491 devstack@n-api-meta.service[112586]: DEBUG oslo_concurrency.lockutils [None req-b7511284-ad4a-4c29-b020-13b6649dd58a None None] Acquiring lock "db024d79-82e8-4002-8e8c-33dca4fae707" by "nova.context.set_target_cell..get_or_set_cached_cell_and_set_connections" {{(pid=112586) inner /opt/stack/data/venv/lib/python3.12/site-packages/oslo_concurrency/lockutils.py:511}}
Jun 17 20:12:39.524874 np0000181491 devstack@n-api-meta.service[112586]: DEBUG oslo_concurrency.lockutils [None req-b7511284-ad4a-4c29-b020-13b6649dd58a None None] Lock "db024d79-82e8-4002-8e8c-33dca4fae707" acquired by "nova.context.set_target_cell..get_or_set_cached_cell_and_set_connections" :: waited 0.000s {{(pid=112586) inner /opt/stack/data/venv/lib/python3.12/site-packages/oslo_concurrency/lockutils.py:524}}
Jun 17 20:12:39.525833 np0000181491 devstack@n-api-meta.service[112586]: DEBUG oslo_concurrency.lockutils [None req-b7511284-ad4a-4c29-b020-13b6649dd58a None None] Lock "db024d79-82e8-4002-8e8c-33dca4fae707" "released" by "nova.context.set_target_cell..get_or_set_cached_cell_and_set_connections" :: held 0.001s {{(pid=112586) inner /opt/stack/data/venv/lib/python3.12/site-packages/oslo_concurrency/lockutils.py:543}}
Jun 17 20:12:39.526480 np0000181491 devstack@n-api-meta.service[112585]: INFO dbcounter [None req-2f7546a0-444f-4f69-9311-d3f13ba45ede None None] Registered counter for database nova_cell0
Jun 17 20:12:39.529621 np0000181491 devstack@n-api-meta.service[112586]: INFO dbcounter [None req-b7511284-ad4a-4c29-b020-13b6649dd58a None None] Registered counter for database nova_cell0
Jun 17 20:12:39.530913 np0000181491 devstack@n-api-meta.service[112584]: DEBUG oslo_db.sqlalchemy.engines [None req-9702fdf7-df60-4a02-92cf-d01c2b607182 None None] MySQL server mode set to STRICT_TRANS_TABLES,STRICT_ALL_TABLES,NO_ZERO_IN_DATE,NO_ZERO_DATE,ERROR_FOR_DIVISION_BY_ZERO,TRADITIONAL,NO_ENGINE_SUBSTITUTION {{(pid=112584) _check_effective_sql_mode /opt/stack/data/venv/lib/python3.12/site-packages/oslo_db/sqlalchemy/engines.py:325}}
Jun 17 20:12:39.532764 np0000181491 devstack@n-api-meta.service[112585]: INFO dbcounter [None req-2f7546a0-444f-4f69-9311-d3f13ba45ede None None] Registered counter for database nova_cell1
Jun 17 20:12:39.535817 np0000181491 devstack@n-api-meta.service[112586]: INFO dbcounter [None req-b7511284-ad4a-4c29-b020-13b6649dd58a None None] Registered counter for database nova_cell1
Jun 17 20:12:39.567713 np0000181491 devstack@n-api-meta.service[112584]: DEBUG dbcounter [-] [112584] Writer thread running {{(pid=112584) stat_writer /opt/stack/data/venv/lib/python3.12/site-packages/dbcounter.py:102}}
Jun 17 20:12:39.570547 np0000181491 devstack@n-api-meta.service[112584]: DEBUG nova.context [None req-9702fdf7-df60-4a02-92cf-d01c2b607182 None None] Found 2 cells: 00000000-0000-0000-0000-000000000000(cell0),db024d79-82e8-4002-8e8c-33dca4fae707(cell1) {{(pid=112584) load_cells /opt/stack/nova/nova/context.py:509}}
Jun 17 20:12:39.570844 np0000181491 devstack@n-api-meta.service[112584]: INFO nova.utils [None req-9702fdf7-df60-4a02-92cf-d01c2b607182 None None] The cell worker thread pool MainProcess.cell_worker is initialized
Jun 17 20:12:39.572991 np0000181491 devstack@n-api-meta.service[112584]: DEBUG oslo_concurrency.lockutils [None req-9702fdf7-df60-4a02-92cf-d01c2b607182 None None] Acquiring lock "00000000-0000-0000-0000-000000000000" by "nova.context.set_target_cell..get_or_set_cached_cell_and_set_connections" {{(pid=112584) inner /opt/stack/data/venv/lib/python3.12/site-packages/oslo_concurrency/lockutils.py:511}}
Jun 17 20:12:39.573219 np0000181491 devstack@n-api-meta.service[112584]: DEBUG oslo_concurrency.lockutils [None req-9702fdf7-df60-4a02-92cf-d01c2b607182 None None] Lock "00000000-0000-0000-0000-000000000000" acquired by "nova.context.set_target_cell..get_or_set_cached_cell_and_set_connections" :: waited 0.000s {{(pid=112584) inner /opt/stack/data/venv/lib/python3.12/site-packages/oslo_concurrency/lockutils.py:524}}
Jun 17 20:12:39.573857 np0000181491 devstack@n-api-meta.service[112584]: DEBUG oslo_concurrency.lockutils [None req-9702fdf7-df60-4a02-92cf-d01c2b607182 None None] Lock "00000000-0000-0000-0000-000000000000" "released" by "nova.context.set_target_cell..get_or_set_cached_cell_and_set_connections" :: held 0.000s {{(pid=112584) inner /opt/stack/data/venv/lib/python3.12/site-packages/oslo_concurrency/lockutils.py:543}}
Jun 17 20:12:39.574812 np0000181491 devstack@n-api-meta.service[112584]: DEBUG oslo_concurrency.lockutils [None req-9702fdf7-df60-4a02-92cf-d01c2b607182 None None] Acquiring lock "db024d79-82e8-4002-8e8c-33dca4fae707" by "nova.context.set_target_cell..get_or_set_cached_cell_and_set_connections" {{(pid=112584) inner /opt/stack/data/venv/lib/python3.12/site-packages/oslo_concurrency/lockutils.py:511}}
Jun 17 20:12:39.575000 np0000181491 devstack@n-api-meta.service[112584]: DEBUG oslo_concurrency.lockutils [None req-9702fdf7-df60-4a02-92cf-d01c2b607182 None None] Lock "db024d79-82e8-4002-8e8c-33dca4fae707" acquired by "nova.context.set_target_cell..get_or_set_cached_cell_and_set_connections" :: waited 0.000s {{(pid=112584) inner /opt/stack/data/venv/lib/python3.12/site-packages/oslo_concurrency/lockutils.py:524}}
Jun 17 20:12:39.576024 np0000181491 devstack@n-api-meta.service[112584]: DEBUG oslo_concurrency.lockutils [None req-9702fdf7-df60-4a02-92cf-d01c2b607182 None None] Lock "db024d79-82e8-4002-8e8c-33dca4fae707" "released" by "nova.context.set_target_cell..get_or_set_cached_cell_and_set_connections" :: held 0.001s {{(pid=112584) inner /opt/stack/data/venv/lib/python3.12/site-packages/oslo_concurrency/lockutils.py:543}}
Jun 17 20:12:39.578458 np0000181491 devstack@n-api-meta.service[112584]: INFO dbcounter [None req-9702fdf7-df60-4a02-92cf-d01c2b607182 None None] Registered counter for database nova_cell0
Jun 17 20:12:39.584260 np0000181491 devstack@n-api-meta.service[112584]: INFO dbcounter [None req-9702fdf7-df60-4a02-92cf-d01c2b607182 None None] Registered counter for database nova_cell1
Jun 17 20:12:39.608934 np0000181491 devstack@n-api-meta.service[112583]: DEBUG dbcounter [-] [112583] Writer thread running {{(pid=112583) stat_writer /opt/stack/data/venv/lib/python3.12/site-packages/dbcounter.py:102}}
Jun 17 20:12:39.614141 np0000181491 devstack@n-api-meta.service[112586]: DEBUG oslo_db.sqlalchemy.engines [None req-b7511284-ad4a-4c29-b020-13b6649dd58a None None] MySQL server mode set to STRICT_TRANS_TABLES,STRICT_ALL_TABLES,NO_ZERO_IN_DATE,NO_ZERO_DATE,ERROR_FOR_DIVISION_BY_ZERO,TRADITIONAL,NO_ENGINE_SUBSTITUTION {{(pid=112586) _check_effective_sql_mode /opt/stack/data/venv/lib/python3.12/site-packages/oslo_db/sqlalchemy/engines.py:325}}
Jun 17 20:12:39.616276 np0000181491 devstack@n-api-meta.service[112583]: DEBUG dbcounter [-] [112583] Writer thread running {{(pid=112583) stat_writer /opt/stack/data/venv/lib/python3.12/site-packages/dbcounter.py:102}}
Jun 17 20:12:39.623843 np0000181491 devstack@n-api-meta.service[112583]: INFO dbcounter [None req-0abb6b20-bf81-484c-aa4b-8db0bb84c105 None None] Registered counter for database nova_cell0
Jun 17 20:12:39.656934 np0000181491 devstack@n-api-meta.service[112584]: DEBUG oslo_db.sqlalchemy.engines [None req-9702fdf7-df60-4a02-92cf-d01c2b607182 None None] MySQL server mode set to STRICT_TRANS_TABLES,STRICT_ALL_TABLES,NO_ZERO_IN_DATE,NO_ZERO_DATE,ERROR_FOR_DIVISION_BY_ZERO,TRADITIONAL,NO_ENGINE_SUBSTITUTION {{(pid=112584) _check_effective_sql_mode /opt/stack/data/venv/lib/python3.12/site-packages/oslo_db/sqlalchemy/engines.py:325}}
Jun 17 20:12:39.672244 np0000181491 devstack@n-api-meta.service[112584]: DEBUG oslo_db.sqlalchemy.engines [None req-9702fdf7-df60-4a02-92cf-d01c2b607182 None None] MySQL server mode set to STRICT_TRANS_TABLES,STRICT_ALL_TABLES,NO_ZERO_IN_DATE,NO_ZERO_DATE,ERROR_FOR_DIVISION_BY_ZERO,TRADITIONAL,NO_ENGINE_SUBSTITUTION {{(pid=112584) _check_effective_sql_mode /opt/stack/data/venv/lib/python3.12/site-packages/oslo_db/sqlalchemy/engines.py:325}}
Jun 17 20:12:39.679897 np0000181491 devstack@n-api-meta.service[112585]: DEBUG oslo_db.sqlalchemy.engines [None req-2f7546a0-444f-4f69-9311-d3f13ba45ede None None] MySQL server mode set to STRICT_TRANS_TABLES,STRICT_ALL_TABLES,NO_ZERO_IN_DATE,NO_ZERO_DATE,ERROR_FOR_DIVISION_BY_ZERO,TRADITIONAL,NO_ENGINE_SUBSTITUTION {{(pid=112585) _check_effective_sql_mode /opt/stack/data/venv/lib/python3.12/site-packages/oslo_db/sqlalchemy/engines.py:325}}
Jun 17 20:12:39.699161 np0000181491 devstack@n-api-meta.service[112586]: DEBUG oslo_db.sqlalchemy.engines [None req-b7511284-ad4a-4c29-b020-13b6649dd58a None None] MySQL server mode set to STRICT_TRANS_TABLES,STRICT_ALL_TABLES,NO_ZERO_IN_DATE,NO_ZERO_DATE,ERROR_FOR_DIVISION_BY_ZERO,TRADITIONAL,NO_ENGINE_SUBSTITUTION {{(pid=112586) _check_effective_sql_mode /opt/stack/data/venv/lib/python3.12/site-packages/oslo_db/sqlalchemy/engines.py:325}}
Jun 17 20:12:39.704390 np0000181491 devstack@n-api-meta.service[112583]: DEBUG oslo_db.sqlalchemy.engines [None req-0abb6b20-bf81-484c-aa4b-8db0bb84c105 None None] MySQL server mode set to STRICT_TRANS_TABLES,STRICT_ALL_TABLES,NO_ZERO_IN_DATE,NO_ZERO_DATE,ERROR_FOR_DIVISION_BY_ZERO,TRADITIONAL,NO_ENGINE_SUBSTITUTION {{(pid=112583) _check_effective_sql_mode /opt/stack/data/venv/lib/python3.12/site-packages/oslo_db/sqlalchemy/engines.py:325}}
Jun 17 20:12:39.714126 np0000181491 devstack@n-api-meta.service[112583]: DEBUG dbcounter [-] [112583] Writer thread running {{(pid=112583) stat_writer /opt/stack/data/venv/lib/python3.12/site-packages/dbcounter.py:102}}
Jun 17 20:12:39.728403 np0000181491 devstack@n-api-meta.service[112585]: DEBUG oslo_db.sqlalchemy.engines [None req-2f7546a0-444f-4f69-9311-d3f13ba45ede None None] MySQL server mode set to STRICT_TRANS_TABLES,STRICT_ALL_TABLES,NO_ZERO_IN_DATE,NO_ZERO_DATE,ERROR_FOR_DIVISION_BY_ZERO,TRADITIONAL,NO_ENGINE_SUBSTITUTION {{(pid=112585) _check_effective_sql_mode /opt/stack/data/venv/lib/python3.12/site-packages/oslo_db/sqlalchemy/engines.py:325}}
Jun 17 20:12:39.745173 np0000181491 devstack@n-api-meta.service[112586]: DEBUG dbcounter [-] [112586] Writer thread running {{(pid=112586) stat_writer /opt/stack/data/venv/lib/python3.12/site-packages/dbcounter.py:102}}
Jun 17 20:12:39.753033 np0000181491 devstack@n-api-meta.service[112586]: DEBUG dbcounter [-] [112586] Writer thread running {{(pid=112586) stat_writer /opt/stack/data/venv/lib/python3.12/site-packages/dbcounter.py:102}}
Jun 17 20:12:39.757541 np0000181491 devstack@n-api-meta.service[112586]: INFO dbcounter [None req-b7511284-ad4a-4c29-b020-13b6649dd58a None None] Registered counter for database nova_cell0
Jun 17 20:12:39.767705 np0000181491 devstack@n-api-meta.service[112584]: DEBUG dbcounter [-] [112584] Writer thread running {{(pid=112584) stat_writer /opt/stack/data/venv/lib/python3.12/site-packages/dbcounter.py:102}}
Jun 17 20:12:39.769042 np0000181491 devstack@n-api-meta.service[112583]: WARNING nova.api.metadata.handler [None req-0abb6b20-bf81-484c-aa4b-8db0bb84c105 None None] metadata_proxy_shared_secret is not configured, the metadata information returned by the proxy cannot be trusted
Jun 17 20:12:39.770640 np0000181491 devstack@n-api-meta.service[112583]: DEBUG nova.api.openstack.wsgi_app [None req-0abb6b20-bf81-484c-aa4b-8db0bb84c105 None None] ******************************************************************************** {{(pid=112583) log_opt_values /opt/stack/data/venv/lib/python3.12/site-packages/oslo_config/cfg.py:3226}}
Jun 17 20:12:39.770754 np0000181491 devstack@n-api-meta.service[112583]: DEBUG nova.api.openstack.wsgi_app [None req-0abb6b20-bf81-484c-aa4b-8db0bb84c105 None None] Configuration options gathered from: {{(pid=112583) log_opt_values /opt/stack/data/venv/lib/python3.12/site-packages/oslo_config/cfg.py:3227}}
Jun 17 20:12:39.770848 np0000181491 devstack@n-api-meta.service[112583]: DEBUG nova.api.openstack.wsgi_app [None req-0abb6b20-bf81-484c-aa4b-8db0bb84c105 None None] command line args: [] {{(pid=112583) log_opt_values /opt/stack/data/venv/lib/python3.12/site-packages/oslo_config/cfg.py:3228}}
Jun 17 20:12:39.771043 np0000181491 devstack@n-api-meta.service[112583]: DEBUG nova.api.openstack.wsgi_app [None req-0abb6b20-bf81-484c-aa4b-8db0bb84c105 None None] config files: ['/etc/nova/api-paste.ini', '/etc/nova/nova.conf'] {{(pid=112583) log_opt_values /opt/stack/data/venv/lib/python3.12/site-packages/oslo_config/cfg.py:3229}}
Jun 17 20:12:39.771161 np0000181491 devstack@n-api-meta.service[112583]: DEBUG nova.api.openstack.wsgi_app [None req-0abb6b20-bf81-484c-aa4b-8db0bb84c105 None None] ================================================================================ {{(pid=112583) log_opt_values /opt/stack/data/venv/lib/python3.12/site-packages/oslo_config/cfg.py:3234}}
Jun 17 20:12:39.771372 np0000181491 devstack@n-api-meta.service[112583]: DEBUG nova.api.openstack.wsgi_app [None req-0abb6b20-bf81-484c-aa4b-8db0bb84c105 None None] allow_resize_to_same_host = True {{(pid=112583) log_opt_values /opt/stack/data/venv/lib/python3.12/site-packages/oslo_config/cfg.py:3242}}
Jun 17 20:12:39.771501 np0000181491 devstack@n-api-meta.service[112583]: DEBUG nova.api.openstack.wsgi_app [None req-0abb6b20-bf81-484c-aa4b-8db0bb84c105 None None] arq_binding_timeout = 300 {{(pid=112583) log_opt_values /opt/stack/data/venv/lib/python3.12/site-packages/oslo_config/cfg.py:3242}}
Jun 17 20:12:39.771666 np0000181491 devstack@n-api-meta.service[112583]: DEBUG nova.api.openstack.wsgi_app [None req-0abb6b20-bf81-484c-aa4b-8db0bb84c105 None None] block_device_allocate_retries = 60 {{(pid=112583) log_opt_values /opt/stack/data/venv/lib/python3.12/site-packages/oslo_config/cfg.py:3242}}
Jun 17 20:12:39.771814 np0000181491 devstack@n-api-meta.service[112583]: DEBUG nova.api.openstack.wsgi_app [None req-0abb6b20-bf81-484c-aa4b-8db0bb84c105 None None] block_device_allocate_retries_interval = 3 {{(pid=112583) log_opt_values /opt/stack/data/venv/lib/python3.12/site-packages/oslo_config/cfg.py:3242}}
Jun 17 20:12:39.771923 np0000181491 devstack@n-api-meta.service[112583]: DEBUG nova.api.openstack.wsgi_app [None req-0abb6b20-bf81-484c-aa4b-8db0bb84c105 None None] cell_worker_thread_pool_size = 5 {{(pid=112583) log_opt_values /opt/stack/data/venv/lib/python3.12/site-packages/oslo_config/cfg.py:3242}}
Jun 17 20:12:39.772062 np0000181491 devstack@n-api-meta.service[112583]: DEBUG nova.api.openstack.wsgi_app [None req-0abb6b20-bf81-484c-aa4b-8db0bb84c105 None None] cert = self.pem {{(pid=112583) log_opt_values /opt/stack/data/venv/lib/python3.12/site-packages/oslo_config/cfg.py:3242}}
Jun 17 20:12:39.772192 np0000181491 devstack@n-api-meta.service[112583]: DEBUG nova.api.openstack.wsgi_app [None req-0abb6b20-bf81-484c-aa4b-8db0bb84c105 None None] compute_driver = libvirt.LibvirtDriver {{(pid=112583) log_opt_values /opt/stack/data/venv/lib/python3.12/site-packages/oslo_config/cfg.py:3242}}
Jun 17 20:12:39.772358 np0000181491 devstack@n-api-meta.service[112583]: DEBUG nova.api.openstack.wsgi_app [None req-0abb6b20-bf81-484c-aa4b-8db0bb84c105 None None] compute_monitors = [] {{(pid=112583) log_opt_values /opt/stack/data/venv/lib/python3.12/site-packages/oslo_config/cfg.py:3242}}
Jun 17 20:12:39.772505 np0000181491 devstack@n-api-meta.service[112583]: DEBUG nova.api.openstack.wsgi_app [None req-0abb6b20-bf81-484c-aa4b-8db0bb84c105 None None] config_dir = [] {{(pid=112583) log_opt_values /opt/stack/data/venv/lib/python3.12/site-packages/oslo_config/cfg.py:3242}}
Jun 17 20:12:39.772610 np0000181491 devstack@n-api-meta.service[112583]: DEBUG nova.api.openstack.wsgi_app [None req-0abb6b20-bf81-484c-aa4b-8db0bb84c105 None None] config_drive_format = iso9660 {{(pid=112583) log_opt_values /opt/stack/data/venv/lib/python3.12/site-packages/oslo_config/cfg.py:3242}}
Jun 17 20:12:39.772719 np0000181491 devstack@n-api-meta.service[112583]: DEBUG nova.api.openstack.wsgi_app [None req-0abb6b20-bf81-484c-aa4b-8db0bb84c105 None None] config_file = ['/etc/nova/api-paste.ini', '/etc/nova/nova.conf'] {{(pid=112583) log_opt_values /opt/stack/data/venv/lib/python3.12/site-packages/oslo_config/cfg.py:3242}}
Jun 17 20:12:39.772856 np0000181491 devstack@n-api-meta.service[112583]: DEBUG nova.api.openstack.wsgi_app [None req-0abb6b20-bf81-484c-aa4b-8db0bb84c105 None None] config_source = [] {{(pid=112583) log_opt_values /opt/stack/data/venv/lib/python3.12/site-packages/oslo_config/cfg.py:3242}}
Jun 17 20:12:39.772989 np0000181491 devstack@n-api-meta.service[112583]: DEBUG nova.api.openstack.wsgi_app [None req-0abb6b20-bf81-484c-aa4b-8db0bb84c105 None None] console_host = np0000181491 {{(pid=112583) log_opt_values /opt/stack/data/venv/lib/python3.12/site-packages/oslo_config/cfg.py:3242}}
Jun 17 20:12:39.773123 np0000181491 devstack@n-api-meta.service[112583]: DEBUG nova.api.openstack.wsgi_app [None req-0abb6b20-bf81-484c-aa4b-8db0bb84c105 None None] control_exchange = nova {{(pid=112583) log_opt_values /opt/stack/data/venv/lib/python3.12/site-packages/oslo_config/cfg.py:3242}}
Jun 17 20:12:39.773248 np0000181491 devstack@n-api-meta.service[112583]: DEBUG nova.api.openstack.wsgi_app [None req-0abb6b20-bf81-484c-aa4b-8db0bb84c105 None None] cpu_allocation_ratio = None {{(pid=112583) log_opt_values /opt/stack/data/venv/lib/python3.12/site-packages/oslo_config/cfg.py:3242}}
Jun 17 20:12:39.773391 np0000181491 devstack@n-api-meta.service[112583]: DEBUG nova.api.openstack.wsgi_app [None req-0abb6b20-bf81-484c-aa4b-8db0bb84c105 None None] daemon = False {{(pid=112583) log_opt_values /opt/stack/data/venv/lib/python3.12/site-packages/oslo_config/cfg.py:3242}}
Jun 17 20:12:39.773525 np0000181491 devstack@n-api-meta.service[112583]: DEBUG nova.api.openstack.wsgi_app [None req-0abb6b20-bf81-484c-aa4b-8db0bb84c105 None None] debug = True {{(pid=112583) log_opt_values /opt/stack/data/venv/lib/python3.12/site-packages/oslo_config/cfg.py:3242}}
Jun 17 20:12:39.773649 np0000181491 devstack@n-api-meta.service[112583]: DEBUG nova.api.openstack.wsgi_app [None req-0abb6b20-bf81-484c-aa4b-8db0bb84c105 None None] default_access_ip_network_name = None {{(pid=112583) log_opt_values /opt/stack/data/venv/lib/python3.12/site-packages/oslo_config/cfg.py:3242}}
Jun 17 20:12:39.773781 np0000181491 devstack@n-api-meta.service[112583]: DEBUG nova.api.openstack.wsgi_app [None req-0abb6b20-bf81-484c-aa4b-8db0bb84c105 None None] default_availability_zone = nova {{(pid=112583) log_opt_values /opt/stack/data/venv/lib/python3.12/site-packages/oslo_config/cfg.py:3242}}
Jun 17 20:12:39.773890 np0000181491 devstack@n-api-meta.service[112583]: DEBUG nova.api.openstack.wsgi_app [None req-0abb6b20-bf81-484c-aa4b-8db0bb84c105 None None] default_ephemeral_format = ext4 {{(pid=112583) log_opt_values /opt/stack/data/venv/lib/python3.12/site-packages/oslo_config/cfg.py:3242}}
Jun 17 20:12:39.774040 np0000181491 devstack@n-api-meta.service[112583]: DEBUG nova.api.openstack.wsgi_app [None req-0abb6b20-bf81-484c-aa4b-8db0bb84c105 None None] default_green_pool_size = 1000 {{(pid=112583) log_opt_values /opt/stack/data/venv/lib/python3.12/site-packages/oslo_config/cfg.py:3242}}
Jun 17 20:12:39.774259 np0000181491 devstack@n-api-meta.service[112583]: DEBUG nova.api.openstack.wsgi_app [None req-0abb6b20-bf81-484c-aa4b-8db0bb84c105 None None] default_log_levels = ['amqp=WARN', 'boto=WARN', 'sqlalchemy=WARN', 'suds=INFO', 'oslo.messaging=INFO', 'oslo_messaging=INFO', 'iso8601=WARN', 'requests.packages.urllib3.connectionpool=WARN', 'urllib3.connectionpool=WARN', 'websocket=WARN', 'requests.packages.urllib3.util.retry=WARN', 'urllib3.util.retry=WARN', 'keystonemiddleware=WARN', 'routes.middleware=WARN', 'stevedore=WARN', 'taskflow=WARN', 'keystoneauth=WARN', 'oslo.cache=INFO', 'oslo_policy=INFO', 'dogpile.core.dogpile=INFO', 'glanceclient=WARN', 'oslo.privsep.daemon=INFO'] {{(pid=112583) log_opt_values /opt/stack/data/venv/lib/python3.12/site-packages/oslo_config/cfg.py:3242}}
Jun 17 20:12:39.774524 np0000181491 devstack@n-api-meta.service[112583]: DEBUG nova.api.openstack.wsgi_app [None req-0abb6b20-bf81-484c-aa4b-8db0bb84c105 None None] default_schedule_zone = None {{(pid=112583) log_opt_values /opt/stack/data/venv/lib/python3.12/site-packages/oslo_config/cfg.py:3242}}
Jun 17 20:12:39.774524 np0000181491 devstack@n-api-meta.service[112583]: DEBUG nova.api.openstack.wsgi_app [None req-0abb6b20-bf81-484c-aa4b-8db0bb84c105 None None] default_thread_pool_size = 10 {{(pid=112583) log_opt_values /opt/stack/data/venv/lib/python3.12/site-packages/oslo_config/cfg.py:3242}}
Jun 17 20:12:39.774690 np0000181491 devstack@n-api-meta.service[112583]: DEBUG nova.api.openstack.wsgi_app [None req-0abb6b20-bf81-484c-aa4b-8db0bb84c105 None None] disk_allocation_ratio = None {{(pid=112583) log_opt_values /opt/stack/data/venv/lib/python3.12/site-packages/oslo_config/cfg.py:3242}}
Jun 17 20:12:39.774774 np0000181491 devstack@n-api-meta.service[112583]: DEBUG nova.api.openstack.wsgi_app [None req-0abb6b20-bf81-484c-aa4b-8db0bb84c105 None None] enable_new_services = True {{(pid=112583) log_opt_values /opt/stack/data/venv/lib/python3.12/site-packages/oslo_config/cfg.py:3242}}
Jun 17 20:12:39.774899 np0000181491 devstack@n-api-meta.service[112583]: DEBUG nova.api.openstack.wsgi_app [None req-0abb6b20-bf81-484c-aa4b-8db0bb84c105 None None] flat_injected = False {{(pid=112583) log_opt_values /opt/stack/data/venv/lib/python3.12/site-packages/oslo_config/cfg.py:3242}}
Jun 17 20:12:39.774987 np0000181491 devstack@n-api-meta.service[112584]: DEBUG dbcounter [-] [112584] Writer thread running {{(pid=112584) stat_writer /opt/stack/data/venv/lib/python3.12/site-packages/dbcounter.py:102}}
Jun 17 20:12:39.775074 np0000181491 devstack@n-api-meta.service[112583]: DEBUG nova.api.openstack.wsgi_app [None req-0abb6b20-bf81-484c-aa4b-8db0bb84c105 None None] force_config_drive = False {{(pid=112583) log_opt_values /opt/stack/data/venv/lib/python3.12/site-packages/oslo_config/cfg.py:3242}}
Jun 17 20:12:39.775169 np0000181491 devstack@n-api-meta.service[112583]: DEBUG nova.api.openstack.wsgi_app [None req-0abb6b20-bf81-484c-aa4b-8db0bb84c105 None None] force_raw_images = True {{(pid=112583) log_opt_values /opt/stack/data/venv/lib/python3.12/site-packages/oslo_config/cfg.py:3242}}
Jun 17 20:12:39.775259 np0000181491 devstack@n-api-meta.service[112583]: DEBUG nova.api.openstack.wsgi_app [None req-0abb6b20-bf81-484c-aa4b-8db0bb84c105 None None] graceful_shutdown_timeout = 5 {{(pid=112583) log_opt_values /opt/stack/data/venv/lib/python3.12/site-packages/oslo_config/cfg.py:3242}}
Jun 17 20:12:39.775368 np0000181491 devstack@n-api-meta.service[112583]: DEBUG nova.api.openstack.wsgi_app [None req-0abb6b20-bf81-484c-aa4b-8db0bb84c105 None None] heal_instance_info_cache_interval = -1 {{(pid=112583) log_opt_values /opt/stack/data/venv/lib/python3.12/site-packages/oslo_config/cfg.py:3242}}
Jun 17 20:12:39.775793 np0000181491 devstack@n-api-meta.service[112583]: DEBUG nova.api.openstack.wsgi_app [None req-0abb6b20-bf81-484c-aa4b-8db0bb84c105 None None] host = np0000181491 {{(pid=112583) log_opt_values /opt/stack/data/venv/lib/python3.12/site-packages/oslo_config/cfg.py:3242}}
Jun 17 20:12:39.775793 np0000181491 devstack@n-api-meta.service[112583]: DEBUG nova.api.openstack.wsgi_app [None req-0abb6b20-bf81-484c-aa4b-8db0bb84c105 None None] initial_cpu_allocation_ratio = 4.0 {{(pid=112583) log_opt_values /opt/stack/data/venv/lib/python3.12/site-packages/oslo_config/cfg.py:3242}}
Jun 17 20:12:39.776008 np0000181491 devstack@n-api-meta.service[112583]: DEBUG nova.api.openstack.wsgi_app [None req-0abb6b20-bf81-484c-aa4b-8db0bb84c105 None None] initial_disk_allocation_ratio = 1.0 {{(pid=112583) log_opt_values /opt/stack/data/venv/lib/python3.12/site-packages/oslo_config/cfg.py:3242}}
Jun 17 20:12:39.776008 np0000181491 devstack@n-api-meta.service[112583]: DEBUG nova.api.openstack.wsgi_app [None req-0abb6b20-bf81-484c-aa4b-8db0bb84c105 None None] initial_ram_allocation_ratio = 1.0 {{(pid=112583) log_opt_values /opt/stack/data/venv/lib/python3.12/site-packages/oslo_config/cfg.py:3242}}
Jun 17 20:12:39.776153 np0000181491 devstack@n-api-meta.service[112583]: DEBUG nova.api.openstack.wsgi_app [None req-0abb6b20-bf81-484c-aa4b-8db0bb84c105 None None] injected_network_template = /opt/stack/nova/nova/virt/interfaces.template {{(pid=112583) log_opt_values /opt/stack/data/venv/lib/python3.12/site-packages/oslo_config/cfg.py:3242}}
Jun 17 20:12:39.776266 np0000181491 devstack@n-api-meta.service[112583]: DEBUG nova.api.openstack.wsgi_app [None req-0abb6b20-bf81-484c-aa4b-8db0bb84c105 None None] instance_build_timeout = 0 {{(pid=112583) log_opt_values /opt/stack/data/venv/lib/python3.12/site-packages/oslo_config/cfg.py:3242}}
Jun 17 20:12:39.776411 np0000181491 devstack@n-api-meta.service[112583]: DEBUG nova.api.openstack.wsgi_app [None req-0abb6b20-bf81-484c-aa4b-8db0bb84c105 None None] instance_delete_interval = 300 {{(pid=112583) log_opt_values /opt/stack/data/venv/lib/python3.12/site-packages/oslo_config/cfg.py:3242}}
Jun 17 20:12:39.776547 np0000181491 devstack@n-api-meta.service[112583]: DEBUG nova.api.openstack.wsgi_app [None req-0abb6b20-bf81-484c-aa4b-8db0bb84c105 None None] instance_format = [instance: %(uuid)s] {{(pid=112583) log_opt_values /opt/stack/data/venv/lib/python3.12/site-packages/oslo_config/cfg.py:3242}}
Jun 17 20:12:39.776890 np0000181491 devstack@n-api-meta.service[112583]: DEBUG nova.api.openstack.wsgi_app [None req-0abb6b20-bf81-484c-aa4b-8db0bb84c105 None None] instance_name_template = instance-%08x {{(pid=112583) log_opt_values /opt/stack/data/venv/lib/python3.12/site-packages/oslo_config/cfg.py:3242}}
Jun 17 20:12:39.777046 np0000181491 devstack@n-api-meta.service[112583]: DEBUG nova.api.openstack.wsgi_app [None req-0abb6b20-bf81-484c-aa4b-8db0bb84c105 None None] instance_usage_audit = False {{(pid=112583) log_opt_values /opt/stack/data/venv/lib/python3.12/site-packages/oslo_config/cfg.py:3242}}
Jun 17 20:12:39.777139 np0000181491 devstack@n-api-meta.service[112583]: DEBUG nova.api.openstack.wsgi_app [None req-0abb6b20-bf81-484c-aa4b-8db0bb84c105 None None] instance_usage_audit_period = month {{(pid=112583) log_opt_values /opt/stack/data/venv/lib/python3.12/site-packages/oslo_config/cfg.py:3242}}
Jun 17 20:12:39.777275 np0000181491 devstack@n-api-meta.service[112583]: DEBUG nova.api.openstack.wsgi_app [None req-0abb6b20-bf81-484c-aa4b-8db0bb84c105 None None] instance_uuid_format = [instance: %(uuid)s] {{(pid=112583) log_opt_values /opt/stack/data/venv/lib/python3.12/site-packages/oslo_config/cfg.py:3242}}
Jun 17 20:12:39.777428 np0000181491 devstack@n-api-meta.service[112583]: DEBUG nova.api.openstack.wsgi_app [None req-0abb6b20-bf81-484c-aa4b-8db0bb84c105 None None] instances_path = /opt/stack/data/nova/instances {{(pid=112583) log_opt_values /opt/stack/data/venv/lib/python3.12/site-packages/oslo_config/cfg.py:3242}}
Jun 17 20:12:39.777598 np0000181491 devstack@n-api-meta.service[112583]: DEBUG nova.api.openstack.wsgi_app [None req-0abb6b20-bf81-484c-aa4b-8db0bb84c105 None None] internal_service_availability_zone = internal {{(pid=112583) log_opt_values /opt/stack/data/venv/lib/python3.12/site-packages/oslo_config/cfg.py:3242}}
Jun 17 20:12:39.777702 np0000181491 devstack@n-api-meta.service[112583]: DEBUG nova.api.openstack.wsgi_app [None req-0abb6b20-bf81-484c-aa4b-8db0bb84c105 None None] key = None {{(pid=112583) log_opt_values /opt/stack/data/venv/lib/python3.12/site-packages/oslo_config/cfg.py:3242}}
Jun 17 20:12:39.778383 np0000181491 devstack@n-api-meta.service[112583]: DEBUG nova.api.openstack.wsgi_app [None req-0abb6b20-bf81-484c-aa4b-8db0bb84c105 None None] live_migration_retry_count = 30 {{(pid=112583) log_opt_values /opt/stack/data/venv/lib/python3.12/site-packages/oslo_config/cfg.py:3242}}
Jun 17 20:12:39.778383 np0000181491 devstack@n-api-meta.service[112583]: DEBUG nova.api.openstack.wsgi_app [None req-0abb6b20-bf81-484c-aa4b-8db0bb84c105 None None] log_color = False {{(pid=112583) log_opt_values /opt/stack/data/venv/lib/python3.12/site-packages/oslo_config/cfg.py:3242}}
Jun 17 20:12:39.778383 np0000181491 devstack@n-api-meta.service[112583]: DEBUG nova.api.openstack.wsgi_app [None req-0abb6b20-bf81-484c-aa4b-8db0bb84c105 None None] log_config_append = None {{(pid=112583) log_opt_values /opt/stack/data/venv/lib/python3.12/site-packages/oslo_config/cfg.py:3242}}
Jun 17 20:12:39.778383 np0000181491 devstack@n-api-meta.service[112583]: DEBUG nova.api.openstack.wsgi_app [None req-0abb6b20-bf81-484c-aa4b-8db0bb84c105 None None] log_date_format = %Y-%m-%d %H:%M:%S {{(pid=112583) log_opt_values /opt/stack/data/venv/lib/python3.12/site-packages/oslo_config/cfg.py:3242}}
Jun 17 20:12:39.778383 np0000181491 devstack@n-api-meta.service[112583]: DEBUG nova.api.openstack.wsgi_app [None req-0abb6b20-bf81-484c-aa4b-8db0bb84c105 None None] log_dir = None {{(pid=112583) log_opt_values /opt/stack/data/venv/lib/python3.12/site-packages/oslo_config/cfg.py:3242}}
Jun 17 20:12:39.778897 np0000181491 devstack@n-api-meta.service[112583]: DEBUG nova.api.openstack.wsgi_app [None req-0abb6b20-bf81-484c-aa4b-8db0bb84c105 None None] log_file = None {{(pid=112583) log_opt_values /opt/stack/data/venv/lib/python3.12/site-packages/oslo_config/cfg.py:3242}}
Jun 17 20:12:39.778897 np0000181491 devstack@n-api-meta.service[112583]: DEBUG nova.api.openstack.wsgi_app [None req-0abb6b20-bf81-484c-aa4b-8db0bb84c105 None None] log_options = True {{(pid=112583) log_opt_values /opt/stack/data/venv/lib/python3.12/site-packages/oslo_config/cfg.py:3242}}
Jun 17 20:12:39.778897 np0000181491 devstack@n-api-meta.service[112583]: DEBUG nova.api.openstack.wsgi_app [None req-0abb6b20-bf81-484c-aa4b-8db0bb84c105 None None] log_rotate_interval = 1 {{(pid=112583) log_opt_values /opt/stack/data/venv/lib/python3.12/site-packages/oslo_config/cfg.py:3242}}
Jun 17 20:12:39.779069 np0000181491 devstack@n-api-meta.service[112583]: DEBUG nova.api.openstack.wsgi_app [None req-0abb6b20-bf81-484c-aa4b-8db0bb84c105 None None] log_rotate_interval_type = days {{(pid=112583) log_opt_values /opt/stack/data/venv/lib/python3.12/site-packages/oslo_config/cfg.py:3242}}
Jun 17 20:12:39.780246 np0000181491 devstack@n-api-meta.service[112583]: DEBUG nova.api.openstack.wsgi_app [None req-0abb6b20-bf81-484c-aa4b-8db0bb84c105 None None] log_rotation_type = none {{(pid=112583) log_opt_values /opt/stack/data/venv/lib/python3.12/site-packages/oslo_config/cfg.py:3242}}
Jun 17 20:12:39.780246 np0000181491 devstack@n-api-meta.service[112583]: DEBUG nova.api.openstack.wsgi_app [None req-0abb6b20-bf81-484c-aa4b-8db0bb84c105 None None] logging_context_format_string = %(color)s%(levelname)s %(name)s [%(global_request_id)s %(request_id)s %(project_name)s %(user_name)s%(color)s] %(instance)s%(color)s%(message)s {{(pid=112583) log_opt_values /opt/stack/data/venv/lib/python3.12/site-packages/oslo_config/cfg.py:3242}}
Jun 17 20:12:39.780246 np0000181491 devstack@n-api-meta.service[112583]: DEBUG nova.api.openstack.wsgi_app [None req-0abb6b20-bf81-484c-aa4b-8db0bb84c105 None None] logging_debug_format_suffix = {{(pid=%(process)d) %(funcName)s %(pathname)s:%(lineno)d}} {{(pid=112583) log_opt_values /opt/stack/data/venv/lib/python3.12/site-packages/oslo_config/cfg.py:3242}}
Jun 17 20:12:39.780246 np0000181491 devstack@n-api-meta.service[112583]: DEBUG nova.api.openstack.wsgi_app [None req-0abb6b20-bf81-484c-aa4b-8db0bb84c105 None None] logging_default_format_string = %(color)s%(levelname)s %(name)s [-%(color)s] %(instance)s%(color)s%(message)s {{(pid=112583) log_opt_values /opt/stack/data/venv/lib/python3.12/site-packages/oslo_config/cfg.py:3242}}
Jun 17 20:12:39.780246 np0000181491 devstack@n-api-meta.service[112583]: DEBUG nova.api.openstack.wsgi_app [None req-0abb6b20-bf81-484c-aa4b-8db0bb84c105 None None] logging_exception_prefix = ERROR %(name)s %(instance)s {{(pid=112583) log_opt_values /opt/stack/data/venv/lib/python3.12/site-packages/oslo_config/cfg.py:3242}}
Jun 17 20:12:39.780647 np0000181491 devstack@n-api-meta.service[112583]: DEBUG nova.api.openstack.wsgi_app [None req-0abb6b20-bf81-484c-aa4b-8db0bb84c105 None None] logging_user_identity_format = %(user)s %(project)s %(domain)s %(system_scope)s %(user_domain)s %(project_domain)s {{(pid=112583) log_opt_values /opt/stack/data/venv/lib/python3.12/site-packages/oslo_config/cfg.py:3242}}
Jun 17 20:12:39.780647 np0000181491 devstack@n-api-meta.service[112583]: DEBUG nova.api.openstack.wsgi_app [None req-0abb6b20-bf81-484c-aa4b-8db0bb84c105 None None] long_rpc_timeout = 1800 {{(pid=112583) log_opt_values /opt/stack/data/venv/lib/python3.12/site-packages/oslo_config/cfg.py:3242}}
Jun 17 20:12:39.780647 np0000181491 devstack@n-api-meta.service[112583]: DEBUG nova.api.openstack.wsgi_app [None req-0abb6b20-bf81-484c-aa4b-8db0bb84c105 None None] manager_shutdown_timeout = 160 {{(pid=112583) log_opt_values /opt/stack/data/venv/lib/python3.12/site-packages/oslo_config/cfg.py:3242}}
Jun 17 20:12:39.780647 np0000181491 devstack@n-api-meta.service[112583]: DEBUG nova.api.openstack.wsgi_app [None req-0abb6b20-bf81-484c-aa4b-8db0bb84c105 None None] max_concurrent_builds = 10 {{(pid=112583) log_opt_values /opt/stack/data/venv/lib/python3.12/site-packages/oslo_config/cfg.py:3242}}
Jun 17 20:12:39.780647 np0000181491 devstack@n-api-meta.service[112583]: DEBUG nova.api.openstack.wsgi_app [None req-0abb6b20-bf81-484c-aa4b-8db0bb84c105 None None] max_concurrent_live_migrations = 1 {{(pid=112583) log_opt_values /opt/stack/data/venv/lib/python3.12/site-packages/oslo_config/cfg.py:3242}}
Jun 17 20:12:39.780647 np0000181491 devstack@n-api-meta.service[112583]: DEBUG nova.api.openstack.wsgi_app [None req-0abb6b20-bf81-484c-aa4b-8db0bb84c105 None None] max_concurrent_snapshots = 5 {{(pid=112583) log_opt_values /opt/stack/data/venv/lib/python3.12/site-packages/oslo_config/cfg.py:3242}}
